Apr 09 18:17:25.710044 np0000164629 neutron-periodic-workers[104366]: DEBUG cotyledon.oslo_config_glue [-] ml2.overlay_ip_version = 4 {{(pid=104366) log_opt_values /opt/stack/data/venv/lib/python3.12/site-packages/oslo_config/cfg.py:3006}}
Apr 09 18:17:25.710044 np0000164629 neutron-periodic-workers[104366]: DEBUG cotyledon.oslo_config_glue [-] ml2.path_mtu = 0 {{(pid=104366) log_opt_values /opt/stack/data/venv/lib/python3.12/site-packages/oslo_config/cfg.py:3006}}
Apr 09 18:17:25.710381 np0000164629 neutron-periodic-workers[104366]: DEBUG cotyledon.oslo_config_glue [-] ml2.physical_network_mtus = {} {{(pid=104366) log_opt_values /opt/stack/data/venv/lib/python3.12/site-packages/oslo_config/cfg.py:3006}}
Apr 09 18:17:25.710381 np0000164629 neutron-periodic-workers[104366]: DEBUG cotyledon.oslo_config_glue [-] ml2.project_network_types = ['geneve'] {{(pid=104366) log_opt_values /opt/stack/data/venv/lib/python3.12/site-packages/oslo_config/cfg.py:3006}}
Apr 09 18:17:25.710381 np0000164629 neutron-periodic-workers[104366]: DEBUG cotyledon.oslo_config_glue [-] ml2.tunnelled_network_rp_name = rp_tunnelled {{(pid=104366) log_opt_values /opt/stack/data/venv/lib/python3.12/site-packages/oslo_config/cfg.py:3006}}
Apr 09 18:17:25.710381 np0000164629 neutron-periodic-workers[104366]: DEBUG cotyledon.oslo_config_glue [-] ml2.type_drivers = ['local', 'flat', 'vlan', 'geneve'] {{(pid=104366) log_opt_values /opt/stack/data/venv/lib/python3.12/site-packages/oslo_config/cfg.py:3006}}
Apr 09 18:17:25.710381 np0000164629 neutron-periodic-workers[104366]: DEBUG cotyledon.oslo_config_glue [-] ml2_type_flat.flat_networks = ['public'] {{(pid=104366) log_opt_values /opt/stack/data/venv/lib/python3.12/site-packages/oslo_config/cfg.py:3006}}
Apr 09 18:17:25.710381 np0000164629 neutron-periodic-workers[104366]: DEBUG cotyledon.oslo_config_glue [-] ml2_type_geneve.max_header_size = 38 {{(pid=104366) log_opt_values /opt/stack/data/venv/lib/python3.12/site-packages/oslo_config/cfg.py:3006}}
Apr 09 18:17:25.710381 np0000164629 neutron-periodic-workers[104366]: DEBUG cotyledon.oslo_config_glue [-] ml2_type_geneve.vni_ranges = ['1:65536'] {{(pid=104366) log_opt_values /opt/stack/data/venv/lib/python3.12/site-packages/oslo_config/cfg.py:3006}}
Apr 09 18:17:25.710638 np0000164629 neutron-periodic-workers[104366]: DEBUG cotyledon.oslo_config_glue [-] ml2_type_vlan.network_vlan_ranges = ['public'] {{(pid=104366) log_opt_values /opt/stack/data/venv/lib/python3.12/site-packages/oslo_config/cfg.py:3006}}
Apr 09 18:17:25.710638 np0000164629 neutron-periodic-workers[104366]: DEBUG cotyledon.oslo_config_glue [-] network_log.burst_limit = 25 {{(pid=104366) log_opt_values /opt/stack/data/venv/lib/python3.12/site-packages/oslo_config/cfg.py:3006}}
Apr 09 18:17:25.710638 np0000164629 neutron-periodic-workers[104366]: DEBUG cotyledon.oslo_config_glue [-] network_log.local_output_log_base = None {{(pid=104366) log_opt_values /opt/stack/data/venv/lib/python3.12/site-packages/oslo_config/cfg.py:3006}}
Apr 09 18:17:25.710638 np0000164629 neutron-periodic-workers[104366]: DEBUG cotyledon.oslo_config_glue [-] network_log.rate_limit = 100 {{(pid=104366) log_opt_values /opt/stack/data/venv/lib/python3.12/site-packages/oslo_config/cfg.py:3006}}
Apr 09 18:17:25.710638 np0000164629 neutron-periodic-workers[104366]: DEBUG cotyledon.oslo_config_glue [-] database.asyncio_connection = **** {{(pid=104366) log_opt_values /opt/stack/data/venv/lib/python3.12/site-packages/oslo_config/cfg.py:3006}}
Apr 09 18:17:25.710815 np0000164629 neutron-periodic-workers[104366]: DEBUG cotyledon.oslo_config_glue [-] database.asyncio_slave_connection = **** {{(pid=104366) log_opt_values /opt/stack/data/venv/lib/python3.12/site-packages/oslo_config/cfg.py:3006}}
Apr 09 18:17:25.710815 np0000164629 neutron-periodic-workers[104366]: DEBUG cotyledon.oslo_config_glue [-] database.backend = sqlalchemy {{(pid=104366) log_opt_values /opt/stack/data/venv/lib/python3.12/site-packages/oslo_config/cfg.py:3006}}
Apr 09 18:17:25.710815 np0000164629 neutron-periodic-workers[104366]: DEBUG cotyledon.oslo_config_glue [-] database.connection = **** {{(pid=104366) log_opt_values /opt/stack/data/venv/lib/python3.12/site-packages/oslo_config/cfg.py:3006}}
Apr 09 18:17:25.710815 np0000164629 neutron-periodic-workers[104366]: DEBUG cotyledon.oslo_config_glue [-] database.connection_debug = 0 {{(pid=104366) log_opt_values /opt/stack/data/venv/lib/python3.12/site-packages/oslo_config/cfg.py:3006}}
Apr 09 18:17:25.710959 np0000164629 neutron-periodic-workers[104366]: DEBUG cotyledon.oslo_config_glue [-] database.connection_parameters = {{(pid=104366) log_opt_values /opt/stack/data/venv/lib/python3.12/site-packages/oslo_config/cfg.py:3006}}
Apr 09 18:17:25.710959 np0000164629 neutron-periodic-workers[104366]: DEBUG cotyledon.oslo_config_glue [-] database.connection_recycle_time = 3600 {{(pid=104366) log_opt_values /opt/stack/data/venv/lib/python3.12/site-packages/oslo_config/cfg.py:3006}}
Apr 09 18:17:25.710959 np0000164629 neutron-periodic-workers[104366]: DEBUG cotyledon.oslo_config_glue [-] database.connection_trace = False {{(pid=104366) log_opt_values /opt/stack/data/venv/lib/python3.12/site-packages/oslo_config/cfg.py:3006}}
Apr 09 18:17:25.710959 np0000164629 neutron-periodic-workers[104366]: DEBUG cotyledon.oslo_config_glue [-] database.db_inc_retry_interval = True {{(pid=104366) log_opt_values /opt/stack/data/venv/lib/python3.12/site-packages/oslo_config/cfg.py:3006}}
Apr 09 18:17:25.711127 np0000164629 neutron-periodic-workers[104366]: DEBUG cotyledon.oslo_config_glue [-] database.db_max_retries = 20 {{(pid=104366) log_opt_values /opt/stack/data/venv/lib/python3.12/site-packages/oslo_config/cfg.py:3006}}
Apr 09 18:17:25.711127 np0000164629 neutron-periodic-workers[104366]: DEBUG cotyledon.oslo_config_glue [-] database.db_max_retry_interval = 10 {{(pid=104366) log_opt_values /opt/stack/data/venv/lib/python3.12/site-packages/oslo_config/cfg.py:3006}}
Apr 09 18:17:25.711127 np0000164629 neutron-periodic-workers[104366]: DEBUG cotyledon.oslo_config_glue [-] database.db_retry_interval = 1 {{(pid=104366) log_opt_values /opt/stack/data/venv/lib/python3.12/site-packages/oslo_config/cfg.py:3006}}
Apr 09 18:17:25.711127 np0000164629 neutron-periodic-workers[104366]: DEBUG cotyledon.oslo_config_glue [-] database.max_overflow = 50 {{(pid=104366) log_opt_values /opt/stack/data/venv/lib/python3.12/site-packages/oslo_config/cfg.py:3006}}
Apr 09 18:17:25.711301 np0000164629 neutron-periodic-workers[104366]: DEBUG cotyledon.oslo_config_glue [-] database.max_pool_size = 5 {{(pid=104366) log_opt_values /opt/stack/data/venv/lib/python3.12/site-packages/oslo_config/cfg.py:3006}}
Apr 09 18:17:25.711301 np0000164629 neutron-periodic-workers[104366]: DEBUG cotyledon.oslo_config_glue [-] database.max_retries = 10 {{(pid=104366) log_opt_values /opt/stack/data/venv/lib/python3.12/site-packages/oslo_config/cfg.py:3006}}
Apr 09 18:17:25.711301 np0000164629 neutron-periodic-workers[104366]: DEBUG cotyledon.oslo_config_glue [-] database.mysql_sql_mode = TRADITIONAL {{(pid=104366) log_opt_values /opt/stack/data/venv/lib/python3.12/site-packages/oslo_config/cfg.py:3006}}
Apr 09 18:17:25.711301 np0000164629 neutron-periodic-workers[104366]: DEBUG cotyledon.oslo_config_glue [-] database.mysql_wsrep_sync_wait = None {{(pid=104366) log_opt_values /opt/stack/data/venv/lib/python3.12/site-packages/oslo_config/cfg.py:3006}}
Apr 09 18:17:25.711480 np0000164629 neutron-periodic-workers[104366]: DEBUG cotyledon.oslo_config_glue [-] database.pool_timeout = None {{(pid=104366) log_opt_values /opt/stack/data/venv/lib/python3.12/site-packages/oslo_config/cfg.py:3006}}
Apr 09 18:17:25.711480 np0000164629 neutron-periodic-workers[104366]: DEBUG cotyledon.oslo_config_glue [-] database.retry_interval = 10 {{(pid=104366) log_opt_values /opt/stack/data/venv/lib/python3.12/site-packages/oslo_config/cfg.py:3006}}
Apr 09 18:17:25.711480 np0000164629 neutron-periodic-workers[104366]: DEBUG cotyledon.oslo_config_glue [-] database.slave_connection = **** {{(pid=104366) log_opt_values /opt/stack/data/venv/lib/python3.12/site-packages/oslo_config/cfg.py:3006}}
Apr 09 18:17:25.711480 np0000164629 neutron-periodic-workers[104366]: DEBUG cotyledon.oslo_config_glue [-] database.sqlite_synchronous = True {{(pid=104366) log_opt_values /opt/stack/data/venv/lib/python3.12/site-packages/oslo_config/cfg.py:3006}}
Apr 09 18:17:25.711630 np0000164629 neutron-periodic-workers[104366]: DEBUG cotyledon.oslo_config_glue [-] database.synchronous_reader = True {{(pid=104366) log_opt_values /opt/stack/data/venv/lib/python3.12/site-packages/oslo_config/cfg.py:3006}}
Apr 09 18:17:25.711630 np0000164629 neutron-periodic-workers[104366]: DEBUG cotyledon.oslo_config_glue [-] database.use_db_reconnect = False {{(pid=104366) log_opt_values /opt/stack/data/venv/lib/python3.12/site-packages/oslo_config/cfg.py:3006}}
Apr 09 18:17:25.711630 np0000164629 neutron-periodic-workers[104366]: DEBUG cotyledon.oslo_config_glue [-] ovn.bfd_min_rx = 1000 {{(pid=104366) log_opt_values /opt/stack/data/venv/lib/python3.12/site-packages/oslo_config/cfg.py:3006}}
Apr 09 18:17:25.711739 np0000164629 neutron-periodic-workers[104366]: DEBUG cotyledon.oslo_config_glue [-] ovn.bfd_min_tx = 100 {{(pid=104366) log_opt_values /opt/stack/data/venv/lib/python3.12/site-packages/oslo_config/cfg.py:3006}}
Apr 09 18:17:25.711739 np0000164629 neutron-periodic-workers[104366]: DEBUG cotyledon.oslo_config_glue [-] ovn.bfd_mult = 3 {{(pid=104366) log_opt_values /opt/stack/data/venv/lib/python3.12/site-packages/oslo_config/cfg.py:3006}}
Apr 09 18:17:25.711739 np0000164629 neutron-periodic-workers[104366]: DEBUG cotyledon.oslo_config_glue [-] ovn.broadcast_arps_to_all_routers = True {{(pid=104366) log_opt_values /opt/stack/data/venv/lib/python3.12/site-packages/oslo_config/cfg.py:3006}}
Apr 09 18:17:25.711846 np0000164629 neutron-periodic-workers[104366]: DEBUG cotyledon.oslo_config_glue [-] ovn.dhcp_default_lease_time = 43200 {{(pid=104366) log_opt_values /opt/stack/data/venv/lib/python3.12/site-packages/oslo_config/cfg.py:3006}}
Apr 09 18:17:25.711846 np0000164629 neutron-periodic-workers[104366]: DEBUG cotyledon.oslo_config_glue [-] ovn.disable_ovn_dhcp_for_baremetal_ports = False {{(pid=104366) log_opt_values /opt/stack/data/venv/lib/python3.12/site-packages/oslo_config/cfg.py:3006}}
Apr 09 18:17:25.711846 np0000164629 neutron-periodic-workers[104366]: DEBUG cotyledon.oslo_config_glue [-] ovn.dns_records_ovn_owned = False {{(pid=104366) log_opt_values /opt/stack/data/venv/lib/python3.12/site-packages/oslo_config/cfg.py:3006}}
Apr 09 18:17:25.711970 np0000164629 neutron-periodic-workers[104366]: DEBUG cotyledon.oslo_config_glue [-] ovn.dns_servers = [] {{(pid=104366) log_opt_values /opt/stack/data/venv/lib/python3.12/site-packages/oslo_config/cfg.py:3006}}
Apr 09 18:17:25.711970 np0000164629 neutron-periodic-workers[104366]: DEBUG cotyledon.oslo_config_glue [-] ovn.enable_distributed_floating_ip = False {{(pid=104366) log_opt_values /opt/stack/data/venv/lib/python3.12/site-packages/oslo_config/cfg.py:3006}}
Apr 09 18:17:25.711970 np0000164629 neutron-periodic-workers[104366]: DEBUG cotyledon.oslo_config_glue [-] ovn.fdb_age_threshold = 300 {{(pid=104366) log_opt_values /opt/stack/data/venv/lib/python3.12/site-packages/oslo_config/cfg.py:3006}}
Apr 09 18:17:25.712105 np0000164629 neutron-periodic-workers[104366]: DEBUG cotyledon.oslo_config_glue [-] ovn.ha_failover_strategy = normal {{(pid=104366) log_opt_values /opt/stack/data/venv/lib/python3.12/site-packages/oslo_config/cfg.py:3006}}
Apr 09 18:17:25.712105 np0000164629 neutron-periodic-workers[104366]: DEBUG cotyledon.oslo_config_glue [-] ovn.live_migration_activation_strategy = rarp {{(pid=104366) log_opt_values /opt/stack/data/venv/lib/python3.12/site-packages/oslo_config/cfg.py:3006}}
Apr 09 18:17:25.712105 np0000164629 neutron-periodic-workers[104366]: DEBUG cotyledon.oslo_config_glue [-] ovn.localnet_learn_fdb = False {{(pid=104366) log_opt_values /opt/stack/data/venv/lib/python3.12/site-packages/oslo_config/cfg.py:3006}}
Apr 09 18:17:25.712105 np0000164629 neutron-periodic-workers[104366]: DEBUG cotyledon.oslo_config_glue [-] ovn.mac_binding_age_threshold = 300 {{(pid=104366) log_opt_values /opt/stack/data/venv/lib/python3.12/site-packages/oslo_config/cfg.py:3006}}
Apr 09 18:17:25.712266 np0000164629 neutron-periodic-workers[104366]: DEBUG cotyledon.oslo_config_glue [-] ovn.neutron_sync_mode = log {{(pid=104366) log_opt_values /opt/stack/data/venv/lib/python3.12/site-packages/oslo_config/cfg.py:3006}}
Apr 09 18:17:25.712266 np0000164629 neutron-periodic-workers[104366]: DEBUG cotyledon.oslo_config_glue [-] ovn.ovn_dhcp4_global_options = {} {{(pid=104366) log_opt_values /opt/stack/data/venv/lib/python3.12/site-packages/oslo_config/cfg.py:3006}}
Apr 09 18:17:25.712266 np0000164629 neutron-periodic-workers[104366]: DEBUG cotyledon.oslo_config_glue [-] ovn.ovn_dhcp6_global_options = {} {{(pid=104366) log_opt_values /opt/stack/data/venv/lib/python3.12/site-packages/oslo_config/cfg.py:3006}}
Apr 09 18:17:25.712528 np0000164629 neutron-periodic-workers[104366]: DEBUG cotyledon.oslo_config_glue [-] ovn.ovn_l3_scheduler = leastloaded {{(pid=104366) log_opt_values /opt/stack/data/venv/lib/python3.12/site-packages/oslo_config/cfg.py:3006}}
Apr 09 18:17:25.712528 np0000164629 neutron-periodic-workers[104366]: DEBUG cotyledon.oslo_config_glue [-] ovn.ovn_metadata_enabled = True {{(pid=104366) log_opt_values /opt/stack/data/venv/lib/python3.12/site-packages/oslo_config/cfg.py:3006}}
Apr 09 18:17:25.712528 np0000164629 neutron-periodic-workers[104366]: DEBUG cotyledon.oslo_config_glue [-] ovn.ovn_nb_ca_cert = /opt/stack/data/CA/int-ca/ca-chain.pem {{(pid=104366) log_opt_values /opt/stack/data/venv/lib/python3.12/site-packages/oslo_config/cfg.py:3006}}
Apr 09 18:17:25.712528 np0000164629 neutron-periodic-workers[104366]: DEBUG cotyledon.oslo_config_glue [-] ovn.ovn_nb_certificate = /opt/stack/data/CA/int-ca/devstack-cert.crt {{(pid=104366) log_opt_values /opt/stack/data/venv/lib/python3.12/site-packages/oslo_config/cfg.py:3006}}
Apr 09 18:17:25.712528 np0000164629 neutron-periodic-workers[104366]: DEBUG cotyledon.oslo_config_glue [-] ovn.ovn_nb_connection = ['ssl:199.19.213.62:6641'] {{(pid=104366) log_opt_values /opt/stack/data/venv/lib/python3.12/site-packages/oslo_config/cfg.py:3006}}
Apr 09 18:17:25.712528 np0000164629 neutron-periodic-workers[104366]: DEBUG cotyledon.oslo_config_glue [-] ovn.ovn_nb_private_key = /opt/stack/data/CA/int-ca/private/devstack-cert.key {{(pid=104366) log_opt_values /opt/stack/data/venv/lib/python3.12/site-packages/oslo_config/cfg.py:3006}}
Apr 09 18:17:25.712528 np0000164629 neutron-periodic-workers[104366]: DEBUG cotyledon.oslo_config_glue [-] ovn.ovn_router_indirect_snat = False {{(pid=104366) log_opt_values /opt/stack/data/venv/lib/python3.12/site-packages/oslo_config/cfg.py:3006}}
Apr 09 18:17:25.712775 np0000164629 neutron-periodic-workers[104366]: DEBUG cotyledon.oslo_config_glue [-] ovn.ovn_sb_ca_cert = /opt/stack/data/CA/int-ca/ca-chain.pem {{(pid=104366) log_opt_values /opt/stack/data/venv/lib/python3.12/site-packages/oslo_config/cfg.py:3006}}
Apr 09 18:17:25.712775 np0000164629 neutron-periodic-workers[104366]: DEBUG cotyledon.oslo_config_glue [-] ovn.ovn_sb_certificate = /opt/stack/data/CA/int-ca/devstack-cert.crt {{(pid=104366) log_opt_values /opt/stack/data/venv/lib/python3.12/site-packages/oslo_config/cfg.py:3006}}
Apr 09 18:17:25.712775 np0000164629 neutron-periodic-workers[104366]: DEBUG cotyledon.oslo_config_glue [-] ovn.ovn_sb_connection = ['ssl:199.19.213.62:6642'] {{(pid=104366) log_opt_values /opt/stack/data/venv/lib/python3.12/site-packages/oslo_config/cfg.py:3006}}
Apr 09 18:17:25.712775 np0000164629 neutron-periodic-workers[104366]: DEBUG cotyledon.oslo_config_glue [-] ovn.ovn_sb_private_key = /opt/stack/data/CA/int-ca/private/devstack-cert.key {{(pid=104366) log_opt_values /opt/stack/data/venv/lib/python3.12/site-packages/oslo_config/cfg.py:3006}}
Apr 09 18:17:25.712775 np0000164629 neutron-periodic-workers[104366]: DEBUG cotyledon.oslo_config_glue [-] ovn.ovs_create_tap = False {{(pid=104366) log_opt_values /opt/stack/data/venv/lib/python3.12/site-packages/oslo_config/cfg.py:3006}}
Apr 09 18:17:25.712775 np0000164629 neutron-periodic-workers[104366]: DEBUG cotyledon.oslo_config_glue [-] ovn.ovsdb_connection_timeout = 180 {{(pid=104366) log_opt_values /opt/stack/data/venv/lib/python3.12/site-packages/oslo_config/cfg.py:3006}}
Apr 09 18:17:25.712775 np0000164629 neutron-periodic-workers[104366]: DEBUG cotyledon.oslo_config_glue [-] ovn.ovsdb_log_level = INFO {{(pid=104366) log_opt_values /opt/stack/data/venv/lib/python3.12/site-packages/oslo_config/cfg.py:3006}}
Apr 09 18:17:25.713023 np0000164629 neutron-periodic-workers[104366]: DEBUG cotyledon.oslo_config_glue [-] ovn.ovsdb_probe_interval = 60000 {{(pid=104366) log_opt_values /opt/stack/data/venv/lib/python3.12/site-packages/oslo_config/cfg.py:3006}}
Apr 09 18:17:25.713023 np0000164629 neutron-periodic-workers[104366]: DEBUG cotyledon.oslo_config_glue [-] ovn.ovsdb_retry_max_interval = 180 {{(pid=104366) log_opt_values /opt/stack/data/venv/lib/python3.12/site-packages/oslo_config/cfg.py:3006}}
Apr 09 18:17:25.713023 np0000164629 neutron-periodic-workers[104366]: DEBUG cotyledon.oslo_config_glue [-] ovn.stateless_nat_enabled = False {{(pid=104366) log_opt_values /opt/stack/data/venv/lib/python3.12/site-packages/oslo_config/cfg.py:3006}}
Apr 09 18:17:25.713023 np0000164629 neutron-periodic-workers[104366]: DEBUG cotyledon.oslo_config_glue [-] ovn.vhost_sock_dir = /var/run/openvswitch {{(pid=104366) log_opt_values /opt/stack/data/venv/lib/python3.12/site-packages/oslo_config/cfg.py:3006}}
Apr 09 18:17:25.713023 np0000164629 neutron-periodic-workers[104366]: DEBUG cotyledon.oslo_config_glue [-] OVS.bridge_mac_table_size = 50000 {{(pid=104366) log_opt_values /opt/stack/data/venv/lib/python3.12/site-packages/oslo_config/cfg.py:3006}}
Apr 09 18:17:25.713023 np0000164629 neutron-periodic-workers[104366]: DEBUG cotyledon.oslo_config_glue [-] OVS.igmp_flood = False {{(pid=104366) log_opt_values /opt/stack/data/venv/lib/python3.12/site-packages/oslo_config/cfg.py:3006}}
Apr 09 18:17:25.713289 np0000164629 neutron-periodic-workers[104366]: DEBUG cotyledon.oslo_config_glue [-] OVS.igmp_flood_reports = True {{(pid=104366) log_opt_values /opt/stack/data/venv/lib/python3.12/site-packages/oslo_config/cfg.py:3006}}
Apr 09 18:17:25.713289 np0000164629 neutron-periodic-workers[104366]: DEBUG cotyledon.oslo_config_glue [-] OVS.igmp_flood_unregistered = False {{(pid=104366) log_opt_values /opt/stack/data/venv/lib/python3.12/site-packages/oslo_config/cfg.py:3006}}
Apr 09 18:17:25.713289 np0000164629 neutron-periodic-workers[104366]: DEBUG cotyledon.oslo_config_glue [-] OVS.igmp_snooping_enable = False {{(pid=104366) log_opt_values /opt/stack/data/venv/lib/python3.12/site-packages/oslo_config/cfg.py:3006}}
Apr 09 18:17:25.713289 np0000164629 neutron-periodic-workers[104366]: DEBUG cotyledon.oslo_config_glue [-] OVS.ovsdb_timeout = 10 {{(pid=104366) log_opt_values /opt/stack/data/venv/lib/python3.12/site-packages/oslo_config/cfg.py:3006}}
Apr 09 18:17:25.713289 np0000164629 neutron-periodic-workers[104366]: DEBUG cotyledon.oslo_config_glue [-] ovn_nb_global.fdb_removal_limit = 0 {{(pid=104366) log_opt_values /opt/stack/data/venv/lib/python3.12/site-packages/oslo_config/cfg.py:3006}}
Apr 09 18:17:25.713289 np0000164629 neutron-periodic-workers[104366]: DEBUG cotyledon.oslo_config_glue [-] ovn_nb_global.ignore_lsp_down = False {{(pid=104366) log_opt_values /opt/stack/data/venv/lib/python3.12/site-packages/oslo_config/cfg.py:3006}}
Apr 09 18:17:25.714167 np0000164629 neutron-periodic-workers[104366]: DEBUG cotyledon.oslo_config_glue [-] ovn_nb_global.mac_binding_removal_limit = 0 {{(pid=104366) log_opt_values /opt/stack/data/venv/lib/python3.12/site-packages/oslo_config/cfg.py:3006}}
Apr 09 18:17:25.714167 np0000164629 neutron-periodic-workers[104366]: DEBUG cotyledon.oslo_config_glue [-] ******************************************************************************** {{(pid=104366) log_opt_values /opt/stack/data/venv/lib/python3.12/site-packages/oslo_config/cfg.py:3013}}
Apr 09 18:17:25.714167 np0000164629 neutron-periodic-workers[104366]: DEBUG cotyledon._service_worker [-] Run service ServiceWrapper(0) [104366] {{(pid=104366) wait_forever /opt/stack/data/venv/lib/python3.12/site-packages/cotyledon/_service_worker.py:218}}
Apr 09 18:17:35.316878 np0000164629 neutron-periodic-workers[103418]: DEBUG dbcounter [-] [103418] Writing DB stats neutron:SELECT=4 {{(pid=103418) stat_writer /opt/stack/data/venv/lib/python3.12/site-packages/dbcounter.py:115}}
Apr 09 18:18:13.690852 np0000164629 neutron-periodic-workers[104358]: DEBUG oslo_db.sqlalchemy.engines [None req-989334d5-48bc-471a-9695-4edff407715b None None] Parent process 103418 forked (104358) with an open database connection, which is being discarded and recreated. {{(pid=104358) checkout /opt/stack/data/venv/lib/python3.12/site-packages/oslo_db/sqlalchemy/engines.py:402}}
Apr 09 18:18:13.700692 np0000164629 neutron-periodic-workers[104358]: DEBUG dbcounter [-] [104358] Writer thread running {{(pid=104358) stat_writer /opt/stack/data/venv/lib/python3.12/site-packages/dbcounter.py:102}}
Apr 09 18:18:13.705925 np0000164629 neutron-periodic-workers[104358]: DEBUG neutron.db.agents_db [None req-989334d5-48bc-471a-9695-4edff407715b None None] Agent healthcheck: found 0 active agents {{(pid=104358) agent_health_check /opt/stack/neutron/neutron/db/agents_db.py:317}}
Apr 09 18:18:13.706344 np0000164629 neutron-periodic-workers[104358]: DEBUG oslo.service.backend._threading.loopingcall [None req-989334d5-48bc-471a-9695-4edff407715b None None] Fixed interval looping call 'neutron.plugins.ml2.plugin.AgentDbMixin.agent_health_check' sleeping for 36.98 seconds {{(pid=104358) _run_loop /opt/stack/data/venv/lib/python3.12/site-packages/oslo_service/backend/_threading/loopingcall.py:125}}
Apr 09 18:18:15.686504 np0000164629 neutron-periodic-workers[104353]: DEBUG dbcounter [-] [104353] Writer thread running {{(pid=104353) stat_writer /opt/stack/data/venv/lib/python3.12/site-packages/dbcounter.py:102}}
Apr 09 18:18:15.698434 np0000164629 neutron-periodic-workers[104353]: DEBUG oslo.service.backend._threading.loopingcall [None req-96e5c6f9-b554-48c5-82be-2850b7129425 None None] Fixed interval looping call 'neutron.plugins.ml2.plugin.DhcpAgentSchedulerDbMixin.remove_networks_from_down_agents' sleeping for 36.97 seconds {{(pid=104353) _run_loop /opt/stack/data/venv/lib/python3.12/site-packages/oslo_service/backend/_threading/loopingcall.py:125}}
Apr 09 18:18:23.701419 np0000164629 neutron-periodic-workers[104358]: DEBUG dbcounter [-] [104358] Writing DB stats neutron:SELECT=1 {{(pid=104358) stat_writer /opt/stack/data/venv/lib/python3.12/site-packages/dbcounter.py:115}}
Apr 09 18:18:25.695174 np0000164629 neutron-periodic-workers[104353]: DEBUG dbcounter [-] [104353] Writing DB stats neutron:SELECT=3 {{(pid=104353) stat_writer /opt/stack/data/venv/lib/python3.12/site-packages/dbcounter.py:115}}
Apr 09 18:18:50.691205 np0000164629 neutron-periodic-workers[104358]: DEBUG neutron.db.agents_db [None req-989334d5-48bc-471a-9695-4edff407715b None None] Agent healthcheck: found 0 active agents {{(pid=104358) agent_health_check /opt/stack/neutron/neutron/db/agents_db.py:317}}
Apr 09 18:18:50.691888 np0000164629 neutron-periodic-workers[104358]: DEBUG oslo.service.backend._threading.loopingcall [None req-989334d5-48bc-471a-9695-4edff407715b None None] Fixed interval looping call 'neutron.plugins.ml2.plugin.AgentDbMixin.agent_health_check' sleeping for 37.00 seconds {{(pid=104358) _run_loop /opt/stack/data/venv/lib/python3.12/site-packages/oslo_service/backend/_threading/loopingcall.py:125}}
Apr 09 18:18:52.678471 np0000164629 neutron-periodic-workers[104353]: DEBUG oslo.service.backend._threading.loopingcall [None req-96e5c6f9-b554-48c5-82be-2850b7129425 None None] Fixed interval looping call 'neutron.plugins.ml2.plugin.DhcpAgentSchedulerDbMixin.remove_networks_from_down_agents' sleeping for 36.99 seconds {{(pid=104353) _run_loop /opt/stack/data/venv/lib/python3.12/site-packages/oslo_service/backend/_threading/loopingcall.py:125}}
Apr 09 18:18:57.685781 np0000164629 neutron-periodic-workers[104347]: DEBUG dbcounter [-] [104347] Writer thread running {{(pid=104347) stat_writer /opt/stack/data/venv/lib/python3.12/site-packages/dbcounter.py:102}}
Apr 09 18:18:57.694995 np0000164629 neutron-periodic-workers[104347]: DEBUG oslo.service.backend._threading.loopingcall [None req-f17491f8-3107-4318-8002-9974a9430ee6 None None] Fixed interval looping call 'neutron.services.ovn_l3.plugin.L3_NAT_dbonly_mixin._clean_garbage' sleeping for 299.96 seconds {{(pid=104347) _run_loop /opt/stack/data/venv/lib/python3.12/site-packages/oslo_service/backend/_threading/loopingcall.py:125}}
Apr 09 18:19:00.689560 np0000164629 neutron-periodic-workers[104358]: DEBUG dbcounter [-] [104358] Writing DB stats neutron:SELECT=1 {{(pid=104358) stat_writer /opt/stack/data/venv/lib/python3.12/site-packages/dbcounter.py:115}}
Apr 09 18:19:02.676588 np0000164629 neutron-periodic-workers[104353]: DEBUG dbcounter [-] [104353] Writing DB stats neutron:SELECT=3 {{(pid=104353) stat_writer /opt/stack/data/venv/lib/python3.12/site-packages/dbcounter.py:115}}
Apr 09 18:19:07.687231 np0000164629 neutron-periodic-workers[104347]: DEBUG dbcounter [-] [104347] Writing DB stats neutron:SELECT=1 {{(pid=104347) stat_writer /opt/stack/data/venv/lib/python3.12/site-packages/dbcounter.py:115}}
Apr 09 18:19:25.732016 np0000164629 neutron-periodic-workers[104366]: DEBUG dbcounter [-] [104366] Writer thread running {{(pid=104366) stat_writer /opt/stack/data/venv/lib/python3.12/site-packages/dbcounter.py:102}}
Apr 09 18:19:25.735483 np0000164629 neutron-periodic-workers[104366]: DEBUG oslo.service.backend._threading.loopingcall [None req-fa63911a-1c21-4e3c-8c23-fd4af0e0969b None None] Fixed interval looping call 'neutron.db.quota.driver_nolock.DbQuotaNoLockDriver._remove_expired_reservations' sleeping for 119.98 seconds {{(pid=104366) _run_loop /opt/stack/data/venv/lib/python3.12/site-packages/oslo_service/backend/_threading/loopingcall.py:125}}
Apr 09 18:19:27.697182 np0000164629 neutron-periodic-workers[104358]: DEBUG neutron.db.agents_db [None req-989334d5-48bc-471a-9695-4edff407715b None None] Agent healthcheck: found 0 active agents {{(pid=104358) agent_health_check /opt/stack/neutron/neutron/db/agents_db.py:317}}
Apr 09 18:19:27.697182 np0000164629 neutron-periodic-workers[104358]: DEBUG oslo.service.backend._threading.loopingcall [None req-989334d5-48bc-471a-9695-4edff407715b None None] Fixed interval looping call 'neutron.plugins.ml2.plugin.AgentDbMixin.agent_health_check' sleeping for 36.99 seconds {{(pid=104358) _run_loop /opt/stack/data/venv/lib/python3.12/site-packages/oslo_service/backend/_threading/loopingcall.py:125}}
Apr 09 18:19:29.678154 np0000164629 neutron-periodic-workers[104353]: DEBUG oslo.service.backend._threading.loopingcall [None req-96e5c6f9-b554-48c5-82be-2850b7129425 None None] Fixed interval looping call 'neutron.plugins.ml2.plugin.DhcpAgentSchedulerDbMixin.remove_networks_from_down_agents' sleeping for 36.99 seconds {{(pid=104353) _run_loop /opt/stack/data/venv/lib/python3.12/site-packages/oslo_service/backend/_threading/loopingcall.py:125}}
Apr 09 18:19:35.732617 np0000164629 neutron-periodic-workers[104366]: DEBUG dbcounter [-] [104366] Writing DB stats neutron:DELETE=1 {{(pid=104366) stat_writer /opt/stack/data/venv/lib/python3.12/site-packages/dbcounter.py:115}}
Apr 09 18:19:37.695158 np0000164629 neutron-periodic-workers[104358]: DEBUG dbcounter [-] [104358] Writing DB stats neutron:SELECT=1 {{(pid=104358) stat_writer /opt/stack/data/venv/lib/python3.12/site-packages/dbcounter.py:115}}
Apr 09 18:19:39.676920 np0000164629 neutron-periodic-workers[104353]: DEBUG dbcounter [-] [104353] Writing DB stats neutron:SELECT=3 {{(pid=104353) stat_writer /opt/stack/data/venv/lib/python3.12/site-packages/dbcounter.py:115}}
Apr 09 18:20:04.693792 np0000164629 neutron-periodic-workers[104358]: DEBUG neutron.db.agents_db [None req-989334d5-48bc-471a-9695-4edff407715b None None] Agent healthcheck: found 0 active agents {{(pid=104358) agent_health_check /opt/stack/neutron/neutron/db/agents_db.py:317}}
Apr 09 18:20:04.694301 np0000164629 neutron-periodic-workers[104358]: DEBUG oslo.service.backend._threading.loopingcall [None req-989334d5-48bc-471a-9695-4edff407715b None None] Fixed interval looping call 'neutron.plugins.ml2.plugin.AgentDbMixin.agent_health_check' sleeping for 36.99 seconds {{(pid=104358) _run_loop /opt/stack/data/venv/lib/python3.12/site-packages/oslo_service/backend/_threading/loopingcall.py:125}}
Apr 09 18:20:06.676387 np0000164629 neutron-periodic-workers[104353]: DEBUG oslo.service.backend._threading.loopingcall [None req-96e5c6f9-b554-48c5-82be-2850b7129425 None None] Fixed interval looping call 'neutron.plugins.ml2.plugin.DhcpAgentSchedulerDbMixin.remove_networks_from_down_agents' sleeping for 36.99 seconds {{(pid=104353) _run_loop /opt/stack/data/venv/lib/python3.12/site-packages/oslo_service/backend/_threading/loopingcall.py:125}}
Apr 09 18:20:14.692415 np0000164629 neutron-periodic-workers[104358]: DEBUG dbcounter [-] [104358] Writing DB stats neutron:SELECT=1 {{(pid=104358) stat_writer /opt/stack/data/venv/lib/python3.12/site-packages/dbcounter.py:115}}
Apr 09 18:20:16.675277 np0000164629 neutron-periodic-workers[104353]: DEBUG dbcounter [-] [104353] Writing DB stats neutron:SELECT=3 {{(pid=104353) stat_writer /opt/stack/data/venv/lib/python3.12/site-packages/dbcounter.py:115}}
Apr 09 18:20:41.689661 np0000164629 neutron-periodic-workers[104358]: DEBUG neutron.db.agents_db [None req-989334d5-48bc-471a-9695-4edff407715b None None] Agent healthcheck: found 0 active agents {{(pid=104358) agent_health_check /opt/stack/neutron/neutron/db/agents_db.py:317}}
Apr 09 18:20:41.690187 np0000164629 neutron-periodic-workers[104358]: DEBUG oslo.service.backend._threading.loopingcall [None req-989334d5-48bc-471a-9695-4edff407715b None None] Fixed interval looping call 'neutron.plugins.ml2.plugin.AgentDbMixin.agent_health_check' sleeping for 36.99 seconds {{(pid=104358) _run_loop /opt/stack/data/venv/lib/python3.12/site-packages/oslo_service/backend/_threading/loopingcall.py:125}}
Apr 09 18:20:43.679918 np0000164629 neutron-periodic-workers[104353]: DEBUG oslo.service.backend._threading.loopingcall [None req-96e5c6f9-b554-48c5-82be-2850b7129425 None None] Fixed interval looping call 'neutron.plugins.ml2.plugin.DhcpAgentSchedulerDbMixin.remove_networks_from_down_agents' sleeping for 36.99 seconds {{(pid=104353) _run_loop /opt/stack/data/venv/lib/python3.12/site-packages/oslo_service/backend/_threading/loopingcall.py:125}}
Apr 09 18:20:51.687944 np0000164629 neutron-periodic-workers[104358]: DEBUG dbcounter [-] [104358] Writing DB stats neutron:SELECT=1 {{(pid=104358) stat_writer /opt/stack/data/venv/lib/python3.12/site-packages/dbcounter.py:115}}
Apr 09 18:20:53.677283 np0000164629 neutron-periodic-workers[104353]: DEBUG dbcounter [-] [104353] Writing DB stats neutron:SELECT=3 {{(pid=104353) stat_writer /opt/stack/data/venv/lib/python3.12/site-packages/dbcounter.py:115}}
Apr 09 18:21:18.685267 np0000164629 neutron-periodic-workers[104358]: DEBUG neutron.db.agents_db [None req-989334d5-48bc-471a-9695-4edff407715b None None] Agent healthcheck: found 0 active agents {{(pid=104358) agent_health_check /opt/stack/neutron/neutron/db/agents_db.py:317}}
Apr 09 18:21:18.685267 np0000164629 neutron-periodic-workers[104358]: DEBUG oslo.service.backend._threading.loopingcall [None req-989334d5-48bc-471a-9695-4edff407715b None None] Fixed interval looping call 'neutron.plugins.ml2.plugin.AgentDbMixin.agent_health_check' sleeping for 37.00 seconds {{(pid=104358) _run_loop /opt/stack/data/venv/lib/python3.12/site-packages/oslo_service/backend/_threading/loopingcall.py:125}}
Apr 09 18:21:20.679387 np0000164629 neutron-periodic-workers[104353]: DEBUG oslo.service.backend._threading.loopingcall [None req-96e5c6f9-b554-48c5-82be-2850b7129425 None None] Fixed interval looping call 'neutron.plugins.ml2.plugin.DhcpAgentSchedulerDbMixin.remove_networks_from_down_agents' sleeping for 36.99 seconds {{(pid=104353) _run_loop /opt/stack/data/venv/lib/python3.12/site-packages/oslo_service/backend/_threading/loopingcall.py:125}}
Apr 09 18:21:25.719528 np0000164629 neutron-periodic-workers[104366]: DEBUG oslo.service.backend._threading.loopingcall [None req-fa63911a-1c21-4e3c-8c23-fd4af0e0969b None None] Fixed interval looping call 'neutron.db.quota.driver_nolock.DbQuotaNoLockDriver._remove_expired_reservations' sleeping for 120.00 seconds {{(pid=104366) _run_loop /opt/stack/data/venv/lib/python3.12/site-packages/oslo_service/backend/_threading/loopingcall.py:125}}
Apr 09 18:21:28.683583 np0000164629 neutron-periodic-workers[104358]: DEBUG dbcounter [-] [104358] Writing DB stats neutron:SELECT=1 {{(pid=104358) stat_writer /opt/stack/data/venv/lib/python3.12/site-packages/dbcounter.py:115}}
Apr 09 18:21:30.678014 np0000164629 neutron-periodic-workers[104353]: DEBUG dbcounter [-] [104353] Writing DB stats neutron:SELECT=3 {{(pid=104353) stat_writer /opt/stack/data/venv/lib/python3.12/site-packages/dbcounter.py:115}}
Apr 09 18:21:35.718575 np0000164629 neutron-periodic-workers[104366]: DEBUG dbcounter [-] [104366] Writing DB stats neutron:DELETE=1 {{(pid=104366) stat_writer /opt/stack/data/venv/lib/python3.12/site-packages/dbcounter.py:115}}
Apr 09 18:21:55.691078 np0000164629 neutron-periodic-workers[104358]: DEBUG neutron.db.agents_db [None req-989334d5-48bc-471a-9695-4edff407715b None None] Agent healthcheck: found 0 active agents {{(pid=104358) agent_health_check /opt/stack/neutron/neutron/db/agents_db.py:317}}
Apr 09 18:21:55.691840 np0000164629 neutron-periodic-workers[104358]: DEBUG oslo.service.backend._threading.loopingcall [None req-989334d5-48bc-471a-9695-4edff407715b None None] Fixed interval looping call 'neutron.plugins.ml2.plugin.AgentDbMixin.agent_health_check' sleeping for 36.99 seconds {{(pid=104358) _run_loop /opt/stack/data/venv/lib/python3.12/site-packages/oslo_service/backend/_threading/loopingcall.py:125}}
Apr 09 18:21:57.679545 np0000164629 neutron-periodic-workers[104353]: DEBUG oslo.service.backend._threading.loopingcall [None req-96e5c6f9-b554-48c5-82be-2850b7129425 None None] Fixed interval looping call 'neutron.plugins.ml2.plugin.DhcpAgentSchedulerDbMixin.remove_networks_from_down_agents' sleeping for 36.99 seconds {{(pid=104353) _run_loop /opt/stack/data/venv/lib/python3.12/site-packages/oslo_service/backend/_threading/loopingcall.py:125}}
Apr 09 18:22:05.688870 np0000164629 neutron-periodic-workers[104358]: DEBUG dbcounter [-] [104358] Writing DB stats neutron:SELECT=1 {{(pid=104358) stat_writer /opt/stack/data/venv/lib/python3.12/site-packages/dbcounter.py:115}}
Apr 09 18:22:07.678422 np0000164629 neutron-periodic-workers[104353]: DEBUG dbcounter [-] [104353] Writing DB stats neutron:SELECT=3 {{(pid=104353) stat_writer /opt/stack/data/venv/lib/python3.12/site-packages/dbcounter.py:115}}
Apr 09 18:22:32.686844 np0000164629 neutron-periodic-workers[104358]: DEBUG neutron.db.agents_db [None req-989334d5-48bc-471a-9695-4edff407715b None None] Agent healthcheck: found 0 active agents {{(pid=104358) agent_health_check /opt/stack/neutron/neutron/db/agents_db.py:317}}
Apr 09 18:22:32.687768 np0000164629 neutron-periodic-workers[104358]: DEBUG oslo.service.backend._threading.loopingcall [None req-989334d5-48bc-471a-9695-4edff407715b None None] Fixed interval looping call 'neutron.plugins.ml2.plugin.AgentDbMixin.agent_health_check' sleeping for 36.99 seconds {{(pid=104358) _run_loop /opt/stack/data/venv/lib/python3.12/site-packages/oslo_service/backend/_threading/loopingcall.py:125}}
Apr 09 18:22:34.678830 np0000164629 neutron-periodic-workers[104353]: DEBUG oslo.service.backend._threading.loopingcall [None req-96e5c6f9-b554-48c5-82be-2850b7129425 None None] Fixed interval looping call 'neutron.plugins.ml2.plugin.DhcpAgentSchedulerDbMixin.remove_networks_from_down_agents' sleeping for 36.99 seconds {{(pid=104353) _run_loop /opt/stack/data/venv/lib/python3.12/site-packages/oslo_service/backend/_threading/loopingcall.py:125}}
Apr 09 18:22:42.685209 np0000164629 neutron-periodic-workers[104358]: DEBUG dbcounter [-] [104358] Writing DB stats neutron:SELECT=1 {{(pid=104358) stat_writer /opt/stack/data/venv/lib/python3.12/site-packages/dbcounter.py:115}}
Apr 09 18:22:44.677713 np0000164629 neutron-periodic-workers[104353]: DEBUG dbcounter [-] [104353] Writing DB stats neutron:SELECT=3 {{(pid=104353) stat_writer /opt/stack/data/venv/lib/python3.12/site-packages/dbcounter.py:115}}
Apr 09 18:23:09.686281 np0000164629 neutron-periodic-workers[104358]: DEBUG neutron.db.agents_db [None req-989334d5-48bc-471a-9695-4edff407715b None None] Agent healthcheck: found 0 active agents {{(pid=104358) agent_health_check /opt/stack/neutron/neutron/db/agents_db.py:317}}
Apr 09 18:23:09.687886 np0000164629 neutron-periodic-workers[104358]: DEBUG oslo.service.backend._threading.loopingcall [None req-989334d5-48bc-471a-9695-4edff407715b None None] Fixed interval looping call 'neutron.plugins.ml2.plugin.AgentDbMixin.agent_health_check' sleeping for 36.99 seconds {{(pid=104358) _run_loop /opt/stack/data/venv/lib/python3.12/site-packages/oslo_service/backend/_threading/loopingcall.py:125}}
Apr 09 18:23:11.687441 np0000164629 neutron-periodic-workers[104353]: DEBUG oslo.service.backend._threading.loopingcall [None req-96e5c6f9-b554-48c5-82be-2850b7129425 None None] Fixed interval looping call 'neutron.plugins.ml2.plugin.DhcpAgentSchedulerDbMixin.remove_networks_from_down_agents' sleeping for 36.98 seconds {{(pid=104353) _run_loop /opt/stack/data/venv/lib/python3.12/site-packages/oslo_service/backend/_threading/loopingcall.py:125}}
Apr 09 18:23:19.684668 np0000164629 neutron-periodic-workers[104358]: DEBUG dbcounter [-] [104358] Writing DB stats neutron:SELECT=1 {{(pid=104358) stat_writer /opt/stack/data/venv/lib/python3.12/site-packages/dbcounter.py:115}}
Apr 09 18:23:21.685098 np0000164629 neutron-periodic-workers[104353]: DEBUG dbcounter [-] [104353] Writing DB stats neutron:SELECT=3 {{(pid=104353) stat_writer /opt/stack/data/venv/lib/python3.12/site-packages/dbcounter.py:115}}
Apr 09 18:23:25.729988 np0000164629 neutron-periodic-workers[104366]: DEBUG oslo.service.backend._threading.loopingcall [None req-fa63911a-1c21-4e3c-8c23-fd4af0e0969b None None] Fixed interval looping call 'neutron.db.quota.driver_nolock.DbQuotaNoLockDriver._remove_expired_reservations' sleeping for 119.99 seconds {{(pid=104366) _run_loop /opt/stack/data/venv/lib/python3.12/site-packages/oslo_service/backend/_threading/loopingcall.py:125}}
Apr 09 18:23:35.728010 np0000164629 neutron-periodic-workers[104366]: DEBUG dbcounter [-] [104366] Writing DB stats neutron:DELETE=1 {{(pid=104366) stat_writer /opt/stack/data/venv/lib/python3.12/site-packages/dbcounter.py:115}}
Apr 09 18:23:46.683598 np0000164629 neutron-periodic-workers[104358]: DEBUG neutron.db.agents_db [None req-989334d5-48bc-471a-9695-4edff407715b None None] Agent healthcheck: found 0 active agents {{(pid=104358) agent_health_check /opt/stack/neutron/neutron/db/agents_db.py:317}}
Apr 09 18:23:46.684165 np0000164629 neutron-periodic-workers[104358]: DEBUG oslo.service.backend._threading.loopingcall [None req-989334d5-48bc-471a-9695-4edff407715b None None] Fixed interval looping call 'neutron.plugins.ml2.plugin.AgentDbMixin.agent_health_check' sleeping for 36.99 seconds {{(pid=104358) _run_loop /opt/stack/data/venv/lib/python3.12/site-packages/oslo_service/backend/_threading/loopingcall.py:125}}
Apr 09 18:23:48.677806 np0000164629 neutron-periodic-workers[104353]: DEBUG oslo.service.backend._threading.loopingcall [None req-96e5c6f9-b554-48c5-82be-2850b7129425 None None] Fixed interval looping call 'neutron.plugins.ml2.plugin.DhcpAgentSchedulerDbMixin.remove_networks_from_down_agents' sleeping for 36.99 seconds {{(pid=104353) _run_loop /opt/stack/data/venv/lib/python3.12/site-packages/oslo_service/backend/_threading/loopingcall.py:125}}
Apr 09 18:23:56.681508 np0000164629 neutron-periodic-workers[104358]: DEBUG dbcounter [-] [104358] Writing DB stats neutron:SELECT=1 {{(pid=104358) stat_writer /opt/stack/data/venv/lib/python3.12/site-packages/dbcounter.py:115}}
Apr 09 18:23:57.667707 np0000164629 neutron-periodic-workers[104347]: DEBUG oslo.service.backend._threading.loopingcall [None req-f17491f8-3107-4318-8002-9974a9430ee6 None None] Fixed interval looping call 'neutron.services.ovn_l3.plugin.L3_NAT_dbonly_mixin._clean_garbage' sleeping for 299.99 seconds {{(pid=104347) _run_loop /opt/stack/data/venv/lib/python3.12/site-packages/oslo_service/backend/_threading/loopingcall.py:125}}
Apr 09 18:23:58.714274 np0000164629 neutron-periodic-workers[104353]: DEBUG dbcounter [-] [104353] Writing DB stats neutron:SELECT=3 {{(pid=104353) stat_writer /opt/stack/data/venv/lib/python3.12/site-packages/dbcounter.py:115}}
Apr 09 18:24:07.659268 np0000164629 neutron-periodic-workers[104347]: DEBUG dbcounter [-] [104347] Writing DB stats neutron:SELECT=1 {{(pid=104347) stat_writer /opt/stack/data/venv/lib/python3.12/site-packages/dbcounter.py:115}}
Apr 09 18:24:23.680411 np0000164629 neutron-periodic-workers[104358]: DEBUG neutron.db.agents_db [None req-989334d5-48bc-471a-9695-4edff407715b None None] Agent healthcheck: found 0 active agents {{(pid=104358) agent_health_check /opt/stack/neutron/neutron/db/agents_db.py:317}}
Apr 09 18:24:23.681173 np0000164629 neutron-periodic-workers[104358]: DEBUG oslo.service.backend._threading.loopingcall [None req-989334d5-48bc-471a-9695-4edff407715b None None] Fixed interval looping call 'neutron.plugins.ml2.plugin.AgentDbMixin.agent_health_check' sleeping for 36.99 seconds {{(pid=104358) _run_loop /opt/stack/data/venv/lib/python3.12/site-packages/oslo_service/backend/_threading/loopingcall.py:125}}
Apr 09 18:24:25.681623 np0000164629 neutron-periodic-workers[104353]: DEBUG oslo.service.backend._threading.loopingcall [None req-96e5c6f9-b554-48c5-82be-2850b7129425 None None] Fixed interval looping call 'neutron.plugins.ml2.plugin.DhcpAgentSchedulerDbMixin.remove_networks_from_down_agents' sleeping for 36.99 seconds {{(pid=104353) _run_loop /opt/stack/data/venv/lib/python3.12/site-packages/oslo_service/backend/_threading/loopingcall.py:125}}
Apr 09 18:24:33.678146 np0000164629 neutron-periodic-workers[104358]: DEBUG dbcounter [-] [104358] Writing DB stats neutron:SELECT=1 {{(pid=104358) stat_writer /opt/stack/data/venv/lib/python3.12/site-packages/dbcounter.py:115}}
Apr 09 18:24:35.679730 np0000164629 neutron-periodic-workers[104353]: DEBUG dbcounter [-] [104353] Writing DB stats neutron:SELECT=3 {{(pid=104353) stat_writer /opt/stack/data/venv/lib/python3.12/site-packages/dbcounter.py:115}}
Apr 09 18:25:00.674662 np0000164629 neutron-periodic-workers[104358]: DEBUG neutron.db.agents_db [None req-989334d5-48bc-471a-9695-4edff407715b None None] Agent healthcheck: found 0 active agents {{(pid=104358) agent_health_check /opt/stack/neutron/neutron/db/agents_db.py:317}}
Apr 09 18:25:00.674662 np0000164629 neutron-periodic-workers[104358]: DEBUG oslo.service.backend._threading.loopingcall [None req-989334d5-48bc-471a-9695-4edff407715b None None] Fixed interval looping call 'neutron.plugins.ml2.plugin.AgentDbMixin.agent_health_check' sleeping for 37.00 seconds {{(pid=104358) _run_loop /opt/stack/data/venv/lib/python3.12/site-packages/oslo_service/backend/_threading/loopingcall.py:125}}
Apr 09 18:25:02.685512 np0000164629 neutron-periodic-workers[104353]: DEBUG oslo.service.backend._threading.loopingcall [None req-96e5c6f9-b554-48c5-82be-2850b7129425 None None] Fixed interval looping call 'neutron.plugins.ml2.plugin.DhcpAgentSchedulerDbMixin.remove_networks_from_down_agents' sleeping for 36.99 seconds {{(pid=104353) _run_loop /opt/stack/data/venv/lib/python3.12/site-packages/oslo_service/backend/_threading/loopingcall.py:125}}
Apr 09 18:25:10.673469 np0000164629 neutron-periodic-workers[104358]: DEBUG dbcounter [-] [104358] Writing DB stats neutron:SELECT=1 {{(pid=104358) stat_writer /opt/stack/data/venv/lib/python3.12/site-packages/dbcounter.py:115}}
Apr 09 18:25:12.684421 np0000164629 neutron-periodic-workers[104353]: DEBUG dbcounter [-] [104353] Writing DB stats neutron:SELECT=3 {{(pid=104353) stat_writer /opt/stack/data/venv/lib/python3.12/site-packages/dbcounter.py:115}}
Apr 09 18:25:25.725312 np0000164629 neutron-periodic-workers[104366]: DEBUG oslo.service.backend._threading.loopingcall [None req-fa63911a-1c21-4e3c-8c23-fd4af0e0969b None None] Fixed interval looping call 'neutron.db.quota.driver_nolock.DbQuotaNoLockDriver._remove_expired_reservations' sleeping for 120.00 seconds {{(pid=104366) _run_loop /opt/stack/data/venv/lib/python3.12/site-packages/oslo_service/backend/_threading/loopingcall.py:125}}
Apr 09 18:25:35.724391 np0000164629 neutron-periodic-workers[104366]: DEBUG dbcounter [-] [104366] Writing DB stats neutron:DELETE=1 {{(pid=104366) stat_writer /opt/stack/data/venv/lib/python3.12/site-packages/dbcounter.py:115}}
Apr 09 18:25:37.680562 np0000164629 neutron-periodic-workers[104358]: DEBUG neutron.db.agents_db [None req-989334d5-48bc-471a-9695-4edff407715b None None] Agent healthcheck: found 0 active agents {{(pid=104358) agent_health_check /opt/stack/neutron/neutron/db/agents_db.py:317}}
Apr 09 18:25:37.681266 np0000164629 neutron-periodic-workers[104358]: DEBUG oslo.service.backend._threading.loopingcall [None req-989334d5-48bc-471a-9695-4edff407715b None None] Fixed interval looping call 'neutron.plugins.ml2.plugin.AgentDbMixin.agent_health_check' sleeping for 36.99 seconds {{(pid=104358) _run_loop /opt/stack/data/venv/lib/python3.12/site-packages/oslo_service/backend/_threading/loopingcall.py:125}}
Apr 09 18:25:39.686270 np0000164629 neutron-periodic-workers[104353]: DEBUG oslo.service.backend._threading.loopingcall [None req-96e5c6f9-b554-48c5-82be-2850b7129425 None None] Fixed interval looping call 'neutron.plugins.ml2.plugin.DhcpAgentSchedulerDbMixin.remove_networks_from_down_agents' sleeping for 36.99 seconds {{(pid=104353) _run_loop /opt/stack/data/venv/lib/python3.12/site-packages/oslo_service/backend/_threading/loopingcall.py:125}}
Apr 09 18:25:47.678365 np0000164629 neutron-periodic-workers[104358]: DEBUG dbcounter [-] [104358] Writing DB stats neutron:SELECT=1 {{(pid=104358) stat_writer /opt/stack/data/venv/lib/python3.12/site-packages/dbcounter.py:115}}
Apr 09 18:25:49.684823 np0000164629 neutron-periodic-workers[104353]: DEBUG dbcounter [-] [104353] Writing DB stats neutron:SELECT=3 {{(pid=104353) stat_writer /opt/stack/data/venv/lib/python3.12/site-packages/dbcounter.py:115}}
Apr 09 18:26:14.677261 np0000164629 neutron-periodic-workers[104358]: DEBUG neutron.db.agents_db [None req-989334d5-48bc-471a-9695-4edff407715b None None] Agent healthcheck: found 0 active agents {{(pid=104358) agent_health_check /opt/stack/neutron/neutron/db/agents_db.py:317}}
Apr 09 18:26:14.678292 np0000164629 neutron-periodic-workers[104358]: DEBUG oslo.service.backend._threading.loopingcall [None req-989334d5-48bc-471a-9695-4edff407715b None None] Fixed interval looping call 'neutron.plugins.ml2.plugin.AgentDbMixin.agent_health_check' sleeping for 36.99 seconds {{(pid=104358) _run_loop /opt/stack/data/venv/lib/python3.12/site-packages/oslo_service/backend/_threading/loopingcall.py:125}}
Apr 09 18:26:16.685625 np0000164629 neutron-periodic-workers[104353]: DEBUG oslo.service.backend._threading.loopingcall [None req-96e5c6f9-b554-48c5-82be-2850b7129425 None None] Fixed interval looping call 'neutron.plugins.ml2.plugin.DhcpAgentSchedulerDbMixin.remove_networks_from_down_agents' sleeping for 36.99 seconds {{(pid=104353) _run_loop /opt/stack/data/venv/lib/python3.12/site-packages/oslo_service/backend/_threading/loopingcall.py:125}}
Apr 09 18:26:24.675459 np0000164629 neutron-periodic-workers[104358]: DEBUG dbcounter [-] [104358] Writing DB stats neutron:SELECT=1 {{(pid=104358) stat_writer /opt/stack/data/venv/lib/python3.12/site-packages/dbcounter.py:115}}
Apr 09 18:26:26.684602 np0000164629 neutron-periodic-workers[104353]: DEBUG dbcounter [-] [104353] Writing DB stats neutron:SELECT=3 {{(pid=104353) stat_writer /opt/stack/data/venv/lib/python3.12/site-packages/dbcounter.py:115}}
Apr 09 18:26:51.673342 np0000164629 neutron-periodic-workers[104358]: DEBUG neutron.db.agents_db [None req-989334d5-48bc-471a-9695-4edff407715b None None] Agent healthcheck: found 0 active agents {{(pid=104358) agent_health_check /opt/stack/neutron/neutron/db/agents_db.py:317}}
Apr 09 18:26:51.674009 np0000164629 neutron-periodic-workers[104358]: DEBUG oslo.service.backend._threading.loopingcall [None req-989334d5-48bc-471a-9695-4edff407715b None None] Fixed interval looping call 'neutron.plugins.ml2.plugin.AgentDbMixin.agent_health_check' sleeping for 36.99 seconds {{(pid=104358) _run_loop /opt/stack/data/venv/lib/python3.12/site-packages/oslo_service/backend/_threading/loopingcall.py:125}}
Apr 09 18:26:53.689095 np0000164629 neutron-periodic-workers[104353]: DEBUG oslo.service.backend._threading.loopingcall [None req-96e5c6f9-b554-48c5-82be-2850b7129425 None None] Fixed interval looping call 'neutron.plugins.ml2.plugin.DhcpAgentSchedulerDbMixin.remove_networks_from_down_agents' sleeping for 36.99 seconds {{(pid=104353) _run_loop /opt/stack/data/venv/lib/python3.12/site-packages/oslo_service/backend/_threading/loopingcall.py:125}}
Apr 09 18:27:01.672326 np0000164629 neutron-periodic-workers[104358]: DEBUG dbcounter [-] [104358] Writing DB stats neutron:SELECT=1 {{(pid=104358) stat_writer /opt/stack/data/venv/lib/python3.12/site-packages/dbcounter.py:115}}
