2026-06-13 02:30:00.111 8 INFO placement.requestlog [req-d5fe3bf7-600d-4112-8f98-72ca05ae0d38 req-42801a9e-ec6e-4a71-87fd-5a614efc1b78 48623c5229bb4d6bbe868424fe7bb30c a14f73df42374fe798cb7f4630e2d449 - - 61f9ad37d73b4c008c796ac96f36e1ee 61f9ad37d73b4c008c796ac96f36e1ee] 10.0.0.28 "GET /allocations/72720acb-bb64-43b7-a87e-f58b39617845" status: 200 len: 19 microversion: 1.28 [pid: 8|app: 0|req: 530/1061] 10.0.0.28 () {34 vars in 860 bytes} [Sat Jun 13 02:30:00 2026] GET /allocations/72720acb-bb64-43b7-a87e-f58b39617845 => generated 19 bytes in 10 msecs (HTTP/1.1 200) 8 headers in 295 bytes (1 switches on core 0)
2026-06-13 02:30:00.195 7 INFO placement.requestlog [req-d5fe3bf7-600d-4112-8f98-72ca05ae0d38 req-f7a379d6-70f2-4e70-8341-28d91f61603d 48623c5229bb4d6bbe868424fe7bb30c a14f73df42374fe798cb7f4630e2d449 - - 61f9ad37d73b4c008c796ac96f36e1ee 61f9ad37d73b4c008c796ac96f36e1ee] 10.0.0.28 "PUT /allocations/72720acb-bb64-43b7-a87e-f58b39617845" status: 204 len: 0 microversion: 1.36 [pid: 7|app: 0|req: 532/1062] 10.0.0.28 () {38 vars in 913 bytes} [Sat Jun 13 02:30:00 2026] PUT /allocations/72720acb-bb64-43b7-a87e-f58b39617845 => generated 0 bytes in 79 msecs (HTTP/1.1 204) 5 headers in 199 bytes (1 switches on core 0)
2026-06-13 02:30:01.729 8 INFO placement.requestlog [req-d5fe3bf7-600d-4112-8f98-72ca05ae0d38 req-c937d199-7dc9-4b58-a8b6-99ea8bdcdd55 48623c5229bb4d6bbe868424fe7bb30c a14f73df42374fe798cb7f4630e2d449 - - 61f9ad37d73b4c008c796ac96f36e1ee 61f9ad37d73b4c008c796ac96f36e1ee] 199.204.45.3 "GET /allocations/72720acb-bb64-43b7-a87e-f58b39617845" status: 200 len: 258 microversion: 1.28 [pid: 8|app: 0|req: 531/1063] 199.204.45.3 () {34 vars in 861 bytes} [Sat Jun 13 02:30:01 2026] GET /allocations/72720acb-bb64-43b7-a87e-f58b39617845 => generated 258 bytes in 27 msecs (HTTP/1.1 200) 8 headers in 296 bytes (1 switches on core 0)
2026-06-13 02:30:02.789 7 INFO placement.requestlog [req-d5fe3bf7-600d-4112-8f98-72ca05ae0d38 req-7aa36769-14ee-4bc5-a849-070816b709ac 48623c5229bb4d6bbe868424fe7bb30c a14f73df42374fe798cb7f4630e2d449 - - 61f9ad37d73b4c008c796ac96f36e1ee 61f9ad37d73b4c008c796ac96f36e1ee] 199.204.45.3 "GET /resource_providers/c2222d88-2d88-40ce-b34b-199103577b6f/allocations" status: 200 len: 353 microversion: 1.0 [pid: 7|app: 0|req: 533/1064] 199.204.45.3 () {32 vars in 855 bytes} [Sat Jun 13 02:30:02 2026] GET /resource_providers/c2222d88-2d88-40ce-b34b-199103577b6f/allocations => generated 353 bytes in 29 msecs (HTTP/1.1 200) 6 headers in 224 bytes (1 switches on core 0)
2026-06-13 02:30:02.815 8 INFO placement.requestlog [req-d5fe3bf7-600d-4112-8f98-72ca05ae0d38 req-8801d384-ff97-4ae6-825b-c267e226c0d0 48623c5229bb4d6bbe868424fe7bb30c a14f73df42374fe798cb7f4630e2d449 - - 61f9ad37d73b4c008c796ac96f36e1ee 61f9ad37d73b4c008c796ac96f36e1ee] 199.204.45.3 "GET /allocations/c4451f6e-bb0d-45cb-83b8-0b0ad88c6c33" status: 200 len: 258 microversion: 1.28 [pid: 8|app: 0|req: 532/1065] 199.204.45.3 () {34 vars in 861 bytes} [Sat Jun 13 02:30:02 2026] GET /allocations/c4451f6e-bb0d-45cb-83b8-0b0ad88c6c33 => generated 258 bytes in 17 msecs (HTTP/1.1 200) 8 headers in 296 bytes (1 switches on core 0)
2026-06-13 02:30:02.835 7 INFO placement.requestlog [req-d5fe3bf7-600d-4112-8f98-72ca05ae0d38 req-ea0130e1-4b52-42db-96de-8e525df8dbdc 48623c5229bb4d6bbe868424fe7bb30c a14f73df42374fe798cb7f4630e2d449 - - 61f9ad37d73b4c008c796ac96f36e1ee 61f9ad37d73b4c008c796ac96f36e1ee] 199.204.45.3 "GET /allocations/72720acb-bb64-43b7-a87e-f58b39617845" status: 200 len: 258 microversion: 1.28 [pid: 7|app: 0|req: 534/1066] 199.204.45.3 () {34 vars in 861 bytes} [Sat Jun 13 02:30:02 2026] GET /allocations/72720acb-bb64-43b7-a87e-f58b39617845 => generated 258 bytes in 13 msecs (HTTP/1.1 200) 8 headers in 296 bytes (1 switches on core 0)
2026-06-13 02:30:02.852 8 INFO placement.requestlog [req-d5fe3bf7-600d-4112-8f98-72ca05ae0d38 req-af9392e2-c970-44cd-8363-7d19cef8dbe4 48623c5229bb4d6bbe868424fe7bb30c a14f73df42374fe798cb7f4630e2d449 - - 61f9ad37d73b4c008c796ac96f36e1ee 61f9ad37d73b4c008c796ac96f36e1ee] 199.204.45.3 "GET /allocations/2990b4d0-876a-46e8-98c9-f4a79a5cae45" status: 200 len: 258 microversion: 1.28 [pid: 8|app: 0|req: 533/1067] 199.204.45.3 () {34 vars in 861 bytes} [Sat Jun 13 02:30:02 2026] GET /allocations/2990b4d0-876a-46e8-98c9-f4a79a5cae45 => generated 258 bytes in 11 msecs (HTTP/1.1 200) 8 headers in 296 bytes (1 switches on core 0)
2026-06-13 02:30:04.373 7 INFO placement.requestlog [None req-d91a807c-57fa-4784-bdce-c02259b72219 - - - - - -] 10.0.0.231 "GET /" status: 200 len: 136 microversion: 1.0
2026-06-13 02:30:04.373 8 INFO placement.requestlog [None req-17e270e7-2b80-4495-8d8c-11e3805c39a3 - - - - - -] 10.0.0.231 "GET /" status: 200 len: 136 microversion: 1.0
2026-06-13 02:30:06.336 7 INFO placement.requestlog [req-ae19d5f7-4184-4b66-98fe-a2c7450aef12 req-47c6d83f-3365-4a5f-914a-718d9da5ac85 48623c5229bb4d6bbe868424fe7bb30c a14f73df42374fe798cb7f4630e2d449 - - 61f9ad37d73b4c008c796ac96f36e1ee 61f9ad37d73b4c008c796ac96f36e1ee] 199.204.45.3 "GET /resource_providers/c2222d88-2d88-40ce-b34b-199103577b6f/allocations" status: 200 len: 353 microversion: 1.0 [pid: 7|app: 0|req: 536/1070] 199.204.45.3 () {32 vars in 855 bytes} [Sat Jun 13 02:30:06 2026] GET /resource_providers/c2222d88-2d88-40ce-b34b-199103577b6f/allocations => generated 353 bytes in 20 msecs (HTTP/1.1 200) 6 headers in 224 bytes (1 switches on core 0)
2026-06-13 02:30:06.358 8 INFO placement.requestlog [req-ae19d5f7-4184-4b66-98fe-a2c7450aef12 req-982075b6-f171-45ec-9633-e532349f889e 48623c5229bb4d6bbe868424fe7bb30c a14f73df42374fe798cb7f4630e2d449 - - 61f9ad37d73b4c008c796ac96f36e1ee 61f9ad37d73b4c008c796ac96f36e1ee] 199.204.45.3 "GET /allocations/c4451f6e-bb0d-45cb-83b8-0b0ad88c6c33" status: 200 len: 258 microversion: 1.28 [pid: 8|app: 0|req: 535/1071] 199.204.45.3 () {34 vars in 861 bytes} [Sat Jun 13 02:30:06 2026] GET /allocations/c4451f6e-bb0d-45cb-83b8-0b0ad88c6c33 => generated 258 bytes in 15 msecs (HTTP/1.1 200) 8 headers in 296 bytes (1 switches on core 0)
2026-06-13 02:30:06.381 7 INFO placement.requestlog [req-ae19d5f7-4184-4b66-98fe-a2c7450aef12 req-f59a17d4-1a04-485d-b5fe-13a56378279e 48623c5229bb4d6bbe868424fe7bb30c a14f73df42374fe798cb7f4630e2d449 - - 61f9ad37d73b4c008c796ac96f36e1ee 61f9ad37d73b4c008c796ac96f36e1ee] 199.204.45.3 "GET /allocations/72720acb-bb64-43b7-a87e-f58b39617845" status: 200 len: 258 microversion: 1.28 [pid: 7|app: 0|req: 537/1072] 199.204.45.3 () {34 vars in 861 bytes} [Sat Jun 13 02:30:06 2026] GET /allocations/72720acb-bb64-43b7-a87e-f58b39617845 => generated 258 bytes in 15 msecs (HTTP/1.1 200) 8 headers in 296 bytes (1 switches on core 0)
2026-06-13 02:30:06.411 8 INFO placement.requestlog [req-ae19d5f7-4184-4b66-98fe-a2c7450aef12 req-b2d767b0-f9e4-4229-9a7e-0c161013123c 48623c5229bb4d6bbe868424fe7bb30c a14f73df42374fe798cb7f4630e2d449 - - 61f9ad37d73b4c008c796ac96f36e1ee 61f9ad37d73b4c008c796ac96f36e1ee] 199.204.45.3 "GET /allocations/2990b4d0-876a-46e8-98c9-f4a79a5cae45" status: 200 len: 258 microversion: 1.28 [pid: 8|app: 0|req: 536/1073] 199.204.45.3 () {34 vars in 861 bytes} [Sat Jun 13 02:30:06 2026] GET /allocations/2990b4d0-876a-46e8-98c9-f4a79a5cae45 => generated 258 bytes in 21 msecs (HTTP/1.1 200) 8 headers in 296 bytes (1 switches on core 0)
2026-06-13 02:30:07.493 7 INFO placement.requestlog [req-ae19d5f7-4184-4b66-98fe-a2c7450aef12 req-e4482390-cb3d-4469-bdcb-c4bb8c9408e6 48623c5229bb4d6bbe868424fe7bb30c a14f73df42374fe798cb7f4630e2d449 - - 61f9ad37d73b4c008c796ac96f36e1ee 61f9ad37d73b4c008c796ac96f36e1ee] 199.204.45.3 "DELETE /allocations/c4451f6e-bb0d-45cb-83b8-0b0ad88c6c33" status: 204 len: 0 microversion: 1.0 [pid: 7|app: 0|req: 538/1074] 199.204.45.3 () {34 vars in 839 bytes} [Sat Jun 13 02:30:07 2026] DELETE /allocations/c4451f6e-bb0d-45cb-83b8-0b0ad88c6c33 => generated 0 bytes in 43 msecs (HTTP/1.1 204) 5 headers in 198 bytes (1 switches on core 0)
2026-06-13 02:30:14.017 8 INFO placement.requestlog [req-aa61d4b2-e6c7-4108-bc53-70004f8d0709 req-4a650eb2-5ef7-4a42-87b6-9627e7cd74b8 48623c5229bb4d6bbe868424fe7bb30c a14f73df42374fe798cb7f4630e2d449 - - 61f9ad37d73b4c008c796ac96f36e1ee 61f9ad37d73b4c008c796ac96f36e1ee] 199.204.45.3 "GET /resource_providers/c2222d88-2d88-40ce-b34b-199103577b6f/allocations" status: 200 len: 253 microversion: 1.0 [pid: 8|app: 0|req: 537/1075] 199.204.45.3 () {32 vars in 855 bytes} [Sat Jun 13 02:30:13 2026] GET /resource_providers/c2222d88-2d88-40ce-b34b-199103577b6f/allocations => generated 253 bytes in 22 msecs (HTTP/1.1 200) 6 headers in 224 bytes (1 switches on core 0)
2026-06-13 02:30:14.039 7 INFO placement.requestlog [req-aa61d4b2-e6c7-4108-bc53-70004f8d0709 req-75e91755-f03b-4ba6-a088-e603583005b0 48623c5229bb4d6bbe868424fe7bb30c a14f73df42374fe798cb7f4630e2d449 - - 61f9ad37d73b4c008c796ac96f36e1ee 61f9ad37d73b4c008c796ac96f36e1ee] 199.204.45.3 "GET /allocations/72720acb-bb64-43b7-a87e-f58b39617845" status: 200 len: 258 microversion: 1.28 [pid: 7|app: 0|req: 539/1076] 199.204.45.3 () {34 vars in 861 bytes} [Sat Jun 13 02:30:14 2026] GET /allocations/72720acb-bb64-43b7-a87e-f58b39617845 => generated 258 bytes in 15 msecs (HTTP/1.1 200) 8 headers in 296 bytes (1 switches on core 0)
2026-06-13 02:30:14.063 8 INFO placement.requestlog [req-aa61d4b2-e6c7-4108-bc53-70004f8d0709 req-4481634b-28c5-4484-9632-858109cc2258 48623c5229bb4d6bbe868424fe7bb30c a14f73df42374fe798cb7f4630e2d449 - - 61f9ad37d73b4c008c796ac96f36e1ee 61f9ad37d73b4c008c796ac96f36e1ee] 199.204.45.3 "GET /allocations/2990b4d0-876a-46e8-98c9-f4a79a5cae45" status: 200 len: 258 microversion: 1.28 [pid: 8|app: 0|req: 538/1077] 199.204.45.3 () {34 vars in 861 bytes} [Sat Jun 13 02:30:14 2026] GET /allocations/2990b4d0-876a-46e8-98c9-f4a79a5cae45 => generated 258 bytes in 17 msecs (HTTP/1.1 200) 8 headers in 296 bytes (1 switches on core 0)
2026-06-13 02:30:14.373 7 INFO placement.requestlog [None req-fae4d622-c680-4b1d-bec0-0638e963d55b - - - - - -] 10.0.0.231 "GET /" status: 200 len: 136 microversion: 1.0
2026-06-13 02:30:14.373 8 INFO placement.requestlog [None req-9d330ba2-cb0e-4159-aa5f-b17e22370638 - - - - - -] 10.0.0.231 "GET /" status: 200 len: 136 microversion: 1.0
2026-06-13 02:30:15.117 8 INFO placement.requestlog [req-aa61d4b2-e6c7-4108-bc53-70004f8d0709 req-86b2438c-51a8-462b-b7ea-aa877db0d5f3 48623c5229bb4d6bbe868424fe7bb30c a14f73df42374fe798cb7f4630e2d449 - - 61f9ad37d73b4c008c796ac96f36e1ee 61f9ad37d73b4c008c796ac96f36e1ee] 199.204.45.3 "DELETE /allocations/2990b4d0-876a-46e8-98c9-f4a79a5cae45" status: 204 len: 0 microversion: 1.0 [pid: 8|app: 0|req: 540/1080] 199.204.45.3 () {34 vars in 839 bytes} [Sat Jun 13 02:30:15 2026] DELETE /allocations/2990b4d0-876a-46e8-98c9-f4a79a5cae45 => generated 0 bytes in 26 msecs (HTTP/1.1 204) 5 headers in 198 bytes (1 switches on core 0)
2026-06-13 02:30:18.942 7 INFO placement.requestlog [req-6fdfc9cd-8e6a-4045-abed-385dd67d1fac req-f5047a47-d88e-4f36-b6cb-d8b9b2dcf56f 48623c5229bb4d6bbe868424fe7bb30c a14f73df42374fe798cb7f4630e2d449 - - 61f9ad37d73b4c008c796ac96f36e1ee 61f9ad37d73b4c008c796ac96f36e1ee] 10.0.0.28 "GET /allocation_candidates?limit=1000&resources=DISK_GB%3A1%2CMEMORY_MB%3A512%2CVCPU%3A1&root_required=%21COMPUTE_STATUS_DISABLED" status: 200 len: 2642 microversion: 1.36 [pid: 7|app: 0|req: 541/1081] 10.0.0.28 () {34 vars in 1011 bytes} [Sat Jun 13 02:30:18 2026] GET /allocation_candidates?limit=1000&resources=DISK_GB%3A1%2CMEMORY_MB%3A512%2CVCPU%3A1&root_required=%21COMPUTE_STATUS_DISABLED => generated 2642 bytes in 59 msecs (HTTP/1.1 200) 8 headers in 297 bytes (1 switches on core 0)
2026-06-13 02:30:18.973 8 INFO placement.requestlog [req-6fdfc9cd-8e6a-4045-abed-385dd67d1fac req-f5cc7931-b83b-48b4-93ba-edec127068a0 48623c5229bb4d6bbe868424fe7bb30c a14f73df42374fe798cb7f4630e2d449 - - 61f9ad37d73b4c008c796ac96f36e1ee 61f9ad37d73b4c008c796ac96f36e1ee] 10.0.0.28 "GET /allocations/d951f72a-8a50-4bce-aa41-84d5ca10698e" status: 200 len: 19 microversion: 1.28 [pid: 8|app: 0|req: 541/1082] 10.0.0.28 () {34 vars in 860 bytes} [Sat Jun 13 02:30:18 2026] GET /allocations/d951f72a-8a50-4bce-aa41-84d5ca10698e => generated 19 bytes in 11 msecs (HTTP/1.1 200) 8 headers in 295 bytes (1 switches on core 0)
2026-06-13 02:30:19.032 7 INFO placement.requestlog [req-6fdfc9cd-8e6a-4045-abed-385dd67d1fac req-b8248f14-13e5-413e-9cde-6b4eb3f8c940 48623c5229bb4d6bbe868424fe7bb30c a14f73df42374fe798cb7f4630e2d449 - - 61f9ad37d73b4c008c796ac96f36e1ee 61f9ad37d73b4c008c796ac96f36e1ee] 10.0.0.28 "PUT /allocations/d951f72a-8a50-4bce-aa41-84d5ca10698e" status: 204 len: 0 microversion: 1.36 [pid: 7|app: 0|req: 542/1083] 10.0.0.28 () {38 vars in 913 bytes} [Sat Jun 13 02:30:18 2026] PUT /allocations/d951f72a-8a50-4bce-aa41-84d5ca10698e => generated 0 bytes in 54 msecs (HTTP/1.1 204) 5 headers in 199 bytes (1 switches on core 0)
2026-06-13 02:30:19.597 8 INFO placement.requestlog [None req-c28b4e17-3657-4c7f-a89e-75c3e8f87449 ff8c80fc18454b8ea56f439b63e629c0 a14f73df42374fe798cb7f4630e2d449 - - 61f9ad37d73b4c008c796ac96f36e1ee 61f9ad37d73b4c008c796ac96f36e1ee] 10.0.0.67 "GET /resource_providers/c8aa0f0b-6266-4d89-ac88-f2571dc53aee/aggregates" status: 404 len: 235 microversion: 1.1
2026-06-13 02:30:19.597 7 INFO placement.requestlog [None req-86d6091c-02e4-408e-9f29-46030fc11bd3 ff8c80fc18454b8ea56f439b63e629c0 a14f73df42374fe798cb7f4630e2d449 - - 61f9ad37d73b4c008c796ac96f36e1ee 61f9ad37d73b4c008c796ac96f36e1ee] 10.0.0.67 "GET /resource_providers/c8aa0f0b-6266-4d89-ac88-f2571dc53aee/aggregates" status: 404 len: 235 microversion: 1.1 [pid: 8|app: 0|req: 542/1084] 10.0.0.67 () {32 vars in 815 bytes} [Sat Jun 13 02:30:19 2026] GET /resource_providers/c8aa0f0b-6266-4d89-ac88-f2571dc53aee/aggregates => generated 235 bytes in 11 msecs (HTTP/1.1 404) 5 headers in 202 bytes (1 switches on core 0) [pid: 7|app: 0|req: 543/1085] 10.0.0.67 () {32 vars in 815 bytes} [Sat Jun 13 02:30:19 2026] GET /resource_providers/c8aa0f0b-6266-4d89-ac88-f2571dc53aee/aggregates => generated 235 bytes in 10 msecs (HTTP/1.1 404) 5 headers in 202 bytes (1 switches on core 0)
2026-06-13 02:30:19.626 8 INFO placement.requestlog [None req-6529fd59-90ef-4016-a199-39866d10a911 ff8c80fc18454b8ea56f439b63e629c0 a14f73df42374fe798cb7f4630e2d449 - - 61f9ad37d73b4c008c796ac96f36e1ee 61f9ad37d73b4c008c796ac96f36e1ee] 10.0.0.67 "DELETE /resource_providers/c8aa0f0b-6266-4d89-ac88-f2571dc53aee" status: 404 len: 246 microversion: 1.1 [pid: 8|app: 0|req: 543/1086] 10.0.0.67 () {34 vars in 815 bytes} [Sat Jun 13 02:30:19 2026] DELETE /resource_providers/c8aa0f0b-6266-4d89-ac88-f2571dc53aee => generated 246 bytes in 12 msecs (HTTP/1.1 404) 6 headers in 231 bytes (1 switches on core 0)
2026-06-13 02:30:19.630 7 INFO placement.requestlog [None req-1ba0b46f-2d98-464c-9e5b-602e00cebc82 ff8c80fc18454b8ea56f439b63e629c0 a14f73df42374fe798cb7f4630e2d449 - - 61f9ad37d73b4c008c796ac96f36e1ee 61f9ad37d73b4c008c796ac96f36e1ee] 10.0.0.67 "DELETE /resource_providers/c8aa0f0b-6266-4d89-ac88-f2571dc53aee" status: 404 len: 246 microversion: 1.1 [pid: 7|app: 0|req: 544/1087] 10.0.0.67 () {34 vars in 815 bytes} [Sat Jun 13 02:30:19 2026] DELETE /resource_providers/c8aa0f0b-6266-4d89-ac88-f2571dc53aee => generated 246 bytes in 13 msecs (HTTP/1.1 404) 6 headers in 231 bytes (1 switches on core 0)
2026-06-13 02:30:20.078 8 INFO placement.requestlog [None req-4fa7f26f-e6fa-4285-bfbe-3a139c48f5bf ff8c80fc18454b8ea56f439b63e629c0 a14f73df42374fe798cb7f4630e2d449 - - 61f9ad37d73b4c008c796ac96f36e1ee 61f9ad37d73b4c008c796ac96f36e1ee] 10.0.0.67 "GET /resource_providers/eba32984-3d74-4e39-9a76-aa6a6e6ab53a/aggregates" status: 404 len: 235 microversion: 1.1 [pid: 8|app: 0|req: 544/1088] 10.0.0.67 () {32 vars in 815 bytes} [Sat Jun 13 02:30:20 2026] GET /resource_providers/eba32984-3d74-4e39-9a76-aa6a6e6ab53a/aggregates => generated 235 bytes in 12 msecs (HTTP/1.1 404) 5 headers in 202 bytes (1 switches on core 0)
2026-06-13 02:30:20.080 7 INFO placement.requestlog [None req-58e91def-6aeb-48ee-883b-c37b959166bf ff8c80fc18454b8ea56f439b63e629c0 a14f73df42374fe798cb7f4630e2d449 - - 61f9ad37d73b4c008c796ac96f36e1ee 61f9ad37d73b4c008c796ac96f36e1ee] 10.0.0.67 "GET /resource_providers/eba32984-3d74-4e39-9a76-aa6a6e6ab53a/aggregates" status: 404 len: 235 microversion: 1.1 [pid: 7|app: 0|req: 545/1089] 10.0.0.67 () {32 vars in 815 bytes} [Sat Jun 13 02:30:20 2026] GET /resource_providers/eba32984-3d74-4e39-9a76-aa6a6e6ab53a/aggregates => generated 235 bytes in 9 msecs (HTTP/1.1 404) 5 headers in 202 bytes (1 switches on core 0)
2026-06-13 02:30:20.106 7 INFO placement.requestlog [None req-46733996-1928-411c-9b86-481ae2c07d46 ff8c80fc18454b8ea56f439b63e629c0 a14f73df42374fe798cb7f4630e2d449 - - 61f9ad37d73b4c008c796ac96f36e1ee 61f9ad37d73b4c008c796ac96f36e1ee] 10.0.0.67 "DELETE /resource_providers/eba32984-3d74-4e39-9a76-aa6a6e6ab53a" status: 404 len: 246 microversion: 1.1 [pid: 7|app: 0|req: 546/1090] 10.0.0.67 () {34 vars in 815 bytes} [Sat Jun 13 02:30:20 2026] DELETE /resource_providers/eba32984-3d74-4e39-9a76-aa6a6e6ab53a => generated 246 bytes in 12 msecs (HTTP/1.1 404) 6 headers in 231 bytes (1 switches on core 0)
2026-06-13 02:30:20.107 8 INFO placement.requestlog [None req-c2ae8b94-b494-4b64-9b6c-7d5d6f295005 ff8c80fc18454b8ea56f439b63e629c0 a14f73df42374fe798cb7f4630e2d449 - - 61f9ad37d73b4c008c796ac96f36e1ee 61f9ad37d73b4c008c796ac96f36e1ee] 10.0.0.67 "DELETE /resource_providers/eba32984-3d74-4e39-9a76-aa6a6e6ab53a" status: 404 len: 246 microversion: 1.1 [pid: 8|app: 0|req: 545/1091] 10.0.0.67 () {34 vars in 815 bytes} [Sat Jun 13 02:30:20 2026] DELETE /resource_providers/eba32984-3d74-4e39-9a76-aa6a6e6ab53a => generated 246 bytes in 13 msecs (HTTP/1.1 404) 6 headers in 231 bytes (1 switches on core 0)
2026-06-13 02:30:20.519 7 INFO placement.requestlog [req-6fdfc9cd-8e6a-4045-abed-385dd67d1fac req-1e7c6138-5e16-4449-9b6d-44505fc632df 48623c5229bb4d6bbe868424fe7bb30c a14f73df42374fe798cb7f4630e2d449 - - 61f9ad37d73b4c008c796ac96f36e1ee 61f9ad37d73b4c008c796ac96f36e1ee] 199.204.45.3 "GET /allocations/d951f72a-8a50-4bce-aa41-84d5ca10698e" status: 200 len: 258 microversion: 1.28 [pid: 7|app: 0|req: 547/1092] 199.204.45.3 () {34 vars in 861 bytes} [Sat Jun 13 02:30:20 2026] GET /allocations/d951f72a-8a50-4bce-aa41-84d5ca10698e => generated 258 bytes in 15 msecs (HTTP/1.1 200) 8 headers in 296 bytes (1 switches on core 0)
2026-06-13 02:30:21.559 8 INFO placement.requestlog [req-6fdfc9cd-8e6a-4045-abed-385dd67d1fac req-eae013de-e19e-499e-b362-a5b184b2a113 48623c5229bb4d6bbe868424fe7bb30c a14f73df42374fe798cb7f4630e2d449 - - 61f9ad37d73b4c008c796ac96f36e1ee 61f9ad37d73b4c008c796ac96f36e1ee] 199.204.45.3 "GET /resource_providers/c2222d88-2d88-40ce-b34b-199103577b6f/allocations" status: 200 len: 253 microversion: 1.0 [pid: 8|app: 0|req: 546/1093] 199.204.45.3 () {32 vars in 855 bytes} [Sat Jun 13 02:30:21 2026] GET /resource_providers/c2222d88-2d88-40ce-b34b-199103577b6f/allocations => generated 253 bytes in 16 msecs (HTTP/1.1 200) 6 headers in 224 bytes (1 switches on core 0)
2026-06-13 02:30:21.583 7 INFO placement.requestlog [req-6fdfc9cd-8e6a-4045-abed-385dd67d1fac req-9210c0f7-8dce-4581-b63a-a118dccc7f92 48623c5229bb4d6bbe868424fe7bb30c a14f73df42374fe798cb7f4630e2d449 - - 61f9ad37d73b4c008c796ac96f36e1ee 61f9ad37d73b4c008c796ac96f36e1ee] 199.204.45.3 "GET /allocations/72720acb-bb64-43b7-a87e-f58b39617845" status: 200 len: 258 microversion: 1.28 [pid: 7|app: 0|req: 548/1094] 199.204.45.3 () {34 vars in 861 bytes} [Sat Jun 13 02:30:21 2026] GET /allocations/72720acb-bb64-43b7-a87e-f58b39617845 => generated 258 bytes in 19 msecs (HTTP/1.1 200) 8 headers in 296 bytes (1 switches on core 0)
2026-06-13 02:30:21.606 8 INFO placement.requestlog [req-6fdfc9cd-8e6a-4045-abed-385dd67d1fac req-1329ab31-7def-4a44-8bac-efbca8c6ae22 48623c5229bb4d6bbe868424fe7bb30c a14f73df42374fe798cb7f4630e2d449 - - 61f9ad37d73b4c008c796ac96f36e1ee 61f9ad37d73b4c008c796ac96f36e1ee] 199.204.45.3 "GET /allocations/d951f72a-8a50-4bce-aa41-84d5ca10698e" status: 200 len: 258 microversion: 1.28 [pid: 8|app: 0|req: 547/1095] 199.204.45.3 () {34 vars in 861 bytes} [Sat Jun 13 02:30:21 2026] GET /allocations/d951f72a-8a50-4bce-aa41-84d5ca10698e => generated 258 bytes in 15 msecs (HTTP/1.1 200) 8 headers in 296 bytes (1 switches on core 0)
2026-06-13 02:30:24.375 7 INFO placement.requestlog [None req-0fdf2026-2674-438b-9f75-cb81a4e00b73 - - - - - -] 10.0.0.231 "GET /" status: 200 len: 136 microversion: 1.0
2026-06-13 02:30:24.375 8 INFO placement.requestlog [None req-e1117c33-2a9e-46a0-936e-351049778c2e - - - - - -] 10.0.0.231 "GET /" status: 200 len: 136 microversion: 1.0
2026-06-13 02:30:28.632 8 INFO placement.requestlog [None req-d9ea57f7-e610-4d4d-a049-7ac820444377 ff8c80fc18454b8ea56f439b63e629c0 a14f73df42374fe798cb7f4630e2d449 - - 61f9ad37d73b4c008c796ac96f36e1ee 61f9ad37d73b4c008c796ac96f36e1ee] 10.0.0.67 "GET /resource_providers/a408ee6d-973c-4257-9091-f956c6c91a0c/aggregates" status: 404 len: 235 microversion: 1.1 [pid: 8|app: 0|req: 549/1098] 10.0.0.67 () {32 vars in 815 bytes} [Sat Jun 13 02:30:28 2026] GET /resource_providers/a408ee6d-973c-4257-9091-f956c6c91a0c/aggregates => generated 235 bytes in 8 msecs (HTTP/1.1 404) 5 headers in 202 bytes (1 switches on core 0)
2026-06-13 02:30:28.635 7 INFO placement.requestlog [None req-074f6c10-99e3-4520-a713-dcaa2675a1ab ff8c80fc18454b8ea56f439b63e629c0 a14f73df42374fe798cb7f4630e2d449 - - 61f9ad37d73b4c008c796ac96f36e1ee 61f9ad37d73b4c008c796ac96f36e1ee] 10.0.0.67 "GET /resource_providers/a408ee6d-973c-4257-9091-f956c6c91a0c/aggregates" status: 404 len: 235 microversion: 1.1 [pid: 7|app: 0|req: 550/1099] 10.0.0.67 () {32 vars in 815 bytes} [Sat Jun 13 02:30:28 2026] GET /resource_providers/a408ee6d-973c-4257-9091-f956c6c91a0c/aggregates => generated 235 bytes in 10 msecs (HTTP/1.1 404) 5 headers in 202 bytes (1 switches on core 0)
2026-06-13 02:30:28.656 8 INFO placement.requestlog [None req-f14d3ac3-4b72-4995-869e-29c9bc810bd8 ff8c80fc18454b8ea56f439b63e629c0 a14f73df42374fe798cb7f4630e2d449 - - 61f9ad37d73b4c008c796ac96f36e1ee 61f9ad37d73b4c008c796ac96f36e1ee] 10.0.0.67 "DELETE /resource_providers/a408ee6d-973c-4257-9091-f956c6c91a0c" status: 404 len: 246 microversion: 1.1 [pid: 8|app: 0|req: 550/1100] 10.0.0.67 () {34 vars in 815 bytes} [Sat Jun 13 02:30:28 2026] DELETE /resource_providers/a408ee6d-973c-4257-9091-f956c6c91a0c => generated 246 bytes in 9 msecs (HTTP/1.1 404) 6 headers in 231 bytes (1 switches on core 0)
2026-06-13 02:30:28.659 7 INFO placement.requestlog [None req-f6226c8d-4bcb-4a39-a6e5-7b135b4bbac9 ff8c80fc18454b8ea56f439b63e629c0 a14f73df42374fe798cb7f4630e2d449 - - 61f9ad37d73b4c008c796ac96f36e1ee 61f9ad37d73b4c008c796ac96f36e1ee] 10.0.0.67 "DELETE /resource_providers/a408ee6d-973c-4257-9091-f956c6c91a0c" status: 404 len: 246 microversion: 1.1 [pid: 7|app: 0|req: 551/1101] 10.0.0.67 () {34 vars in 815 bytes} [Sat Jun 13 02:30:28 2026] DELETE /resource_providers/a408ee6d-973c-4257-9091-f956c6c91a0c => generated 246 bytes in 9 msecs (HTTP/1.1 404) 6 headers in 231 bytes (1 switches on core 0)
2026-06-13 02:30:30.681 8 INFO placement.requestlog [None req-9ae526ec-3306-4680-90b7-302f9680e6be ff8c80fc18454b8ea56f439b63e629c0 a14f73df42374fe798cb7f4630e2d449 - - 61f9ad37d73b4c008c796ac96f36e1ee 61f9ad37d73b4c008c796ac96f36e1ee] 10.0.0.67 "GET /resource_providers/25ff69d0-9db7-4de3-bafc-308e493b73c9/aggregates" status: 404 len: 235 microversion: 1.1 [pid: 8|app: 0|req: 551/1102] 10.0.0.67 () {32 vars in 815 bytes} [Sat Jun 13 02:30:30 2026] GET /resource_providers/25ff69d0-9db7-4de3-bafc-308e493b73c9/aggregates => generated 235 bytes in 9 msecs (HTTP/1.1 404) 5 headers in 202 bytes (1 switches on core 0)
2026-06-13 02:30:30.703 8 INFO placement.requestlog [None req-02a691c1-8aa3-40f8-b3bc-c7f6c3db458f ff8c80fc18454b8ea56f439b63e629c0 a14f73df42374fe798cb7f4630e2d449 - - 61f9ad37d73b4c008c796ac96f36e1ee 61f9ad37d73b4c008c796ac96f36e1ee] 10.0.0.67 "DELETE /resource_providers/25ff69d0-9db7-4de3-bafc-308e493b73c9" status: 404 len: 246 microversion: 1.1 [pid: 8|app: 0|req: 552/1103] 10.0.0.67 () {34 vars in 815 bytes} [Sat Jun 13 02:30:30 2026] DELETE /resource_providers/25ff69d0-9db7-4de3-bafc-308e493b73c9 => generated 246 bytes in 6 msecs (HTTP/1.1 404) 6 headers in 231 bytes (1 switches on core 0)
2026-06-13 02:30:30.705 7 INFO placement.requestlog [None req-f9d9f5d4-7b24-4fe0-96e2-b06738bc5e30 ff8c80fc18454b8ea56f439b63e629c0 a14f73df42374fe798cb7f4630e2d449 - - 61f9ad37d73b4c008c796ac96f36e1ee 61f9ad37d73b4c008c796ac96f36e1ee] 10.0.0.67 "GET /resource_providers/25ff69d0-9db7-4de3-bafc-308e493b73c9/aggregates" status: 404 len: 235 microversion: 1.1 [pid: 7|app: 0|req: 552/1104] 10.0.0.67 () {32 vars in 815 bytes} [Sat Jun 13 02:30:30 2026] GET /resource_providers/25ff69d0-9db7-4de3-bafc-308e493b73c9/aggregates => generated 235 bytes in 9 msecs (HTTP/1.1 404) 5 headers in 202 bytes (1 switches on core 0)
2026-06-13 02:30:30.726 8 INFO placement.requestlog [None req-c07a350e-2c04-4395-acd3-7b9c25f13124 ff8c80fc18454b8ea56f439b63e629c0 a14f73df42374fe798cb7f4630e2d449 - - 61f9ad37d73b4c008c796ac96f36e1ee 61f9ad37d73b4c008c796ac96f36e1ee] 10.0.0.67 "DELETE /resource_providers/25ff69d0-9db7-4de3-bafc-308e493b73c9" status: 404 len: 246 microversion: 1.1 [pid: 8|app: 0|req: 553/1105] 10.0.0.67 () {34 vars in 815 bytes} [Sat Jun 13 02:30:30 2026] DELETE /resource_providers/25ff69d0-9db7-4de3-bafc-308e493b73c9 => generated 246 bytes in 10 msecs (HTTP/1.1 404) 6 headers in 231 bytes (1 switches on core 0)
2026-06-13 02:30:34.373 8 INFO placement.requestlog [None req-cc20d174-d6e3-4a87-b2b4-349f336d9717 - - - - - -] 10.0.0.231 "GET /" status: 200 len: 136 microversion: 1.0
2026-06-13 02:30:34.373 7 INFO placement.requestlog [None req-319cfdb1-64f1-4190-ad8c-ced3c1dbfc40 - - - - - -] 10.0.0.231 "GET /" status: 200 len: 136 microversion: 1.0
2026-06-13 02:30:40.825 8 INFO placement.requestlog [req-9584b7b5-a8dc-4e14-aec0-24f7a95e3748 req-7c9f5a56-f7e5-48a4-acab-b3f5a5c33223 48623c5229bb4d6bbe868424fe7bb30c a14f73df42374fe798cb7f4630e2d449 - - 61f9ad37d73b4c008c796ac96f36e1ee 61f9ad37d73b4c008c796ac96f36e1ee] 199.204.45.3 "GET /resource_providers/c2222d88-2d88-40ce-b34b-199103577b6f/allocations" status: 200 len: 253 microversion: 1.0 [pid: 8|app: 0|req: 555/1108] 199.204.45.3 () {32 vars in 855 bytes} [Sat Jun 13 02:30:40 2026] GET /resource_providers/c2222d88-2d88-40ce-b34b-199103577b6f/allocations => generated 253 bytes in 169 msecs (HTTP/1.1 200) 6 headers in 224 bytes (1 switches on core 0)
2026-06-13 02:30:40.847 7 INFO placement.requestlog [req-9584b7b5-a8dc-4e14-aec0-24f7a95e3748 req-dfc6e2af-bcd5-42bd-a5bf-78d35d4724b7 48623c5229bb4d6bbe868424fe7bb30c a14f73df42374fe798cb7f4630e2d449 - - 61f9ad37d73b4c008c796ac96f36e1ee 61f9ad37d73b4c008c796ac96f36e1ee] 199.204.45.3 "GET /resource_providers?in_tree=c2222d88-2d88-40ce-b34b-199103577b6f" status: 200 len: 798 microversion: 1.14 [pid: 7|app: 0|req: 554/1109] 199.204.45.3 () {34 vars in 890 bytes} [Sat Jun 13 02:30:40 2026] GET /resource_providers?in_tree=c2222d88-2d88-40ce-b34b-199103577b6f => generated 798 bytes in 15 msecs (HTTP/1.1 200) 6 headers in 225 bytes (1 switches on core 0)
2026-06-13 02:30:40.873 8 INFO placement.requestlog [req-9584b7b5-a8dc-4e14-aec0-24f7a95e3748 req-93260e0b-1d66-4cba-8d90-0c07ed0d169c 48623c5229bb4d6bbe868424fe7bb30c a14f73df42374fe798cb7f4630e2d449 - - 61f9ad37d73b4c008c796ac96f36e1ee 61f9ad37d73b4c008c796ac96f36e1ee] 199.204.45.3 "GET /resource_providers/c2222d88-2d88-40ce-b34b-199103577b6f/inventories" status: 200 len: 401 microversion: 1.0 [pid: 8|app: 0|req: 556/1110] 199.204.45.3 () {32 vars in 855 bytes} [Sat Jun 13 02:30:40 2026] GET /resource_providers/c2222d88-2d88-40ce-b34b-199103577b6f/inventories => generated 401 bytes in 21 msecs (HTTP/1.1 200) 6 headers in 224 bytes (1 switches on core 0)
2026-06-13 02:30:40.889 7 INFO placement.requestlog [req-9584b7b5-a8dc-4e14-aec0-24f7a95e3748 req-8083728e-df3f-4619-af01-c76f38b6e7de 48623c5229bb4d6bbe868424fe7bb30c a14f73df42374fe798cb7f4630e2d449 - - 61f9ad37d73b4c008c796ac96f36e1ee 61f9ad37d73b4c008c796ac96f36e1ee] 199.204.45.3 "GET /resource_providers/c2222d88-2d88-40ce-b34b-199103577b6f/aggregates" status: 200 len: 54 microversion: 1.19 [pid: 7|app: 0|req: 555/1111] 199.204.45.3 () {34 vars in 897 bytes} [Sat Jun 13 02:30:40 2026] GET /resource_providers/c2222d88-2d88-40ce-b34b-199103577b6f/aggregates => generated 54 bytes in 9 msecs (HTTP/1.1 200) 8 headers in 295 bytes (1 switches on core 0)
2026-06-13 02:30:40.922 8 INFO placement.requestlog [req-9584b7b5-a8dc-4e14-aec0-24f7a95e3748 req-4f721a4c-8cad-439f-a3fc-d61429ff0394 48623c5229bb4d6bbe868424fe7bb30c a14f73df42374fe798cb7f4630e2d449 - - 61f9ad37d73b4c008c796ac96f36e1ee 61f9ad37d73b4c008c796ac96f36e1ee] 199.204.45.3 "GET /resource_providers/c2222d88-2d88-40ce-b34b-199103577b6f/traits" status: 200 len: 2176 microversion: 1.6 [pid: 8|app: 0|req: 557/1112] 199.204.45.3 () {34 vars in 888 bytes} [Sat Jun 13 02:30:40 2026] GET /resource_providers/c2222d88-2d88-40ce-b34b-199103577b6f/traits => generated 2176 bytes in 26 msecs (HTTP/1.1 200) 6 headers in 225 bytes (1 switches on core 0)
2026-06-13 02:30:40.945 7 INFO placement.requestlog [req-9584b7b5-a8dc-4e14-aec0-24f7a95e3748 req-67bc747c-f824-4751-a484-6a991a752db0 48623c5229bb4d6bbe868424fe7bb30c a14f73df42374fe798cb7f4630e2d449 - - 61f9ad37d73b4c008c796ac96f36e1ee 61f9ad37d73b4c008c796ac96f36e1ee] 199.204.45.3 "GET /resource_providers/c2222d88-2d88-40ce-b34b-199103577b6f/allocations" status: 200 len: 253 microversion: 1.0 [pid: 7|app: 0|req: 556/1113] 199.204.45.3 () {32 vars in 855 bytes} [Sat Jun 13 02:30:40 2026] GET /resource_providers/c2222d88-2d88-40ce-b34b-199103577b6f/allocations => generated 253 bytes in 18 msecs (HTTP/1.1 200) 6 headers in 224 bytes (1 switches on core 0)
2026-06-13 02:30:40.971 8 INFO placement.requestlog [req-9584b7b5-a8dc-4e14-aec0-24f7a95e3748 req-532f2001-d288-4591-baf3-144d45ed0bfe 48623c5229bb4d6bbe868424fe7bb30c a14f73df42374fe798cb7f4630e2d449 - - 61f9ad37d73b4c008c796ac96f36e1ee 61f9ad37d73b4c008c796ac96f36e1ee] 199.204.45.3 "GET /allocations/72720acb-bb64-43b7-a87e-f58b39617845" status: 200 len: 258 microversion: 1.28 [pid: 8|app: 0|req: 558/1114] 199.204.45.3 () {34 vars in 861 bytes} [Sat Jun 13 02:30:40 2026] GET /allocations/72720acb-bb64-43b7-a87e-f58b39617845 => generated 258 bytes in 19 msecs (HTTP/1.1 200) 8 headers in 296 bytes (1 switches on core 0)
2026-06-13 02:30:40.987 7 INFO placement.requestlog [req-9584b7b5-a8dc-4e14-aec0-24f7a95e3748 req-5f99cf5e-9b84-490b-8289-46966382f2c0 48623c5229bb4d6bbe868424fe7bb30c a14f73df42374fe798cb7f4630e2d449 - - 61f9ad37d73b4c008c796ac96f36e1ee 61f9ad37d73b4c008c796ac96f36e1ee] 199.204.45.3 "GET /allocations/d951f72a-8a50-4bce-aa41-84d5ca10698e" status: 200 len: 258 microversion: 1.28 [pid: 7|app: 0|req: 557/1115] 199.204.45.3 () {34 vars in 861 bytes} [Sat Jun 13 02:30:40 2026] GET /allocations/d951f72a-8a50-4bce-aa41-84d5ca10698e => generated 258 bytes in 11 msecs (HTTP/1.1 200) 8 headers in 296 bytes (1 switches on core 0)
2026-06-13 02:30:42.896 8 INFO placement.requestlog [req-7db4f029-ac4b-4268-a4cd-6c8de554e42a req-8839d50a-eae4-4674-8540-fff2f39ce640 48623c5229bb4d6bbe868424fe7bb30c a14f73df42374fe798cb7f4630e2d449 - - 61f9ad37d73b4c008c796ac96f36e1ee 61f9ad37d73b4c008c796ac96f36e1ee] 10.0.0.28 "GET /allocation_candidates?limit=1000&resources=DISK_GB%3A1%2CMEMORY_MB%3A512%2CVCPU%3A1&root_required=%21COMPUTE_STATUS_DISABLED" status: 200 len: 2643 microversion: 1.36 [pid: 8|app: 0|req: 559/1116] 10.0.0.28 () {34 vars in 1011 bytes} [Sat Jun 13 02:30:42 2026] GET /allocation_candidates?limit=1000&resources=DISK_GB%3A1%2CMEMORY_MB%3A512%2CVCPU%3A1&root_required=%21COMPUTE_STATUS_DISABLED => generated 2643 bytes in 68 msecs (HTTP/1.1 200) 8 headers in 297 bytes (1 switches on core 0)
2026-06-13 02:30:42.924 7 INFO placement.requestlog [req-7db4f029-ac4b-4268-a4cd-6c8de554e42a req-c9bdfd72-8501-43bc-91d8-408173a3b200 48623c5229bb4d6bbe868424fe7bb30c a14f73df42374fe798cb7f4630e2d449 - - 61f9ad37d73b4c008c796ac96f36e1ee 61f9ad37d73b4c008c796ac96f36e1ee] 10.0.0.28 "GET /allocations/eb99a2d1-bd68-454d-a6a4-3c59add8fb72" status: 200 len: 19 microversion: 1.28 [pid: 7|app: 0|req: 558/1117] 10.0.0.28 () {34 vars in 860 bytes} [Sat Jun 13 02:30:42 2026] GET /allocations/eb99a2d1-bd68-454d-a6a4-3c59add8fb72 => generated 19 bytes in 12 msecs (HTTP/1.1 200) 8 headers in 295 bytes (1 switches on core 0)
2026-06-13 02:30:42.990 8 INFO placement.requestlog [req-7db4f029-ac4b-4268-a4cd-6c8de554e42a req-901ce42b-d190-4a9f-ace5-1ca078137e0e 48623c5229bb4d6bbe868424fe7bb30c a14f73df42374fe798cb7f4630e2d449 - - 61f9ad37d73b4c008c796ac96f36e1ee 61f9ad37d73b4c008c796ac96f36e1ee] 10.0.0.28 "PUT /allocations/eb99a2d1-bd68-454d-a6a4-3c59add8fb72" status: 204 len: 0 microversion: 1.36 [pid: 8|app: 0|req: 560/1118] 10.0.0.28 () {38 vars in 913 bytes} [Sat Jun 13 02:30:42 2026] PUT /allocations/eb99a2d1-bd68-454d-a6a4-3c59add8fb72 => generated 0 bytes in 60 msecs (HTTP/1.1 204) 5 headers in 199 bytes (1 switches on core 0)
2026-06-13 02:30:44.372 7 INFO placement.requestlog [None req-b3528659-8269-459d-9e8a-8f158c251d46 - - - - - -] 10.0.0.231 "GET /" status: 200 len: 136 microversion: 1.0
2026-06-13 02:30:44.373 8 INFO placement.requestlog [None req-f9f394f3-98c2-4dd2-8018-a7a5d46a6cad - - - - - -] 10.0.0.231 "GET /" status: 200 len: 136 microversion: 1.0
2026-06-13 02:30:44.484 8 INFO placement.requestlog [req-7db4f029-ac4b-4268-a4cd-6c8de554e42a req-690b30d5-79e9-4d74-a150-313a2f9d7989 48623c5229bb4d6bbe868424fe7bb30c a14f73df42374fe798cb7f4630e2d449 - - 61f9ad37d73b4c008c796ac96f36e1ee 61f9ad37d73b4c008c796ac96f36e1ee] 199.204.45.3 "GET /allocations/eb99a2d1-bd68-454d-a6a4-3c59add8fb72" status: 200 len: 258 microversion: 1.28 [pid: 8|app: 0|req: 562/1121] 199.204.45.3 () {34 vars in 861 bytes} [Sat Jun 13 02:30:44 2026] GET /allocations/eb99a2d1-bd68-454d-a6a4-3c59add8fb72 => generated 258 bytes in 13 msecs (HTTP/1.1 200) 8 headers in 296 bytes (1 switches on core 0)
2026-06-13 02:30:45.524 7 INFO placement.requestlog [req-7db4f029-ac4b-4268-a4cd-6c8de554e42a req-a314a76f-4ef5-4f38-884d-219a96303b1e 48623c5229bb4d6bbe868424fe7bb30c a14f73df42374fe798cb7f4630e2d449 - - 61f9ad37d73b4c008c796ac96f36e1ee 61f9ad37d73b4c008c796ac96f36e1ee] 199.204.45.3 "GET /resource_providers/c2222d88-2d88-40ce-b34b-199103577b6f/allocations" status: 200 len: 353 microversion: 1.0 [pid: 7|app: 0|req: 560/1122] 199.204.45.3 () {32 vars in 855 bytes} [Sat Jun 13 02:30:45 2026] GET /resource_providers/c2222d88-2d88-40ce-b34b-199103577b6f/allocations => generated 353 bytes in 15 msecs (HTTP/1.1 200) 6 headers in 224 bytes (1 switches on core 0)
2026-06-13 02:30:45.541 8 INFO placement.requestlog [req-7db4f029-ac4b-4268-a4cd-6c8de554e42a req-aa8b5e77-687e-44db-9bf0-2abf648b9710 48623c5229bb4d6bbe868424fe7bb30c a14f73df42374fe798cb7f4630e2d449 - - 61f9ad37d73b4c008c796ac96f36e1ee 61f9ad37d73b4c008c796ac96f36e1ee] 199.204.45.3 "GET /allocations/72720acb-bb64-43b7-a87e-f58b39617845" status: 200 len: 258 microversion: 1.28 [pid: 8|app: 0|req: 563/1123] 199.204.45.3 () {34 vars in 861 bytes} [Sat Jun 13 02:30:45 2026] GET /allocations/72720acb-bb64-43b7-a87e-f58b39617845 => generated 258 bytes in 11 msecs (HTTP/1.1 200) 8 headers in 296 bytes (1 switches on core 0)
2026-06-13 02:30:45.564 7 INFO placement.requestlog [req-7db4f029-ac4b-4268-a4cd-6c8de554e42a req-75a38572-208d-4274-a9da-0228322f2fa2 48623c5229bb4d6bbe868424fe7bb30c a14f73df42374fe798cb7f4630e2d449 - - 61f9ad37d73b4c008c796ac96f36e1ee 61f9ad37d73b4c008c796ac96f36e1ee] 199.204.45.3 "GET /allocations/eb99a2d1-bd68-454d-a6a4-3c59add8fb72" status: 200 len: 258 microversion: 1.28 [pid: 7|app: 0|req: 561/1124] 199.204.45.3 () {34 vars in 861 bytes} [Sat Jun 13 02:30:45 2026] GET /allocations/eb99a2d1-bd68-454d-a6a4-3c59add8fb72 => generated 258 bytes in 16 msecs (HTTP/1.1 200) 8 headers in 296 bytes (1 switches on core 0)
2026-06-13 02:30:45.583 8 INFO placement.requestlog [req-7db4f029-ac4b-4268-a4cd-6c8de554e42a req-7406200f-4049-437c-b95c-15a398f1bce3 48623c5229bb4d6bbe868424fe7bb30c a14f73df42374fe798cb7f4630e2d449 - - 61f9ad37d73b4c008c796ac96f36e1ee 61f9ad37d73b4c008c796ac96f36e1ee] 199.204.45.3 "GET /allocations/d951f72a-8a50-4bce-aa41-84d5ca10698e" status: 200 len: 258 microversion: 1.28 [pid: 8|app: 0|req: 564/1125] 199.204.45.3 () {34 vars in 861 bytes} [Sat Jun 13 02:30:45 2026] GET /allocations/d951f72a-8a50-4bce-aa41-84d5ca10698e => generated 258 bytes in 13 msecs (HTTP/1.1 200) 8 headers in 296 bytes (1 switches on core 0)
2026-06-13 02:30:54.372 7 INFO placement.requestlog [None req-b88739d8-4792-42c1-8bc4-e5e54f9881a9 - - - - - -] 10.0.0.231 "GET /" status: 200 len: 136 microversion: 1.0
2026-06-13 02:30:54.372 8 INFO placement.requestlog [None req-c4e8534e-04a7-4042-9539-ed0b71c152c4 - - - - - -] 10.0.0.231 "GET /" status: 200 len: 136 microversion: 1.0
2026-06-13 02:31:04.373 7 INFO placement.requestlog [None req-768cbe1c-a314-4378-9f59-3b1e88318c1a - - - - - -] 10.0.0.231 "GET /" status: 200 len: 136 microversion: 1.0
2026-06-13 02:31:04.373 8 INFO placement.requestlog [None req-8fd9f59e-0361-4b50-8035-a519abf2358c - - - - - -] 10.0.0.231 "GET /" status: 200 len: 136 microversion: 1.0
2026-06-13 02:31:09.403 7 INFO placement.requestlog [req-6ae65cdc-c622-487e-b4e8-b458ba22a8a9 req-7795083e-d6d5-432d-b6f8-e7a743492595 48623c5229bb4d6bbe868424fe7bb30c a14f73df42374fe798cb7f4630e2d449 - - 61f9ad37d73b4c008c796ac96f36e1ee 61f9ad37d73b4c008c796ac96f36e1ee] 10.0.0.28 "GET /allocation_candidates?limit=1000&resources=MEMORY_MB%3A2048%2CVCPU%3A2&root_required=%21COMPUTE_STATUS_DISABLED" status: 200 len: 2630 microversion: 1.36 [pid: 7|app: 0|req: 564/1130] 10.0.0.28 () {34 vars in 985 bytes} [Sat Jun 13 02:31:09 2026] GET /allocation_candidates?limit=1000&resources=MEMORY_MB%3A2048%2CVCPU%3A2&root_required=%21COMPUTE_STATUS_DISABLED => generated 2630 bytes in 56 msecs (HTTP/1.1 200) 8 headers in 297 bytes (1 switches on core 0)
2026-06-13 02:31:09.431 8 INFO placement.requestlog [req-6ae65cdc-c622-487e-b4e8-b458ba22a8a9 req-44c57e40-7f35-4f32-8633-efb131ea6923 48623c5229bb4d6bbe868424fe7bb30c a14f73df42374fe798cb7f4630e2d449 - - 61f9ad37d73b4c008c796ac96f36e1ee 61f9ad37d73b4c008c796ac96f36e1ee] 10.0.0.28 "GET /allocations/4e1f69a0-665a-4662-bfbf-7887eccbe547" status: 200 len: 19 microversion: 1.28 [pid: 8|app: 0|req: 567/1131] 10.0.0.28 () {34 vars in 860 bytes} [Sat Jun 13 02:31:09 2026] GET /allocations/4e1f69a0-665a-4662-bfbf-7887eccbe547 => generated 19 bytes in 12 msecs (HTTP/1.1 200) 8 headers in 295 bytes (1 switches on core 0)
2026-06-13 02:31:09.499 7 INFO placement.requestlog [req-6ae65cdc-c622-487e-b4e8-b458ba22a8a9 req-75738fb6-15af-483b-b041-9a38d05d5289 48623c5229bb4d6bbe868424fe7bb30c a14f73df42374fe798cb7f4630e2d449 - - 61f9ad37d73b4c008c796ac96f36e1ee 61f9ad37d73b4c008c796ac96f36e1ee] 10.0.0.28 "PUT /allocations/4e1f69a0-665a-4662-bfbf-7887eccbe547" status: 204 len: 0 microversion: 1.36 [pid: 7|app: 0|req: 565/1132] 10.0.0.28 () {38 vars in 913 bytes} [Sat Jun 13 02:31:09 2026] PUT /allocations/4e1f69a0-665a-4662-bfbf-7887eccbe547 => generated 0 bytes in 64 msecs (HTTP/1.1 204) 5 headers in 199 bytes (1 switches on core 0)
2026-06-13 02:31:11.000 8 INFO placement.requestlog [req-6ae65cdc-c622-487e-b4e8-b458ba22a8a9 req-7d7592ce-8c69-4922-b91f-7597b18a6b04 48623c5229bb4d6bbe868424fe7bb30c a14f73df42374fe798cb7f4630e2d449 - - 61f9ad37d73b4c008c796ac96f36e1ee 61f9ad37d73b4c008c796ac96f36e1ee] 199.204.45.3 "GET /allocations/4e1f69a0-665a-4662-bfbf-7887eccbe547" status: 200 len: 245 microversion: 1.28 [pid: 8|app: 0|req: 568/1133] 199.204.45.3 () {34 vars in 861 bytes} [Sat Jun 13 02:31:10 2026] GET /allocations/4e1f69a0-665a-4662-bfbf-7887eccbe547 => generated 245 bytes in 17 msecs (HTTP/1.1 200) 8 headers in 296 bytes (1 switches on core 0)
2026-06-13 02:31:12.042 7 INFO placement.requestlog [req-6ae65cdc-c622-487e-b4e8-b458ba22a8a9 req-a155d2ae-dcde-4100-b8c7-dda5c39d2107 48623c5229bb4d6bbe868424fe7bb30c a14f73df42374fe798cb7f4630e2d449 - - 61f9ad37d73b4c008c796ac96f36e1ee 61f9ad37d73b4c008c796ac96f36e1ee] 199.204.45.3 "GET /resource_providers/c2222d88-2d88-40ce-b34b-199103577b6f/allocations" status: 200 len: 440 microversion: 1.0 [pid: 7|app: 0|req: 566/1134] 199.204.45.3 () {32 vars in 855 bytes} [Sat Jun 13 02:31:12 2026] GET /resource_providers/c2222d88-2d88-40ce-b34b-199103577b6f/allocations => generated 440 bytes in 18 msecs (HTTP/1.1 200) 6 headers in 224 bytes (1 switches on core 0)
2026-06-13 02:31:12.059 8 INFO placement.requestlog [req-6ae65cdc-c622-487e-b4e8-b458ba22a8a9 req-18fc91d2-1bea-4ae8-bbd5-cea2d7b840e3 48623c5229bb4d6bbe868424fe7bb30c a14f73df42374fe798cb7f4630e2d449 - - 61f9ad37d73b4c008c796ac96f36e1ee 61f9ad37d73b4c008c796ac96f36e1ee] 199.204.45.3 "GET /allocations/72720acb-bb64-43b7-a87e-f58b39617845" status: 200 len: 258 microversion: 1.28 [pid: 8|app: 0|req: 569/1135] 199.204.45.3 () {34 vars in 861 bytes} [Sat Jun 13 02:31:12 2026] GET /allocations/72720acb-bb64-43b7-a87e-f58b39617845 => generated 258 bytes in 12 msecs (HTTP/1.1 200) 8 headers in 296 bytes (1 switches on core 0)
2026-06-13 02:31:12.075 7 INFO placement.requestlog [req-6ae65cdc-c622-487e-b4e8-b458ba22a8a9 req-bdeb9863-2d04-42c9-b445-dc667286b2f9 48623c5229bb4d6bbe868424fe7bb30c a14f73df42374fe798cb7f4630e2d449 - - 61f9ad37d73b4c008c796ac96f36e1ee 61f9ad37d73b4c008c796ac96f36e1ee] 199.204.45.3 "GET /allocations/4e1f69a0-665a-4662-bfbf-7887eccbe547" status: 200 len: 245 microversion: 1.28 [pid: 7|app: 0|req: 567/1136] 199.204.45.3 () {34 vars in 861 bytes} [Sat Jun 13 02:31:12 2026] GET /allocations/4e1f69a0-665a-4662-bfbf-7887eccbe547 => generated 245 bytes in 9 msecs (HTTP/1.1 200) 8 headers in 296 bytes (1 switches on core 0)
2026-06-13 02:31:12.091 8 INFO placement.requestlog [req-6ae65cdc-c622-487e-b4e8-b458ba22a8a9 req-dfc3e988-4200-4f21-8c24-5a5002d13894 48623c5229bb4d6bbe868424fe7bb30c a14f73df42374fe798cb7f4630e2d449 - - 61f9ad37d73b4c008c796ac96f36e1ee 61f9ad37d73b4c008c796ac96f36e1ee] 199.204.45.3 "GET /allocations/eb99a2d1-bd68-454d-a6a4-3c59add8fb72" status: 200 len: 258 microversion: 1.28 [pid: 8|app: 0|req: 570/1137] 199.204.45.3 () {34 vars in 861 bytes} [Sat Jun 13 02:31:12 2026] GET /allocations/eb99a2d1-bd68-454d-a6a4-3c59add8fb72 => generated 258 bytes in 13 msecs (HTTP/1.1 200) 8 headers in 296 bytes (1 switches on core 0)
2026-06-13 02:31:12.115 7 INFO placement.requestlog [req-6ae65cdc-c622-487e-b4e8-b458ba22a8a9 req-152d458b-4ac9-4997-9bc8-7bdad222d6dc 48623c5229bb4d6bbe868424fe7bb30c a14f73df42374fe798cb7f4630e2d449 - - 61f9ad37d73b4c008c796ac96f36e1ee 61f9ad37d73b4c008c796ac96f36e1ee] 199.204.45.3 "GET /allocations/d951f72a-8a50-4bce-aa41-84d5ca10698e" status: 200 len: 258 microversion: 1.28 [pid: 7|app: 0|req: 568/1138] 199.204.45.3 () {34 vars in 861 bytes} [Sat Jun 13 02:31:12 2026] GET /allocations/d951f72a-8a50-4bce-aa41-84d5ca10698e => generated 258 bytes in 17 msecs (HTTP/1.1 200) 8 headers in 296 bytes (1 switches on core 0)
2026-06-13 02:31:14.372 8 INFO placement.requestlog [None req-e482090b-67b1-42a7-8cc8-5d56cf7f2047 - - - - - -] 10.0.0.231 "GET /" status: 200 len: 136 microversion: 1.0
2026-06-13 02:31:14.372 7 INFO placement.requestlog [None req-fc047d48-d725-4c15-8b8c-23941eae6c31 - - - - - -] 10.0.0.231 "GET /" status: 200 len: 136 microversion: 1.0
2026-06-13 02:31:20.296 8 INFO placement.requestlog [req-88fdff48-5378-44ad-a5eb-b3f7078a6fc5 req-cc6afb8a-1235-4dbd-a36a-4fa5c886cb4b 48623c5229bb4d6bbe868424fe7bb30c a14f73df42374fe798cb7f4630e2d449 - - 61f9ad37d73b4c008c796ac96f36e1ee 61f9ad37d73b4c008c796ac96f36e1ee] 199.204.45.3 "GET /resource_providers/c2222d88-2d88-40ce-b34b-199103577b6f/allocations" status: 200 len: 440 microversion: 1.0 [pid: 8|app: 0|req: 572/1141] 199.204.45.3 () {32 vars in 855 bytes} [Sat Jun 13 02:31:20 2026] GET /resource_providers/c2222d88-2d88-40ce-b34b-199103577b6f/allocations => generated 440 bytes in 17 msecs (HTTP/1.1 200) 6 headers in 224 bytes (1 switches on core 0)
2026-06-13 02:31:20.313 7 INFO placement.requestlog [req-88fdff48-5378-44ad-a5eb-b3f7078a6fc5 req-cfcd8d84-3595-4db6-b299-130a5d043182 48623c5229bb4d6bbe868424fe7bb30c a14f73df42374fe798cb7f4630e2d449 - - 61f9ad37d73b4c008c796ac96f36e1ee 61f9ad37d73b4c008c796ac96f36e1ee] 199.204.45.3 "GET /allocations/72720acb-bb64-43b7-a87e-f58b39617845" status: 200 len: 258 microversion: 1.28 [pid: 7|app: 0|req: 570/1142] 199.204.45.3 () {34 vars in 861 bytes} [Sat Jun 13 02:31:20 2026] GET /allocations/72720acb-bb64-43b7-a87e-f58b39617845 => generated 258 bytes in 11 msecs (HTTP/1.1 200) 8 headers in 296 bytes (1 switches on core 0)
2026-06-13 02:31:20.333 8 INFO placement.requestlog [req-88fdff48-5378-44ad-a5eb-b3f7078a6fc5 req-e08e140a-8de8-4016-818c-fc810937d933 48623c5229bb4d6bbe868424fe7bb30c a14f73df42374fe798cb7f4630e2d449 - - 61f9ad37d73b4c008c796ac96f36e1ee 61f9ad37d73b4c008c796ac96f36e1ee] 199.204.45.3 "GET /allocations/4e1f69a0-665a-4662-bfbf-7887eccbe547" status: 200 len: 245 microversion: 1.28 [pid: 8|app: 0|req: 573/1143] 199.204.45.3 () {34 vars in 861 bytes} [Sat Jun 13 02:31:20 2026] GET /allocations/4e1f69a0-665a-4662-bfbf-7887eccbe547 => generated 245 bytes in 17 msecs (HTTP/1.1 200) 8 headers in 296 bytes (1 switches on core 0)
2026-06-13 02:31:20.351 7 INFO placement.requestlog [req-88fdff48-5378-44ad-a5eb-b3f7078a6fc5 req-ac92a2de-deef-4080-b845-40d087799551 48623c5229bb4d6bbe868424fe7bb30c a14f73df42374fe798cb7f4630e2d449 - - 61f9ad37d73b4c008c796ac96f36e1ee 61f9ad37d73b4c008c796ac96f36e1ee] 199.204.45.3 "GET /allocations/eb99a2d1-bd68-454d-a6a4-3c59add8fb72" status: 200 len: 258 microversion: 1.28 [pid: 7|app: 0|req: 571/1144] 199.204.45.3 () {34 vars in 861 bytes} [Sat Jun 13 02:31:20 2026] GET /allocations/eb99a2d1-bd68-454d-a6a4-3c59add8fb72 => generated 258 bytes in 11 msecs (HTTP/1.1 200) 8 headers in 296 bytes (1 switches on core 0)
2026-06-13 02:31:20.369 8 INFO placement.requestlog [req-88fdff48-5378-44ad-a5eb-b3f7078a6fc5 req-fdb921f9-24e3-4d63-9d5c-54b08d934503 48623c5229bb4d6bbe868424fe7bb30c a14f73df42374fe798cb7f4630e2d449 - - 61f9ad37d73b4c008c796ac96f36e1ee 61f9ad37d73b4c008c796ac96f36e1ee] 199.204.45.3 "GET /allocations/d951f72a-8a50-4bce-aa41-84d5ca10698e" status: 200 len: 258 microversion: 1.28 [pid: 8|app: 0|req: 574/1145] 199.204.45.3 () {34 vars in 861 bytes} [Sat Jun 13 02:31:20 2026] GET /allocations/d951f72a-8a50-4bce-aa41-84d5ca10698e => generated 258 bytes in 14 msecs (HTTP/1.1 200) 8 headers in 296 bytes (1 switches on core 0)
2026-06-13 02:31:21.424 7 INFO placement.requestlog [req-88fdff48-5378-44ad-a5eb-b3f7078a6fc5 req-02776fbe-8151-482f-a072-33de4bbbc679 48623c5229bb4d6bbe868424fe7bb30c a14f73df42374fe798cb7f4630e2d449 - - 61f9ad37d73b4c008c796ac96f36e1ee 61f9ad37d73b4c008c796ac96f36e1ee] 199.204.45.3 "DELETE /allocations/eb99a2d1-bd68-454d-a6a4-3c59add8fb72" status: 204 len: 0 microversion: 1.0 [pid: 7|app: 0|req: 572/1146] 199.204.45.3 () {34 vars in 839 bytes} [Sat Jun 13 02:31:21 2026] DELETE /allocations/eb99a2d1-bd68-454d-a6a4-3c59add8fb72 => generated 0 bytes in 31 msecs (HTTP/1.1 204) 5 headers in 198 bytes (1 switches on core 0)
2026-06-13 02:31:24.372 8 INFO placement.requestlog [None req-eacff293-eb34-4bb6-af1e-5b5e4ecb21a8 - - - - - -] 10.0.0.231 "GET /" status: 200 len: 136 microversion: 1.0
2026-06-13 02:31:24.373 7 INFO placement.requestlog [None req-bd6219e7-aad7-43b5-8ea9-9a889c146908 - - - - - -] 10.0.0.231 "GET /" status: 200 len: 136 microversion: 1.0
2026-06-13 02:31:26.569 8 INFO placement.requestlog [None req-ee54d063-1c51-454b-beba-0c594698a4b9 ff8c80fc18454b8ea56f439b63e629c0 a14f73df42374fe798cb7f4630e2d449 - - 61f9ad37d73b4c008c796ac96f36e1ee 61f9ad37d73b4c008c796ac96f36e1ee] 10.0.0.67 "GET /resource_providers/881cb4ba-5158-4726-a730-700657122a18/aggregates" status: 404 len: 235 microversion: 1.1 [pid: 8|app: 0|req: 576/1149] 10.0.0.67 () {32 vars in 815 bytes} [Sat Jun 13 02:31:26 2026] GET /resource_providers/881cb4ba-5158-4726-a730-700657122a18/aggregates => generated 235 bytes in 62 msecs (HTTP/1.1 404) 5 headers in 202 bytes (1 switches on core 0)
2026-06-13 02:31:26.582 7 INFO placement.requestlog [None req-47ffa923-9a7d-4850-b14b-03dfb55b9bcb ff8c80fc18454b8ea56f439b63e629c0 a14f73df42374fe798cb7f4630e2d449 - - 61f9ad37d73b4c008c796ac96f36e1ee 61f9ad37d73b4c008c796ac96f36e1ee] 10.0.0.67 "GET /resource_providers/881cb4ba-5158-4726-a730-700657122a18/aggregates" status: 404 len: 235 microversion: 1.1 [pid: 7|app: 0|req: 574/1150] 10.0.0.67 () {32 vars in 815 bytes} [Sat Jun 13 02:31:26 2026] GET /resource_providers/881cb4ba-5158-4726-a730-700657122a18/aggregates => generated 235 bytes in 76 msecs (HTTP/1.1 404) 5 headers in 202 bytes (1 switches on core 0)
2026-06-13 02:31:26.592 8 INFO placement.requestlog [None req-af10620b-7245-4ced-a255-66e9ec7b7329 ff8c80fc18454b8ea56f439b63e629c0 a14f73df42374fe798cb7f4630e2d449 - - 61f9ad37d73b4c008c796ac96f36e1ee 61f9ad37d73b4c008c796ac96f36e1ee] 10.0.0.67 "DELETE /resource_providers/881cb4ba-5158-4726-a730-700657122a18" status: 404 len: 246 microversion: 1.1 [pid: 8|app: 0|req: 577/1151] 10.0.0.67 () {34 vars in 815 bytes} [Sat Jun 13 02:31:26 2026] DELETE /resource_providers/881cb4ba-5158-4726-a730-700657122a18 => generated 246 bytes in 13 msecs (HTTP/1.1 404) 6 headers in 231 bytes (1 switches on core 0)
2026-06-13 02:31:26.606 7 INFO placement.requestlog [None req-d0b584c1-ebf8-451e-9e47-3e7345dd0bcf ff8c80fc18454b8ea56f439b63e629c0 a14f73df42374fe798cb7f4630e2d449 - - 61f9ad37d73b4c008c796ac96f36e1ee 61f9ad37d73b4c008c796ac96f36e1ee] 10.0.0.67 "DELETE /resource_providers/881cb4ba-5158-4726-a730-700657122a18" status: 404 len: 246 microversion: 1.1 [pid: 7|app: 0|req: 575/1152] 10.0.0.67 () {34 vars in 815 bytes} [Sat Jun 13 02:31:26 2026] DELETE /resource_providers/881cb4ba-5158-4726-a730-700657122a18 => generated 246 bytes in 14 msecs (HTTP/1.1 404) 6 headers in 231 bytes (1 switches on core 0)
