2026-06-13 02:27:45.597 8 INFO neutron.db.ovn_revision_numbers_db [None req-e95ab6f4-9748-4adb-a24a-7fb6c3b14c81 b184f9a1ec1a4d5b9a285543c5715f09 9f8566e2308a48e2a1d1412a958c409c - - default default] Successfully bumped revision number for resource 49b36d29-9748-422a-b285-e46d9a78e739 (type: ports) to 1 [pid: 8|app: 0|req: 819/1672] 10.0.0.51 () {34 vars in 670 bytes} [Sat Jun 13 02:27:44 2026] POST /v2.0/networks => generated 782 bytes in 1222 msecs (HTTP/1.1 201) 4 headers in 162 bytes (1 switches on core 0) [pid: 7|app: 0|req: 854/1673] 10.0.0.51 () {32 vars in 739 bytes} [Sat Jun 13 02:27:45 2026] DELETE /v2.0/security-groups/502579e4-95f5-4760-8ad4-cc3f574d153d => generated 0 bytes in 412 msecs (HTTP/1.1 204) 2 headers in 112 bytes (1 switches on core 0)
2026-06-13 02:27:45.666 7 WARNING keystonemiddleware.audit [None req-1ca416db-f45c-48e1-b8e2-3f4c6494c0d6 b184f9a1ec1a4d5b9a285543c5715f09 9f8566e2308a48e2a1d1412a958c409c - - default default] Skipping service tempest-service-1509835354 as it have no endpoints.
2026-06-13 02:27:45.825 7 WARNING neutron.scheduler.dhcp_agent_scheduler [None req-dcc2e47d-2b4f-4e20-af48-1959be68f6c6 b184f9a1ec1a4d5b9a285543c5715f09 9f8566e2308a48e2a1d1412a958c409c - - default default] No more DHCP agents
2026-06-13 02:27:45.828 7 WARNING neutron.api.rpc.agentnotifiers.dhcp_rpc_agent_api [None req-dcc2e47d-2b4f-4e20-af48-1959be68f6c6 b184f9a1ec1a4d5b9a285543c5715f09 9f8566e2308a48e2a1d1412a958c409c - - default default] Unable to schedule network edf42b16-3d00-4ef5-8eb8-ec52c3234e4f: no agents available; will retry on subsequent port and subnet creation events. [pid: 8|app: 0|req: 820/1674] 10.0.0.51 () {32 vars in 739 bytes} [Sat Jun 13 02:27:45 2026] DELETE /v2.0/security-groups/c52d42ce-4222-4108-916c-2930f4ba2680 => generated 0 bytes in 316 msecs (HTTP/1.1 204) 2 headers in 112 bytes (1 switches on core 0)
2026-06-13 02:27:46.384 7 INFO neutron.db.ovn_revision_numbers_db [None req-be9f1b07-8d7c-4281-8673-656fd7e54f6f - - - - - -] Successfully bumped revision number for resource 49b36d29-9748-422a-b285-e46d9a78e739 (type: ports) to 2
2026-06-13 02:27:46.422 7 INFO neutron.db.ovn_revision_numbers_db [None req-be9f1b07-8d7c-4281-8673-656fd7e54f6f - - - - - -] Successfully bumped revision number for resource ae64ec59-d97e-41f5-8ea3-f7aa5167e06c (type: subnets) to 0 [pid: 7|app: 0|req: 855/1675] 10.0.0.51 () {34 vars in 668 bytes} [Sat Jun 13 02:27:45 2026] POST /v2.0/subnets => generated 688 bytes in 778 msecs (HTTP/1.1 201) 4 headers in 162 bytes (1 switches on core 0)
2026-06-13 02:27:46.455 7 WARNING keystonemiddleware.audit [None req-dcc2e47d-2b4f-4e20-af48-1959be68f6c6 b184f9a1ec1a4d5b9a285543c5715f09 9f8566e2308a48e2a1d1412a958c409c - - default default] Skipping service tempest-service-1509835354 as it have no endpoints.
2026-06-13 02:27:46.512 8 INFO neutron.db.ovn_revision_numbers_db [None req-50fc4f2d-fd87-4801-9dc9-5bbc51f615d1 b184f9a1ec1a4d5b9a285543c5715f09 9f8566e2308a48e2a1d1412a958c409c - - default default] Successfully bumped revision number for resource 38f950ba-a7b4-4e6f-a76d-a3a44c39cd05 (type: security_groups) to 1
2026-06-13 02:27:46.526 8 INFO neutron.db.ovn_revision_numbers_db [None req-50fc4f2d-fd87-4801-9dc9-5bbc51f615d1 b184f9a1ec1a4d5b9a285543c5715f09 9f8566e2308a48e2a1d1412a958c409c - - default default] Successfully bumped revision number for resource 27dacdc6-d3e6-4c87-8ad9-3ea9aeda1a00 (type: security_group_rules) to 0
2026-06-13 02:27:46.537 8 INFO neutron.db.ovn_revision_numbers_db [None req-50fc4f2d-fd87-4801-9dc9-5bbc51f615d1 b184f9a1ec1a4d5b9a285543c5715f09 9f8566e2308a48e2a1d1412a958c409c - - default default] Successfully bumped revision number for resource 7fa75c3e-4152-4a5e-816f-f7ee21642297 (type: security_group_rules) to 0
2026-06-13 02:27:46.550 8 INFO neutron.db.ovn_revision_numbers_db [None req-50fc4f2d-fd87-4801-9dc9-5bbc51f615d1 b184f9a1ec1a4d5b9a285543c5715f09 9f8566e2308a48e2a1d1412a958c409c - - default default] Successfully bumped revision number for resource e45a6823-2bfb-43a2-9e38-a168d24214ce (type: security_group_rules) to 0
2026-06-13 02:27:46.563 8 INFO neutron.db.ovn_revision_numbers_db [None req-50fc4f2d-fd87-4801-9dc9-5bbc51f615d1 b184f9a1ec1a4d5b9a285543c5715f09 9f8566e2308a48e2a1d1412a958c409c - - default default] Successfully bumped revision number for resource e6f5dda3-9cb7-4d78-ade1-466b657b85af (type: security_group_rules) to 0 [pid: 8|app: 0|req: 821/1676] 10.0.0.51 () {32 vars in 773 bytes} [Sat Jun 13 02:27:45 2026] GET /v2.0/security-groups?tenant_id=0ff306b2971f46ee91284c973273f64b&name=default => generated 2925 bytes in 618 msecs (HTTP/1.1 200) 4 headers in 158 bytes (1 switches on core 0) [pid: 8|app: 0|req: 824/1679] 10.0.0.51 () {32 vars in 739 bytes} [Sat Jun 13 02:27:46 2026] DELETE /v2.0/security-groups/38f950ba-a7b4-4e6f-a76d-a3a44c39cd05 => generated 0 bytes in 268 msecs (HTTP/1.1 204) 2 headers in 112 bytes (1 switches on core 0)
2026-06-13 02:27:46.960 7 WARNING neutron.scheduler.dhcp_agent_scheduler [None req-af652695-58a1-4816-91c8-1b19028764fe b184f9a1ec1a4d5b9a285543c5715f09 9f8566e2308a48e2a1d1412a958c409c - - default default] No more DHCP agents
2026-06-13 02:27:46.962 7 WARNING neutron.api.rpc.agentnotifiers.dhcp_rpc_agent_api [None req-af652695-58a1-4816-91c8-1b19028764fe b184f9a1ec1a4d5b9a285543c5715f09 9f8566e2308a48e2a1d1412a958c409c - - default default] Unable to schedule network d6f3cc5a-ccad-4ca5-b996-384aa842b1d3: no agents available; will retry on subsequent port and subnet creation events.
2026-06-13 02:27:47.093 7 INFO neutron.plugins.ml2.drivers.ovn.mech_driver.mech_driver [None req-facfdc0e-4f68-4e1c-acad-78be6053dc3c - - - - - -] OVN reports status down for port: e4f65601-9f54-4266-bda4-2a8b46ee0358
2026-06-13 02:27:47.165 7 INFO neutron.db.ovn_revision_numbers_db [None req-af652695-58a1-4816-91c8-1b19028764fe b184f9a1ec1a4d5b9a285543c5715f09 9f8566e2308a48e2a1d1412a958c409c - - default default] Successfully bumped revision number for resource e4f65601-9f54-4266-bda4-2a8b46ee0358 (type: ports) to 1
2026-06-13 02:27:47.285 8 INFO neutron.db.ovn_revision_numbers_db [None req-16e2af1a-e087-4b92-b067-9c54b0a18a41 b184f9a1ec1a4d5b9a285543c5715f09 9f8566e2308a48e2a1d1412a958c409c - - default default] Successfully bumped revision number for resource 830ec9ea-a4e2-43a1-8051-a4b1449286c3 (type: security_groups) to 1
2026-06-13 02:27:47.300 8 INFO neutron.db.ovn_revision_numbers_db [None req-16e2af1a-e087-4b92-b067-9c54b0a18a41 b184f9a1ec1a4d5b9a285543c5715f09 9f8566e2308a48e2a1d1412a958c409c - - default default] Successfully bumped revision number for resource 06227518-0735-4662-b7aa-1ee7e4a01f2c (type: security_group_rules) to 0
2026-06-13 02:27:47.323 8 INFO neutron.db.ovn_revision_numbers_db [None req-16e2af1a-e087-4b92-b067-9c54b0a18a41 b184f9a1ec1a4d5b9a285543c5715f09 9f8566e2308a48e2a1d1412a958c409c - - default default] Successfully bumped revision number for resource 3037cb05-eda0-48f0-a0c2-6d297d05a701 (type: security_group_rules) to 0
2026-06-13 02:27:47.342 8 INFO neutron.db.ovn_revision_numbers_db [None req-16e2af1a-e087-4b92-b067-9c54b0a18a41 b184f9a1ec1a4d5b9a285543c5715f09 9f8566e2308a48e2a1d1412a958c409c - - default default] Successfully bumped revision number for resource 8db4b289-1312-4db6-bd3c-000d0e0d047d (type: security_group_rules) to 0
2026-06-13 02:27:47.360 8 INFO neutron.db.ovn_revision_numbers_db [None req-16e2af1a-e087-4b92-b067-9c54b0a18a41 b184f9a1ec1a4d5b9a285543c5715f09 9f8566e2308a48e2a1d1412a958c409c - - default default] Successfully bumped revision number for resource d30caa1e-bad0-4033-b06d-700706c82eba (type: security_group_rules) to 0 [pid: 8|app: 0|req: 825/1680] 10.0.0.51 () {32 vars in 773 bytes} [Sat Jun 13 02:27:46 2026] GET /v2.0/security-groups?tenant_id=adec69d6b71541c495716bfe9e1c7edf&name=default => generated 2925 bytes in 417 msecs (HTTP/1.1 200) 4 headers in 158 bytes (1 switches on core 0) [pid: 8|app: 0|req: 826/1681] 10.0.0.51 () {32 vars in 739 bytes} [Sat Jun 13 02:27:47 2026] DELETE /v2.0/security-groups/830ec9ea-a4e2-43a1-8051-a4b1449286c3 => generated 0 bytes in 354 msecs (HTTP/1.1 204) 2 headers in 112 bytes (1 switches on core 0)
2026-06-13 02:27:48.000 7 INFO neutron.plugins.ml2.drivers.ovn.mech_driver.ovsdb.commands [None req-0427fd8f-3f8b-4ef5-9553-560d2e86ea09 - - - - - -] Schedule LRP lrp-e4f65601-9f54-4266-bda4-2a8b46ee0358 on gateway a6c363a0-8cd4-4dcc-ab80-df3e175f2c8d with priority 1
2026-06-13 02:27:48.131 7 INFO neutron.plugins.ml2.drivers.ovn.mech_driver.ovsdb.ovsdb_monitor [None req-dac59c99-4756-4662-9049-f70338efcbf2 - - - - - -] Router 6be38967-6d25-46c3-bb93-77c7646a78ea is bound to host instance
2026-06-13 02:27:48.173 7 INFO neutron.plugins.ml2.drivers.ovn.mech_driver.mech_driver [None req-facfdc0e-4f68-4e1c-acad-78be6053dc3c - - - - - -] OVN reports status up for port: e4f65601-9f54-4266-bda4-2a8b46ee0358
2026-06-13 02:27:48.260 7 INFO neutron.plugins.ml2.plugin [None req-facfdc0e-4f68-4e1c-acad-78be6053dc3c - - - - - -] Attempt 1 to provision port e4f65601-9f54-4266-bda4-2a8b46ee0358
2026-06-13 02:27:48.345 7 INFO neutron.db.ovn_revision_numbers_db [None req-af652695-58a1-4816-91c8-1b19028764fe b184f9a1ec1a4d5b9a285543c5715f09 9f8566e2308a48e2a1d1412a958c409c - - default default] Successfully bumped revision number for resource e4f65601-9f54-4266-bda4-2a8b46ee0358 (type: router_ports) to 1
2026-06-13 02:27:48.572 7 INFO neutron.db.ovn_revision_numbers_db [None req-af652695-58a1-4816-91c8-1b19028764fe b184f9a1ec1a4d5b9a285543c5715f09 9f8566e2308a48e2a1d1412a958c409c - - default default] Successfully bumped revision number for resource 6be38967-6d25-46c3-bb93-77c7646a78ea (type: routers) to 2 [pid: 7|app: 0|req: 856/1682] 10.0.0.51 () {34 vars in 668 bytes} [Sat Jun 13 02:27:46 2026] POST /v2.0/routers => generated 966 bytes in 2170 msecs (HTTP/1.1 201) 4 headers in 162 bytes (1 switches on core 0)
2026-06-13 02:27:48.630 8 WARNING keystonemiddleware.audit [None req-c567def1-1b00-45ab-bc26-7663cb424241 b184f9a1ec1a4d5b9a285543c5715f09 9f8566e2308a48e2a1d1412a958c409c - - default default] Skipping service tempest-service-1509835354 as it have no endpoints.
2026-06-13 02:27:49.168 8 WARNING neutron.scheduler.dhcp_agent_scheduler [None req-c9b851d4-7e05-4543-9b26-aafdcdfbfbc5 b184f9a1ec1a4d5b9a285543c5715f09 9f8566e2308a48e2a1d1412a958c409c - - default default] No more DHCP agents
2026-06-13 02:27:49.171 8 WARNING neutron.api.rpc.agentnotifiers.dhcp_rpc_agent_api [None req-c9b851d4-7e05-4543-9b26-aafdcdfbfbc5 b184f9a1ec1a4d5b9a285543c5715f09 9f8566e2308a48e2a1d1412a958c409c - - default default] Unable to schedule network edf42b16-3d00-4ef5-8eb8-ec52c3234e4f: no agents available; will retry on subsequent port and subnet creation events.
2026-06-13 02:27:49.275 7 INFO neutron.db.ovn_revision_numbers_db [None req-bb8389d5-fb65-4449-9c15-fa472a3d3866 - - - - - -] Successfully bumped revision number for resource e4f65601-9f54-4266-bda4-2a8b46ee0358 (type: ports) to 4
2026-06-13 02:27:49.446 8 INFO neutron.db.ovn_revision_numbers_db [None req-c9b851d4-7e05-4543-9b26-aafdcdfbfbc5 b184f9a1ec1a4d5b9a285543c5715f09 9f8566e2308a48e2a1d1412a958c409c - - default default] Successfully bumped revision number for resource a16153d0-b4c1-478f-8be4-4dd8ece3cffc (type: ports) to 1 [pid: 7|app: 0|req: 857/1683] 10.0.0.216 () {32 vars in 801 bytes} [Sat Jun 13 02:27:49 2026] GET /v2.0/extensions => generated 20541 bytes in 324 msecs (HTTP/1.1 200) 4 headers in 159 bytes (1 switches on core 0)
2026-06-13 02:27:49.702 7 INFO neutron.db.ovn_revision_numbers_db [None req-bb8389d5-fb65-4449-9c15-fa472a3d3866 - - - - - -] Successfully bumped revision number for resource e4f65601-9f54-4266-bda4-2a8b46ee0358 (type: ports) to 5 [pid: 7|app: 0|req: 858/1684] 10.0.0.216 () {30 vars in 724 bytes} [Sat Jun 13 02:27:49 2026] GET /v2.0/quotas/f79dbabb74464393a71972140beb1f81/details => generated 847 bytes in 137 msecs (HTTP/1.1 200) 4 headers in 157 bytes (1 switches on core 0)
2026-06-13 02:27:50.310 8 WARNING neutron.scheduler.dhcp_agent_scheduler [None req-c9b851d4-7e05-4543-9b26-aafdcdfbfbc5 b184f9a1ec1a4d5b9a285543c5715f09 9f8566e2308a48e2a1d1412a958c409c - - default default] No more DHCP agents
2026-06-13 02:27:50.315 8 WARNING neutron.api.rpc.agentnotifiers.dhcp_rpc_agent_api [None req-c9b851d4-7e05-4543-9b26-aafdcdfbfbc5 b184f9a1ec1a4d5b9a285543c5715f09 9f8566e2308a48e2a1d1412a958c409c - - default default] Unable to schedule network edf42b16-3d00-4ef5-8eb8-ec52c3234e4f: no agents available; will retry on subsequent port and subnet creation events.
2026-06-13 02:27:50.395 7 INFO neutron.db.ovn_revision_numbers_db [None req-df37a21a-9fab-47f0-8f7a-5a4a063fa78a b184f9a1ec1a4d5b9a285543c5715f09 9f8566e2308a48e2a1d1412a958c409c - - default default] Successfully bumped revision number for resource a90a2e6c-76cd-4bca-9838-af87b70bbe81 (type: security_groups) to 1
2026-06-13 02:27:50.416 7 INFO neutron.db.ovn_revision_numbers_db [None req-df37a21a-9fab-47f0-8f7a-5a4a063fa78a b184f9a1ec1a4d5b9a285543c5715f09 9f8566e2308a48e2a1d1412a958c409c - - default default] Successfully bumped revision number for resource 4738e50f-71cb-4b4a-829a-bd34d47d185b (type: security_group_rules) to 0
2026-06-13 02:27:50.433 7 INFO neutron.db.ovn_revision_numbers_db [None req-df37a21a-9fab-47f0-8f7a-5a4a063fa78a b184f9a1ec1a4d5b9a285543c5715f09 9f8566e2308a48e2a1d1412a958c409c - - default default] Successfully bumped revision number for resource 7fd9c538-3ac2-466f-a038-d281386a9eb1 (type: security_group_rules) to 0
2026-06-13 02:27:50.457 7 INFO neutron.db.ovn_revision_numbers_db [None req-df37a21a-9fab-47f0-8f7a-5a4a063fa78a b184f9a1ec1a4d5b9a285543c5715f09 9f8566e2308a48e2a1d1412a958c409c - - default default] Successfully bumped revision number for resource b0ca3c35-b7c8-4f7d-9084-2fb4f63f1ebc (type: security_group_rules) to 0
2026-06-13 02:27:50.479 7 INFO neutron.db.ovn_revision_numbers_db [None req-df37a21a-9fab-47f0-8f7a-5a4a063fa78a b184f9a1ec1a4d5b9a285543c5715f09 9f8566e2308a48e2a1d1412a958c409c - - default default] Successfully bumped revision number for resource c1d7a845-2132-4452-8974-2d53ac112753 (type: security_group_rules) to 0 [pid: 7|app: 0|req: 859/1685] 10.0.0.51 () {32 vars in 773 bytes} [Sat Jun 13 02:27:49 2026] GET /v2.0/security-groups?tenant_id=25d5fa12505c4c679c66e346fb016f83&name=default => generated 2925 bytes in 565 msecs (HTTP/1.1 200) 4 headers in 158 bytes (1 switches on core 0) [pid: 7|app: 0|req: 860/1686] 10.0.0.51 () {32 vars in 739 bytes} [Sat Jun 13 02:27:50 2026] DELETE /v2.0/security-groups/a90a2e6c-76cd-4bca-9838-af87b70bbe81 => generated 0 bytes in 397 msecs (HTTP/1.1 204) 2 headers in 112 bytes (1 switches on core 0)
2026-06-13 02:27:51.018 8 INFO neutron.db.ovn_revision_numbers_db [None req-c9b851d4-7e05-4543-9b26-aafdcdfbfbc5 b184f9a1ec1a4d5b9a285543c5715f09 9f8566e2308a48e2a1d1412a958c409c - - default default] Successfully bumped revision number for resource a16153d0-b4c1-478f-8be4-4dd8ece3cffc (type: router_ports) to 1 [pid: 8|app: 0|req: 827/1687] 10.0.0.51 () {34 vars in 782 bytes} [Sat Jun 13 02:27:48 2026] PUT /v2.0/routers/6be38967-6d25-46c3-bb93-77c7646a78ea/add_router_interface => generated 309 bytes in 2400 msecs (HTTP/1.1 200) 4 headers in 157 bytes (1 switches on core 0)
2026-06-13 02:27:51.262 7 INFO neutron.plugins.ml2.drivers.ovn.mech_driver.mech_driver [None req-facfdc0e-4f68-4e1c-acad-78be6053dc3c - - - - - -] OVN reports status down for port: a16153d0-b4c1-478f-8be4-4dd8ece3cffc
2026-06-13 02:27:51.432 7 WARNING neutron.plugins.ml2.drivers.ovn.mech_driver.ovsdb.ovn_client [None req-facfdc0e-4f68-4e1c-acad-78be6053dc3c - - - - - -] Logical_Switch_Port a16153d0-b4c1-478f-8be4-4dd8ece3cffc host information not removed, the port state is up
2026-06-13 02:27:51.433 7 INFO neutron.plugins.ml2.drivers.ovn.mech_driver.mech_driver [None req-facfdc0e-4f68-4e1c-acad-78be6053dc3c - - - - - -] OVN reports status up for port: a16153d0-b4c1-478f-8be4-4dd8ece3cffc
2026-06-13 02:27:51.461 7 INFO neutron.plugins.ml2.plugin [None req-facfdc0e-4f68-4e1c-acad-78be6053dc3c - - - - - -] Attempt 1 to provision port a16153d0-b4c1-478f-8be4-4dd8ece3cffc
2026-06-13 02:27:51.462 7 INFO neutron.db.ovn_revision_numbers_db [None req-2157fa4a-5e0c-4501-bcaf-da9ac11e6c44 b184f9a1ec1a4d5b9a285543c5715f09 9f8566e2308a48e2a1d1412a958c409c - - default default] Successfully bumped revision number for resource 082a59e0-0e42-48c9-bdc6-6e6785d473f9 (type: security_groups) to 1
2026-06-13 02:27:51.482 7 INFO neutron.db.ovn_revision_numbers_db [None req-2157fa4a-5e0c-4501-bcaf-da9ac11e6c44 b184f9a1ec1a4d5b9a285543c5715f09 9f8566e2308a48e2a1d1412a958c409c - - default default] Successfully bumped revision number for resource 36ae3c08-1714-46c2-9eac-36eb9592f445 (type: security_group_rules) to 0
2026-06-13 02:27:51.499 7 INFO neutron.db.ovn_revision_numbers_db [None req-2157fa4a-5e0c-4501-bcaf-da9ac11e6c44 b184f9a1ec1a4d5b9a285543c5715f09 9f8566e2308a48e2a1d1412a958c409c - - default default] Successfully bumped revision number for resource 6a86c15a-33ee-4c8c-8ad7-97e6da1f380c (type: security_group_rules) to 0
2026-06-13 02:27:51.522 7 INFO neutron.db.ovn_revision_numbers_db [None req-2157fa4a-5e0c-4501-bcaf-da9ac11e6c44 b184f9a1ec1a4d5b9a285543c5715f09 9f8566e2308a48e2a1d1412a958c409c - - default default] Successfully bumped revision number for resource 6d1c1788-2100-47c7-b001-ba6bba5f7810 (type: security_group_rules) to 0
2026-06-13 02:27:51.538 7 INFO neutron.db.ovn_revision_numbers_db [None req-2157fa4a-5e0c-4501-bcaf-da9ac11e6c44 b184f9a1ec1a4d5b9a285543c5715f09 9f8566e2308a48e2a1d1412a958c409c - - default default] Successfully bumped revision number for resource f6ccb5f8-f4f0-4195-b077-ae3cf9e6413b (type: security_group_rules) to 0 [pid: 7|app: 0|req: 861/1688] 10.0.0.51 () {32 vars in 773 bytes} [Sat Jun 13 02:27:51 2026] GET /v2.0/security-groups?tenant_id=dd443606daa8401887ba056553bdde40&name=default => generated 2925 bytes in 439 msecs (HTTP/1.1 200) 4 headers in 158 bytes (1 switches on core 0) [pid: 8|app: 0|req: 828/1689] 10.0.0.51 () {32 vars in 739 bytes} [Sat Jun 13 02:27:51 2026] DELETE /v2.0/security-groups/082a59e0-0e42-48c9-bdc6-6e6785d473f9 => generated 0 bytes in 431 msecs (HTTP/1.1 204) 2 headers in 112 bytes (1 switches on core 0)
2026-06-13 02:27:52.080 7 INFO neutron.db.ovn_revision_numbers_db [None req-facfdc0e-4f68-4e1c-acad-78be6053dc3c - - - - - -] Successfully bumped revision number for resource a16153d0-b4c1-478f-8be4-4dd8ece3cffc (type: ports) to 2 [pid: 7|app: 0|req: 862/1690] 10.0.0.216 () {32 vars in 801 bytes} [Sat Jun 13 02:27:53 2026] GET /v2.0/extensions => generated 20541 bytes in 8 msecs (HTTP/1.1 200) 4 headers in 159 bytes (1 switches on core 0) [pid: 8|app: 0|req: 829/1691] 10.0.0.77 () {34 vars in 981 bytes} [Sat Jun 13 02:27:53 2026] GET /v2.0/networks?id=edf42b16-3d00-4ef5-8eb8-ec52c3234e4f => generated 711 bytes in 46 msecs (HTTP/1.1 200) 4 headers in 157 bytes (1 switches on core 0) [pid: 7|app: 0|req: 863/1692] 10.0.0.77 () {34 vars in 964 bytes} [Sat Jun 13 02:27:53 2026] GET /v2.0/quotas/fa903063a82647baa6a7acdb49881a70 => generated 292 bytes in 14 msecs (HTTP/1.1 200) 4 headers in 157 bytes (1 switches on core 0) [pid: 8|app: 0|req: 830/1693] 10.0.0.77 () {34 vars in 1001 bytes} [Sat Jun 13 02:27:53 2026] GET /v2.0/ports?tenant_id=fa903063a82647baa6a7acdb49881a70&fields=id => generated 103 bytes in 74 msecs (HTTP/1.1 200) 4 headers in 157 bytes (1 switches on core 0) [pid: 7|app: 0|req: 864/1694] 10.0.0.216 () {30 vars in 724 bytes} [Sat Jun 13 02:27:53 2026] GET /v2.0/quotas/f79dbabb74464393a71972140beb1f81/details => generated 847 bytes in 85 msecs (HTTP/1.1 200) 4 headers in 157 bytes (1 switches on core 0) [pid: 8|app: 0|req: 831/1695] 10.0.0.77 () {34 vars in 1007 bytes} [Sat Jun 13 02:27:53 2026] GET /v2.0/networks/edf42b16-3d00-4ef5-8eb8-ec52c3234e4f?fields=segments => generated 14 bytes in 42 msecs (HTTP/1.1 200) 4 headers in 156 bytes (1 switches on core 0) [pid: 7|app: 0|req: 865/1696] 10.0.0.77 () {34 vars in 1107 bytes} [Sat Jun 13 02:27:53 2026] GET /v2.0/networks/edf42b16-3d00-4ef5-8eb8-ec52c3234e4f?fields=provider%3Aphysical_network&fields=provider%3Anetwork_type => generated 79 bytes in 35 msecs (HTTP/1.1 200) 4 headers in 156 bytes (1 switches on core 0) [pid: 8|app: 0|req: 832/1697] 10.0.0.77 () {34 vars in 989 bytes} [Sat Jun 13 02:27:53 2026] GET /v2.0/ports?device_id=a9c4f2f9-6db2-4f7f-bc46-f6e8e21a3403 => generated 12 bytes in 23 msecs (HTTP/1.1 200) 4 headers in 156 bytes (1 switches on core 0)
2026-06-13 02:27:54.586 7 INFO neutron.db.ovn_revision_numbers_db [None req-048bb334-7c5b-43b2-b16b-47df3718681f 752f34d010234fa78f705674f68537f3 60b1669624e042f493b91430749ca002 - - default default] Successfully bumped revision number for resource 07a052cf-ec54-4ff2-a73a-b5aaf5438629 (type: security_groups) to 1
2026-06-13 02:27:54.602 7 INFO neutron.db.ovn_revision_numbers_db [None req-048bb334-7c5b-43b2-b16b-47df3718681f 752f34d010234fa78f705674f68537f3 60b1669624e042f493b91430749ca002 - - default default] Successfully bumped revision number for resource 153e21f7-8b52-4097-b8b0-31c4764ace61 (type: security_group_rules) to 0
2026-06-13 02:27:54.615 7 INFO neutron.db.ovn_revision_numbers_db [None req-048bb334-7c5b-43b2-b16b-47df3718681f 752f34d010234fa78f705674f68537f3 60b1669624e042f493b91430749ca002 - - default default] Successfully bumped revision number for resource 4f22447c-d79b-48ac-9639-9a5d844d0078 (type: security_group_rules) to 0
2026-06-13 02:27:54.630 7 INFO neutron.db.ovn_revision_numbers_db [None req-048bb334-7c5b-43b2-b16b-47df3718681f 752f34d010234fa78f705674f68537f3 60b1669624e042f493b91430749ca002 - - default default] Successfully bumped revision number for resource 60204c41-9301-411a-958d-04d2908751aa (type: security_group_rules) to 0
2026-06-13 02:27:54.644 7 INFO neutron.db.ovn_revision_numbers_db [None req-048bb334-7c5b-43b2-b16b-47df3718681f 752f34d010234fa78f705674f68537f3 60b1669624e042f493b91430749ca002 - - default default] Successfully bumped revision number for resource 7fa5a660-d2ba-4861-8a28-337d3e5dbe94 (type: security_group_rules) to 0
2026-06-13 02:27:54.725 7 INFO neutron.db.segments_db [None req-048bb334-7c5b-43b2-b16b-47df3718681f 752f34d010234fa78f705674f68537f3 60b1669624e042f493b91430749ca002 - - default default] Added segment 8c47e71c-7f6f-41e9-9241-8f95cd8045ab of type geneve for network 5622064a-b6b7-4359-920c-fdbae4ba5842
2026-06-13 02:27:54.853 7 INFO neutron.db.ovn_revision_numbers_db [None req-048bb334-7c5b-43b2-b16b-47df3718681f 752f34d010234fa78f705674f68537f3 60b1669624e042f493b91430749ca002 - - default default] Successfully bumped revision number for resource 5622064a-b6b7-4359-920c-fdbae4ba5842 (type: networks) to 1
2026-06-13 02:27:55.020 8 INFO neutron.db.ovn_revision_numbers_db [None req-820d6e03-d7a4-466c-9e23-676e4836c580 b184f9a1ec1a4d5b9a285543c5715f09 9f8566e2308a48e2a1d1412a958c409c - - default default] Successfully bumped revision number for resource 6a508945-394a-4db3-b14b-750c5cf442e6 (type: security_groups) to 1
2026-06-13 02:27:55.033 8 INFO neutron.db.ovn_revision_numbers_db [None req-820d6e03-d7a4-466c-9e23-676e4836c580 b184f9a1ec1a4d5b9a285543c5715f09 9f8566e2308a48e2a1d1412a958c409c - - default default] Successfully bumped revision number for resource 7932d8d8-da50-4e3b-be6d-6ab2f477ac66 (type: security_group_rules) to 0
2026-06-13 02:27:55.046 8 INFO neutron.db.ovn_revision_numbers_db [None req-820d6e03-d7a4-466c-9e23-676e4836c580 b184f9a1ec1a4d5b9a285543c5715f09 9f8566e2308a48e2a1d1412a958c409c - - default default] Successfully bumped revision number for resource c6e09df8-54a2-40db-b3f4-eb07236b82d3 (type: security_group_rules) to 0
2026-06-13 02:27:55.058 8 INFO neutron.db.ovn_revision_numbers_db [None req-820d6e03-d7a4-466c-9e23-676e4836c580 b184f9a1ec1a4d5b9a285543c5715f09 9f8566e2308a48e2a1d1412a958c409c - - default default] Successfully bumped revision number for resource eb64f57d-bd8d-408d-8094-9eaf8a4a94a7 (type: security_group_rules) to 0
2026-06-13 02:27:55.068 8 INFO neutron.db.ovn_revision_numbers_db [None req-820d6e03-d7a4-466c-9e23-676e4836c580 b184f9a1ec1a4d5b9a285543c5715f09 9f8566e2308a48e2a1d1412a958c409c - - default default] Successfully bumped revision number for resource ef6ea2b7-6206-4c56-99e2-fafceffa1df2 (type: security_group_rules) to 0
2026-06-13 02:27:55.095 7 WARNING neutron.scheduler.dhcp_agent_scheduler [None req-048bb334-7c5b-43b2-b16b-47df3718681f 752f34d010234fa78f705674f68537f3 60b1669624e042f493b91430749ca002 - - default default] No more DHCP agents
2026-06-13 02:27:55.096 7 WARNING neutron.api.rpc.agentnotifiers.dhcp_rpc_agent_api [None req-048bb334-7c5b-43b2-b16b-47df3718681f 752f34d010234fa78f705674f68537f3 60b1669624e042f493b91430749ca002 - - default default] Unable to schedule network 5622064a-b6b7-4359-920c-fdbae4ba5842: no agents available; will retry on subsequent port and subnet creation events. [pid: 8|app: 0|req: 833/1698] 10.0.0.51 () {32 vars in 773 bytes} [Sat Jun 13 02:27:54 2026] GET /v2.0/security-groups?tenant_id=c374e33bad9b4c55aaa85239fbd63681&name=default => generated 2925 bytes in 387 msecs (HTTP/1.1 200) 4 headers in 158 bytes (1 switches on core 0) [pid: 8|app: 0|req: 834/1699] 10.0.0.77 () {34 vars in 989 bytes} [Sat Jun 13 02:27:55 2026] GET /v2.0/ports?device_id=a9c4f2f9-6db2-4f7f-bc46-f6e8e21a3403 => generated 12 bytes in 31 msecs (HTTP/1.1 200) 4 headers in 156 bytes (1 switches on core 0)
2026-06-13 02:27:55.219 7 INFO neutron.db.ovn_revision_numbers_db [None req-048bb334-7c5b-43b2-b16b-47df3718681f 752f34d010234fa78f705674f68537f3 60b1669624e042f493b91430749ca002 - - default default] Successfully bumped revision number for resource 9f81fcbf-b72c-41ff-9d44-af796bc9f922 (type: ports) to 1 [pid: 7|app: 0|req: 866/1700] 10.0.0.51 () {34 vars in 669 bytes} [Sat Jun 13 02:27:54 2026] POST /v2.0/networks => generated 688 bytes in 1090 msecs (HTTP/1.1 201) 4 headers in 162 bytes (1 switches on core 0)
2026-06-13 02:27:55.485 7 WARNING neutron.scheduler.dhcp_agent_scheduler [None req-778d52cc-3a8b-4aa7-b59c-c2369f0add61 752f34d010234fa78f705674f68537f3 60b1669624e042f493b91430749ca002 - - default default] No more DHCP agents
2026-06-13 02:27:55.487 7 WARNING neutron.api.rpc.agentnotifiers.dhcp_rpc_agent_api [None req-778d52cc-3a8b-4aa7-b59c-c2369f0add61 752f34d010234fa78f705674f68537f3 60b1669624e042f493b91430749ca002 - - default default] Unable to schedule network 5622064a-b6b7-4359-920c-fdbae4ba5842: no agents available; will retry on subsequent port and subnet creation events. [pid: 8|app: 0|req: 835/1701] 10.0.0.51 () {32 vars in 739 bytes} [Sat Jun 13 02:27:55 2026] DELETE /v2.0/security-groups/6a508945-394a-4db3-b14b-750c5cf442e6 => generated 0 bytes in 362 msecs (HTTP/1.1 204) 2 headers in 112 bytes (1 switches on core 0)
2026-06-13 02:27:55.505 7 INFO neutron.db.ovn_revision_numbers_db [None req-778d52cc-3a8b-4aa7-b59c-c2369f0add61 752f34d010234fa78f705674f68537f3 60b1669624e042f493b91430749ca002 - - default default] Successfully bumped revision number for resource d225e4da-0a21-4d76-a096-50d52c12fcfd (type: subnets) to 0 [pid: 7|app: 0|req: 867/1702] 10.0.0.51 () {34 vars in 668 bytes} [Sat Jun 13 02:27:55 2026] POST /v2.0/subnets => generated 627 bytes in 275 msecs (HTTP/1.1 201) 4 headers in 162 bytes (1 switches on core 0)
2026-06-13 02:27:55.759 7 INFO neutron.db.ovn_revision_numbers_db [None req-87f9a299-3e88-428e-90c8-a036e1482f04 b184f9a1ec1a4d5b9a285543c5715f09 9f8566e2308a48e2a1d1412a958c409c - - default default] Successfully bumped revision number for resource 0b632785-36cf-427a-ad44-f155224f9e34 (type: security_groups) to 1
2026-06-13 02:27:55.770 7 INFO neutron.db.ovn_revision_numbers_db [None req-87f9a299-3e88-428e-90c8-a036e1482f04 b184f9a1ec1a4d5b9a285543c5715f09 9f8566e2308a48e2a1d1412a958c409c - - default default] Successfully bumped revision number for resource 159b708d-dd56-4f18-b6a6-70c9efda28a7 (type: security_group_rules) to 0
2026-06-13 02:27:55.782 7 INFO neutron.db.ovn_revision_numbers_db [None req-87f9a299-3e88-428e-90c8-a036e1482f04 b184f9a1ec1a4d5b9a285543c5715f09 9f8566e2308a48e2a1d1412a958c409c - - default default] Successfully bumped revision number for resource 1e4f5596-fd40-4440-8b8b-cb8c23fed9ec (type: security_group_rules) to 0
2026-06-13 02:27:55.794 7 INFO neutron.db.ovn_revision_numbers_db [None req-87f9a299-3e88-428e-90c8-a036e1482f04 b184f9a1ec1a4d5b9a285543c5715f09 9f8566e2308a48e2a1d1412a958c409c - - default default] Successfully bumped revision number for resource 3fa5251e-ea92-46f3-988c-e9baaf00c15c (type: security_group_rules) to 0
2026-06-13 02:27:55.804 7 INFO neutron.db.ovn_revision_numbers_db [None req-87f9a299-3e88-428e-90c8-a036e1482f04 b184f9a1ec1a4d5b9a285543c5715f09 9f8566e2308a48e2a1d1412a958c409c - - default default] Successfully bumped revision number for resource db996ced-c58b-46b3-8690-e34c5d8c7480 (type: security_group_rules) to 0 [pid: 7|app: 0|req: 868/1703] 10.0.0.51 () {32 vars in 773 bytes} [Sat Jun 13 02:27:55 2026] GET /v2.0/security-groups?tenant_id=a97230c56a43417caf75ba0e6a2fce28&name=default => generated 2925 bytes in 247 msecs (HTTP/1.1 200) 4 headers in 158 bytes (1 switches on core 0)
2026-06-13 02:27:55.999 8 WARNING neutron.scheduler.dhcp_agent_scheduler [None req-af660c8a-5413-46f6-8320-9a1edb9d13cc 752f34d010234fa78f705674f68537f3 60b1669624e042f493b91430749ca002 - - default default] No more DHCP agents
2026-06-13 02:27:56.000 8 WARNING neutron.api.rpc.agentnotifiers.dhcp_rpc_agent_api [None req-af660c8a-5413-46f6-8320-9a1edb9d13cc 752f34d010234fa78f705674f68537f3 60b1669624e042f493b91430749ca002 - - default default] Unable to schedule network d6f3cc5a-ccad-4ca5-b996-384aa842b1d3: no agents available; will retry on subsequent port and subnet creation events. [pid: 7|app: 0|req: 869/1704] 10.0.0.51 () {32 vars in 739 bytes} [Sat Jun 13 02:27:55 2026] DELETE /v2.0/security-groups/0b632785-36cf-427a-ad44-f155224f9e34 => generated 0 bytes in 359 msecs (HTTP/1.1 204) 2 headers in 112 bytes (1 switches on core 0) [pid: 7|app: 0|req: 870/1705] 10.0.0.77 () {34 vars in 989 bytes} [Sat Jun 13 02:27:56 2026] GET /v2.0/ports?device_id=a9c4f2f9-6db2-4f7f-bc46-f6e8e21a3403 => generated 12 bytes in 31 msecs (HTTP/1.1 200) 4 headers in 156 bytes (1 switches on core 0)
2026-06-13 02:27:56.240 8 INFO neutron.db.ovn_revision_numbers_db [None req-af660c8a-5413-46f6-8320-9a1edb9d13cc 752f34d010234fa78f705674f68537f3 60b1669624e042f493b91430749ca002 - - default default] Successfully bumped revision number for resource 46b010ab-23c5-49c3-a9e3-d370ee6748a6 (type: ports) to 1
2026-06-13 02:27:56.556 7 WARNING neutron.plugins.ml2.drivers.ovn.mech_driver.ovsdb.ovn_client [None req-4e5606fe-6751-4966-8028-5a1f746863bf - - - - - -] No hosting information found for port a16153d0-b4c1-478f-8be4-4dd8ece3cffc: RuntimeError: No hosting information found for port a16153d0-b4c1-478f-8be4-4dd8ece3cffc
2026-06-13 02:27:56.688 7 INFO neutron.db.ovn_revision_numbers_db [None req-4e5606fe-6751-4966-8028-5a1f746863bf - - - - - -] Successfully bumped revision number for resource a16153d0-b4c1-478f-8be4-4dd8ece3cffc (type: router_ports) to 2
2026-06-13 02:27:56.736 7 INFO neutron.plugins.ml2.drivers.ovn.mech_driver.mech_driver [None req-4e5606fe-6751-4966-8028-5a1f746863bf - - - - - -] OVN reports status down for port: 9f81fcbf-b72c-41ff-9d44-af796bc9f922
2026-06-13 02:27:56.796 7 INFO neutron.plugins.ml2.drivers.ovn.mech_driver.mech_driver [None req-4e5606fe-6751-4966-8028-5a1f746863bf - - - - - -] OVN reports status down for port: 46b010ab-23c5-49c3-a9e3-d370ee6748a6
2026-06-13 02:27:56.926 8 INFO neutron.plugins.ml2.drivers.ovn.mech_driver.ovsdb.commands [-] Schedule LRP lrp-46b010ab-23c5-49c3-a9e3-d370ee6748a6 on gateway a6c363a0-8cd4-4dcc-ab80-df3e175f2c8d with priority 1
2026-06-13 02:27:57.049 8 INFO neutron.db.ovn_revision_numbers_db [None req-af660c8a-5413-46f6-8320-9a1edb9d13cc 752f34d010234fa78f705674f68537f3 60b1669624e042f493b91430749ca002 - - default default] Successfully bumped revision number for resource 46b010ab-23c5-49c3-a9e3-d370ee6748a6 (type: router_ports) to 1
2026-06-13 02:27:57.106 7 INFO neutron.plugins.ml2.drivers.ovn.mech_driver.mech_driver [None req-4e5606fe-6751-4966-8028-5a1f746863bf - - - - - -] OVN reports status up for port: 46b010ab-23c5-49c3-a9e3-d370ee6748a6
2026-06-13 02:27:57.133 8 INFO neutron.db.ovn_revision_numbers_db [None req-af660c8a-5413-46f6-8320-9a1edb9d13cc 752f34d010234fa78f705674f68537f3 60b1669624e042f493b91430749ca002 - - default default] Successfully bumped revision number for resource 4b7e5a6c-bfbd-4fd5-b600-7df1bf39fa3f (type: routers) to 2 [pid: 8|app: 0|req: 836/1706] 10.0.0.51 () {34 vars in 668 bytes} [Sat Jun 13 02:27:55 2026] POST /v2.0/routers => generated 954 bytes in 1634 msecs (HTTP/1.1 201) 4 headers in 162 bytes (1 switches on core 0)
2026-06-13 02:27:57.187 7 INFO neutron.plugins.ml2.plugin [None req-4e5606fe-6751-4966-8028-5a1f746863bf - - - - - -] Attempt 1 to provision port 46b010ab-23c5-49c3-a9e3-d370ee6748a6
2026-06-13 02:27:57.200 7 INFO neutron.db.ovn_revision_numbers_db [None req-99b69ac7-8cd5-4a3a-9e17-ad4bbe0e27ba b184f9a1ec1a4d5b9a285543c5715f09 9f8566e2308a48e2a1d1412a958c409c - - default default] Successfully bumped revision number for resource 125374f3-77e7-4c7b-bd02-5e6c2bca8629 (type: security_groups) to 1
2026-06-13 02:27:57.229 7 INFO neutron.db.ovn_revision_numbers_db [None req-99b69ac7-8cd5-4a3a-9e17-ad4bbe0e27ba b184f9a1ec1a4d5b9a285543c5715f09 9f8566e2308a48e2a1d1412a958c409c - - default default] Successfully bumped revision number for resource 250bff34-b54f-4320-a674-7a77bf1ecadf (type: security_group_rules) to 0
2026-06-13 02:27:57.270 7 INFO neutron.db.ovn_revision_numbers_db [None req-99b69ac7-8cd5-4a3a-9e17-ad4bbe0e27ba b184f9a1ec1a4d5b9a285543c5715f09 9f8566e2308a48e2a1d1412a958c409c - - default default] Successfully bumped revision number for resource 36d46cee-82d1-46aa-a0b7-5399a5e2195c (type: security_group_rules) to 0
2026-06-13 02:27:57.296 7 INFO neutron.db.ovn_revision_numbers_db [None req-99b69ac7-8cd5-4a3a-9e17-ad4bbe0e27ba b184f9a1ec1a4d5b9a285543c5715f09 9f8566e2308a48e2a1d1412a958c409c - - default default] Successfully bumped revision number for resource fadc5013-34d2-43b4-8151-2b125e97b527 (type: security_group_rules) to 0
2026-06-13 02:27:57.316 7 INFO neutron.db.ovn_revision_numbers_db [None req-99b69ac7-8cd5-4a3a-9e17-ad4bbe0e27ba b184f9a1ec1a4d5b9a285543c5715f09 9f8566e2308a48e2a1d1412a958c409c - - default default] Successfully bumped revision number for resource fcd9d71a-7e3d-4f51-8913-8c5d676aa33e (type: security_group_rules) to 0 [pid: 7|app: 0|req: 871/1707] 10.0.0.51 () {32 vars in 773 bytes} [Sat Jun 13 02:27:56 2026] GET /v2.0/security-groups?tenant_id=f79dbabb74464393a71972140beb1f81&name=default => generated 2925 bytes in 524 msecs (HTTP/1.1 200) 4 headers in 158 bytes (1 switches on core 0) [pid: 7|app: 0|req: 872/1708] 10.0.0.77 () {34 vars in 989 bytes} [Sat Jun 13 02:27:57 2026] GET /v2.0/ports?device_id=a9c4f2f9-6db2-4f7f-bc46-f6e8e21a3403 => generated 12 bytes in 27 msecs (HTTP/1.1 200) 4 headers in 156 bytes (1 switches on core 0) [pid: 7|app: 0|req: 873/1709] 10.0.0.51 () {32 vars in 739 bytes} [Sat Jun 13 02:27:57 2026] DELETE /v2.0/security-groups/125374f3-77e7-4c7b-bd02-5e6c2bca8629 => generated 0 bytes in 294 msecs (HTTP/1.1 204) 2 headers in 112 bytes (1 switches on core 0)
2026-06-13 02:27:57.824 8 WARNING neutron.scheduler.dhcp_agent_scheduler [None req-16c817cb-e003-4b45-ab4b-e3fa93b331f2 752f34d010234fa78f705674f68537f3 60b1669624e042f493b91430749ca002 - - default default] No more DHCP agents
2026-06-13 02:27:57.825 8 WARNING neutron.api.rpc.agentnotifiers.dhcp_rpc_agent_api [None req-16c817cb-e003-4b45-ab4b-e3fa93b331f2 752f34d010234fa78f705674f68537f3 60b1669624e042f493b91430749ca002 - - default default] Unable to schedule network 5622064a-b6b7-4359-920c-fdbae4ba5842: no agents available; will retry on subsequent port and subnet creation events.
2026-06-13 02:27:57.986 8 INFO neutron.db.ovn_revision_numbers_db [None req-16c817cb-e003-4b45-ab4b-e3fa93b331f2 752f34d010234fa78f705674f68537f3 60b1669624e042f493b91430749ca002 - - default default] Successfully bumped revision number for resource 4b4a9a94-ff47-442b-b1a7-6a0e78aa5ebf (type: ports) to 1 [pid: 7|app: 0|req: 874/1710] 199.204.45.3 () {34 vars in 984 bytes} [Sat Jun 13 02:27:58 2026] GET /v2.0/networks?id=edf42b16-3d00-4ef5-8eb8-ec52c3234e4f => generated 711 bytes in 52 msecs (HTTP/1.1 200) 4 headers in 157 bytes (1 switches on core 0)
2026-06-13 02:27:58.493 7 WARNING neutron.scheduler.dhcp_agent_scheduler [req-f4d2d87f-5116-4dc3-aade-3bc112e2d65e req-03a880ee-c5f1-436c-a42d-96f184d0a137 c2564763b3a04477b239da8f55c91398 fa903063a82647baa6a7acdb49881a70 - - default default] No more DHCP agents
2026-06-13 02:27:58.494 7 WARNING neutron.api.rpc.agentnotifiers.dhcp_rpc_agent_api [req-f4d2d87f-5116-4dc3-aade-3bc112e2d65e req-03a880ee-c5f1-436c-a42d-96f184d0a137 c2564763b3a04477b239da8f55c91398 fa903063a82647baa6a7acdb49881a70 - - default default] Unable to schedule network edf42b16-3d00-4ef5-8eb8-ec52c3234e4f: no agents available; will retry on subsequent port and subnet creation events.
2026-06-13 02:27:58.690 7 INFO neutron.db.ovn_revision_numbers_db [req-f4d2d87f-5116-4dc3-aade-3bc112e2d65e req-03a880ee-c5f1-436c-a42d-96f184d0a137 c2564763b3a04477b239da8f55c91398 fa903063a82647baa6a7acdb49881a70 - - default default] Successfully bumped revision number for resource 8afcf734-3576-4a65-8de7-3009982bddeb (type: ports) to 1 [pid: 7|app: 0|req: 875/1711] 199.204.45.3 () {38 vars in 953 bytes} [Sat Jun 13 02:27:58 2026] POST /v2.0/ports => generated 958 bytes in 578 msecs (HTTP/1.1 201) 4 headers in 162 bytes (1 switches on core 0) /var/lib/openstack/lib/python3.12/site-packages/pycadf/identifier.py:70: UserWarning: Invalid uuid: neutron. To ensure interoperability, identifiers should be a valid uuid. warnings.warn(('Invalid uuid: %s. To ensure interoperability, ' [pid: 7|app: 0|req: 876/1712] 10.0.0.77 () {34 vars in 989 bytes} [Sat Jun 13 02:27:58 2026] GET /v2.0/ports?device_id=a9c4f2f9-6db2-4f7f-bc46-f6e8e21a3403 => generated 961 bytes in 68 msecs (HTTP/1.1 200) 4 headers in 157 bytes (1 switches on core 0)
2026-06-13 02:27:58.887 8 WARNING neutron.scheduler.dhcp_agent_scheduler [None req-16c817cb-e003-4b45-ab4b-e3fa93b331f2 752f34d010234fa78f705674f68537f3 60b1669624e042f493b91430749ca002 - - default default] No more DHCP agents
2026-06-13 02:27:58.888 8 WARNING neutron.api.rpc.agentnotifiers.dhcp_rpc_agent_api [None req-16c817cb-e003-4b45-ab4b-e3fa93b331f2 752f34d010234fa78f705674f68537f3 60b1669624e042f493b91430749ca002 - - default default] Unable to schedule network 5622064a-b6b7-4359-920c-fdbae4ba5842: no agents available; will retry on subsequent port and subnet creation events.
2026-06-13 02:27:59.323 7 INFO neutron.db.ovn_revision_numbers_db [req-f4d2d87f-5116-4dc3-aade-3bc112e2d65e req-c63e134c-9c9e-4be6-8a46-06a19a03c32a ff8c80fc18454b8ea56f439b63e629c0 a14f73df42374fe798cb7f4630e2d449 - - 61f9ad37d73b4c008c796ac96f36e1ee 61f9ad37d73b4c008c796ac96f36e1ee] Successfully bumped revision number for resource 8afcf734-3576-4a65-8de7-3009982bddeb (type: ports) to 2
2026-06-13 02:27:59.409 8 INFO neutron.db.ovn_revision_numbers_db [None req-16c817cb-e003-4b45-ab4b-e3fa93b331f2 752f34d010234fa78f705674f68537f3 60b1669624e042f493b91430749ca002 - - default default] Successfully bumped revision number for resource 4b4a9a94-ff47-442b-b1a7-6a0e78aa5ebf (type: router_ports) to 1 [pid: 8|app: 0|req: 837/1713] 10.0.0.51 () {34 vars in 782 bytes} [Sat Jun 13 02:27:57 2026] PUT /v2.0/routers/4b7e5a6c-bfbd-4fd5-b600-7df1bf39fa3f/add_router_interface => generated 309 bytes in 2249 msecs (HTTP/1.1 200) 4 headers in 157 bytes (1 switches on core 0) [pid: 8|app: 0|req: 838/1714] 10.0.0.77 () {34 vars in 1039 bytes} [Sat Jun 13 02:27:59 2026] GET /v2.0/security-groups?id=bdbab76a-e3c3-40e3-a92d-f05e692c33c5&fields=id&fields=name => generated 88 bytes in 36 msecs (HTTP/1.1 200) 4 headers in 156 bytes (1 switches on core 0)
2026-06-13 02:27:59.683 7 INFO neutron.db.ovn_revision_numbers_db [req-f4d2d87f-5116-4dc3-aade-3bc112e2d65e req-c63e134c-9c9e-4be6-8a46-06a19a03c32a ff8c80fc18454b8ea56f439b63e629c0 a14f73df42374fe798cb7f4630e2d449 - - 61f9ad37d73b4c008c796ac96f36e1ee 61f9ad37d73b4c008c796ac96f36e1ee] Successfully bumped revision number for resource 8afcf734-3576-4a65-8de7-3009982bddeb (type: ports) to 4 [pid: 7|app: 0|req: 877/1715] 199.204.45.3 () {38 vars in 1026 bytes} [Sat Jun 13 02:27:58 2026] PUT /v2.0/ports/8afcf734-3576-4a65-8de7-3009982bddeb => generated 1208 bytes in 889 msecs (HTTP/1.1 200) 4 headers in 158 bytes (1 switches on core 0)
2026-06-13 02:27:59.755 7 INFO neutron.notifiers.nova [-] Nova event matching ['req-9406c8d6-4eb4-4ea3-b74f-5d5b13373be8'] response: {'name': 'network-changed', 'server_uuid': 'a9c4f2f9-6db2-4f7f-bc46-f6e8e21a3403', 'tag': '8afcf734-3576-4a65-8de7-3009982bddeb', 'status': 'completed', 'code': 200}
2026-06-13 02:27:59.789 8 WARNING neutron.scheduler.dhcp_agent_scheduler [None req-a5092b96-2aa6-4b33-bc7c-ab1cb57a0903 752f34d010234fa78f705674f68537f3 60b1669624e042f493b91430749ca002 - - default default] No more DHCP agents
2026-06-13 02:27:59.791 8 WARNING neutron.api.rpc.agentnotifiers.dhcp_rpc_agent_api [None req-a5092b96-2aa6-4b33-bc7c-ab1cb57a0903 752f34d010234fa78f705674f68537f3 60b1669624e042f493b91430749ca002 - - default default] Unable to schedule network 5622064a-b6b7-4359-920c-fdbae4ba5842: no agents available; will retry on subsequent port and subnet creation events.
2026-06-13 02:27:59.983 8 INFO neutron.db.ovn_revision_numbers_db [None req-a5092b96-2aa6-4b33-bc7c-ab1cb57a0903 752f34d010234fa78f705674f68537f3 60b1669624e042f493b91430749ca002 - - default default] Successfully bumped revision number for resource 791956eb-faf9-4128-ad1c-36df6cb96fb2 (type: ports) to 1 [pid: 8|app: 0|req: 839/1716] 10.0.0.51 () {34 vars in 664 bytes} [Sat Jun 13 02:27:59 2026] POST /v2.0/ports => generated 955 bytes in 612 msecs (HTTP/1.1 201) 4 headers in 162 bytes (1 switches on core 0) /var/lib/openstack/lib/python3.12/site-packages/pycadf/identifier.py:70: UserWarning: Invalid uuid: neutron. To ensure interoperability, identifiers should be a valid uuid. warnings.warn(('Invalid uuid: %s. To ensure interoperability, ' /var/lib/openstack/lib/python3.12/site-packages/pycadf/identifier.py:70: UserWarning: Invalid uuid: neutron. To ensure interoperability, identifiers should be a valid uuid. warnings.warn(('Invalid uuid: %s. To ensure interoperability, '
2026-06-13 02:28:00.397 8 WARNING neutron.scheduler.dhcp_agent_scheduler [None req-a6e42da5-0565-4b51-8532-55ec07a23e08 752f34d010234fa78f705674f68537f3 60b1669624e042f493b91430749ca002 - - default default] No more DHCP agents
2026-06-13 02:28:00.398 8 WARNING neutron.api.rpc.agentnotifiers.dhcp_rpc_agent_api [None req-a6e42da5-0565-4b51-8532-55ec07a23e08 752f34d010234fa78f705674f68537f3 60b1669624e042f493b91430749ca002 - - default default] Unable to schedule network 5622064a-b6b7-4359-920c-fdbae4ba5842: no agents available; will retry on subsequent port and subnet creation events.
2026-06-13 02:28:00.482 7 INFO neutron.db.ovn_revision_numbers_db [None req-3c914e55-0bc0-4191-9520-140337374dd4 b184f9a1ec1a4d5b9a285543c5715f09 9f8566e2308a48e2a1d1412a958c409c - - default default] Successfully bumped revision number for resource e826e5b9-419e-4df0-8596-1f2ffa2c19d6 (type: security_groups) to 1
2026-06-13 02:28:00.496 7 INFO neutron.db.ovn_revision_numbers_db [None req-3c914e55-0bc0-4191-9520-140337374dd4 b184f9a1ec1a4d5b9a285543c5715f09 9f8566e2308a48e2a1d1412a958c409c - - default default] Successfully bumped revision number for resource 3ac1a7aa-be20-4026-807c-277469c847b0 (type: security_group_rules) to 0
2026-06-13 02:28:00.509 7 INFO neutron.db.ovn_revision_numbers_db [None req-3c914e55-0bc0-4191-9520-140337374dd4 b184f9a1ec1a4d5b9a285543c5715f09 9f8566e2308a48e2a1d1412a958c409c - - default default] Successfully bumped revision number for resource 3dd6d6ca-4a87-4b1b-a5cf-ad71be6fe09b (type: security_group_rules) to 0
2026-06-13 02:28:00.521 7 INFO neutron.db.ovn_revision_numbers_db [None req-3c914e55-0bc0-4191-9520-140337374dd4 b184f9a1ec1a4d5b9a285543c5715f09 9f8566e2308a48e2a1d1412a958c409c - - default default] Successfully bumped revision number for resource 8919c028-fbb8-4e2c-bd3e-e51c95ea9c11 (type: security_group_rules) to 0
2026-06-13 02:28:00.551 7 INFO neutron.db.ovn_revision_numbers_db [None req-3c914e55-0bc0-4191-9520-140337374dd4 b184f9a1ec1a4d5b9a285543c5715f09 9f8566e2308a48e2a1d1412a958c409c - - default default] Successfully bumped revision number for resource dc0169e9-26f0-4741-956b-6c118f04836c (type: security_group_rules) to 0 [pid: 7|app: 0|req: 878/1717] 10.0.0.51 () {32 vars in 773 bytes} [Sat Jun 13 02:28:00 2026] GET /v2.0/security-groups?tenant_id=f98a3788c735424193a36c8595c83fbc&name=default => generated 2925 bytes in 590 msecs (HTTP/1.1 200) 4 headers in 158 bytes (1 switches on core 0)
2026-06-13 02:28:00.620 8 INFO neutron.db.ovn_revision_numbers_db [None req-a6e42da5-0565-4b51-8532-55ec07a23e08 752f34d010234fa78f705674f68537f3 60b1669624e042f493b91430749ca002 - - default default] Successfully bumped revision number for resource 25e3434e-215b-439f-89ac-7c608b306b73 (type: ports) to 1 [pid: 8|app: 0|req: 840/1718] 10.0.0.51 () {34 vars in 664 bytes} [Sat Jun 13 02:28:00 2026] POST /v2.0/ports => generated 958 bytes in 575 msecs (HTTP/1.1 201) 4 headers in 162 bytes (1 switches on core 0) /var/lib/openstack/lib/python3.12/site-packages/pycadf/identifier.py:70: UserWarning: Invalid uuid: neutron. To ensure interoperability, identifiers should be a valid uuid. warnings.warn(('Invalid uuid: %s. To ensure interoperability, ' [pid: 7|app: 0|req: 879/1719] 199.204.45.3 () {34 vars in 1078 bytes} [Sat Jun 13 02:28:00 2026] GET /v2.0/ports?tenant_id=fa903063a82647baa6a7acdb49881a70&device_id=a9c4f2f9-6db2-4f7f-bc46-f6e8e21a3403 => generated 1211 bytes in 49 msecs (HTTP/1.1 200) 4 headers in 158 bytes (1 switches on core 0) [pid: 8|app: 0|req: 841/1720] 10.0.0.77 () {34 vars in 989 bytes} [Sat Jun 13 02:28:00 2026] GET /v2.0/ports?device_id=a9c4f2f9-6db2-4f7f-bc46-f6e8e21a3403 => generated 973 bytes in 94 msecs (HTTP/1.1 200) 4 headers in 157 bytes (1 switches on core 0) [pid: 7|app: 0|req: 880/1721] 10.0.0.51 () {32 vars in 739 bytes} [Sat Jun 13 02:28:00 2026] DELETE /v2.0/security-groups/e826e5b9-419e-4df0-8596-1f2ffa2c19d6 => generated 0 bytes in 295 msecs (HTTP/1.1 204) 2 headers in 112 bytes (1 switches on core 0) [pid: 7|app: 0|req: 881/1722] 199.204.45.3 () {34 vars in 1016 bytes} [Sat Jun 13 02:28:00 2026] GET /v2.0/networks?tenant_id=fa903063a82647baa6a7acdb49881a70&shared=False => generated 810 bytes in 44 msecs (HTTP/1.1 200) 4 headers in 157 bytes (1 switches on core 0)
2026-06-13 02:28:01.032 8 WARNING neutron.scheduler.dhcp_agent_scheduler [None req-83f46835-c0e1-4411-ab69-9ce5e54b0935 752f34d010234fa78f705674f68537f3 60b1669624e042f493b91430749ca002 - - default default] No more DHCP agents [pid: 7|app: 0|req: 882/1723] 10.0.0.77 () {34 vars in 1039 bytes} [Sat Jun 13 02:28:01 2026] GET /v2.0/security-groups?id=bdbab76a-e3c3-40e3-a92d-f05e692c33c5&fields=id&fields=name => generated 88 bytes in 29 msecs (HTTP/1.1 200) 4 headers in 156 bytes (1 switches on core 0)
2026-06-13 02:28:01.034 8 WARNING neutron.api.rpc.agentnotifiers.dhcp_rpc_agent_api [None req-83f46835-c0e1-4411-ab69-9ce5e54b0935 752f34d010234fa78f705674f68537f3 60b1669624e042f493b91430749ca002 - - default default] Unable to schedule network d6f3cc5a-ccad-4ca5-b996-384aa842b1d3: no agents available; will retry on subsequent port and subnet creation events. [pid: 7|app: 0|req: 883/1724] 199.204.45.3 () {34 vars in 928 bytes} [Sat Jun 13 02:28:01 2026] GET /v2.0/networks?shared=True => generated 791 bytes in 41 msecs (HTTP/1.1 200) 4 headers in 157 bytes (1 switches on core 0)
2026-06-13 02:28:01.293 7 INFO neutron.db.ovn_revision_numbers_db [None req-ba1157f1-069e-4e2a-a1ec-9f2e046632da b184f9a1ec1a4d5b9a285543c5715f09 9f8566e2308a48e2a1d1412a958c409c - - default default] Successfully bumped revision number for resource b0f53459-e568-4587-8b8c-80e0f09aefdb (type: security_groups) to 1
2026-06-13 02:28:01.310 7 INFO neutron.db.ovn_revision_numbers_db [None req-ba1157f1-069e-4e2a-a1ec-9f2e046632da b184f9a1ec1a4d5b9a285543c5715f09 9f8566e2308a48e2a1d1412a958c409c - - default default] Successfully bumped revision number for resource 05b6e13c-eba6-4c86-bbbe-e22f22e71739 (type: security_group_rules) to 0
2026-06-13 02:28:01.325 7 INFO neutron.db.ovn_revision_numbers_db [None req-ba1157f1-069e-4e2a-a1ec-9f2e046632da b184f9a1ec1a4d5b9a285543c5715f09 9f8566e2308a48e2a1d1412a958c409c - - default default] Successfully bumped revision number for resource 0c2d8cb6-8f26-4ec6-bfcb-801df24e3254 (type: security_group_rules) to 0
2026-06-13 02:28:01.341 7 INFO neutron.db.ovn_revision_numbers_db [None req-ba1157f1-069e-4e2a-a1ec-9f2e046632da b184f9a1ec1a4d5b9a285543c5715f09 9f8566e2308a48e2a1d1412a958c409c - - default default] Successfully bumped revision number for resource 32cf0a13-1a0d-4507-88cb-b6d8ef1dfb66 (type: security_group_rules) to 0
