2026-06-13 02:26:05.833 7 INFO neutron.db.ovn_revision_numbers_db [None req-08379ac8-9f03-4f7b-8b84-b7ac5cddc560 67680c690bff4699ac0fea701ffa1567 74b96b1e1f5b46d5b47a78af79689fef - - default default] Successfully bumped revision number for resource 8bb3ec61-097b-458d-94f7-96fcd9c07b68 (type: networks) to 1 [pid: 8|app: 0|req: 479/928] 199.204.45.3 () {34 vars in 982 bytes} [Sat Jun 13 02:26:05 2026] GET /v2.0/subnets?id=ee49a544-1da2-42c2-a88d-9c9137079054 => generated 702 bytes in 28 msecs (HTTP/1.1 200) 4 headers in 157 bytes (1 switches on core 0) [pid: 8|app: 0|req: 480/929] 199.204.45.3 () {34 vars in 1050 bytes} [Sat Jun 13 02:26:05 2026] GET /v2.0/ports?network_id=719c597e-3b26-4ef9-a50c-a14d04a4a4ae&device_owner=network%3Adhcp => generated 12 bytes in 23 msecs (HTTP/1.1 200) 4 headers in 156 bytes (1 switches on core 0) [pid: 8|app: 0|req: 481/930] 199.204.45.3 () {34 vars in 1010 bytes} [Sat Jun 13 02:26:05 2026] GET /v2.0/networks/719c597e-3b26-4ef9-a50c-a14d04a4a4ae?fields=segments => generated 14 bytes in 58 msecs (HTTP/1.1 200) 4 headers in 156 bytes (1 switches on core 0) [pid: 8|app: 0|req: 482/931] 199.204.45.3 () {34 vars in 1110 bytes} [Sat Jun 13 02:26:05 2026] GET /v2.0/networks/719c597e-3b26-4ef9-a50c-a14d04a4a4ae?fields=provider%3Aphysical_network&fields=provider%3Anetwork_type => generated 79 bytes in 43 msecs (HTTP/1.1 200) 4 headers in 156 bytes (1 switches on core 0)
2026-06-13 02:26:06.023 7 WARNING neutron.scheduler.dhcp_agent_scheduler [None req-08379ac8-9f03-4f7b-8b84-b7ac5cddc560 67680c690bff4699ac0fea701ffa1567 74b96b1e1f5b46d5b47a78af79689fef - - default default] No more DHCP agents
2026-06-13 02:26:06.024 7 WARNING neutron.api.rpc.agentnotifiers.dhcp_rpc_agent_api [None req-08379ac8-9f03-4f7b-8b84-b7ac5cddc560 67680c690bff4699ac0fea701ffa1567 74b96b1e1f5b46d5b47a78af79689fef - - default default] Unable to schedule network 8bb3ec61-097b-458d-94f7-96fcd9c07b68: no agents available; will retry on subsequent port and subnet creation events.
2026-06-13 02:26:06.101 7 INFO neutron.plugins.ml2.drivers.ovn.mech_driver.mech_driver [None req-7cc6ebb3-00e8-49a5-9a6e-cd6ca9e0ffdc - - - - - -] OVN reports status down for port: bdb33a2a-a594-43a2-84ca-79ea513ac393
2026-06-13 02:26:06.176 7 INFO neutron.db.ovn_revision_numbers_db [None req-08379ac8-9f03-4f7b-8b84-b7ac5cddc560 67680c690bff4699ac0fea701ffa1567 74b96b1e1f5b46d5b47a78af79689fef - - default default] Successfully bumped revision number for resource bdb33a2a-a594-43a2-84ca-79ea513ac393 (type: ports) to 1 [pid: 7|app: 0|req: 450/932] 10.0.0.51 () {34 vars in 669 bytes} [Sat Jun 13 02:26:04 2026] POST /v2.0/networks => generated 1320 bytes in 2216 msecs (HTTP/1.1 201) 4 headers in 163 bytes (1 switches on core 0) /var/lib/openstack/lib/python3.12/site-packages/pycadf/identifier.py:70: UserWarning: Invalid uuid: neutron. To ensure interoperability, identifiers should be a valid uuid. warnings.warn(('Invalid uuid: %s. To ensure interoperability, ' [pid: 8|app: 0|req: 483/933] 10.0.0.51 () {32 vars in 739 bytes} [Sat Jun 13 02:26:06 2026] DELETE /v2.0/security-groups/326aecd8-75fd-4273-8e80-c23e7155142d => generated 0 bytes in 240 msecs (HTTP/1.1 204) 2 headers in 112 bytes (1 switches on core 0) [pid: 7|app: 0|req: 451/934] 10.0.0.41 () {34 vars in 989 bytes} [Sat Jun 13 02:26:06 2026] GET /v2.0/ports?device_id=a36f33e7-efb4-46d8-bafb-b9a14a5a9727 => generated 1209 bytes in 186 msecs (HTTP/1.1 200) 4 headers in 158 bytes (1 switches on core 0)
2026-06-13 02:26:06.452 7 INFO neutron.api.v2.resource [None req-0aa290eb-63fb-4de1-aa6e-8a1a16dd7790 446850a195594223a683ddaf7a35cd69 bd86d74bdde6481da9162a50bfb549ab - - default default] show failed (client error): The resource could not be found. [pid: 7|app: 0|req: 452/935] 10.0.0.51 () {32 vars in 736 bytes} [Sat Jun 13 02:26:06 2026] GET /v2.0/security-groups/326aecd8-75fd-4273-8e80-c23e7155142d => generated 146 bytes in 22 msecs (HTTP/1.1 404) 4 headers in 164 bytes (1 switches on core 0) [pid: 7|app: 0|req: 453/936] 10.0.0.41 () {34 vars in 1039 bytes} [Sat Jun 13 02:26:06 2026] GET /v2.0/security-groups?id=d543fedf-2815-4a4b-8812-4f558e0285d7&fields=id&fields=name => generated 113 bytes in 45 msecs (HTTP/1.1 200) 4 headers in 157 bytes (1 switches on core 0) [pid: 8|app: 0|req: 484/937] 10.0.0.51 () {32 vars in 648 bytes} [Sat Jun 13 02:26:06 2026] GET /v2.0/networks => generated 1969 bytes in 81 msecs (HTTP/1.1 200) 4 headers in 158 bytes (1 switches on core 0)
2026-06-13 02:26:06.648 8 INFO neutron_taas.services.taas.taas_plugin [None req-592067ff-54cf-4d92-9a6c-a388e7348fc4 67680c690bff4699ac0fea701ffa1567 74b96b1e1f5b46d5b47a78af79689fef - - default default] TaaS: Handle Delete Port: bc1c9d7b-b621-4971-aded-b2c47906beb1
2026-06-13 02:26:06.651 8 INFO neutron_taas.services.taas.tap_mirror_plugin [None req-592067ff-54cf-4d92-9a6c-a388e7348fc4 67680c690bff4699ac0fea701ffa1567 74b96b1e1f5b46d5b47a78af79689fef - - default default] Tap Mirror: Handle Delete Port: bc1c9d7b-b621-4971-aded-b2c47906beb1
2026-06-13 02:26:06.667 7 INFO neutron_taas.services.taas.taas_plugin [None req-4c24946a-e97e-48a0-a8f3-668632258c90 446850a195594223a683ddaf7a35cd69 bd86d74bdde6481da9162a50bfb549ab - - default default] TaaS: Handle Delete Port: 997b04d9-36d5-4c8b-aeae-b59b86ab1da2
2026-06-13 02:26:06.670 7 INFO neutron_taas.services.taas.tap_mirror_plugin [None req-4c24946a-e97e-48a0-a8f3-668632258c90 446850a195594223a683ddaf7a35cd69 bd86d74bdde6481da9162a50bfb549ab - - default default] Tap Mirror: Handle Delete Port: 997b04d9-36d5-4c8b-aeae-b59b86ab1da2
2026-06-13 02:26:06.839 8 INFO neutron.services.segments.plugin [-] Segment 10b3c773-647e-4669-bc5b-2f6629f3fca6 resource provider aggregate not found
2026-06-13 02:26:06.850 8 INFO neutron.services.segments.plugin [-] Segment 10b3c773-647e-4669-bc5b-2f6629f3fca6 resource provider aggregate not found [pid: 7|app: 0|req: 454/938] 10.0.0.51 () {32 vars in 731 bytes} [Sat Jun 13 02:26:06 2026] DELETE /v2.0/floatingips/9ac0673e-1768-41c6-b6d4-fa4822a5134d => generated 0 bytes in 355 msecs (HTTP/1.1 204) 2 headers in 112 bytes (1 switches on core 0)
2026-06-13 02:26:06.874 8 INFO neutron.services.segments.plugin [-] Segment 10b3c773-647e-4669-bc5b-2f6629f3fca6 resource provider not found; error: Placement Client Error (4xx): {"errors": [{"status": 404, "title": "Not Found", "detail": "The resource could not be found.\n\n No resource provider with uuid 10b3c773-647e-4669-bc5b-2f6629f3fca6 found for delete ", "request_id": "req-7906012f-f077-4780-b505-d8d41b7a418f"}]}
2026-06-13 02:26:06.876 8 INFO neutron.services.segments.plugin [-] Segment 10b3c773-647e-4669-bc5b-2f6629f3fca6 resource provider not found; error: Placement Client Error (4xx): {"errors": [{"status": 404, "title": "Not Found", "detail": "The resource could not be found.\n\n No resource provider with uuid 10b3c773-647e-4669-bc5b-2f6629f3fca6 found for delete ", "request_id": "req-1597ff24-4fd7-4334-a67a-92d81671913c"}]} [pid: 8|app: 0|req: 485/939] 10.0.0.51 () {32 vars in 725 bytes} [Sat Jun 13 02:26:06 2026] DELETE /v2.0/networks/f79d6a4a-6e4c-42c0-9208-01307cef0fa2 => generated 0 bytes in 409 msecs (HTTP/1.1 204) 3 headers in 131 bytes (1 switches on core 0)
2026-06-13 02:26:07.047 8 INFO neutron_taas.services.taas.taas_plugin [None req-31c65b6e-c94f-44dd-b98e-1d4add1881cf 67680c690bff4699ac0fea701ffa1567 74b96b1e1f5b46d5b47a78af79689fef - - default default] TaaS: Handle Delete Port: bdb33a2a-a594-43a2-84ca-79ea513ac393
2026-06-13 02:26:07.049 8 INFO neutron_taas.services.taas.tap_mirror_plugin [None req-31c65b6e-c94f-44dd-b98e-1d4add1881cf 67680c690bff4699ac0fea701ffa1567 74b96b1e1f5b46d5b47a78af79689fef - - default default] Tap Mirror: Handle Delete Port: bdb33a2a-a594-43a2-84ca-79ea513ac393
2026-06-13 02:26:07.216 7 INFO neutron_taas.services.taas.taas_plugin [None req-7c37a1d4-7464-4351-93a3-1faa4fedfe69 b184f9a1ec1a4d5b9a285543c5715f09 9f8566e2308a48e2a1d1412a958c409c - - default default] TaaS: Handle Delete Port: 0ca6ce43-d0ef-4696-947f-be04ef2dbe13
2026-06-13 02:26:07.221 7 INFO neutron_taas.services.taas.tap_mirror_plugin [None req-7c37a1d4-7464-4351-93a3-1faa4fedfe69 b184f9a1ec1a4d5b9a285543c5715f09 9f8566e2308a48e2a1d1412a958c409c - - default default] Tap Mirror: Handle Delete Port: 0ca6ce43-d0ef-4696-947f-be04ef2dbe13 [pid: 8|app: 0|req: 486/940] 10.0.0.51 () {32 vars in 725 bytes} [Sat Jun 13 02:26:06 2026] DELETE /v2.0/networks/8bb3ec61-097b-458d-94f7-96fcd9c07b68 => generated 0 bytes in 360 msecs (HTTP/1.1 204) 3 headers in 131 bytes (1 switches on core 0) [pid: 8|app: 0|req: 487/941] 10.0.0.51 () {32 vars in 648 bytes} [Sat Jun 13 02:26:07 2026] GET /v2.0/networks => generated 689 bytes in 58 msecs (HTTP/1.1 200) 4 headers in 157 bytes (1 switches on core 0)
2026-06-13 02:26:07.468 8 INFO neutron.db.segments_db [None req-b5990cd4-e848-4fd2-a0d6-869bb4b89682 67680c690bff4699ac0fea701ffa1567 74b96b1e1f5b46d5b47a78af79689fef - - default default] Added segment 56926f53-1311-4859-8ef8-ea80b2fdcd5a of type geneve for network 0ce805cd-c7e9-4f79-b902-2132e8ed9ac1
2026-06-13 02:26:07.628 8 INFO neutron.db.ovn_revision_numbers_db [None req-b5990cd4-e848-4fd2-a0d6-869bb4b89682 67680c690bff4699ac0fea701ffa1567 74b96b1e1f5b46d5b47a78af79689fef - - default default] Successfully bumped revision number for resource 0ce805cd-c7e9-4f79-b902-2132e8ed9ac1 (type: networks) to 1
2026-06-13 02:26:07.839 8 WARNING neutron.scheduler.dhcp_agent_scheduler [None req-b5990cd4-e848-4fd2-a0d6-869bb4b89682 67680c690bff4699ac0fea701ffa1567 74b96b1e1f5b46d5b47a78af79689fef - - default default] No more DHCP agents
2026-06-13 02:26:07.841 8 WARNING neutron.api.rpc.agentnotifiers.dhcp_rpc_agent_api [None req-b5990cd4-e848-4fd2-a0d6-869bb4b89682 67680c690bff4699ac0fea701ffa1567 74b96b1e1f5b46d5b47a78af79689fef - - default default] Unable to schedule network 0ce805cd-c7e9-4f79-b902-2132e8ed9ac1: no agents available; will retry on subsequent port and subnet creation events.
2026-06-13 02:26:07.951 8 INFO neutron.db.ovn_revision_numbers_db [None req-b5990cd4-e848-4fd2-a0d6-869bb4b89682 67680c690bff4699ac0fea701ffa1567 74b96b1e1f5b46d5b47a78af79689fef - - default default] Successfully bumped revision number for resource 648e2f77-62bc-46c9-a2fe-17a4f3ebe54d (type: ports) to 1
2026-06-13 02:26:07.952 7 INFO neutron.plugins.ml2.drivers.ovn.mech_driver.mech_driver [None req-7cc6ebb3-00e8-49a5-9a6e-cd6ca9e0ffdc - - - - - -] OVN reports status down for port: 648e2f77-62bc-46c9-a2fe-17a4f3ebe54d [pid: 8|app: 0|req: 488/942] 10.0.0.51 () {34 vars in 669 bytes} [Sat Jun 13 02:26:07 2026] POST /v2.0/networks => generated 692 bytes in 613 msecs (HTTP/1.1 201) 4 headers in 162 bytes (1 switches on core 0) [pid: 7|app: 0|req: 455/943] 10.0.0.51 () {34 vars in 788 bytes} [Sat Jun 13 02:26:06 2026] PUT /v2.0/routers/121acf5d-f93f-4dab-a5d8-46b4934dd5ac/remove_router_interface => generated 309 bytes in 1204 msecs (HTTP/1.1 200) 4 headers in 157 bytes (1 switches on core 0) /var/lib/openstack/lib/python3.12/site-packages/pycadf/identifier.py:70: UserWarning: Invalid uuid: neutron. To ensure interoperability, identifiers should be a valid uuid. warnings.warn(('Invalid uuid: %s. To ensure interoperability, '
2026-06-13 02:26:08.086 8 INFO neutron.db.segments_db [None req-6ad5cd85-bbd2-4176-9732-3f276d0dba16 67680c690bff4699ac0fea701ffa1567 74b96b1e1f5b46d5b47a78af79689fef - - default default] Added segment d6284e15-fd1b-4f2c-8183-9a49c313e2d6 of type geneve for network c98797a1-98fa-429c-9f64-979abd81bba0
2026-06-13 02:26:08.232 8 INFO neutron.db.ovn_revision_numbers_db [None req-6ad5cd85-bbd2-4176-9732-3f276d0dba16 67680c690bff4699ac0fea701ffa1567 74b96b1e1f5b46d5b47a78af79689fef - - default default] Successfully bumped revision number for resource c98797a1-98fa-429c-9f64-979abd81bba0 (type: networks) to 1
2026-06-13 02:26:08.428 8 WARNING neutron.scheduler.dhcp_agent_scheduler [None req-6ad5cd85-bbd2-4176-9732-3f276d0dba16 67680c690bff4699ac0fea701ffa1567 74b96b1e1f5b46d5b47a78af79689fef - - default default] No more DHCP agents
2026-06-13 02:26:08.429 8 WARNING neutron.api.rpc.agentnotifiers.dhcp_rpc_agent_api [None req-6ad5cd85-bbd2-4176-9732-3f276d0dba16 67680c690bff4699ac0fea701ffa1567 74b96b1e1f5b46d5b47a78af79689fef - - default default] Unable to schedule network c98797a1-98fa-429c-9f64-979abd81bba0: no agents available; will retry on subsequent port and subnet creation events.
2026-06-13 02:26:08.514 7 INFO neutron.plugins.ml2.drivers.ovn.mech_driver.mech_driver [None req-7cc6ebb3-00e8-49a5-9a6e-cd6ca9e0ffdc - - - - - -] OVN reports status down for port: 12ad93c4-9e9c-470a-bc2f-0a6c23e03810
2026-06-13 02:26:08.537 8 INFO neutron.db.ovn_revision_numbers_db [None req-6ad5cd85-bbd2-4176-9732-3f276d0dba16 67680c690bff4699ac0fea701ffa1567 74b96b1e1f5b46d5b47a78af79689fef - - default default] Successfully bumped revision number for resource 12ad93c4-9e9c-470a-bc2f-0a6c23e03810 (type: ports) to 1
2026-06-13 02:26:08.542 7 INFO neutron_taas.services.taas.taas_plugin [None req-a64f003b-a12e-4ba0-b54e-9e5ac3793340 b184f9a1ec1a4d5b9a285543c5715f09 9f8566e2308a48e2a1d1412a958c409c - - default default] TaaS: Handle Delete Port: b5a6f1f5-16ea-4c6a-a432-9e409de87106
2026-06-13 02:26:08.552 7 INFO neutron_taas.services.taas.tap_mirror_plugin [None req-a64f003b-a12e-4ba0-b54e-9e5ac3793340 b184f9a1ec1a4d5b9a285543c5715f09 9f8566e2308a48e2a1d1412a958c409c - - default default] Tap Mirror: Handle Delete Port: b5a6f1f5-16ea-4c6a-a432-9e409de87106 [pid: 8|app: 0|req: 489/944] 10.0.0.51 () {34 vars in 669 bytes} [Sat Jun 13 02:26:07 2026] POST /v2.0/networks => generated 691 bytes in 584 msecs (HTTP/1.1 201) 4 headers in 162 bytes (1 switches on core 0)
2026-06-13 02:26:08.903 8 INFO neutron.services.segments.plugin [-] Segment d44e2f42-6047-451e-8853-cd549ed8176c resource provider aggregate not found
2026-06-13 02:26:08.916 8 INFO neutron.services.segments.plugin [-] Segment d44e2f42-6047-451e-8853-cd549ed8176c resource provider aggregate not found
2026-06-13 02:26:08.927 8 INFO neutron.services.segments.plugin [-] Segment d44e2f42-6047-451e-8853-cd549ed8176c resource provider not found; error: Placement Client Error (4xx): {"errors": [{"status": 404, "title": "Not Found", "detail": "The resource could not be found.\n\n No resource provider with uuid d44e2f42-6047-451e-8853-cd549ed8176c found for delete ", "request_id": "req-0c24234d-9859-4420-bd6b-62d5f7b232e2"}]}
2026-06-13 02:26:08.942 8 INFO neutron.services.segments.plugin [-] Segment d44e2f42-6047-451e-8853-cd549ed8176c resource provider not found; error: Placement Client Error (4xx): {"errors": [{"status": 404, "title": "Not Found", "detail": "The resource could not be found.\n\n No resource provider with uuid d44e2f42-6047-451e-8853-cd549ed8176c found for delete ", "request_id": "req-ffb136cc-8588-4adb-a7ab-b9ff1490d19e"}]}
2026-06-13 02:26:09.099 8 WARNING neutron.scheduler.dhcp_agent_scheduler [None req-2aceac66-8f94-47c5-acda-6c279517f634 67680c690bff4699ac0fea701ffa1567 74b96b1e1f5b46d5b47a78af79689fef - - default default] No more DHCP agents
2026-06-13 02:26:09.102 8 WARNING neutron.api.rpc.agentnotifiers.dhcp_rpc_agent_api [None req-2aceac66-8f94-47c5-acda-6c279517f634 67680c690bff4699ac0fea701ffa1567 74b96b1e1f5b46d5b47a78af79689fef - - default default] Unable to schedule network 0ce805cd-c7e9-4f79-b902-2132e8ed9ac1: no agents available; will retry on subsequent port and subnet creation events. [pid: 7|app: 0|req: 456/945] 10.0.0.51 () {32 vars in 723 bytes} [Sat Jun 13 02:26:08 2026] DELETE /v2.0/routers/121acf5d-f93f-4dab-a5d8-46b4934dd5ac => generated 0 bytes in 1040 msecs (HTTP/1.1 204) 2 headers in 112 bytes (1 switches on core 0)
2026-06-13 02:26:09.256 7 INFO neutron.plugins.ml2.drivers.ovn.mech_driver.mech_driver [None req-7cc6ebb3-00e8-49a5-9a6e-cd6ca9e0ffdc - - - - - -] OVN reports status down for port: b5e8547d-e6eb-424f-9802-aab9eed0593c
2026-06-13 02:26:09.276 8 INFO neutron.db.ovn_revision_numbers_db [None req-2aceac66-8f94-47c5-acda-6c279517f634 67680c690bff4699ac0fea701ffa1567 74b96b1e1f5b46d5b47a78af79689fef - - default default] Successfully bumped revision number for resource b5e8547d-e6eb-424f-9802-aab9eed0593c (type: ports) to 1
2026-06-13 02:26:09.319 8 WARNING neutron.scheduler.dhcp_agent_scheduler [None req-2aceac66-8f94-47c5-acda-6c279517f634 67680c690bff4699ac0fea701ffa1567 74b96b1e1f5b46d5b47a78af79689fef - - default default] No more DHCP agents
2026-06-13 02:26:09.320 8 WARNING neutron.api.rpc.agentnotifiers.dhcp_rpc_agent_api [None req-2aceac66-8f94-47c5-acda-6c279517f634 67680c690bff4699ac0fea701ffa1567 74b96b1e1f5b46d5b47a78af79689fef - - default default] Unable to schedule network c98797a1-98fa-429c-9f64-979abd81bba0: no agents available; will retry on subsequent port and subnet creation events.
2026-06-13 02:26:09.469 8 INFO neutron.db.ovn_revision_numbers_db [None req-2aceac66-8f94-47c5-acda-6c279517f634 67680c690bff4699ac0fea701ffa1567 74b96b1e1f5b46d5b47a78af79689fef - - default default] Successfully bumped revision number for resource 255f0c6d-fa97-48e8-89c8-f6d361af10a6 (type: ports) to 1
2026-06-13 02:26:09.489 7 INFO neutron.plugins.ml2.drivers.ovn.mech_driver.mech_driver [None req-7cc6ebb3-00e8-49a5-9a6e-cd6ca9e0ffdc - - - - - -] OVN reports status down for port: 255f0c6d-fa97-48e8-89c8-f6d361af10a6 [pid: 7|app: 0|req: 457/946] 10.0.0.51 () {32 vars in 723 bytes} [Sat Jun 13 02:26:09 2026] DELETE /v2.0/subnets/5b34b972-d761-478a-960e-cbe30380f2c5 => generated 0 bytes in 414 msecs (HTTP/1.1 204) 3 headers in 131 bytes (1 switches on core 0) [pid: 8|app: 0|req: 490/947] 10.0.0.51 () {34 vars in 664 bytes} [Sat Jun 13 02:26:08 2026] POST /v2.0/ports => generated 1506 bytes in 971 msecs (HTTP/1.1 201) 4 headers in 163 bytes (1 switches on core 0) /var/lib/openstack/lib/python3.12/site-packages/pycadf/identifier.py:70: UserWarning: Invalid uuid: neutron. To ensure interoperability, identifiers should be a valid uuid. warnings.warn(('Invalid uuid: %s. To ensure interoperability, ' [pid: 8|app: 0|req: 491/948] 10.0.0.51 () {32 vars in 642 bytes} [Sat Jun 13 02:26:09 2026] GET /v2.0/ports => generated 3018 bytes in 73 msecs (HTTP/1.1 200) 4 headers in 158 bytes (1 switches on core 0)
2026-06-13 02:26:09.689 7 INFO neutron_taas.services.taas.taas_plugin [None req-bcbccd11-416b-4d6a-9170-c75122085498 b184f9a1ec1a4d5b9a285543c5715f09 9f8566e2308a48e2a1d1412a958c409c - - default default] TaaS: Handle Delete Port: f545703c-384b-4505-9066-8e5b1db8d63f
2026-06-13 02:26:09.691 7 INFO neutron_taas.services.taas.tap_mirror_plugin [None req-bcbccd11-416b-4d6a-9170-c75122085498 b184f9a1ec1a4d5b9a285543c5715f09 9f8566e2308a48e2a1d1412a958c409c - - default default] Tap Mirror: Handle Delete Port: f545703c-384b-4505-9066-8e5b1db8d63f
2026-06-13 02:26:09.730 8 INFO neutron_taas.services.taas.taas_plugin [None req-1c06ce7f-f11f-404d-8088-c2407154a1f6 67680c690bff4699ac0fea701ffa1567 74b96b1e1f5b46d5b47a78af79689fef - - default default] TaaS: Handle Delete Port: b5e8547d-e6eb-424f-9802-aab9eed0593c
2026-06-13 02:26:09.733 8 INFO neutron_taas.services.taas.tap_mirror_plugin [None req-1c06ce7f-f11f-404d-8088-c2407154a1f6 67680c690bff4699ac0fea701ffa1567 74b96b1e1f5b46d5b47a78af79689fef - - default default] Tap Mirror: Handle Delete Port: b5e8547d-e6eb-424f-9802-aab9eed0593c [pid: 8|app: 0|req: 492/949] 10.0.0.51 () {32 vars in 719 bytes} [Sat Jun 13 02:26:09 2026] DELETE /v2.0/ports/b5e8547d-e6eb-424f-9802-aab9eed0593c => generated 0 bytes in 296 msecs (HTTP/1.1 204) 3 headers in 131 bytes (1 switches on core 0)
2026-06-13 02:26:10.003 7 INFO neutron.services.segments.plugin [-] Segment f1537f41-e6fd-4d5e-8752-f71a74f52b70 resource provider aggregate not found
2026-06-13 02:26:10.010 7 INFO neutron.services.segments.plugin [-] Segment f1537f41-e6fd-4d5e-8752-f71a74f52b70 resource provider aggregate not found
2026-06-13 02:26:10.024 7 INFO neutron.services.segments.plugin [-] Segment f1537f41-e6fd-4d5e-8752-f71a74f52b70 resource provider not found; error: Placement Client Error (4xx): {"errors": [{"status": 404, "title": "Not Found", "detail": "The resource could not be found.\n\n No resource provider with uuid f1537f41-e6fd-4d5e-8752-f71a74f52b70 found for delete ", "request_id": "req-3749288c-516d-40c1-a51c-29ce15120017"}]}
2026-06-13 02:26:10.026 7 INFO neutron.services.segments.plugin [-] Segment f1537f41-e6fd-4d5e-8752-f71a74f52b70 resource provider not found; error: Placement Client Error (4xx): {"errors": [{"status": 404, "title": "Not Found", "detail": "The resource could not be found.\n\n No resource provider with uuid f1537f41-e6fd-4d5e-8752-f71a74f52b70 found for delete ", "request_id": "req-31aa325e-615d-4e98-b2aa-2492dcb0f363"}]}
2026-06-13 02:26:10.073 8 INFO neutron_taas.services.taas.taas_plugin [None req-73f7c13f-7aa9-42c0-81b9-5ad50df9e9c5 67680c690bff4699ac0fea701ffa1567 74b96b1e1f5b46d5b47a78af79689fef - - default default] TaaS: Handle Delete Port: 255f0c6d-fa97-48e8-89c8-f6d361af10a6
2026-06-13 02:26:10.076 8 INFO neutron_taas.services.taas.tap_mirror_plugin [None req-73f7c13f-7aa9-42c0-81b9-5ad50df9e9c5 67680c690bff4699ac0fea701ffa1567 74b96b1e1f5b46d5b47a78af79689fef - - default default] Tap Mirror: Handle Delete Port: 255f0c6d-fa97-48e8-89c8-f6d361af10a6 [pid: 7|app: 0|req: 458/950] 10.0.0.51 () {32 vars in 725 bytes} [Sat Jun 13 02:26:09 2026] DELETE /v2.0/networks/30649425-1c34-41a4-81e4-69e166eac12c => generated 0 bytes in 544 msecs (HTTP/1.1 204) 3 headers in 131 bytes (1 switches on core 0) [pid: 8|app: 0|req: 493/951] 10.0.0.51 () {32 vars in 719 bytes} [Sat Jun 13 02:26:09 2026] DELETE /v2.0/ports/255f0c6d-fa97-48e8-89c8-f6d361af10a6 => generated 0 bytes in 311 msecs (HTTP/1.1 204) 3 headers in 131 bytes (1 switches on core 0) [pid: 8|app: 0|req: 494/952] 10.0.0.51 () {32 vars in 773 bytes} [Sat Jun 13 02:26:10 2026] GET /v2.0/security-groups?tenant_id=bd86d74bdde6481da9162a50bfb549ab&name=default => generated 2921 bytes in 34 msecs (HTTP/1.1 200) 4 headers in 158 bytes (1 switches on core 0) [pid: 7|app: 0|req: 459/953] 10.0.0.51 () {32 vars in 642 bytes} [Sat Jun 13 02:26:10 2026] GET /v2.0/ports => generated 1523 bytes in 129 msecs (HTTP/1.1 200) 4 headers in 158 bytes (1 switches on core 0)
2026-06-13 02:26:10.498 7 INFO neutron.db.segments_db [None req-e4bda954-e91a-434a-a0b6-db7cc7766514 67680c690bff4699ac0fea701ffa1567 74b96b1e1f5b46d5b47a78af79689fef - - default default] Added segment 332ad90f-67c0-46fc-8d36-ae26ce0f0dc3 of type geneve for network 8ac9edfe-cf07-4a24-bd97-10a29198bd6f [pid: 8|app: 0|req: 495/954] 10.0.0.51 () {32 vars in 739 bytes} [Sat Jun 13 02:26:10 2026] DELETE /v2.0/security-groups/9f26a909-3beb-40bc-a293-fdc40ecc71d4 => generated 0 bytes in 308 msecs (HTTP/1.1 204) 2 headers in 112 bytes (1 switches on core 0)
2026-06-13 02:26:10.665 7 INFO neutron.db.ovn_revision_numbers_db [None req-e4bda954-e91a-434a-a0b6-db7cc7766514 67680c690bff4699ac0fea701ffa1567 74b96b1e1f5b46d5b47a78af79689fef - - default default] Successfully bumped revision number for resource 8ac9edfe-cf07-4a24-bd97-10a29198bd6f (type: networks) to 1 [pid: 8|app: 0|req: 496/955] 10.0.0.77 () {34 vars in 989 bytes} [Sat Jun 13 02:26:10 2026] GET /v2.0/ports?device_id=a36f33e7-efb4-46d8-bafb-b9a14a5a9727 => generated 971 bytes in 93 msecs (HTTP/1.1 200) 4 headers in 157 bytes (1 switches on core 0) [pid: 8|app: 0|req: 497/956] 10.0.0.77 () {34 vars in 1039 bytes} [Sat Jun 13 02:26:10 2026] GET /v2.0/security-groups?id=d543fedf-2815-4a4b-8812-4f558e0285d7&fields=id&fields=name => generated 113 bytes in 31 msecs (HTTP/1.1 200) 4 headers in 157 bytes (1 switches on core 0) [pid: 8|app: 0|req: 498/957] 10.0.0.77 () {34 vars in 989 bytes} [Sat Jun 13 02:26:10 2026] GET /v2.0/ports?device_id=a36f33e7-efb4-46d8-bafb-b9a14a5a9727 => generated 971 bytes in 39 msecs (HTTP/1.1 200) 4 headers in 157 bytes (1 switches on core 0)
2026-06-13 02:26:10.839 7 WARNING neutron.scheduler.dhcp_agent_scheduler [None req-e4bda954-e91a-434a-a0b6-db7cc7766514 67680c690bff4699ac0fea701ffa1567 74b96b1e1f5b46d5b47a78af79689fef - - default default] No more DHCP agents
2026-06-13 02:26:10.841 7 WARNING neutron.api.rpc.agentnotifiers.dhcp_rpc_agent_api [None req-e4bda954-e91a-434a-a0b6-db7cc7766514 67680c690bff4699ac0fea701ffa1567 74b96b1e1f5b46d5b47a78af79689fef - - default default] Unable to schedule network 8ac9edfe-cf07-4a24-bd97-10a29198bd6f: no agents available; will retry on subsequent port and subnet creation events. [pid: 8|app: 0|req: 499/958] 10.0.0.77 () {34 vars in 1039 bytes} [Sat Jun 13 02:26:10 2026] GET /v2.0/security-groups?id=d543fedf-2815-4a4b-8812-4f558e0285d7&fields=id&fields=name => generated 113 bytes in 33 msecs (HTTP/1.1 200) 4 headers in 157 bytes (1 switches on core 0)
2026-06-13 02:26:10.921 7 INFO neutron.plugins.ml2.drivers.ovn.mech_driver.mech_driver [None req-7cc6ebb3-00e8-49a5-9a6e-cd6ca9e0ffdc - - - - - -] OVN reports status down for port: ea79c10a-851d-467e-aad9-e493fb0f99cf
2026-06-13 02:26:10.978 7 INFO neutron.db.ovn_revision_numbers_db [None req-e4bda954-e91a-434a-a0b6-db7cc7766514 67680c690bff4699ac0fea701ffa1567 74b96b1e1f5b46d5b47a78af79689fef - - default default] Successfully bumped revision number for resource ea79c10a-851d-467e-aad9-e493fb0f99cf (type: ports) to 1 [pid: 7|app: 0|req: 460/959] 10.0.0.51 () {34 vars in 669 bytes} [Sat Jun 13 02:26:10 2026] POST /v2.0/networks => generated 692 bytes in 647 msecs (HTTP/1.1 201) 4 headers in 162 bytes (1 switches on core 0)
2026-06-13 02:26:11.115 8 INFO neutron.db.segments_db [None req-6d062905-b4c7-4d7d-8c4b-8cac6ce6e842 67680c690bff4699ac0fea701ffa1567 74b96b1e1f5b46d5b47a78af79689fef - - default default] Added segment 9f023518-d703-4aad-9a59-089ee027efb2 of type geneve for network f74c0012-6bc4-492f-bd64-c41675ca35ed
2026-06-13 02:26:11.271 8 INFO neutron.db.ovn_revision_numbers_db [None req-6d062905-b4c7-4d7d-8c4b-8cac6ce6e842 67680c690bff4699ac0fea701ffa1567 74b96b1e1f5b46d5b47a78af79689fef - - default default] Successfully bumped revision number for resource f74c0012-6bc4-492f-bd64-c41675ca35ed (type: networks) to 1 [pid: 7|app: 0|req: 461/960] 10.0.0.77 () {34 vars in 989 bytes} [Sat Jun 13 02:26:11 2026] GET /v2.0/ports?device_id=a36f33e7-efb4-46d8-bafb-b9a14a5a9727 => generated 971 bytes in 107 msecs (HTTP/1.1 200) 4 headers in 157 bytes (1 switches on core 0) [pid: 7|app: 0|req: 462/961] 10.0.0.77 () {34 vars in 1039 bytes} [Sat Jun 13 02:26:11 2026] GET /v2.0/security-groups?id=d543fedf-2815-4a4b-8812-4f558e0285d7&fields=id&fields=name => generated 113 bytes in 44 msecs (HTTP/1.1 200) 4 headers in 157 bytes (1 switches on core 0)
2026-06-13 02:26:11.448 8 WARNING neutron.scheduler.dhcp_agent_scheduler [None req-6d062905-b4c7-4d7d-8c4b-8cac6ce6e842 67680c690bff4699ac0fea701ffa1567 74b96b1e1f5b46d5b47a78af79689fef - - default default] No more DHCP agents
2026-06-13 02:26:11.449 8 WARNING neutron.api.rpc.agentnotifiers.dhcp_rpc_agent_api [None req-6d062905-b4c7-4d7d-8c4b-8cac6ce6e842 67680c690bff4699ac0fea701ffa1567 74b96b1e1f5b46d5b47a78af79689fef - - default default] Unable to schedule network f74c0012-6bc4-492f-bd64-c41675ca35ed: no agents available; will retry on subsequent port and subnet creation events.
2026-06-13 02:26:11.541 7 INFO neutron.plugins.ml2.drivers.ovn.mech_driver.mech_driver [None req-7cc6ebb3-00e8-49a5-9a6e-cd6ca9e0ffdc - - - - - -] OVN reports status down for port: adc3d924-8f11-4ddd-94f9-c8b4c2a68fad
2026-06-13 02:26:11.571 8 INFO neutron.db.ovn_revision_numbers_db [None req-6d062905-b4c7-4d7d-8c4b-8cac6ce6e842 67680c690bff4699ac0fea701ffa1567 74b96b1e1f5b46d5b47a78af79689fef - - default default] Successfully bumped revision number for resource adc3d924-8f11-4ddd-94f9-c8b4c2a68fad (type: ports) to 1 [pid: 8|app: 0|req: 500/962] 10.0.0.51 () {34 vars in 669 bytes} [Sat Jun 13 02:26:11 2026] POST /v2.0/networks => generated 692 bytes in 570 msecs (HTTP/1.1 201) 4 headers in 162 bytes (1 switches on core 0)
2026-06-13 02:26:12.430 7 WARNING neutron.scheduler.dhcp_agent_scheduler [None req-da04d8e6-547a-46f1-b672-f3e55540838b 67680c690bff4699ac0fea701ffa1567 74b96b1e1f5b46d5b47a78af79689fef - - default default] No more DHCP agents
2026-06-13 02:26:12.432 7 WARNING neutron.api.rpc.agentnotifiers.dhcp_rpc_agent_api [None req-da04d8e6-547a-46f1-b672-f3e55540838b 67680c690bff4699ac0fea701ffa1567 74b96b1e1f5b46d5b47a78af79689fef - - default default] Unable to schedule network 8ac9edfe-cf07-4a24-bd97-10a29198bd6f: no agents available; will retry on subsequent port and subnet creation events.
2026-06-13 02:26:12.479 7 INFO neutron.db.ovn_revision_numbers_db [None req-da04d8e6-547a-46f1-b672-f3e55540838b 67680c690bff4699ac0fea701ffa1567 74b96b1e1f5b46d5b47a78af79689fef - - default default] Successfully bumped revision number for resource ef3fa9b4-2938-410e-89c2-0a5405a25a58 (type: subnets) to 0
2026-06-13 02:26:12.515 7 WARNING neutron.scheduler.dhcp_agent_scheduler [None req-da04d8e6-547a-46f1-b672-f3e55540838b 67680c690bff4699ac0fea701ffa1567 74b96b1e1f5b46d5b47a78af79689fef - - default default] No more DHCP agents
2026-06-13 02:26:12.517 7 WARNING neutron.api.rpc.agentnotifiers.dhcp_rpc_agent_api [None req-da04d8e6-547a-46f1-b672-f3e55540838b 67680c690bff4699ac0fea701ffa1567 74b96b1e1f5b46d5b47a78af79689fef - - default default] Unable to schedule network f74c0012-6bc4-492f-bd64-c41675ca35ed: no agents available; will retry on subsequent port and subnet creation events.
2026-06-13 02:26:12.562 7 INFO neutron.db.ovn_revision_numbers_db [None req-da04d8e6-547a-46f1-b672-f3e55540838b 67680c690bff4699ac0fea701ffa1567 74b96b1e1f5b46d5b47a78af79689fef - - default default] Successfully bumped revision number for resource e724b891-3d8c-4981-8e83-d7e6ec29aed7 (type: subnets) to 0 [pid: 7|app: 0|req: 463/963] 10.0.0.51 () {34 vars in 668 bytes} [Sat Jun 13 02:26:12 2026] POST /v2.0/subnets => generated 1324 bytes in 541 msecs (HTTP/1.1 201) 4 headers in 163 bytes (1 switches on core 0) [pid: 7|app: 0|req: 464/964] 10.0.0.51 () {32 vars in 646 bytes} [Sat Jun 13 02:26:12 2026] GET /v2.0/subnets => generated 1960 bytes in 60 msecs (HTTP/1.1 200) 4 headers in 158 bytes (1 switches on core 0)
2026-06-13 02:26:12.695 8 INFO neutron.db.ovn_revision_numbers_db [None req-3e4b723d-11b0-4fbd-9b6e-9ef3b8cace42 b184f9a1ec1a4d5b9a285543c5715f09 9f8566e2308a48e2a1d1412a958c409c - - default default] Successfully bumped revision number for resource 5c52a124-7a8a-44c7-95e1-7cb78977e19f (type: security_groups) to 1
2026-06-13 02:26:12.707 8 INFO neutron.db.ovn_revision_numbers_db [None req-3e4b723d-11b0-4fbd-9b6e-9ef3b8cace42 b184f9a1ec1a4d5b9a285543c5715f09 9f8566e2308a48e2a1d1412a958c409c - - default default] Successfully bumped revision number for resource 5873ee21-a6a5-4d10-a95c-2f71956eea7b (type: security_group_rules) to 0 [pid: 7|app: 0|req: 465/965] 10.0.0.77 () {34 vars in 989 bytes} [Sat Jun 13 02:26:12 2026] GET /v2.0/ports?device_id=a36f33e7-efb4-46d8-bafb-b9a14a5a9727 => generated 971 bytes in 52 msecs (HTTP/1.1 200) 4 headers in 157 bytes (1 switches on core 0)
2026-06-13 02:26:12.726 8 INFO neutron.db.ovn_revision_numbers_db [None req-3e4b723d-11b0-4fbd-9b6e-9ef3b8cace42 b184f9a1ec1a4d5b9a285543c5715f09 9f8566e2308a48e2a1d1412a958c409c - - default default] Successfully bumped revision number for resource 5a18ac59-b69a-4c5d-9cca-553c23b62c04 (type: security_group_rules) to 0
2026-06-13 02:26:12.738 8 INFO neutron.db.ovn_revision_numbers_db [None req-3e4b723d-11b0-4fbd-9b6e-9ef3b8cace42 b184f9a1ec1a4d5b9a285543c5715f09 9f8566e2308a48e2a1d1412a958c409c - - default default] Successfully bumped revision number for resource cd4b29e8-4778-4bdd-ba6f-e31557513b5c (type: security_group_rules) to 0
2026-06-13 02:26:12.754 8 INFO neutron.db.ovn_revision_numbers_db [None req-3e4b723d-11b0-4fbd-9b6e-9ef3b8cace42 b184f9a1ec1a4d5b9a285543c5715f09 9f8566e2308a48e2a1d1412a958c409c - - default default] Successfully bumped revision number for resource f8838cc8-67ea-439c-ac75-4347749efed8 (type: security_group_rules) to 0
2026-06-13 02:26:12.826 8 INFO neutron.db.segments_db [None req-3e4b723d-11b0-4fbd-9b6e-9ef3b8cace42 b184f9a1ec1a4d5b9a285543c5715f09 9f8566e2308a48e2a1d1412a958c409c - - default default] Added segment e9119006-6190-4c82-97a0-0e58e0ab5bf4 of type geneve for network 6f3237a9-993e-4541-8836-23e63a043d3c [pid: 7|app: 0|req: 466/966] 10.0.0.51 () {32 vars in 723 bytes} [Sat Jun 13 02:26:12 2026] DELETE /v2.0/subnets/ef3fa9b4-2938-410e-89c2-0a5405a25a58 => generated 0 bytes in 176 msecs (HTTP/1.1 204) 3 headers in 131 bytes (1 switches on core 0) [pid: 7|app: 0|req: 467/967] 10.0.0.77 () {34 vars in 1039 bytes} [Sat Jun 13 02:26:12 2026] GET /v2.0/security-groups?id=d543fedf-2815-4a4b-8812-4f558e0285d7&fields=id&fields=name => generated 113 bytes in 29 msecs (HTTP/1.1 200) 4 headers in 157 bytes (1 switches on core 0)
2026-06-13 02:26:12.961 8 INFO neutron.db.ovn_revision_numbers_db [None req-3e4b723d-11b0-4fbd-9b6e-9ef3b8cace42 b184f9a1ec1a4d5b9a285543c5715f09 9f8566e2308a48e2a1d1412a958c409c - - default default] Successfully bumped revision number for resource 6f3237a9-993e-4541-8836-23e63a043d3c (type: networks) to 1 [pid: 7|app: 0|req: 468/968] 199.204.45.3 () {34 vars in 1078 bytes} [Sat Jun 13 02:26:12 2026] GET /v2.0/ports?tenant_id=85a0e48ad4d147aba3329d35d07e0f20&device_id=a36f33e7-efb4-46d8-bafb-b9a14a5a9727 => generated 1209 bytes in 53 msecs (HTTP/1.1 200) 4 headers in 158 bytes (1 switches on core 0) [pid: 7|app: 0|req: 469/969] 10.0.0.51 () {32 vars in 723 bytes} [Sat Jun 13 02:26:12 2026] DELETE /v2.0/subnets/e724b891-3d8c-4981-8e83-d7e6ec29aed7 => generated 0 bytes in 137 msecs (HTTP/1.1 204) 3 headers in 131 bytes (1 switches on core 0)
2026-06-13 02:26:13.137 8 WARNING neutron.scheduler.dhcp_agent_scheduler [None req-3e4b723d-11b0-4fbd-9b6e-9ef3b8cace42 b184f9a1ec1a4d5b9a285543c5715f09 9f8566e2308a48e2a1d1412a958c409c - - default default] No more DHCP agents
2026-06-13 02:26:13.139 8 WARNING neutron.api.rpc.agentnotifiers.dhcp_rpc_agent_api [None req-3e4b723d-11b0-4fbd-9b6e-9ef3b8cace42 b184f9a1ec1a4d5b9a285543c5715f09 9f8566e2308a48e2a1d1412a958c409c - - default default] Unable to schedule network 6f3237a9-993e-4541-8836-23e63a043d3c: no agents available; will retry on subsequent port and subnet creation events. [pid: 7|app: 0|req: 470/970] 199.204.45.3 () {34 vars in 984 bytes} [Sat Jun 13 02:26:13 2026] GET /v2.0/networks?id=d86a07e5-fd41-47ff-b43d-0fc59c540ff9 => generated 812 bytes in 43 msecs (HTTP/1.1 200) 4 headers in 157 bytes (1 switches on core 0) [pid: 7|app: 0|req: 471/971] 10.0.0.51 () {32 vars in 646 bytes} [Sat Jun 13 02:26:13 2026] GET /v2.0/subnets => generated 649 bytes in 73 msecs (HTTP/1.1 200) 4 headers in 157 bytes (1 switches on core 0)
2026-06-13 02:26:13.281 7 INFO neutron.plugins.ml2.drivers.ovn.mech_driver.mech_driver [None req-7cc6ebb3-00e8-49a5-9a6e-cd6ca9e0ffdc - - - - - -] OVN reports status down for port: a0f202a0-2498-4203-8af8-a23237cd8a34
2026-06-13 02:26:13.297 8 INFO neutron.db.ovn_revision_numbers_db [None req-3e4b723d-11b0-4fbd-9b6e-9ef3b8cace42 b184f9a1ec1a4d5b9a285543c5715f09 9f8566e2308a48e2a1d1412a958c409c - - default default] Successfully bumped revision number for resource a0f202a0-2498-4203-8af8-a23237cd8a34 (type: ports) to 1 [pid: 7|app: 0|req: 472/972] 199.204.45.3 () {34 vars in 1056 bytes} [Sat Jun 13 02:26:13 2026] GET /v2.0/floatingips?fixed_ip_address=10.100.0.7&port_id=e4a46533-f32d-462a-831d-00a1a34555ad => generated 860 bytes in 94 msecs (HTTP/1.1 200) 4 headers in 157 bytes (1 switches on core 0) [pid: 8|app: 0|req: 501/973] 10.0.0.51 () {34 vars in 670 bytes} [Sat Jun 13 02:26:12 2026] POST /v2.0/networks => generated 785 bytes in 1003 msecs (HTTP/1.1 201) 4 headers in 162 bytes (1 switches on core 0) [pid: 8|app: 0|req: 502/974] 199.204.45.3 () {34 vars in 982 bytes} [Sat Jun 13 02:26:13 2026] GET /v2.0/subnets?id=1445379a-4366-4f91-9d5b-e548cb03b3d2 => generated 693 bytes in 34 msecs (HTTP/1.1 200) 4 headers in 157 bytes (1 switches on core 0)
2026-06-13 02:26:13.489 7 INFO neutron_taas.services.taas.taas_plugin [None req-27d7d586-040e-401f-a1ae-359b1dcda182 67680c690bff4699ac0fea701ffa1567 74b96b1e1f5b46d5b47a78af79689fef - - default default] TaaS: Handle Delete Port: adc3d924-8f11-4ddd-94f9-c8b4c2a68fad
2026-06-13 02:26:13.491 7 INFO neutron_taas.services.taas.tap_mirror_plugin [None req-27d7d586-040e-401f-a1ae-359b1dcda182 67680c690bff4699ac0fea701ffa1567 74b96b1e1f5b46d5b47a78af79689fef - - default default] Tap Mirror: Handle Delete Port: adc3d924-8f11-4ddd-94f9-c8b4c2a68fad
2026-06-13 02:26:13.504 8 WARNING neutron.scheduler.dhcp_agent_scheduler [None req-a0e8d07c-f263-4a1a-b817-9283b53b45b7 b184f9a1ec1a4d5b9a285543c5715f09 9f8566e2308a48e2a1d1412a958c409c - - default default] No more DHCP agents
2026-06-13 02:26:13.505 8 WARNING neutron.api.rpc.agentnotifiers.dhcp_rpc_agent_api [None req-a0e8d07c-f263-4a1a-b817-9283b53b45b7 b184f9a1ec1a4d5b9a285543c5715f09 9f8566e2308a48e2a1d1412a958c409c - - default default] Unable to schedule network 6f3237a9-993e-4541-8836-23e63a043d3c: no agents available; will retry on subsequent port and subnet creation events.
2026-06-13 02:26:13.699 7 INFO neutron.services.segments.plugin [-] Segment 9f023518-d703-4aad-9a59-089ee027efb2 resource provider aggregate not found
2026-06-13 02:26:13.707 7 INFO neutron.services.segments.plugin [-] Segment 9f023518-d703-4aad-9a59-089ee027efb2 resource provider aggregate not found
2026-06-13 02:26:13.727 7 INFO neutron.services.segments.plugin [-] Segment 9f023518-d703-4aad-9a59-089ee027efb2 resource provider not found; error: Placement Client Error (4xx): {"errors": [{"status": 404, "title": "Not Found", "detail": "The resource could not be found.\n\n No resource provider with uuid 9f023518-d703-4aad-9a59-089ee027efb2 found for delete ", "request_id": "req-62d5171d-18a9-475c-9bc8-74f7a85b941e"}]}
2026-06-13 02:26:13.730 7 INFO neutron.services.segments.plugin [-] Segment 9f023518-d703-4aad-9a59-089ee027efb2 resource provider not found; error: Placement Client Error (4xx): {"errors": [{"status": 404, "title": "Not Found", "detail": "The resource could not be found.\n\n No resource provider with uuid 9f023518-d703-4aad-9a59-089ee027efb2 found for delete ", "request_id": "req-b0160772-13d9-43e1-9fc6-1dd0043b000f"}]} [pid: 7|app: 0|req: 473/975] 10.0.0.51 () {32 vars in 725 bytes} [Sat Jun 13 02:26:13 2026] DELETE /v2.0/networks/f74c0012-6bc4-492f-bd64-c41675ca35ed => generated 0 bytes in 448 msecs (HTTP/1.1 204) 3 headers in 131 bytes (1 switches on core 0) [pid: 7|app: 0|req: 474/976] 199.204.45.3 () {34 vars in 1050 bytes} [Sat Jun 13 02:26:13 2026] GET /v2.0/ports?network_id=d86a07e5-fd41-47ff-b43d-0fc59c540ff9&device_owner=network%3Adhcp => generated 12 bytes in 18 msecs (HTTP/1.1 200) 4 headers in 156 bytes (1 switches on core 0)
2026-06-13 02:26:13.919 7 INFO neutron_taas.services.taas.taas_plugin [None req-2cfb4cb8-4812-4f3c-88ff-b8f91a19397f 67680c690bff4699ac0fea701ffa1567 74b96b1e1f5b46d5b47a78af79689fef - - default default] TaaS: Handle Delete Port: ea79c10a-851d-467e-aad9-e493fb0f99cf
2026-06-13 02:26:13.926 7 INFO neutron_taas.services.taas.tap_mirror_plugin [None req-2cfb4cb8-4812-4f3c-88ff-b8f91a19397f 67680c690bff4699ac0fea701ffa1567 74b96b1e1f5b46d5b47a78af79689fef - - default default] Tap Mirror: Handle Delete Port: ea79c10a-851d-467e-aad9-e493fb0f99cf
2026-06-13 02:26:14.058 8 INFO neutron.db.ovn_revision_numbers_db [None req-7084a67a-e56a-4add-9dd6-5412769e93c6 - - - - - -] Successfully bumped revision number for resource a0f202a0-2498-4203-8af8-a23237cd8a34 (type: ports) to 2
2026-06-13 02:26:14.126 8 INFO neutron.db.ovn_revision_numbers_db [None req-7084a67a-e56a-4add-9dd6-5412769e93c6 - - - - - -] Successfully bumped revision number for resource 3a1275bb-af2d-4653-a627-de866c442d68 (type: subnets) to 0 [pid: 8|app: 0|req: 503/977] 10.0.0.51 () {34 vars in 668 bytes} [Sat Jun 13 02:26:13 2026] POST /v2.0/subnets => generated 691 bytes in 775 msecs (HTTP/1.1 201) 4 headers in 162 bytes (1 switches on core 0) [pid: 7|app: 0|req: 475/978] 10.0.0.51 () {32 vars in 725 bytes} [Sat Jun 13 02:26:13 2026] DELETE /v2.0/networks/8ac9edfe-cf07-4a24-bd97-10a29198bd6f => generated 0 bytes in 545 msecs (HTTP/1.1 204) 3 headers in 131 bytes (1 switches on core 0) [pid: 8|app: 0|req: 504/979] 199.204.45.3 () {34 vars in 1010 bytes} [Sat Jun 13 02:26:14 2026] GET /v2.0/networks/d86a07e5-fd41-47ff-b43d-0fc59c540ff9?fields=segments => generated 14 bytes in 196 msecs (HTTP/1.1 200) 4 headers in 156 bytes (1 switches on core 0) [pid: 7|app: 0|req: 476/980] 10.0.0.77 () {34 vars in 989 bytes} [Sat Jun 13 02:26:14 2026] GET /v2.0/ports?device_id=a36f33e7-efb4-46d8-bafb-b9a14a5a9727 => generated 971 bytes in 35 msecs (HTTP/1.1 200) 4 headers in 157 bytes (1 switches on core 0)
2026-06-13 02:26:14.476 7 INFO neutron_taas.services.taas.taas_plugin [None req-b53fd87e-eafa-448e-8857-3914e3e719df 67680c690bff4699ac0fea701ffa1567 74b96b1e1f5b46d5b47a78af79689fef - - default default] TaaS: Handle Delete Port: 12ad93c4-9e9c-470a-bc2f-0a6c23e03810
2026-06-13 02:26:14.478 7 INFO neutron_taas.services.taas.tap_mirror_plugin [None req-b53fd87e-eafa-448e-8857-3914e3e719df 67680c690bff4699ac0fea701ffa1567 74b96b1e1f5b46d5b47a78af79689fef - - default default] Tap Mirror: Handle Delete Port: 12ad93c4-9e9c-470a-bc2f-0a6c23e03810 [pid: 7|app: 0|req: 477/981] 10.0.0.51 () {32 vars in 725 bytes} [Sat Jun 13 02:26:14 2026] DELETE /v2.0/networks/c98797a1-98fa-429c-9f64-979abd81bba0 => generated 0 bytes in 365 msecs (HTTP/1.1 204) 3 headers in 131 bytes (1 switches on core 0) [pid: 7|app: 0|req: 478/982] 199.204.45.3 () {34 vars in 1110 bytes} [Sat Jun 13 02:26:14 2026] GET /v2.0/networks/d86a07e5-fd41-47ff-b43d-0fc59c540ff9?fields=provider%3Aphysical_network&fields=provider%3Anetwork_type => generated 79 bytes in 43 msecs (HTTP/1.1 200) 4 headers in 156 bytes (1 switches on core 0) [pid: 7|app: 0|req: 479/983] 10.0.0.77 () {34 vars in 1039 bytes} [Sat Jun 13 02:26:14 2026] GET /v2.0/security-groups?id=d543fedf-2815-4a4b-8812-4f558e0285d7&fields=id&fields=name => generated 113 bytes in 27 msecs (HTTP/1.1 200) 4 headers in 157 bytes (1 switches on core 0) [pid: 7|app: 0|req: 480/984] 10.0.0.41 () {34 vars in 989 bytes} [Sat Jun 13 02:26:14 2026] GET /v2.0/ports?device_id=57424893-af59-4d3c-b654-685ad7c5b3c8 => generated 1209 bytes in 31 msecs (HTTP/1.1 200) 4 headers in 158 bytes (1 switches on core 0)
2026-06-13 02:26:14.849 8 WARNING neutron.scheduler.dhcp_agent_scheduler [None req-ceb9d0ff-77af-4726-9bd0-ccf3d14f7d9e b184f9a1ec1a4d5b9a285543c5715f09 9f8566e2308a48e2a1d1412a958c409c - - default default] No more DHCP agents
2026-06-13 02:26:14.851 8 WARNING neutron.api.rpc.agentnotifiers.dhcp_rpc_agent_api [None req-ceb9d0ff-77af-4726-9bd0-ccf3d14f7d9e b184f9a1ec1a4d5b9a285543c5715f09 9f8566e2308a48e2a1d1412a958c409c - - default default] Unable to schedule network d6f3cc5a-ccad-4ca5-b996-384aa842b1d3: no agents available; will retry on subsequent port and subnet creation events.
2026-06-13 02:26:14.996 7 INFO neutron.plugins.ml2.drivers.ovn.mech_driver.mech_driver [None req-7cc6ebb3-00e8-49a5-9a6e-cd6ca9e0ffdc - - - - - -] OVN reports status down for port: e0c485ac-4a32-470d-95ec-ab8d3b87f2cf
2026-06-13 02:26:15.016 8 INFO neutron.db.ovn_revision_numbers_db [None req-ceb9d0ff-77af-4726-9bd0-ccf3d14f7d9e b184f9a1ec1a4d5b9a285543c5715f09 9f8566e2308a48e2a1d1412a958c409c - - default default] Successfully bumped revision number for resource e0c485ac-4a32-470d-95ec-ab8d3b87f2cf (type: ports) to 1
2026-06-13 02:26:15.018 7 INFO neutron_taas.services.taas.taas_plugin [None req-671399cb-9040-4625-907a-387636fee70b 67680c690bff4699ac0fea701ffa1567 74b96b1e1f5b46d5b47a78af79689fef - - default default] TaaS: Handle Delete Port: 648e2f77-62bc-46c9-a2fe-17a4f3ebe54d
2026-06-13 02:26:15.031 7 INFO neutron_taas.services.taas.tap_mirror_plugin [None req-671399cb-9040-4625-907a-387636fee70b 67680c690bff4699ac0fea701ffa1567 74b96b1e1f5b46d5b47a78af79689fef - - default default] Tap Mirror: Handle Delete Port: 648e2f77-62bc-46c9-a2fe-17a4f3ebe54d [pid: 7|app: 0|req: 481/985] 10.0.0.51 () {32 vars in 725 bytes} [Sat Jun 13 02:26:14 2026] DELETE /v2.0/networks/0ce805cd-c7e9-4f79-b902-2132e8ed9ac1 => generated 0 bytes in 519 msecs (HTTP/1.1 204) 3 headers in 131 bytes (1 switches on core 0) [pid: 7|app: 0|req: 482/986] 10.0.0.41 () {34 vars in 1039 bytes} [Sat Jun 13 02:26:15 2026] GET /v2.0/security-groups?id=174ceff0-8485-4cec-8de4-2c46b2ad8810&fields=id&fields=name => generated 113 bytes in 27 msecs (HTTP/1.1 200) 4 headers in 157 bytes (1 switches on core 0)
2026-06-13 02:26:15.685 8 INFO neutron.plugins.ml2.drivers.ovn.mech_driver.ovsdb.commands [-] Schedule LRP lrp-e0c485ac-4a32-470d-95ec-ab8d3b87f2cf on gateway a6c363a0-8cd4-4dcc-ab80-df3e175f2c8d with priority 1
2026-06-13 02:26:15.759 7 INFO neutron.services.segments.plugin [-] Segment 332ad90f-67c0-46fc-8d36-ae26ce0f0dc3 resource provider aggregate not found
2026-06-13 02:26:15.769 7 INFO neutron.services.segments.plugin [-] Segment 332ad90f-67c0-46fc-8d36-ae26ce0f0dc3 resource provider aggregate not found
2026-06-13 02:26:15.783 7 INFO neutron.services.segments.plugin [-] Segment 332ad90f-67c0-46fc-8d36-ae26ce0f0dc3 resource provider not found; error: Placement Client Error (4xx): {"errors": [{"status": 404, "title": "Not Found", "detail": "The resource could not be found.\n\n No resource provider with uuid 332ad90f-67c0-46fc-8d36-ae26ce0f0dc3 found for delete ", "request_id": "req-5dc64b0b-d5ca-45a3-851f-b733034f52ed"}]}
2026-06-13 02:26:15.795 7 INFO neutron.services.segments.plugin [-] Segment 332ad90f-67c0-46fc-8d36-ae26ce0f0dc3 resource provider not found; error: Placement Client Error (4xx): {"errors": [{"status": 404, "title": "Not Found", "detail": "The resource could not be found.\n\n No resource provider with uuid 332ad90f-67c0-46fc-8d36-ae26ce0f0dc3 found for delete ", "request_id": "req-7eebca1a-f8fc-484f-a407-9807eb1753a0"}]}
2026-06-13 02:26:15.804 7 INFO neutron.services.segments.plugin [-] Segment d6284e15-fd1b-4f2c-8183-9a49c313e2d6 resource provider aggregate not found
2026-06-13 02:26:15.829 7 INFO neutron.services.segments.plugin [-] Segment d6284e15-fd1b-4f2c-8183-9a49c313e2d6 resource provider not found; error: Placement Client Error (4xx): {"errors": [{"status": 404, "title": "Not Found", "detail": "The resource could not be found.\n\n No resource provider with uuid d6284e15-fd1b-4f2c-8183-9a49c313e2d6 found for delete ", "request_id": "req-5d332109-94d7-4bc9-b3d4-97924ffc1616"}]}
2026-06-13 02:26:15.838 7 INFO neutron.services.segments.plugin [-] Segment d6284e15-fd1b-4f2c-8183-9a49c313e2d6 resource provider aggregate not found
2026-06-13 02:26:15.845 7 INFO neutron.services.segments.plugin [-] Segment 56926f53-1311-4859-8ef8-ea80b2fdcd5a resource provider aggregate not found
2026-06-13 02:26:15.847 8 INFO neutron.db.ovn_revision_numbers_db [None req-ceb9d0ff-77af-4726-9bd0-ccf3d14f7d9e b184f9a1ec1a4d5b9a285543c5715f09 9f8566e2308a48e2a1d1412a958c409c - - default default] Successfully bumped revision number for resource e0c485ac-4a32-470d-95ec-ab8d3b87f2cf (type: router_ports) to 1
2026-06-13 02:26:15.865 7 INFO neutron.services.segments.plugin [-] Segment 56926f53-1311-4859-8ef8-ea80b2fdcd5a resource provider not found; error: Placement Client Error (4xx): {"errors": [{"status": 404, "title": "Not Found", "detail": "The resource could not be found.\n\n No resource provider with uuid 56926f53-1311-4859-8ef8-ea80b2fdcd5a found for delete ", "request_id": "req-055ce548-cd94-4f71-a44f-456a60ebd57b"}]}
2026-06-13 02:26:15.868 7 INFO neutron.services.segments.plugin [-] Segment d6284e15-fd1b-4f2c-8183-9a49c313e2d6 resource provider not found; error: Placement Client Error (4xx): {"errors": [{"status": 404, "title": "Not Found", "detail": "The resource could not be found.\n\n No resource provider with uuid d6284e15-fd1b-4f2c-8183-9a49c313e2d6 found for delete ", "request_id": "req-1ec79068-e335-4997-b8d7-647c0e5579c1"}]}
2026-06-13 02:26:15.897 7 INFO neutron.services.segments.plugin [-] Segment 56926f53-1311-4859-8ef8-ea80b2fdcd5a resource provider aggregate not found
2026-06-13 02:26:15.902 7 INFO neutron.plugins.ml2.drivers.ovn.mech_driver.ovsdb.ovsdb_monitor [None req-87dfc4fb-de29-4bd9-85c7-e2de39c400e1 - - - - - -] Router 1dde892e-63b8-4512-91a8-71bc2db78054 is bound to host instance
2026-06-13 02:26:15.906 7 INFO neutron.plugins.ml2.drivers.ovn.mech_driver.mech_driver [None req-7cc6ebb3-00e8-49a5-9a6e-cd6ca9e0ffdc - - - - - -] OVN reports status up for port: e0c485ac-4a32-470d-95ec-ab8d3b87f2cf
2026-06-13 02:26:15.920 8 INFO neutron.db.ovn_revision_numbers_db [None req-ceb9d0ff-77af-4726-9bd0-ccf3d14f7d9e b184f9a1ec1a4d5b9a285543c5715f09 9f8566e2308a48e2a1d1412a958c409c - - default default] Successfully bumped revision number for resource 1dde892e-63b8-4512-91a8-71bc2db78054 (type: routers) to 2
2026-06-13 02:26:15.924 7 INFO neutron.services.segments.plugin [-] Segment 56926f53-1311-4859-8ef8-ea80b2fdcd5a resource provider not found; error: Placement Client Error (4xx): {"errors": [{"status": 404, "title": "Not Found", "detail": "The resource could not be found.\n\n No resource provider with uuid 56926f53-1311-4859-8ef8-ea80b2fdcd5a found for delete ", "request_id": "req-509f8d6e-261d-4a96-8073-db7ee8cbbb10"}]} [pid: 8|app: 0|req: 505/987] 10.0.0.51 () {34 vars in 668 bytes} [Sat Jun 13 02:26:14 2026] POST /v2.0/routers => generated 969 bytes in 1592 msecs (HTTP/1.1 201) 4 headers in 162 bytes (1 switches on core 0)
