2026-06-13 02:26:38.959 8 INFO neutron.pecan_wsgi.hooks.translation [None req-6c39e4a3-bf4e-466e-b5d4-d666ca8dbcc6 90c1dd8ec1dc45bda7570cb9a4cc1590 8076e3ad670944baa227e6e65cd277d5 - - default default] GET failed (client error): The resource could not be found. [pid: 8|app: 0|req: 600/1173] 10.0.0.51 () {32 vars in 716 bytes} [Sat Jun 13 02:26:38 2026] GET /v2.0/ports/874bd764-6cd0-4936-b317-9594808411f4 => generated 132 bytes in 13 msecs (HTTP/1.1 404) 4 headers in 164 bytes (1 switches on core 0) [pid: 8|app: 0|req: 601/1174] 10.0.0.51 () {32 vars in 642 bytes} [Sat Jun 13 02:26:38 2026] GET /v2.0/ports => generated 1533 bytes in 34 msecs (HTTP/1.1 200) 4 headers in 158 bytes (1 switches on core 0) [pid: 7|app: 0|req: 574/1175] 199.204.45.3 () {34 vars in 1010 bytes} [Sat Jun 13 02:26:38 2026] GET /v2.0/networks/6f3237a9-993e-4541-8836-23e63a043d3c?fields=segments => generated 14 bytes in 50 msecs (HTTP/1.1 200) 4 headers in 156 bytes (1 switches on core 0) [pid: 8|app: 0|req: 602/1176] 10.0.0.51 () {32 vars in 716 bytes} [Sat Jun 13 02:26:39 2026] GET /v2.0/ports/5850d200-c702-4ae3-b8ed-13e4869905c5 => generated 774 bytes in 33 msecs (HTTP/1.1 200) 4 headers in 157 bytes (1 switches on core 0) [pid: 7|app: 0|req: 575/1177] 199.204.45.3 () {34 vars in 1110 bytes} [Sat Jun 13 02:26:39 2026] GET /v2.0/networks/6f3237a9-993e-4541-8836-23e63a043d3c?fields=provider%3Aphysical_network&fields=provider%3Anetwork_type => generated 79 bytes in 46 msecs (HTTP/1.1 200) 4 headers in 156 bytes (1 switches on core 0) [pid: 7|app: 0|req: 576/1178] 10.0.0.77 () {34 vars in 989 bytes} [Sat Jun 13 02:26:39 2026] GET /v2.0/ports?device_id=a36f33e7-efb4-46d8-bafb-b9a14a5a9727 => generated 971 bytes in 65 msecs (HTTP/1.1 200) 4 headers in 157 bytes (1 switches on core 0)
2026-06-13 02:26:39.151 7 INFO neutron.plugins.ml2.drivers.ovn.mech_driver.mech_driver [None req-e9f45283-6082-4781-9540-3b405df897ed - - - - - -] OVN reports status down for port: 6b868bb5-b03b-4ba9-ad8f-0a0aeaf89d8c
2026-06-13 02:26:39.172 7 INFO neutron.pecan_wsgi.hooks.translation [None req-847609d3-a5dd-401b-8bb2-f4270491d2b5 90c1dd8ec1dc45bda7570cb9a4cc1590 8076e3ad670944baa227e6e65cd277d5 - - default default] DELETE failed (client error): The resource could not be found. [pid: 7|app: 0|req: 577/1179] 10.0.0.51 () {32 vars in 719 bytes} [Sat Jun 13 02:26:39 2026] DELETE /v2.0/ports/cf2e5c93-d223-447a-9385-67c47649836d => generated 132 bytes in 54 msecs (HTTP/1.1 404) 4 headers in 164 bytes (1 switches on core 0) [pid: 7|app: 0|req: 578/1180] 10.0.0.77 () {34 vars in 1039 bytes} [Sat Jun 13 02:26:39 2026] GET /v2.0/security-groups?id=d543fedf-2815-4a4b-8812-4f558e0285d7&fields=id&fields=name => generated 113 bytes in 57 msecs (HTTP/1.1 200) 4 headers in 157 bytes (1 switches on core 0)
2026-06-13 02:26:39.261 7 INFO neutron.pecan_wsgi.hooks.translation [None req-3c72a51e-12b4-47c2-bc5f-7b282fb0f8b6 90c1dd8ec1dc45bda7570cb9a4cc1590 8076e3ad670944baa227e6e65cd277d5 - - default default] DELETE failed (client error): The resource could not be found. [pid: 7|app: 0|req: 579/1181] 10.0.0.51 () {32 vars in 723 bytes} [Sat Jun 13 02:26:39 2026] DELETE /v2.0/subnets/69b9b3f3-c526-48e3-91fa-1cd6966ff298 => generated 136 bytes in 27 msecs (HTTP/1.1 404) 4 headers in 164 bytes (1 switches on core 0)
2026-06-13 02:26:39.303 7 INFO neutron.pecan_wsgi.hooks.translation [None req-2dd1d5f3-c0b8-4ed8-a0e9-b9081e4049f1 90c1dd8ec1dc45bda7570cb9a4cc1590 8076e3ad670944baa227e6e65cd277d5 - - default default] DELETE failed (client error): The resource could not be found. [pid: 7|app: 0|req: 580/1182] 10.0.0.51 () {32 vars in 723 bytes} [Sat Jun 13 02:26:39 2026] DELETE /v2.0/subnets/278fc865-d152-4484-9d7c-487c9b417b55 => generated 136 bytes in 39 msecs (HTTP/1.1 404) 4 headers in 164 bytes (1 switches on core 0)
2026-06-13 02:26:39.376 8 INFO neutron_taas.services.taas.taas_plugin [None req-7a9a0265-5acc-49ef-981b-8c16a9af6f03 b184f9a1ec1a4d5b9a285543c5715f09 9f8566e2308a48e2a1d1412a958c409c - - default default] TaaS: Handle Delete Port: 2a3eb314-0352-44f9-8952-60f6781a24bc
2026-06-13 02:26:39.381 8 INFO neutron_taas.services.taas.tap_mirror_plugin [None req-7a9a0265-5acc-49ef-981b-8c16a9af6f03 b184f9a1ec1a4d5b9a285543c5715f09 9f8566e2308a48e2a1d1412a958c409c - - default default] Tap Mirror: Handle Delete Port: 2a3eb314-0352-44f9-8952-60f6781a24bc
2026-06-13 02:26:39.542 7 INFO neutron_taas.services.taas.taas_plugin [None req-2413b26a-9cdd-457d-ad41-bf00cc1c2e56 90c1dd8ec1dc45bda7570cb9a4cc1590 8076e3ad670944baa227e6e65cd277d5 - - default default] TaaS: Handle Delete Port: 5850d200-c702-4ae3-b8ed-13e4869905c5
2026-06-13 02:26:39.567 7 INFO neutron_taas.services.taas.tap_mirror_plugin [None req-2413b26a-9cdd-457d-ad41-bf00cc1c2e56 90c1dd8ec1dc45bda7570cb9a4cc1590 8076e3ad670944baa227e6e65cd277d5 - - default default] Tap Mirror: Handle Delete Port: 5850d200-c702-4ae3-b8ed-13e4869905c5
2026-06-13 02:26:39.691 7 INFO neutron.notifiers.nova [-] Nova event matching ['req-28c3a738-e801-4fe2-b59a-2070ea4a5a8f'] response: {'server_uuid': 'fb9a0f4b-f08e-43db-be19-fd4e5952c176', 'name': 'network-vif-unplugged', 'status': 'completed', 'tag': '6b868bb5-b03b-4ba9-ad8f-0a0aeaf89d8c', 'code': 200}
2026-06-13 02:26:39.794 7 INFO neutron.db.ovn_revision_numbers_db [None req-e9f45283-6082-4781-9540-3b405df897ed - - - - - -] Successfully bumped revision number for resource 6b868bb5-b03b-4ba9-ad8f-0a0aeaf89d8c (type: ports) to 6 [pid: 7|app: 0|req: 581/1183] 10.0.0.51 () {32 vars in 719 bytes} [Sat Jun 13 02:26:39 2026] DELETE /v2.0/ports/5850d200-c702-4ae3-b8ed-13e4869905c5 => generated 0 bytes in 648 msecs (HTTP/1.1 204) 3 headers in 131 bytes (1 switches on core 0) /var/lib/openstack/lib/python3.12/site-packages/pycadf/identifier.py:70: UserWarning: Invalid uuid: neutron. To ensure interoperability, identifiers should be a valid uuid. warnings.warn(('Invalid uuid: %s. To ensure interoperability, ' [pid: 7|app: 0|req: 582/1184] 10.0.0.77 () {34 vars in 989 bytes} [Sat Jun 13 02:26:39 2026] GET /v2.0/ports?device_id=fb9a0f4b-f08e-43db-be19-fd4e5952c176 => generated 969 bytes in 86 msecs (HTTP/1.1 200) 4 headers in 157 bytes (1 switches on core 0)
2026-06-13 02:26:40.119 7 INFO neutron.plugins.ml2.drivers.ovn.mech_driver.mech_driver [None req-f09c5130-664e-4f62-b2ce-203e1f6a5837 - - - - - -] OVN reports status down for port: e4a46533-f32d-462a-831d-00a1a34555ad [pid: 8|app: 0|req: 603/1185] 10.0.0.51 () {34 vars in 788 bytes} [Sat Jun 13 02:26:39 2026] PUT /v2.0/routers/de234c24-2408-4bcb-a24d-9e86ece91453/remove_router_interface => generated 309 bytes in 1213 msecs (HTTP/1.1 200) 4 headers in 157 bytes (1 switches on core 0) /var/lib/openstack/lib/python3.12/site-packages/pycadf/identifier.py:70: UserWarning: Invalid uuid: neutron. To ensure interoperability, identifiers should be a valid uuid. warnings.warn(('Invalid uuid: %s. To ensure interoperability, ' [pid: 8|app: 0|req: 604/1186] 10.0.0.77 () {34 vars in 1039 bytes} [Sat Jun 13 02:26:40 2026] GET /v2.0/security-groups?id=5bd133e3-20b8-4a11-97b2-64bfe27930df&fields=id&fields=name => generated 113 bytes in 38 msecs (HTTP/1.1 200) 4 headers in 157 bytes (1 switches on core 0)
2026-06-13 02:26:40.407 7 INFO neutron_taas.services.taas.taas_plugin [None req-3bffcb33-eec0-4941-8075-4dad89fcef69 90c1dd8ec1dc45bda7570cb9a4cc1590 8076e3ad670944baa227e6e65cd277d5 - - default default] TaaS: Handle Delete Port: 586f4d56-09aa-4dae-b1c0-12ddcedf00c5
2026-06-13 02:26:40.414 7 INFO neutron_taas.services.taas.tap_mirror_plugin [None req-3bffcb33-eec0-4941-8075-4dad89fcef69 90c1dd8ec1dc45bda7570cb9a4cc1590 8076e3ad670944baa227e6e65cd277d5 - - default default] Tap Mirror: Handle Delete Port: 586f4d56-09aa-4dae-b1c0-12ddcedf00c5
2026-06-13 02:26:40.635 7 INFO neutron.db.ovn_revision_numbers_db [None req-f09c5130-664e-4f62-b2ce-203e1f6a5837 - - - - - -] Successfully bumped revision number for resource e4a46533-f32d-462a-831d-00a1a34555ad (type: ports) to 8
2026-06-13 02:26:40.637 8 INFO neutron_taas.services.taas.taas_plugin [None req-6ced8932-262e-4688-b0be-2b2c1de94015 b184f9a1ec1a4d5b9a285543c5715f09 9f8566e2308a48e2a1d1412a958c409c - - default default] TaaS: Handle Delete Port: 71159ced-2ffe-4dd0-8d79-90b9a7663133
2026-06-13 02:26:40.640 8 INFO neutron_taas.services.taas.tap_mirror_plugin [None req-6ced8932-262e-4688-b0be-2b2c1de94015 b184f9a1ec1a4d5b9a285543c5715f09 9f8566e2308a48e2a1d1412a958c409c - - default default] Tap Mirror: Handle Delete Port: 71159ced-2ffe-4dd0-8d79-90b9a7663133
2026-06-13 02:26:40.788 7 INFO neutron.services.segments.plugin [-] Segment fbd5754b-6ecb-46de-a56c-d8b0f356a984 resource provider aggregate not found
2026-06-13 02:26:40.792 7 INFO neutron.services.segments.plugin [-] Segment fbd5754b-6ecb-46de-a56c-d8b0f356a984 resource provider aggregate not found
2026-06-13 02:26:40.810 7 INFO neutron.services.segments.plugin [-] Segment fbd5754b-6ecb-46de-a56c-d8b0f356a984 resource provider not found; error: Placement Client Error (4xx): {"errors": [{"status": 404, "title": "Not Found", "detail": "The resource could not be found.\n\n No resource provider with uuid fbd5754b-6ecb-46de-a56c-d8b0f356a984 found for delete ", "request_id": "req-fbfd8c8b-4994-4805-92f2-ae3248ecb734"}]}
2026-06-13 02:26:40.815 7 INFO neutron.services.segments.plugin [-] Segment fbd5754b-6ecb-46de-a56c-d8b0f356a984 resource provider not found; error: Placement Client Error (4xx): {"errors": [{"status": 404, "title": "Not Found", "detail": "The resource could not be found.\n\n No resource provider with uuid fbd5754b-6ecb-46de-a56c-d8b0f356a984 found for delete ", "request_id": "req-e044b950-e399-4c05-afcf-db0ea649b9fa"}]} [pid: 7|app: 0|req: 583/1187] 10.0.0.51 () {32 vars in 725 bytes} [Sat Jun 13 02:26:40 2026] DELETE /v2.0/networks/cfa41701-eaeb-4158-9068-44221a370d67 => generated 0 bytes in 793 msecs (HTTP/1.1 204) 3 headers in 131 bytes (1 switches on core 0) /var/lib/openstack/lib/python3.12/site-packages/pycadf/identifier.py:70: UserWarning: Invalid uuid: neutron. To ensure interoperability, identifiers should be a valid uuid. warnings.warn(('Invalid uuid: %s. To ensure interoperability, ' [pid: 7|app: 0|req: 584/1188] 10.0.0.77 () {34 vars in 989 bytes} [Sat Jun 13 02:26:40 2026] GET /v2.0/ports?device_id=a36f33e7-efb4-46d8-bafb-b9a14a5a9727 => generated 969 bytes in 69 msecs (HTTP/1.1 200) 4 headers in 157 bytes (1 switches on core 0) [pid: 7|app: 0|req: 585/1189] 199.204.45.3 () {34 vars in 992 bytes} [Sat Jun 13 02:26:40 2026] GET /v2.0/ports?device_id=fb9a0f4b-f08e-43db-be19-fd4e5952c176 => generated 969 bytes in 52 msecs (HTTP/1.1 200) 4 headers in 157 bytes (1 switches on core 0) [pid: 7|app: 0|req: 586/1190] 10.0.0.77 () {34 vars in 1039 bytes} [Sat Jun 13 02:26:40 2026] GET /v2.0/security-groups?id=d543fedf-2815-4a4b-8812-4f558e0285d7&fields=id&fields=name => generated 113 bytes in 28 msecs (HTTP/1.1 200) 4 headers in 157 bytes (1 switches on core 0) [pid: 8|app: 0|req: 605/1191] 10.0.0.51 () {32 vars in 723 bytes} [Sat Jun 13 02:26:40 2026] DELETE /v2.0/routers/de234c24-2408-4bcb-a24d-9e86ece91453 => generated 0 bytes in 895 msecs (HTTP/1.1 204) 2 headers in 112 bytes (1 switches on core 0)
2026-06-13 02:26:41.249 7 INFO neutron_taas.services.taas.taas_plugin [req-a18b080e-38c2-4661-8753-22c9b9e130f6 req-7a6e6e80-c7b2-4c35-b140-1c57e0adcb14 ed22070fd95c477aaca539fc06b3aec3 e40b75b4920f4b60978d46e37136724d - - default default] TaaS: Handle Delete Port: 6b868bb5-b03b-4ba9-ad8f-0a0aeaf89d8c
2026-06-13 02:26:41.258 7 INFO neutron_taas.services.taas.tap_mirror_plugin [req-a18b080e-38c2-4661-8753-22c9b9e130f6 req-7a6e6e80-c7b2-4c35-b140-1c57e0adcb14 ed22070fd95c477aaca539fc06b3aec3 e40b75b4920f4b60978d46e37136724d - - default default] Tap Mirror: Handle Delete Port: 6b868bb5-b03b-4ba9-ad8f-0a0aeaf89d8c [pid: 8|app: 0|req: 606/1192] 10.0.0.51 () {32 vars in 723 bytes} [Sat Jun 13 02:26:41 2026] DELETE /v2.0/subnets/ee49a544-1da2-42c2-a88d-9c9137079054 => generated 0 bytes in 238 msecs (HTTP/1.1 204) 3 headers in 131 bytes (1 switches on core 0)
2026-06-13 02:26:41.493 7 INFO neutron.db.l3_db [req-a18b080e-38c2-4661-8753-22c9b9e130f6 req-7a6e6e80-c7b2-4c35-b140-1c57e0adcb14 ed22070fd95c477aaca539fc06b3aec3 e40b75b4920f4b60978d46e37136724d - - default default] Floating IP 8fd2515c-c70a-490a-91e0-327a184a55f5 disassociated. External IP: 10.96.250.213, port: 6b868bb5-b03b-4ba9-ad8f-0a0aeaf89d8c. [pid: 8|app: 0|req: 607/1193] 199.204.45.3 () {34 vars in 992 bytes} [Sat Jun 13 02:26:41 2026] GET /v2.0/ports?device_id=a36f33e7-efb4-46d8-bafb-b9a14a5a9727 => generated 969 bytes in 94 msecs (HTTP/1.1 200) 4 headers in 157 bytes (1 switches on core 0) [pid: 7|app: 0|req: 587/1194] 199.204.45.3 () {36 vars in 995 bytes} [Sat Jun 13 02:26:40 2026] DELETE /v2.0/ports/6b868bb5-b03b-4ba9-ad8f-0a0aeaf89d8c => generated 0 bytes in 670 msecs (HTTP/1.1 204) 3 headers in 131 bytes (1 switches on core 0) [pid: 8|app: 0|req: 608/1195] 10.0.0.51 () {32 vars in 773 bytes} [Sat Jun 13 02:26:41 2026] GET /v2.0/security-groups?tenant_id=8076e3ad670944baa227e6e65cd277d5&name=default => generated 2925 bytes in 146 msecs (HTTP/1.1 200) 4 headers in 158 bytes (1 switches on core 0) /var/lib/openstack/lib/python3.12/site-packages/pycadf/identifier.py:70: UserWarning: Invalid uuid: neutron. To ensure interoperability, identifiers should be a valid uuid. warnings.warn(('Invalid uuid: %s. To ensure interoperability, ' [pid: 7|app: 0|req: 588/1196] 10.0.0.77 () {34 vars in 989 bytes} [Sat Jun 13 02:26:41 2026] GET /v2.0/ports?device_id=fb9a0f4b-f08e-43db-be19-fd4e5952c176 => generated 12 bytes in 21 msecs (HTTP/1.1 200) 4 headers in 156 bytes (1 switches on core 0)
2026-06-13 02:26:41.734 7 INFO neutron.notifiers.nova [-] Nova event matching ['req-5e84367f-4509-4fb3-911a-a58dda77ccec'] response: {'server_uuid': 'fb9a0f4b-f08e-43db-be19-fd4e5952c176', 'name': 'network-vif-unplugged', 'status': 'completed', 'tag': '6b868bb5-b03b-4ba9-ad8f-0a0aeaf89d8c', 'code': 200}
2026-06-13 02:26:41.734 7 INFO neutron.notifiers.nova [-] Nova event matching ['req-5e84367f-4509-4fb3-911a-a58dda77ccec'] response: {'server_uuid': 'a36f33e7-efb4-46d8-bafb-b9a14a5a9727', 'name': 'network-vif-unplugged', 'status': 'completed', 'tag': 'e4a46533-f32d-462a-831d-00a1a34555ad', 'code': 200}
2026-06-13 02:26:41.734 7 INFO neutron.notifiers.nova [-] Nova event matching ['req-5e84367f-4509-4fb3-911a-a58dda77ccec'] response: {'server_uuid': 'a36f33e7-efb4-46d8-bafb-b9a14a5a9727', 'name': 'network-vif-unplugged', 'status': 'completed', 'tag': 'e4a46533-f32d-462a-831d-00a1a34555ad', 'code': 200}
2026-06-13 02:26:41.734 7 INFO neutron.notifiers.nova [-] Nova event matching ['req-5e84367f-4509-4fb3-911a-a58dda77ccec'] response: {'server_uuid': 'fb9a0f4b-f08e-43db-be19-fd4e5952c176', 'name': 'network-vif-deleted', 'tag': '6b868bb5-b03b-4ba9-ad8f-0a0aeaf89d8c', 'status': 'completed', 'code': 200}
2026-06-13 02:26:41.787 8 INFO neutron_taas.services.taas.taas_plugin [None req-9085ca74-28c0-46ce-8907-e7bff053c482 b184f9a1ec1a4d5b9a285543c5715f09 9f8566e2308a48e2a1d1412a958c409c - - default default] TaaS: Handle Delete Port: 70b9ad7e-35d2-4735-9c7e-3f0e5e7c535b
2026-06-13 02:26:41.789 8 INFO neutron_taas.services.taas.tap_mirror_plugin [None req-9085ca74-28c0-46ce-8907-e7bff053c482 b184f9a1ec1a4d5b9a285543c5715f09 9f8566e2308a48e2a1d1412a958c409c - - default default] Tap Mirror: Handle Delete Port: 70b9ad7e-35d2-4735-9c7e-3f0e5e7c535b
2026-06-13 02:26:41.831 7 INFO neutron_taas.services.taas.taas_plugin [req-a1a640c6-433f-4f67-8e85-6783fda59918 req-606d5150-96fd-4f1b-ac48-5c6bc6ec6ea0 8ed82a7b882741b982a031e050039575 85a0e48ad4d147aba3329d35d07e0f20 - - default default] TaaS: Handle Delete Port: e4a46533-f32d-462a-831d-00a1a34555ad
2026-06-13 02:26:41.834 7 INFO neutron_taas.services.taas.tap_mirror_plugin [req-a1a640c6-433f-4f67-8e85-6783fda59918 req-606d5150-96fd-4f1b-ac48-5c6bc6ec6ea0 8ed82a7b882741b982a031e050039575 85a0e48ad4d147aba3329d35d07e0f20 - - default default] Tap Mirror: Handle Delete Port: e4a46533-f32d-462a-831d-00a1a34555ad
2026-06-13 02:26:41.989 8 INFO neutron.services.segments.plugin [-] Segment 47b69709-2b73-45aa-87c0-d6bf2e7f93ea resource provider aggregate not found
2026-06-13 02:26:41.992 8 INFO neutron.services.segments.plugin [-] Segment 47b69709-2b73-45aa-87c0-d6bf2e7f93ea resource provider aggregate not found
2026-06-13 02:26:42.010 8 INFO neutron.services.segments.plugin [-] Segment 47b69709-2b73-45aa-87c0-d6bf2e7f93ea resource provider not found; error: Placement Client Error (4xx): {"errors": [{"status": 404, "title": "Not Found", "detail": "The resource could not be found.\n\n No resource provider with uuid 47b69709-2b73-45aa-87c0-d6bf2e7f93ea found for delete ", "request_id": "req-d7ca8871-28c0-4e45-b762-0a5c8e399840"}]}
2026-06-13 02:26:42.011 8 INFO neutron.services.segments.plugin [-] Segment 47b69709-2b73-45aa-87c0-d6bf2e7f93ea resource provider not found; error: Placement Client Error (4xx): {"errors": [{"status": 404, "title": "Not Found", "detail": "The resource could not be found.\n\n No resource provider with uuid 47b69709-2b73-45aa-87c0-d6bf2e7f93ea found for delete ", "request_id": "req-1d9e8a33-f258-41cb-a5b2-251f43202e90"}]} [pid: 8|app: 0|req: 609/1197] 10.0.0.51 () {32 vars in 725 bytes} [Sat Jun 13 02:26:41 2026] DELETE /v2.0/networks/719c597e-3b26-4ef9-a50c-a14d04a4a4ae => generated 0 bytes in 390 msecs (HTTP/1.1 204) 3 headers in 131 bytes (1 switches on core 0)
2026-06-13 02:26:42.128 7 INFO neutron.db.l3_db [req-a1a640c6-433f-4f67-8e85-6783fda59918 req-606d5150-96fd-4f1b-ac48-5c6bc6ec6ea0 8ed82a7b882741b982a031e050039575 85a0e48ad4d147aba3329d35d07e0f20 - - default default] Floating IP 78fb4334-cbe3-44d3-955b-ab223ce6f94a disassociated. External IP: 10.96.250.217, port: e4a46533-f32d-462a-831d-00a1a34555ad. [pid: 7|app: 0|req: 589/1198] 199.204.45.3 () {36 vars in 995 bytes} [Sat Jun 13 02:26:41 2026] DELETE /v2.0/ports/e4a46533-f32d-462a-831d-00a1a34555ad => generated 0 bytes in 676 msecs (HTTP/1.1 204) 3 headers in 131 bytes (1 switches on core 0) /var/lib/openstack/lib/python3.12/site-packages/pycadf/identifier.py:70: UserWarning: Invalid uuid: neutron. To ensure interoperability, identifiers should be a valid uuid. warnings.warn(('Invalid uuid: %s. To ensure interoperability, ' [pid: 7|app: 0|req: 590/1199] 10.0.0.77 () {34 vars in 989 bytes} [Sat Jun 13 02:26:42 2026] GET /v2.0/ports?device_id=a36f33e7-efb4-46d8-bafb-b9a14a5a9727 => generated 12 bytes in 34 msecs (HTTP/1.1 200) 4 headers in 156 bytes (1 switches on core 0) [pid: 8|app: 0|req: 610/1200] 10.0.0.51 () {32 vars in 739 bytes} [Sat Jun 13 02:26:42 2026] DELETE /v2.0/security-groups/e10c5f99-3cb6-4929-ac6a-b5827fffd92f => generated 0 bytes in 358 msecs (HTTP/1.1 204) 2 headers in 112 bytes (1 switches on core 0) [pid: 7|app: 0|req: 591/1201] 10.0.0.51 () {32 vars in 773 bytes} [Sat Jun 13 02:26:42 2026] GET /v2.0/security-groups?tenant_id=301edada4a3a4ebca21654e53dd6a359&name=default => generated 2925 bytes in 44 msecs (HTTP/1.1 200) 4 headers in 158 bytes (1 switches on core 0) [pid: 8|app: 0|req: 611/1202] 10.0.0.51 () {32 vars in 739 bytes} [Sat Jun 13 02:26:42 2026] DELETE /v2.0/security-groups/78946d07-63cd-47fe-80ff-875b60060e99 => generated 0 bytes in 282 msecs (HTTP/1.1 204) 2 headers in 112 bytes (1 switches on core 0) [pid: 7|app: 0|req: 592/1203] 10.0.0.77 () {34 vars in 989 bytes} [Sat Jun 13 02:26:42 2026] GET /v2.0/ports?device_id=fb9a0f4b-f08e-43db-be19-fd4e5952c176 => generated 12 bytes in 21 msecs (HTTP/1.1 200) 4 headers in 156 bytes (1 switches on core 0) [pid: 8|app: 0|req: 612/1204] 10.0.0.77 () {34 vars in 989 bytes} [Sat Jun 13 02:26:43 2026] GET /v2.0/ports?device_id=a36f33e7-efb4-46d8-bafb-b9a14a5a9727 => generated 12 bytes in 24 msecs (HTTP/1.1 200) 4 headers in 156 bytes (1 switches on core 0)
2026-06-13 02:26:43.771 7 INFO neutron.notifiers.nova [-] Nova event matching ['req-bfa9d184-dd33-45e2-9cf7-e1ceea3ee29a'] response: {'server_uuid': 'a36f33e7-efb4-46d8-bafb-b9a14a5a9727', 'name': 'network-vif-deleted', 'tag': 'e4a46533-f32d-462a-831d-00a1a34555ad', 'status': 'completed', 'code': 200} [pid: 7|app: 0|req: 593/1205] 10.0.0.77 () {34 vars in 989 bytes} [Sat Jun 13 02:26:43 2026] GET /v2.0/ports?device_id=fb9a0f4b-f08e-43db-be19-fd4e5952c176 => generated 12 bytes in 19 msecs (HTTP/1.1 200) 4 headers in 156 bytes (1 switches on core 0)
2026-06-13 02:26:44.557 8 INFO neutron.db.ovn_revision_numbers_db [None req-0a490959-13a3-4f74-8350-e0f383d50487 bc1b387c20cd41bba00feae1e8e946c9 7612e9cea8f4451e9e5f612fd5e0533e - - default default] Successfully bumped revision number for resource 61ad75f7-4c11-4f1d-991d-71a5c4bf56d4 (type: security_groups) to 1
2026-06-13 02:26:44.569 8 INFO neutron.db.ovn_revision_numbers_db [None req-0a490959-13a3-4f74-8350-e0f383d50487 bc1b387c20cd41bba00feae1e8e946c9 7612e9cea8f4451e9e5f612fd5e0533e - - default default] Successfully bumped revision number for resource 67c746a0-36a8-4a54-b214-c579f42cf7b6 (type: security_group_rules) to 0
2026-06-13 02:26:44.582 8 INFO neutron.db.ovn_revision_numbers_db [None req-0a490959-13a3-4f74-8350-e0f383d50487 bc1b387c20cd41bba00feae1e8e946c9 7612e9cea8f4451e9e5f612fd5e0533e - - default default] Successfully bumped revision number for resource 7a3d1dee-4a4c-4a60-8b44-f24a16e902cb (type: security_group_rules) to 0 [pid: 7|app: 0|req: 594/1206] 10.0.0.77 () {34 vars in 989 bytes} [Sat Jun 13 02:26:44 2026] GET /v2.0/ports?device_id=a36f33e7-efb4-46d8-bafb-b9a14a5a9727 => generated 12 bytes in 23 msecs (HTTP/1.1 200) 4 headers in 156 bytes (1 switches on core 0)
2026-06-13 02:26:44.597 8 INFO neutron.db.ovn_revision_numbers_db [None req-0a490959-13a3-4f74-8350-e0f383d50487 bc1b387c20cd41bba00feae1e8e946c9 7612e9cea8f4451e9e5f612fd5e0533e - - default default] Successfully bumped revision number for resource 9fd692a2-dbd0-4493-b525-83045a7595e7 (type: security_group_rules) to 0
2026-06-13 02:26:44.611 8 INFO neutron.db.ovn_revision_numbers_db [None req-0a490959-13a3-4f74-8350-e0f383d50487 bc1b387c20cd41bba00feae1e8e946c9 7612e9cea8f4451e9e5f612fd5e0533e - - default default] Successfully bumped revision number for resource a43da97c-d762-4703-b110-ce74e2569826 (type: security_group_rules) to 0
2026-06-13 02:26:44.690 8 INFO neutron.db.segments_db [None req-0a490959-13a3-4f74-8350-e0f383d50487 bc1b387c20cd41bba00feae1e8e946c9 7612e9cea8f4451e9e5f612fd5e0533e - - default default] Added segment 7f90ab80-1ca3-463f-aa7b-edcfa101d41a of type geneve for network 72b66b18-d1eb-4f33-8d04-01ae86e2c598
2026-06-13 02:26:44.805 7 INFO neutron.db.ovn_revision_numbers_db [None req-fe321e91-9ddd-4e18-8c9d-3f9bfae163f6 b184f9a1ec1a4d5b9a285543c5715f09 9f8566e2308a48e2a1d1412a958c409c - - default default] Successfully bumped revision number for resource 93776730-93e1-45d3-b12c-1c732f20d10c (type: security_groups) to 1
2026-06-13 02:26:44.820 7 INFO neutron.db.ovn_revision_numbers_db [None req-fe321e91-9ddd-4e18-8c9d-3f9bfae163f6 b184f9a1ec1a4d5b9a285543c5715f09 9f8566e2308a48e2a1d1412a958c409c - - default default] Successfully bumped revision number for resource 5791a53a-ef13-4c11-9271-f0d5d1a7d8f0 (type: security_group_rules) to 0
2026-06-13 02:26:44.843 7 INFO neutron.db.ovn_revision_numbers_db [None req-fe321e91-9ddd-4e18-8c9d-3f9bfae163f6 b184f9a1ec1a4d5b9a285543c5715f09 9f8566e2308a48e2a1d1412a958c409c - - default default] Successfully bumped revision number for resource 823a18d8-a2f4-4cbb-9451-c6a598847213 (type: security_group_rules) to 0
2026-06-13 02:26:44.858 8 INFO neutron.db.ovn_revision_numbers_db [None req-0a490959-13a3-4f74-8350-e0f383d50487 bc1b387c20cd41bba00feae1e8e946c9 7612e9cea8f4451e9e5f612fd5e0533e - - default default] Successfully bumped revision number for resource 72b66b18-d1eb-4f33-8d04-01ae86e2c598 (type: networks) to 1
2026-06-13 02:26:44.860 7 INFO neutron.db.ovn_revision_numbers_db [None req-fe321e91-9ddd-4e18-8c9d-3f9bfae163f6 b184f9a1ec1a4d5b9a285543c5715f09 9f8566e2308a48e2a1d1412a958c409c - - default default] Successfully bumped revision number for resource 94fa6d6e-83b8-4467-9d62-201dee12a623 (type: security_group_rules) to 0
2026-06-13 02:26:44.870 7 INFO neutron.db.ovn_revision_numbers_db [None req-fe321e91-9ddd-4e18-8c9d-3f9bfae163f6 b184f9a1ec1a4d5b9a285543c5715f09 9f8566e2308a48e2a1d1412a958c409c - - default default] Successfully bumped revision number for resource ba19fa53-7041-4ab5-87dc-31ddcb832f1f (type: security_group_rules) to 0
2026-06-13 02:26:44.942 7 INFO neutron.db.segments_db [None req-fe321e91-9ddd-4e18-8c9d-3f9bfae163f6 b184f9a1ec1a4d5b9a285543c5715f09 9f8566e2308a48e2a1d1412a958c409c - - default default] Added segment 1c103caf-9dbe-4568-97ad-7832dac459ab of type geneve for network 7b7af71f-5f6a-4fe3-afc4-ffa00c1abd8e
2026-06-13 02:26:45.057 7 INFO neutron.db.ovn_revision_numbers_db [None req-fe321e91-9ddd-4e18-8c9d-3f9bfae163f6 b184f9a1ec1a4d5b9a285543c5715f09 9f8566e2308a48e2a1d1412a958c409c - - default default] Successfully bumped revision number for resource 7b7af71f-5f6a-4fe3-afc4-ffa00c1abd8e (type: networks) to 1
2026-06-13 02:26:45.073 8 WARNING neutron.scheduler.dhcp_agent_scheduler [None req-0a490959-13a3-4f74-8350-e0f383d50487 bc1b387c20cd41bba00feae1e8e946c9 7612e9cea8f4451e9e5f612fd5e0533e - - default default] No more DHCP agents
2026-06-13 02:26:45.076 8 WARNING neutron.api.rpc.agentnotifiers.dhcp_rpc_agent_api [None req-0a490959-13a3-4f74-8350-e0f383d50487 bc1b387c20cd41bba00feae1e8e946c9 7612e9cea8f4451e9e5f612fd5e0533e - - default default] Unable to schedule network 72b66b18-d1eb-4f33-8d04-01ae86e2c598: no agents available; will retry on subsequent port and subnet creation events.
2026-06-13 02:26:45.156 7 INFO neutron.plugins.ml2.drivers.ovn.mech_driver.mech_driver [None req-b4f19d31-ae68-46cd-98a2-b208b098895a - - - - - -] OVN reports status down for port: 1a329274-d681-42a7-8390-d516bdbe67ed
2026-06-13 02:26:45.189 8 INFO neutron.db.ovn_revision_numbers_db [None req-0a490959-13a3-4f74-8350-e0f383d50487 bc1b387c20cd41bba00feae1e8e946c9 7612e9cea8f4451e9e5f612fd5e0533e - - default default] Successfully bumped revision number for resource 1a329274-d681-42a7-8390-d516bdbe67ed (type: ports) to 1 [pid: 8|app: 0|req: 613/1207] 10.0.0.51 () {34 vars in 669 bytes} [Sat Jun 13 02:26:44 2026] POST /v2.0/networks => generated 671 bytes in 1087 msecs (HTTP/1.1 201) 4 headers in 162 bytes (1 switches on core 0)
2026-06-13 02:26:45.337 7 WARNING neutron.scheduler.dhcp_agent_scheduler [None req-fe321e91-9ddd-4e18-8c9d-3f9bfae163f6 b184f9a1ec1a4d5b9a285543c5715f09 9f8566e2308a48e2a1d1412a958c409c - - default default] No more DHCP agents
2026-06-13 02:26:45.341 7 WARNING neutron.api.rpc.agentnotifiers.dhcp_rpc_agent_api [None req-fe321e91-9ddd-4e18-8c9d-3f9bfae163f6 b184f9a1ec1a4d5b9a285543c5715f09 9f8566e2308a48e2a1d1412a958c409c - - default default] Unable to schedule network 7b7af71f-5f6a-4fe3-afc4-ffa00c1abd8e: no agents available; will retry on subsequent port and subnet creation events. [pid: 8|app: 0|req: 614/1208] 10.0.0.51 () {32 vars in 739 bytes} [Sat Jun 13 02:26:45 2026] DELETE /v2.0/security-groups/5bd133e3-20b8-4a11-97b2-64bfe27930df => generated 0 bytes in 187 msecs (HTTP/1.1 204) 2 headers in 112 bytes (1 switches on core 0)
2026-06-13 02:26:45.447 7 INFO neutron.plugins.ml2.drivers.ovn.mech_driver.mech_driver [None req-b4f19d31-ae68-46cd-98a2-b208b098895a - - - - - -] OVN reports status down for port: 9896d6b1-5d99-4ae6-99c7-7465d4ad257c
2026-06-13 02:26:45.499 7 INFO neutron.db.ovn_revision_numbers_db [None req-fe321e91-9ddd-4e18-8c9d-3f9bfae163f6 b184f9a1ec1a4d5b9a285543c5715f09 9f8566e2308a48e2a1d1412a958c409c - - default default] Successfully bumped revision number for resource 9896d6b1-5d99-4ae6-99c7-7465d4ad257c (type: ports) to 1 [pid: 7|app: 0|req: 595/1209] 10.0.0.51 () {34 vars in 670 bytes} [Sat Jun 13 02:26:44 2026] POST /v2.0/networks => generated 789 bytes in 948 msecs (HTTP/1.1 201) 4 headers in 162 bytes (1 switches on core 0)
2026-06-13 02:26:45.537 8 INFO neutron.db.segments_db [None req-e7bdc232-d82a-4ab7-aeb6-b5140b8d839a bc1b387c20cd41bba00feae1e8e946c9 7612e9cea8f4451e9e5f612fd5e0533e - - default default] Added segment 605e4d36-cf3d-474d-bcad-e1333b1f6b1e of type geneve for network 2bcc2524-f851-4a8c-9226-f42588c05966
2026-06-13 02:26:45.553 7 INFO neutron.api.v2.resource [None req-d3dfddeb-b630-4ef8-a1c6-83dde6cbf001 ed22070fd95c477aaca539fc06b3aec3 e40b75b4920f4b60978d46e37136724d - - default default] show failed (client error): The resource could not be found. [pid: 7|app: 0|req: 596/1210] 10.0.0.51 () {32 vars in 736 bytes} [Sat Jun 13 02:26:45 2026] GET /v2.0/security-groups/5bd133e3-20b8-4a11-97b2-64bfe27930df => generated 146 bytes in 20 msecs (HTTP/1.1 404) 4 headers in 164 bytes (1 switches on core 0)
2026-06-13 02:26:45.668 8 INFO neutron.db.ovn_revision_numbers_db [None req-e7bdc232-d82a-4ab7-aeb6-b5140b8d839a bc1b387c20cd41bba00feae1e8e946c9 7612e9cea8f4451e9e5f612fd5e0533e - - default default] Successfully bumped revision number for resource 2bcc2524-f851-4a8c-9226-f42588c05966 (type: networks) to 1
2026-06-13 02:26:45.685 7 WARNING neutron.scheduler.dhcp_agent_scheduler [None req-b1aa6980-3aa1-41b5-9a30-aa498005d6e7 b184f9a1ec1a4d5b9a285543c5715f09 9f8566e2308a48e2a1d1412a958c409c - - default default] No more DHCP agents
2026-06-13 02:26:45.687 7 WARNING neutron.api.rpc.agentnotifiers.dhcp_rpc_agent_api [None req-b1aa6980-3aa1-41b5-9a30-aa498005d6e7 b184f9a1ec1a4d5b9a285543c5715f09 9f8566e2308a48e2a1d1412a958c409c - - default default] Unable to schedule network 7b7af71f-5f6a-4fe3-afc4-ffa00c1abd8e: no agents available; will retry on subsequent port and subnet creation events.
2026-06-13 02:26:45.853 8 WARNING neutron.scheduler.dhcp_agent_scheduler [None req-e7bdc232-d82a-4ab7-aeb6-b5140b8d839a bc1b387c20cd41bba00feae1e8e946c9 7612e9cea8f4451e9e5f612fd5e0533e - - default default] No more DHCP agents
2026-06-13 02:26:45.854 8 WARNING neutron.api.rpc.agentnotifiers.dhcp_rpc_agent_api [None req-e7bdc232-d82a-4ab7-aeb6-b5140b8d839a bc1b387c20cd41bba00feae1e8e946c9 7612e9cea8f4451e9e5f612fd5e0533e - - default default] Unable to schedule network 2bcc2524-f851-4a8c-9226-f42588c05966: no agents available; will retry on subsequent port and subnet creation events.
2026-06-13 02:26:45.962 8 INFO neutron.db.ovn_revision_numbers_db [None req-e7bdc232-d82a-4ab7-aeb6-b5140b8d839a bc1b387c20cd41bba00feae1e8e946c9 7612e9cea8f4451e9e5f612fd5e0533e - - default default] Successfully bumped revision number for resource 09f5cde4-0c6a-40a4-973d-ad6e43db0ba7 (type: ports) to 1
2026-06-13 02:26:45.975 7 INFO neutron.plugins.ml2.drivers.ovn.mech_driver.mech_driver [None req-b4f19d31-ae68-46cd-98a2-b208b098895a - - - - - -] OVN reports status down for port: 09f5cde4-0c6a-40a4-973d-ad6e43db0ba7 [pid: 8|app: 0|req: 615/1211] 10.0.0.51 () {34 vars in 669 bytes} [Sat Jun 13 02:26:45 2026] POST /v2.0/networks => generated 672 bytes in 583 msecs (HTTP/1.1 201) 4 headers in 162 bytes (1 switches on core 0)
2026-06-13 02:26:46.109 8 INFO neutron_taas.services.taas.taas_plugin [None req-0afe98c4-06f0-4911-8c85-1d4ad6a77de7 ed22070fd95c477aaca539fc06b3aec3 e40b75b4920f4b60978d46e37136724d - - default default] TaaS: Handle Delete Port: fa844024-1cf3-412b-9bdb-817296e3f95e
2026-06-13 02:26:46.112 8 INFO neutron_taas.services.taas.tap_mirror_plugin [None req-0afe98c4-06f0-4911-8c85-1d4ad6a77de7 ed22070fd95c477aaca539fc06b3aec3 e40b75b4920f4b60978d46e37136724d - - default default] Tap Mirror: Handle Delete Port: fa844024-1cf3-412b-9bdb-817296e3f95e
2026-06-13 02:26:46.243 7 INFO neutron.db.ovn_revision_numbers_db [None req-3b557724-66d3-4b71-9602-06f194989244 - - - - - -] Successfully bumped revision number for resource 9896d6b1-5d99-4ae6-99c7-7465d4ad257c (type: ports) to 2
2026-06-13 02:26:46.284 7 INFO neutron.db.ovn_revision_numbers_db [None req-3b557724-66d3-4b71-9602-06f194989244 - - - - - -] Successfully bumped revision number for resource 7096a8a9-97e7-4507-917a-daf502812df4 (type: subnets) to 0 [pid: 7|app: 0|req: 597/1212] 10.0.0.51 () {34 vars in 668 bytes} [Sat Jun 13 02:26:45 2026] POST /v2.0/subnets => generated 695 bytes in 751 msecs (HTTP/1.1 201) 4 headers in 162 bytes (1 switches on core 0) [pid: 8|app: 0|req: 616/1213] 10.0.0.51 () {32 vars in 731 bytes} [Sat Jun 13 02:26:45 2026] DELETE /v2.0/floatingips/8fd2515c-c70a-490a-91e0-327a184a55f5 => generated 0 bytes in 334 msecs (HTTP/1.1 204) 2 headers in 112 bytes (1 switches on core 0) [pid: 7|app: 0|req: 598/1214] 10.0.0.77 () {34 vars in 989 bytes} [Sat Jun 13 02:26:46 2026] GET /v2.0/ports?device_id=a36f33e7-efb4-46d8-bafb-b9a14a5a9727 => generated 12 bytes in 23 msecs (HTTP/1.1 200) 4 headers in 156 bytes (1 switches on core 0)
2026-06-13 02:26:46.514 8 WARNING neutron.scheduler.dhcp_agent_scheduler [None req-dc0746b8-0b76-4a3c-96a6-168d7b38f3e9 bc1b387c20cd41bba00feae1e8e946c9 7612e9cea8f4451e9e5f612fd5e0533e - - default default] No more DHCP agents
2026-06-13 02:26:46.515 8 WARNING neutron.api.rpc.agentnotifiers.dhcp_rpc_agent_api [None req-dc0746b8-0b76-4a3c-96a6-168d7b38f3e9 bc1b387c20cd41bba00feae1e8e946c9 7612e9cea8f4451e9e5f612fd5e0533e - - default default] Unable to schedule network 72b66b18-d1eb-4f33-8d04-01ae86e2c598: no agents available; will retry on subsequent port and subnet creation events.
2026-06-13 02:26:46.557 8 INFO neutron.db.ovn_revision_numbers_db [None req-dc0746b8-0b76-4a3c-96a6-168d7b38f3e9 bc1b387c20cd41bba00feae1e8e946c9 7612e9cea8f4451e9e5f612fd5e0533e - - default default] Successfully bumped revision number for resource 092fa0cd-e9fe-43bd-b5e9-c78252770a13 (type: subnets) to 0 [pid: 8|app: 0|req: 617/1215] 10.0.0.51 () {34 vars in 668 bytes} [Sat Jun 13 02:26:46 2026] POST /v2.0/subnets => generated 646 bytes in 248 msecs (HTTP/1.1 201) 4 headers in 162 bytes (1 switches on core 0)
2026-06-13 02:26:46.734 7 WARNING neutron.scheduler.dhcp_agent_scheduler [None req-5d8106cc-4d05-474f-9857-87de374fdf3c b184f9a1ec1a4d5b9a285543c5715f09 9f8566e2308a48e2a1d1412a958c409c - - default default] No more DHCP agents
2026-06-13 02:26:46.736 7 WARNING neutron.api.rpc.agentnotifiers.dhcp_rpc_agent_api [None req-5d8106cc-4d05-474f-9857-87de374fdf3c b184f9a1ec1a4d5b9a285543c5715f09 9f8566e2308a48e2a1d1412a958c409c - - default default] Unable to schedule network d6f3cc5a-ccad-4ca5-b996-384aa842b1d3: no agents available; will retry on subsequent port and subnet creation events.
2026-06-13 02:26:46.885 7 INFO neutron.plugins.ml2.drivers.ovn.mech_driver.mech_driver [None req-b4f19d31-ae68-46cd-98a2-b208b098895a - - - - - -] OVN reports status down for port: 69b05855-52e5-4950-bb88-5cf3ea35c2c6
2026-06-13 02:26:46.914 8 INFO neutron_taas.services.taas.taas_plugin [None req-c52f2f25-6776-44c8-a284-6db1afeb239b b184f9a1ec1a4d5b9a285543c5715f09 9f8566e2308a48e2a1d1412a958c409c - - default default] TaaS: Handle Delete Port: f49f91f6-9b1a-4de5-a6fc-b3611dac0b40
2026-06-13 02:26:46.916 8 INFO neutron_taas.services.taas.tap_mirror_plugin [None req-c52f2f25-6776-44c8-a284-6db1afeb239b b184f9a1ec1a4d5b9a285543c5715f09 9f8566e2308a48e2a1d1412a958c409c - - default default] Tap Mirror: Handle Delete Port: f49f91f6-9b1a-4de5-a6fc-b3611dac0b40
2026-06-13 02:26:46.950 7 INFO neutron.db.ovn_revision_numbers_db [None req-5d8106cc-4d05-474f-9857-87de374fdf3c b184f9a1ec1a4d5b9a285543c5715f09 9f8566e2308a48e2a1d1412a958c409c - - default default] Successfully bumped revision number for resource 69b05855-52e5-4950-bb88-5cf3ea35c2c6 (type: ports) to 1 [pid: 8|app: 0|req: 618/1216] 10.0.0.51 () {34 vars in 788 bytes} [Sat Jun 13 02:26:46 2026] PUT /v2.0/routers/1dde892e-63b8-4512-91a8-71bc2db78054/remove_router_interface => generated 309 bytes in 1036 msecs (HTTP/1.1 200) 4 headers in 157 bytes (1 switches on core 0) /var/lib/openstack/lib/python3.12/site-packages/pycadf/identifier.py:70: UserWarning: Invalid uuid: neutron. To ensure interoperability, identifiers should be a valid uuid. warnings.warn(('Invalid uuid: %s. To ensure interoperability, '
2026-06-13 02:26:47.679 7 INFO neutron.plugins.ml2.drivers.ovn.mech_driver.ovsdb.commands [None req-0427fd8f-3f8b-4ef5-9553-560d2e86ea09 - - - - - -] Schedule LRP lrp-69b05855-52e5-4950-bb88-5cf3ea35c2c6 on gateway a6c363a0-8cd4-4dcc-ab80-df3e175f2c8d with priority 1
2026-06-13 02:26:47.791 7 INFO neutron.plugins.ml2.drivers.ovn.mech_driver.ovsdb.ovsdb_monitor [None req-74cdfed3-e30c-4a53-b895-c0a323d9c723 - - - - - -] Router 7721e757-1bf2-4e07-8b67-cff78c394df1 is bound to host instance
2026-06-13 02:26:47.832 7 INFO neutron.plugins.ml2.drivers.ovn.mech_driver.mech_driver [None req-b4f19d31-ae68-46cd-98a2-b208b098895a - - - - - -] OVN reports status up for port: 69b05855-52e5-4950-bb88-5cf3ea35c2c6
2026-06-13 02:26:47.924 8 WARNING neutron.scheduler.dhcp_agent_scheduler [None req-0fb3e900-0c85-4b71-af41-61c7ba6c74c9 bc1b387c20cd41bba00feae1e8e946c9 7612e9cea8f4451e9e5f612fd5e0533e - - default default] No more DHCP agents
2026-06-13 02:26:47.926 8 WARNING neutron.api.rpc.agentnotifiers.dhcp_rpc_agent_api [None req-0fb3e900-0c85-4b71-af41-61c7ba6c74c9 bc1b387c20cd41bba00feae1e8e946c9 7612e9cea8f4451e9e5f612fd5e0533e - - default default] Unable to schedule network 2bcc2524-f851-4a8c-9226-f42588c05966: no agents available; will retry on subsequent port and subnet creation events.
2026-06-13 02:26:47.947 7 INFO neutron.plugins.ml2.plugin [None req-b4f19d31-ae68-46cd-98a2-b208b098895a - - - - - -] Attempt 1 to provision port 69b05855-52e5-4950-bb88-5cf3ea35c2c6
2026-06-13 02:26:47.965 8 INFO neutron.db.ovn_revision_numbers_db [None req-0fb3e900-0c85-4b71-af41-61c7ba6c74c9 bc1b387c20cd41bba00feae1e8e946c9 7612e9cea8f4451e9e5f612fd5e0533e - - default default] Successfully bumped revision number for resource 4118885a-47d0-47be-901d-d49250088fb3 (type: subnets) to 0 [pid: 8|app: 0|req: 619/1217] 10.0.0.51 () {34 vars in 668 bytes} [Sat Jun 13 02:26:47 2026] POST /v2.0/subnets => generated 655 bytes in 373 msecs (HTTP/1.1 201) 4 headers in 162 bytes (1 switches on core 0)
2026-06-13 02:26:47.991 7 INFO neutron.db.ovn_revision_numbers_db [None req-5d8106cc-4d05-474f-9857-87de374fdf3c b184f9a1ec1a4d5b9a285543c5715f09 9f8566e2308a48e2a1d1412a958c409c - - default default] Successfully bumped revision number for resource 69b05855-52e5-4950-bb88-5cf3ea35c2c6 (type: router_ports) to 1
2026-06-13 02:26:48.147 7 INFO neutron.db.ovn_revision_numbers_db [None req-5d8106cc-4d05-474f-9857-87de374fdf3c b184f9a1ec1a4d5b9a285543c5715f09 9f8566e2308a48e2a1d1412a958c409c - - default default] Successfully bumped revision number for resource 7721e757-1bf2-4e07-8b67-cff78c394df1 (type: routers) to 2 [pid: 7|app: 0|req: 599/1220] 10.0.0.51 () {34 vars in 668 bytes} [Sat Jun 13 02:26:46 2026] POST /v2.0/routers => generated 973 bytes in 1850 msecs (HTTP/1.1 201) 4 headers in 162 bytes (1 switches on core 0) [pid: 8|app: 0|req: 622/1221] 10.0.0.51 () {32 vars in 739 bytes} [Sat Jun 13 02:26:47 2026] DELETE /v2.0/security-groups/d543fedf-2815-4a4b-8812-4f558e0285d7 => generated 0 bytes in 195 msecs (HTTP/1.1 204) 2 headers in 112 bytes (1 switches on core 0)
2026-06-13 02:26:48.324 8 INFO neutron.db.ovn_revision_numbers_db [None req-a5675c8c-6169-414a-b26e-93324584c7cc bc1b387c20cd41bba00feae1e8e946c9 7612e9cea8f4451e9e5f612fd5e0533e - - default default] Successfully bumped revision number for resource 7b8d062d-d22d-4f75-9edc-30a5601837dc (type: routers) to 1 [pid: 8|app: 0|req: 623/1222] 10.0.0.51 () {34 vars in 668 bytes} [Sat Jun 13 02:26:48 2026] POST /v2.0/routers => generated 607 bytes in 157 msecs (HTTP/1.1 201) 4 headers in 162 bytes (1 switches on core 0)
2026-06-13 02:26:48.664 8 WARNING neutron.scheduler.dhcp_agent_scheduler [None req-1ec42cfa-ca19-4d56-90af-ed389d0f5023 b184f9a1ec1a4d5b9a285543c5715f09 9f8566e2308a48e2a1d1412a958c409c - - default default] No more DHCP agents
2026-06-13 02:26:48.665 8 WARNING neutron.api.rpc.agentnotifiers.dhcp_rpc_agent_api [None req-1ec42cfa-ca19-4d56-90af-ed389d0f5023 b184f9a1ec1a4d5b9a285543c5715f09 9f8566e2308a48e2a1d1412a958c409c - - default default] Unable to schedule network 7b7af71f-5f6a-4fe3-afc4-ffa00c1abd8e: no agents available; will retry on subsequent port and subnet creation events.
2026-06-13 02:26:48.809 8 INFO neutron.db.ovn_revision_numbers_db [None req-1ec42cfa-ca19-4d56-90af-ed389d0f5023 b184f9a1ec1a4d5b9a285543c5715f09 9f8566e2308a48e2a1d1412a958c409c - - default default] Successfully bumped revision number for resource 03e005c7-03f0-4bb7-8518-337c4b8a97e0 (type: ports) to 1
2026-06-13 02:26:48.892 7 INFO neutron_taas.services.taas.taas_plugin [None req-fab130eb-1a05-4492-8638-012a775b2ac5 b184f9a1ec1a4d5b9a285543c5715f09 9f8566e2308a48e2a1d1412a958c409c - - default default] TaaS: Handle Delete Port: e0c485ac-4a32-470d-95ec-ab8d3b87f2cf
2026-06-13 02:26:48.898 7 INFO neutron_taas.services.taas.tap_mirror_plugin [None req-fab130eb-1a05-4492-8638-012a775b2ac5 b184f9a1ec1a4d5b9a285543c5715f09 9f8566e2308a48e2a1d1412a958c409c - - default default] Tap Mirror: Handle Delete Port: e0c485ac-4a32-470d-95ec-ab8d3b87f2cf
2026-06-13 02:26:49.515 8 WARNING neutron.scheduler.dhcp_agent_scheduler [None req-1ec42cfa-ca19-4d56-90af-ed389d0f5023 b184f9a1ec1a4d5b9a285543c5715f09 9f8566e2308a48e2a1d1412a958c409c - - default default] No more DHCP agents
2026-06-13 02:26:49.516 8 WARNING neutron.api.rpc.agentnotifiers.dhcp_rpc_agent_api [None req-1ec42cfa-ca19-4d56-90af-ed389d0f5023 b184f9a1ec1a4d5b9a285543c5715f09 9f8566e2308a48e2a1d1412a958c409c - - default default] Unable to schedule network 7b7af71f-5f6a-4fe3-afc4-ffa00c1abd8e: no agents available; will retry on subsequent port and subnet creation events. [pid: 7|app: 0|req: 600/1223] 10.0.0.51 () {32 vars in 723 bytes} [Sat Jun 13 02:26:48 2026] DELETE /v2.0/routers/1dde892e-63b8-4512-91a8-71bc2db78054 => generated 0 bytes in 1601 msecs (HTTP/1.1 204) 2 headers in 112 bytes (1 switches on core 0)
2026-06-13 02:26:49.796 7 INFO neutron.api.v2.resource [None req-c37ead22-b50a-4e75-b9d2-99a33ca7c217 8ed82a7b882741b982a031e050039575 85a0e48ad4d147aba3329d35d07e0f20 - - default default] show failed (client error): The resource could not be found. [pid: 7|app: 0|req: 601/1224] 10.0.0.51 () {32 vars in 736 bytes} [Sat Jun 13 02:26:49 2026] GET /v2.0/security-groups/d543fedf-2815-4a4b-8812-4f558e0285d7 => generated 146 bytes in 16 msecs (HTTP/1.1 404) 4 headers in 164 bytes (1 switches on core 0)
2026-06-13 02:26:49.912 7 INFO neutron.db.ovn_revision_numbers_db [None req-be2edcfc-dfa2-4802-805f-aa48f293645f - - - - - -] Successfully bumped revision number for resource 69b05855-52e5-4950-bb88-5cf3ea35c2c6 (type: ports) to 4
2026-06-13 02:26:50.130 8 INFO neutron.db.ovn_revision_numbers_db [None req-1ec42cfa-ca19-4d56-90af-ed389d0f5023 b184f9a1ec1a4d5b9a285543c5715f09 9f8566e2308a48e2a1d1412a958c409c - - default default] Successfully bumped revision number for resource 03e005c7-03f0-4bb7-8518-337c4b8a97e0 (type: router_ports) to 1 [pid: 8|app: 0|req: 624/1225] 10.0.0.51 () {34 vars in 782 bytes} [Sat Jun 13 02:26:48 2026] PUT /v2.0/routers/7721e757-1bf2-4e07-8b67-cff78c394df1/add_router_interface => generated 309 bytes in 1798 msecs (HTTP/1.1 200) 4 headers in 157 bytes (1 switches on core 0) [pid: 8|app: 0|req: 625/1226] 10.0.0.51 () {32 vars in 723 bytes} [Sat Jun 13 02:26:50 2026] DELETE /v2.0/subnets/3a1275bb-af2d-4653-a627-de866c442d68 => generated 0 bytes in 244 msecs (HTTP/1.1 204) 3 headers in 131 bytes (1 switches on core 0)
2026-06-13 02:26:50.541 8 INFO neutron_taas.services.taas.taas_plugin [None req-291d17cb-ef1d-4700-96b5-1ef0e5e43bd8 8ed82a7b882741b982a031e050039575 85a0e48ad4d147aba3329d35d07e0f20 - - default default] TaaS: Handle Delete Port: 34bce0c9-722e-4c11-9e89-014eb54e0b68
2026-06-13 02:26:50.544 8 INFO neutron_taas.services.taas.tap_mirror_plugin [None req-291d17cb-ef1d-4700-96b5-1ef0e5e43bd8 8ed82a7b882741b982a031e050039575 85a0e48ad4d147aba3329d35d07e0f20 - - default default] Tap Mirror: Handle Delete Port: 34bce0c9-722e-4c11-9e89-014eb54e0b68 [pid: 8|app: 0|req: 626/1227] 10.0.0.51 () {32 vars in 731 bytes} [Sat Jun 13 02:26:50 2026] DELETE /v2.0/floatingips/78fb4334-cbe3-44d3-955b-ab223ce6f94a => generated 0 bytes in 341 msecs (HTTP/1.1 204) 2 headers in 112 bytes (1 switches on core 0)
2026-06-13 02:26:50.868 8 INFO neutron_taas.services.taas.taas_plugin [None req-75c24b92-5ad0-4182-ba44-89ac267de723 b184f9a1ec1a4d5b9a285543c5715f09 9f8566e2308a48e2a1d1412a958c409c - - default default] TaaS: Handle Delete Port: a0f202a0-2498-4203-8af8-a23237cd8a34
2026-06-13 02:26:50.873 8 INFO neutron_taas.services.taas.tap_mirror_plugin [None req-75c24b92-5ad0-4182-ba44-89ac267de723 b184f9a1ec1a4d5b9a285543c5715f09 9f8566e2308a48e2a1d1412a958c409c - - default default] Tap Mirror: Handle Delete Port: a0f202a0-2498-4203-8af8-a23237cd8a34
2026-06-13 02:26:50.902 7 INFO neutron.plugins.ml2.drivers.ovn.mech_driver.mech_driver [None req-b4f19d31-ae68-46cd-98a2-b208b098895a - - - - - -] OVN reports status down for port: 03e005c7-03f0-4bb7-8518-337c4b8a97e0
2026-06-13 02:26:50.947 7 INFO neutron.db.ovn_revision_numbers_db [None req-be2edcfc-dfa2-4802-805f-aa48f293645f - - - - - -] Successfully bumped revision number for resource 69b05855-52e5-4950-bb88-5cf3ea35c2c6 (type: ports) to 5
2026-06-13 02:26:51.031 7 WARNING neutron.scheduler.dhcp_agent_scheduler [None req-f2895967-a4a0-487a-bc3f-9646641e7bb7 bc1b387c20cd41bba00feae1e8e946c9 7612e9cea8f4451e9e5f612fd5e0533e - - default default] No more DHCP agents
2026-06-13 02:26:51.037 7 WARNING neutron.api.rpc.agentnotifiers.dhcp_rpc_agent_api [None req-f2895967-a4a0-487a-bc3f-9646641e7bb7 bc1b387c20cd41bba00feae1e8e946c9 7612e9cea8f4451e9e5f612fd5e0533e - - default default] Unable to schedule network 72b66b18-d1eb-4f33-8d04-01ae86e2c598: no agents available; will retry on subsequent port and subnet creation events.
2026-06-13 02:26:51.097 8 INFO neutron.services.segments.plugin [-] Segment e9119006-6190-4c82-97a0-0e58e0ab5bf4 resource provider aggregate not found
2026-06-13 02:26:51.100 8 INFO neutron.services.segments.plugin [-] Segment e9119006-6190-4c82-97a0-0e58e0ab5bf4 resource provider aggregate not found
2026-06-13 02:26:51.122 7 WARNING neutron.plugins.ml2.drivers.ovn.mech_driver.ovsdb.ovn_client [None req-b4f19d31-ae68-46cd-98a2-b208b098895a - - - - - -] Logical_Switch_Port 03e005c7-03f0-4bb7-8518-337c4b8a97e0 host information not removed, the port state is up
2026-06-13 02:26:51.122 7 INFO neutron.plugins.ml2.drivers.ovn.mech_driver.mech_driver [None req-b4f19d31-ae68-46cd-98a2-b208b098895a - - - - - -] OVN reports status up for port: 03e005c7-03f0-4bb7-8518-337c4b8a97e0
2026-06-13 02:26:51.123 8 INFO neutron.services.segments.plugin [-] Segment e9119006-6190-4c82-97a0-0e58e0ab5bf4 resource provider not found; error: Placement Client Error (4xx): {"errors": [{"status": 404, "title": "Not Found", "detail": "The resource could not be found.\n\n No resource provider with uuid e9119006-6190-4c82-97a0-0e58e0ab5bf4 found for delete ", "request_id": "req-0adc71a8-c6eb-478c-9cc5-ede88f307d66"}]}
2026-06-13 02:26:51.133 8 INFO neutron.services.segments.plugin [-] Segment e9119006-6190-4c82-97a0-0e58e0ab5bf4 resource provider not found; error: Placement Client Error (4xx): {"errors": [{"status": 404, "title": "Not Found", "detail": "The resource could not be found.\n\n No resource provider with uuid e9119006-6190-4c82-97a0-0e58e0ab5bf4 found for delete ", "request_id": "req-1aed1f15-acbe-4057-9fe5-91109ebf02c3"}]} [pid: 8|app: 0|req: 627/1228] 10.0.0.51 () {32 vars in 725 bytes} [Sat Jun 13 02:26:50 2026] DELETE /v2.0/networks/6f3237a9-993e-4541-8836-23e63a043d3c => generated 0 bytes in 470 msecs (HTTP/1.1 204) 3 headers in 131 bytes (1 switches on core 0)
2026-06-13 02:26:51.219 7 INFO neutron.plugins.ml2.plugin [None req-b4f19d31-ae68-46cd-98a2-b208b098895a - - - - - -] Attempt 1 to provision port 03e005c7-03f0-4bb7-8518-337c4b8a97e0
2026-06-13 02:26:51.405 7 INFO neutron.db.ovn_revision_numbers_db [None req-f2895967-a4a0-487a-bc3f-9646641e7bb7 bc1b387c20cd41bba00feae1e8e946c9 7612e9cea8f4451e9e5f612fd5e0533e - - default default] Successfully bumped revision number for resource c3995fe8-f90a-455b-bab5-b6fd0e748998 (type: ports) to 1
2026-06-13 02:26:51.426 8 INFO neutron.db.ovn_revision_numbers_db [None req-8f2c7416-626a-4b40-8109-acce6872063a 690745cd9edd4323ad321dfbdb8e5cd8 63d5d63fd92c4dcea5e7c1af123bd613 - - default default] Successfully bumped revision number for resource 73ab3b37-dff3-431b-95cc-0001fec64d24 (type: security_groups) to 1
2026-06-13 02:26:51.438 8 INFO neutron.db.ovn_revision_numbers_db [None req-8f2c7416-626a-4b40-8109-acce6872063a 690745cd9edd4323ad321dfbdb8e5cd8 63d5d63fd92c4dcea5e7c1af123bd613 - - default default] Successfully bumped revision number for resource 215b11bd-9b15-4dc7-9b8d-9b2269e2cccd (type: security_group_rules) to 0
2026-06-13 02:26:51.450 8 INFO neutron.db.ovn_revision_numbers_db [None req-8f2c7416-626a-4b40-8109-acce6872063a 690745cd9edd4323ad321dfbdb8e5cd8 63d5d63fd92c4dcea5e7c1af123bd613 - - default default] Successfully bumped revision number for resource 45419d2f-b468-470b-b3f6-cede96935259 (type: security_group_rules) to 0 [pid: 8|app: 0|req: 628/1229] 10.0.0.51 () {34 vars in 684 bytes} [Sat Jun 13 02:26:51 2026] POST /v2.0/security-groups => generated 1659 bytes in 290 msecs (HTTP/1.1 201) 4 headers in 163 bytes (1 switches on core 0)
2026-06-13 02:26:51.737 8 INFO neutron_taas.services.taas.taas_plugin [None req-5b01a194-9420-4767-8419-73af42f88d15 b184f9a1ec1a4d5b9a285543c5715f09 9f8566e2308a48e2a1d1412a958c409c - - default default] TaaS: Handle Delete Port: 83e88be6-5385-475b-a934-bb0ae145c0cd
2026-06-13 02:26:51.740 8 INFO neutron_taas.services.taas.tap_mirror_plugin [None req-5b01a194-9420-4767-8419-73af42f88d15 b184f9a1ec1a4d5b9a285543c5715f09 9f8566e2308a48e2a1d1412a958c409c - - default default] Tap Mirror: Handle Delete Port: 83e88be6-5385-475b-a934-bb0ae145c0cd
