2026-06-13 02:29:36.836 7 INFO cinder.api.openstack.wsgi [None req-5156ab41-ec90-409f-9d63-2388312184c5 b184f9a1ec1a4d5b9a285543c5715f09 9f8566e2308a48e2a1d1412a958c409c - - default default] http://cinder-api.openstack.svc.cluster.local:8776/v3/9f8566e2308a48e2a1d1412a958c409c/os-quota-sets/407d304e2a1e4959972cd4f903a3bd2d?usage=true returned with HTTP 200 [pid: 7|app: 0|req: 462/925] 10.0.0.200 () {28 vars in 735 bytes} [Sat Jun 13 02:29:36 2026] GET /v3/9f8566e2308a48e2a1d1412a958c409c/os-quota-sets/407d304e2a1e4959972cd4f903a3bd2d?usage=true => generated 847 bytes in 31 msecs (HTTP/1.1 200) 7 headers in 285 bytes (1 switches on core 0)
2026-06-13 02:29:36.846 8 INFO cinder.api.openstack.wsgi [None req-8c03dcef-469d-4986-8adf-b171a319c534 b184f9a1ec1a4d5b9a285543c5715f09 9f8566e2308a48e2a1d1412a958c409c - - default default] GET http://cinder-api.openstack.svc.cluster.local:8776/v3/9f8566e2308a48e2a1d1412a958c409c/os-quota-sets/5ea26741d1a740798265cd8d3cae2ba3?usage=true
2026-06-13 02:29:36.867 8 INFO cinder.api.openstack.wsgi [None req-8c03dcef-469d-4986-8adf-b171a319c534 b184f9a1ec1a4d5b9a285543c5715f09 9f8566e2308a48e2a1d1412a958c409c - - default default] http://cinder-api.openstack.svc.cluster.local:8776/v3/9f8566e2308a48e2a1d1412a958c409c/os-quota-sets/5ea26741d1a740798265cd8d3cae2ba3?usage=true returned with HTTP 200 [pid: 8|app: 0|req: 464/926] 10.0.0.200 () {28 vars in 735 bytes} [Sat Jun 13 02:29:36 2026] GET /v3/9f8566e2308a48e2a1d1412a958c409c/os-quota-sets/5ea26741d1a740798265cd8d3cae2ba3?usage=true => generated 847 bytes in 28 msecs (HTTP/1.1 200) 7 headers in 285 bytes (1 switches on core 0)
2026-06-13 02:29:36.876 7 INFO cinder.api.openstack.wsgi [None req-7582005a-9017-4fd1-8e34-48dfd60661fc b184f9a1ec1a4d5b9a285543c5715f09 9f8566e2308a48e2a1d1412a958c409c - - default default] GET http://cinder-api.openstack.svc.cluster.local:8776/v3/9f8566e2308a48e2a1d1412a958c409c/os-quota-sets/66d2e85cd5b44a9ab5263dbb48ce4469?usage=true
2026-06-13 02:29:36.897 7 INFO cinder.api.openstack.wsgi [None req-7582005a-9017-4fd1-8e34-48dfd60661fc b184f9a1ec1a4d5b9a285543c5715f09 9f8566e2308a48e2a1d1412a958c409c - - default default] http://cinder-api.openstack.svc.cluster.local:8776/v3/9f8566e2308a48e2a1d1412a958c409c/os-quota-sets/66d2e85cd5b44a9ab5263dbb48ce4469?usage=true returned with HTTP 200 [pid: 7|app: 0|req: 463/927] 10.0.0.200 () {28 vars in 735 bytes} [Sat Jun 13 02:29:36 2026] GET /v3/9f8566e2308a48e2a1d1412a958c409c/os-quota-sets/66d2e85cd5b44a9ab5263dbb48ce4469?usage=true => generated 847 bytes in 28 msecs (HTTP/1.1 200) 7 headers in 285 bytes (1 switches on core 0)
2026-06-13 02:29:36.909 8 INFO cinder.api.openstack.wsgi [None req-c059ad21-c0dc-4362-9cd1-1e585ad0e216 b184f9a1ec1a4d5b9a285543c5715f09 9f8566e2308a48e2a1d1412a958c409c - - default default] GET http://cinder-api.openstack.svc.cluster.local:8776/v3/9f8566e2308a48e2a1d1412a958c409c/os-quota-sets/72705c7fcf544fb68d37574a96f80910?usage=true
2026-06-13 02:29:36.931 8 INFO cinder.api.openstack.wsgi [None req-c059ad21-c0dc-4362-9cd1-1e585ad0e216 b184f9a1ec1a4d5b9a285543c5715f09 9f8566e2308a48e2a1d1412a958c409c - - default default] http://cinder-api.openstack.svc.cluster.local:8776/v3/9f8566e2308a48e2a1d1412a958c409c/os-quota-sets/72705c7fcf544fb68d37574a96f80910?usage=true returned with HTTP 200 [pid: 8|app: 0|req: 465/928] 10.0.0.200 () {28 vars in 735 bytes} [Sat Jun 13 02:29:36 2026] GET /v3/9f8566e2308a48e2a1d1412a958c409c/os-quota-sets/72705c7fcf544fb68d37574a96f80910?usage=true => generated 847 bytes in 30 msecs (HTTP/1.1 200) 7 headers in 285 bytes (1 switches on core 0)
2026-06-13 02:29:36.945 7 INFO cinder.api.openstack.wsgi [None req-f55ad032-8717-4b61-8609-27686ad907e1 b184f9a1ec1a4d5b9a285543c5715f09 9f8566e2308a48e2a1d1412a958c409c - - default default] GET http://cinder-api.openstack.svc.cluster.local:8776/v3/9f8566e2308a48e2a1d1412a958c409c/os-quota-sets/7c9afd41286343a1abc9b0425decc30b?usage=true
2026-06-13 02:29:36.968 7 INFO cinder.api.openstack.wsgi [None req-f55ad032-8717-4b61-8609-27686ad907e1 b184f9a1ec1a4d5b9a285543c5715f09 9f8566e2308a48e2a1d1412a958c409c - - default default] http://cinder-api.openstack.svc.cluster.local:8776/v3/9f8566e2308a48e2a1d1412a958c409c/os-quota-sets/7c9afd41286343a1abc9b0425decc30b?usage=true returned with HTTP 200 [pid: 7|app: 0|req: 464/929] 10.0.0.200 () {28 vars in 735 bytes} [Sat Jun 13 02:29:36 2026] GET /v3/9f8566e2308a48e2a1d1412a958c409c/os-quota-sets/7c9afd41286343a1abc9b0425decc30b?usage=true => generated 847 bytes in 31 msecs (HTTP/1.1 200) 7 headers in 285 bytes (1 switches on core 0)
2026-06-13 02:29:36.978 8 INFO cinder.api.openstack.wsgi [None req-5a875424-73ad-466d-8e9c-07c8d7ef449b b184f9a1ec1a4d5b9a285543c5715f09 9f8566e2308a48e2a1d1412a958c409c - - default default] GET http://cinder-api.openstack.svc.cluster.local:8776/v3/9f8566e2308a48e2a1d1412a958c409c/os-quota-sets/9f8566e2308a48e2a1d1412a958c409c?usage=true
2026-06-13 02:29:37.006 8 INFO cinder.api.openstack.wsgi [None req-5a875424-73ad-466d-8e9c-07c8d7ef449b b184f9a1ec1a4d5b9a285543c5715f09 9f8566e2308a48e2a1d1412a958c409c - - default default] http://cinder-api.openstack.svc.cluster.local:8776/v3/9f8566e2308a48e2a1d1412a958c409c/os-quota-sets/9f8566e2308a48e2a1d1412a958c409c?usage=true returned with HTTP 200 [pid: 8|app: 0|req: 466/930] 10.0.0.200 () {28 vars in 735 bytes} [Sat Jun 13 02:29:36 2026] GET /v3/9f8566e2308a48e2a1d1412a958c409c/os-quota-sets/9f8566e2308a48e2a1d1412a958c409c?usage=true => generated 845 bytes in 34 msecs (HTTP/1.1 200) 7 headers in 285 bytes (1 switches on core 0)
2026-06-13 02:29:37.019 7 INFO cinder.api.openstack.wsgi [None req-e4d07f6d-f38f-4ed3-be92-4a444855a800 b184f9a1ec1a4d5b9a285543c5715f09 9f8566e2308a48e2a1d1412a958c409c - - default default] GET http://cinder-api.openstack.svc.cluster.local:8776/v3/9f8566e2308a48e2a1d1412a958c409c/os-quota-sets/a14f73df42374fe798cb7f4630e2d449?usage=true
2026-06-13 02:29:37.041 7 INFO cinder.api.openstack.wsgi [None req-e4d07f6d-f38f-4ed3-be92-4a444855a800 b184f9a1ec1a4d5b9a285543c5715f09 9f8566e2308a48e2a1d1412a958c409c - - default default] http://cinder-api.openstack.svc.cluster.local:8776/v3/9f8566e2308a48e2a1d1412a958c409c/os-quota-sets/a14f73df42374fe798cb7f4630e2d449?usage=true returned with HTTP 200 [pid: 7|app: 0|req: 465/931] 10.0.0.200 () {28 vars in 735 bytes} [Sat Jun 13 02:29:37 2026] GET /v3/9f8566e2308a48e2a1d1412a958c409c/os-quota-sets/a14f73df42374fe798cb7f4630e2d449?usage=true => generated 845 bytes in 32 msecs (HTTP/1.1 200) 7 headers in 285 bytes (1 switches on core 0)
2026-06-13 02:29:37.054 8 INFO cinder.api.openstack.wsgi [None req-f7b6bd06-282b-4fa5-b374-71cb747178e6 b184f9a1ec1a4d5b9a285543c5715f09 9f8566e2308a48e2a1d1412a958c409c - - default default] GET http://cinder-api.openstack.svc.cluster.local:8776/v3/9f8566e2308a48e2a1d1412a958c409c/os-quota-sets/cb98226545d54199ada9ddccadcf3b60?usage=true
2026-06-13 02:29:37.072 8 INFO cinder.api.openstack.wsgi [None req-f7b6bd06-282b-4fa5-b374-71cb747178e6 b184f9a1ec1a4d5b9a285543c5715f09 9f8566e2308a48e2a1d1412a958c409c - - default default] http://cinder-api.openstack.svc.cluster.local:8776/v3/9f8566e2308a48e2a1d1412a958c409c/os-quota-sets/cb98226545d54199ada9ddccadcf3b60?usage=true returned with HTTP 200 [pid: 8|app: 0|req: 467/932] 10.0.0.200 () {28 vars in 735 bytes} [Sat Jun 13 02:29:37 2026] GET /v3/9f8566e2308a48e2a1d1412a958c409c/os-quota-sets/cb98226545d54199ada9ddccadcf3b60?usage=true => generated 847 bytes in 26 msecs (HTTP/1.1 200) 7 headers in 285 bytes (1 switches on core 0)
2026-06-13 02:29:37.086 7 INFO cinder.api.openstack.wsgi [None req-ded38898-9b07-4d38-ab30-10f61806eccf b184f9a1ec1a4d5b9a285543c5715f09 9f8566e2308a48e2a1d1412a958c409c - - default default] GET http://cinder-api.openstack.svc.cluster.local:8776/v3/9f8566e2308a48e2a1d1412a958c409c/os-quota-sets/ceba2631e6fb403fa14311b89a5cbe84?usage=true
2026-06-13 02:29:37.107 7 INFO cinder.api.openstack.wsgi [None req-ded38898-9b07-4d38-ab30-10f61806eccf b184f9a1ec1a4d5b9a285543c5715f09 9f8566e2308a48e2a1d1412a958c409c - - default default] http://cinder-api.openstack.svc.cluster.local:8776/v3/9f8566e2308a48e2a1d1412a958c409c/os-quota-sets/ceba2631e6fb403fa14311b89a5cbe84?usage=true returned with HTTP 200 [pid: 7|app: 0|req: 466/933] 10.0.0.200 () {28 vars in 735 bytes} [Sat Jun 13 02:29:37 2026] GET /v3/9f8566e2308a48e2a1d1412a958c409c/os-quota-sets/ceba2631e6fb403fa14311b89a5cbe84?usage=true => generated 847 bytes in 31 msecs (HTTP/1.1 200) 7 headers in 285 bytes (1 switches on core 0)
2026-06-13 02:29:37.120 8 INFO cinder.api.openstack.wsgi [None req-1ded4c43-279e-45c8-ba7f-492b0622e372 b184f9a1ec1a4d5b9a285543c5715f09 9f8566e2308a48e2a1d1412a958c409c - - default default] GET http://cinder-api.openstack.svc.cluster.local:8776/v3/9f8566e2308a48e2a1d1412a958c409c/os-quota-sets/d457f9320cd14f6cb3c2e81308340a0f?usage=true
2026-06-13 02:29:37.141 8 INFO cinder.api.openstack.wsgi [None req-1ded4c43-279e-45c8-ba7f-492b0622e372 b184f9a1ec1a4d5b9a285543c5715f09 9f8566e2308a48e2a1d1412a958c409c - - default default] http://cinder-api.openstack.svc.cluster.local:8776/v3/9f8566e2308a48e2a1d1412a958c409c/os-quota-sets/d457f9320cd14f6cb3c2e81308340a0f?usage=true returned with HTTP 200 [pid: 8|app: 0|req: 468/934] 10.0.0.200 () {28 vars in 735 bytes} [Sat Jun 13 02:29:37 2026] GET /v3/9f8566e2308a48e2a1d1412a958c409c/os-quota-sets/d457f9320cd14f6cb3c2e81308340a0f?usage=true => generated 847 bytes in 31 msecs (HTTP/1.1 200) 7 headers in 285 bytes (1 switches on core 0)
2026-06-13 02:29:37.154 7 INFO cinder.api.openstack.wsgi [None req-4e8bbc9c-e29e-4a4b-929a-eec91bc7df49 b184f9a1ec1a4d5b9a285543c5715f09 9f8566e2308a48e2a1d1412a958c409c - - default default] GET http://cinder-api.openstack.svc.cluster.local:8776/v3/9f8566e2308a48e2a1d1412a958c409c/os-quota-sets/dd30f8887ed1415c950a2392ef21c257?usage=true
2026-06-13 02:29:37.176 7 INFO cinder.api.openstack.wsgi [None req-4e8bbc9c-e29e-4a4b-929a-eec91bc7df49 b184f9a1ec1a4d5b9a285543c5715f09 9f8566e2308a48e2a1d1412a958c409c - - default default] http://cinder-api.openstack.svc.cluster.local:8776/v3/9f8566e2308a48e2a1d1412a958c409c/os-quota-sets/dd30f8887ed1415c950a2392ef21c257?usage=true returned with HTTP 200 [pid: 7|app: 0|req: 467/935] 10.0.0.200 () {28 vars in 735 bytes} [Sat Jun 13 02:29:37 2026] GET /v3/9f8566e2308a48e2a1d1412a958c409c/os-quota-sets/dd30f8887ed1415c950a2392ef21c257?usage=true => generated 847 bytes in 31 msecs (HTTP/1.1 200) 7 headers in 285 bytes (1 switches on core 0)
2026-06-13 02:29:37.193 8 INFO cinder.api.openstack.wsgi [None req-6bbedc0b-ab97-4beb-adbc-918760e26388 b184f9a1ec1a4d5b9a285543c5715f09 9f8566e2308a48e2a1d1412a958c409c - - default default] GET http://cinder-api.openstack.svc.cluster.local:8776/v3/9f8566e2308a48e2a1d1412a958c409c/os-quota-sets/f68afa4065cf4ce1903667715571c32c?usage=true
2026-06-13 02:29:37.221 8 INFO cinder.api.openstack.wsgi [None req-6bbedc0b-ab97-4beb-adbc-918760e26388 b184f9a1ec1a4d5b9a285543c5715f09 9f8566e2308a48e2a1d1412a958c409c - - default default] http://cinder-api.openstack.svc.cluster.local:8776/v3/9f8566e2308a48e2a1d1412a958c409c/os-quota-sets/f68afa4065cf4ce1903667715571c32c?usage=true returned with HTTP 200 [pid: 8|app: 0|req: 469/936] 10.0.0.200 () {28 vars in 735 bytes} [Sat Jun 13 02:29:37 2026] GET /v3/9f8566e2308a48e2a1d1412a958c409c/os-quota-sets/f68afa4065cf4ce1903667715571c32c?usage=true => generated 847 bytes in 35 msecs (HTTP/1.1 200) 7 headers in 285 bytes (1 switches on core 0)
2026-06-13 02:29:37.234 7 INFO cinder.api.openstack.wsgi [None req-8fafe124-9ac2-454e-bebc-01e645f6e2d7 b184f9a1ec1a4d5b9a285543c5715f09 9f8566e2308a48e2a1d1412a958c409c - - default default] GET http://cinder-api.openstack.svc.cluster.local:8776/v3/9f8566e2308a48e2a1d1412a958c409c/volumes/detail?all_tenants=true
2026-06-13 02:29:37.258 7 INFO cinder.volume.api [None req-8fafe124-9ac2-454e-bebc-01e645f6e2d7 b184f9a1ec1a4d5b9a285543c5715f09 9f8566e2308a48e2a1d1412a958c409c - - default default] Get all volumes completed successfully.
2026-06-13 02:29:37.260 7 INFO cinder.api.openstack.wsgi [None req-8fafe124-9ac2-454e-bebc-01e645f6e2d7 b184f9a1ec1a4d5b9a285543c5715f09 9f8566e2308a48e2a1d1412a958c409c - - default default] http://cinder-api.openstack.svc.cluster.local:8776/v3/9f8566e2308a48e2a1d1412a958c409c/volumes/detail?all_tenants=true returned with HTTP 200 [pid: 7|app: 0|req: 468/937] 10.0.0.200 () {28 vars in 683 bytes} [Sat Jun 13 02:29:37 2026] GET /v3/9f8566e2308a48e2a1d1412a958c409c/volumes/detail?all_tenants=true => generated 15 bytes in 34 msecs (HTTP/1.1 200) 7 headers in 284 bytes (1 switches on core 0)
2026-06-13 02:29:37.283 8 INFO cinder.api.openstack.wsgi [None req-a5e50ad8-9e99-45fc-81a3-22e092f7d400 b184f9a1ec1a4d5b9a285543c5715f09 9f8566e2308a48e2a1d1412a958c409c - - default default] GET http://cinder-api.openstack.svc.cluster.local:8776/v3/9f8566e2308a48e2a1d1412a958c409c/volumes/detail?all_tenants=true
2026-06-13 02:29:37.292 8 INFO cinder.volume.api [None req-a5e50ad8-9e99-45fc-81a3-22e092f7d400 b184f9a1ec1a4d5b9a285543c5715f09 9f8566e2308a48e2a1d1412a958c409c - - default default] Get all volumes completed successfully.
2026-06-13 02:29:37.293 8 INFO cinder.api.openstack.wsgi [None req-a5e50ad8-9e99-45fc-81a3-22e092f7d400 b184f9a1ec1a4d5b9a285543c5715f09 9f8566e2308a48e2a1d1412a958c409c - - default default] http://cinder-api.openstack.svc.cluster.local:8776/v3/9f8566e2308a48e2a1d1412a958c409c/volumes/detail?all_tenants=true returned with HTTP 200 [pid: 8|app: 0|req: 470/938] 10.0.0.200 () {28 vars in 683 bytes} [Sat Jun 13 02:29:37 2026] GET /v3/9f8566e2308a48e2a1d1412a958c409c/volumes/detail?all_tenants=true => generated 15 bytes in 16 msecs (HTTP/1.1 200) 7 headers in 284 bytes (1 switches on core 0)
2026-06-13 02:29:37.304 7 INFO cinder.api.openstack.wsgi [None req-fcb2195f-6711-40db-a53c-94bfb6a93f0f b184f9a1ec1a4d5b9a285543c5715f09 9f8566e2308a48e2a1d1412a958c409c - - default default] GET http://cinder-api.openstack.svc.cluster.local:8776/v3/9f8566e2308a48e2a1d1412a958c409c/snapshots?all_tenants=true
2026-06-13 02:29:37.308 7 INFO cinder.volume.api [None req-fcb2195f-6711-40db-a53c-94bfb6a93f0f b184f9a1ec1a4d5b9a285543c5715f09 9f8566e2308a48e2a1d1412a958c409c - - default default] Get all snapshots completed successfully.
2026-06-13 02:29:37.308 7 INFO cinder.api.openstack.wsgi [None req-fcb2195f-6711-40db-a53c-94bfb6a93f0f b184f9a1ec1a4d5b9a285543c5715f09 9f8566e2308a48e2a1d1412a958c409c - - default default] http://cinder-api.openstack.svc.cluster.local:8776/v3/9f8566e2308a48e2a1d1412a958c409c/snapshots?all_tenants=true returned with HTTP 200 [pid: 7|app: 0|req: 469/939] 10.0.0.200 () {28 vars in 673 bytes} [Sat Jun 13 02:29:37 2026] GET /v3/9f8566e2308a48e2a1d1412a958c409c/snapshots?all_tenants=true => generated 17 bytes in 11 msecs (HTTP/1.1 200) 7 headers in 284 bytes (1 switches on core 0)
2026-06-13 02:29:45.983 7 INFO cinder.api.openstack.wsgi [None req-fcb2195f-6711-40db-a53c-94bfb6a93f0f b184f9a1ec1a4d5b9a285543c5715f09 9f8566e2308a48e2a1d1412a958c409c - - default default] GET http://10.0.0.232:8776/
2026-06-13 02:29:45.983 8 INFO cinder.api.openstack.wsgi [None req-a5e50ad8-9e99-45fc-81a3-22e092f7d400 b184f9a1ec1a4d5b9a285543c5715f09 9f8566e2308a48e2a1d1412a958c409c - - default default] GET http://10.0.0.232:8776/
2026-06-13 02:29:45.984 7 INFO cinder.api.openstack.wsgi [None req-fcb2195f-6711-40db-a53c-94bfb6a93f0f b184f9a1ec1a4d5b9a285543c5715f09 9f8566e2308a48e2a1d1412a958c409c - - default default] http://10.0.0.232:8776/ returned with HTTP 300
2026-06-13 02:29:45.985 8 INFO cinder.api.openstack.wsgi [None req-a5e50ad8-9e99-45fc-81a3-22e092f7d400 b184f9a1ec1a4d5b9a285543c5715f09 9f8566e2308a48e2a1d1412a958c409c - - default default] http://10.0.0.232:8776/ returned with HTTP 300
2026-06-13 02:29:55.983 8 INFO cinder.api.openstack.wsgi [None req-a5e50ad8-9e99-45fc-81a3-22e092f7d400 b184f9a1ec1a4d5b9a285543c5715f09 9f8566e2308a48e2a1d1412a958c409c - - default default] GET http://10.0.0.232:8776/
2026-06-13 02:29:55.983 7 INFO cinder.api.openstack.wsgi [None req-fcb2195f-6711-40db-a53c-94bfb6a93f0f b184f9a1ec1a4d5b9a285543c5715f09 9f8566e2308a48e2a1d1412a958c409c - - default default] GET http://10.0.0.232:8776/
2026-06-13 02:29:55.984 8 INFO cinder.api.openstack.wsgi [None req-a5e50ad8-9e99-45fc-81a3-22e092f7d400 b184f9a1ec1a4d5b9a285543c5715f09 9f8566e2308a48e2a1d1412a958c409c - - default default] http://10.0.0.232:8776/ returned with HTTP 300
2026-06-13 02:29:55.984 7 INFO cinder.api.openstack.wsgi [None req-fcb2195f-6711-40db-a53c-94bfb6a93f0f b184f9a1ec1a4d5b9a285543c5715f09 9f8566e2308a48e2a1d1412a958c409c - - default default] http://10.0.0.232:8776/ returned with HTTP 300
2026-06-13 02:30:05.983 8 INFO cinder.api.openstack.wsgi [None req-a5e50ad8-9e99-45fc-81a3-22e092f7d400 b184f9a1ec1a4d5b9a285543c5715f09 9f8566e2308a48e2a1d1412a958c409c - - default default] GET http://10.0.0.232:8776/
2026-06-13 02:30:05.983 7 INFO cinder.api.openstack.wsgi [None req-fcb2195f-6711-40db-a53c-94bfb6a93f0f b184f9a1ec1a4d5b9a285543c5715f09 9f8566e2308a48e2a1d1412a958c409c - - default default] GET http://10.0.0.232:8776/
2026-06-13 02:30:05.984 8 INFO cinder.api.openstack.wsgi [None req-a5e50ad8-9e99-45fc-81a3-22e092f7d400 b184f9a1ec1a4d5b9a285543c5715f09 9f8566e2308a48e2a1d1412a958c409c - - default default] http://10.0.0.232:8776/ returned with HTTP 300
2026-06-13 02:30:05.985 7 INFO cinder.api.openstack.wsgi [None req-fcb2195f-6711-40db-a53c-94bfb6a93f0f b184f9a1ec1a4d5b9a285543c5715f09 9f8566e2308a48e2a1d1412a958c409c - - default default] http://10.0.0.232:8776/ returned with HTTP 300
2026-06-13 02:30:15.984 7 INFO cinder.api.openstack.wsgi [None req-fcb2195f-6711-40db-a53c-94bfb6a93f0f b184f9a1ec1a4d5b9a285543c5715f09 9f8566e2308a48e2a1d1412a958c409c - - default default] GET http://10.0.0.232:8776/
2026-06-13 02:30:15.984 8 INFO cinder.api.openstack.wsgi [None req-a5e50ad8-9e99-45fc-81a3-22e092f7d400 b184f9a1ec1a4d5b9a285543c5715f09 9f8566e2308a48e2a1d1412a958c409c - - default default] GET http://10.0.0.232:8776/
2026-06-13 02:30:15.985 8 INFO cinder.api.openstack.wsgi [None req-a5e50ad8-9e99-45fc-81a3-22e092f7d400 b184f9a1ec1a4d5b9a285543c5715f09 9f8566e2308a48e2a1d1412a958c409c - - default default] http://10.0.0.232:8776/ returned with HTTP 300
2026-06-13 02:30:15.985 7 INFO cinder.api.openstack.wsgi [None req-fcb2195f-6711-40db-a53c-94bfb6a93f0f b184f9a1ec1a4d5b9a285543c5715f09 9f8566e2308a48e2a1d1412a958c409c - - default default] http://10.0.0.232:8776/ returned with HTTP 300
2026-06-13 02:30:25.984 7 INFO cinder.api.openstack.wsgi [None req-fcb2195f-6711-40db-a53c-94bfb6a93f0f b184f9a1ec1a4d5b9a285543c5715f09 9f8566e2308a48e2a1d1412a958c409c - - default default] GET http://10.0.0.232:8776/
2026-06-13 02:30:25.984 8 INFO cinder.api.openstack.wsgi [None req-a5e50ad8-9e99-45fc-81a3-22e092f7d400 b184f9a1ec1a4d5b9a285543c5715f09 9f8566e2308a48e2a1d1412a958c409c - - default default] GET http://10.0.0.232:8776/
2026-06-13 02:30:25.985 7 INFO cinder.api.openstack.wsgi [None req-fcb2195f-6711-40db-a53c-94bfb6a93f0f b184f9a1ec1a4d5b9a285543c5715f09 9f8566e2308a48e2a1d1412a958c409c - - default default] http://10.0.0.232:8776/ returned with HTTP 300
2026-06-13 02:30:25.985 8 INFO cinder.api.openstack.wsgi [None req-a5e50ad8-9e99-45fc-81a3-22e092f7d400 b184f9a1ec1a4d5b9a285543c5715f09 9f8566e2308a48e2a1d1412a958c409c - - default default] http://10.0.0.232:8776/ returned with HTTP 300
2026-06-13 02:30:35.983 7 INFO cinder.api.openstack.wsgi [None req-fcb2195f-6711-40db-a53c-94bfb6a93f0f b184f9a1ec1a4d5b9a285543c5715f09 9f8566e2308a48e2a1d1412a958c409c - - default default] GET http://10.0.0.232:8776/
2026-06-13 02:30:35.983 8 INFO cinder.api.openstack.wsgi [None req-a5e50ad8-9e99-45fc-81a3-22e092f7d400 b184f9a1ec1a4d5b9a285543c5715f09 9f8566e2308a48e2a1d1412a958c409c - - default default] GET http://10.0.0.232:8776/
2026-06-13 02:30:35.984 8 INFO cinder.api.openstack.wsgi [None req-a5e50ad8-9e99-45fc-81a3-22e092f7d400 b184f9a1ec1a4d5b9a285543c5715f09 9f8566e2308a48e2a1d1412a958c409c - - default default] http://10.0.0.232:8776/ returned with HTTP 300
2026-06-13 02:30:35.984 7 INFO cinder.api.openstack.wsgi [None req-fcb2195f-6711-40db-a53c-94bfb6a93f0f b184f9a1ec1a4d5b9a285543c5715f09 9f8566e2308a48e2a1d1412a958c409c - - default default] http://10.0.0.232:8776/ returned with HTTP 300
2026-06-13 02:30:36.179 7 INFO cinder.api.openstack.wsgi [None req-4b314d7e-879c-41b7-917e-69ec10423944 b184f9a1ec1a4d5b9a285543c5715f09 9f8566e2308a48e2a1d1412a958c409c - - default default] GET http://cinder-api.openstack.svc.cluster.local:8776/v3/9f8566e2308a48e2a1d1412a958c409c/snapshots?all_tenants=true
2026-06-13 02:30:36.184 7 INFO cinder.volume.api [None req-4b314d7e-879c-41b7-917e-69ec10423944 b184f9a1ec1a4d5b9a285543c5715f09 9f8566e2308a48e2a1d1412a958c409c - - default default] Get all snapshots completed successfully.
2026-06-13 02:30:36.185 7 INFO cinder.api.openstack.wsgi [None req-4b314d7e-879c-41b7-917e-69ec10423944 b184f9a1ec1a4d5b9a285543c5715f09 9f8566e2308a48e2a1d1412a958c409c - - default default] http://cinder-api.openstack.svc.cluster.local:8776/v3/9f8566e2308a48e2a1d1412a958c409c/snapshots?all_tenants=true returned with HTTP 200 [pid: 7|app: 0|req: 476/952] 10.0.0.200 () {28 vars in 673 bytes} [Sat Jun 13 02:30:36 2026] GET /v3/9f8566e2308a48e2a1d1412a958c409c/snapshots?all_tenants=true => generated 17 bytes in 105 msecs (HTTP/1.1 200) 7 headers in 284 bytes (1 switches on core 0)
2026-06-13 02:30:36.199 8 INFO cinder.api.openstack.wsgi [None req-b72e98ff-f8cc-417d-9e0a-97aa0e5ed502 b184f9a1ec1a4d5b9a285543c5715f09 9f8566e2308a48e2a1d1412a958c409c - - default default] GET http://cinder-api.openstack.svc.cluster.local:8776/v3/9f8566e2308a48e2a1d1412a958c409c/scheduler-stats/get_pools?detail=true
2026-06-13 02:30:36.703 8 INFO cinder.api.openstack.wsgi [None req-b72e98ff-f8cc-417d-9e0a-97aa0e5ed502 b184f9a1ec1a4d5b9a285543c5715f09 9f8566e2308a48e2a1d1412a958c409c - - default default] http://cinder-api.openstack.svc.cluster.local:8776/v3/9f8566e2308a48e2a1d1412a958c409c/scheduler-stats/get_pools?detail=true returned with HTTP 200 [pid: 8|app: 0|req: 477/953] 10.0.0.200 () {28 vars in 695 bytes} [Sat Jun 13 02:30:36 2026] GET /v3/9f8566e2308a48e2a1d1412a958c409c/scheduler-stats/get_pools?detail=true => generated 670 bytes in 513 msecs (HTTP/1.1 200) 7 headers in 285 bytes (1 switches on core 0)
2026-06-13 02:30:36.744 7 INFO cinder.api.openstack.wsgi [None req-fba52408-fe34-4751-a5a5-7759447cef5f b184f9a1ec1a4d5b9a285543c5715f09 9f8566e2308a48e2a1d1412a958c409c - - default default] GET http://cinder-api.openstack.svc.cluster.local:8776/v3/9f8566e2308a48e2a1d1412a958c409c/os-quota-sets/260aac61beac40cb865df42fc590abf6?usage=true
2026-06-13 02:30:36.764 7 INFO cinder.api.openstack.wsgi [None req-fba52408-fe34-4751-a5a5-7759447cef5f b184f9a1ec1a4d5b9a285543c5715f09 9f8566e2308a48e2a1d1412a958c409c - - default default] http://cinder-api.openstack.svc.cluster.local:8776/v3/9f8566e2308a48e2a1d1412a958c409c/os-quota-sets/260aac61beac40cb865df42fc590abf6?usage=true returned with HTTP 200 [pid: 7|app: 0|req: 477/954] 10.0.0.200 () {28 vars in 735 bytes} [Sat Jun 13 02:30:36 2026] GET /v3/9f8566e2308a48e2a1d1412a958c409c/os-quota-sets/260aac61beac40cb865df42fc590abf6?usage=true => generated 847 bytes in 27 msecs (HTTP/1.1 200) 7 headers in 285 bytes (1 switches on core 0)
2026-06-13 02:30:36.773 8 INFO cinder.api.openstack.wsgi [None req-a5cea0a5-5e43-471d-b09e-dc5552670604 b184f9a1ec1a4d5b9a285543c5715f09 9f8566e2308a48e2a1d1412a958c409c - - default default] GET http://cinder-api.openstack.svc.cluster.local:8776/v3/9f8566e2308a48e2a1d1412a958c409c/os-quota-sets/268d42319c4c43ce9abf01c70526d0d6?usage=true
2026-06-13 02:30:36.803 8 INFO cinder.api.openstack.wsgi [None req-a5cea0a5-5e43-471d-b09e-dc5552670604 b184f9a1ec1a4d5b9a285543c5715f09 9f8566e2308a48e2a1d1412a958c409c - - default default] http://cinder-api.openstack.svc.cluster.local:8776/v3/9f8566e2308a48e2a1d1412a958c409c/os-quota-sets/268d42319c4c43ce9abf01c70526d0d6?usage=true returned with HTTP 200 [pid: 8|app: 0|req: 478/955] 10.0.0.200 () {28 vars in 735 bytes} [Sat Jun 13 02:30:36 2026] GET /v3/9f8566e2308a48e2a1d1412a958c409c/os-quota-sets/268d42319c4c43ce9abf01c70526d0d6?usage=true => generated 847 bytes in 35 msecs (HTTP/1.1 200) 7 headers in 285 bytes (1 switches on core 0)
2026-06-13 02:30:36.815 7 INFO cinder.api.openstack.wsgi [None req-5f71c532-5458-4f58-82d0-0fe0567363b4 b184f9a1ec1a4d5b9a285543c5715f09 9f8566e2308a48e2a1d1412a958c409c - - default default] GET http://cinder-api.openstack.svc.cluster.local:8776/v3/9f8566e2308a48e2a1d1412a958c409c/os-quota-sets/2bd69fc527074e8eb74ea66bbc3584d0?usage=true
2026-06-13 02:30:36.835 7 INFO cinder.api.openstack.wsgi [None req-5f71c532-5458-4f58-82d0-0fe0567363b4 b184f9a1ec1a4d5b9a285543c5715f09 9f8566e2308a48e2a1d1412a958c409c - - default default] http://cinder-api.openstack.svc.cluster.local:8776/v3/9f8566e2308a48e2a1d1412a958c409c/os-quota-sets/2bd69fc527074e8eb74ea66bbc3584d0?usage=true returned with HTTP 200 [pid: 7|app: 0|req: 478/956] 10.0.0.200 () {28 vars in 735 bytes} [Sat Jun 13 02:30:36 2026] GET /v3/9f8566e2308a48e2a1d1412a958c409c/os-quota-sets/2bd69fc527074e8eb74ea66bbc3584d0?usage=true => generated 847 bytes in 29 msecs (HTTP/1.1 200) 7 headers in 285 bytes (1 switches on core 0)
2026-06-13 02:30:36.845 8 INFO cinder.api.openstack.wsgi [None req-deca52e0-7c02-46fa-ab77-90258af88347 b184f9a1ec1a4d5b9a285543c5715f09 9f8566e2308a48e2a1d1412a958c409c - - default default] GET http://cinder-api.openstack.svc.cluster.local:8776/v3/9f8566e2308a48e2a1d1412a958c409c/os-quota-sets/407d304e2a1e4959972cd4f903a3bd2d?usage=true
2026-06-13 02:30:36.869 8 INFO cinder.api.openstack.wsgi [None req-deca52e0-7c02-46fa-ab77-90258af88347 b184f9a1ec1a4d5b9a285543c5715f09 9f8566e2308a48e2a1d1412a958c409c - - default default] http://cinder-api.openstack.svc.cluster.local:8776/v3/9f8566e2308a48e2a1d1412a958c409c/os-quota-sets/407d304e2a1e4959972cd4f903a3bd2d?usage=true returned with HTTP 200 [pid: 8|app: 0|req: 479/957] 10.0.0.200 () {28 vars in 735 bytes} [Sat Jun 13 02:30:36 2026] GET /v3/9f8566e2308a48e2a1d1412a958c409c/os-quota-sets/407d304e2a1e4959972cd4f903a3bd2d?usage=true => generated 847 bytes in 30 msecs (HTTP/1.1 200) 7 headers in 285 bytes (1 switches on core 0)
2026-06-13 02:30:36.878 7 INFO cinder.api.openstack.wsgi [None req-4236ba27-44c2-4c42-bff4-81b9b071ed82 b184f9a1ec1a4d5b9a285543c5715f09 9f8566e2308a48e2a1d1412a958c409c - - default default] GET http://cinder-api.openstack.svc.cluster.local:8776/v3/9f8566e2308a48e2a1d1412a958c409c/os-quota-sets/66d2e85cd5b44a9ab5263dbb48ce4469?usage=true
2026-06-13 02:30:36.901 7 INFO cinder.api.openstack.wsgi [None req-4236ba27-44c2-4c42-bff4-81b9b071ed82 b184f9a1ec1a4d5b9a285543c5715f09 9f8566e2308a48e2a1d1412a958c409c - - default default] http://cinder-api.openstack.svc.cluster.local:8776/v3/9f8566e2308a48e2a1d1412a958c409c/os-quota-sets/66d2e85cd5b44a9ab5263dbb48ce4469?usage=true returned with HTTP 200 [pid: 7|app: 0|req: 479/958] 10.0.0.200 () {28 vars in 735 bytes} [Sat Jun 13 02:30:36 2026] GET /v3/9f8566e2308a48e2a1d1412a958c409c/os-quota-sets/66d2e85cd5b44a9ab5263dbb48ce4469?usage=true => generated 847 bytes in 30 msecs (HTTP/1.1 200) 7 headers in 285 bytes (1 switches on core 0)
2026-06-13 02:30:36.912 8 INFO cinder.api.openstack.wsgi [None req-cb18aebf-28d1-4183-86ee-94a5c90ea22f b184f9a1ec1a4d5b9a285543c5715f09 9f8566e2308a48e2a1d1412a958c409c - - default default] GET http://cinder-api.openstack.svc.cluster.local:8776/v3/9f8566e2308a48e2a1d1412a958c409c/os-quota-sets/72705c7fcf544fb68d37574a96f80910?usage=true
2026-06-13 02:30:36.935 8 INFO cinder.api.openstack.wsgi [None req-cb18aebf-28d1-4183-86ee-94a5c90ea22f b184f9a1ec1a4d5b9a285543c5715f09 9f8566e2308a48e2a1d1412a958c409c - - default default] http://cinder-api.openstack.svc.cluster.local:8776/v3/9f8566e2308a48e2a1d1412a958c409c/os-quota-sets/72705c7fcf544fb68d37574a96f80910?usage=true returned with HTTP 200 [pid: 8|app: 0|req: 480/959] 10.0.0.200 () {28 vars in 735 bytes} [Sat Jun 13 02:30:36 2026] GET /v3/9f8566e2308a48e2a1d1412a958c409c/os-quota-sets/72705c7fcf544fb68d37574a96f80910?usage=true => generated 847 bytes in 31 msecs (HTTP/1.1 200) 7 headers in 285 bytes (1 switches on core 0)
2026-06-13 02:30:36.947 7 INFO cinder.api.openstack.wsgi [None req-75eabf43-e2c3-4f49-907c-7edad910a385 b184f9a1ec1a4d5b9a285543c5715f09 9f8566e2308a48e2a1d1412a958c409c - - default default] GET http://cinder-api.openstack.svc.cluster.local:8776/v3/9f8566e2308a48e2a1d1412a958c409c/os-quota-sets/7c9afd41286343a1abc9b0425decc30b?usage=true
2026-06-13 02:30:36.977 7 INFO cinder.api.openstack.wsgi [None req-75eabf43-e2c3-4f49-907c-7edad910a385 b184f9a1ec1a4d5b9a285543c5715f09 9f8566e2308a48e2a1d1412a958c409c - - default default] http://cinder-api.openstack.svc.cluster.local:8776/v3/9f8566e2308a48e2a1d1412a958c409c/os-quota-sets/7c9afd41286343a1abc9b0425decc30b?usage=true returned with HTTP 200 [pid: 7|app: 0|req: 480/960] 10.0.0.200 () {28 vars in 735 bytes} [Sat Jun 13 02:30:36 2026] GET /v3/9f8566e2308a48e2a1d1412a958c409c/os-quota-sets/7c9afd41286343a1abc9b0425decc30b?usage=true => generated 847 bytes in 39 msecs (HTTP/1.1 200) 7 headers in 285 bytes (1 switches on core 0)
2026-06-13 02:30:36.990 8 INFO cinder.api.openstack.wsgi [None req-5ad53b9b-5a9d-4ff5-bb40-7d3868490175 b184f9a1ec1a4d5b9a285543c5715f09 9f8566e2308a48e2a1d1412a958c409c - - default default] GET http://cinder-api.openstack.svc.cluster.local:8776/v3/9f8566e2308a48e2a1d1412a958c409c/os-quota-sets/9f8566e2308a48e2a1d1412a958c409c?usage=true
2026-06-13 02:30:37.012 8 INFO cinder.api.openstack.wsgi [None req-5ad53b9b-5a9d-4ff5-bb40-7d3868490175 b184f9a1ec1a4d5b9a285543c5715f09 9f8566e2308a48e2a1d1412a958c409c - - default default] http://cinder-api.openstack.svc.cluster.local:8776/v3/9f8566e2308a48e2a1d1412a958c409c/os-quota-sets/9f8566e2308a48e2a1d1412a958c409c?usage=true returned with HTTP 200 [pid: 8|app: 0|req: 481/961] 10.0.0.200 () {28 vars in 735 bytes} [Sat Jun 13 02:30:36 2026] GET /v3/9f8566e2308a48e2a1d1412a958c409c/os-quota-sets/9f8566e2308a48e2a1d1412a958c409c?usage=true => generated 845 bytes in 31 msecs (HTTP/1.1 200) 7 headers in 285 bytes (1 switches on core 0)
2026-06-13 02:30:37.021 7 INFO cinder.api.openstack.wsgi [None req-cdbb1252-40f6-498c-82e8-067cfe631896 b184f9a1ec1a4d5b9a285543c5715f09 9f8566e2308a48e2a1d1412a958c409c - - default default] GET http://cinder-api.openstack.svc.cluster.local:8776/v3/9f8566e2308a48e2a1d1412a958c409c/os-quota-sets/9fc8d030614841d7af43b28f8179bc13?usage=true
2026-06-13 02:30:37.040 7 INFO cinder.api.openstack.wsgi [None req-cdbb1252-40f6-498c-82e8-067cfe631896 b184f9a1ec1a4d5b9a285543c5715f09 9f8566e2308a48e2a1d1412a958c409c - - default default] http://cinder-api.openstack.svc.cluster.local:8776/v3/9f8566e2308a48e2a1d1412a958c409c/os-quota-sets/9fc8d030614841d7af43b28f8179bc13?usage=true returned with HTTP 200 [pid: 7|app: 0|req: 481/962] 10.0.0.200 () {28 vars in 735 bytes} [Sat Jun 13 02:30:37 2026] GET /v3/9f8566e2308a48e2a1d1412a958c409c/os-quota-sets/9fc8d030614841d7af43b28f8179bc13?usage=true => generated 847 bytes in 25 msecs (HTTP/1.1 200) 7 headers in 285 bytes (1 switches on core 0)
2026-06-13 02:30:37.050 8 INFO cinder.api.openstack.wsgi [None req-d120cffe-cceb-4c2e-842d-f938ac7a62fe b184f9a1ec1a4d5b9a285543c5715f09 9f8566e2308a48e2a1d1412a958c409c - - default default] GET http://cinder-api.openstack.svc.cluster.local:8776/v3/9f8566e2308a48e2a1d1412a958c409c/os-quota-sets/a14f73df42374fe798cb7f4630e2d449?usage=true
2026-06-13 02:30:37.068 8 INFO cinder.api.openstack.wsgi [None req-d120cffe-cceb-4c2e-842d-f938ac7a62fe b184f9a1ec1a4d5b9a285543c5715f09 9f8566e2308a48e2a1d1412a958c409c - - default default] http://cinder-api.openstack.svc.cluster.local:8776/v3/9f8566e2308a48e2a1d1412a958c409c/os-quota-sets/a14f73df42374fe798cb7f4630e2d449?usage=true returned with HTTP 200 [pid: 8|app: 0|req: 482/963] 10.0.0.200 () {28 vars in 735 bytes} [Sat Jun 13 02:30:37 2026] GET /v3/9f8566e2308a48e2a1d1412a958c409c/os-quota-sets/a14f73df42374fe798cb7f4630e2d449?usage=true => generated 845 bytes in 25 msecs (HTTP/1.1 200) 7 headers in 285 bytes (1 switches on core 0)
2026-06-13 02:30:37.079 7 INFO cinder.api.openstack.wsgi [None req-b1bcfe0c-952e-4f55-881f-74b94ae20664 b184f9a1ec1a4d5b9a285543c5715f09 9f8566e2308a48e2a1d1412a958c409c - - default default] GET http://cinder-api.openstack.svc.cluster.local:8776/v3/9f8566e2308a48e2a1d1412a958c409c/os-quota-sets/d457f9320cd14f6cb3c2e81308340a0f?usage=true
2026-06-13 02:30:37.100 7 INFO cinder.api.openstack.wsgi [None req-b1bcfe0c-952e-4f55-881f-74b94ae20664 b184f9a1ec1a4d5b9a285543c5715f09 9f8566e2308a48e2a1d1412a958c409c - - default default] http://cinder-api.openstack.svc.cluster.local:8776/v3/9f8566e2308a48e2a1d1412a958c409c/os-quota-sets/d457f9320cd14f6cb3c2e81308340a0f?usage=true returned with HTTP 200 [pid: 7|app: 0|req: 482/964] 10.0.0.200 () {28 vars in 735 bytes} [Sat Jun 13 02:30:37 2026] GET /v3/9f8566e2308a48e2a1d1412a958c409c/os-quota-sets/d457f9320cd14f6cb3c2e81308340a0f?usage=true => generated 847 bytes in 29 msecs (HTTP/1.1 200) 7 headers in 285 bytes (1 switches on core 0)
2026-06-13 02:30:37.112 8 INFO cinder.api.openstack.wsgi [None req-1d3b88b6-5186-44f5-b257-229d3224bda0 b184f9a1ec1a4d5b9a285543c5715f09 9f8566e2308a48e2a1d1412a958c409c - - default default] GET http://cinder-api.openstack.svc.cluster.local:8776/v3/9f8566e2308a48e2a1d1412a958c409c/os-quota-sets/dd30f8887ed1415c950a2392ef21c257?usage=true
2026-06-13 02:30:37.129 8 INFO cinder.api.openstack.wsgi [None req-1d3b88b6-5186-44f5-b257-229d3224bda0 b184f9a1ec1a4d5b9a285543c5715f09 9f8566e2308a48e2a1d1412a958c409c - - default default] http://cinder-api.openstack.svc.cluster.local:8776/v3/9f8566e2308a48e2a1d1412a958c409c/os-quota-sets/dd30f8887ed1415c950a2392ef21c257?usage=true returned with HTTP 200 [pid: 8|app: 0|req: 483/965] 10.0.0.200 () {28 vars in 735 bytes} [Sat Jun 13 02:30:37 2026] GET /v3/9f8566e2308a48e2a1d1412a958c409c/os-quota-sets/dd30f8887ed1415c950a2392ef21c257?usage=true => generated 847 bytes in 25 msecs (HTTP/1.1 200) 7 headers in 285 bytes (1 switches on core 0)
2026-06-13 02:30:37.138 7 INFO cinder.api.openstack.wsgi [None req-70d54875-bfe7-4f9f-805b-d95cd4770b20 b184f9a1ec1a4d5b9a285543c5715f09 9f8566e2308a48e2a1d1412a958c409c - - default default] GET http://cinder-api.openstack.svc.cluster.local:8776/v3/9f8566e2308a48e2a1d1412a958c409c/os-quota-sets/f68afa4065cf4ce1903667715571c32c?usage=true
2026-06-13 02:30:37.170 7 INFO cinder.api.openstack.wsgi [None req-70d54875-bfe7-4f9f-805b-d95cd4770b20 b184f9a1ec1a4d5b9a285543c5715f09 9f8566e2308a48e2a1d1412a958c409c - - default default] http://cinder-api.openstack.svc.cluster.local:8776/v3/9f8566e2308a48e2a1d1412a958c409c/os-quota-sets/f68afa4065cf4ce1903667715571c32c?usage=true returned with HTTP 200 [pid: 7|app: 0|req: 483/966] 10.0.0.200 () {28 vars in 735 bytes} [Sat Jun 13 02:30:37 2026] GET /v3/9f8566e2308a48e2a1d1412a958c409c/os-quota-sets/f68afa4065cf4ce1903667715571c32c?usage=true => generated 847 bytes in 39 msecs (HTTP/1.1 200) 7 headers in 285 bytes (1 switches on core 0)
2026-06-13 02:30:37.179 8 INFO cinder.api.openstack.wsgi [None req-ef486437-da6b-4530-9604-96ada47933f0 b184f9a1ec1a4d5b9a285543c5715f09 9f8566e2308a48e2a1d1412a958c409c - - default default] GET http://cinder-api.openstack.svc.cluster.local:8776/v3/9f8566e2308a48e2a1d1412a958c409c/volumes/detail?all_tenants=true
2026-06-13 02:30:37.188 8 INFO cinder.volume.api [None req-ef486437-da6b-4530-9604-96ada47933f0 b184f9a1ec1a4d5b9a285543c5715f09 9f8566e2308a48e2a1d1412a958c409c - - default default] Get all volumes completed successfully.
2026-06-13 02:30:37.190 8 INFO cinder.api.openstack.wsgi [None req-ef486437-da6b-4530-9604-96ada47933f0 b184f9a1ec1a4d5b9a285543c5715f09 9f8566e2308a48e2a1d1412a958c409c - - default default] http://cinder-api.openstack.svc.cluster.local:8776/v3/9f8566e2308a48e2a1d1412a958c409c/volumes/detail?all_tenants=true returned with HTTP 200 [pid: 8|app: 0|req: 484/967] 10.0.0.200 () {28 vars in 683 bytes} [Sat Jun 13 02:30:37 2026] GET /v3/9f8566e2308a48e2a1d1412a958c409c/volumes/detail?all_tenants=true => generated 15 bytes in 16 msecs (HTTP/1.1 200) 7 headers in 284 bytes (1 switches on core 0)
2026-06-13 02:30:37.204 7 INFO cinder.api.openstack.wsgi [None req-72494ec4-6a58-4355-9e23-0de726fc5306 b184f9a1ec1a4d5b9a285543c5715f09 9f8566e2308a48e2a1d1412a958c409c - - default default] GET http://cinder-api.openstack.svc.cluster.local:8776/v3/9f8566e2308a48e2a1d1412a958c409c/os-services
2026-06-13 02:30:37.208 7 INFO cinder.api.openstack.wsgi [None req-72494ec4-6a58-4355-9e23-0de726fc5306 b184f9a1ec1a4d5b9a285543c5715f09 9f8566e2308a48e2a1d1412a958c409c - - default default] http://cinder-api.openstack.svc.cluster.local:8776/v3/9f8566e2308a48e2a1d1412a958c409c/os-services returned with HTTP 200 [pid: 7|app: 0|req: 484/968] 10.0.0.200 () {28 vars in 644 bytes} [Sat Jun 13 02:30:37 2026] GET /v3/9f8566e2308a48e2a1d1412a958c409c/os-services => generated 646 bytes in 14 msecs (HTTP/1.1 200) 7 headers in 285 bytes (1 switches on core 0)
2026-06-13 02:30:37.220 8 INFO cinder.api.openstack.wsgi [None req-0033b87f-d51d-439e-afee-2dc68ac44599 b184f9a1ec1a4d5b9a285543c5715f09 9f8566e2308a48e2a1d1412a958c409c - - default default] GET http://cinder-api.openstack.svc.cluster.local:8776/v3/9f8566e2308a48e2a1d1412a958c409c/volumes/detail?all_tenants=true
2026-06-13 02:30:37.228 8 INFO cinder.volume.api [None req-0033b87f-d51d-439e-afee-2dc68ac44599 b184f9a1ec1a4d5b9a285543c5715f09 9f8566e2308a48e2a1d1412a958c409c - - default default] Get all volumes completed successfully.
2026-06-13 02:30:37.230 8 INFO cinder.api.openstack.wsgi [None req-0033b87f-d51d-439e-afee-2dc68ac44599 b184f9a1ec1a4d5b9a285543c5715f09 9f8566e2308a48e2a1d1412a958c409c - - default default] http://cinder-api.openstack.svc.cluster.local:8776/v3/9f8566e2308a48e2a1d1412a958c409c/volumes/detail?all_tenants=true returned with HTTP 200 [pid: 8|app: 0|req: 485/969] 10.0.0.200 () {28 vars in 683 bytes} [Sat Jun 13 02:30:37 2026] GET /v3/9f8566e2308a48e2a1d1412a958c409c/volumes/detail?all_tenants=true => generated 15 bytes in 18 msecs (HTTP/1.1 200) 7 headers in 284 bytes (1 switches on core 0)
2026-06-13 02:30:45.983 7 INFO cinder.api.openstack.wsgi [None req-72494ec4-6a58-4355-9e23-0de726fc5306 b184f9a1ec1a4d5b9a285543c5715f09 9f8566e2308a48e2a1d1412a958c409c - - default default] GET http://10.0.0.232:8776/
2026-06-13 02:30:45.983 8 INFO cinder.api.openstack.wsgi [None req-0033b87f-d51d-439e-afee-2dc68ac44599 b184f9a1ec1a4d5b9a285543c5715f09 9f8566e2308a48e2a1d1412a958c409c - - default default] GET http://10.0.0.232:8776/
2026-06-13 02:30:45.984 7 INFO cinder.api.openstack.wsgi [None req-72494ec4-6a58-4355-9e23-0de726fc5306 b184f9a1ec1a4d5b9a285543c5715f09 9f8566e2308a48e2a1d1412a958c409c - - default default] http://10.0.0.232:8776/ returned with HTTP 300
2026-06-13 02:30:45.985 8 INFO cinder.api.openstack.wsgi [None req-0033b87f-d51d-439e-afee-2dc68ac44599 b184f9a1ec1a4d5b9a285543c5715f09 9f8566e2308a48e2a1d1412a958c409c - - default default] http://10.0.0.232:8776/ returned with HTTP 300
2026-06-13 02:30:55.984 8 INFO cinder.api.openstack.wsgi [None req-0033b87f-d51d-439e-afee-2dc68ac44599 b184f9a1ec1a4d5b9a285543c5715f09 9f8566e2308a48e2a1d1412a958c409c - - default default] GET http://10.0.0.232:8776/
2026-06-13 02:30:55.984 7 INFO cinder.api.openstack.wsgi [None req-72494ec4-6a58-4355-9e23-0de726fc5306 b184f9a1ec1a4d5b9a285543c5715f09 9f8566e2308a48e2a1d1412a958c409c - - default default] GET http://10.0.0.232:8776/
2026-06-13 02:30:55.985 8 INFO cinder.api.openstack.wsgi [None req-0033b87f-d51d-439e-afee-2dc68ac44599 b184f9a1ec1a4d5b9a285543c5715f09 9f8566e2308a48e2a1d1412a958c409c - - default default] http://10.0.0.232:8776/ returned with HTTP 300
2026-06-13 02:30:55.985 7 INFO cinder.api.openstack.wsgi [None req-72494ec4-6a58-4355-9e23-0de726fc5306 b184f9a1ec1a4d5b9a285543c5715f09 9f8566e2308a48e2a1d1412a958c409c - - default default] http://10.0.0.232:8776/ returned with HTTP 300
2026-06-13 02:31:02.693 7 INFO cinder.api.openstack.wsgi [None req-e55fee37-acb0-459e-a8c0-c2aaf96f12d0 b184f9a1ec1a4d5b9a285543c5715f09 9f8566e2308a48e2a1d1412a958c409c - - default default] POST http://cinder-api.openstack.svc.cluster.local:8776/v3/9f8566e2308a48e2a1d1412a958c409c/volumes
2026-06-13 02:31:02.790 7 INFO cinder.api.v3.volumes [None req-e55fee37-acb0-459e-a8c0-c2aaf96f12d0 b184f9a1ec1a4d5b9a285543c5715f09 9f8566e2308a48e2a1d1412a958c409c - - default default] Create volume of 16 GB
2026-06-13 02:31:02.797 7 INFO cinder.volume.api [None req-e55fee37-acb0-459e-a8c0-c2aaf96f12d0 b184f9a1ec1a4d5b9a285543c5715f09 9f8566e2308a48e2a1d1412a958c409c - - default default] Availability Zones retrieved successfully.
2026-06-13 02:31:03.007 7 INFO cinder.volume.api [None req-e55fee37-acb0-459e-a8c0-c2aaf96f12d0 b184f9a1ec1a4d5b9a285543c5715f09 9f8566e2308a48e2a1d1412a958c409c - - default default] Create volume request issued successfully.
2026-06-13 02:31:03.008 7 INFO cinder.api.openstack.wsgi [None req-e55fee37-acb0-459e-a8c0-c2aaf96f12d0 b184f9a1ec1a4d5b9a285543c5715f09 9f8566e2308a48e2a1d1412a958c409c - - default default] http://cinder-api.openstack.svc.cluster.local:8776/v3/9f8566e2308a48e2a1d1412a958c409c/volumes returned with HTTP 202 [pid: 7|app: 0|req: 487/974] 199.204.45.3 () {34 vars in 731 bytes} [Sat Jun 13 02:31:02 2026] POST /v3/9f8566e2308a48e2a1d1412a958c409c/volumes => generated 846 bytes in 353 msecs (HTTP/1.1 202) 7 headers in 291 bytes (1 switches on core 0)
2026-06-13 02:31:03.022 8 INFO cinder.api.openstack.wsgi [req-e55fee37-acb0-459e-a8c0-c2aaf96f12d0 req-9528912f-52ae-4a88-85c4-15e54ab7f7d4 b184f9a1ec1a4d5b9a285543c5715f09 9f8566e2308a48e2a1d1412a958c409c - - default default] GET http://cinder-api.openstack.svc.cluster.local:8776/v3/9f8566e2308a48e2a1d1412a958c409c/volumes/4e15d96c-049e-442d-9d4c-7121e5a51888 /var/lib/openstack/lib/python3.12/site-packages/oslo_context/context.py:101: DeprecationWarning: Policy enforcement is depending on the value of is_admin. This key is deprecated. Please update your policy file to use the standard policy values. warnings.warn(
2026-06-13 02:31:03.188 8 INFO cinder.volume.api [req-e55fee37-acb0-459e-a8c0-c2aaf96f12d0 req-9528912f-52ae-4a88-85c4-15e54ab7f7d4 b184f9a1ec1a4d5b9a285543c5715f09 9f8566e2308a48e2a1d1412a958c409c - - default default] Volume info retrieved successfully.
2026-06-13 02:31:03.193 8 INFO cinder.api.openstack.wsgi [req-e55fee37-acb0-459e-a8c0-c2aaf96f12d0 req-9528912f-52ae-4a88-85c4-15e54ab7f7d4 b184f9a1ec1a4d5b9a285543c5715f09 9f8566e2308a48e2a1d1412a958c409c - - default default] http://cinder-api.openstack.svc.cluster.local:8776/v3/9f8566e2308a48e2a1d1412a958c409c/volumes/4e15d96c-049e-442d-9d4c-7121e5a51888 returned with HTTP 200 [pid: 8|app: 0|req: 488/975] 199.204.45.3 () {32 vars in 822 bytes} [Sat Jun 13 02:31:03 2026] GET /v3/9f8566e2308a48e2a1d1412a958c409c/volumes/4e15d96c-049e-442d-9d4c-7121e5a51888 => generated 1077 bytes in 178 msecs (HTTP/1.1 200) 7 headers in 286 bytes (1 switches on core 0)
2026-06-13 02:31:05.984 7 INFO cinder.api.openstack.wsgi [None req-e55fee37-acb0-459e-a8c0-c2aaf96f12d0 b184f9a1ec1a4d5b9a285543c5715f09 9f8566e2308a48e2a1d1412a958c409c - - default default] GET http://10.0.0.232:8776/
2026-06-13 02:31:05.984 8 INFO cinder.api.openstack.wsgi [req-e55fee37-acb0-459e-a8c0-c2aaf96f12d0 req-9528912f-52ae-4a88-85c4-15e54ab7f7d4 b184f9a1ec1a4d5b9a285543c5715f09 9f8566e2308a48e2a1d1412a958c409c - - default default] GET http://10.0.0.232:8776/
2026-06-13 02:31:05.985 7 INFO cinder.api.openstack.wsgi [None req-e55fee37-acb0-459e-a8c0-c2aaf96f12d0 b184f9a1ec1a4d5b9a285543c5715f09 9f8566e2308a48e2a1d1412a958c409c - - default default] http://10.0.0.232:8776/ returned with HTTP 300
2026-06-13 02:31:05.987 8 INFO cinder.api.openstack.wsgi [req-e55fee37-acb0-459e-a8c0-c2aaf96f12d0 req-9528912f-52ae-4a88-85c4-15e54ab7f7d4 b184f9a1ec1a4d5b9a285543c5715f09 9f8566e2308a48e2a1d1412a958c409c - - default default] http://10.0.0.232:8776/ returned with HTTP 300 /var/lib/openstack/lib/python3.12/site-packages/pycadf/identifier.py:70: UserWarning: Invalid uuid: cinderv3. To ensure interoperability, identifiers should be a valid uuid. warnings.warn(('Invalid uuid: %s. To ensure interoperability, '
2026-06-13 02:31:08.213 8 INFO cinder.api.openstack.wsgi [req-e55fee37-acb0-459e-a8c0-c2aaf96f12d0 req-4b568890-60b2-4691-a9e6-208fd95f422c b184f9a1ec1a4d5b9a285543c5715f09 9f8566e2308a48e2a1d1412a958c409c - - default default] GET http://cinder-api.openstack.svc.cluster.local:8776/v3/9f8566e2308a48e2a1d1412a958c409c/volumes/4e15d96c-049e-442d-9d4c-7121e5a51888 /var/lib/openstack/lib/python3.12/site-packages/oslo_context/context.py:101: DeprecationWarning: Policy enforcement is depending on the value of is_admin. This key is deprecated. Please update your policy file to use the standard policy values. warnings.warn(
2026-06-13 02:31:08.231 8 INFO cinder.volume.api [req-e55fee37-acb0-459e-a8c0-c2aaf96f12d0 req-4b568890-60b2-4691-a9e6-208fd95f422c b184f9a1ec1a4d5b9a285543c5715f09 9f8566e2308a48e2a1d1412a958c409c - - default default] Volume info retrieved successfully.
2026-06-13 02:31:08.238 8 INFO cinder.api.openstack.wsgi [req-e55fee37-acb0-459e-a8c0-c2aaf96f12d0 req-4b568890-60b2-4691-a9e6-208fd95f422c b184f9a1ec1a4d5b9a285543c5715f09 9f8566e2308a48e2a1d1412a958c409c - - default default] http://cinder-api.openstack.svc.cluster.local:8776/v3/9f8566e2308a48e2a1d1412a958c409c/volumes/4e15d96c-049e-442d-9d4c-7121e5a51888 returned with HTTP 200 [pid: 8|app: 0|req: 490/978] 199.204.45.3 () {32 vars in 822 bytes} [Sat Jun 13 02:31:08 2026] GET /v3/9f8566e2308a48e2a1d1412a958c409c/volumes/4e15d96c-049e-442d-9d4c-7121e5a51888 => generated 1675 bytes in 35 msecs (HTTP/1.1 200) 7 headers in 286 bytes (1 switches on core 0) /var/lib/openstack/lib/python3.12/site-packages/pycadf/identifier.py:70: UserWarning: Invalid uuid: cinderv3. To ensure interoperability, identifiers should be a valid uuid. warnings.warn(('Invalid uuid: %s. To ensure interoperability, '
2026-06-13 02:31:08.689 7 INFO cinder.api.openstack.wsgi [req-6ae65cdc-c622-487e-b4e8-b458ba22a8a9 req-4a221309-9a08-473b-a921-c78b41d8e3fe b184f9a1ec1a4d5b9a285543c5715f09 9f8566e2308a48e2a1d1412a958c409c - - default default] GET http://cinder-api.openstack.svc.cluster.local:8776/v3/9f8566e2308a48e2a1d1412a958c409c/volumes/4e15d96c-049e-442d-9d4c-7121e5a51888 /var/lib/openstack/lib/python3.12/site-packages/oslo_context/context.py:101: DeprecationWarning: Policy enforcement is depending on the value of is_admin. This key is deprecated. Please update your policy file to use the standard policy values. warnings.warn(
2026-06-13 02:31:08.704 7 INFO cinder.volume.api [req-6ae65cdc-c622-487e-b4e8-b458ba22a8a9 req-4a221309-9a08-473b-a921-c78b41d8e3fe b184f9a1ec1a4d5b9a285543c5715f09 9f8566e2308a48e2a1d1412a958c409c - - default default] Volume info retrieved successfully.
2026-06-13 02:31:08.709 7 INFO cinder.api.openstack.wsgi [req-6ae65cdc-c622-487e-b4e8-b458ba22a8a9 req-4a221309-9a08-473b-a921-c78b41d8e3fe b184f9a1ec1a4d5b9a285543c5715f09 9f8566e2308a48e2a1d1412a958c409c - - default default] http://cinder-api.openstack.svc.cluster.local:8776/v3/9f8566e2308a48e2a1d1412a958c409c/volumes/4e15d96c-049e-442d-9d4c-7121e5a51888 returned with HTTP 200 [pid: 7|app: 0|req: 489/979] 10.0.0.77 () {34 vars in 1026 bytes} [Sat Jun 13 02:31:08 2026] GET /v3/9f8566e2308a48e2a1d1412a958c409c/volumes/4e15d96c-049e-442d-9d4c-7121e5a51888 => generated 1675 bytes in 27 msecs (HTTP/1.1 200) 7 headers in 286 bytes (1 switches on core 0) /var/lib/openstack/lib/python3.12/site-packages/pycadf/identifier.py:70: UserWarning: Invalid uuid: cinderv3. To ensure interoperability, identifiers should be a valid uuid. warnings.warn(('Invalid uuid: %s. To ensure interoperability, '
2026-06-13 02:31:09.155 8 INFO cinder.api.openstack.wsgi [req-6ae65cdc-c622-487e-b4e8-b458ba22a8a9 req-adb67e91-19c6-414b-a3a6-d34bcd18c59f b184f9a1ec1a4d5b9a285543c5715f09 9f8566e2308a48e2a1d1412a958c409c - - default default] GET http://cinder-api.openstack.svc.cluster.local:8776/v3/9f8566e2308a48e2a1d1412a958c409c/volumes/4e15d96c-049e-442d-9d4c-7121e5a51888 /var/lib/openstack/lib/python3.12/site-packages/oslo_context/context.py:101: DeprecationWarning: Policy enforcement is depending on the value of is_admin. This key is deprecated. Please update your policy file to use the standard policy values. warnings.warn(
2026-06-13 02:31:09.172 8 INFO cinder.volume.api [req-6ae65cdc-c622-487e-b4e8-b458ba22a8a9 req-adb67e91-19c6-414b-a3a6-d34bcd18c59f b184f9a1ec1a4d5b9a285543c5715f09 9f8566e2308a48e2a1d1412a958c409c - - default default] Volume info retrieved successfully.
2026-06-13 02:31:09.193 8 INFO cinder.api.openstack.wsgi [req-6ae65cdc-c622-487e-b4e8-b458ba22a8a9 req-adb67e91-19c6-414b-a3a6-d34bcd18c59f b184f9a1ec1a4d5b9a285543c5715f09 9f8566e2308a48e2a1d1412a958c409c - - default default] http://cinder-api.openstack.svc.cluster.local:8776/v3/9f8566e2308a48e2a1d1412a958c409c/volumes/4e15d96c-049e-442d-9d4c-7121e5a51888 returned with HTTP 200 [pid: 8|app: 0|req: 491/980] 10.0.0.77 () {34 vars in 1026 bytes} [Sat Jun 13 02:31:09 2026] GET /v3/9f8566e2308a48e2a1d1412a958c409c/volumes/4e15d96c-049e-442d-9d4c-7121e5a51888 => generated 1675 bytes in 47 msecs (HTTP/1.1 200) 7 headers in 286 bytes (1 switches on core 0)
2026-06-13 02:31:09.201 7 INFO cinder.api.openstack.wsgi [req-6ae65cdc-c622-487e-b4e8-b458ba22a8a9 req-4a221309-9a08-473b-a921-c78b41d8e3fe b184f9a1ec1a4d5b9a285543c5715f09 9f8566e2308a48e2a1d1412a958c409c - - default default] GET http://cinder-api.openstack.svc.cluster.local:8776/
