2026-07-01 11:54:06.287 8 INFO neutron.db.ovn_revision_numbers_db [None req-eaa71b4a-e32a-4d26-a9a4-662e8ff73dab - - - - - -] Successfully bumped revision number for resource 9678c9c2-c8a3-40fb-92ad-0b2998b6834f (type: subnets) to 0 [pid: 8|app: 0|req: 1108/2188] 10.0.0.111 () {34 vars in 669 bytes} [Wed Jul 1 11:54:05 2026] POST /v2.0/subnets => generated 647 bytes in 868 msecs (HTTP/1.1 201) 4 headers in 162 bytes (1 switches on core 0)
2026-07-01 11:54:06.452 7 WARNING neutron.scheduler.dhcp_agent_scheduler [None req-d75ea4bc-65e0-4205-8c51-164bfea6e3e5 3c293db5cde04891846b88f55493f8ae befdd5c5fab245fa8d3b9abd381156fd - - default default] No more DHCP agents
2026-07-01 11:54:06.453 7 WARNING neutron.api.rpc.agentnotifiers.dhcp_rpc_agent_api [None req-d75ea4bc-65e0-4205-8c51-164bfea6e3e5 3c293db5cde04891846b88f55493f8ae befdd5c5fab245fa8d3b9abd381156fd - - default default] Unable to schedule network 3b6221ce-3574-40dd-a693-eefbd5818a89: no agents available; will retry on subsequent port and subnet creation events.
2026-07-01 11:54:06.544 8 INFO neutron.plugins.ml2.drivers.ovn.mech_driver.mech_driver [None req-96792efd-e3f1-429f-8d96-e8da4da9bd1f - - - - - -] OVN reports status down for port: 33cc9d5e-289b-4639-b7bd-067550fd420b
2026-07-01 11:54:06.549 7 INFO neutron.db.ovn_revision_numbers_db [None req-d75ea4bc-65e0-4205-8c51-164bfea6e3e5 3c293db5cde04891846b88f55493f8ae befdd5c5fab245fa8d3b9abd381156fd - - default default] Successfully bumped revision number for resource 33cc9d5e-289b-4639-b7bd-067550fd420b (type: ports) to 1 [pid: 8|app: 0|req: 1109/2189] 10.0.0.111 () {34 vars in 681 bytes} [Wed Jul 1 11:54:06 2026] POST /v2.0/rbac-policies => generated 324 bytes in 251 msecs (HTTP/1.1 201) 4 headers in 162 bytes (1 switches on core 0) [pid: 7|app: 0|req: 1081/2190] 10.0.0.111 () {34 vars in 664 bytes} [Wed Jul 1 11:54:06 2026] POST /v2.0/ports => generated 743 bytes in 375 msecs (HTTP/1.1 201) 4 headers in 162 bytes (1 switches on core 0)
2026-07-01 11:54:06.734 8 INFO neutron.db.segments_db [None req-cf00e76c-9cbe-40ec-9d9c-bcfc3689c6ad 3c293db5cde04891846b88f55493f8ae befdd5c5fab245fa8d3b9abd381156fd - - default default] Added segment fd6a1922-6c6a-4af2-879e-6e341dafde3d of type geneve for network b292bbde-52ab-4719-bc5e-8a35fa233da7
2026-07-01 11:54:06.852 8 INFO neutron.db.ovn_revision_numbers_db [None req-cf00e76c-9cbe-40ec-9d9c-bcfc3689c6ad 3c293db5cde04891846b88f55493f8ae befdd5c5fab245fa8d3b9abd381156fd - - default default] Successfully bumped revision number for resource b292bbde-52ab-4719-bc5e-8a35fa233da7 (type: networks) to 1
2026-07-01 11:54:07.028 8 WARNING neutron.scheduler.dhcp_agent_scheduler [None req-cf00e76c-9cbe-40ec-9d9c-bcfc3689c6ad 3c293db5cde04891846b88f55493f8ae befdd5c5fab245fa8d3b9abd381156fd - - default default] No more DHCP agents /var/lib/openstack/lib/python3.12/site-packages/pycadf/identifier.py:70: UserWarning: Invalid uuid: neutron. To ensure interoperability, identifiers should be a valid uuid. warnings.warn(('Invalid uuid: %s. To ensure interoperability, '
2026-07-01 11:54:07.030 8 WARNING neutron.api.rpc.agentnotifiers.dhcp_rpc_agent_api [None req-cf00e76c-9cbe-40ec-9d9c-bcfc3689c6ad 3c293db5cde04891846b88f55493f8ae befdd5c5fab245fa8d3b9abd381156fd - - default default] Unable to schedule network b292bbde-52ab-4719-bc5e-8a35fa233da7: no agents available; will retry on subsequent port and subnet creation events.
2026-07-01 11:54:07.089 8 INFO neutron.plugins.ml2.drivers.ovn.mech_driver.mech_driver [None req-96792efd-e3f1-429f-8d96-e8da4da9bd1f - - - - - -] OVN reports status down for port: 313c3484-e70a-4a45-a849-3822caad17a6 [pid: 7|app: 0|req: 1082/2191] 10.0.0.111 () {32 vars in 723 bytes} [Wed Jul 1 11:54:06 2026] GET /v2.0/networks/793c7bea-02c0-4822-b21c-4fe9150781aa => generated 692 bytes in 168 msecs (HTTP/1.1 200) 4 headers in 157 bytes (1 switches on core 0)
2026-07-01 11:54:07.139 8 INFO neutron.db.ovn_revision_numbers_db [None req-cf00e76c-9cbe-40ec-9d9c-bcfc3689c6ad 3c293db5cde04891846b88f55493f8ae befdd5c5fab245fa8d3b9abd381156fd - - default default] Successfully bumped revision number for resource 313c3484-e70a-4a45-a849-3822caad17a6 (type: ports) to 1 [pid: 8|app: 0|req: 1110/2192] 10.0.0.111 () {34 vars in 670 bytes} [Wed Jul 1 11:54:06 2026] POST /v2.0/networks => generated 670 bytes in 547 msecs (HTTP/1.1 201) 4 headers in 162 bytes (1 switches on core 0)
2026-07-01 11:54:07.435 7 WARNING neutron.scheduler.dhcp_agent_scheduler [None req-48a958c8-da68-4f55-af50-1e6d44ee0fe1 3c293db5cde04891846b88f55493f8ae befdd5c5fab245fa8d3b9abd381156fd - - default default] No more DHCP agents
2026-07-01 11:54:07.438 7 WARNING neutron.api.rpc.agentnotifiers.dhcp_rpc_agent_api [None req-48a958c8-da68-4f55-af50-1e6d44ee0fe1 3c293db5cde04891846b88f55493f8ae befdd5c5fab245fa8d3b9abd381156fd - - default default] Unable to schedule network b292bbde-52ab-4719-bc5e-8a35fa233da7: no agents available; will retry on subsequent port and subnet creation events.
2026-07-01 11:54:07.505 8 INFO neutron.plugins.ml2.drivers.ovn.mech_driver.mech_driver [None req-96792efd-e3f1-429f-8d96-e8da4da9bd1f - - - - - -] OVN reports status down for port: c87d411a-3eb9-4eb5-8337-01ade82fa56d
2026-07-01 11:54:07.535 7 INFO neutron.db.ovn_revision_numbers_db [None req-48a958c8-da68-4f55-af50-1e6d44ee0fe1 3c293db5cde04891846b88f55493f8ae befdd5c5fab245fa8d3b9abd381156fd - - default default] Successfully bumped revision number for resource c87d411a-3eb9-4eb5-8337-01ade82fa56d (type: ports) to 1 [pid: 7|app: 0|req: 1083/2193] 10.0.0.111 () {34 vars in 664 bytes} [Wed Jul 1 11:54:07 2026] POST /v2.0/ports => generated 743 bytes in 424 msecs (HTTP/1.1 201) 4 headers in 162 bytes (1 switches on core 0) /var/lib/openstack/lib/python3.12/site-packages/pycadf/identifier.py:70: UserWarning: Invalid uuid: neutron. To ensure interoperability, identifiers should be a valid uuid. warnings.warn(('Invalid uuid: %s. To ensure interoperability, '
2026-07-01 11:54:07.628 8 INFO neutron.pecan_wsgi.hooks.translation [None req-819ccbb7-4c7e-4a24-b19c-353fc5c4b6cc 0387e62b163b4de2ad4a6a0dffca18ab f2863f939f73477cac0cda38d6b2e0c3 - - default default] GET failed (client error): The resource could not be found. [pid: 8|app: 0|req: 1111/2194] 10.0.0.111 () {32 vars in 723 bytes} [Wed Jul 1 11:54:07 2026] GET /v2.0/networks/793c7bea-02c0-4822-b21c-4fe9150781aa => generated 138 bytes in 133 msecs (HTTP/1.1 404) 4 headers in 164 bytes (1 switches on core 0)
2026-07-01 11:54:07.705 7 INFO neutron.db.segments_db [None req-f51475fd-f902-457e-abe4-e193da9c758d 3c293db5cde04891846b88f55493f8ae befdd5c5fab245fa8d3b9abd381156fd - - default default] Added segment e69b2031-9dcf-4e0b-9f01-d979e4cd17f9 of type geneve for network ebfd39db-3378-432b-be34-3edc9a97f71f
2026-07-01 11:54:07.797 8 INFO neutron_taas.services.taas.taas_plugin [None req-572ccf2d-1829-4d0c-8dba-b3fd9771b539 f0d8b70f0c1d48babe3b1f1715f3e51c 99f35a9fa1e443a198c569711f0e7f1f - - default default] TaaS: Handle Delete Port: c1d047b2-f643-4887-882d-a63455aebce7
2026-07-01 11:54:07.800 8 INFO neutron_taas.services.taas.tap_mirror_plugin [None req-572ccf2d-1829-4d0c-8dba-b3fd9771b539 f0d8b70f0c1d48babe3b1f1715f3e51c 99f35a9fa1e443a198c569711f0e7f1f - - default default] Tap Mirror: Handle Delete Port: c1d047b2-f643-4887-882d-a63455aebce7
2026-07-01 11:54:07.800 7 INFO neutron.db.ovn_revision_numbers_db [None req-f51475fd-f902-457e-abe4-e193da9c758d 3c293db5cde04891846b88f55493f8ae befdd5c5fab245fa8d3b9abd381156fd - - default default] Successfully bumped revision number for resource ebfd39db-3378-432b-be34-3edc9a97f71f (type: networks) to 1
2026-07-01 11:54:08.015 7 WARNING neutron.scheduler.dhcp_agent_scheduler [None req-f51475fd-f902-457e-abe4-e193da9c758d 3c293db5cde04891846b88f55493f8ae befdd5c5fab245fa8d3b9abd381156fd - - default default] No more DHCP agents
2026-07-01 11:54:08.017 7 WARNING neutron.api.rpc.agentnotifiers.dhcp_rpc_agent_api [None req-f51475fd-f902-457e-abe4-e193da9c758d 3c293db5cde04891846b88f55493f8ae befdd5c5fab245fa8d3b9abd381156fd - - default default] Unable to schedule network ebfd39db-3378-432b-be34-3edc9a97f71f: no agents available; will retry on subsequent port and subnet creation events.
2026-07-01 11:54:08.092 7 INFO neutron.db.ovn_revision_numbers_db [None req-f51475fd-f902-457e-abe4-e193da9c758d 3c293db5cde04891846b88f55493f8ae befdd5c5fab245fa8d3b9abd381156fd - - default default] Successfully bumped revision number for resource 35f0ee5a-bb26-43d4-9499-69f78c3becb9 (type: ports) to 1
2026-07-01 11:54:08.099 8 INFO neutron.plugins.ml2.drivers.ovn.mech_driver.mech_driver [None req-96792efd-e3f1-429f-8d96-e8da4da9bd1f - - - - - -] OVN reports status down for port: 35f0ee5a-bb26-43d4-9499-69f78c3becb9 [pid: 7|app: 0|req: 1084/2195] 10.0.0.111 () {34 vars in 670 bytes} [Wed Jul 1 11:54:07 2026] POST /v2.0/networks => generated 670 bytes in 513 msecs (HTTP/1.1 201) 4 headers in 162 bytes (1 switches on core 0)
2026-07-01 11:54:08.243 8 INFO neutron.services.segments.plugin [-] Segment 59396455-7d0a-4cb7-999a-b437d8354176 resource provider aggregate not found
2026-07-01 11:54:08.246 8 INFO neutron.services.segments.plugin [-] Segment 59396455-7d0a-4cb7-999a-b437d8354176 resource provider aggregate not found
2026-07-01 11:54:08.261 8 INFO neutron.services.segments.plugin [-] Segment 59396455-7d0a-4cb7-999a-b437d8354176 resource provider not found; error: Placement Client Error (4xx): {"errors": [{"status": 404, "title": "Not Found", "detail": "The resource could not be found.\n\n No resource provider with uuid 59396455-7d0a-4cb7-999a-b437d8354176 found for delete ", "request_id": "req-76b1949d-7d8f-4f6e-a105-940414f8d558"}]}
2026-07-01 11:54:08.262 8 INFO neutron.services.segments.plugin [-] Segment 59396455-7d0a-4cb7-999a-b437d8354176 resource provider not found; error: Placement Client Error (4xx): {"errors": [{"status": 404, "title": "Not Found", "detail": "The resource could not be found.\n\n No resource provider with uuid 59396455-7d0a-4cb7-999a-b437d8354176 found for delete ", "request_id": "req-e70ec278-0c9e-4d14-aac1-80542c4fdd10"}]} [pid: 8|app: 0|req: 1112/2196] 10.0.0.111 () {32 vars in 726 bytes} [Wed Jul 1 11:54:07 2026] DELETE /v2.0/networks/793c7bea-02c0-4822-b21c-4fe9150781aa => generated 0 bytes in 659 msecs (HTTP/1.1 204) 3 headers in 131 bytes (1 switches on core 0)
2026-07-01 11:54:08.310 8 INFO neutron.pecan_wsgi.hooks.translation [None req-a053a0e3-909f-4bfb-850b-784f75c93ebe f0d8b70f0c1d48babe3b1f1715f3e51c 99f35a9fa1e443a198c569711f0e7f1f - - default default] DELETE failed (client error): The resource could not be found. [pid: 8|app: 0|req: 1113/2197] 10.0.0.111 () {32 vars in 724 bytes} [Wed Jul 1 11:54:08 2026] DELETE /v2.0/subnets/5425bbdf-fc34-40d2-98dc-3213f502d05b => generated 136 bytes in 16 msecs (HTTP/1.1 404) 4 headers in 164 bytes (1 switches on core 0)
2026-07-01 11:54:08.339 8 INFO neutron.pecan_wsgi.hooks.translation [None req-4d1bb573-9059-44b2-9bb1-02ac9be8242e f0d8b70f0c1d48babe3b1f1715f3e51c 99f35a9fa1e443a198c569711f0e7f1f - - default default] DELETE failed (client error): The resource could not be found. [pid: 8|app: 0|req: 1114/2198] 10.0.0.111 () {32 vars in 724 bytes} [Wed Jul 1 11:54:08 2026] DELETE /v2.0/subnets/0732f54e-14cc-4e8d-b075-88c4f0dce167 => generated 136 bytes in 26 msecs (HTTP/1.1 404) 4 headers in 164 bytes (1 switches on core 0)
2026-07-01 11:54:08.359 8 INFO neutron.pecan_wsgi.hooks.translation [None req-20378b54-8b69-4dc2-8faa-2daeefb428bc f0d8b70f0c1d48babe3b1f1715f3e51c 99f35a9fa1e443a198c569711f0e7f1f - - default default] DELETE failed (client error): The resource could not be found. [pid: 8|app: 0|req: 1115/2199] 10.0.0.111 () {32 vars in 724 bytes} [Wed Jul 1 11:54:08 2026] DELETE /v2.0/subnets/9678c9c2-c8a3-40fb-92ad-0b2998b6834f => generated 136 bytes in 13 msecs (HTTP/1.1 404) 4 headers in 164 bytes (1 switches on core 0)
2026-07-01 11:54:08.376 7 WARNING neutron.scheduler.dhcp_agent_scheduler [None req-654c8222-0e7c-46fe-9e47-da129787f925 3c293db5cde04891846b88f55493f8ae befdd5c5fab245fa8d3b9abd381156fd - - default default] No more DHCP agents
2026-07-01 11:54:08.377 7 WARNING neutron.api.rpc.agentnotifiers.dhcp_rpc_agent_api [None req-654c8222-0e7c-46fe-9e47-da129787f925 3c293db5cde04891846b88f55493f8ae befdd5c5fab245fa8d3b9abd381156fd - - default default] Unable to schedule network ebfd39db-3378-432b-be34-3edc9a97f71f: no agents available; will retry on subsequent port and subnet creation events.
2026-07-01 11:54:08.432 8 INFO neutron.plugins.ml2.drivers.ovn.mech_driver.mech_driver [None req-96792efd-e3f1-429f-8d96-e8da4da9bd1f - - - - - -] OVN reports status down for port: dfad795d-a947-4ffd-a90d-25f56e397222
2026-07-01 11:54:08.445 7 INFO neutron.db.ovn_revision_numbers_db [None req-654c8222-0e7c-46fe-9e47-da129787f925 3c293db5cde04891846b88f55493f8ae befdd5c5fab245fa8d3b9abd381156fd - - default default] Successfully bumped revision number for resource dfad795d-a947-4ffd-a90d-25f56e397222 (type: ports) to 1 [pid: 7|app: 0|req: 1085/2200] 10.0.0.111 () {34 vars in 664 bytes} [Wed Jul 1 11:54:08 2026] POST /v2.0/ports => generated 743 bytes in 376 msecs (HTTP/1.1 201) 4 headers in 162 bytes (1 switches on core 0) /var/lib/openstack/lib/python3.12/site-packages/pycadf/identifier.py:70: UserWarning: Invalid uuid: neutron. To ensure interoperability, identifiers should be a valid uuid. warnings.warn(('Invalid uuid: %s. To ensure interoperability, '
2026-07-01 11:54:08.613 7 INFO neutron.db.segments_db [None req-46565ddb-2858-4712-a247-c363d8c8bb80 3c293db5cde04891846b88f55493f8ae befdd5c5fab245fa8d3b9abd381156fd - - default default] Added segment 44ce447b-ec38-496b-9a9b-747c139b5632 of type geneve for network 85937121-b47b-4251-b310-bf3b7fd7c721
2026-07-01 11:54:08.746 7 INFO neutron.db.ovn_revision_numbers_db [None req-46565ddb-2858-4712-a247-c363d8c8bb80 3c293db5cde04891846b88f55493f8ae befdd5c5fab245fa8d3b9abd381156fd - - default default] Successfully bumped revision number for resource 85937121-b47b-4251-b310-bf3b7fd7c721 (type: networks) to 1
2026-07-01 11:54:08.847 8 INFO neutron.db.ovn_revision_numbers_db [None req-1c288c83-ddaf-4b7b-862e-27acd73e7c94 8d82c1dd24ac425b8c4eba94a615fe30 1a7be50d1f9e4ab1ae42f613a3b2b4cd - - default default] Successfully bumped revision number for resource 374ee840-88d5-41e2-8fab-940ca0f6050f (type: security_groups) to 1
2026-07-01 11:54:08.859 8 INFO neutron.db.ovn_revision_numbers_db [None req-1c288c83-ddaf-4b7b-862e-27acd73e7c94 8d82c1dd24ac425b8c4eba94a615fe30 1a7be50d1f9e4ab1ae42f613a3b2b4cd - - default default] Successfully bumped revision number for resource 000fd43d-9647-42f2-83f0-085635843ecd (type: security_group_rules) to 0
2026-07-01 11:54:08.871 8 INFO neutron.db.ovn_revision_numbers_db [None req-1c288c83-ddaf-4b7b-862e-27acd73e7c94 8d82c1dd24ac425b8c4eba94a615fe30 1a7be50d1f9e4ab1ae42f613a3b2b4cd - - default default] Successfully bumped revision number for resource 58bf0a15-5276-469f-9d79-b1941ae26bb4 (type: security_group_rules) to 0
2026-07-01 11:54:08.881 8 INFO neutron.db.ovn_revision_numbers_db [None req-1c288c83-ddaf-4b7b-862e-27acd73e7c94 8d82c1dd24ac425b8c4eba94a615fe30 1a7be50d1f9e4ab1ae42f613a3b2b4cd - - default default] Successfully bumped revision number for resource 6c6240ef-fff2-4d8b-9f4f-4eb3840bac9f (type: security_group_rules) to 0
2026-07-01 11:54:08.890 8 INFO neutron.db.ovn_revision_numbers_db [None req-1c288c83-ddaf-4b7b-862e-27acd73e7c94 8d82c1dd24ac425b8c4eba94a615fe30 1a7be50d1f9e4ab1ae42f613a3b2b4cd - - default default] Successfully bumped revision number for resource 8d57bbb6-1515-4fbd-84a8-34b8501e330e (type: security_group_rules) to 0
2026-07-01 11:54:08.911 7 WARNING neutron.scheduler.dhcp_agent_scheduler [None req-46565ddb-2858-4712-a247-c363d8c8bb80 3c293db5cde04891846b88f55493f8ae befdd5c5fab245fa8d3b9abd381156fd - - default default] No more DHCP agents
2026-07-01 11:54:08.913 7 WARNING neutron.api.rpc.agentnotifiers.dhcp_rpc_agent_api [None req-46565ddb-2858-4712-a247-c363d8c8bb80 3c293db5cde04891846b88f55493f8ae befdd5c5fab245fa8d3b9abd381156fd - - default default] Unable to schedule network 85937121-b47b-4251-b310-bf3b7fd7c721: no agents available; will retry on subsequent port and subnet creation events. [pid: 8|app: 0|req: 1116/2201] 10.0.0.111 () {32 vars in 774 bytes} [Wed Jul 1 11:54:08 2026] GET /v2.0/security-groups?tenant_id=2889a64342d147d8941e77d2ff8985c5&name=default => generated 2925 bytes in 464 msecs (HTTP/1.1 200) 4 headers in 158 bytes (1 switches on core 0)
2026-07-01 11:54:08.968 7 INFO neutron.plugins.ml2.drivers.ovn.mech_driver.mech_driver [None req-af672314-05a2-45d9-b4e6-fa13b9ec3d91 - - - - - -] OVN reports status down for port: b723b9ae-ca64-4ff7-86e0-a5d27ea8d93f
2026-07-01 11:54:09.014 7 INFO neutron.db.ovn_revision_numbers_db [None req-46565ddb-2858-4712-a247-c363d8c8bb80 3c293db5cde04891846b88f55493f8ae befdd5c5fab245fa8d3b9abd381156fd - - default default] Successfully bumped revision number for resource b723b9ae-ca64-4ff7-86e0-a5d27ea8d93f (type: ports) to 1 [pid: 7|app: 0|req: 1086/2202] 10.0.0.111 () {34 vars in 670 bytes} [Wed Jul 1 11:54:08 2026] POST /v2.0/networks => generated 669 bytes in 543 msecs (HTTP/1.1 201) 4 headers in 162 bytes (1 switches on core 0) [pid: 8|app: 0|req: 1117/2203] 10.0.0.111 () {32 vars in 740 bytes} [Wed Jul 1 11:54:08 2026] DELETE /v2.0/security-groups/374ee840-88d5-41e2-8fab-940ca0f6050f => generated 0 bytes in 282 msecs (HTTP/1.1 204) 2 headers in 112 bytes (1 switches on core 0)
2026-07-01 11:54:09.293 7 WARNING neutron.scheduler.dhcp_agent_scheduler [None req-0a13bcf9-93f0-4b6b-b3b3-8f0be34627d7 3c293db5cde04891846b88f55493f8ae befdd5c5fab245fa8d3b9abd381156fd - - default default] No more DHCP agents
2026-07-01 11:54:09.294 7 WARNING neutron.api.rpc.agentnotifiers.dhcp_rpc_agent_api [None req-0a13bcf9-93f0-4b6b-b3b3-8f0be34627d7 3c293db5cde04891846b88f55493f8ae befdd5c5fab245fa8d3b9abd381156fd - - default default] Unable to schedule network 85937121-b47b-4251-b310-bf3b7fd7c721: no agents available; will retry on subsequent port and subnet creation events.
2026-07-01 11:54:09.354 8 INFO neutron.plugins.ml2.drivers.ovn.mech_driver.mech_driver [None req-96792efd-e3f1-429f-8d96-e8da4da9bd1f - - - - - -] OVN reports status down for port: 92f3d465-4ad8-4bae-9d2c-67f56e1b6f53
2026-07-01 11:54:09.373 7 INFO neutron.db.ovn_revision_numbers_db [None req-0a13bcf9-93f0-4b6b-b3b3-8f0be34627d7 3c293db5cde04891846b88f55493f8ae befdd5c5fab245fa8d3b9abd381156fd - - default default] Successfully bumped revision number for resource 92f3d465-4ad8-4bae-9d2c-67f56e1b6f53 (type: ports) to 1 [pid: 7|app: 0|req: 1087/2204] 10.0.0.111 () {34 vars in 664 bytes} [Wed Jul 1 11:54:09 2026] POST /v2.0/ports => generated 743 bytes in 382 msecs (HTTP/1.1 201) 4 headers in 162 bytes (1 switches on core 0) /var/lib/openstack/lib/python3.12/site-packages/pycadf/identifier.py:70: UserWarning: Invalid uuid: neutron. To ensure interoperability, identifiers should be a valid uuid. warnings.warn(('Invalid uuid: %s. To ensure interoperability, ' [pid: 8|app: 0|req: 1118/2205] 10.0.0.111 () {32 vars in 774 bytes} [Wed Jul 1 11:54:09 2026] GET /v2.0/security-groups?tenant_id=99f35a9fa1e443a198c569711f0e7f1f&name=default => generated 2925 bytes in 264 msecs (HTTP/1.1 200) 4 headers in 158 bytes (1 switches on core 0)
2026-07-01 11:54:09.556 7 INFO neutron.db.ovn_revision_numbers_db [None req-833c53bc-a142-4dfa-9c63-39c4b0c18ef0 8d82c1dd24ac425b8c4eba94a615fe30 1a7be50d1f9e4ab1ae42f613a3b2b4cd - - default default] Successfully bumped revision number for resource 458e2f75-4121-4700-b131-7640cc16a6f8 (type: security_groups) to 1
2026-07-01 11:54:09.565 7 INFO neutron.db.ovn_revision_numbers_db [None req-833c53bc-a142-4dfa-9c63-39c4b0c18ef0 8d82c1dd24ac425b8c4eba94a615fe30 1a7be50d1f9e4ab1ae42f613a3b2b4cd - - default default] Successfully bumped revision number for resource 0aad0ec4-5cd5-4603-8195-7c0f361992e4 (type: security_group_rules) to 0
2026-07-01 11:54:09.575 7 INFO neutron.db.ovn_revision_numbers_db [None req-833c53bc-a142-4dfa-9c63-39c4b0c18ef0 8d82c1dd24ac425b8c4eba94a615fe30 1a7be50d1f9e4ab1ae42f613a3b2b4cd - - default default] Successfully bumped revision number for resource 21b5c177-c92d-4e18-8ff8-55b23ff009bf (type: security_group_rules) to 0
2026-07-01 11:54:09.588 7 INFO neutron.db.ovn_revision_numbers_db [None req-833c53bc-a142-4dfa-9c63-39c4b0c18ef0 8d82c1dd24ac425b8c4eba94a615fe30 1a7be50d1f9e4ab1ae42f613a3b2b4cd - - default default] Successfully bumped revision number for resource a8f8ff62-2fe0-47cc-ae4d-f2a8501d46c4 (type: security_group_rules) to 0
2026-07-01 11:54:09.592 8 INFO neutron.db.segments_db [None req-9748a122-3c74-4d53-9e75-65b8ddf5854c 3c293db5cde04891846b88f55493f8ae befdd5c5fab245fa8d3b9abd381156fd - - default default] Added segment 4a4a3df2-bd7e-433b-8abc-4f81154571f3 of type geneve for network 6683aee3-2d95-4e79-8bd4-01f30c589257
2026-07-01 11:54:09.599 7 INFO neutron.db.ovn_revision_numbers_db [None req-833c53bc-a142-4dfa-9c63-39c4b0c18ef0 8d82c1dd24ac425b8c4eba94a615fe30 1a7be50d1f9e4ab1ae42f613a3b2b4cd - - default default] Successfully bumped revision number for resource ac76694f-e03c-44a0-a135-3cd6cd531c73 (type: security_group_rules) to 0 [pid: 7|app: 0|req: 1088/2206] 10.0.0.111 () {32 vars in 774 bytes} [Wed Jul 1 11:54:09 2026] GET /v2.0/security-groups?tenant_id=5e058b61179b4f0cba895c8959a177de&name=default => generated 2925 bytes in 196 msecs (HTTP/1.1 200) 4 headers in 158 bytes (1 switches on core 0)
2026-07-01 11:54:09.703 8 INFO neutron.db.ovn_revision_numbers_db [None req-9748a122-3c74-4d53-9e75-65b8ddf5854c 3c293db5cde04891846b88f55493f8ae befdd5c5fab245fa8d3b9abd381156fd - - default default] Successfully bumped revision number for resource 6683aee3-2d95-4e79-8bd4-01f30c589257 (type: networks) to 1 [pid: 7|app: 0|req: 1089/2207] 10.0.0.111 () {32 vars in 740 bytes} [Wed Jul 1 11:54:09 2026] DELETE /v2.0/security-groups/3508d1a3-2dc6-4fd5-8fa8-d23b17db7de4 => generated 0 bytes in 210 msecs (HTTP/1.1 204) 2 headers in 112 bytes (1 switches on core 0)
2026-07-01 11:54:09.864 8 WARNING neutron.scheduler.dhcp_agent_scheduler [None req-9748a122-3c74-4d53-9e75-65b8ddf5854c 3c293db5cde04891846b88f55493f8ae befdd5c5fab245fa8d3b9abd381156fd - - default default] No more DHCP agents
2026-07-01 11:54:09.866 8 WARNING neutron.api.rpc.agentnotifiers.dhcp_rpc_agent_api [None req-9748a122-3c74-4d53-9e75-65b8ddf5854c 3c293db5cde04891846b88f55493f8ae befdd5c5fab245fa8d3b9abd381156fd - - default default] Unable to schedule network 6683aee3-2d95-4e79-8bd4-01f30c589257: no agents available; will retry on subsequent port and subnet creation events.
2026-07-01 11:54:09.918 8 INFO neutron.plugins.ml2.drivers.ovn.mech_driver.mech_driver [None req-96792efd-e3f1-429f-8d96-e8da4da9bd1f - - - - - -] OVN reports status down for port: ae6147f1-6160-4cf3-9e06-8883940de2c8
2026-07-01 11:54:09.976 8 INFO neutron.db.ovn_revision_numbers_db [None req-9748a122-3c74-4d53-9e75-65b8ddf5854c 3c293db5cde04891846b88f55493f8ae befdd5c5fab245fa8d3b9abd381156fd - - default default] Successfully bumped revision number for resource ae6147f1-6160-4cf3-9e06-8883940de2c8 (type: ports) to 1 [pid: 8|app: 0|req: 1119/2208] 10.0.0.111 () {34 vars in 670 bytes} [Wed Jul 1 11:54:09 2026] POST /v2.0/networks => generated 669 bytes in 547 msecs (HTTP/1.1 201) 4 headers in 162 bytes (1 switches on core 0) [pid: 7|app: 0|req: 1090/2209] 10.0.0.111 () {32 vars in 740 bytes} [Wed Jul 1 11:54:09 2026] DELETE /v2.0/security-groups/458e2f75-4121-4700-b131-7640cc16a6f8 => generated 0 bytes in 240 msecs (HTTP/1.1 204) 2 headers in 112 bytes (1 switches on core 0)
2026-07-01 11:54:10.182 8 INFO neutron.db.ovn_revision_numbers_db [None req-c83edda3-841f-46be-b39c-12383cc2ae72 8d82c1dd24ac425b8c4eba94a615fe30 1a7be50d1f9e4ab1ae42f613a3b2b4cd - - default default] Successfully bumped revision number for resource 01d0192e-85f7-46b5-8e86-eb4cb3fc8e05 (type: security_groups) to 1
2026-07-01 11:54:10.195 8 INFO neutron.db.ovn_revision_numbers_db [None req-c83edda3-841f-46be-b39c-12383cc2ae72 8d82c1dd24ac425b8c4eba94a615fe30 1a7be50d1f9e4ab1ae42f613a3b2b4cd - - default default] Successfully bumped revision number for resource 679a5859-1e21-432d-bd73-2c03f7a6f7a4 (type: security_group_rules) to 0
2026-07-01 11:54:10.211 8 INFO neutron.db.ovn_revision_numbers_db [None req-c83edda3-841f-46be-b39c-12383cc2ae72 8d82c1dd24ac425b8c4eba94a615fe30 1a7be50d1f9e4ab1ae42f613a3b2b4cd - - default default] Successfully bumped revision number for resource 9fe809af-d51f-40bd-b37d-c63f80d0846a (type: security_group_rules) to 0
2026-07-01 11:54:10.223 8 INFO neutron.db.ovn_revision_numbers_db [None req-c83edda3-841f-46be-b39c-12383cc2ae72 8d82c1dd24ac425b8c4eba94a615fe30 1a7be50d1f9e4ab1ae42f613a3b2b4cd - - default default] Successfully bumped revision number for resource c2bf2cbb-6cc1-4775-a555-bb2798d28da3 (type: security_group_rules) to 0
2026-07-01 11:54:10.233 8 INFO neutron.db.ovn_revision_numbers_db [None req-c83edda3-841f-46be-b39c-12383cc2ae72 8d82c1dd24ac425b8c4eba94a615fe30 1a7be50d1f9e4ab1ae42f613a3b2b4cd - - default default] Successfully bumped revision number for resource f668fa63-901d-444d-87b6-a93219cbb229 (type: security_group_rules) to 0 [pid: 8|app: 0|req: 1120/2210] 10.0.0.111 () {32 vars in 774 bytes} [Wed Jul 1 11:54:10 2026] GET /v2.0/security-groups?tenant_id=f2863f939f73477cac0cda38d6b2e0c3&name=default => generated 2925 bytes in 238 msecs (HTTP/1.1 200) 4 headers in 158 bytes (1 switches on core 0)
2026-07-01 11:54:10.276 7 WARNING neutron.scheduler.dhcp_agent_scheduler [None req-98d9317b-ed78-4993-ae9e-7235cb3484b4 3c293db5cde04891846b88f55493f8ae befdd5c5fab245fa8d3b9abd381156fd - - default default] No more DHCP agents
2026-07-01 11:54:10.277 7 WARNING neutron.api.rpc.agentnotifiers.dhcp_rpc_agent_api [None req-98d9317b-ed78-4993-ae9e-7235cb3484b4 3c293db5cde04891846b88f55493f8ae befdd5c5fab245fa8d3b9abd381156fd - - default default] Unable to schedule network 6683aee3-2d95-4e79-8bd4-01f30c589257: no agents available; will retry on subsequent port and subnet creation events.
2026-07-01 11:54:10.353 7 INFO neutron.db.ovn_revision_numbers_db [None req-98d9317b-ed78-4993-ae9e-7235cb3484b4 3c293db5cde04891846b88f55493f8ae befdd5c5fab245fa8d3b9abd381156fd - - default default] Successfully bumped revision number for resource 572a01da-b80c-4147-ad2a-20dbdc9ea7c6 (type: ports) to 1
2026-07-01 11:54:10.354 8 INFO neutron.plugins.ml2.drivers.ovn.mech_driver.mech_driver [None req-96792efd-e3f1-429f-8d96-e8da4da9bd1f - - - - - -] OVN reports status down for port: 572a01da-b80c-4147-ad2a-20dbdc9ea7c6 [pid: 7|app: 0|req: 1091/2211] 10.0.0.111 () {34 vars in 664 bytes} [Wed Jul 1 11:54:10 2026] POST /v2.0/ports => generated 743 bytes in 328 msecs (HTTP/1.1 201) 4 headers in 162 bytes (1 switches on core 0) /var/lib/openstack/lib/python3.12/site-packages/pycadf/identifier.py:70: UserWarning: Invalid uuid: neutron. To ensure interoperability, identifiers should be a valid uuid. warnings.warn(('Invalid uuid: %s. To ensure interoperability, ' [pid: 7|app: 0|req: 1092/2212] 10.0.0.111 () {34 vars in 747 bytes} [Wed Jul 1 11:54:10 2026] PUT /v2.0/ports/33cc9d5e-289b-4639-b7bd-067550fd420b/tags => generated 17 bytes in 70 msecs (HTTP/1.1 200) 4 headers in 156 bytes (1 switches on core 0) /var/lib/openstack/lib/python3.12/site-packages/pycadf/identifier.py:70: UserWarning: Invalid uuid: neutron. To ensure interoperability, identifiers should be a valid uuid. warnings.warn(('Invalid uuid: %s. To ensure interoperability, ' [pid: 7|app: 0|req: 1093/2213] 10.0.0.111 () {34 vars in 747 bytes} [Wed Jul 1 11:54:10 2026] PUT /v2.0/ports/c87d411a-3eb9-4eb5-8337-01ade82fa56d/tags => generated 25 bytes in 91 msecs (HTTP/1.1 200) 4 headers in 156 bytes (1 switches on core 0) /var/lib/openstack/lib/python3.12/site-packages/pycadf/identifier.py:70: UserWarning: Invalid uuid: neutron. To ensure interoperability, identifiers should be a valid uuid. warnings.warn(('Invalid uuid: %s. To ensure interoperability, ' [pid: 8|app: 0|req: 1121/2214] 10.0.0.111 () {32 vars in 740 bytes} [Wed Jul 1 11:54:10 2026] DELETE /v2.0/security-groups/01d0192e-85f7-46b5-8e86-eb4cb3fc8e05 => generated 0 bytes in 326 msecs (HTTP/1.1 204) 2 headers in 112 bytes (1 switches on core 0) [pid: 7|app: 0|req: 1094/2215] 10.0.0.111 () {34 vars in 747 bytes} [Wed Jul 1 11:54:10 2026] PUT /v2.0/ports/dfad795d-a947-4ffd-a90d-25f56e397222/tags => generated 34 bytes in 64 msecs (HTTP/1.1 200) 4 headers in 156 bytes (1 switches on core 0) /var/lib/openstack/lib/python3.12/site-packages/pycadf/identifier.py:70: UserWarning: Invalid uuid: neutron. To ensure interoperability, identifiers should be a valid uuid. warnings.warn(('Invalid uuid: %s. To ensure interoperability, ' [pid: 8|app: 0|req: 1122/2216] 10.0.0.111 () {34 vars in 747 bytes} [Wed Jul 1 11:54:10 2026] PUT /v2.0/ports/92f3d465-4ad8-4bae-9d2c-67f56e1b6f53/tags => generated 19 bytes in 66 msecs (HTTP/1.1 200) 4 headers in 156 bytes (1 switches on core 0) /var/lib/openstack/lib/python3.12/site-packages/pycadf/identifier.py:70: UserWarning: Invalid uuid: neutron. To ensure interoperability, identifiers should be a valid uuid. warnings.warn(('Invalid uuid: %s. To ensure interoperability, '
2026-07-01 11:54:10.837 7 INFO neutron.db.ovn_revision_numbers_db [None req-813418a7-1e50-467b-b1c2-907d91ef375c 8d82c1dd24ac425b8c4eba94a615fe30 1a7be50d1f9e4ab1ae42f613a3b2b4cd - - default default] Successfully bumped revision number for resource 87be2963-d935-4c2f-86dc-6924e972b8fa (type: security_groups) to 1
2026-07-01 11:54:10.849 7 INFO neutron.db.ovn_revision_numbers_db [None req-813418a7-1e50-467b-b1c2-907d91ef375c 8d82c1dd24ac425b8c4eba94a615fe30 1a7be50d1f9e4ab1ae42f613a3b2b4cd - - default default] Successfully bumped revision number for resource 1e1e832d-41fa-49c3-ae7b-354282707870 (type: security_group_rules) to 0
2026-07-01 11:54:10.861 7 INFO neutron.db.ovn_revision_numbers_db [None req-813418a7-1e50-467b-b1c2-907d91ef375c 8d82c1dd24ac425b8c4eba94a615fe30 1a7be50d1f9e4ab1ae42f613a3b2b4cd - - default default] Successfully bumped revision number for resource 326c693e-5708-4342-9ce6-5f27200fd02b (type: security_group_rules) to 0
2026-07-01 11:54:10.871 7 INFO neutron.db.ovn_revision_numbers_db [None req-813418a7-1e50-467b-b1c2-907d91ef375c 8d82c1dd24ac425b8c4eba94a615fe30 1a7be50d1f9e4ab1ae42f613a3b2b4cd - - default default] Successfully bumped revision number for resource c6f9f039-40c6-49f0-aef8-a9162cfd2507 (type: security_group_rules) to 0
2026-07-01 11:54:10.882 7 INFO neutron.db.ovn_revision_numbers_db [None req-813418a7-1e50-467b-b1c2-907d91ef375c 8d82c1dd24ac425b8c4eba94a615fe30 1a7be50d1f9e4ab1ae42f613a3b2b4cd - - default default] Successfully bumped revision number for resource e184681d-033e-4f39-b951-d49d1dbed525 (type: security_group_rules) to 0 [pid: 8|app: 0|req: 1123/2217] 10.0.0.111 () {32 vars in 660 bytes} [Wed Jul 1 11:54:10 2026] GET /v2.0/ports?tags=red => generated 2253 bytes in 187 msecs (HTTP/1.1 200) 4 headers in 158 bytes (1 switches on core 0) [pid: 7|app: 0|req: 1095/2218] 10.0.0.111 () {32 vars in 774 bytes} [Wed Jul 1 11:54:10 2026] GET /v2.0/security-groups?tenant_id=3a0ef264c6fe47429e646d64ef7514ca&name=default => generated 2925 bytes in 215 msecs (HTTP/1.1 200) 4 headers in 158 bytes (1 switches on core 0) [pid: 8|app: 0|req: 1124/2219] 10.0.0.111 () {32 vars in 674 bytes} [Wed Jul 1 11:54:10 2026] GET /v2.0/ports?tags=red%2Cblue => generated 1513 bytes in 56 msecs (HTTP/1.1 200) 4 headers in 158 bytes (1 switches on core 0) [pid: 8|app: 0|req: 1125/2220] 10.0.0.111 () {32 vars in 670 bytes} [Wed Jul 1 11:54:10 2026] GET /v2.0/ports?tags-any=blue => generated 1513 bytes in 72 msecs (HTTP/1.1 200) 4 headers in 158 bytes (1 switches on core 0) [pid: 8|app: 0|req: 1126/2221] 10.0.0.111 () {32 vars in 682 bytes} [Wed Jul 1 11:54:11 2026] GET /v2.0/ports?tags-any=red%2Cblue => generated 2253 bytes in 55 msecs (HTTP/1.1 200) 4 headers in 158 bytes (1 switches on core 0) [pid: 7|app: 0|req: 1096/2222] 10.0.0.111 () {32 vars in 740 bytes} [Wed Jul 1 11:54:10 2026] DELETE /v2.0/security-groups/87be2963-d935-4c2f-86dc-6924e972b8fa => generated 0 bytes in 232 msecs (HTTP/1.1 204) 2 headers in 112 bytes (1 switches on core 0) [pid: 8|app: 0|req: 1127/2223] 10.0.0.111 () {32 vars in 668 bytes} [Wed Jul 1 11:54:11 2026] GET /v2.0/ports?not-tags=red => generated 5268 bytes in 167 msecs (HTTP/1.1 200) 4 headers in 158 bytes (1 switches on core 0) [pid: 7|app: 0|req: 1097/2224] 10.0.0.111 () {32 vars in 682 bytes} [Wed Jul 1 11:54:11 2026] GET /v2.0/ports?not-tags=red%2Cblue => generated 6008 bytes in 118 msecs (HTTP/1.1 200) 4 headers in 158 bytes (1 switches on core 0) [pid: 8|app: 0|req: 1128/2225] 10.0.0.111 () {32 vars in 678 bytes} [Wed Jul 1 11:54:11 2026] GET /v2.0/ports?not-tags-any=blue => generated 6008 bytes in 114 msecs (HTTP/1.1 200) 4 headers in 158 bytes (1 switches on core 0) [pid: 7|app: 0|req: 1098/2226] 10.0.0.111 () {32 vars in 690 bytes} [Wed Jul 1 11:54:11 2026] GET /v2.0/ports?not-tags-any=red%2Cblue => generated 5268 bytes in 152 msecs (HTTP/1.1 200) 4 headers in 158 bytes (1 switches on core 0)
2026-07-01 11:54:11.845 8 INFO neutron_taas.services.taas.taas_plugin [None req-b51600e1-40eb-41fa-989c-42f378f83115 3c293db5cde04891846b88f55493f8ae befdd5c5fab245fa8d3b9abd381156fd - - default default] TaaS: Handle Delete Port: 33cc9d5e-289b-4639-b7bd-067550fd420b
2026-07-01 11:54:11.848 8 INFO neutron_taas.services.taas.tap_mirror_plugin [None req-b51600e1-40eb-41fa-989c-42f378f83115 3c293db5cde04891846b88f55493f8ae befdd5c5fab245fa8d3b9abd381156fd - - default default] Tap Mirror: Handle Delete Port: 33cc9d5e-289b-4639-b7bd-067550fd420b [pid: 8|app: 0|req: 1129/2227] 10.0.0.111 () {32 vars in 720 bytes} [Wed Jul 1 11:54:11 2026] DELETE /v2.0/ports/33cc9d5e-289b-4639-b7bd-067550fd420b => generated 0 bytes in 295 msecs (HTTP/1.1 204) 3 headers in 131 bytes (1 switches on core 0)
2026-07-01 11:54:12.102 7 INFO neutron_taas.services.taas.taas_plugin [None req-08be7385-cd92-43b4-a85a-0eb6079d2e59 3c293db5cde04891846b88f55493f8ae befdd5c5fab245fa8d3b9abd381156fd - - default default] TaaS: Handle Delete Port: c87d411a-3eb9-4eb5-8337-01ade82fa56d
2026-07-01 11:54:12.105 7 INFO neutron_taas.services.taas.tap_mirror_plugin [None req-08be7385-cd92-43b4-a85a-0eb6079d2e59 3c293db5cde04891846b88f55493f8ae befdd5c5fab245fa8d3b9abd381156fd - - default default] Tap Mirror: Handle Delete Port: c87d411a-3eb9-4eb5-8337-01ade82fa56d [pid: 7|app: 0|req: 1099/2228] 10.0.0.111 () {32 vars in 720 bytes} [Wed Jul 1 11:54:11 2026] DELETE /v2.0/ports/c87d411a-3eb9-4eb5-8337-01ade82fa56d => generated 0 bytes in 223 msecs (HTTP/1.1 204) 3 headers in 131 bytes (1 switches on core 0)
2026-07-01 11:54:12.352 8 INFO neutron_taas.services.taas.taas_plugin [None req-4d70f379-9d73-4e2e-9ae9-2f5a8033333d 3c293db5cde04891846b88f55493f8ae befdd5c5fab245fa8d3b9abd381156fd - - default default] TaaS: Handle Delete Port: dfad795d-a947-4ffd-a90d-25f56e397222
2026-07-01 11:54:12.355 8 INFO neutron_taas.services.taas.tap_mirror_plugin [None req-4d70f379-9d73-4e2e-9ae9-2f5a8033333d 3c293db5cde04891846b88f55493f8ae befdd5c5fab245fa8d3b9abd381156fd - - default default] Tap Mirror: Handle Delete Port: dfad795d-a947-4ffd-a90d-25f56e397222 [pid: 8|app: 0|req: 1130/2229] 10.0.0.111 () {32 vars in 720 bytes} [Wed Jul 1 11:54:12 2026] DELETE /v2.0/ports/dfad795d-a947-4ffd-a90d-25f56e397222 => generated 0 bytes in 269 msecs (HTTP/1.1 204) 3 headers in 131 bytes (1 switches on core 0)
2026-07-01 11:54:12.653 7 INFO neutron_taas.services.taas.taas_plugin [None req-f919b316-b674-40a0-8c0e-1a53a6865964 3c293db5cde04891846b88f55493f8ae befdd5c5fab245fa8d3b9abd381156fd - - default default] TaaS: Handle Delete Port: 92f3d465-4ad8-4bae-9d2c-67f56e1b6f53
2026-07-01 11:54:12.660 7 INFO neutron_taas.services.taas.tap_mirror_plugin [None req-f919b316-b674-40a0-8c0e-1a53a6865964 3c293db5cde04891846b88f55493f8ae befdd5c5fab245fa8d3b9abd381156fd - - default default] Tap Mirror: Handle Delete Port: 92f3d465-4ad8-4bae-9d2c-67f56e1b6f53 [pid: 7|app: 0|req: 1100/2230] 10.0.0.111 () {32 vars in 720 bytes} [Wed Jul 1 11:54:12 2026] DELETE /v2.0/ports/92f3d465-4ad8-4bae-9d2c-67f56e1b6f53 => generated 0 bytes in 282 msecs (HTTP/1.1 204) 3 headers in 131 bytes (1 switches on core 0)
2026-07-01 11:54:12.922 8 INFO neutron_taas.services.taas.taas_plugin [None req-1a62cbb3-a972-495a-a005-c00189a1aefa 3c293db5cde04891846b88f55493f8ae befdd5c5fab245fa8d3b9abd381156fd - - default default] TaaS: Handle Delete Port: 572a01da-b80c-4147-ad2a-20dbdc9ea7c6
2026-07-01 11:54:12.925 8 INFO neutron_taas.services.taas.tap_mirror_plugin [None req-1a62cbb3-a972-495a-a005-c00189a1aefa 3c293db5cde04891846b88f55493f8ae befdd5c5fab245fa8d3b9abd381156fd - - default default] Tap Mirror: Handle Delete Port: 572a01da-b80c-4147-ad2a-20dbdc9ea7c6 [pid: 8|app: 0|req: 1131/2231] 10.0.0.111 () {32 vars in 720 bytes} [Wed Jul 1 11:54:12 2026] DELETE /v2.0/ports/572a01da-b80c-4147-ad2a-20dbdc9ea7c6 => generated 0 bytes in 280 msecs (HTTP/1.1 204) 3 headers in 131 bytes (1 switches on core 0)
2026-07-01 11:54:13.199 7 INFO neutron_taas.services.taas.taas_plugin [None req-f5a90fbf-35f8-4612-b7f5-a5d8fe933dca 3c293db5cde04891846b88f55493f8ae befdd5c5fab245fa8d3b9abd381156fd - - default default] TaaS: Handle Delete Port: a9972b77-7eab-4140-8119-8d916e78ee04
2026-07-01 11:54:13.201 7 INFO neutron_taas.services.taas.tap_mirror_plugin [None req-f5a90fbf-35f8-4612-b7f5-a5d8fe933dca 3c293db5cde04891846b88f55493f8ae befdd5c5fab245fa8d3b9abd381156fd - - default default] Tap Mirror: Handle Delete Port: a9972b77-7eab-4140-8119-8d916e78ee04
2026-07-01 11:54:13.378 7 INFO neutron.services.segments.plugin [-] Segment 47f2bea2-5fe8-49ed-9e1c-0b6eff16b5a8 resource provider aggregate not found
2026-07-01 11:54:13.378 7 INFO neutron.services.segments.plugin [-] Segment 47f2bea2-5fe8-49ed-9e1c-0b6eff16b5a8 resource provider aggregate not found
2026-07-01 11:54:13.404 7 INFO neutron.services.segments.plugin [-] Segment 47f2bea2-5fe8-49ed-9e1c-0b6eff16b5a8 resource provider not found; error: Placement Client Error (4xx): {"errors": [{"status": 404, "title": "Not Found", "detail": "The resource could not be found.\n\n No resource provider with uuid 47f2bea2-5fe8-49ed-9e1c-0b6eff16b5a8 found for delete ", "request_id": "req-96a740a4-67ef-44e6-8d3b-958fad928316"}]}
2026-07-01 11:54:13.407 7 INFO neutron.services.segments.plugin [-] Segment 47f2bea2-5fe8-49ed-9e1c-0b6eff16b5a8 resource provider not found; error: Placement Client Error (4xx): {"errors": [{"status": 404, "title": "Not Found", "detail": "The resource could not be found.\n\n No resource provider with uuid 47f2bea2-5fe8-49ed-9e1c-0b6eff16b5a8 found for delete ", "request_id": "req-0c10d244-1b12-4d3d-87b7-053b561f43bd"}]} [pid: 7|app: 0|req: 1101/2232] 10.0.0.111 () {32 vars in 726 bytes} [Wed Jul 1 11:54:13 2026] DELETE /v2.0/networks/3b6221ce-3574-40dd-a693-eefbd5818a89 => generated 0 bytes in 370 msecs (HTTP/1.1 204) 3 headers in 131 bytes (1 switches on core 0)
2026-07-01 11:54:13.554 8 INFO neutron_taas.services.taas.taas_plugin [None req-f4fa57b1-e2c8-4a36-965e-b40ec55b135f 3c293db5cde04891846b88f55493f8ae befdd5c5fab245fa8d3b9abd381156fd - - default default] TaaS: Handle Delete Port: 313c3484-e70a-4a45-a849-3822caad17a6
2026-07-01 11:54:13.556 8 INFO neutron_taas.services.taas.tap_mirror_plugin [None req-f4fa57b1-e2c8-4a36-965e-b40ec55b135f 3c293db5cde04891846b88f55493f8ae befdd5c5fab245fa8d3b9abd381156fd - - default default] Tap Mirror: Handle Delete Port: 313c3484-e70a-4a45-a849-3822caad17a6
2026-07-01 11:54:13.767 8 INFO neutron.services.segments.plugin [-] Segment fd6a1922-6c6a-4af2-879e-6e341dafde3d resource provider aggregate not found
2026-07-01 11:54:13.772 8 INFO neutron.services.segments.plugin [-] Segment fd6a1922-6c6a-4af2-879e-6e341dafde3d resource provider aggregate not found
2026-07-01 11:54:13.796 8 INFO neutron.services.segments.plugin [-] Segment fd6a1922-6c6a-4af2-879e-6e341dafde3d resource provider not found; error: Placement Client Error (4xx): {"errors": [{"status": 404, "title": "Not Found", "detail": "The resource could not be found.\n\n No resource provider with uuid fd6a1922-6c6a-4af2-879e-6e341dafde3d found for delete ", "request_id": "req-a3d4c125-7b84-4c41-8901-884ce9f114ef"}]}
2026-07-01 11:54:13.797 8 INFO neutron.services.segments.plugin [-] Segment fd6a1922-6c6a-4af2-879e-6e341dafde3d resource provider not found; error: Placement Client Error (4xx): {"errors": [{"status": 404, "title": "Not Found", "detail": "The resource could not be found.\n\n No resource provider with uuid fd6a1922-6c6a-4af2-879e-6e341dafde3d found for delete ", "request_id": "req-26fe0f13-ffa9-4fc5-868b-aad6ccfdd5c4"}]} [pid: 8|app: 0|req: 1132/2233] 10.0.0.111 () {32 vars in 726 bytes} [Wed Jul 1 11:54:13 2026] DELETE /v2.0/networks/b292bbde-52ab-4719-bc5e-8a35fa233da7 => generated 0 bytes in 397 msecs (HTTP/1.1 204) 3 headers in 131 bytes (1 switches on core 0)
2026-07-01 11:54:13.952 8 INFO neutron_taas.services.taas.taas_plugin [None req-06805b78-b356-4fda-b3e6-72009062956b 3c293db5cde04891846b88f55493f8ae befdd5c5fab245fa8d3b9abd381156fd - - default default] TaaS: Handle Delete Port: 35f0ee5a-bb26-43d4-9499-69f78c3becb9
2026-07-01 11:54:13.955 8 INFO neutron_taas.services.taas.tap_mirror_plugin [None req-06805b78-b356-4fda-b3e6-72009062956b 3c293db5cde04891846b88f55493f8ae befdd5c5fab245fa8d3b9abd381156fd - - default default] Tap Mirror: Handle Delete Port: 35f0ee5a-bb26-43d4-9499-69f78c3becb9
2026-07-01 11:54:14.107 7 INFO neutron.db.ovn_revision_numbers_db [None req-929ec9c2-e065-4edd-8d32-7ec351d1a3ba 8d82c1dd24ac425b8c4eba94a615fe30 1a7be50d1f9e4ab1ae42f613a3b2b4cd - - default default] Successfully bumped revision number for resource 0a06fef6-3f22-4e41-992c-0fdb8ffcc2b4 (type: security_groups) to 1
2026-07-01 11:54:14.122 7 INFO neutron.db.ovn_revision_numbers_db [None req-929ec9c2-e065-4edd-8d32-7ec351d1a3ba 8d82c1dd24ac425b8c4eba94a615fe30 1a7be50d1f9e4ab1ae42f613a3b2b4cd - - default default] Successfully bumped revision number for resource 05cf7d99-2c29-4d87-b79a-a4c10bf06c70 (type: security_group_rules) to 0
2026-07-01 11:54:14.146 7 INFO neutron.db.ovn_revision_numbers_db [None req-929ec9c2-e065-4edd-8d32-7ec351d1a3ba 8d82c1dd24ac425b8c4eba94a615fe30 1a7be50d1f9e4ab1ae42f613a3b2b4cd - - default default] Successfully bumped revision number for resource 501e7eb2-982d-4c11-be19-add158f255fe (type: security_group_rules) to 0
2026-07-01 11:54:14.158 7 INFO neutron.db.ovn_revision_numbers_db [None req-929ec9c2-e065-4edd-8d32-7ec351d1a3ba 8d82c1dd24ac425b8c4eba94a615fe30 1a7be50d1f9e4ab1ae42f613a3b2b4cd - - default default] Successfully bumped revision number for resource d930da0a-c1ae-4756-8510-582c4c4f54dc (type: security_group_rules) to 0
2026-07-01 11:54:14.173 7 INFO neutron.db.ovn_revision_numbers_db [None req-929ec9c2-e065-4edd-8d32-7ec351d1a3ba 8d82c1dd24ac425b8c4eba94a615fe30 1a7be50d1f9e4ab1ae42f613a3b2b4cd - - default default] Successfully bumped revision number for resource e552e063-8372-4232-9e76-62593d6c9ee7 (type: security_group_rules) to 0 [pid: 7|app: 0|req: 1102/2234] 10.0.0.111 () {32 vars in 774 bytes} [Wed Jul 1 11:54:13 2026] GET /v2.0/security-groups?tenant_id=405f368559a54b75b1e8b3fd602c9066&name=default => generated 2925 bytes in 400 msecs (HTTP/1.1 200) 4 headers in 158 bytes (1 switches on core 0) [pid: 8|app: 0|req: 1133/2235] 10.0.0.111 () {32 vars in 726 bytes} [Wed Jul 1 11:54:13 2026] DELETE /v2.0/networks/ebfd39db-3378-432b-be34-3edc9a97f71f => generated 0 bytes in 382 msecs (HTTP/1.1 204) 3 headers in 131 bytes (1 switches on core 0)
2026-07-01 11:54:14.330 8 INFO neutron_taas.services.taas.taas_plugin [None req-f7bc527b-9281-4eae-a696-1d9edcac50ee 3c293db5cde04891846b88f55493f8ae befdd5c5fab245fa8d3b9abd381156fd - - default default] TaaS: Handle Delete Port: b723b9ae-ca64-4ff7-86e0-a5d27ea8d93f
2026-07-01 11:54:14.333 8 INFO neutron_taas.services.taas.tap_mirror_plugin [None req-f7bc527b-9281-4eae-a696-1d9edcac50ee 3c293db5cde04891846b88f55493f8ae befdd5c5fab245fa8d3b9abd381156fd - - default default] Tap Mirror: Handle Delete Port: b723b9ae-ca64-4ff7-86e0-a5d27ea8d93f [pid: 7|app: 0|req: 1103/2236] 10.0.0.111 () {32 vars in 740 bytes} [Wed Jul 1 11:54:14 2026] DELETE /v2.0/security-groups/0a06fef6-3f22-4e41-992c-0fdb8ffcc2b4 => generated 0 bytes in 203 msecs (HTTP/1.1 204) 2 headers in 112 bytes (1 switches on core 0) [pid: 8|app: 0|req: 1134/2237] 10.0.0.111 () {32 vars in 726 bytes} [Wed Jul 1 11:54:14 2026] DELETE /v2.0/networks/85937121-b47b-4251-b310-bf3b7fd7c721 => generated 0 bytes in 315 msecs (HTTP/1.1 204) 3 headers in 131 bytes (1 switches on core 0)
2026-07-01 11:54:14.700 7 INFO neutron_taas.services.taas.taas_plugin [None req-32d61898-b2b2-4222-821d-5948796d006b 3c293db5cde04891846b88f55493f8ae befdd5c5fab245fa8d3b9abd381156fd - - default default] TaaS: Handle Delete Port: ae6147f1-6160-4cf3-9e06-8883940de2c8
2026-07-01 11:54:14.703 7 INFO neutron_taas.services.taas.tap_mirror_plugin [None req-32d61898-b2b2-4222-821d-5948796d006b 3c293db5cde04891846b88f55493f8ae befdd5c5fab245fa8d3b9abd381156fd - - default default] Tap Mirror: Handle Delete Port: ae6147f1-6160-4cf3-9e06-8883940de2c8 [pid: 7|app: 0|req: 1104/2238] 10.0.0.111 () {32 vars in 726 bytes} [Wed Jul 1 11:54:14 2026] DELETE /v2.0/networks/6683aee3-2d95-4e79-8bd4-01f30c589257 => generated 0 bytes in 392 msecs (HTTP/1.1 204) 3 headers in 131 bytes (1 switches on core 0)
2026-07-01 11:54:15.422 7 INFO neutron.services.segments.plugin [-] Segment 4a4a3df2-bd7e-433b-8abc-4f81154571f3 resource provider aggregate not found
2026-07-01 11:54:15.428 7 INFO neutron.services.segments.plugin [-] Segment 4a4a3df2-bd7e-433b-8abc-4f81154571f3 resource provider aggregate not found
2026-07-01 11:54:15.438 7 INFO neutron.services.segments.plugin [-] Segment 4a4a3df2-bd7e-433b-8abc-4f81154571f3 resource provider not found; error: Placement Client Error (4xx): {"errors": [{"status": 404, "title": "Not Found", "detail": "The resource could not be found.\n\n No resource provider with uuid 4a4a3df2-bd7e-433b-8abc-4f81154571f3 found for delete ", "request_id": "req-f76ecd7d-e09c-492e-b699-eed3e4ee2159"}]}
2026-07-01 11:54:15.442 7 INFO neutron.services.segments.plugin [-] Segment 4a4a3df2-bd7e-433b-8abc-4f81154571f3 resource provider not found; error: Placement Client Error (4xx): {"errors": [{"status": 404, "title": "Not Found", "detail": "The resource could not be found.\n\n No resource provider with uuid 4a4a3df2-bd7e-433b-8abc-4f81154571f3 found for delete ", "request_id": "req-091c11c0-69bc-492e-9a10-3c96ddb738aa"}]} [pid: 8|app: 0|req: 1135/2239] 10.0.0.111 () {34 vars in 676 bytes} [Wed Jul 1 11:54:15 2026] POST /v2.0/subnetpools => generated 516 bytes in 263 msecs (HTTP/1.1 201) 4 headers in 162 bytes (1 switches on core 0) [pid: 7|app: 0|req: 1105/2240] 10.0.0.111 () {34 vars in 676 bytes} [Wed Jul 1 11:54:15 2026] POST /v2.0/subnetpools => generated 516 bytes in 60 msecs (HTTP/1.1 201) 4 headers in 162 bytes (1 switches on core 0) [pid: 8|app: 0|req: 1136/2241] 10.0.0.111 () {34 vars in 676 bytes} [Wed Jul 1 11:54:15 2026] POST /v2.0/subnetpools => generated 516 bytes in 76 msecs (HTTP/1.1 201) 4 headers in 162 bytes (1 switches on core 0) [pid: 7|app: 0|req: 1106/2242] 10.0.0.111 () {34 vars in 676 bytes} [Wed Jul 1 11:54:15 2026] POST /v2.0/subnetpools => generated 516 bytes in 86 msecs (HTTP/1.1 201) 4 headers in 162 bytes (1 switches on core 0)
2026-07-01 11:54:15.814 8 INFO neutron.services.segments.plugin [-] Segment e69b2031-9dcf-4e0b-9f01-d979e4cd17f9 resource provider aggregate not found [pid: 7|app: 0|req: 1107/2243] 10.0.0.111 () {34 vars in 676 bytes} [Wed Jul 1 11:54:15 2026] POST /v2.0/subnetpools => generated 516 bytes in 67 msecs (HTTP/1.1 201) 4 headers in 162 bytes (1 switches on core 0)
2026-07-01 11:54:15.823 8 INFO neutron.services.segments.plugin [-] Segment e69b2031-9dcf-4e0b-9f01-d979e4cd17f9 resource provider aggregate not found
2026-07-01 11:54:15.831 8 INFO neutron.services.segments.plugin [-] Segment e69b2031-9dcf-4e0b-9f01-d979e4cd17f9 resource provider not found; error: Placement Client Error (4xx): {"errors": [{"status": 404, "title": "Not Found", "detail": "The resource could not be found.\n\n No resource provider with uuid e69b2031-9dcf-4e0b-9f01-d979e4cd17f9 found for delete ", "request_id": "req-afa20f0a-2cae-4061-8dc3-df106a04cfff"}]}
2026-07-01 11:54:15.844 8 INFO neutron.services.segments.plugin [-] Segment e69b2031-9dcf-4e0b-9f01-d979e4cd17f9 resource provider not found; error: Placement Client Error (4xx): {"errors": [{"status": 404, "title": "Not Found", "detail": "The resource could not be found.\n\n No resource provider with uuid e69b2031-9dcf-4e0b-9f01-d979e4cd17f9 found for delete ", "request_id": "req-aabb74b5-5dbb-4695-9e88-ed5802ce138f"}]}
2026-07-01 11:54:15.851 8 INFO neutron.services.segments.plugin [-] Segment 44ce447b-ec38-496b-9a9b-747c139b5632 resource provider aggregate not found
2026-07-01 11:54:15.854 8 INFO neutron.services.segments.plugin [-] Segment 44ce447b-ec38-496b-9a9b-747c139b5632 resource provider aggregate not found
2026-07-01 11:54:15.872 8 INFO neutron.services.segments.plugin [-] Segment 44ce447b-ec38-496b-9a9b-747c139b5632 resource provider not found; error: Placement Client Error (4xx): {"errors": [{"status": 404, "title": "Not Found", "detail": "The resource could not be found.\n\n No resource provider with uuid 44ce447b-ec38-496b-9a9b-747c139b5632 found for delete ", "request_id": "req-8dc8c575-7fd5-4e05-b8c7-17a9fa4cb282"}]} [pid: 7|app: 0|req: 1108/2244] 10.0.0.111 () {34 vars in 759 bytes} [Wed Jul 1 11:54:15 2026] PUT /v2.0/subnetpools/9b129a6b-fc56-40c5-b6af-3e309a99f001/tags => generated 17 bytes in 44 msecs (HTTP/1.1 200) 4 headers in 156 bytes (1 switches on core 0)
