Feb 27 13:56:47.568774 np0000157300 neutron-periodic-workers[104923]: DEBUG cotyledon.oslo_config_glue [-] network_log.rate_limit = 100 {{(pid=104923) log_opt_values /opt/stack/data/venv/lib/python3.12/site-packages/oslo_config/cfg.py:3006}}
Feb 27 13:56:47.568939 np0000157300 neutron-periodic-workers[104923]: DEBUG cotyledon.oslo_config_glue [-] database.asyncio_connection = **** {{(pid=104923) log_opt_values /opt/stack/data/venv/lib/python3.12/site-packages/oslo_config/cfg.py:3006}}
Feb 27 13:56:47.568939 np0000157300 neutron-periodic-workers[104923]: DEBUG cotyledon.oslo_config_glue [-] database.asyncio_slave_connection = **** {{(pid=104923) log_opt_values /opt/stack/data/venv/lib/python3.12/site-packages/oslo_config/cfg.py:3006}}
Feb 27 13:56:47.568939 np0000157300 neutron-periodic-workers[104923]: DEBUG cotyledon.oslo_config_glue [-] database.backend = sqlalchemy {{(pid=104923) log_opt_values /opt/stack/data/venv/lib/python3.12/site-packages/oslo_config/cfg.py:3006}}
Feb 27 13:56:47.569072 np0000157300 neutron-periodic-workers[104923]: DEBUG cotyledon.oslo_config_glue [-] database.connection = **** {{(pid=104923) log_opt_values /opt/stack/data/venv/lib/python3.12/site-packages/oslo_config/cfg.py:3006}}
Feb 27 13:56:47.569072 np0000157300 neutron-periodic-workers[104923]: DEBUG cotyledon.oslo_config_glue [-] database.connection_debug = 0 {{(pid=104923) log_opt_values /opt/stack/data/venv/lib/python3.12/site-packages/oslo_config/cfg.py:3006}}
Feb 27 13:56:47.569072 np0000157300 neutron-periodic-workers[104923]: DEBUG cotyledon.oslo_config_glue [-] database.connection_parameters = {{(pid=104923) log_opt_values /opt/stack/data/venv/lib/python3.12/site-packages/oslo_config/cfg.py:3006}}
Feb 27 13:56:47.569179 np0000157300 neutron-periodic-workers[104923]: DEBUG cotyledon.oslo_config_glue [-] database.connection_recycle_time = 3600 {{(pid=104923) log_opt_values /opt/stack/data/venv/lib/python3.12/site-packages/oslo_config/cfg.py:3006}}
Feb 27 13:56:47.569179 np0000157300 neutron-periodic-workers[104923]: DEBUG cotyledon.oslo_config_glue [-] database.connection_trace = False {{(pid=104923) log_opt_values /opt/stack/data/venv/lib/python3.12/site-packages/oslo_config/cfg.py:3006}}
Feb 27 13:56:47.569179 np0000157300 neutron-periodic-workers[104923]: DEBUG cotyledon.oslo_config_glue [-] database.db_inc_retry_interval = True {{(pid=104923) log_opt_values /opt/stack/data/venv/lib/python3.12/site-packages/oslo_config/cfg.py:3006}}
Feb 27 13:56:47.569307 np0000157300 neutron-periodic-workers[104923]: DEBUG cotyledon.oslo_config_glue [-] database.db_max_retries = 20 {{(pid=104923) log_opt_values /opt/stack/data/venv/lib/python3.12/site-packages/oslo_config/cfg.py:3006}}
Feb 27 13:56:47.569307 np0000157300 neutron-periodic-workers[104923]: DEBUG cotyledon.oslo_config_glue [-] database.db_max_retry_interval = 10 {{(pid=104923) log_opt_values /opt/stack/data/venv/lib/python3.12/site-packages/oslo_config/cfg.py:3006}}
Feb 27 13:56:47.569307 np0000157300 neutron-periodic-workers[104923]: DEBUG cotyledon.oslo_config_glue [-] database.db_retry_interval = 1 {{(pid=104923) log_opt_values /opt/stack/data/venv/lib/python3.12/site-packages/oslo_config/cfg.py:3006}}
Feb 27 13:56:47.569416 np0000157300 neutron-periodic-workers[104923]: DEBUG cotyledon.oslo_config_glue [-] database.max_overflow = 50 {{(pid=104923) log_opt_values /opt/stack/data/venv/lib/python3.12/site-packages/oslo_config/cfg.py:3006}}
Feb 27 13:56:47.569416 np0000157300 neutron-periodic-workers[104923]: DEBUG cotyledon.oslo_config_glue [-] database.max_pool_size = 5 {{(pid=104923) log_opt_values /opt/stack/data/venv/lib/python3.12/site-packages/oslo_config/cfg.py:3006}}
Feb 27 13:56:47.569496 np0000157300 neutron-periodic-workers[104923]: DEBUG cotyledon.oslo_config_glue [-] database.max_retries = 10 {{(pid=104923) log_opt_values /opt/stack/data/venv/lib/python3.12/site-packages/oslo_config/cfg.py:3006}}
Feb 27 13:56:47.569496 np0000157300 neutron-periodic-workers[104923]: DEBUG cotyledon.oslo_config_glue [-] database.mysql_sql_mode = TRADITIONAL {{(pid=104923) log_opt_values /opt/stack/data/venv/lib/python3.12/site-packages/oslo_config/cfg.py:3006}}
Feb 27 13:56:47.569559 np0000157300 neutron-periodic-workers[104923]: DEBUG cotyledon.oslo_config_glue [-] database.mysql_wsrep_sync_wait = None {{(pid=104923) log_opt_values /opt/stack/data/venv/lib/python3.12/site-packages/oslo_config/cfg.py:3006}}
Feb 27 13:56:47.569603 np0000157300 neutron-periodic-workers[104923]: DEBUG cotyledon.oslo_config_glue [-] database.pool_timeout = None {{(pid=104923) log_opt_values /opt/stack/data/venv/lib/python3.12/site-packages/oslo_config/cfg.py:3006}}
Feb 27 13:56:47.569655 np0000157300 neutron-periodic-workers[104923]: DEBUG cotyledon.oslo_config_glue [-] database.retry_interval = 10 {{(pid=104923) log_opt_values /opt/stack/data/venv/lib/python3.12/site-packages/oslo_config/cfg.py:3006}}
Feb 27 13:56:47.569707 np0000157300 neutron-periodic-workers[104923]: DEBUG cotyledon.oslo_config_glue [-] database.slave_connection = **** {{(pid=104923) log_opt_values /opt/stack/data/venv/lib/python3.12/site-packages/oslo_config/cfg.py:3006}}
Feb 27 13:56:47.569740 np0000157300 neutron-periodic-workers[104923]: DEBUG cotyledon.oslo_config_glue [-] database.sqlite_synchronous = True {{(pid=104923) log_opt_values /opt/stack/data/venv/lib/python3.12/site-packages/oslo_config/cfg.py:3006}}
Feb 27 13:56:47.569791 np0000157300 neutron-periodic-workers[104923]: DEBUG cotyledon.oslo_config_glue [-] database.synchronous_reader = True {{(pid=104923) log_opt_values /opt/stack/data/venv/lib/python3.12/site-packages/oslo_config/cfg.py:3006}}
Feb 27 13:56:47.569825 np0000157300 neutron-periodic-workers[104923]: DEBUG cotyledon.oslo_config_glue [-] database.use_db_reconnect = False {{(pid=104923) log_opt_values /opt/stack/data/venv/lib/python3.12/site-packages/oslo_config/cfg.py:3006}}
Feb 27 13:56:47.569900 np0000157300 neutron-periodic-workers[104923]: DEBUG cotyledon.oslo_config_glue [-] ovn.broadcast_arps_to_all_routers = True {{(pid=104923) log_opt_values /opt/stack/data/venv/lib/python3.12/site-packages/oslo_config/cfg.py:3006}}
Feb 27 13:56:47.569966 np0000157300 neutron-periodic-workers[104923]: DEBUG cotyledon.oslo_config_glue [-] ovn.dhcp_default_lease_time = 43200 {{(pid=104923) log_opt_values /opt/stack/data/venv/lib/python3.12/site-packages/oslo_config/cfg.py:3006}}
Feb 27 13:56:47.570015 np0000157300 neutron-periodic-workers[104923]: DEBUG cotyledon.oslo_config_glue [-] ovn.disable_ovn_dhcp_for_baremetal_ports = False {{(pid=104923) log_opt_values /opt/stack/data/venv/lib/python3.12/site-packages/oslo_config/cfg.py:3006}}
Feb 27 13:56:47.570048 np0000157300 neutron-periodic-workers[104923]: DEBUG cotyledon.oslo_config_glue [-] ovn.dns_records_ovn_owned = False {{(pid=104923) log_opt_values /opt/stack/data/venv/lib/python3.12/site-packages/oslo_config/cfg.py:3006}}
Feb 27 13:56:47.570108 np0000157300 neutron-periodic-workers[104923]: DEBUG cotyledon.oslo_config_glue [-] ovn.dns_servers = [] {{(pid=104923) log_opt_values /opt/stack/data/venv/lib/python3.12/site-packages/oslo_config/cfg.py:3006}}
Feb 27 13:56:47.570152 np0000157300 neutron-periodic-workers[104923]: DEBUG cotyledon.oslo_config_glue [-] ovn.enable_distributed_floating_ip = False {{(pid=104923) log_opt_values /opt/stack/data/venv/lib/python3.12/site-packages/oslo_config/cfg.py:3006}}
Feb 27 13:56:47.570196 np0000157300 neutron-periodic-workers[104923]: DEBUG cotyledon.oslo_config_glue [-] ovn.fdb_age_threshold = 300 {{(pid=104923) log_opt_values /opt/stack/data/venv/lib/python3.12/site-packages/oslo_config/cfg.py:3006}}
Feb 27 13:56:47.570242 np0000157300 neutron-periodic-workers[104923]: DEBUG cotyledon.oslo_config_glue [-] ovn.live_migration_activation_strategy = rarp {{(pid=104923) log_opt_values /opt/stack/data/venv/lib/python3.12/site-packages/oslo_config/cfg.py:3006}}
Feb 27 13:56:47.570286 np0000157300 neutron-periodic-workers[104923]: DEBUG cotyledon.oslo_config_glue [-] ovn.localnet_learn_fdb = False {{(pid=104923) log_opt_values /opt/stack/data/venv/lib/python3.12/site-packages/oslo_config/cfg.py:3006}}
Feb 27 13:56:47.570346 np0000157300 neutron-periodic-workers[104923]: DEBUG cotyledon.oslo_config_glue [-] ovn.mac_binding_age_threshold = 0 {{(pid=104923) log_opt_values /opt/stack/data/venv/lib/python3.12/site-packages/oslo_config/cfg.py:3006}}
Feb 27 13:56:47.570406 np0000157300 neutron-periodic-workers[104923]: DEBUG cotyledon.oslo_config_glue [-] ovn.neutron_sync_mode = log {{(pid=104923) log_opt_values /opt/stack/data/venv/lib/python3.12/site-packages/oslo_config/cfg.py:3006}}
Feb 27 13:56:47.570461 np0000157300 neutron-periodic-workers[104923]: DEBUG cotyledon.oslo_config_glue [-] ovn.ovn_dhcp4_global_options = {} {{(pid=104923) log_opt_values /opt/stack/data/venv/lib/python3.12/site-packages/oslo_config/cfg.py:3006}}
Feb 27 13:56:47.570516 np0000157300 neutron-periodic-workers[104923]: DEBUG cotyledon.oslo_config_glue [-] ovn.ovn_dhcp6_global_options = {} {{(pid=104923) log_opt_values /opt/stack/data/venv/lib/python3.12/site-packages/oslo_config/cfg.py:3006}}
Feb 27 13:56:47.570553 np0000157300 neutron-periodic-workers[104923]: DEBUG cotyledon.oslo_config_glue [-] ovn.ovn_l3_scheduler = leastloaded {{(pid=104923) log_opt_values /opt/stack/data/venv/lib/python3.12/site-packages/oslo_config/cfg.py:3006}}
Feb 27 13:56:47.570595 np0000157300 neutron-periodic-workers[104923]: DEBUG cotyledon.oslo_config_glue [-] ovn.ovn_metadata_enabled = True {{(pid=104923) log_opt_values /opt/stack/data/venv/lib/python3.12/site-packages/oslo_config/cfg.py:3006}}
Feb 27 13:56:47.570652 np0000157300 neutron-periodic-workers[104923]: DEBUG cotyledon.oslo_config_glue [-] ovn.ovn_nb_ca_cert = /opt/stack/data/CA/int-ca/ca-chain.pem {{(pid=104923) log_opt_values /opt/stack/data/venv/lib/python3.12/site-packages/oslo_config/cfg.py:3006}}
Feb 27 13:56:47.570719 np0000157300 neutron-periodic-workers[104923]: DEBUG cotyledon.oslo_config_glue [-] ovn.ovn_nb_certificate = /opt/stack/data/CA/int-ca/devstack-cert.crt {{(pid=104923) log_opt_values /opt/stack/data/venv/lib/python3.12/site-packages/oslo_config/cfg.py:3006}}
Feb 27 13:56:47.570755 np0000157300 neutron-periodic-workers[104923]: DEBUG cotyledon.oslo_config_glue [-] ovn.ovn_nb_connection = ['ssl:199.19.213.215:6641'] {{(pid=104923) log_opt_values /opt/stack/data/venv/lib/python3.12/site-packages/oslo_config/cfg.py:3006}}
Feb 27 13:56:47.570816 np0000157300 neutron-periodic-workers[104923]: DEBUG cotyledon.oslo_config_glue [-] ovn.ovn_nb_private_key = /opt/stack/data/CA/int-ca/private/devstack-cert.key {{(pid=104923) log_opt_values /opt/stack/data/venv/lib/python3.12/site-packages/oslo_config/cfg.py:3006}}
Feb 27 13:56:47.570860 np0000157300 neutron-periodic-workers[104923]: DEBUG cotyledon.oslo_config_glue [-] ovn.ovn_router_indirect_snat = False {{(pid=104923) log_opt_values /opt/stack/data/venv/lib/python3.12/site-packages/oslo_config/cfg.py:3006}}
Feb 27 13:56:47.570893 np0000157300 neutron-periodic-workers[104923]: DEBUG cotyledon.oslo_config_glue [-] ovn.ovn_sb_ca_cert = /opt/stack/data/CA/int-ca/ca-chain.pem {{(pid=104923) log_opt_values /opt/stack/data/venv/lib/python3.12/site-packages/oslo_config/cfg.py:3006}}
Feb 27 13:56:47.570929 np0000157300 neutron-periodic-workers[104923]: DEBUG cotyledon.oslo_config_glue [-] ovn.ovn_sb_certificate = /opt/stack/data/CA/int-ca/devstack-cert.crt {{(pid=104923) log_opt_values /opt/stack/data/venv/lib/python3.12/site-packages/oslo_config/cfg.py:3006}}
Feb 27 13:56:47.570987 np0000157300 neutron-periodic-workers[104923]: DEBUG cotyledon.oslo_config_glue [-] ovn.ovn_sb_connection = ['ssl:199.19.213.215:6642'] {{(pid=104923) log_opt_values /opt/stack/data/venv/lib/python3.12/site-packages/oslo_config/cfg.py:3006}}
Feb 27 13:56:47.571042 np0000157300 neutron-periodic-workers[104923]: DEBUG cotyledon.oslo_config_glue [-] ovn.ovn_sb_private_key = /opt/stack/data/CA/int-ca/private/devstack-cert.key {{(pid=104923) log_opt_values /opt/stack/data/venv/lib/python3.12/site-packages/oslo_config/cfg.py:3006}}
Feb 27 13:56:47.571080 np0000157300 neutron-periodic-workers[104923]: DEBUG cotyledon.oslo_config_glue [-] ovn.ovs_create_tap = False {{(pid=104923) log_opt_values /opt/stack/data/venv/lib/python3.12/site-packages/oslo_config/cfg.py:3006}}
Feb 27 13:56:47.571134 np0000157300 neutron-periodic-workers[104923]: DEBUG cotyledon.oslo_config_glue [-] ovn.ovsdb_connection_timeout = 180 {{(pid=104923) log_opt_values /opt/stack/data/venv/lib/python3.12/site-packages/oslo_config/cfg.py:3006}}
Feb 27 13:56:47.571169 np0000157300 neutron-periodic-workers[104923]: DEBUG cotyledon.oslo_config_glue [-] ovn.ovsdb_log_level = INFO {{(pid=104923) log_opt_values /opt/stack/data/venv/lib/python3.12/site-packages/oslo_config/cfg.py:3006}}
Feb 27 13:56:47.571201 np0000157300 neutron-periodic-workers[104923]: DEBUG cotyledon.oslo_config_glue [-] ovn.ovsdb_probe_interval = 60000 {{(pid=104923) log_opt_values /opt/stack/data/venv/lib/python3.12/site-packages/oslo_config/cfg.py:3006}}
Feb 27 13:56:47.571237 np0000157300 neutron-periodic-workers[104923]: DEBUG cotyledon.oslo_config_glue [-] ovn.ovsdb_retry_max_interval = 180 {{(pid=104923) log_opt_values /opt/stack/data/venv/lib/python3.12/site-packages/oslo_config/cfg.py:3006}}
Feb 27 13:56:47.571287 np0000157300 neutron-periodic-workers[104923]: DEBUG cotyledon.oslo_config_glue [-] ovn.stateless_nat_enabled = False {{(pid=104923) log_opt_values /opt/stack/data/venv/lib/python3.12/site-packages/oslo_config/cfg.py:3006}}
Feb 27 13:56:47.571342 np0000157300 neutron-periodic-workers[104923]: DEBUG cotyledon.oslo_config_glue [-] ovn.vhost_sock_dir = /var/run/openvswitch {{(pid=104923) log_opt_values /opt/stack/data/venv/lib/python3.12/site-packages/oslo_config/cfg.py:3006}}
Feb 27 13:56:47.571388 np0000157300 neutron-periodic-workers[104923]: DEBUG cotyledon.oslo_config_glue [-] OVS.bridge_mac_table_size = 50000 {{(pid=104923) log_opt_values /opt/stack/data/venv/lib/python3.12/site-packages/oslo_config/cfg.py:3006}}
Feb 27 13:56:47.571456 np0000157300 neutron-periodic-workers[104923]: DEBUG cotyledon.oslo_config_glue [-] OVS.igmp_flood = False {{(pid=104923) log_opt_values /opt/stack/data/venv/lib/python3.12/site-packages/oslo_config/cfg.py:3006}}
Feb 27 13:56:47.571491 np0000157300 neutron-periodic-workers[104923]: DEBUG cotyledon.oslo_config_glue [-] OVS.igmp_flood_reports = True {{(pid=104923) log_opt_values /opt/stack/data/venv/lib/python3.12/site-packages/oslo_config/cfg.py:3006}}
Feb 27 13:56:47.571538 np0000157300 neutron-periodic-workers[104923]: DEBUG cotyledon.oslo_config_glue [-] OVS.igmp_flood_unregistered = False {{(pid=104923) log_opt_values /opt/stack/data/venv/lib/python3.12/site-packages/oslo_config/cfg.py:3006}}
Feb 27 13:56:47.571571 np0000157300 neutron-periodic-workers[104923]: DEBUG cotyledon.oslo_config_glue [-] OVS.igmp_snooping_enable = False {{(pid=104923) log_opt_values /opt/stack/data/venv/lib/python3.12/site-packages/oslo_config/cfg.py:3006}}
Feb 27 13:56:47.571618 np0000157300 neutron-periodic-workers[104923]: DEBUG cotyledon.oslo_config_glue [-] OVS.ovsdb_timeout = 10 {{(pid=104923) log_opt_values /opt/stack/data/venv/lib/python3.12/site-packages/oslo_config/cfg.py:3006}}
Feb 27 13:56:47.571682 np0000157300 neutron-periodic-workers[104923]: DEBUG cotyledon.oslo_config_glue [-] ovn_nb_global.fdb_removal_limit = 0 {{(pid=104923) log_opt_values /opt/stack/data/venv/lib/python3.12/site-packages/oslo_config/cfg.py:3006}}
Feb 27 13:56:47.571717 np0000157300 neutron-periodic-workers[104923]: DEBUG cotyledon.oslo_config_glue [-] ovn_nb_global.ignore_lsp_down = False {{(pid=104923) log_opt_values /opt/stack/data/venv/lib/python3.12/site-packages/oslo_config/cfg.py:3006}}
Feb 27 13:56:47.571773 np0000157300 neutron-periodic-workers[104923]: DEBUG cotyledon.oslo_config_glue [-] ovn_nb_global.mac_binding_removal_limit = 0 {{(pid=104923) log_opt_values /opt/stack/data/venv/lib/python3.12/site-packages/oslo_config/cfg.py:3006}}
Feb 27 13:56:47.571811 np0000157300 neutron-periodic-workers[104923]: DEBUG cotyledon.oslo_config_glue [-] ******************************************************************************** {{(pid=104923) log_opt_values /opt/stack/data/venv/lib/python3.12/site-packages/oslo_config/cfg.py:3013}}
Feb 27 13:56:47.571975 np0000157300 neutron-periodic-workers[104923]: DEBUG cotyledon._service_worker [-] Run service ServiceWrapper(0) [104923] {{(pid=104923) wait_forever /opt/stack/data/venv/lib/python3.12/site-packages/cotyledon/_service_worker.py:218}}
Feb 27 13:56:57.194288 np0000157300 neutron-periodic-workers[104107]: DEBUG dbcounter [-] [104107] Writing DB stats neutron:SELECT=4 {{(pid=104107) stat_writer /opt/stack/data/venv/lib/python3.12/site-packages/dbcounter.py:115}}
Feb 27 13:57:31.544578 np0000157300 neutron-periodic-workers[104911]: DEBUG oslo_db.sqlalchemy.engines [None req-6f86b9b5-2945-425e-bf3a-c8185f98f0b2 None None] Parent process 104107 forked (104911) with an open database connection, which is being discarded and recreated. {{(pid=104911) checkout /opt/stack/data/venv/lib/python3.12/site-packages/oslo_db/sqlalchemy/engines.py:402}}
Feb 27 13:57:31.553641 np0000157300 neutron-periodic-workers[104911]: DEBUG dbcounter [-] [104911] Writer thread running {{(pid=104911) stat_writer /opt/stack/data/venv/lib/python3.12/site-packages/dbcounter.py:102}}
Feb 27 13:57:31.565952 np0000157300 neutron-periodic-workers[104911]: DEBUG oslo.service.backend._threading.loopingcall [None req-6f86b9b5-2945-425e-bf3a-c8185f98f0b2 None None] Fixed interval looping call 'neutron.plugins.ml2.plugin.DhcpAgentSchedulerDbMixin.remove_networks_from_down_agents' sleeping for 36.97 seconds {{(pid=104911) _run_loop /opt/stack/data/venv/lib/python3.12/site-packages/oslo_service/backend/_threading/loopingcall.py:125}}
Feb 27 13:57:41.566326 np0000157300 neutron-periodic-workers[104911]: DEBUG dbcounter [-] [104911] Writing DB stats neutron:SELECT=3 {{(pid=104911) stat_writer /opt/stack/data/venv/lib/python3.12/site-packages/dbcounter.py:115}}
Feb 27 13:57:42.579860 np0000157300 neutron-periodic-workers[104916]: DEBUG dbcounter [-] [104916] Writer thread running {{(pid=104916) stat_writer /opt/stack/data/venv/lib/python3.12/site-packages/dbcounter.py:102}}
Feb 27 13:57:42.585844 np0000157300 neutron-periodic-workers[104916]: DEBUG neutron.db.agents_db [None req-847cc63d-c999-4060-8bbe-8fac95c0d2da None None] Agent healthcheck: found 0 active agents {{(pid=104916) agent_health_check /opt/stack/neutron/neutron/db/agents_db.py:317}}
Feb 27 13:57:42.586057 np0000157300 neutron-periodic-workers[104916]: DEBUG oslo.service.backend._threading.loopingcall [None req-847cc63d-c999-4060-8bbe-8fac95c0d2da None None] Fixed interval looping call 'neutron.plugins.ml2.plugin.AgentDbMixin.agent_health_check' sleeping for 36.97 seconds {{(pid=104916) _run_loop /opt/stack/data/venv/lib/python3.12/site-packages/oslo_service/backend/_threading/loopingcall.py:125}}
Feb 27 13:57:45.551139 np0000157300 neutron-periodic-workers[104902]: DEBUG dbcounter [-] [104902] Writer thread running {{(pid=104902) stat_writer /opt/stack/data/venv/lib/python3.12/site-packages/dbcounter.py:102}}
Feb 27 13:57:45.564800 np0000157300 neutron-periodic-workers[104902]: DEBUG oslo.service.backend._threading.loopingcall [None req-ddc40ee4-ecbb-4dd5-8f6b-3916d45dccfe None None] Fixed interval looping call 'neutron.services.ovn_l3.plugin.L3_NAT_dbonly_mixin._clean_garbage' sleeping for 299.95 seconds {{(pid=104902) _run_loop /opt/stack/data/venv/lib/python3.12/site-packages/oslo_service/backend/_threading/loopingcall.py:125}}
Feb 27 13:57:55.551669 np0000157300 neutron-periodic-workers[104902]: DEBUG dbcounter [-] [104902] Writing DB stats neutron:SELECT=1 {{(pid=104902) stat_writer /opt/stack/data/venv/lib/python3.12/site-packages/dbcounter.py:115}}
Feb 27 13:58:02.580852 np0000157300 neutron-periodic-workers[104916]: DEBUG dbcounter [-] [104916] Writing DB stats neutron:SELECT=1 {{(pid=104916) stat_writer /opt/stack/data/venv/lib/python3.12/site-packages/dbcounter.py:115}}
Feb 27 13:58:08.545713 np0000157300 neutron-periodic-workers[104911]: DEBUG oslo.service.backend._threading.loopingcall [None req-6f86b9b5-2945-425e-bf3a-c8185f98f0b2 None None] Fixed interval looping call 'neutron.plugins.ml2.plugin.DhcpAgentSchedulerDbMixin.remove_networks_from_down_agents' sleeping for 36.99 seconds {{(pid=104911) _run_loop /opt/stack/data/venv/lib/python3.12/site-packages/oslo_service/backend/_threading/loopingcall.py:125}}
Feb 27 13:58:18.544682 np0000157300 neutron-periodic-workers[104911]: DEBUG dbcounter [-] [104911] Writing DB stats neutron:SELECT=3 {{(pid=104911) stat_writer /opt/stack/data/venv/lib/python3.12/site-packages/dbcounter.py:115}}
Feb 27 13:58:19.561225 np0000157300 neutron-periodic-workers[104916]: DEBUG neutron.db.agents_db [None req-847cc63d-c999-4060-8bbe-8fac95c0d2da None None] Agent healthcheck: found 0 active agents {{(pid=104916) agent_health_check /opt/stack/neutron/neutron/db/agents_db.py:317}}
Feb 27 13:58:19.561723 np0000157300 neutron-periodic-workers[104916]: DEBUG oslo.service.backend._threading.loopingcall [None req-847cc63d-c999-4060-8bbe-8fac95c0d2da None None] Fixed interval looping call 'neutron.plugins.ml2.plugin.AgentDbMixin.agent_health_check' sleeping for 37.00 seconds {{(pid=104916) _run_loop /opt/stack/data/venv/lib/python3.12/site-packages/oslo_service/backend/_threading/loopingcall.py:125}}
Feb 27 13:58:29.559956 np0000157300 neutron-periodic-workers[104916]: DEBUG dbcounter [-] [104916] Writing DB stats neutron:SELECT=1 {{(pid=104916) stat_writer /opt/stack/data/venv/lib/python3.12/site-packages/dbcounter.py:115}}
Feb 27 13:58:45.550993 np0000157300 neutron-periodic-workers[104911]: DEBUG oslo.service.backend._threading.loopingcall [None req-6f86b9b5-2945-425e-bf3a-c8185f98f0b2 None None] Fixed interval looping call 'neutron.plugins.ml2.plugin.DhcpAgentSchedulerDbMixin.remove_networks_from_down_agents' sleeping for 36.99 seconds {{(pid=104911) _run_loop /opt/stack/data/venv/lib/python3.12/site-packages/oslo_service/backend/_threading/loopingcall.py:125}}
Feb 27 13:58:47.588427 np0000157300 neutron-periodic-workers[104923]: DEBUG dbcounter [-] [104923] Writer thread running {{(pid=104923) stat_writer /opt/stack/data/venv/lib/python3.12/site-packages/dbcounter.py:102}}
Feb 27 13:58:47.592963 np0000157300 neutron-periodic-workers[104923]: DEBUG oslo.service.backend._threading.loopingcall [None req-57c9f3e0-4853-4a11-b84f-a3f32046acbc None None] Fixed interval looping call 'neutron.db.quota.driver_nolock.DbQuotaNoLockDriver._remove_expired_reservations' sleeping for 119.98 seconds {{(pid=104923) _run_loop /opt/stack/data/venv/lib/python3.12/site-packages/oslo_service/backend/_threading/loopingcall.py:125}}
Feb 27 13:58:55.547908 np0000157300 neutron-periodic-workers[104911]: DEBUG dbcounter [-] [104911] Writing DB stats neutron:SELECT=3 {{(pid=104911) stat_writer /opt/stack/data/venv/lib/python3.12/site-packages/dbcounter.py:115}}
Feb 27 13:58:56.567712 np0000157300 neutron-periodic-workers[104916]: DEBUG neutron.db.agents_db [None req-847cc63d-c999-4060-8bbe-8fac95c0d2da None None] Agent healthcheck: found 0 active agents {{(pid=104916) agent_health_check /opt/stack/neutron/neutron/db/agents_db.py:317}}
Feb 27 13:58:56.568417 np0000157300 neutron-periodic-workers[104916]: DEBUG oslo.service.backend._threading.loopingcall [None req-847cc63d-c999-4060-8bbe-8fac95c0d2da None None] Fixed interval looping call 'neutron.plugins.ml2.plugin.AgentDbMixin.agent_health_check' sleeping for 36.99 seconds {{(pid=104916) _run_loop /opt/stack/data/venv/lib/python3.12/site-packages/oslo_service/backend/_threading/loopingcall.py:125}}
Feb 27 13:58:57.588766 np0000157300 neutron-periodic-workers[104923]: DEBUG dbcounter [-] [104923] Writing DB stats neutron:DELETE=1 {{(pid=104923) stat_writer /opt/stack/data/venv/lib/python3.12/site-packages/dbcounter.py:115}}
Feb 27 13:59:06.565412 np0000157300 neutron-periodic-workers[104916]: DEBUG dbcounter [-] [104916] Writing DB stats neutron:SELECT=1 {{(pid=104916) stat_writer /opt/stack/data/venv/lib/python3.12/site-packages/dbcounter.py:115}}
Feb 27 13:59:22.551201 np0000157300 neutron-periodic-workers[104911]: DEBUG oslo.service.backend._threading.loopingcall [None req-6f86b9b5-2945-425e-bf3a-c8185f98f0b2 None None] Fixed interval looping call 'neutron.plugins.ml2.plugin.DhcpAgentSchedulerDbMixin.remove_networks_from_down_agents' sleeping for 36.99 seconds {{(pid=104911) _run_loop /opt/stack/data/venv/lib/python3.12/site-packages/oslo_service/backend/_threading/loopingcall.py:125}}
Feb 27 13:59:32.550015 np0000157300 neutron-periodic-workers[104911]: DEBUG dbcounter [-] [104911] Writing DB stats neutron:SELECT=3 {{(pid=104911) stat_writer /opt/stack/data/venv/lib/python3.12/site-packages/dbcounter.py:115}}
Feb 27 13:59:33.563722 np0000157300 neutron-periodic-workers[104916]: DEBUG neutron.db.agents_db [None req-847cc63d-c999-4060-8bbe-8fac95c0d2da None None] Agent healthcheck: found 0 active agents {{(pid=104916) agent_health_check /opt/stack/neutron/neutron/db/agents_db.py:317}}
Feb 27 13:59:33.564214 np0000157300 neutron-periodic-workers[104916]: DEBUG oslo.service.backend._threading.loopingcall [None req-847cc63d-c999-4060-8bbe-8fac95c0d2da None None] Fixed interval looping call 'neutron.plugins.ml2.plugin.AgentDbMixin.agent_health_check' sleeping for 36.99 seconds {{(pid=104916) _run_loop /opt/stack/data/venv/lib/python3.12/site-packages/oslo_service/backend/_threading/loopingcall.py:125}}
Feb 27 13:59:43.562050 np0000157300 neutron-periodic-workers[104916]: DEBUG dbcounter [-] [104916] Writing DB stats neutron:SELECT=1 {{(pid=104916) stat_writer /opt/stack/data/venv/lib/python3.12/site-packages/dbcounter.py:115}}
Feb 27 13:59:59.548717 np0000157300 neutron-periodic-workers[104911]: DEBUG oslo.service.backend._threading.loopingcall [None req-6f86b9b5-2945-425e-bf3a-c8185f98f0b2 None None] Fixed interval looping call 'neutron.plugins.ml2.plugin.DhcpAgentSchedulerDbMixin.remove_networks_from_down_agents' sleeping for 36.99 seconds {{(pid=104911) _run_loop /opt/stack/data/venv/lib/python3.12/site-packages/oslo_service/backend/_threading/loopingcall.py:125}}
Feb 27 14:00:09.548058 np0000157300 neutron-periodic-workers[104911]: DEBUG dbcounter [-] [104911] Writing DB stats neutron:SELECT=3 {{(pid=104911) stat_writer /opt/stack/data/venv/lib/python3.12/site-packages/dbcounter.py:115}}
Feb 27 14:00:10.559557 np0000157300 neutron-periodic-workers[104916]: DEBUG neutron.db.agents_db [None req-847cc63d-c999-4060-8bbe-8fac95c0d2da None None] Agent healthcheck: found 0 active agents {{(pid=104916) agent_health_check /opt/stack/neutron/neutron/db/agents_db.py:317}}
Feb 27 14:00:10.560216 np0000157300 neutron-periodic-workers[104916]: DEBUG oslo.service.backend._threading.loopingcall [None req-847cc63d-c999-4060-8bbe-8fac95c0d2da None None] Fixed interval looping call 'neutron.plugins.ml2.plugin.AgentDbMixin.agent_health_check' sleeping for 36.99 seconds {{(pid=104916) _run_loop /opt/stack/data/venv/lib/python3.12/site-packages/oslo_service/backend/_threading/loopingcall.py:125}}
Feb 27 14:00:20.557415 np0000157300 neutron-periodic-workers[104916]: DEBUG dbcounter [-] [104916] Writing DB stats neutron:SELECT=1 {{(pid=104916) stat_writer /opt/stack/data/venv/lib/python3.12/site-packages/dbcounter.py:115}}
Feb 27 14:00:36.551048 np0000157300 neutron-periodic-workers[104911]: DEBUG oslo.service.backend._threading.loopingcall [None req-6f86b9b5-2945-425e-bf3a-c8185f98f0b2 None None] Fixed interval looping call 'neutron.plugins.ml2.plugin.DhcpAgentSchedulerDbMixin.remove_networks_from_down_agents' sleeping for 36.99 seconds {{(pid=104911) _run_loop /opt/stack/data/venv/lib/python3.12/site-packages/oslo_service/backend/_threading/loopingcall.py:125}}
Feb 27 14:00:46.549972 np0000157300 neutron-periodic-workers[104911]: DEBUG dbcounter [-] [104911] Writing DB stats neutron:SELECT=3 {{(pid=104911) stat_writer /opt/stack/data/venv/lib/python3.12/site-packages/dbcounter.py:115}}
Feb 27 14:00:47.553978 np0000157300 neutron-periodic-workers[104916]: DEBUG neutron.db.agents_db [None req-847cc63d-c999-4060-8bbe-8fac95c0d2da None None] Agent healthcheck: found 0 active agents {{(pid=104916) agent_health_check /opt/stack/neutron/neutron/db/agents_db.py:317}}
Feb 27 14:00:47.554577 np0000157300 neutron-periodic-workers[104916]: DEBUG oslo.service.backend._threading.loopingcall [None req-847cc63d-c999-4060-8bbe-8fac95c0d2da None None] Fixed interval looping call 'neutron.plugins.ml2.plugin.AgentDbMixin.agent_health_check' sleeping for 37.00 seconds {{(pid=104916) _run_loop /opt/stack/data/venv/lib/python3.12/site-packages/oslo_service/backend/_threading/loopingcall.py:125}}
Feb 27 14:00:47.578800 np0000157300 neutron-periodic-workers[104923]: DEBUG oslo.service.backend._threading.loopingcall [None req-57c9f3e0-4853-4a11-b84f-a3f32046acbc None None] Fixed interval looping call 'neutron.db.quota.driver_nolock.DbQuotaNoLockDriver._remove_expired_reservations' sleeping for 119.99 seconds {{(pid=104923) _run_loop /opt/stack/data/venv/lib/python3.12/site-packages/oslo_service/backend/_threading/loopingcall.py:125}}
Feb 27 14:00:57.553003 np0000157300 neutron-periodic-workers[104916]: DEBUG dbcounter [-] [104916] Writing DB stats neutron:SELECT=1 {{(pid=104916) stat_writer /opt/stack/data/venv/lib/python3.12/site-packages/dbcounter.py:115}}
Feb 27 14:00:57.577311 np0000157300 neutron-periodic-workers[104923]: DEBUG dbcounter [-] [104923] Writing DB stats neutron:DELETE=1 {{(pid=104923) stat_writer /opt/stack/data/venv/lib/python3.12/site-packages/dbcounter.py:115}}
Feb 27 14:01:13.550836 np0000157300 neutron-periodic-workers[104911]: DEBUG oslo.service.backend._threading.loopingcall [None req-6f86b9b5-2945-425e-bf3a-c8185f98f0b2 None None] Fixed interval looping call 'neutron.plugins.ml2.plugin.DhcpAgentSchedulerDbMixin.remove_networks_from_down_agents' sleeping for 36.99 seconds {{(pid=104911) _run_loop /opt/stack/data/venv/lib/python3.12/site-packages/oslo_service/backend/_threading/loopingcall.py:125}}
Feb 27 14:01:23.549561 np0000157300 neutron-periodic-workers[104911]: DEBUG dbcounter [-] [104911] Writing DB stats neutron:SELECT=3 {{(pid=104911) stat_writer /opt/stack/data/venv/lib/python3.12/site-packages/dbcounter.py:115}}
Feb 27 14:01:24.559909 np0000157300 neutron-periodic-workers[104916]: DEBUG neutron.db.agents_db [None req-847cc63d-c999-4060-8bbe-8fac95c0d2da None None] Agent healthcheck: found 0 active agents {{(pid=104916) agent_health_check /opt/stack/neutron/neutron/db/agents_db.py:317}}
Feb 27 14:01:24.560411 np0000157300 neutron-periodic-workers[104916]: DEBUG oslo.service.backend._threading.loopingcall [None req-847cc63d-c999-4060-8bbe-8fac95c0d2da None None] Fixed interval looping call 'neutron.plugins.ml2.plugin.AgentDbMixin.agent_health_check' sleeping for 36.99 seconds {{(pid=104916) _run_loop /opt/stack/data/venv/lib/python3.12/site-packages/oslo_service/backend/_threading/loopingcall.py:125}}
Feb 27 14:01:34.557900 np0000157300 neutron-periodic-workers[104916]: DEBUG dbcounter [-] [104916] Writing DB stats neutron:SELECT=1 {{(pid=104916) stat_writer /opt/stack/data/venv/lib/python3.12/site-packages/dbcounter.py:115}}
Feb 27 14:01:50.551986 np0000157300 neutron-periodic-workers[104911]: DEBUG oslo.service.backend._threading.loopingcall [None req-6f86b9b5-2945-425e-bf3a-c8185f98f0b2 None None] Fixed interval looping call 'neutron.plugins.ml2.plugin.DhcpAgentSchedulerDbMixin.remove_networks_from_down_agents' sleeping for 36.99 seconds {{(pid=104911) _run_loop /opt/stack/data/venv/lib/python3.12/site-packages/oslo_service/backend/_threading/loopingcall.py:125}}
Feb 27 14:02:00.549818 np0000157300 neutron-periodic-workers[104911]: DEBUG dbcounter [-] [104911] Writing DB stats neutron:SELECT=3 {{(pid=104911) stat_writer /opt/stack/data/venv/lib/python3.12/site-packages/dbcounter.py:115}}
Feb 27 14:02:01.554950 np0000157300 neutron-periodic-workers[104916]: DEBUG neutron.db.agents_db [None req-847cc63d-c999-4060-8bbe-8fac95c0d2da None None] Agent healthcheck: found 0 active agents {{(pid=104916) agent_health_check /opt/stack/neutron/neutron/db/agents_db.py:317}}
Feb 27 14:02:01.555496 np0000157300 neutron-periodic-workers[104916]: DEBUG oslo.service.backend._threading.loopingcall [None req-847cc63d-c999-4060-8bbe-8fac95c0d2da None None] Fixed interval looping call 'neutron.plugins.ml2.plugin.AgentDbMixin.agent_health_check' sleeping for 37.00 seconds {{(pid=104916) _run_loop /opt/stack/data/venv/lib/python3.12/site-packages/oslo_service/backend/_threading/loopingcall.py:125}}
Feb 27 14:02:11.553603 np0000157300 neutron-periodic-workers[104916]: DEBUG dbcounter [-] [104916] Writing DB stats neutron:SELECT=1 {{(pid=104916) stat_writer /opt/stack/data/venv/lib/python3.12/site-packages/dbcounter.py:115}}
Feb 27 14:02:27.552229 np0000157300 neutron-periodic-workers[104911]: DEBUG oslo.service.backend._threading.loopingcall [None req-6f86b9b5-2945-425e-bf3a-c8185f98f0b2 None None] Fixed interval looping call 'neutron.plugins.ml2.plugin.DhcpAgentSchedulerDbMixin.remove_networks_from_down_agents' sleeping for 36.99 seconds {{(pid=104911) _run_loop /opt/stack/data/venv/lib/python3.12/site-packages/oslo_service/backend/_threading/loopingcall.py:125}}
Feb 27 14:02:37.550914 np0000157300 neutron-periodic-workers[104911]: DEBUG dbcounter [-] [104911] Writing DB stats neutron:SELECT=3 {{(pid=104911) stat_writer /opt/stack/data/venv/lib/python3.12/site-packages/dbcounter.py:115}}
Feb 27 14:02:38.560665 np0000157300 neutron-periodic-workers[104916]: DEBUG neutron.db.agents_db [None req-847cc63d-c999-4060-8bbe-8fac95c0d2da None None] Agent healthcheck: found 0 active agents {{(pid=104916) agent_health_check /opt/stack/neutron/neutron/db/agents_db.py:317}}
Feb 27 14:02:38.561212 np0000157300 neutron-periodic-workers[104916]: DEBUG oslo.service.backend._threading.loopingcall [None req-847cc63d-c999-4060-8bbe-8fac95c0d2da None None] Fixed interval looping call 'neutron.plugins.ml2.plugin.AgentDbMixin.agent_health_check' sleeping for 36.99 seconds {{(pid=104916) _run_loop /opt/stack/data/venv/lib/python3.12/site-packages/oslo_service/backend/_threading/loopingcall.py:125}}
Feb 27 14:02:45.524417 np0000157300 neutron-periodic-workers[104902]: DEBUG oslo.service.backend._threading.loopingcall [None req-ddc40ee4-ecbb-4dd5-8f6b-3916d45dccfe None None] Fixed interval looping call 'neutron.services.ovn_l3.plugin.L3_NAT_dbonly_mixin._clean_garbage' sleeping for 299.99 seconds {{(pid=104902) _run_loop /opt/stack/data/venv/lib/python3.12/site-packages/oslo_service/backend/_threading/loopingcall.py:125}}
Feb 27 14:02:47.574143 np0000157300 neutron-periodic-workers[104923]: DEBUG oslo.service.backend._threading.loopingcall [None req-57c9f3e0-4853-4a11-b84f-a3f32046acbc None None] Fixed interval looping call 'neutron.db.quota.driver_nolock.DbQuotaNoLockDriver._remove_expired_reservations' sleeping for 120.00 seconds {{(pid=104923) _run_loop /opt/stack/data/venv/lib/python3.12/site-packages/oslo_service/backend/_threading/loopingcall.py:125}}
Feb 27 14:02:48.558866 np0000157300 neutron-periodic-workers[104916]: DEBUG dbcounter [-] [104916] Writing DB stats neutron:SELECT=1 {{(pid=104916) stat_writer /opt/stack/data/venv/lib/python3.12/site-packages/dbcounter.py:115}}
Feb 27 14:02:55.518585 np0000157300 neutron-periodic-workers[104902]: DEBUG dbcounter [-] [104902] Writing DB stats neutron:SELECT=1 {{(pid=104902) stat_writer /opt/stack/data/venv/lib/python3.12/site-packages/dbcounter.py:115}}
Feb 27 14:02:57.572978 np0000157300 neutron-periodic-workers[104923]: DEBUG dbcounter [-] [104923] Writing DB stats neutron:DELETE=1 {{(pid=104923) stat_writer /opt/stack/data/venv/lib/python3.12/site-packages/dbcounter.py:115}}
Feb 27 14:03:04.551681 np0000157300 neutron-periodic-workers[104911]: DEBUG oslo.service.backend._threading.loopingcall [None req-6f86b9b5-2945-425e-bf3a-c8185f98f0b2 None None] Fixed interval looping call 'neutron.plugins.ml2.plugin.DhcpAgentSchedulerDbMixin.remove_networks_from_down_agents' sleeping for 36.99 seconds {{(pid=104911) _run_loop /opt/stack/data/venv/lib/python3.12/site-packages/oslo_service/backend/_threading/loopingcall.py:125}}
Feb 27 14:03:14.550834 np0000157300 neutron-periodic-workers[104911]: DEBUG dbcounter [-] [104911] Writing DB stats neutron:SELECT=3 {{(pid=104911) stat_writer /opt/stack/data/venv/lib/python3.12/site-packages/dbcounter.py:115}}
Feb 27 14:03:15.556769 np0000157300 neutron-periodic-workers[104916]: DEBUG neutron.db.agents_db [None req-847cc63d-c999-4060-8bbe-8fac95c0d2da None None] Agent healthcheck: found 0 active agents {{(pid=104916) agent_health_check /opt/stack/neutron/neutron/db/agents_db.py:317}}
Feb 27 14:03:15.557666 np0000157300 neutron-periodic-workers[104916]: DEBUG oslo.service.backend._threading.loopingcall [None req-847cc63d-c999-4060-8bbe-8fac95c0d2da None None] Fixed interval looping call 'neutron.plugins.ml2.plugin.AgentDbMixin.agent_health_check' sleeping for 36.99 seconds {{(pid=104916) _run_loop /opt/stack/data/venv/lib/python3.12/site-packages/oslo_service/backend/_threading/loopingcall.py:125}}
Feb 27 14:03:25.555064 np0000157300 neutron-periodic-workers[104916]: DEBUG dbcounter [-] [104916] Writing DB stats neutron:SELECT=1 {{(pid=104916) stat_writer /opt/stack/data/venv/lib/python3.12/site-packages/dbcounter.py:115}}
Feb 27 14:03:41.549892 np0000157300 neutron-periodic-workers[104911]: DEBUG oslo.service.backend._threading.loopingcall [None req-6f86b9b5-2945-425e-bf3a-c8185f98f0b2 None None] Fixed interval looping call 'neutron.plugins.ml2.plugin.DhcpAgentSchedulerDbMixin.remove_networks_from_down_agents' sleeping for 36.99 seconds {{(pid=104911) _run_loop /opt/stack/data/venv/lib/python3.12/site-packages/oslo_service/backend/_threading/loopingcall.py:125}}
Feb 27 14:03:51.549153 np0000157300 neutron-periodic-workers[104911]: DEBUG dbcounter [-] [104911] Writing DB stats neutron:SELECT=3 {{(pid=104911) stat_writer /opt/stack/data/venv/lib/python3.12/site-packages/dbcounter.py:115}}
Feb 27 14:03:52.552900 np0000157300 neutron-periodic-workers[104916]: DEBUG neutron.db.agents_db [None req-847cc63d-c999-4060-8bbe-8fac95c0d2da None None] Agent healthcheck: found 0 active agents {{(pid=104916) agent_health_check /opt/stack/neutron/neutron/db/agents_db.py:317}}
Feb 27 14:03:52.553738 np0000157300 neutron-periodic-workers[104916]: DEBUG oslo.service.backend._threading.loopingcall [None req-847cc63d-c999-4060-8bbe-8fac95c0d2da None None] Fixed interval looping call 'neutron.plugins.ml2.plugin.AgentDbMixin.agent_health_check' sleeping for 36.99 seconds {{(pid=104916) _run_loop /opt/stack/data/venv/lib/python3.12/site-packages/oslo_service/backend/_threading/loopingcall.py:125}}
Feb 27 14:04:02.551038 np0000157300 neutron-periodic-workers[104916]: DEBUG dbcounter [-] [104916] Writing DB stats neutron:SELECT=1 {{(pid=104916) stat_writer /opt/stack/data/venv/lib/python3.12/site-packages/dbcounter.py:115}}
Feb 27 14:04:18.549531 np0000157300 neutron-periodic-workers[104911]: DEBUG oslo.service.backend._threading.loopingcall [None req-6f86b9b5-2945-425e-bf3a-c8185f98f0b2 None None] Fixed interval looping call 'neutron.plugins.ml2.plugin.DhcpAgentSchedulerDbMixin.remove_networks_from_down_agents' sleeping for 36.99 seconds {{(pid=104911) _run_loop /opt/stack/data/venv/lib/python3.12/site-packages/oslo_service/backend/_threading/loopingcall.py:125}}
Feb 27 14:04:28.553967 np0000157300 neutron-periodic-workers[104911]: DEBUG dbcounter [-] [104911] Writing DB stats neutron:SELECT=3 {{(pid=104911) stat_writer /opt/stack/data/venv/lib/python3.12/site-packages/dbcounter.py:115}}
Feb 27 14:04:29.551681 np0000157300 neutron-periodic-workers[104916]: DEBUG neutron.db.agents_db [None req-847cc63d-c999-4060-8bbe-8fac95c0d2da None None] Agent healthcheck: found 0 active agents {{(pid=104916) agent_health_check /opt/stack/neutron/neutron/db/agents_db.py:317}}
Feb 27 14:04:29.552439 np0000157300 neutron-periodic-workers[104916]: DEBUG oslo.service.backend._threading.loopingcall [None req-847cc63d-c999-4060-8bbe-8fac95c0d2da None None] Fixed interval looping call 'neutron.plugins.ml2.plugin.AgentDbMixin.agent_health_check' sleeping for 36.99 seconds {{(pid=104916) _run_loop /opt/stack/data/venv/lib/python3.12/site-packages/oslo_service/backend/_threading/loopingcall.py:125}}
Feb 27 14:04:39.549933 np0000157300 neutron-periodic-workers[104916]: DEBUG dbcounter [-] [104916] Writing DB stats neutron:SELECT=1 {{(pid=104916) stat_writer /opt/stack/data/venv/lib/python3.12/site-packages/dbcounter.py:115}}
Feb 27 14:04:47.578879 np0000157300 neutron-periodic-workers[104923]: DEBUG oslo.service.backend._threading.loopingcall [None req-57c9f3e0-4853-4a11-b84f-a3f32046acbc None None] Fixed interval looping call 'neutron.db.quota.driver_nolock.DbQuotaNoLockDriver._remove_expired_reservations' sleeping for 120.00 seconds {{(pid=104923) _run_loop /opt/stack/data/venv/lib/python3.12/site-packages/oslo_service/backend/_threading/loopingcall.py:125}}
Feb 27 14:04:55.544725 np0000157300 neutron-periodic-workers[104911]: DEBUG oslo.service.backend._threading.loopingcall [None req-6f86b9b5-2945-425e-bf3a-c8185f98f0b2 None None] Fixed interval looping call 'neutron.plugins.ml2.plugin.DhcpAgentSchedulerDbMixin.remove_networks_from_down_agents' sleeping for 37.00 seconds {{(pid=104911) _run_loop /opt/stack/data/venv/lib/python3.12/site-packages/oslo_service/backend/_threading/loopingcall.py:125}}
Feb 27 14:04:57.577660 np0000157300 neutron-periodic-workers[104923]: DEBUG dbcounter [-] [104923] Writing DB stats neutron:DELETE=1 {{(pid=104923) stat_writer /opt/stack/data/venv/lib/python3.12/site-packages/dbcounter.py:115}}
Feb 27 14:05:05.544138 np0000157300 neutron-periodic-workers[104911]: DEBUG dbcounter [-] [104911] Writing DB stats neutron:SELECT=3 {{(pid=104911) stat_writer /opt/stack/data/venv/lib/python3.12/site-packages/dbcounter.py:115}}
Feb 27 14:05:06.547867 np0000157300 neutron-periodic-workers[104916]: DEBUG neutron.db.agents_db [None req-847cc63d-c999-4060-8bbe-8fac95c0d2da None None] Agent healthcheck: found 0 active agents {{(pid=104916) agent_health_check /opt/stack/neutron/neutron/db/agents_db.py:317}}
Feb 27 14:05:06.548629 np0000157300 neutron-periodic-workers[104916]: DEBUG oslo.service.backend._threading.loopingcall [None req-847cc63d-c999-4060-8bbe-8fac95c0d2da None None] Fixed interval looping call 'neutron.plugins.ml2.plugin.AgentDbMixin.agent_health_check' sleeping for 36.99 seconds {{(pid=104916) _run_loop /opt/stack/data/venv/lib/python3.12/site-packages/oslo_service/backend/_threading/loopingcall.py:125}}
Feb 27 14:05:16.546144 np0000157300 neutron-periodic-workers[104916]: DEBUG dbcounter [-] [104916] Writing DB stats neutron:SELECT=1 {{(pid=104916) stat_writer /opt/stack/data/venv/lib/python3.12/site-packages/dbcounter.py:115}}
Feb 27 14:05:32.554741 np0000157300 neutron-periodic-workers[104911]: DEBUG oslo.service.backend._threading.loopingcall [None req-6f86b9b5-2945-425e-bf3a-c8185f98f0b2 None None] Fixed interval looping call 'neutron.plugins.ml2.plugin.DhcpAgentSchedulerDbMixin.remove_networks_from_down_agents' sleeping for 36.99 seconds {{(pid=104911) _run_loop /opt/stack/data/venv/lib/python3.12/site-packages/oslo_service/backend/_threading/loopingcall.py:125}}
Feb 27 14:05:42.553447 np0000157300 neutron-periodic-workers[104911]: DEBUG dbcounter [-] [104911] Writing DB stats neutron:SELECT=3 {{(pid=104911) stat_writer /opt/stack/data/venv/lib/python3.12/site-packages/dbcounter.py:115}}
Feb 27 14:05:43.543257 np0000157300 neutron-periodic-workers[104916]: DEBUG neutron.db.agents_db [None req-847cc63d-c999-4060-8bbe-8fac95c0d2da None None] Agent healthcheck: found 0 active agents {{(pid=104916) agent_health_check /opt/stack/neutron/neutron/db/agents_db.py:317}}
Feb 27 14:05:43.544025 np0000157300 neutron-periodic-workers[104916]: DEBUG oslo.service.backend._threading.loopingcall [None req-847cc63d-c999-4060-8bbe-8fac95c0d2da None None] Fixed interval looping call 'neutron.plugins.ml2.plugin.AgentDbMixin.agent_health_check' sleeping for 37.00 seconds {{(pid=104916) _run_loop /opt/stack/data/venv/lib/python3.12/site-packages/oslo_service/backend/_threading/loopingcall.py:125}}
Feb 27 14:05:53.541398 np0000157300 neutron-periodic-workers[104916]: DEBUG dbcounter [-] [104916] Writing DB stats neutron:SELECT=1 {{(pid=104916) stat_writer /opt/stack/data/venv/lib/python3.12/site-packages/dbcounter.py:115}}
Feb 27 14:06:09.553241 np0000157300 neutron-periodic-workers[104911]: DEBUG oslo.service.backend._threading.loopingcall [None req-6f86b9b5-2945-425e-bf3a-c8185f98f0b2 None None] Fixed interval looping call 'neutron.plugins.ml2.plugin.DhcpAgentSchedulerDbMixin.remove_networks_from_down_agents' sleeping for 36.99 seconds {{(pid=104911) _run_loop /opt/stack/data/venv/lib/python3.12/site-packages/oslo_service/backend/_threading/loopingcall.py:125}}
Feb 27 14:06:19.551802 np0000157300 neutron-periodic-workers[104911]: DEBUG dbcounter [-] [104911] Writing DB stats neutron:SELECT=3 {{(pid=104911) stat_writer /opt/stack/data/venv/lib/python3.12/site-packages/dbcounter.py:115}}
Feb 27 14:06:20.548881 np0000157300 neutron-periodic-workers[104916]: DEBUG neutron.db.agents_db [None req-847cc63d-c999-4060-8bbe-8fac95c0d2da None None] Agent healthcheck: found 0 active agents {{(pid=104916) agent_health_check /opt/stack/neutron/neutron/db/agents_db.py:317}}
Feb 27 14:06:20.549752 np0000157300 neutron-periodic-workers[104916]: DEBUG oslo.service.backend._threading.loopingcall [None req-847cc63d-c999-4060-8bbe-8fac95c0d2da None None] Fixed interval looping call 'neutron.plugins.ml2.plugin.AgentDbMixin.agent_health_check' sleeping for 36.99 seconds {{(pid=104916) _run_loop /opt/stack/data/venv/lib/python3.12/site-packages/oslo_service/backend/_threading/loopingcall.py:125}}
Feb 27 14:06:30.546969 np0000157300 neutron-periodic-workers[104916]: DEBUG dbcounter [-] [104916] Writing DB stats neutron:SELECT=1 {{(pid=104916) stat_writer /opt/stack/data/venv/lib/python3.12/site-packages/dbcounter.py:115}}
Feb 27 14:06:46.556824 np0000157300 neutron-periodic-workers[104911]: DEBUG oslo.service.backend._threading.loopingcall [None req-6f86b9b5-2945-425e-bf3a-c8185f98f0b2 None None] Fixed interval looping call 'neutron.plugins.ml2.plugin.DhcpAgentSchedulerDbMixin.remove_networks_from_down_agents' sleeping for 36.99 seconds {{(pid=104911) _run_loop /opt/stack/data/venv/lib/python3.12/site-packages/oslo_service/backend/_threading/loopingcall.py:125}}
Feb 27 14:06:47.584274 np0000157300 neutron-periodic-workers[104923]: DEBUG oslo.service.backend._threading.loopingcall [None req-57c9f3e0-4853-4a11-b84f-a3f32046acbc None None] Fixed interval looping call 'neutron.db.quota.driver_nolock.DbQuotaNoLockDriver._remove_expired_reservations' sleeping for 120.00 seconds {{(pid=104923) _run_loop /opt/stack/data/venv/lib/python3.12/site-packages/oslo_service/backend/_threading/loopingcall.py:125}}
Feb 27 14:06:56.551681 np0000157300 neutron-periodic-workers[104911]: DEBUG dbcounter [-] [104911] Writing DB stats neutron:SELECT=3 {{(pid=104911) stat_writer /opt/stack/data/venv/lib/python3.12/site-packages/dbcounter.py:115}}
Feb 27 14:06:57.545534 np0000157300 neutron-periodic-workers[104916]: DEBUG neutron.db.agents_db [None req-847cc63d-c999-4060-8bbe-8fac95c0d2da None None] Agent healthcheck: found 0 active agents {{(pid=104916) agent_health_check /opt/stack/neutron/neutron/db/agents_db.py:317}}
Feb 27 14:06:57.545534 np0000157300 neutron-periodic-workers[104916]: DEBUG oslo.service.backend._threading.loopingcall [None req-847cc63d-c999-4060-8bbe-8fac95c0d2da None None] Fixed interval looping call 'neutron.plugins.ml2.plugin.AgentDbMixin.agent_health_check' sleeping for 36.99 seconds {{(pid=104916) _run_loop /opt/stack/data/venv/lib/python3.12/site-packages/oslo_service/backend/_threading/loopingcall.py:125}}
Feb 27 14:06:57.582784 np0000157300 neutron-periodic-workers[104923]: DEBUG dbcounter [-] [104923] Writing DB stats neutron:DELETE=1 {{(pid=104923) stat_writer /opt/stack/data/venv/lib/python3.12/site-packages/dbcounter.py:115}}
Feb 27 14:07:07.589286 np0000157300 neutron-periodic-workers[104916]: DEBUG dbcounter [-] [104916] Writing DB stats neutron:SELECT=1 {{(pid=104916) stat_writer /opt/stack/data/venv/lib/python3.12/site-packages/dbcounter.py:115}}
Feb 27 14:07:23.553199 np0000157300 neutron-periodic-workers[104911]: DEBUG oslo.service.backend._threading.loopingcall [None req-6f86b9b5-2945-425e-bf3a-c8185f98f0b2 None None] Fixed interval looping call 'neutron.plugins.ml2.plugin.DhcpAgentSchedulerDbMixin.remove_networks_from_down_agents' sleeping for 36.99 seconds {{(pid=104911) _run_loop /opt/stack/data/venv/lib/python3.12/site-packages/oslo_service/backend/_threading/loopingcall.py:125}}
Feb 27 14:07:33.551945 np0000157300 neutron-periodic-workers[104911]: DEBUG dbcounter [-] [104911] Writing DB stats neutron:SELECT=3 {{(pid=104911) stat_writer /opt/stack/data/venv/lib/python3.12/site-packages/dbcounter.py:115}}
Feb 27 14:07:34.541323 np0000157300 neutron-periodic-workers[104916]: DEBUG neutron.db.agents_db [None req-847cc63d-c999-4060-8bbe-8fac95c0d2da None None] Agent healthcheck: found 0 active agents {{(pid=104916) agent_health_check /opt/stack/neutron/neutron/db/agents_db.py:317}}
Feb 27 14:07:34.542092 np0000157300 neutron-periodic-workers[104916]: DEBUG oslo.service.backend._threading.loopingcall [None req-847cc63d-c999-4060-8bbe-8fac95c0d2da None None] Fixed interval looping call 'neutron.plugins.ml2.plugin.AgentDbMixin.agent_health_check' sleeping for 36.99 seconds {{(pid=104916) _run_loop /opt/stack/data/venv/lib/python3.12/site-packages/oslo_service/backend/_threading/loopingcall.py:125}}
