Apr 02 05:48:05.762645 np0000162700 devstack@neutron-api.service[102045]: DEBUG neutron.plugins.ml2.drivers.ovn.mech_driver.ovsdb.maintenance [-] Touching Hash Ring node "6c053f1b15b75e239a314d0f48a21402" from periodic health check thread {{(pid=102045) touch_hash_ring_node /opt/stack/neutron/neutron/plugins/ml2/drivers/ovn/mech_driver/ovsdb/maintenance.py:1232}}
Apr 02 05:48:14.865806 np0000162700 devstack@neutron-api.service[102042]: DEBUG dbcounter [-] [102042] Writing DB stats neutron:UPDATE=1,neutron:SELECT=1 {{(pid=102042) stat_writer /opt/stack/data/venv/lib/python3.12/site-packages/dbcounter.py:115}}
Apr 02 05:48:15.618504 np0000162700 devstack@neutron-api.service[102043]: DEBUG dbcounter [-] [102043] Writing DB stats neutron:UPDATE=1,neutron:SELECT=1 {{(pid=102043) stat_writer /opt/stack/data/venv/lib/python3.12/site-packages/dbcounter.py:115}}
Apr 02 05:48:15.759319 np0000162700 devstack@neutron-api.service[102044]: DEBUG dbcounter [-] [102044] Writing DB stats neutron:UPDATE=1,neutron:SELECT=1 {{(pid=102044) stat_writer /opt/stack/data/venv/lib/python3.12/site-packages/dbcounter.py:115}}
Apr 02 05:48:15.774196 np0000162700 devstack@neutron-api.service[102045]: DEBUG dbcounter [-] [102045] Writing DB stats neutron:UPDATE=1,neutron:SELECT=1 {{(pid=102045) stat_writer /opt/stack/data/venv/lib/python3.12/site-packages/dbcounter.py:115}}
Apr 02 05:48:19.855537 np0000162700 devstack@neutron-api.service[102042]: DEBUG futurist.periodics [-] Submitting periodic callback 'neutron.plugins.ml2.drivers.ovn.mech_driver.ovsdb.maintenance.HashRingHealthCheckPeriodics.touch_hash_ring_node' {{(pid=102042) _process_scheduled /opt/stack/data/venv/lib/python3.12/site-packages/futurist/periodics.py:638}}
Apr 02 05:48:19.856655 np0000162700 devstack@neutron-api.service[102042]: DEBUG neutron.plugins.ml2.drivers.ovn.mech_driver.ovsdb.maintenance [-] Touching Hash Ring node "ba837641ca265dc1b1982ec79c94ed96" from periodic health check thread {{(pid=102042) touch_hash_ring_node /opt/stack/neutron/neutron/plugins/ml2/drivers/ovn/mech_driver/ovsdb/maintenance.py:1232}}
Apr 02 05:48:20.607157 np0000162700 devstack@neutron-api.service[102043]: DEBUG futurist.periodics [-] Submitting periodic callback 'neutron.plugins.ml2.drivers.ovn.mech_driver.ovsdb.maintenance.HashRingHealthCheckPeriodics.touch_hash_ring_node' {{(pid=102043) _process_scheduled /opt/stack/data/venv/lib/python3.12/site-packages/futurist/periodics.py:638}}
Apr 02 05:48:20.608462 np0000162700 devstack@neutron-api.service[102043]: DEBUG neutron.plugins.ml2.drivers.ovn.mech_driver.ovsdb.maintenance [-] Touching Hash Ring node "a164744a89635b11a34913684306b681" from periodic health check thread {{(pid=102043) touch_hash_ring_node /opt/stack/neutron/neutron/plugins/ml2/drivers/ovn/mech_driver/ovsdb/maintenance.py:1232}}
Apr 02 05:48:20.749486 np0000162700 devstack@neutron-api.service[102044]: DEBUG futurist.periodics [-] Submitting periodic callback 'neutron.plugins.ml2.drivers.ovn.mech_driver.ovsdb.maintenance.HashRingHealthCheckPeriodics.touch_hash_ring_node' {{(pid=102044) _process_scheduled /opt/stack/data/venv/lib/python3.12/site-packages/futurist/periodics.py:638}}
Apr 02 05:48:20.750788 np0000162700 devstack@neutron-api.service[102044]: DEBUG neutron.plugins.ml2.drivers.ovn.mech_driver.ovsdb.maintenance [-] Touching Hash Ring node "3e85c89f96d458ea8b3d216527293606" from periodic health check thread {{(pid=102044) touch_hash_ring_node /opt/stack/neutron/neutron/plugins/ml2/drivers/ovn/mech_driver/ovsdb/maintenance.py:1232}}
Apr 02 05:48:20.763017 np0000162700 devstack@neutron-api.service[102045]: DEBUG futurist.periodics [-] Submitting periodic callback 'neutron.plugins.ml2.drivers.ovn.mech_driver.ovsdb.maintenance.HashRingHealthCheckPeriodics.touch_hash_ring_node' {{(pid=102045) _process_scheduled /opt/stack/data/venv/lib/python3.12/site-packages/futurist/periodics.py:638}}
Apr 02 05:48:20.764322 np0000162700 devstack@neutron-api.service[102045]: DEBUG neutron.plugins.ml2.drivers.ovn.mech_driver.ovsdb.maintenance [-] Touching Hash Ring node "6c053f1b15b75e239a314d0f48a21402" from periodic health check thread {{(pid=102045) touch_hash_ring_node /opt/stack/neutron/neutron/plugins/ml2/drivers/ovn/mech_driver/ovsdb/maintenance.py:1232}}
Apr 02 05:48:29.867664 np0000162700 devstack@neutron-api.service[102042]: DEBUG dbcounter [-] [102042] Writing DB stats neutron:UPDATE=1,neutron:SELECT=1 {{(pid=102042) stat_writer /opt/stack/data/venv/lib/python3.12/site-packages/dbcounter.py:115}}
Apr 02 05:48:30.618392 np0000162700 devstack@neutron-api.service[102043]: DEBUG dbcounter [-] [102043] Writing DB stats neutron:UPDATE=1,neutron:SELECT=1 {{(pid=102043) stat_writer /opt/stack/data/venv/lib/python3.12/site-packages/dbcounter.py:115}}
Apr 02 05:48:30.763438 np0000162700 devstack@neutron-api.service[102044]: DEBUG dbcounter [-] [102044] Writing DB stats neutron:UPDATE=1,neutron:SELECT=1 {{(pid=102044) stat_writer /opt/stack/data/venv/lib/python3.12/site-packages/dbcounter.py:115}}
Apr 02 05:48:30.773952 np0000162700 devstack@neutron-api.service[102045]: DEBUG dbcounter [-] [102045] Writing DB stats neutron:UPDATE=1,neutron:SELECT=1 {{(pid=102045) stat_writer /opt/stack/data/venv/lib/python3.12/site-packages/dbcounter.py:115}}
Apr 02 05:48:34.857107 np0000162700 devstack@neutron-api.service[102042]: DEBUG futurist.periodics [-] Submitting periodic callback 'neutron.plugins.ml2.drivers.ovn.mech_driver.ovsdb.maintenance.HashRingHealthCheckPeriodics.touch_hash_ring_node' {{(pid=102042) _process_scheduled /opt/stack/data/venv/lib/python3.12/site-packages/futurist/periodics.py:638}}
Apr 02 05:48:34.858372 np0000162700 devstack@neutron-api.service[102042]: DEBUG neutron.plugins.ml2.drivers.ovn.mech_driver.ovsdb.maintenance [-] Touching Hash Ring node "ba837641ca265dc1b1982ec79c94ed96" from periodic health check thread {{(pid=102042) touch_hash_ring_node /opt/stack/neutron/neutron/plugins/ml2/drivers/ovn/mech_driver/ovsdb/maintenance.py:1232}}
Apr 02 05:48:35.608819 np0000162700 devstack@neutron-api.service[102043]: DEBUG futurist.periodics [-] Submitting periodic callback 'neutron.plugins.ml2.drivers.ovn.mech_driver.ovsdb.maintenance.HashRingHealthCheckPeriodics.touch_hash_ring_node' {{(pid=102043) _process_scheduled /opt/stack/data/venv/lib/python3.12/site-packages/futurist/periodics.py:638}}
Apr 02 05:48:35.610050 np0000162700 devstack@neutron-api.service[102043]: DEBUG neutron.plugins.ml2.drivers.ovn.mech_driver.ovsdb.maintenance [-] Touching Hash Ring node "a164744a89635b11a34913684306b681" from periodic health check thread {{(pid=102043) touch_hash_ring_node /opt/stack/neutron/neutron/plugins/ml2/drivers/ovn/mech_driver/ovsdb/maintenance.py:1232}}
Apr 02 05:48:35.750905 np0000162700 devstack@neutron-api.service[102044]: DEBUG futurist.periodics [-] Submitting periodic callback 'neutron.plugins.ml2.drivers.ovn.mech_driver.ovsdb.maintenance.HashRingHealthCheckPeriodics.touch_hash_ring_node' {{(pid=102044) _process_scheduled /opt/stack/data/venv/lib/python3.12/site-packages/futurist/periodics.py:638}}
Apr 02 05:48:35.751962 np0000162700 devstack@neutron-api.service[102044]: DEBUG neutron.plugins.ml2.drivers.ovn.mech_driver.ovsdb.maintenance [-] Touching Hash Ring node "3e85c89f96d458ea8b3d216527293606" from periodic health check thread {{(pid=102044) touch_hash_ring_node /opt/stack/neutron/neutron/plugins/ml2/drivers/ovn/mech_driver/ovsdb/maintenance.py:1232}}
Apr 02 05:48:35.764533 np0000162700 devstack@neutron-api.service[102045]: DEBUG futurist.periodics [-] Submitting periodic callback 'neutron.plugins.ml2.drivers.ovn.mech_driver.ovsdb.maintenance.HashRingHealthCheckPeriodics.touch_hash_ring_node' {{(pid=102045) _process_scheduled /opt/stack/data/venv/lib/python3.12/site-packages/futurist/periodics.py:638}}
Apr 02 05:48:35.765966 np0000162700 devstack@neutron-api.service[102045]: DEBUG neutron.plugins.ml2.drivers.ovn.mech_driver.ovsdb.maintenance [-] Touching Hash Ring node "6c053f1b15b75e239a314d0f48a21402" from periodic health check thread {{(pid=102045) touch_hash_ring_node /opt/stack/neutron/neutron/plugins/ml2/drivers/ovn/mech_driver/ovsdb/maintenance.py:1232}}
Apr 02 05:48:44.868491 np0000162700 devstack@neutron-api.service[102042]: DEBUG dbcounter [-] [102042] Writing DB stats neutron:UPDATE=1,neutron:SELECT=1 {{(pid=102042) stat_writer /opt/stack/data/venv/lib/python3.12/site-packages/dbcounter.py:115}}
Apr 02 05:48:45.623172 np0000162700 devstack@neutron-api.service[102043]: DEBUG dbcounter [-] [102043] Writing DB stats neutron:UPDATE=1,neutron:SELECT=1 {{(pid=102043) stat_writer /opt/stack/data/venv/lib/python3.12/site-packages/dbcounter.py:115}}
Apr 02 05:48:45.761946 np0000162700 devstack@neutron-api.service[102044]: DEBUG dbcounter [-] [102044] Writing DB stats neutron:UPDATE=1,neutron:SELECT=1 {{(pid=102044) stat_writer /opt/stack/data/venv/lib/python3.12/site-packages/dbcounter.py:115}}
Apr 02 05:48:45.775525 np0000162700 devstack@neutron-api.service[102045]: DEBUG dbcounter [-] [102045] Writing DB stats neutron:UPDATE=1,neutron:SELECT=1 {{(pid=102045) stat_writer /opt/stack/data/venv/lib/python3.12/site-packages/dbcounter.py:115}}
Apr 02 05:48:48.501240 np0000162700 devstack@neutron-api.service[102045]: INFO neutron.pecan_wsgi.hooks.translation [None req-576d921d-42b8-49de-901f-d80bd5a2339b admin admin] GET failed (client error): The resource could not be found.
Apr 02 05:48:48.501920 np0000162700 devstack@neutron-api.service[102045]: [pid: 102045|app: 0|req: 23/91] 162.253.55.43 () {64 vars in 1327 bytes} [Thu Apr 2 05:48:48 2026] GET /networking/v2.0/networks/admin_net => generated 111 bytes in 12 msecs (HTTP/1.1 404) 4 headers in 164 bytes (1 switches on core 0)
Apr 02 05:48:48.536910 np0000162700 devstack@neutron-api.service[102044]: [pid: 102044|app: 0|req: 23/92] 162.253.55.43 () {64 vars in 1339 bytes} [Thu Apr 2 05:48:48 2026] GET /networking/v2.0/networks?name=admin_net => generated 15 bytes in 24 msecs (HTTP/1.1 200) 4 headers in 156 bytes (1 switches on core 0)
Apr 02 05:48:48.791261 np0000162700 devstack@neutron-api.service[102043]: DEBUG neutron.api.v2.base [None req-9f06f2ca-0cc6-457c-ba4e-1ddf3035f7d9 admin admin] Request body: {'network': {'admin_state_up': True, 'project_id': '6d2a3162729847e795774cf767522840', 'name': 'admin_net'}} {{(pid=102043) prepare_request_body /opt/stack/neutron/neutron/api/v2/base.py:729}}
Apr 02 05:48:48.876547 np0000162700 devstack@neutron-api.service[102043]: DEBUG neutron.pecan_wsgi.hooks.quota_enforcement [None req-9f06f2ca-0cc6-457c-ba4e-1ddf3035f7d9 admin admin] Made reservation on behalf of 6d2a3162729847e795774cf767522840 for: {'network': 1} {{(pid=102043) before /opt/stack/neutron/neutron/pecan_wsgi/hooks/quota_enforcement.py:66}}
Apr 02 05:48:48.882847 np0000162700 devstack@neutron-api.service[102043]: DEBUG neutron_lib.callbacks.manager [None req-9f06f2ca-0cc6-457c-ba4e-1ddf3035f7d9 admin admin] Publish callbacks ['neutron.plugins.ml2.plugin.SecurityGroupDbMixin._ensure_default_security_group_handler-148479'] for network (None), before_create {{(pid=102043) _notify_loop /opt/stack/data/venv/lib/python3.12/site-packages/neutron_lib/callbacks/manager.py:184}}
Apr 02 05:48:48.888605 np0000162700 devstack@neutron-api.service[102043]: DEBUG neutron_lib.callbacks.manager [None req-9f06f2ca-0cc6-457c-ba4e-1ddf3035f7d9 admin admin] Publish callbacks [] for security_group (None), before_create {{(pid=102043) _notify_loop /opt/stack/data/venv/lib/python3.12/site-packages/neutron_lib/callbacks/manager.py:184}}
Apr 02 05:48:48.955773 np0000162700 devstack@neutron-api.service[102043]: DEBUG neutron_lib.callbacks.manager [None req-9f06f2ca-0cc6-457c-ba4e-1ddf3035f7d9 admin admin] Publish callbacks ['neutron.plugins.ml2.drivers.ovn.mech_driver.mech_driver.OVNMechanismDriver._create_security_group_precommit-482974'] for security_group (7cbab802-ee85-4451-a69e-a18d4d833ec6), precommit_create {{(pid=102043) _notify_loop /opt/stack/data/venv/lib/python3.12/site-packages/neutron_lib/callbacks/manager.py:184}}
Apr 02 05:48:48.955773 np0000162700 devstack@neutron-api.service[102043]: DEBUG neutron.db.ovn_revision_numbers_db [None req-9f06f2ca-0cc6-457c-ba4e-1ddf3035f7d9 admin admin] create_initial_revision uuid=7cbab802-ee85-4451-a69e-a18d4d833ec6, type=security_groups, rev=-1 {{(pid=102043) create_initial_revision /opt/stack/neutron/neutron/db/ovn_revision_numbers_db.py:98}}
Apr 02 05:48:48.956928 np0000162700 devstack@neutron-api.service[102043]: DEBUG neutron.db.ovn_revision_numbers_db [None req-9f06f2ca-0cc6-457c-ba4e-1ddf3035f7d9 admin admin] create_initial_revision uuid=6f2b4af3-f119-4cad-86dd-539a53d209b5, type=security_group_rules, rev=-1 {{(pid=102043) create_initial_revision /opt/stack/neutron/neutron/db/ovn_revision_numbers_db.py:98}}
Apr 02 05:48:48.957887 np0000162700 devstack@neutron-api.service[102043]: DEBUG neutron.db.ovn_revision_numbers_db [None req-9f06f2ca-0cc6-457c-ba4e-1ddf3035f7d9 admin admin] create_initial_revision uuid=7e0b799a-740e-4dbb-bec8-d32ab5779a61, type=security_group_rules, rev=-1 {{(pid=102043) create_initial_revision /opt/stack/neutron/neutron/db/ovn_revision_numbers_db.py:98}}
Apr 02 05:48:48.958797 np0000162700 devstack@neutron-api.service[102043]: DEBUG neutron.db.ovn_revision_numbers_db [None req-9f06f2ca-0cc6-457c-ba4e-1ddf3035f7d9 admin admin] create_initial_revision uuid=839f40df-f975-44dd-b79c-dac45a0fea5b, type=security_group_rules, rev=-1 {{(pid=102043) create_initial_revision /opt/stack/neutron/neutron/db/ovn_revision_numbers_db.py:98}}
Apr 02 05:48:48.959769 np0000162700 devstack@neutron-api.service[102043]: DEBUG neutron.db.ovn_revision_numbers_db [None req-9f06f2ca-0cc6-457c-ba4e-1ddf3035f7d9 admin admin] create_initial_revision uuid=b298578b-ca95-407a-9043-ce7a0a6c61fe, type=security_group_rules, rev=-1 {{(pid=102043) create_initial_revision /opt/stack/neutron/neutron/db/ovn_revision_numbers_db.py:98}}
Apr 02 05:48:48.982578 np0000162700 devstack@neutron-api.service[102043]: DEBUG neutron_lib.callbacks.manager [None req-9f06f2ca-0cc6-457c-ba4e-1ddf3035f7d9 admin admin] Publish callbacks ['neutron.plugins.ml2.drivers.ovn.mech_driver.mech_driver.OVNMechanismDriver._create_security_group-482948', 'neutron.plugins.ml2.ovo_rpc._ObjectChangeHandler.handle_event-1761037'] for security_group (7cbab802-ee85-4451-a69e-a18d4d833ec6), after_create {{(pid=102043) _notify_loop /opt/stack/data/venv/lib/python3.12/site-packages/neutron_lib/callbacks/manager.py:184}}
Apr 02 05:48:48.983765 np0000162700 devstack@neutron-api.service[102043]: DEBUG ovsdbapp.backend.ovs_idl.transaction [None req-efe14ae5-123b-4ffd-931f-1951ca575471 None None] Running txn n=1 command(idx=0): PgAddCommand(_result=None, name=pg_7cbab802_ee85_4451_a69e_a18d4d833ec6, may_exist=False, columns={'acls': [], 'external_ids': {'neutron:security_group_id': '7cbab802-ee85-4451-a69e-a18d4d833ec6'}}) {{(pid=102043) do_commit /opt/stack/data/venv/lib/python3.12/site-packages/ovsdbapp/backend/ovs_idl/transaction.py:89}}
Apr 02 05:48:48.984449 np0000162700 devstack@neutron-api.service[102043]: DEBUG ovsdbapp.backend.ovs_idl.transaction [None req-efe14ae5-123b-4ffd-931f-1951ca575471 None None] Running txn n=1 command(idx=1): PgAclAddCommand(_result=None, entity=pg_7cbab802_ee85_4451_a69e_a18d4d833ec6, direction=to-lport, priority=1002, match=outport == @pg_7cbab802_ee85_4451_a69e_a18d4d833ec6 && ip4 && ip4.src == $pg_7cbab802_ee85_4451_a69e_a18d4d833ec6_ip4, action=allow-related, log=False, may_exist=True, severity=[], name=[], meter=[], external_ids={'neutron:security_group_rule_id': '6f2b4af3-f119-4cad-86dd-539a53d209b5'}) {{(pid=102043) do_commit /opt/stack/data/venv/lib/python3.12/site-packages/ovsdbapp/backend/ovs_idl/transaction.py:89}}
Apr 02 05:48:48.985227 np0000162700 devstack@neutron-api.service[102043]: DEBUG ovsdbapp.backend.ovs_idl.transaction [None req-efe14ae5-123b-4ffd-931f-1951ca575471 None None] Running txn n=1 command(idx=2): PgAclAddCommand(_result=None, entity=pg_7cbab802_ee85_4451_a69e_a18d4d833ec6, direction=from-lport, priority=1002, match=inport == @pg_7cbab802_ee85_4451_a69e_a18d4d833ec6 && ip6, action=allow-related, log=False, may_exist=True, severity=[], name=[], meter=[], external_ids={'neutron:security_group_rule_id': '7e0b799a-740e-4dbb-bec8-d32ab5779a61'}) {{(pid=102043) do_commit /opt/stack/data/venv/lib/python3.12/site-packages/ovsdbapp/backend/ovs_idl/transaction.py:89}}
Apr 02 05:48:48.985987 np0000162700 devstack@neutron-api.service[102043]: DEBUG ovsdbapp.backend.ovs_idl.transaction [None req-efe14ae5-123b-4ffd-931f-1951ca575471 None None] Running txn n=1 command(idx=3): PgAclAddCommand(_result=None, entity=pg_7cbab802_ee85_4451_a69e_a18d4d833ec6, direction=to-lport, priority=1002, match=outport == @pg_7cbab802_ee85_4451_a69e_a18d4d833ec6 && ip6 && ip6.src == $pg_7cbab802_ee85_4451_a69e_a18d4d833ec6_ip6, action=allow-related, log=False, may_exist=True, severity=[], name=[], meter=[], external_ids={'neutron:security_group_rule_id': '839f40df-f975-44dd-b79c-dac45a0fea5b'}) {{(pid=102043) do_commit /opt/stack/data/venv/lib/python3.12/site-packages/ovsdbapp/backend/ovs_idl/transaction.py:89}}
Apr 02 05:48:48.986570 np0000162700 devstack@neutron-api.service[102043]: DEBUG ovsdbapp.backend.ovs_idl.transaction [None req-efe14ae5-123b-4ffd-931f-1951ca575471 None None] Running txn n=1 command(idx=4): PgAclAddCommand(_result=None, entity=pg_7cbab802_ee85_4451_a69e_a18d4d833ec6, direction=from-lport, priority=1002, match=inport == @pg_7cbab802_ee85_4451_a69e_a18d4d833ec6 && ip4, action=allow-related, log=False, may_exist=True, severity=[], name=[], meter=[], external_ids={'neutron:security_group_rule_id': 'b298578b-ca95-407a-9043-ce7a0a6c61fe'}) {{(pid=102043) do_commit /opt/stack/data/venv/lib/python3.12/site-packages/ovsdbapp/backend/ovs_idl/transaction.py:89}}
Apr 02 05:48:49.000931 np0000162700 devstack@neutron-api.service[102043]: DEBUG neutron.common.ovn.hash_ring_manager [None req-efe14ae5-123b-4ffd-931f-1951ca575471 None None] Hash Ring loaded. 4 active nodes. 0 offline nodes {{(pid=102043) _load_hash_ring /opt/stack/neutron/neutron/common/ovn/hash_ring_manager.py:102}}
Apr 02 05:48:49.002852 np0000162700 devstack@neutron-api.service[102044]: DEBUG neutron.common.ovn.hash_ring_manager [None req-00de61ff-9450-4658-b55b-1f3d6dace9cf None None] Hash Ring loaded. 4 active nodes. 0 offline nodes {{(pid=102044) _load_hash_ring /opt/stack/neutron/neutron/common/ovn/hash_ring_manager.py:102}}
Apr 02 05:48:49.003212 np0000162700 devstack@neutron-api.service[102045]: DEBUG neutron.common.ovn.hash_ring_manager [None req-b94ce03e-869e-4f3c-8ce8-3fc093af0bef None None] Hash Ring loaded. 4 active nodes. 0 offline nodes {{(pid=102045) _load_hash_ring /opt/stack/neutron/neutron/common/ovn/hash_ring_manager.py:102}}
Apr 02 05:48:49.003370 np0000162700 devstack@neutron-api.service[102044]: DEBUG neutron.plugins.ml2.drivers.ovn.mech_driver.ovsdb.ovsdb_monitor [None req-00de61ff-9450-4658-b55b-1f3d6dace9cf None None] Hash Ring: Node 3e85c89f96d458ea8b3d216527293606 (host: np0000162700) handling event "create" for row 464a380b-a49c-4018-9389-83fb4ed2c89b (table: Port_Group) {{(pid=102044) notify /opt/stack/neutron/neutron/plugins/ml2/drivers/ovn/mech_driver/ovsdb/ovsdb_monitor.py:912}}
Apr 02 05:48:49.003697 np0000162700 devstack@neutron-api.service[102045]: DEBUG neutron.plugins.ml2.drivers.ovn.mech_driver.ovsdb.ovsdb_monitor [None req-b94ce03e-869e-4f3c-8ce8-3fc093af0bef None None] Hash Ring: Node 6c053f1b15b75e239a314d0f48a21402 (host: np0000162700) handling event "create" for row 28aa08ac-f76e-4c8e-9304-c8b73955e623 (table: ACL) {{(pid=102045) notify /opt/stack/neutron/neutron/plugins/ml2/drivers/ovn/mech_driver/ovsdb/ovsdb_monitor.py:912}}
Apr 02 05:48:49.003814 np0000162700 devstack@neutron-api.service[102042]: DEBUG neutron.common.ovn.hash_ring_manager [None req-e4338f57-7f68-4ae8-a564-82d7dc3ef20c None None] Hash Ring loaded. 4 active nodes. 0 offline nodes {{(pid=102042) _load_hash_ring /opt/stack/neutron/neutron/common/ovn/hash_ring_manager.py:102}}
Apr 02 05:48:49.004103 np0000162700 devstack@neutron-api.service[102045]: DEBUG neutron.plugins.ml2.drivers.ovn.mech_driver.ovsdb.ovsdb_monitor [None req-b94ce03e-869e-4f3c-8ce8-3fc093af0bef None None] Hash Ring: Node 6c053f1b15b75e239a314d0f48a21402 (host: np0000162700) handling event "create" for row ef5167c2-79c0-4d23-9c25-ad50c7c11150 (table: ACL) {{(pid=102045) notify /opt/stack/neutron/neutron/plugins/ml2/drivers/ovn/mech_driver/ovsdb/ovsdb_monitor.py:912}}
Apr 02 05:48:49.004263 np0000162700 devstack@neutron-api.service[102042]: DEBUG neutron.plugins.ml2.drivers.ovn.mech_driver.ovsdb.ovsdb_monitor [None req-e4338f57-7f68-4ae8-a564-82d7dc3ef20c None None] Hash Ring: Node ba837641ca265dc1b1982ec79c94ed96 (host: np0000162700) handling event "create" for row f015d96a-a6c8-4268-a0c7-48c72c164210 (table: ACL) {{(pid=102042) notify /opt/stack/neutron/neutron/plugins/ml2/drivers/ovn/mech_driver/ovsdb/ovsdb_monitor.py:912}}
Apr 02 05:48:49.004936 np0000162700 devstack@neutron-api.service[102042]: DEBUG neutron.plugins.ml2.drivers.ovn.mech_driver.ovsdb.ovsdb_monitor [None req-e4338f57-7f68-4ae8-a564-82d7dc3ef20c None None] Hash Ring: Node ba837641ca265dc1b1982ec79c94ed96 (host: np0000162700) handling event "create" for row f377baef-08ca-48ed-81c6-bed0f743364f (table: ACL) {{(pid=102042) notify /opt/stack/neutron/neutron/plugins/ml2/drivers/ovn/mech_driver/ovsdb/ovsdb_monitor.py:912}}
Apr 02 05:48:49.053081 np0000162700 devstack@neutron-api.service[102043]: INFO neutron.db.ovn_revision_numbers_db [None req-9f06f2ca-0cc6-457c-ba4e-1ddf3035f7d9 admin admin] Successfully bumped revision number for resource 7cbab802-ee85-4451-a69e-a18d4d833ec6 (type: security_groups) to 1
Apr 02 05:48:49.156346 np0000162700 devstack@neutron-api.service[102043]: INFO neutron.db.ovn_revision_numbers_db [None req-9f06f2ca-0cc6-457c-ba4e-1ddf3035f7d9 admin admin] Successfully bumped revision number for resource 6f2b4af3-f119-4cad-86dd-539a53d209b5 (type: security_group_rules) to 0
Apr 02 05:48:49.268433 np0000162700 devstack@neutron-api.service[102043]: INFO neutron.db.ovn_revision_numbers_db [None req-9f06f2ca-0cc6-457c-ba4e-1ddf3035f7d9 admin admin] Successfully bumped revision number for resource 7e0b799a-740e-4dbb-bec8-d32ab5779a61 (type: security_group_rules) to 0
Apr 02 05:48:49.381116 np0000162700 devstack@neutron-api.service[102043]: INFO neutron.db.ovn_revision_numbers_db [None req-9f06f2ca-0cc6-457c-ba4e-1ddf3035f7d9 admin admin] Successfully bumped revision number for resource 839f40df-f975-44dd-b79c-dac45a0fea5b (type: security_group_rules) to 0
Apr 02 05:48:49.455324 np0000162700 devstack@neutron-api.service[102043]: INFO neutron.db.ovn_revision_numbers_db [None req-9f06f2ca-0cc6-457c-ba4e-1ddf3035f7d9 admin admin] Successfully bumped revision number for resource b298578b-ca95-407a-9043-ce7a0a6c61fe (type: security_group_rules) to 0
Apr 02 05:48:49.481157 np0000162700 devstack@neutron-api.service[102043]: DEBUG neutron.api.rpc.handlers.resources_rpc [None req-9f06f2ca-0cc6-457c-ba4e-1ddf3035f7d9 admin admin] Pushing event updated for resources: {'SecurityGroup': ['ID=7cbab802-ee85-4451-a69e-a18d4d833ec6,revision_number=1']} {{(pid=102043) push /opt/stack/neutron/neutron/api/rpc/handlers/resources_rpc.py:237}}
Apr 02 05:48:49.486374 np0000162700 devstack@neutron-api.service[102043]: DEBUG ovsdbapp.backend.ovs_idl.transaction [None req-efe14ae5-123b-4ffd-931f-1951ca575471 None None] Running txn n=1 command(idx=0): CheckLivenessCommand(_result=None) {{(pid=102043) do_commit /opt/stack/data/venv/lib/python3.12/site-packages/ovsdbapp/backend/ovs_idl/transaction.py:89}}
Apr 02 05:48:49.489263 np0000162700 devstack@neutron-api.service[102043]: DEBUG neutron.plugins.ml2.drivers.ovn.mech_driver.ovsdb.ovsdb_monitor [None req-efe14ae5-123b-4ffd-931f-1951ca575471 None None] Hash Ring: Node a164744a89635b11a34913684306b681 (host: np0000162700) handling event "update" for row 5fdd1ffd-e211-4784-9b3e-ea9a30ccb7da (table: NB_Global) {{(pid=102043) notify /opt/stack/neutron/neutron/plugins/ml2/drivers/ovn/mech_driver/ovsdb/ovsdb_monitor.py:912}}
Apr 02 05:48:49.490811 np0000162700 devstack@neutron-api.service[102043]: DEBUG neutron.plugins.ml2.drivers.ovn.mech_driver.ovsdb.ovsdb_monitor [None req-efe14ae5-123b-4ffd-931f-1951ca575471 None None] Hash Ring: Node a164744a89635b11a34913684306b681 (host: np0000162700) handling event "update" for row 5fdd1ffd-e211-4784-9b3e-ea9a30ccb7da (table: NB_Global) {{(pid=102043) notify /opt/stack/neutron/neutron/plugins/ml2/drivers/ovn/mech_driver/ovsdb/ovsdb_monitor.py:912}}
Apr 02 05:48:49.496324 np0000162700 devstack@neutron-api.service[102043]: DEBUG neutron.plugins.ml2.drivers.ovn.mech_driver.ovsdb.ovsdb_monitor [None req-efe14ae5-123b-4ffd-931f-1951ca575471 None None] Hash Ring: Node a164744a89635b11a34913684306b681 (host: np0000162700) handling event "update" for row 5fdd1ffd-e211-4784-9b3e-ea9a30ccb7da (table: NB_Global) {{(pid=102043) notify /opt/stack/neutron/neutron/plugins/ml2/drivers/ovn/mech_driver/ovsdb/ovsdb_monitor.py:912}}
Apr 02 05:48:49.496568 np0000162700 devstack@neutron-api.service[102042]: DEBUG neutron.plugins.ml2.drivers.ovn.mech_driver.ovsdb.ovsdb_monitor [None req-4f8ffbcb-b6bc-4653-9c63-2405d873b28e None None] ChassisAgentWriteEvent : Matched Chassis_Private, update, None None {{(pid=102042) matches /opt/stack/neutron/neutron/plugins/ml2/drivers/ovn/mech_driver/ovsdb/ovsdb_monitor.py:64}}
Apr 02 05:48:49.496731 np0000162700 devstack@neutron-api.service[102045]: DEBUG neutron.plugins.ml2.drivers.ovn.mech_driver.ovsdb.ovsdb_monitor [None req-29d36e3f-6ee4-4945-bd58-1ccef8c6482a None None] ChassisAgentWriteEvent : Matched Chassis_Private, update, None None {{(pid=102045) matches /opt/stack/neutron/neutron/plugins/ml2/drivers/ovn/mech_driver/ovsdb/ovsdb_monitor.py:64}}
Apr 02 05:48:49.496828 np0000162700 devstack@neutron-api.service[102044]: DEBUG neutron.plugins.ml2.drivers.ovn.mech_driver.ovsdb.ovsdb_monitor [None req-14846381-f03b-4b74-9589-d335d8716e6e None None] ChassisAgentWriteEvent : Matched Chassis_Private, update, None None {{(pid=102044) matches /opt/stack/neutron/neutron/plugins/ml2/drivers/ovn/mech_driver/ovsdb/ovsdb_monitor.py:64}}
Apr 02 05:48:49.496949 np0000162700 devstack@neutron-api.service[102043]: DEBUG neutron.api.rpc.callbacks.version_manager [None req-9f06f2ca-0cc6-457c-ba4e-1ddf3035f7d9 admin admin] Tracked resource versions report:
Apr 02 05:48:49.496949 np0000162700 devstack@neutron-api.service[102043]: pushed versions:
Apr 02 05:48:49.496949 np0000162700 devstack@neutron-api.service[102043]: { 'AddressGroup': {'1.2'},
Apr 02 05:48:49.496949 np0000162700 devstack@neutron-api.service[102043]: 'Agent': {'1.1'},
Apr 02 05:48:49.496949 np0000162700 devstack@neutron-api.service[102043]: 'ConntrackHelper': {'1.0'},
Apr 02 05:48:49.496949 np0000162700 devstack@neutron-api.service[102043]: 'LocalIPAssociation': {'1.0'},
Apr 02 05:48:49.496949 np0000162700 devstack@neutron-api.service[102043]: 'Log': {'1.0'},
Apr 02 05:48:49.496949 np0000162700 devstack@neutron-api.service[102043]: 'NDPProxy': {'1.0'},
Apr 02 05:48:49.496949 np0000162700 devstack@neutron-api.service[102043]: 'Network': {'1.2'},
Apr 02 05:48:49.496949 np0000162700 devstack@neutron-api.service[102043]: 'Port': {'1.10'},
Apr 02 05:48:49.496949 np0000162700 devstack@neutron-api.service[102043]: 'PortForwarding': {'1.3'},
Apr 02 05:48:49.496949 np0000162700 devstack@neutron-api.service[102043]: 'QosPolicy': {'1.10'},
Apr 02 05:48:49.496949 np0000162700 devstack@neutron-api.service[102043]: 'SecurityGroup': {'1.6'},
Apr 02 05:48:49.496949 np0000162700 devstack@neutron-api.service[102043]: 'SecurityGroupRule': {'1.3'},
Apr 02 05:48:49.496949 np0000162700 devstack@neutron-api.service[102043]: 'SubPort': {'1.0'},
Apr 02 05:48:49.496949 np0000162700 devstack@neutron-api.service[102043]: 'Subnet': {'1.2'},
Apr 02 05:48:49.496949 np0000162700 devstack@neutron-api.service[102043]: 'Trunk': {'1.1'}}
Apr 02 05:48:49.496949 np0000162700 devstack@neutron-api.service[102043]: consumer versions:
Apr 02 05:48:49.496949 np0000162700 devstack@neutron-api.service[102043]: { OVN Controller Gateway agent@np0000162700: {},
Apr 02 05:48:49.496949 np0000162700 devstack@neutron-api.service[102043]: OVN Neutron agent@np0000162700: {}}
Apr 02 05:48:49.496949 np0000162700 devstack@neutron-api.service[102043]: {{(pid=102043) report /opt/stack/neutron/neutron/api/rpc/callbacks/version_manager.py:183}}
Apr 02 05:48:49.504180 np0000162700 devstack@neutron-api.service[102045]: DEBUG neutron.common.ovn.hash_ring_manager [None req-29d36e3f-6ee4-4945-bd58-1ccef8c6482a None None] Hash Ring loaded. 4 active nodes. 0 offline nodes {{(pid=102045) _load_hash_ring /opt/stack/neutron/neutron/common/ovn/hash_ring_manager.py:102}}
Apr 02 05:48:49.504530 np0000162700 devstack@neutron-api.service[102042]: DEBUG neutron.common.ovn.hash_ring_manager [None req-4f8ffbcb-b6bc-4653-9c63-2405d873b28e None None] Hash Ring loaded. 4 active nodes. 0 offline nodes {{(pid=102042) _load_hash_ring /opt/stack/neutron/neutron/common/ovn/hash_ring_manager.py:102}}
Apr 02 05:48:49.504575 np0000162700 devstack@neutron-api.service[102043]: DEBUG neutron.plugins.ml2.drivers.ovn.mech_driver.ovsdb.ovsdb_monitor [None req-efe14ae5-123b-4ffd-931f-1951ca575471 None None] Hash Ring: Node a164744a89635b11a34913684306b681 (host: np0000162700) handling event "update" for row 5fdd1ffd-e211-4784-9b3e-ea9a30ccb7da (table: NB_Global) {{(pid=102043) notify /opt/stack/neutron/neutron/plugins/ml2/drivers/ovn/mech_driver/ovsdb/ovsdb_monitor.py:912}}
Apr 02 05:48:49.504620 np0000162700 devstack@neutron-api.service[102042]: DEBUG neutron.plugins.ml2.drivers.ovn.mech_driver.ovsdb.ovsdb_monitor [None req-4f8ffbcb-b6bc-4653-9c63-2405d873b28e None None] Hash Ring: Node ba837641ca265dc1b1982ec79c94ed96 (host: np0000162700) handling event "update" for row 4357b947-9c44-418a-bdea-fd807996c0ae (table: Chassis_Private) {{(pid=102042) notify /opt/stack/neutron/neutron/plugins/ml2/drivers/ovn/mech_driver/ovsdb/ovsdb_monitor.py:912}}
Apr 02 05:48:49.504673 np0000162700 devstack@neutron-api.service[102044]: DEBUG neutron.common.ovn.hash_ring_manager [None req-14846381-f03b-4b74-9589-d335d8716e6e None None] Hash Ring loaded. 4 active nodes. 0 offline nodes {{(pid=102044) _load_hash_ring /opt/stack/neutron/neutron/common/ovn/hash_ring_manager.py:102}}
Apr 02 05:48:49.509508 np0000162700 devstack@neutron-api.service[102043]: DEBUG neutron.plugins.ml2.drivers.ovn.mech_driver.ovsdb.ovsdb_monitor [None req-a32d5b46-1c9e-411a-9d01-8e8b59da3c59 None None] ChassisAgentWriteEvent : Matched Chassis_Private, update, None None {{(pid=102043) matches /opt/stack/neutron/neutron/plugins/ml2/drivers/ovn/mech_driver/ovsdb/ovsdb_monitor.py:64}}
Apr 02 05:48:49.516127 np0000162700 devstack@neutron-api.service[102043]: DEBUG neutron.common.ovn.hash_ring_manager [None req-a32d5b46-1c9e-411a-9d01-8e8b59da3c59 None None] Hash Ring loaded. 4 active nodes. 0 offline nodes {{(pid=102043) _load_hash_ring /opt/stack/neutron/neutron/common/ovn/hash_ring_manager.py:102}}
Apr 02 05:48:49.715593 np0000162700 devstack@neutron-api.service[102043]: DEBUG neutron.plugins.ml2.drivers.helpers [None req-9f06f2ca-0cc6-457c-ba4e-1ddf3035f7d9 admin admin] geneve segment allocate from pool success with {'geneve_vni': 25767} {{(pid=102043) allocate_partially_specified_segment /opt/stack/neutron/neutron/plugins/ml2/drivers/helpers.py:142}}
Apr 02 05:48:49.727762 np0000162700 devstack@neutron-api.service[102043]: DEBUG neutron_lib.callbacks.manager [None req-9f06f2ca-0cc6-457c-ba4e-1ddf3035f7d9 admin admin] Publish callbacks ['neutron.services.segments.db._add_segment_host_mapping_for_segment-7836975222074', 'neutron.plugins.ml2.plugin.Ml2Plugin._handle_segment_change-4097781'] for segment (255ad01f-63c3-4c04-9fda-9dfae1335ec4), precommit_create {{(pid=102043) _notify_loop /opt/stack/data/venv/lib/python3.12/site-packages/neutron_lib/callbacks/manager.py:184}}
Apr 02 05:48:49.729575 np0000162700 devstack@neutron-api.service[102043]: INFO neutron.db.segments_db [None req-9f06f2ca-0cc6-457c-ba4e-1ddf3035f7d9 admin admin] Added segment 255ad01f-63c3-4c04-9fda-9dfae1335ec4 of type geneve for network 28935106-d0bd-4798-87e0-d7a77268b8b7
Apr 02 05:48:49.741257 np0000162700 devstack@neutron-api.service[102043]: DEBUG neutron_lib.callbacks.manager [None req-9f06f2ca-0cc6-457c-ba4e-1ddf3035f7d9 admin admin] Publish callbacks ['neutron.services.auto_allocate.db._ensure_external_network_default_value_callback-7836973960486'] for network (28935106-d0bd-4798-87e0-d7a77268b8b7), precommit_create {{(pid=102043) _notify_loop /opt/stack/data/venv/lib/python3.12/site-packages/neutron_lib/callbacks/manager.py:184}}
Apr 02 05:48:49.751343 np0000162700 devstack@neutron-api.service[102043]: DEBUG neutron.plugins.ml2.drivers.ovn.mech_driver.mech_driver [None req-9f06f2ca-0cc6-457c-ba4e-1ddf3035f7d9 admin admin] Validating network segment with type geneve, segmentation ID 25767, physical network None {{(pid=102043) _validate_network_segments /opt/stack/neutron/neutron/plugins/ml2/drivers/ovn/mech_driver/mech_driver.py:631}}
Apr 02 05:48:49.751512 np0000162700 devstack@neutron-api.service[102043]: DEBUG neutron.db.ovn_revision_numbers_db [None req-9f06f2ca-0cc6-457c-ba4e-1ddf3035f7d9 admin admin] create_initial_revision uuid=28935106-d0bd-4798-87e0-d7a77268b8b7, type=networks, rev=-1 {{(pid=102043) create_initial_revision /opt/stack/neutron/neutron/db/ovn_revision_numbers_db.py:98}}
Apr 02 05:48:49.858360 np0000162700 devstack@neutron-api.service[102042]: DEBUG futurist.periodics [-] Submitting periodic callback 'neutron.plugins.ml2.drivers.ovn.mech_driver.ovsdb.maintenance.HashRingHealthCheckPeriodics.touch_hash_ring_node' {{(pid=102042) _process_scheduled /opt/stack/data/venv/lib/python3.12/site-packages/futurist/periodics.py:638}}
Apr 02 05:48:49.859991 np0000162700 devstack@neutron-api.service[102042]: DEBUG neutron.plugins.ml2.drivers.ovn.mech_driver.ovsdb.maintenance [-] Touching Hash Ring node "ba837641ca265dc1b1982ec79c94ed96" from periodic health check thread {{(pid=102042) touch_hash_ring_node /opt/stack/neutron/neutron/plugins/ml2/drivers/ovn/mech_driver/ovsdb/maintenance.py:1232}}
Apr 02 05:48:50.327175 np0000162700 devstack@neutron-api.service[102043]: DEBUG neutron_lib.callbacks.manager [None req-9f06f2ca-0cc6-457c-ba4e-1ddf3035f7d9 admin admin] Publish callbacks ['neutron.plugins.ml2.ovo_rpc._ObjectChangeHandler.handle_event-1761030'] for network (28935106-d0bd-4798-87e0-d7a77268b8b7), after_create {{(pid=102043) _notify_loop /opt/stack/data/venv/lib/python3.12/site-packages/neutron_lib/callbacks/manager.py:184}}
Apr 02 05:48:50.345418 np0000162700 devstack@neutron-api.service[102043]: DEBUG neutron.api.rpc.handlers.resources_rpc [None req-9f06f2ca-0cc6-457c-ba4e-1ddf3035f7d9 admin admin] Pushing event updated for resources: {'Network': ['ID=28935106-d0bd-4798-87e0-d7a77268b8b7,revision_number=1']} {{(pid=102043) push /opt/stack/neutron/neutron/api/rpc/handlers/resources_rpc.py:237}}
Apr 02 05:48:50.353898 np0000162700 devstack@neutron-api.service[102043]: DEBUG ovsdbapp.backend.ovs_idl.transaction [None req-efe14ae5-123b-4ffd-931f-1951ca575471 None None] Running txn n=1 command(idx=0): AddNetworkCommand(_result=None, network_uuid=28935106-d0bd-4798-87e0-d7a77268b8b7, may_exist=True, columns={'external_ids': {'neutron:network_name': 'admin_net', 'neutron:mtu': '1372', 'neutron:revision_number': '1', 'neutron:availability_zone_hints': '', 'neutron:provnet-network-type': 'geneve'}, 'other_config': {'mcast_snoop': 'false', 'mcast_flood_unregistered': 'false', 'vlan-passthru': 'false'}}) {{(pid=102043) do_commit /opt/stack/data/venv/lib/python3.12/site-packages/ovsdbapp/backend/ovs_idl/transaction.py:89}}
Apr 02 05:48:50.358770 np0000162700 devstack@neutron-api.service[102043]: DEBUG neutron.plugins.ml2.drivers.ovn.mech_driver.ovsdb.ovsdb_monitor [None req-efe14ae5-123b-4ffd-931f-1951ca575471 None None] Hash Ring: Node a164744a89635b11a34913684306b681 (host: np0000162700) handling event "create" for row 28935106-d0bd-4798-87e0-d7a77268b8b7 (table: Logical_Switch) {{(pid=102043) notify /opt/stack/neutron/neutron/plugins/ml2/drivers/ovn/mech_driver/ovsdb/ovsdb_monitor.py:912}}
Apr 02 05:48:50.364205 np0000162700 devstack@neutron-api.service[102045]: DEBUG neutron.plugins.ml2.drivers.ovn.mech_driver.ovsdb.ovsdb_monitor [None req-29d36e3f-6ee4-4945-bd58-1ccef8c6482a None None] Hash Ring: Node 6c053f1b15b75e239a314d0f48a21402 (host: np0000162700) handling event "create" for row 6530c951-a7f5-4708-bfa5-8c4b48618c1a (table: Datapath_Binding) {{(pid=102045) notify /opt/stack/neutron/neutron/plugins/ml2/drivers/ovn/mech_driver/ovsdb/ovsdb_monitor.py:912}}
Apr 02 05:48:50.535396 np0000162700 devstack@neutron-api.service[102043]: INFO neutron.db.ovn_revision_numbers_db [None req-9f06f2ca-0cc6-457c-ba4e-1ddf3035f7d9 admin admin] Successfully bumped revision number for resource 28935106-d0bd-4798-87e0-d7a77268b8b7 (type: networks) to 1
Apr 02 05:48:50.550384 np0000162700 devstack@neutron-api.service[102043]: DEBUG neutron_lib.callbacks.manager [None req-9f06f2ca-0cc6-457c-ba4e-1ddf3035f7d9 admin admin] Publish callbacks ['neutron.plugins.ml2.plugin.SecurityGroupDbMixin._ensure_default_security_group_handler-148479'] for port (None), before_create {{(pid=102043) _notify_loop /opt/stack/data/venv/lib/python3.12/site-packages/neutron_lib/callbacks/manager.py:184}}
Apr 02 05:48:50.612371 np0000162700 devstack@neutron-api.service[102043]: DEBUG futurist.periodics [-] Submitting periodic callback 'neutron.plugins.ml2.drivers.ovn.mech_driver.ovsdb.maintenance.HashRingHealthCheckPeriodics.touch_hash_ring_node' {{(pid=102043) _process_scheduled /opt/stack/data/venv/lib/python3.12/site-packages/futurist/periodics.py:638}}
Apr 02 05:48:50.618977 np0000162700 devstack@neutron-api.service[102043]: DEBUG neutron.plugins.ml2.drivers.ovn.mech_driver.ovsdb.maintenance [-] Touching Hash Ring node "a164744a89635b11a34913684306b681" from periodic health check thread {{(pid=102043) touch_hash_ring_node /opt/stack/neutron/neutron/plugins/ml2/drivers/ovn/mech_driver/ovsdb/maintenance.py:1232}}
Apr 02 05:48:50.639105 np0000162700 devstack@neutron-api.service[102043]: DEBUG neutron_lib.callbacks.manager [None req-9f06f2ca-0cc6-457c-ba4e-1ddf3035f7d9 admin admin] Publish callbacks ['neutron.plugins.ml2.drivers.ovn.mech_driver.mech_driver.OVNMechanismDriver._validate_allowed_address_pairs-479506'] for allowed_address_pair (36929076-018e-453c-9a14-935c1ad750ea), before_create {{(pid=102043) _notify_loop /opt/stack/data/venv/lib/python3.12/site-packages/neutron_lib/callbacks/manager.py:184}}
Apr 02 05:48:50.639602 np0000162700 devstack@neutron-api.service[102043]: DEBUG neutron_lib.callbacks.manager [None req-9f06f2ca-0cc6-457c-ba4e-1ddf3035f7d9 admin admin] Publish callbacks [] for port (36929076-018e-453c-9a14-935c1ad750ea), precommit_create {{(pid=102043) _notify_loop /opt/stack/data/venv/lib/python3.12/site-packages/neutron_lib/callbacks/manager.py:184}}
Apr 02 05:48:50.639755 np0000162700 devstack@neutron-api.service[102043]: DEBUG neutron.plugins.ml2.drivers.ovn.mech_driver.mech_driver [None req-9f06f2ca-0cc6-457c-ba4e-1ddf3035f7d9 admin admin] No provisioning block for port 36929076-018e-453c-9a14-935c1ad750ea since it does not have a host {{(pid=102043) _is_port_provisioning_required /opt/stack/neutron/neutron/plugins/ml2/drivers/ovn/mech_driver/mech_driver.py:884}}
Apr 02 05:48:50.639894 np0000162700 devstack@neutron-api.service[102043]: DEBUG neutron.db.ovn_revision_numbers_db [None req-9f06f2ca-0cc6-457c-ba4e-1ddf3035f7d9 admin admin] create_initial_revision uuid=36929076-018e-453c-9a14-935c1ad750ea, type=ports, rev=-1 {{(pid=102043) create_initial_revision /opt/stack/neutron/neutron/db/ovn_revision_numbers_db.py:98}}
Apr 02 05:48:50.674543 np0000162700 devstack@neutron-api.service[102043]: DEBUG neutron_lib.callbacks.manager [None req-9f06f2ca-0cc6-457c-ba4e-1ddf3035f7d9 admin admin] Publish callbacks ['neutron.plugins.ml2.ovo_rpc._ObjectChangeHandler.handle_event-1761159'] for port (36929076-018e-453c-9a14-935c1ad750ea), after_create {{(pid=102043) _notify_loop /opt/stack/data/venv/lib/python3.12/site-packages/neutron_lib/callbacks/manager.py:184}}
Apr 02 05:48:50.706373 np0000162700 devstack@neutron-api.service[102043]: DEBUG neutron.api.rpc.handlers.resources_rpc [None req-9f06f2ca-0cc6-457c-ba4e-1ddf3035f7d9 admin admin] Pushing event updated for resources: {'Port': ['ID=36929076-018e-453c-9a14-935c1ad750ea,revision_number=1']} {{(pid=102043) push /opt/stack/neutron/neutron/api/rpc/handlers/resources_rpc.py:237}}
Apr 02 05:48:50.717102 np0000162700 devstack@neutron-api.service[102043]: DEBUG ovsdbapp.backend.ovs_idl.transaction [None req-efe14ae5-123b-4ffd-931f-1951ca575471 None None] Running txn n=1 command(idx=0): AddLSwitchPortCommand(_result=None, lport=36929076-018e-453c-9a14-935c1ad750ea, lswitch=neutron-28935106-d0bd-4798-87e0-d7a77268b8b7, may_exist=True, network_uuid=28935106-d0bd-4798-87e0-d7a77268b8b7, columns={'addresses': ['fa:16:3e:9f:68:a1'], 'external_ids': {'neutron:port_name': '', 'neutron:device_id': 'ovnmeta-28935106-d0bd-4798-87e0-d7a77268b8b7', 'neutron:project_id': '6d2a3162729847e795774cf767522840', 'neutron:cidrs': '', 'neutron:device_owner': 'network:distributed', 'neutron:subnet_pool_addr_scope4': '', 'neutron:subnet_pool_addr_scope6': '', 'neutron:network_name': 'neutron-28935106-d0bd-4798-87e0-d7a77268b8b7', 'neutron:security_group_ids': '', 'neutron:revision_number': '1', 'neutron:vnic_type': 'normal', 'neutron:port_capabilities': '', 'neutron:mtu': ''}, 'parent_name': [], 'tag': [], 'enabled': True, 'options': {}, 'type': 'localport', 'port_security': [], 'dhcpv4_options': [], 'dhcpv6_options': []}) {{(pid=102043) do_commit /opt/stack/data/venv/lib/python3.12/site-packages/ovsdbapp/backend/ovs_idl/transaction.py:89}}
Apr 02 05:48:50.718211 np0000162700 devstack@neutron-api.service[102043]: DEBUG ovsdbapp.backend.ovs_idl.transaction [None req-efe14ae5-123b-4ffd-931f-1951ca575471 None None] Running txn n=1 command(idx=1): QoSDelCommand(_result=None, switch=neutron-28935106-d0bd-4798-87e0-d7a77268b8b7, conditions=[('direction', '=', 'to-lport'), ('priority', '=', 2002), ('match', '=', 'outport == "36929076-018e-453c-9a14-935c1ad750ea"')], if_exists=True) {{(pid=102043) do_commit /opt/stack/data/venv/lib/python3.12/site-packages/ovsdbapp/backend/ovs_idl/transaction.py:89}}
Apr 02 05:48:50.718607 np0000162700 devstack@neutron-api.service[102043]: DEBUG ovsdbapp.backend.ovs_idl.transaction [None req-efe14ae5-123b-4ffd-931f-1951ca575471 None None] Running txn n=1 command(idx=2): QoSDelCommand(_result=None, switch=neutron-28935106-d0bd-4798-87e0-d7a77268b8b7, conditions=[('direction', '=', 'from-lport'), ('priority', '=', 2002), ('match', '=', 'inport == "36929076-018e-453c-9a14-935c1ad750ea"')], if_exists=True) {{(pid=102043) do_commit /opt/stack/data/venv/lib/python3.12/site-packages/ovsdbapp/backend/ovs_idl/transaction.py:89}}
Apr 02 05:48:50.752075 np0000162700 devstack@neutron-api.service[102044]: DEBUG futurist.periodics [-] Submitting periodic callback 'neutron.plugins.ml2.drivers.ovn.mech_driver.ovsdb.maintenance.HashRingHealthCheckPeriodics.touch_hash_ring_node' {{(pid=102044) _process_scheduled /opt/stack/data/venv/lib/python3.12/site-packages/futurist/periodics.py:638}}
Apr 02 05:48:50.753838 np0000162700 devstack@neutron-api.service[102044]: DEBUG neutron.plugins.ml2.drivers.ovn.mech_driver.ovsdb.maintenance [-] Touching Hash Ring node "3e85c89f96d458ea8b3d216527293606" from periodic health check thread {{(pid=102044) touch_hash_ring_node /opt/stack/neutron/neutron/plugins/ml2/drivers/ovn/mech_driver/ovsdb/maintenance.py:1232}}
Apr 02 05:48:50.758174 np0000162700 devstack@neutron-api.service[102043]: DEBUG neutron.plugins.ml2.drivers.ovn.mech_driver.ovsdb.ovsdb_monitor [None req-efe14ae5-123b-4ffd-931f-1951ca575471 None None] Hash Ring: Node a164744a89635b11a34913684306b681 (host: np0000162700) handling event "update" for row 28935106-d0bd-4798-87e0-d7a77268b8b7 (table: Logical_Switch) {{(pid=102043) notify /opt/stack/neutron/neutron/plugins/ml2/drivers/ovn/mech_driver/ovsdb/ovsdb_monitor.py:912}}
Apr 02 05:48:50.758641 np0000162700 devstack@neutron-api.service[102043]: DEBUG neutron.plugins.ml2.drivers.ovn.mech_driver.ovsdb.ovsdb_monitor [None req-efe14ae5-123b-4ffd-931f-1951ca575471 None None] Hash Ring: Node a164744a89635b11a34913684306b681 (host: np0000162700) handling event "create" for row b8b27d14-ea47-4ddf-91c5-4fc9e560b4aa (table: Logical_Switch_Port) {{(pid=102043) notify /opt/stack/neutron/neutron/plugins/ml2/drivers/ovn/mech_driver/ovsdb/ovsdb_monitor.py:912}}
Apr 02 05:48:50.759781 np0000162700 devstack@neutron-api.service[102043]: DEBUG ovsdbapp.backend.ovs_idl.event [None req-efe14ae5-123b-4ffd-931f-1951ca575471 None None] Matched CREATE: LogicalSwitchPortCreateEvent(events=('create',), table='Logical_Switch_Port', conditions=[], old_conditions=None), priority=20 to row=Logical_Switch_Port(uuid=b8b27d14-ea47-4ddf-91c5-4fc9e560b4aa, addresses=['fa:16:3e:9f:68:a1'], dhcpv4_options=[], dhcpv6_options=[], dynamic_addresses=[], enabled=True, external_ids={'neutron:cidrs': '', 'neutron:device_id': 'ovnmeta-28935106-d0bd-4798-87e0-d7a77268b8b7', 'neutron:device_owner': 'network:distributed', 'neutron:mtu': '', 'neutron:network_name': 'neutron-28935106-d0bd-4798-87e0-d7a77268b8b7', 'neutron:port_capabilities': '', 'neutron:port_name': '', 'neutron:project_id': '6d2a3162729847e795774cf767522840', 'neutron:revision_number': '1', 'neutron:security_group_ids': '', 'neutron:subnet_pool_addr_scope4': '', 'neutron:subnet_pool_addr_scope6': '', 'neutron:vnic_type': 'normal'}, ha_chassis_group=[], mirror_rules=[], name='36929076-018e-453c-9a14-935c1ad750ea', options={}, parent_name=[], port_security=[], tag=[], tag_request=[], type='localport', up=[]) old= {{(pid=102043) matches /opt/stack/data/venv/lib/python3.12/site-packages/ovsdbapp/backend/ovs_idl/event.py:55}}
Apr 02 05:48:50.764176 np0000162700 devstack@neutron-api.service[102043]: INFO neutron.plugins.ml2.drivers.ovn.mech_driver.mech_driver [-] OVN reports status down for port: 36929076-018e-453c-9a14-935c1ad750ea
Apr 02 05:48:50.765224 np0000162700 devstack@neutron-api.service[102043]: DEBUG neutron.plugins.ml2.drivers.ovn.mech_driver.ovsdb.ovsdb_monitor [None req-efe14ae5-123b-4ffd-931f-1951ca575471 None None] Hash Ring: Node a164744a89635b11a34913684306b681 (host: np0000162700) handling event "update" for row b8b27d14-ea47-4ddf-91c5-4fc9e560b4aa (table: Logical_Switch_Port) {{(pid=102043) notify /opt/stack/neutron/neutron/plugins/ml2/drivers/ovn/mech_driver/ovsdb/ovsdb_monitor.py:912}}
Apr 02 05:48:50.765888 np0000162700 devstack@neutron-api.service[102045]: DEBUG futurist.periodics [-] Submitting periodic callback 'neutron.plugins.ml2.drivers.ovn.mech_driver.ovsdb.maintenance.HashRingHealthCheckPeriodics.touch_hash_ring_node' {{(pid=102045) _process_scheduled /opt/stack/data/venv/lib/python3.12/site-packages/futurist/periodics.py:638}}
Apr 02 05:48:50.766710 np0000162700 devstack@neutron-api.service[102045]: DEBUG neutron.plugins.ml2.drivers.ovn.mech_driver.ovsdb.maintenance [-] Touching Hash Ring node "6c053f1b15b75e239a314d0f48a21402" from periodic health check thread {{(pid=102045) touch_hash_ring_node /opt/stack/neutron/neutron/plugins/ml2/drivers/ovn/mech_driver/ovsdb/maintenance.py:1232}}
Apr 02 05:48:50.769792 np0000162700 devstack@neutron-api.service[102043]: DEBUG neutron.plugins.ml2.drivers.ovn.mech_driver.ovsdb.ovsdb_monitor [None req-a32d5b46-1c9e-411a-9d01-8e8b59da3c59 None None] Hash Ring: Node a164744a89635b11a34913684306b681 (host: np0000162700) handling event "create" for row 21d8d9b5-b70a-4366-ac7f-5a9241c79bf6 (table: Port_Binding) {{(pid=102043) notify /opt/stack/neutron/neutron/plugins/ml2/drivers/ovn/mech_driver/ovsdb/ovsdb_monitor.py:912}}
Apr 02 05:48:50.858687 np0000162700 devstack@neutron-api.service[102043]: INFO neutron.db.ovn_revision_numbers_db [None req-9f06f2ca-0cc6-457c-ba4e-1ddf3035f7d9 admin admin] Successfully bumped revision number for resource 36929076-018e-453c-9a14-935c1ad750ea (type: ports) to 1
Apr 02 05:48:50.860300 np0000162700 devstack@neutron-api.service[102043]: DEBUG neutron.db.provisioning_blocks [None req-01687853-b54e-4200-be53-94396c433143 None None] Transition to ACTIVE for port object 36929076-018e-453c-9a14-935c1ad750ea will not be triggered until provisioned by entity L2. {{(pid=102043) add_provisioning_component /opt/stack/neutron/neutron/db/provisioning_blocks.py:74}}
Apr 02 05:48:50.869501 np0000162700 devstack@neutron-api.service[102043]: DEBUG neutron.pecan_wsgi.hooks.policy_enforcement [None req-9f06f2ca-0cc6-457c-ba4e-1ddf3035f7d9 admin admin] Attributes excluded by policy engine: ['standard_attr_id'] {{(pid=102043) _exclude_attributes_by_policy /opt/stack/neutron/neutron/pecan_wsgi/hooks/policy_enforcement.py:258}}
Apr 02 05:48:50.869501 np0000162700 devstack@neutron-api.service[102043]: DEBUG neutron_lib.callbacks.manager [None req-9f06f2ca-0cc6-457c-ba4e-1ddf3035f7d9 admin admin] Publish callbacks [] for network (None), before_response {{(pid=102043) _notify_loop /opt/stack/data/venv/lib/python3.12/site-packages/neutron_lib/callbacks/manager.py:184}}
Apr 02 05:48:50.904724 np0000162700 devstack@neutron-api.service[102043]: [pid: 102043|app: 0|req: 23/93] 162.253.55.43 () {68 vars in 1351 bytes} [Thu Apr 2 05:48:48 2026] POST /networking/v2.0/networks => generated 683 bytes in 2120 msecs (HTTP/1.1 201) 4 headers in 162 bytes (1 switches on core 0)
