2026-07-10 22:41:33.111 7 INFO placement.requestlog [req-5945f9ed-8017-4911-b9ac-029e0977d240 req-32bc359d-89ca-4287-94d9-383f41f0708a 5c79ce01210f49068d5d656b035d6991 0fe7d73503fe400497e8488503c20c5c - - 23d948569cad4840b324c641044dac89 23d948569cad4840b324c641044dac89] 199.19.213.90 "GET /resource_providers/362cf1eb-deaa-40ef-a98d-58b93fd627fa/allocations" status: 200 len: 238 microversion: 1.0 [pid: 7|app: 0|req: 346/688] 199.19.213.90 () {32 vars in 856 bytes} [Fri Jul 10 22:41:33 2026] GET /resource_providers/362cf1eb-deaa-40ef-a98d-58b93fd627fa/allocations => generated 238 bytes in 19 msecs (HTTP/1.1 200) 6 headers in 224 bytes (1 switches on core 0)
2026-07-10 22:41:33.136 8 INFO placement.requestlog [req-5945f9ed-8017-4911-b9ac-029e0977d240 req-3a4ee99b-1fe5-40e2-8795-0f06ca033c1b 5c79ce01210f49068d5d656b035d6991 0fe7d73503fe400497e8488503c20c5c - - 23d948569cad4840b324c641044dac89 23d948569cad4840b324c641044dac89] 199.19.213.90 "GET /allocations/1003d4ee-cacc-4d69-b185-418807bdc121" status: 200 len: 257 microversion: 1.28 [pid: 8|app: 0|req: 343/689] 199.19.213.90 () {34 vars in 862 bytes} [Fri Jul 10 22:41:33 2026] GET /allocations/1003d4ee-cacc-4d69-b185-418807bdc121 => generated 257 bytes in 13 msecs (HTTP/1.1 200) 8 headers in 296 bytes (1 switches on core 0)
2026-07-10 22:41:33.172 7 INFO placement.requestlog [req-5945f9ed-8017-4911-b9ac-029e0977d240 req-15f46d24-247f-4020-8b4d-375056691147 5c79ce01210f49068d5d656b035d6991 0fe7d73503fe400497e8488503c20c5c - - 23d948569cad4840b324c641044dac89 23d948569cad4840b324c641044dac89] 199.19.213.90 "GET /allocations/1c9988d0-dbf4-4b67-be43-488b08acbe0a" status: 200 len: 243 microversion: 1.28 [pid: 7|app: 0|req: 347/690] 199.19.213.90 () {34 vars in 862 bytes} [Fri Jul 10 22:41:33 2026] GET /allocations/1c9988d0-dbf4-4b67-be43-488b08acbe0a => generated 243 bytes in 19 msecs (HTTP/1.1 200) 8 headers in 296 bytes (1 switches on core 0)
2026-07-10 22:41:34.689 7 INFO placement.requestlog [None req-15271b4a-d0c5-4fbe-80d2-c4c3965b6b37 - - - - - -] 10.0.0.70 "GET /" status: 200 len: 136 microversion: 1.0
2026-07-10 22:41:34.690 8 INFO placement.requestlog [None req-ff0636dc-e533-482d-ac97-18599d28fbb6 - - - - - -] 10.0.0.70 "GET /" status: 200 len: 136 microversion: 1.0
2026-07-10 22:41:35.905 8 INFO placement.requestlog [None req-7debe1e8-c333-43c4-bf8a-cc77a9bf1ac1 3c6349d4c9c54e5f9ee355ff6ade8520 0fe7d73503fe400497e8488503c20c5c - - 23d948569cad4840b324c641044dac89 23d948569cad4840b324c641044dac89] 10.0.0.53 "GET /resource_providers/823b2a51-4965-4b18-b2a7-6648ebe0d07b/aggregates" status: 404 len: 235 microversion: 1.1 [pid: 8|app: 0|req: 345/693] 10.0.0.53 () {32 vars in 815 bytes} [Fri Jul 10 22:41:35 2026] GET /resource_providers/823b2a51-4965-4b18-b2a7-6648ebe0d07b/aggregates => generated 235 bytes in 8 msecs (HTTP/1.1 404) 5 headers in 202 bytes (1 switches on core 0)
2026-07-10 22:41:35.912 7 INFO placement.requestlog [None req-21403c60-6661-4b67-bfa0-3448ae175c8d 3c6349d4c9c54e5f9ee355ff6ade8520 0fe7d73503fe400497e8488503c20c5c - - 23d948569cad4840b324c641044dac89 23d948569cad4840b324c641044dac89] 10.0.0.53 "GET /resource_providers/823b2a51-4965-4b18-b2a7-6648ebe0d07b/aggregates" status: 404 len: 235 microversion: 1.1 [pid: 7|app: 0|req: 349/694] 10.0.0.53 () {32 vars in 815 bytes} [Fri Jul 10 22:41:35 2026] GET /resource_providers/823b2a51-4965-4b18-b2a7-6648ebe0d07b/aggregates => generated 235 bytes in 15 msecs (HTTP/1.1 404) 5 headers in 202 bytes (1 switches on core 0)
2026-07-10 22:41:35.934 8 INFO placement.requestlog [None req-810c389e-6c9e-416d-8ef5-2709a598a8de 3c6349d4c9c54e5f9ee355ff6ade8520 0fe7d73503fe400497e8488503c20c5c - - 23d948569cad4840b324c641044dac89 23d948569cad4840b324c641044dac89] 10.0.0.53 "DELETE /resource_providers/823b2a51-4965-4b18-b2a7-6648ebe0d07b" status: 404 len: 246 microversion: 1.1 [pid: 8|app: 0|req: 346/695] 10.0.0.53 () {34 vars in 815 bytes} [Fri Jul 10 22:41:35 2026] DELETE /resource_providers/823b2a51-4965-4b18-b2a7-6648ebe0d07b => generated 246 bytes in 13 msecs (HTTP/1.1 404) 6 headers in 231 bytes (1 switches on core 0)
2026-07-10 22:41:35.936 7 INFO placement.requestlog [None req-a861a334-a990-4048-80c9-924e88166b65 3c6349d4c9c54e5f9ee355ff6ade8520 0fe7d73503fe400497e8488503c20c5c - - 23d948569cad4840b324c641044dac89 23d948569cad4840b324c641044dac89] 10.0.0.53 "DELETE /resource_providers/823b2a51-4965-4b18-b2a7-6648ebe0d07b" status: 404 len: 246 microversion: 1.1 [pid: 7|app: 0|req: 350/696] 10.0.0.53 () {34 vars in 815 bytes} [Fri Jul 10 22:41:35 2026] DELETE /resource_providers/823b2a51-4965-4b18-b2a7-6648ebe0d07b => generated 246 bytes in 14 msecs (HTTP/1.1 404) 6 headers in 231 bytes (1 switches on core 0)
2026-07-10 22:41:36.783 8 INFO placement.requestlog [req-5945f9ed-8017-4911-b9ac-029e0977d240 req-535f5bb1-c289-4c74-b3ee-d42c0876a5f6 5c79ce01210f49068d5d656b035d6991 0fe7d73503fe400497e8488503c20c5c - - 23d948569cad4840b324c641044dac89 23d948569cad4840b324c641044dac89] 199.19.213.90 "DELETE /allocations/1003d4ee-cacc-4d69-b185-418807bdc121" status: 204 len: 0 microversion: 1.0 [pid: 8|app: 0|req: 347/697] 199.19.213.90 () {34 vars in 840 bytes} [Fri Jul 10 22:41:36 2026] DELETE /allocations/1003d4ee-cacc-4d69-b185-418807bdc121 => generated 0 bytes in 27 msecs (HTTP/1.1 204) 5 headers in 198 bytes (1 switches on core 0)
2026-07-10 22:41:37.374 7 INFO placement.requestlog [req-7944c980-7f3f-4fe6-8402-c3f2756650e0 req-314a77c1-fe6d-438b-a8f4-1cb2e1b3b98a 5c79ce01210f49068d5d656b035d6991 0fe7d73503fe400497e8488503c20c5c - - 23d948569cad4840b324c641044dac89 23d948569cad4840b324c641044dac89] 10.0.0.91 "DELETE /allocations/1003d4ee-cacc-4d69-b185-418807bdc121" status: 404 len: 228 microversion: 1.0 [pid: 7|app: 0|req: 351/698] 10.0.0.91 () {34 vars in 829 bytes} [Fri Jul 10 22:41:37 2026] DELETE /allocations/1003d4ee-cacc-4d69-b185-418807bdc121 => generated 228 bytes in 13 msecs (HTTP/1.1 404) 6 headers in 231 bytes (1 switches on core 0)
2026-07-10 22:41:40.479 7 INFO placement.requestlog [None req-ce17924b-cd78-4b81-90e5-b010371c15ae 3c6349d4c9c54e5f9ee355ff6ade8520 0fe7d73503fe400497e8488503c20c5c - - 23d948569cad4840b324c641044dac89 23d948569cad4840b324c641044dac89] 10.0.0.53 "GET /resource_providers/26eb5916-2761-4489-a3d6-ece104ec95af/aggregates" status: 404 len: 235 microversion: 1.1 [pid: 7|app: 0|req: 352/699] 10.0.0.53 () {32 vars in 815 bytes} [Fri Jul 10 22:41:40 2026] GET /resource_providers/26eb5916-2761-4489-a3d6-ece104ec95af/aggregates => generated 235 bytes in 12 msecs (HTTP/1.1 404) 5 headers in 202 bytes (1 switches on core 0)
2026-07-10 22:41:40.480 8 INFO placement.requestlog [None req-c7661fac-3f69-4790-bcad-f61b4ac78d91 3c6349d4c9c54e5f9ee355ff6ade8520 0fe7d73503fe400497e8488503c20c5c - - 23d948569cad4840b324c641044dac89 23d948569cad4840b324c641044dac89] 10.0.0.53 "GET /resource_providers/26eb5916-2761-4489-a3d6-ece104ec95af/aggregates" status: 404 len: 235 microversion: 1.1 [pid: 8|app: 0|req: 348/700] 10.0.0.53 () {32 vars in 815 bytes} [Fri Jul 10 22:41:40 2026] GET /resource_providers/26eb5916-2761-4489-a3d6-ece104ec95af/aggregates => generated 235 bytes in 15 msecs (HTTP/1.1 404) 5 headers in 202 bytes (1 switches on core 0)
2026-07-10 22:41:40.503 7 INFO placement.requestlog [None req-4857bc99-767a-4165-aad6-949c120a365c 3c6349d4c9c54e5f9ee355ff6ade8520 0fe7d73503fe400497e8488503c20c5c - - 23d948569cad4840b324c641044dac89 23d948569cad4840b324c641044dac89] 10.0.0.53 "DELETE /resource_providers/26eb5916-2761-4489-a3d6-ece104ec95af" status: 404 len: 246 microversion: 1.1 [pid: 7|app: 0|req: 353/701] 10.0.0.53 () {34 vars in 815 bytes} [Fri Jul 10 22:41:40 2026] DELETE /resource_providers/26eb5916-2761-4489-a3d6-ece104ec95af => generated 246 bytes in 11 msecs (HTTP/1.1 404) 6 headers in 231 bytes (1 switches on core 0)
2026-07-10 22:41:40.511 8 INFO placement.requestlog [None req-4d73aa83-42aa-4da7-aae5-3f28ba66e88d 3c6349d4c9c54e5f9ee355ff6ade8520 0fe7d73503fe400497e8488503c20c5c - - 23d948569cad4840b324c641044dac89 23d948569cad4840b324c641044dac89] 10.0.0.53 "DELETE /resource_providers/26eb5916-2761-4489-a3d6-ece104ec95af" status: 404 len: 246 microversion: 1.1 [pid: 8|app: 0|req: 349/702] 10.0.0.53 () {34 vars in 815 bytes} [Fri Jul 10 22:41:40 2026] DELETE /resource_providers/26eb5916-2761-4489-a3d6-ece104ec95af => generated 246 bytes in 16 msecs (HTTP/1.1 404) 6 headers in 231 bytes (1 switches on core 0)
2026-07-10 22:41:41.041 7 INFO placement.requestlog [req-818690e4-de09-4948-a0a9-ef52d11226de req-03141978-414b-4d9d-aa98-e92c5815fa59 5c79ce01210f49068d5d656b035d6991 0fe7d73503fe400497e8488503c20c5c - - 23d948569cad4840b324c641044dac89 23d948569cad4840b324c641044dac89] 199.19.213.90 "GET /resource_providers/362cf1eb-deaa-40ef-a98d-58b93fd627fa/allocations" status: 200 len: 138 microversion: 1.0 [pid: 7|app: 0|req: 354/703] 199.19.213.90 () {32 vars in 856 bytes} [Fri Jul 10 22:41:41 2026] GET /resource_providers/362cf1eb-deaa-40ef-a98d-58b93fd627fa/allocations => generated 138 bytes in 33 msecs (HTTP/1.1 200) 6 headers in 224 bytes (1 switches on core 0)
2026-07-10 22:41:41.072 8 INFO placement.requestlog [req-818690e4-de09-4948-a0a9-ef52d11226de req-540b034b-da78-46b2-afad-fa40914ae231 5c79ce01210f49068d5d656b035d6991 0fe7d73503fe400497e8488503c20c5c - - 23d948569cad4840b324c641044dac89 23d948569cad4840b324c641044dac89] 199.19.213.90 "GET /allocations/1c9988d0-dbf4-4b67-be43-488b08acbe0a" status: 200 len: 243 microversion: 1.28 [pid: 8|app: 0|req: 350/704] 199.19.213.90 () {34 vars in 862 bytes} [Fri Jul 10 22:41:41 2026] GET /allocations/1c9988d0-dbf4-4b67-be43-488b08acbe0a => generated 243 bytes in 19 msecs (HTTP/1.1 200) 8 headers in 296 bytes (1 switches on core 0)
2026-07-10 22:41:44.691 8 INFO placement.requestlog [None req-2b91bc26-bdc9-4519-bda3-c20675b27a09 - - - - - -] 10.0.0.70 "GET /" status: 200 len: 136 microversion: 1.0
2026-07-10 22:41:44.691 7 INFO placement.requestlog [None req-fa730782-3f66-465e-a5c8-919df5aa264d - - - - - -] 10.0.0.70 "GET /" status: 200 len: 136 microversion: 1.0
2026-07-10 22:41:45.305 7 INFO placement.requestlog [req-26027a99-9c18-4023-b81b-83bd57838bc6 req-172b6542-2963-4608-b6bc-3f00be837e7b 5c79ce01210f49068d5d656b035d6991 0fe7d73503fe400497e8488503c20c5c - - 23d948569cad4840b324c641044dac89 23d948569cad4840b324c641044dac89] 10.0.0.214 "GET /allocation_candidates?limit=1000&resources=DISK_GB%3A1%2CMEMORY_MB%3A512%2CVCPU%3A1&root_required=%21COMPUTE_STATUS_DISABLED" status: 200 len: 2783 microversion: 1.36 [pid: 7|app: 0|req: 356/707] 10.0.0.214 () {34 vars in 1012 bytes} [Fri Jul 10 22:41:45 2026] GET /allocation_candidates?limit=1000&resources=DISK_GB%3A1%2CMEMORY_MB%3A512%2CVCPU%3A1&root_required=%21COMPUTE_STATUS_DISABLED => generated 2783 bytes in 51 msecs (HTTP/1.1 200) 8 headers in 297 bytes (1 switches on core 0)
2026-07-10 22:41:45.340 8 INFO placement.requestlog [req-26027a99-9c18-4023-b81b-83bd57838bc6 req-47309738-bed0-4c42-a3ae-b0380b5775a8 5c79ce01210f49068d5d656b035d6991 0fe7d73503fe400497e8488503c20c5c - - 23d948569cad4840b324c641044dac89 23d948569cad4840b324c641044dac89] 10.0.0.214 "GET /allocations/c6db0587-aa24-49b3-9ed6-824ce309c1f2" status: 200 len: 19 microversion: 1.28 [pid: 8|app: 0|req: 352/708] 10.0.0.214 () {34 vars in 861 bytes} [Fri Jul 10 22:41:45 2026] GET /allocations/c6db0587-aa24-49b3-9ed6-824ce309c1f2 => generated 19 bytes in 13 msecs (HTTP/1.1 200) 8 headers in 295 bytes (1 switches on core 0)
2026-07-10 22:41:45.364 7 INFO placement.requestlog [req-818690e4-de09-4948-a0a9-ef52d11226de req-5ece8805-98cc-4c26-ae29-6ba42fe13b8a 5c79ce01210f49068d5d656b035d6991 0fe7d73503fe400497e8488503c20c5c - - 23d948569cad4840b324c641044dac89 23d948569cad4840b324c641044dac89] 199.19.213.90 "DELETE /allocations/1c9988d0-dbf4-4b67-be43-488b08acbe0a" status: 204 len: 0 microversion: 1.0 [pid: 7|app: 0|req: 357/709] 199.19.213.90 () {34 vars in 840 bytes} [Fri Jul 10 22:41:45 2026] DELETE /allocations/1c9988d0-dbf4-4b67-be43-488b08acbe0a => generated 0 bytes in 30 msecs (HTTP/1.1 204) 5 headers in 198 bytes (1 switches on core 0)
2026-07-10 22:41:45.409 8 INFO placement.requestlog [req-26027a99-9c18-4023-b81b-83bd57838bc6 req-a85dd8ec-4c26-4d05-b04c-8b96f75e132b 5c79ce01210f49068d5d656b035d6991 0fe7d73503fe400497e8488503c20c5c - - 23d948569cad4840b324c641044dac89 23d948569cad4840b324c641044dac89] 10.0.0.214 "PUT /allocations/c6db0587-aa24-49b3-9ed6-824ce309c1f2" status: 204 len: 0 microversion: 1.36 [pid: 8|app: 0|req: 353/710] 10.0.0.214 () {38 vars in 914 bytes} [Fri Jul 10 22:41:45 2026] PUT /allocations/c6db0587-aa24-49b3-9ed6-824ce309c1f2 => generated 0 bytes in 63 msecs (HTTP/1.1 204) 5 headers in 199 bytes (1 switches on core 0)
2026-07-10 22:41:45.873 7 INFO placement.requestlog [req-0a14cfe1-b5ec-4e74-9c50-e58f6f2fe129 req-cd06411f-2a1b-4697-8dfb-55237ed6b71a 5c79ce01210f49068d5d656b035d6991 0fe7d73503fe400497e8488503c20c5c - - 23d948569cad4840b324c641044dac89 23d948569cad4840b324c641044dac89] 10.0.0.91 "DELETE /allocations/1c9988d0-dbf4-4b67-be43-488b08acbe0a" status: 404 len: 228 microversion: 1.0 [pid: 7|app: 0|req: 358/711] 10.0.0.91 () {34 vars in 829 bytes} [Fri Jul 10 22:41:45 2026] DELETE /allocations/1c9988d0-dbf4-4b67-be43-488b08acbe0a => generated 228 bytes in 13 msecs (HTTP/1.1 404) 6 headers in 231 bytes (1 switches on core 0)
2026-07-10 22:41:46.930 8 INFO placement.requestlog [req-26027a99-9c18-4023-b81b-83bd57838bc6 req-10c3f0db-0474-4eb1-9553-a8836b2f2e07 5c79ce01210f49068d5d656b035d6991 0fe7d73503fe400497e8488503c20c5c - - 23d948569cad4840b324c641044dac89 23d948569cad4840b324c641044dac89] 199.19.213.90 "GET /allocations/c6db0587-aa24-49b3-9ed6-824ce309c1f2" status: 200 len: 257 microversion: 1.28 [pid: 8|app: 0|req: 354/712] 199.19.213.90 () {34 vars in 862 bytes} [Fri Jul 10 22:41:46 2026] GET /allocations/c6db0587-aa24-49b3-9ed6-824ce309c1f2 => generated 257 bytes in 24 msecs (HTTP/1.1 200) 8 headers in 296 bytes (1 switches on core 0)
2026-07-10 22:41:47.972 7 INFO placement.requestlog [req-26027a99-9c18-4023-b81b-83bd57838bc6 req-41082ece-47b1-4110-9e4d-af16e5b547c4 5c79ce01210f49068d5d656b035d6991 0fe7d73503fe400497e8488503c20c5c - - 23d948569cad4840b324c641044dac89 23d948569cad4840b324c641044dac89] 199.19.213.90 "GET /resource_providers/362cf1eb-deaa-40ef-a98d-58b93fd627fa/allocations" status: 200 len: 152 microversion: 1.0 [pid: 7|app: 0|req: 359/713] 199.19.213.90 () {32 vars in 856 bytes} [Fri Jul 10 22:41:47 2026] GET /resource_providers/362cf1eb-deaa-40ef-a98d-58b93fd627fa/allocations => generated 152 bytes in 18 msecs (HTTP/1.1 200) 6 headers in 224 bytes (1 switches on core 0)
2026-07-10 22:41:47.993 8 INFO placement.requestlog [req-26027a99-9c18-4023-b81b-83bd57838bc6 req-49884ab6-b354-4908-9d2b-345dc31d5593 5c79ce01210f49068d5d656b035d6991 0fe7d73503fe400497e8488503c20c5c - - 23d948569cad4840b324c641044dac89 23d948569cad4840b324c641044dac89] 199.19.213.90 "GET /allocations/c6db0587-aa24-49b3-9ed6-824ce309c1f2" status: 200 len: 257 microversion: 1.28 [pid: 8|app: 0|req: 355/714] 199.19.213.90 () {34 vars in 862 bytes} [Fri Jul 10 22:41:47 2026] GET /allocations/c6db0587-aa24-49b3-9ed6-824ce309c1f2 => generated 257 bytes in 14 msecs (HTTP/1.1 200) 8 headers in 296 bytes (1 switches on core 0)
2026-07-10 22:41:48.972 7 INFO placement.requestlog [None req-1ce4df8e-d1ef-4580-a460-308cd6eee899 3c6349d4c9c54e5f9ee355ff6ade8520 0fe7d73503fe400497e8488503c20c5c - - 23d948569cad4840b324c641044dac89 23d948569cad4840b324c641044dac89] 10.0.0.53 "GET /resource_providers/2651359a-fe1b-44b0-a919-4031766d2244/aggregates" status: 404 len: 235 microversion: 1.1 [pid: 7|app: 0|req: 360/715] 10.0.0.53 () {32 vars in 815 bytes} [Fri Jul 10 22:41:48 2026] GET /resource_providers/2651359a-fe1b-44b0-a919-4031766d2244/aggregates => generated 235 bytes in 14 msecs (HTTP/1.1 404) 5 headers in 202 bytes (1 switches on core 0)
2026-07-10 22:41:48.976 8 INFO placement.requestlog [None req-d06e6f12-bf45-4fe9-bc4a-f39f735a81df 3c6349d4c9c54e5f9ee355ff6ade8520 0fe7d73503fe400497e8488503c20c5c - - 23d948569cad4840b324c641044dac89 23d948569cad4840b324c641044dac89] 10.0.0.53 "GET /resource_providers/2651359a-fe1b-44b0-a919-4031766d2244/aggregates" status: 404 len: 235 microversion: 1.1 [pid: 8|app: 0|req: 356/716] 10.0.0.53 () {32 vars in 815 bytes} [Fri Jul 10 22:41:48 2026] GET /resource_providers/2651359a-fe1b-44b0-a919-4031766d2244/aggregates => generated 235 bytes in 11 msecs (HTTP/1.1 404) 5 headers in 202 bytes (1 switches on core 0)
2026-07-10 22:41:49.001 7 INFO placement.requestlog [None req-e48ddc78-14de-41d3-a792-c0935a33e994 3c6349d4c9c54e5f9ee355ff6ade8520 0fe7d73503fe400497e8488503c20c5c - - 23d948569cad4840b324c641044dac89 23d948569cad4840b324c641044dac89] 10.0.0.53 "DELETE /resource_providers/2651359a-fe1b-44b0-a919-4031766d2244" status: 404 len: 246 microversion: 1.1 [pid: 7|app: 0|req: 361/717] 10.0.0.53 () {34 vars in 815 bytes} [Fri Jul 10 22:41:48 2026] DELETE /resource_providers/2651359a-fe1b-44b0-a919-4031766d2244 => generated 246 bytes in 11 msecs (HTTP/1.1 404) 6 headers in 231 bytes (1 switches on core 0)
2026-07-10 22:41:49.005 8 INFO placement.requestlog [None req-92f81a61-84bf-4a3e-9941-fea438e3c927 3c6349d4c9c54e5f9ee355ff6ade8520 0fe7d73503fe400497e8488503c20c5c - - 23d948569cad4840b324c641044dac89 23d948569cad4840b324c641044dac89] 10.0.0.53 "DELETE /resource_providers/2651359a-fe1b-44b0-a919-4031766d2244" status: 404 len: 246 microversion: 1.1 [pid: 8|app: 0|req: 357/718] 10.0.0.53 () {34 vars in 815 bytes} [Fri Jul 10 22:41:48 2026] DELETE /resource_providers/2651359a-fe1b-44b0-a919-4031766d2244 => generated 246 bytes in 14 msecs (HTTP/1.1 404) 6 headers in 231 bytes (1 switches on core 0)
2026-07-10 22:41:54.689 7 INFO placement.requestlog [None req-2bd292b1-7deb-4819-a80b-50e9e943aede - - - - - -] 10.0.0.70 "GET /" status: 200 len: 136 microversion: 1.0
2026-07-10 22:41:54.689 8 INFO placement.requestlog [None req-b091102c-996f-4b84-9d72-d78e0b583675 - - - - - -] 10.0.0.70 "GET /" status: 200 len: 136 microversion: 1.0
2026-07-10 22:41:56.864 7 INFO placement.requestlog [req-26027a99-9c18-4023-b81b-83bd57838bc6 req-6e5c827d-e1e7-43fa-a800-f9c468ab6ef9 5c79ce01210f49068d5d656b035d6991 0fe7d73503fe400497e8488503c20c5c - - 23d948569cad4840b324c641044dac89 23d948569cad4840b324c641044dac89] 199.19.213.90 "GET /resource_providers/362cf1eb-deaa-40ef-a98d-58b93fd627fa/allocations" status: 200 len: 152 microversion: 1.0 [pid: 7|app: 0|req: 363/721] 199.19.213.90 () {32 vars in 856 bytes} [Fri Jul 10 22:41:56 2026] GET /resource_providers/362cf1eb-deaa-40ef-a98d-58b93fd627fa/allocations => generated 152 bytes in 17 msecs (HTTP/1.1 200) 6 headers in 224 bytes (1 switches on core 0)
2026-07-10 22:41:56.894 8 INFO placement.requestlog [req-26027a99-9c18-4023-b81b-83bd57838bc6 req-2f95fa5c-c52a-4db5-8e28-a6b500230aa0 5c79ce01210f49068d5d656b035d6991 0fe7d73503fe400497e8488503c20c5c - - 23d948569cad4840b324c641044dac89 23d948569cad4840b324c641044dac89] 199.19.213.90 "GET /allocations/c6db0587-aa24-49b3-9ed6-824ce309c1f2" status: 200 len: 257 microversion: 1.28 [pid: 8|app: 0|req: 359/722] 199.19.213.90 () {34 vars in 862 bytes} [Fri Jul 10 22:41:56 2026] GET /allocations/c6db0587-aa24-49b3-9ed6-824ce309c1f2 => generated 257 bytes in 18 msecs (HTTP/1.1 200) 8 headers in 296 bytes (1 switches on core 0)
2026-07-10 22:42:00.517 7 INFO placement.requestlog [req-26027a99-9c18-4023-b81b-83bd57838bc6 req-c47594c1-ecf0-4d07-8f83-eeaf04be2ebf 5c79ce01210f49068d5d656b035d6991 0fe7d73503fe400497e8488503c20c5c - - 23d948569cad4840b324c641044dac89 23d948569cad4840b324c641044dac89] 199.19.213.90 "DELETE /allocations/c6db0587-aa24-49b3-9ed6-824ce309c1f2" status: 204 len: 0 microversion: 1.0 [pid: 7|app: 0|req: 364/723] 199.19.213.90 () {34 vars in 840 bytes} [Fri Jul 10 22:42:00 2026] DELETE /allocations/c6db0587-aa24-49b3-9ed6-824ce309c1f2 => generated 0 bytes in 26 msecs (HTTP/1.1 204) 5 headers in 198 bytes (1 switches on core 0)
2026-07-10 22:42:00.684 8 INFO placement.requestlog [req-f50fd8f9-ce14-4eed-8a6f-23738531b8ff req-2b3873ad-bbf5-4110-afcd-58765973c19d 5c79ce01210f49068d5d656b035d6991 0fe7d73503fe400497e8488503c20c5c - - 23d948569cad4840b324c641044dac89 23d948569cad4840b324c641044dac89] 10.0.0.214 "GET /allocation_candidates?limit=1000&resources=DISK_GB%3A1%2CMEMORY_MB%3A512%2CVCPU%3A1&root_required=%21COMPUTE_STATUS_DISABLED" status: 200 len: 2781 microversion: 1.36 [pid: 8|app: 0|req: 360/724] 10.0.0.214 () {34 vars in 1012 bytes} [Fri Jul 10 22:42:00 2026] GET /allocation_candidates?limit=1000&resources=DISK_GB%3A1%2CMEMORY_MB%3A512%2CVCPU%3A1&root_required=%21COMPUTE_STATUS_DISABLED => generated 2781 bytes in 44 msecs (HTTP/1.1 200) 8 headers in 297 bytes (1 switches on core 0)
2026-07-10 22:42:00.718 7 INFO placement.requestlog [req-f50fd8f9-ce14-4eed-8a6f-23738531b8ff req-cf1d83d6-a421-4cd6-96e7-ced42b5dca82 5c79ce01210f49068d5d656b035d6991 0fe7d73503fe400497e8488503c20c5c - - 23d948569cad4840b324c641044dac89 23d948569cad4840b324c641044dac89] 10.0.0.214 "GET /allocations/6cfc27d0-9e82-4e84-9942-8d5c2b219b6d" status: 200 len: 19 microversion: 1.28 [pid: 7|app: 0|req: 365/725] 10.0.0.214 () {34 vars in 861 bytes} [Fri Jul 10 22:42:00 2026] GET /allocations/6cfc27d0-9e82-4e84-9942-8d5c2b219b6d => generated 19 bytes in 10 msecs (HTTP/1.1 200) 8 headers in 295 bytes (1 switches on core 0)
2026-07-10 22:42:00.780 8 INFO placement.requestlog [req-f50fd8f9-ce14-4eed-8a6f-23738531b8ff req-68d6571b-31b9-4b9a-ada1-2457abbe4a9c 5c79ce01210f49068d5d656b035d6991 0fe7d73503fe400497e8488503c20c5c - - 23d948569cad4840b324c641044dac89 23d948569cad4840b324c641044dac89] 10.0.0.214 "PUT /allocations/6cfc27d0-9e82-4e84-9942-8d5c2b219b6d" status: 204 len: 0 microversion: 1.36 [pid: 8|app: 0|req: 361/726] 10.0.0.214 () {38 vars in 914 bytes} [Fri Jul 10 22:42:00 2026] PUT /allocations/6cfc27d0-9e82-4e84-9942-8d5c2b219b6d => generated 0 bytes in 56 msecs (HTTP/1.1 204) 5 headers in 199 bytes (1 switches on core 0)
2026-07-10 22:42:01.908 7 INFO placement.requestlog [req-387186e5-79d2-49cd-b4ea-2b9f934fac4d req-ff455fb6-90ce-4644-bbca-0ce6e5c57841 5c79ce01210f49068d5d656b035d6991 0fe7d73503fe400497e8488503c20c5c - - 23d948569cad4840b324c641044dac89 23d948569cad4840b324c641044dac89] 10.0.0.91 "DELETE /allocations/c6db0587-aa24-49b3-9ed6-824ce309c1f2" status: 404 len: 228 microversion: 1.0 [pid: 7|app: 0|req: 366/727] 10.0.0.91 () {34 vars in 829 bytes} [Fri Jul 10 22:42:01 2026] DELETE /allocations/c6db0587-aa24-49b3-9ed6-824ce309c1f2 => generated 228 bytes in 12 msecs (HTTP/1.1 404) 6 headers in 231 bytes (1 switches on core 0)
2026-07-10 22:42:02.294 8 INFO placement.requestlog [req-f50fd8f9-ce14-4eed-8a6f-23738531b8ff req-f9cb3400-36d1-470c-8003-7653777b955f 5c79ce01210f49068d5d656b035d6991 0fe7d73503fe400497e8488503c20c5c - - 23d948569cad4840b324c641044dac89 23d948569cad4840b324c641044dac89] 199.19.213.90 "GET /allocations/6cfc27d0-9e82-4e84-9942-8d5c2b219b6d" status: 200 len: 257 microversion: 1.28 [pid: 8|app: 0|req: 362/728] 199.19.213.90 () {34 vars in 862 bytes} [Fri Jul 10 22:42:02 2026] GET /allocations/6cfc27d0-9e82-4e84-9942-8d5c2b219b6d => generated 257 bytes in 12 msecs (HTTP/1.1 200) 8 headers in 296 bytes (1 switches on core 0)
2026-07-10 22:42:03.339 7 INFO placement.requestlog [req-f50fd8f9-ce14-4eed-8a6f-23738531b8ff req-b44b8b6b-4425-4d5d-87e3-2a50de409e68 5c79ce01210f49068d5d656b035d6991 0fe7d73503fe400497e8488503c20c5c - - 23d948569cad4840b324c641044dac89 23d948569cad4840b324c641044dac89] 199.19.213.90 "GET /resource_providers/362cf1eb-deaa-40ef-a98d-58b93fd627fa/allocations" status: 200 len: 152 microversion: 1.0 [pid: 7|app: 0|req: 367/729] 199.19.213.90 () {32 vars in 856 bytes} [Fri Jul 10 22:42:03 2026] GET /resource_providers/362cf1eb-deaa-40ef-a98d-58b93fd627fa/allocations => generated 152 bytes in 14 msecs (HTTP/1.1 200) 6 headers in 224 bytes (1 switches on core 0)
2026-07-10 22:42:03.363 8 INFO placement.requestlog [req-f50fd8f9-ce14-4eed-8a6f-23738531b8ff req-e1d66b8c-b301-47d3-9337-4418e10c3613 5c79ce01210f49068d5d656b035d6991 0fe7d73503fe400497e8488503c20c5c - - 23d948569cad4840b324c641044dac89 23d948569cad4840b324c641044dac89] 199.19.213.90 "GET /allocations/6cfc27d0-9e82-4e84-9942-8d5c2b219b6d" status: 200 len: 257 microversion: 1.28 [pid: 8|app: 0|req: 363/730] 199.19.213.90 () {34 vars in 862 bytes} [Fri Jul 10 22:42:03 2026] GET /allocations/6cfc27d0-9e82-4e84-9942-8d5c2b219b6d => generated 257 bytes in 17 msecs (HTTP/1.1 200) 8 headers in 296 bytes (1 switches on core 0)
2026-07-10 22:42:04.689 7 INFO placement.requestlog [None req-1ae1cc85-97b9-4ea6-b4d0-3c8de2e9523b - - - - - -] 10.0.0.70 "GET /" status: 200 len: 136 microversion: 1.0
2026-07-10 22:42:04.689 8 INFO placement.requestlog [None req-80649577-7d0a-44d0-a8d0-43e1011a6e1c - - - - - -] 10.0.0.70 "GET /" status: 200 len: 136 microversion: 1.0
2026-07-10 22:42:04.781 7 INFO placement.requestlog [None req-73e143dc-e822-4a3c-a8dc-07555d7ee888 3c6349d4c9c54e5f9ee355ff6ade8520 0fe7d73503fe400497e8488503c20c5c - - 23d948569cad4840b324c641044dac89 23d948569cad4840b324c641044dac89] 10.0.0.53 "GET /resource_providers/24e2194f-1981-4afd-ade9-2eb6ee61ebe4/aggregates" status: 404 len: 235 microversion: 1.1 [pid: 7|app: 0|req: 369/733] 10.0.0.53 () {32 vars in 815 bytes} [Fri Jul 10 22:42:04 2026] GET /resource_providers/24e2194f-1981-4afd-ade9-2eb6ee61ebe4/aggregates => generated 235 bytes in 7 msecs (HTTP/1.1 404) 5 headers in 202 bytes (1 switches on core 0)
2026-07-10 22:42:04.789 8 INFO placement.requestlog [None req-c6464dce-3d44-4aec-b843-024b4cd64c27 3c6349d4c9c54e5f9ee355ff6ade8520 0fe7d73503fe400497e8488503c20c5c - - 23d948569cad4840b324c641044dac89 23d948569cad4840b324c641044dac89] 10.0.0.53 "GET /resource_providers/24e2194f-1981-4afd-ade9-2eb6ee61ebe4/aggregates" status: 404 len: 235 microversion: 1.1 [pid: 8|app: 0|req: 365/734] 10.0.0.53 () {32 vars in 815 bytes} [Fri Jul 10 22:42:04 2026] GET /resource_providers/24e2194f-1981-4afd-ade9-2eb6ee61ebe4/aggregates => generated 235 bytes in 8 msecs (HTTP/1.1 404) 5 headers in 202 bytes (1 switches on core 0)
2026-07-10 22:42:04.803 7 INFO placement.requestlog [None req-e84595eb-7a37-451c-b636-c628b4f232f0 3c6349d4c9c54e5f9ee355ff6ade8520 0fe7d73503fe400497e8488503c20c5c - - 23d948569cad4840b324c641044dac89 23d948569cad4840b324c641044dac89] 10.0.0.53 "DELETE /resource_providers/24e2194f-1981-4afd-ade9-2eb6ee61ebe4" status: 404 len: 246 microversion: 1.1 [pid: 7|app: 0|req: 370/735] 10.0.0.53 () {34 vars in 815 bytes} [Fri Jul 10 22:42:04 2026] DELETE /resource_providers/24e2194f-1981-4afd-ade9-2eb6ee61ebe4 => generated 246 bytes in 7 msecs (HTTP/1.1 404) 6 headers in 231 bytes (1 switches on core 0)
2026-07-10 22:42:04.806 8 INFO placement.requestlog [None req-60630acd-07df-4bb0-8d3b-8800468693d2 3c6349d4c9c54e5f9ee355ff6ade8520 0fe7d73503fe400497e8488503c20c5c - - 23d948569cad4840b324c641044dac89 23d948569cad4840b324c641044dac89] 10.0.0.53 "DELETE /resource_providers/24e2194f-1981-4afd-ade9-2eb6ee61ebe4" status: 404 len: 246 microversion: 1.1 [pid: 8|app: 0|req: 366/736] 10.0.0.53 () {34 vars in 815 bytes} [Fri Jul 10 22:42:04 2026] DELETE /resource_providers/24e2194f-1981-4afd-ade9-2eb6ee61ebe4 => generated 246 bytes in 9 msecs (HTTP/1.1 404) 6 headers in 231 bytes (1 switches on core 0)
2026-07-10 22:42:08.495 7 INFO placement.requestlog [None req-25d8fc81-de94-49b4-b58c-b80465f7a373 3c6349d4c9c54e5f9ee355ff6ade8520 0fe7d73503fe400497e8488503c20c5c - - 23d948569cad4840b324c641044dac89 23d948569cad4840b324c641044dac89] 10.0.0.53 "GET /resource_providers/21e082c2-9e13-4aa2-a8f7-321456e06558/aggregates" status: 404 len: 235 microversion: 1.1 [pid: 7|app: 0|req: 371/737] 10.0.0.53 () {32 vars in 815 bytes} [Fri Jul 10 22:42:08 2026] GET /resource_providers/21e082c2-9e13-4aa2-a8f7-321456e06558/aggregates => generated 235 bytes in 10 msecs (HTTP/1.1 404) 5 headers in 202 bytes (1 switches on core 0)
2026-07-10 22:42:08.501 8 INFO placement.requestlog [None req-4c2c453f-3d5e-42bb-8e72-a73fa6e8f4f8 3c6349d4c9c54e5f9ee355ff6ade8520 0fe7d73503fe400497e8488503c20c5c - - 23d948569cad4840b324c641044dac89 23d948569cad4840b324c641044dac89] 10.0.0.53 "GET /resource_providers/21e082c2-9e13-4aa2-a8f7-321456e06558/aggregates" status: 404 len: 235 microversion: 1.1 [pid: 8|app: 0|req: 367/738] 10.0.0.53 () {32 vars in 815 bytes} [Fri Jul 10 22:42:08 2026] GET /resource_providers/21e082c2-9e13-4aa2-a8f7-321456e06558/aggregates => generated 235 bytes in 10 msecs (HTTP/1.1 404) 5 headers in 202 bytes (1 switches on core 0)
2026-07-10 22:42:08.523 8 INFO placement.requestlog [None req-feb96a3e-e61f-44fa-b0e6-065133089af2 3c6349d4c9c54e5f9ee355ff6ade8520 0fe7d73503fe400497e8488503c20c5c - - 23d948569cad4840b324c641044dac89 23d948569cad4840b324c641044dac89] 10.0.0.53 "DELETE /resource_providers/21e082c2-9e13-4aa2-a8f7-321456e06558" status: 404 len: 246 microversion: 1.1 [pid: 8|app: 0|req: 368/739] 10.0.0.53 () {34 vars in 815 bytes} [Fri Jul 10 22:42:08 2026] DELETE /resource_providers/21e082c2-9e13-4aa2-a8f7-321456e06558 => generated 246 bytes in 9 msecs (HTTP/1.1 404) 6 headers in 231 bytes (1 switches on core 0)
2026-07-10 22:42:08.525 7 INFO placement.requestlog [None req-a09e50d5-2333-4061-ac5f-43d04e9d23d2 3c6349d4c9c54e5f9ee355ff6ade8520 0fe7d73503fe400497e8488503c20c5c - - 23d948569cad4840b324c641044dac89 23d948569cad4840b324c641044dac89] 10.0.0.53 "DELETE /resource_providers/21e082c2-9e13-4aa2-a8f7-321456e06558" status: 404 len: 246 microversion: 1.1 [pid: 7|app: 0|req: 372/740] 10.0.0.53 () {34 vars in 815 bytes} [Fri Jul 10 22:42:08 2026] DELETE /resource_providers/21e082c2-9e13-4aa2-a8f7-321456e06558 => generated 246 bytes in 13 msecs (HTTP/1.1 404) 6 headers in 231 bytes (1 switches on core 0)
2026-07-10 22:42:10.011 8 INFO placement.requestlog [None req-191959d1-bbe6-48ae-b070-4246b7624d51 3c6349d4c9c54e5f9ee355ff6ade8520 0fe7d73503fe400497e8488503c20c5c - - 23d948569cad4840b324c641044dac89 23d948569cad4840b324c641044dac89] 10.0.0.53 "GET /resource_providers/38991f4e-c850-404d-9225-bb4a70038dec/aggregates" status: 404 len: 235 microversion: 1.1 [pid: 8|app: 0|req: 369/741] 10.0.0.53 () {32 vars in 815 bytes} [Fri Jul 10 22:42:10 2026] GET /resource_providers/38991f4e-c850-404d-9225-bb4a70038dec/aggregates => generated 235 bytes in 9 msecs (HTTP/1.1 404) 5 headers in 202 bytes (1 switches on core 0)
2026-07-10 22:42:10.015 7 INFO placement.requestlog [None req-e31af033-8eb9-4fd1-9d66-6be7a94ad3f8 3c6349d4c9c54e5f9ee355ff6ade8520 0fe7d73503fe400497e8488503c20c5c - - 23d948569cad4840b324c641044dac89 23d948569cad4840b324c641044dac89] 10.0.0.53 "GET /resource_providers/38991f4e-c850-404d-9225-bb4a70038dec/aggregates" status: 404 len: 235 microversion: 1.1 [pid: 7|app: 0|req: 373/742] 10.0.0.53 () {32 vars in 815 bytes} [Fri Jul 10 22:42:10 2026] GET /resource_providers/38991f4e-c850-404d-9225-bb4a70038dec/aggregates => generated 235 bytes in 9 msecs (HTTP/1.1 404) 5 headers in 202 bytes (1 switches on core 0)
2026-07-10 22:42:10.051 8 INFO placement.requestlog [None req-d7446bee-4729-4839-8975-22e050f15a30 3c6349d4c9c54e5f9ee355ff6ade8520 0fe7d73503fe400497e8488503c20c5c - - 23d948569cad4840b324c641044dac89 23d948569cad4840b324c641044dac89] 10.0.0.53 "DELETE /resource_providers/38991f4e-c850-404d-9225-bb4a70038dec" status: 404 len: 246 microversion: 1.1 [pid: 8|app: 0|req: 370/743] 10.0.0.53 () {34 vars in 815 bytes} [Fri Jul 10 22:42:10 2026] DELETE /resource_providers/38991f4e-c850-404d-9225-bb4a70038dec => generated 246 bytes in 8 msecs (HTTP/1.1 404) 6 headers in 231 bytes (1 switches on core 0)
2026-07-10 22:42:10.053 7 INFO placement.requestlog [None req-1908f00d-bcbd-4d3f-9635-b750fdd86ea8 3c6349d4c9c54e5f9ee355ff6ade8520 0fe7d73503fe400497e8488503c20c5c - - 23d948569cad4840b324c641044dac89 23d948569cad4840b324c641044dac89] 10.0.0.53 "DELETE /resource_providers/38991f4e-c850-404d-9225-bb4a70038dec" status: 404 len: 246 microversion: 1.1 [pid: 7|app: 0|req: 374/744] 10.0.0.53 () {34 vars in 815 bytes} [Fri Jul 10 22:42:10 2026] DELETE /resource_providers/38991f4e-c850-404d-9225-bb4a70038dec => generated 246 bytes in 10 msecs (HTTP/1.1 404) 6 headers in 231 bytes (1 switches on core 0)
2026-07-10 22:42:10.549 7 INFO placement.requestlog [None req-4854b3d8-cfdd-4c67-97fe-26f02d7ea214 3c6349d4c9c54e5f9ee355ff6ade8520 0fe7d73503fe400497e8488503c20c5c - - 23d948569cad4840b324c641044dac89 23d948569cad4840b324c641044dac89] 10.0.0.53 "GET /resource_providers/efcba626-50d8-40f6-a92b-da62fb406b76/aggregates" status: 404 len: 235 microversion: 1.1
2026-07-10 22:42:10.549 8 INFO placement.requestlog [None req-b5e43c20-6f74-413e-8a40-b9040676d7ef 3c6349d4c9c54e5f9ee355ff6ade8520 0fe7d73503fe400497e8488503c20c5c - - 23d948569cad4840b324c641044dac89 23d948569cad4840b324c641044dac89] 10.0.0.53 "GET /resource_providers/efcba626-50d8-40f6-a92b-da62fb406b76/aggregates" status: 404 len: 235 microversion: 1.1 [pid: 7|app: 0|req: 375/745] 10.0.0.53 () {32 vars in 815 bytes} [Fri Jul 10 22:42:10 2026] GET /resource_providers/efcba626-50d8-40f6-a92b-da62fb406b76/aggregates => generated 235 bytes in 9 msecs (HTTP/1.1 404) 5 headers in 202 bytes (1 switches on core 0) [pid: 8|app: 0|req: 371/746] 10.0.0.53 () {32 vars in 815 bytes} [Fri Jul 10 22:42:10 2026] GET /resource_providers/efcba626-50d8-40f6-a92b-da62fb406b76/aggregates => generated 235 bytes in 9 msecs (HTTP/1.1 404) 5 headers in 202 bytes (1 switches on core 0)
2026-07-10 22:42:10.570 7 INFO placement.requestlog [None req-f2accfe4-34cf-48f8-8278-9e912840ca9a 3c6349d4c9c54e5f9ee355ff6ade8520 0fe7d73503fe400497e8488503c20c5c - - 23d948569cad4840b324c641044dac89 23d948569cad4840b324c641044dac89] 10.0.0.53 "DELETE /resource_providers/efcba626-50d8-40f6-a92b-da62fb406b76" status: 404 len: 246 microversion: 1.1 [pid: 7|app: 0|req: 376/747] 10.0.0.53 () {34 vars in 815 bytes} [Fri Jul 10 22:42:10 2026] DELETE /resource_providers/efcba626-50d8-40f6-a92b-da62fb406b76 => generated 246 bytes in 10 msecs (HTTP/1.1 404) 6 headers in 231 bytes (1 switches on core 0)
2026-07-10 22:42:10.576 8 INFO placement.requestlog [None req-989c61bf-0033-4dd5-b00d-309dce372c29 3c6349d4c9c54e5f9ee355ff6ade8520 0fe7d73503fe400497e8488503c20c5c - - 23d948569cad4840b324c641044dac89 23d948569cad4840b324c641044dac89] 10.0.0.53 "DELETE /resource_providers/efcba626-50d8-40f6-a92b-da62fb406b76" status: 404 len: 246 microversion: 1.1 [pid: 8|app: 0|req: 372/748] 10.0.0.53 () {34 vars in 815 bytes} [Fri Jul 10 22:42:10 2026] DELETE /resource_providers/efcba626-50d8-40f6-a92b-da62fb406b76 => generated 246 bytes in 12 msecs (HTTP/1.1 404) 6 headers in 231 bytes (1 switches on core 0)
2026-07-10 22:42:12.350 7 INFO placement.requestlog [req-f50fd8f9-ce14-4eed-8a6f-23738531b8ff req-edde770f-cdbd-4475-9d67-84673ad48466 5c79ce01210f49068d5d656b035d6991 0fe7d73503fe400497e8488503c20c5c - - 23d948569cad4840b324c641044dac89 23d948569cad4840b324c641044dac89] 199.19.213.90 "GET /resource_providers/362cf1eb-deaa-40ef-a98d-58b93fd627fa/allocations" status: 200 len: 152 microversion: 1.0 [pid: 7|app: 0|req: 377/749] 199.19.213.90 () {32 vars in 856 bytes} [Fri Jul 10 22:42:12 2026] GET /resource_providers/362cf1eb-deaa-40ef-a98d-58b93fd627fa/allocations => generated 152 bytes in 16 msecs (HTTP/1.1 200) 6 headers in 224 bytes (1 switches on core 0)
2026-07-10 22:42:12.370 8 INFO placement.requestlog [req-f50fd8f9-ce14-4eed-8a6f-23738531b8ff req-419d0e4e-3c77-473e-8da4-2394b23319b0 5c79ce01210f49068d5d656b035d6991 0fe7d73503fe400497e8488503c20c5c - - 23d948569cad4840b324c641044dac89 23d948569cad4840b324c641044dac89] 199.19.213.90 "GET /allocations/6cfc27d0-9e82-4e84-9942-8d5c2b219b6d" status: 200 len: 257 microversion: 1.28 [pid: 8|app: 0|req: 373/750] 199.19.213.90 () {34 vars in 862 bytes} [Fri Jul 10 22:42:12 2026] GET /allocations/6cfc27d0-9e82-4e84-9942-8d5c2b219b6d => generated 257 bytes in 12 msecs (HTTP/1.1 200) 8 headers in 296 bytes (1 switches on core 0)
2026-07-10 22:42:14.689 7 INFO placement.requestlog [None req-23f477a4-1a2c-48b3-a7d7-69e5d71893c0 - - - - - -] 10.0.0.70 "GET /" status: 200 len: 136 microversion: 1.0
2026-07-10 22:42:14.689 8 INFO placement.requestlog [None req-64c3c6da-d251-4b20-822a-f3dba5727692 - - - - - -] 10.0.0.70 "GET /" status: 200 len: 136 microversion: 1.0
2026-07-10 22:42:15.313 8 INFO placement.requestlog [None req-b2563043-238f-4fe5-9a30-77128e54c10a 3c6349d4c9c54e5f9ee355ff6ade8520 0fe7d73503fe400497e8488503c20c5c - - 23d948569cad4840b324c641044dac89 23d948569cad4840b324c641044dac89] 10.0.0.53 "GET /resource_providers/b610087d-ebf3-4ddb-867d-eeeccf2799d6/aggregates" status: 404 len: 235 microversion: 1.1
2026-07-10 22:42:15.313 7 INFO placement.requestlog [None req-094879b1-9500-4562-8b84-acb2c1071b82 3c6349d4c9c54e5f9ee355ff6ade8520 0fe7d73503fe400497e8488503c20c5c - - 23d948569cad4840b324c641044dac89 23d948569cad4840b324c641044dac89] 10.0.0.53 "GET /resource_providers/b610087d-ebf3-4ddb-867d-eeeccf2799d6/aggregates" status: 404 len: 235 microversion: 1.1 [pid: 8|app: 0|req: 375/753] 10.0.0.53 () {32 vars in 815 bytes} [Fri Jul 10 22:42:15 2026] GET /resource_providers/b610087d-ebf3-4ddb-867d-eeeccf2799d6/aggregates => generated 235 bytes in 13 msecs (HTTP/1.1 404) 5 headers in 202 bytes (1 switches on core 0) [pid: 7|app: 0|req: 379/754] 10.0.0.53 () {32 vars in 815 bytes} [Fri Jul 10 22:42:15 2026] GET /resource_providers/b610087d-ebf3-4ddb-867d-eeeccf2799d6/aggregates => generated 235 bytes in 15 msecs (HTTP/1.1 404) 5 headers in 202 bytes (1 switches on core 0)
2026-07-10 22:42:15.340 8 INFO placement.requestlog [None req-8307509e-d517-4315-baaa-6521b68a08bf 3c6349d4c9c54e5f9ee355ff6ade8520 0fe7d73503fe400497e8488503c20c5c - - 23d948569cad4840b324c641044dac89 23d948569cad4840b324c641044dac89] 10.0.0.53 "DELETE /resource_providers/b610087d-ebf3-4ddb-867d-eeeccf2799d6" status: 404 len: 246 microversion: 1.1 [pid: 8|app: 0|req: 376/755] 10.0.0.53 () {34 vars in 815 bytes} [Fri Jul 10 22:42:15 2026] DELETE /resource_providers/b610087d-ebf3-4ddb-867d-eeeccf2799d6 => generated 246 bytes in 11 msecs (HTTP/1.1 404) 6 headers in 231 bytes (1 switches on core 0)
2026-07-10 22:42:15.344 7 INFO placement.requestlog [None req-e976eb9a-08b4-41c0-a0e0-715e25daea98 3c6349d4c9c54e5f9ee355ff6ade8520 0fe7d73503fe400497e8488503c20c5c - - 23d948569cad4840b324c641044dac89 23d948569cad4840b324c641044dac89] 10.0.0.53 "DELETE /resource_providers/b610087d-ebf3-4ddb-867d-eeeccf2799d6" status: 404 len: 246 microversion: 1.1 [pid: 7|app: 0|req: 380/756] 10.0.0.53 () {34 vars in 815 bytes} [Fri Jul 10 22:42:15 2026] DELETE /resource_providers/b610087d-ebf3-4ddb-867d-eeeccf2799d6 => generated 246 bytes in 12 msecs (HTTP/1.1 404) 6 headers in 231 bytes (1 switches on core 0)
2026-07-10 22:42:16.830 8 INFO placement.requestlog [req-f50fd8f9-ce14-4eed-8a6f-23738531b8ff req-cb04217c-545e-442b-9cd3-e029b5afea23 5c79ce01210f49068d5d656b035d6991 0fe7d73503fe400497e8488503c20c5c - - 23d948569cad4840b324c641044dac89 23d948569cad4840b324c641044dac89] 199.19.213.90 "DELETE /allocations/6cfc27d0-9e82-4e84-9942-8d5c2b219b6d" status: 204 len: 0 microversion: 1.0 [pid: 8|app: 0|req: 377/757] 199.19.213.90 () {34 vars in 840 bytes} [Fri Jul 10 22:42:16 2026] DELETE /allocations/6cfc27d0-9e82-4e84-9942-8d5c2b219b6d => generated 0 bytes in 29 msecs (HTTP/1.1 204) 5 headers in 198 bytes (1 switches on core 0)
2026-07-10 22:42:16.894 8 INFO placement.requestlog [None req-b3d25f64-518a-42a8-94c1-f5a5d0dfec6e 3c6349d4c9c54e5f9ee355ff6ade8520 0fe7d73503fe400497e8488503c20c5c - - 23d948569cad4840b324c641044dac89 23d948569cad4840b324c641044dac89] 10.0.0.53 "GET /resource_providers/0629568e-e2fc-464c-8c18-f98d63e4ce2d/aggregates" status: 404 len: 235 microversion: 1.1 [pid: 8|app: 0|req: 378/758] 10.0.0.53 () {32 vars in 815 bytes} [Fri Jul 10 22:42:16 2026] GET /resource_providers/0629568e-e2fc-464c-8c18-f98d63e4ce2d/aggregates => generated 235 bytes in 14 msecs (HTTP/1.1 404) 5 headers in 202 bytes (1 switches on core 0)
2026-07-10 22:42:16.900 7 INFO placement.requestlog [None req-b2ca6ab2-1fd9-48d3-8330-a48895c43737 3c6349d4c9c54e5f9ee355ff6ade8520 0fe7d73503fe400497e8488503c20c5c - - 23d948569cad4840b324c641044dac89 23d948569cad4840b324c641044dac89] 10.0.0.53 "GET /resource_providers/0629568e-e2fc-464c-8c18-f98d63e4ce2d/aggregates" status: 404 len: 235 microversion: 1.1 [pid: 7|app: 0|req: 381/759] 10.0.0.53 () {32 vars in 815 bytes} [Fri Jul 10 22:42:16 2026] GET /resource_providers/0629568e-e2fc-464c-8c18-f98d63e4ce2d/aggregates => generated 235 bytes in 19 msecs (HTTP/1.1 404) 5 headers in 202 bytes (1 switches on core 0)
2026-07-10 22:42:16.924 8 INFO placement.requestlog [None req-9bc5e05b-ea4d-4814-b9f5-a62cd2e47d76 3c6349d4c9c54e5f9ee355ff6ade8520 0fe7d73503fe400497e8488503c20c5c - - 23d948569cad4840b324c641044dac89 23d948569cad4840b324c641044dac89] 10.0.0.53 "DELETE /resource_providers/0629568e-e2fc-464c-8c18-f98d63e4ce2d" status: 404 len: 246 microversion: 1.1 [pid: 8|app: 0|req: 379/760] 10.0.0.53 () {34 vars in 815 bytes} [Fri Jul 10 22:42:16 2026] DELETE /resource_providers/0629568e-e2fc-464c-8c18-f98d63e4ce2d => generated 246 bytes in 10 msecs (HTTP/1.1 404) 6 headers in 231 bytes (1 switches on core 0)
2026-07-10 22:42:16.929 7 INFO placement.requestlog [None req-e5d0c467-e90f-4097-a2e8-bc40f79767b7 3c6349d4c9c54e5f9ee355ff6ade8520 0fe7d73503fe400497e8488503c20c5c - - 23d948569cad4840b324c641044dac89 23d948569cad4840b324c641044dac89] 10.0.0.53 "DELETE /resource_providers/0629568e-e2fc-464c-8c18-f98d63e4ce2d" status: 404 len: 246 microversion: 1.1 [pid: 7|app: 0|req: 382/761] 10.0.0.53 () {34 vars in 815 bytes} [Fri Jul 10 22:42:16 2026] DELETE /resource_providers/0629568e-e2fc-464c-8c18-f98d63e4ce2d => generated 246 bytes in 17 msecs (HTTP/1.1 404) 6 headers in 231 bytes (1 switches on core 0)
2026-07-10 22:42:17.644 8 INFO placement.requestlog [None req-959c4758-5b5a-4642-ad04-e4c9ff2c394b 3c6349d4c9c54e5f9ee355ff6ade8520 0fe7d73503fe400497e8488503c20c5c - - 23d948569cad4840b324c641044dac89 23d948569cad4840b324c641044dac89] 10.0.0.53 "GET /resource_providers/3f7aef4e-144c-4ce0-91f8-d586dd7cfe60/aggregates" status: 404 len: 235 microversion: 1.1
2026-07-10 22:42:17.644 7 INFO placement.requestlog [None req-463b285f-e239-407f-9368-251f41418c08 3c6349d4c9c54e5f9ee355ff6ade8520 0fe7d73503fe400497e8488503c20c5c - - 23d948569cad4840b324c641044dac89 23d948569cad4840b324c641044dac89] 10.0.0.53 "GET /resource_providers/3f7aef4e-144c-4ce0-91f8-d586dd7cfe60/aggregates" status: 404 len: 235 microversion: 1.1 [pid: 8|app: 0|req: 380/762] 10.0.0.53 () {32 vars in 815 bytes} [Fri Jul 10 22:42:17 2026] GET /resource_providers/3f7aef4e-144c-4ce0-91f8-d586dd7cfe60/aggregates => generated 235 bytes in 13 msecs (HTTP/1.1 404) 5 headers in 202 bytes (1 switches on core 0) [pid: 7|app: 0|req: 383/763] 10.0.0.53 () {32 vars in 815 bytes} [Fri Jul 10 22:42:17 2026] GET /resource_providers/3f7aef4e-144c-4ce0-91f8-d586dd7cfe60/aggregates => generated 235 bytes in 10 msecs (HTTP/1.1 404) 5 headers in 202 bytes (1 switches on core 0)
2026-07-10 22:42:17.671 8 INFO placement.requestlog [None req-c1447c22-bf60-4d8a-b456-e7b4e0e2c09a 3c6349d4c9c54e5f9ee355ff6ade8520 0fe7d73503fe400497e8488503c20c5c - - 23d948569cad4840b324c641044dac89 23d948569cad4840b324c641044dac89] 10.0.0.53 "DELETE /resource_providers/3f7aef4e-144c-4ce0-91f8-d586dd7cfe60" status: 404 len: 246 microversion: 1.1 [pid: 8|app: 0|req: 381/764] 10.0.0.53 () {34 vars in 815 bytes} [Fri Jul 10 22:42:17 2026] DELETE /resource_providers/3f7aef4e-144c-4ce0-91f8-d586dd7cfe60 => generated 246 bytes in 7 msecs (HTTP/1.1 404) 6 headers in 231 bytes (1 switches on core 0)
2026-07-10 22:42:17.680 7 INFO placement.requestlog [None req-fc8f077b-da1a-4c14-8996-7788cd0c7d79 3c6349d4c9c54e5f9ee355ff6ade8520 0fe7d73503fe400497e8488503c20c5c - - 23d948569cad4840b324c641044dac89 23d948569cad4840b324c641044dac89] 10.0.0.53 "DELETE /resource_providers/3f7aef4e-144c-4ce0-91f8-d586dd7cfe60" status: 404 len: 246 microversion: 1.1 [pid: 7|app: 0|req: 384/765] 10.0.0.53 () {34 vars in 815 bytes} [Fri Jul 10 22:42:17 2026] DELETE /resource_providers/3f7aef4e-144c-4ce0-91f8-d586dd7cfe60 => generated 246 bytes in 10 msecs (HTTP/1.1 404) 6 headers in 231 bytes (1 switches on core 0)
2026-07-10 22:42:17.793 8 INFO placement.requestlog [req-d102e595-fbe0-41b3-ac0a-153d46f54456 req-72cb0d3a-dfe6-4993-9318-167625bf4917 5c79ce01210f49068d5d656b035d6991 0fe7d73503fe400497e8488503c20c5c - - 23d948569cad4840b324c641044dac89 23d948569cad4840b324c641044dac89] 10.0.0.91 "DELETE /allocations/6cfc27d0-9e82-4e84-9942-8d5c2b219b6d" status: 404 len: 228 microversion: 1.0 [pid: 8|app: 0|req: 382/766] 10.0.0.91 () {34 vars in 829 bytes} [Fri Jul 10 22:42:17 2026] DELETE /allocations/6cfc27d0-9e82-4e84-9942-8d5c2b219b6d => generated 228 bytes in 10 msecs (HTTP/1.1 404) 6 headers in 231 bytes (1 switches on core 0)
2026-07-10 22:42:19.928 7 INFO placement.requestlog [None req-e477fd84-b3f0-4673-96e0-58739ee5826e 3c6349d4c9c54e5f9ee355ff6ade8520 0fe7d73503fe400497e8488503c20c5c - - 23d948569cad4840b324c641044dac89 23d948569cad4840b324c641044dac89] 10.0.0.53 "GET /resource_providers/d09a739f-8091-44d6-b8d3-ff81e710d7bf/aggregates" status: 404 len: 235 microversion: 1.1 [pid: 7|app: 0|req: 385/767] 10.0.0.53 () {32 vars in 815 bytes} [Fri Jul 10 22:42:19 2026] GET /resource_providers/d09a739f-8091-44d6-b8d3-ff81e710d7bf/aggregates => generated 235 bytes in 10 msecs (HTTP/1.1 404) 5 headers in 202 bytes (1 switches on core 0)
2026-07-10 22:42:19.929 8 INFO placement.requestlog [None req-a65f5e4a-04bc-4400-8e6a-aff8f7f1f180 3c6349d4c9c54e5f9ee355ff6ade8520 0fe7d73503fe400497e8488503c20c5c - - 23d948569cad4840b324c641044dac89 23d948569cad4840b324c641044dac89] 10.0.0.53 "GET /resource_providers/d09a739f-8091-44d6-b8d3-ff81e710d7bf/aggregates" status: 404 len: 235 microversion: 1.1 [pid: 8|app: 0|req: 383/768] 10.0.0.53 () {32 vars in 815 bytes} [Fri Jul 10 22:42:19 2026] GET /resource_providers/d09a739f-8091-44d6-b8d3-ff81e710d7bf/aggregates => generated 235 bytes in 11 msecs (HTTP/1.1 404) 5 headers in 202 bytes (1 switches on core 0)
2026-07-10 22:42:19.954 8 INFO placement.requestlog [None req-7313db99-059e-4683-92d7-4645225b14c2 3c6349d4c9c54e5f9ee355ff6ade8520 0fe7d73503fe400497e8488503c20c5c - - 23d948569cad4840b324c641044dac89 23d948569cad4840b324c641044dac89] 10.0.0.53 "DELETE /resource_providers/d09a739f-8091-44d6-b8d3-ff81e710d7bf" status: 404 len: 246 microversion: 1.1 [pid: 8|app: 0|req: 384/769] 10.0.0.53 () {34 vars in 815 bytes} [Fri Jul 10 22:42:19 2026] DELETE /resource_providers/d09a739f-8091-44d6-b8d3-ff81e710d7bf => generated 246 bytes in 9 msecs (HTTP/1.1 404) 6 headers in 231 bytes (1 switches on core 0)
2026-07-10 22:42:19.956 7 INFO placement.requestlog [None req-f9194fd3-07f0-44e6-8a6f-e53fedc0e3a6 3c6349d4c9c54e5f9ee355ff6ade8520 0fe7d73503fe400497e8488503c20c5c - - 23d948569cad4840b324c641044dac89 23d948569cad4840b324c641044dac89] 10.0.0.53 "DELETE /resource_providers/d09a739f-8091-44d6-b8d3-ff81e710d7bf" status: 404 len: 246 microversion: 1.1 [pid: 7|app: 0|req: 386/770] 10.0.0.53 () {34 vars in 815 bytes} [Fri Jul 10 22:42:19 2026] DELETE /resource_providers/d09a739f-8091-44d6-b8d3-ff81e710d7bf => generated 246 bytes in 11 msecs (HTTP/1.1 404) 6 headers in 231 bytes (1 switches on core 0)
2026-07-10 22:42:22.705 8 INFO placement.requestlog [None req-4e3e6b80-a94f-47d8-b0ea-ebd81dd01f29 3c6349d4c9c54e5f9ee355ff6ade8520 0fe7d73503fe400497e8488503c20c5c - - 23d948569cad4840b324c641044dac89 23d948569cad4840b324c641044dac89] 10.0.0.53 "GET /resource_providers/2b0e235e-6b4b-47d0-924e-0147709f0e64/aggregates" status: 404 len: 235 microversion: 1.1 [pid: 8|app: 0|req: 385/771] 10.0.0.53 () {32 vars in 815 bytes} [Fri Jul 10 22:42:22 2026] GET /resource_providers/2b0e235e-6b4b-47d0-924e-0147709f0e64/aggregates => generated 235 bytes in 17 msecs (HTTP/1.1 404) 5 headers in 202 bytes (1 switches on core 0)
2026-07-10 22:42:22.708 7 INFO placement.requestlog [None req-de5c8ab0-47be-4e1b-b7ce-9259970c702b 3c6349d4c9c54e5f9ee355ff6ade8520 0fe7d73503fe400497e8488503c20c5c - - 23d948569cad4840b324c641044dac89 23d948569cad4840b324c641044dac89] 10.0.0.53 "GET /resource_providers/2b0e235e-6b4b-47d0-924e-0147709f0e64/aggregates" status: 404 len: 235 microversion: 1.1 [pid: 7|app: 0|req: 387/772] 10.0.0.53 () {32 vars in 815 bytes} [Fri Jul 10 22:42:22 2026] GET /resource_providers/2b0e235e-6b4b-47d0-924e-0147709f0e64/aggregates => generated 235 bytes in 14 msecs (HTTP/1.1 404) 5 headers in 202 bytes (1 switches on core 0)
2026-07-10 22:42:22.720 8 INFO placement.requestlog [None req-b503332b-b611-4757-a164-cd0a3d747805 3c6349d4c9c54e5f9ee355ff6ade8520 0fe7d73503fe400497e8488503c20c5c - - 23d948569cad4840b324c641044dac89 23d948569cad4840b324c641044dac89] 10.0.0.53 "DELETE /resource_providers/2b0e235e-6b4b-47d0-924e-0147709f0e64" status: 404 len: 246 microversion: 1.1 [pid: 8|app: 0|req: 386/773] 10.0.0.53 () {34 vars in 815 bytes} [Fri Jul 10 22:42:22 2026] DELETE /resource_providers/2b0e235e-6b4b-47d0-924e-0147709f0e64 => generated 246 bytes in 6 msecs (HTTP/1.1 404) 6 headers in 231 bytes (1 switches on core 0)
2026-07-10 22:42:22.722 7 INFO placement.requestlog [None req-e112b182-a93d-4b57-8a7e-d9fa34cd4898 3c6349d4c9c54e5f9ee355ff6ade8520 0fe7d73503fe400497e8488503c20c5c - - 23d948569cad4840b324c641044dac89 23d948569cad4840b324c641044dac89] 10.0.0.53 "DELETE /resource_providers/2b0e235e-6b4b-47d0-924e-0147709f0e64" status: 404 len: 246 microversion: 1.1 [pid: 7|app: 0|req: 388/774] 10.0.0.53 () {34 vars in 815 bytes} [Fri Jul 10 22:42:22 2026] DELETE /resource_providers/2b0e235e-6b4b-47d0-924e-0147709f0e64 => generated 246 bytes in 7 msecs (HTTP/1.1 404) 6 headers in 231 bytes (1 switches on core 0)
