2026-07-10 22:42:49.781 7 INFO neutron.db.ovn_revision_numbers_db [None req-62a23190-1305-47da-9b3d-13f1b75e6783 f250509eadca49ce956c2d1b2cc83e6f d67f2a8fd8b8448c8fd22dba8e36f9ca - - default default] Successfully bumped revision number for resource 70d802e6-f813-45e4-83a9-2906b3140ac3 (type: router_ports) to 1 [pid: 7|app: 0|req: 665/1426] 10.0.0.117 () {34 vars in 783 bytes} [Fri Jul 10 22:42:48 2026] PUT /v2.0/routers/edd6191f-5df0-4e44-8f50-147693c17475/add_router_interface => generated 310 bytes in 1653 msecs (HTTP/1.1 200) 4 headers in 157 bytes (1 switches on core 0) [pid: 7|app: 0|req: 666/1427] 10.0.0.117 () {32 vars in 717 bytes} [Fri Jul 10 22:42:49 2026] GET /v2.0/ports/70d802e6-f813-45e4-83a9-2906b3140ac3 => generated 941 bytes in 66 msecs (HTTP/1.1 200) 4 headers in 157 bytes (1 switches on core 0) [pid: 7|app: 0|req: 667/1428] 10.0.0.117 () {32 vars in 717 bytes} [Fri Jul 10 22:42:49 2026] GET /v2.0/ports/70d802e6-f813-45e4-83a9-2906b3140ac3 => generated 941 bytes in 25 msecs (HTTP/1.1 200) 4 headers in 157 bytes (1 switches on core 0)
2026-07-10 22:42:50.330 8 WARNING neutron.scheduler.dhcp_agent_scheduler [None req-f36371eb-589b-45d7-bc2b-1935a4a95045 e35f55b4113648ae970e9bf02faa5d1e 04b53986ea1143f6b56df8be78942615 - - default default] No more DHCP agents
2026-07-10 22:42:50.332 8 WARNING neutron.api.rpc.agentnotifiers.dhcp_rpc_agent_api [None req-f36371eb-589b-45d7-bc2b-1935a4a95045 e35f55b4113648ae970e9bf02faa5d1e 04b53986ea1143f6b56df8be78942615 - - default default] Unable to schedule network 5c2da6ce-ba93-479a-87cb-51a3b2b61ca0: no agents available; will retry on subsequent port and subnet creation events.
2026-07-10 22:42:50.497 8 INFO neutron.db.ovn_revision_numbers_db [None req-f36371eb-589b-45d7-bc2b-1935a4a95045 e35f55b4113648ae970e9bf02faa5d1e 04b53986ea1143f6b56df8be78942615 - - default default] Successfully bumped revision number for resource 57c1f29d-2a7e-48ac-88ce-bde261d1d33a (type: ports) to 1
2026-07-10 22:42:50.958 7 WARNING neutron.db.securitygroups_db [None req-15f8e32d-f6bb-4692-ab9d-df63d5988107 2cffeaf2cadc4c8a80d75f6e832aa2b3 76950c83365b4cf4b7abe531956feb8d - - default default] project_id key not found in filters, using tenant_id instead. This support has been deprecated and will be removed in a future release.
2026-07-10 22:42:51.077 7 INFO neutron.db.ovn_revision_numbers_db [None req-15f8e32d-f6bb-4692-ab9d-df63d5988107 2cffeaf2cadc4c8a80d75f6e832aa2b3 76950c83365b4cf4b7abe531956feb8d - - default default] Successfully bumped revision number for resource 0b02bf45-eef2-4c31-bdac-70f47621c42a (type: security_groups) to 1
2026-07-10 22:42:51.088 7 INFO neutron.db.ovn_revision_numbers_db [None req-15f8e32d-f6bb-4692-ab9d-df63d5988107 2cffeaf2cadc4c8a80d75f6e832aa2b3 76950c83365b4cf4b7abe531956feb8d - - default default] Successfully bumped revision number for resource 44e8ed0c-3963-45fb-9150-8b7577f8f729 (type: security_group_rules) to 0
2026-07-10 22:42:51.125 7 INFO neutron.db.ovn_revision_numbers_db [None req-15f8e32d-f6bb-4692-ab9d-df63d5988107 2cffeaf2cadc4c8a80d75f6e832aa2b3 76950c83365b4cf4b7abe531956feb8d - - default default] Successfully bumped revision number for resource 9e6151a7-5dde-49a6-8f70-5c1846363fe5 (type: security_group_rules) to 0
2026-07-10 22:42:51.144 7 INFO neutron.db.ovn_revision_numbers_db [None req-15f8e32d-f6bb-4692-ab9d-df63d5988107 2cffeaf2cadc4c8a80d75f6e832aa2b3 76950c83365b4cf4b7abe531956feb8d - - default default] Successfully bumped revision number for resource b917bc0f-c556-46d0-8183-23fb7c534024 (type: security_group_rules) to 0
2026-07-10 22:42:51.156 7 INFO neutron.db.ovn_revision_numbers_db [None req-15f8e32d-f6bb-4692-ab9d-df63d5988107 2cffeaf2cadc4c8a80d75f6e832aa2b3 76950c83365b4cf4b7abe531956feb8d - - default default] Successfully bumped revision number for resource d39ba0b2-333e-4cf8-98bc-c8fb5dc8f063 (type: security_group_rules) to 0 [pid: 7|app: 0|req: 668/1429] 10.0.0.117 () {32 vars in 774 bytes} [Fri Jul 10 22:42:50 2026] GET /v2.0/security-groups?tenant_id=f6a8441143a14ab49db59c78076142e4&name=default => generated 2925 bytes in 454 msecs (HTTP/1.1 200) 4 headers in 158 bytes (1 switches on core 0)
2026-07-10 22:42:51.212 8 INFO neutron.db.ovn_revision_numbers_db [None req-f36371eb-589b-45d7-bc2b-1935a4a95045 e35f55b4113648ae970e9bf02faa5d1e 04b53986ea1143f6b56df8be78942615 - - default default] Successfully bumped revision number for resource 57c1f29d-2a7e-48ac-88ce-bde261d1d33a (type: router_ports) to 1 [pid: 7|app: 0|req: 669/1430] 10.0.0.117 () {32 vars in 717 bytes} [Fri Jul 10 22:42:51 2026] GET /v2.0/ports/70d802e6-f813-45e4-83a9-2906b3140ac3 => generated 941 bytes in 36 msecs (HTTP/1.1 200) 4 headers in 157 bytes (1 switches on core 0)
2026-07-10 22:42:51.295 8 INFO neutron.db.ovn_revision_numbers_db [None req-f36371eb-589b-45d7-bc2b-1935a4a95045 e35f55b4113648ae970e9bf02faa5d1e 04b53986ea1143f6b56df8be78942615 - - default default] Successfully bumped revision number for resource 70ac16fa-b4c4-4882-ace5-a5d74a1c126e (type: routers) to 2 [pid: 8|app: 0|req: 762/1431] 10.0.0.117 () {34 vars in 669 bytes} [Fri Jul 10 22:42:49 2026] POST /v2.0/routers => generated 973 bytes in 2123 msecs (HTTP/1.1 201) 4 headers in 162 bytes (1 switches on core 0) [pid: 8|app: 0|req: 763/1432] 10.0.0.117 () {32 vars in 721 bytes} [Fri Jul 10 22:42:51 2026] GET /v2.0/routers/70ac16fa-b4c4-4882-ace5-a5d74a1c126e => generated 979 bytes in 72 msecs (HTTP/1.1 200) 4 headers in 157 bytes (1 switches on core 0) [pid: 7|app: 0|req: 670/1433] 10.0.0.117 () {32 vars in 740 bytes} [Fri Jul 10 22:42:51 2026] DELETE /v2.0/security-groups/0b02bf45-eef2-4c31-bdac-70f47621c42a => generated 0 bytes in 227 msecs (HTTP/1.1 204) 2 headers in 112 bytes (1 switches on core 0) [pid: 8|app: 0|req: 764/1434] 10.0.0.117 () {32 vars in 647 bytes} [Fri Jul 10 22:42:51 2026] GET /v2.0/routers => generated 982 bytes in 109 msecs (HTTP/1.1 200) 4 headers in 157 bytes (1 switches on core 0)
2026-07-10 22:42:51.928 7 INFO neutron.db.ovn_revision_numbers_db [None req-eee6c223-ba9d-42ce-b2dc-a33aa437aaa1 e35f55b4113648ae970e9bf02faa5d1e 04b53986ea1143f6b56df8be78942615 - - default default] Successfully bumped revision number for resource 70ac16fa-b4c4-4882-ace5-a5d74a1c126e (type: routers) to 3 [pid: 7|app: 0|req: 671/1437] 10.0.0.117 () {34 vars in 741 bytes} [Fri Jul 10 22:42:51 2026] PUT /v2.0/routers/70ac16fa-b4c4-4882-ace5-a5d74a1c126e => generated 986 bytes in 414 msecs (HTTP/1.1 200) 4 headers in 157 bytes (1 switches on core 0) [pid: 8|app: 0|req: 767/1438] 10.0.0.117 () {32 vars in 721 bytes} [Fri Jul 10 22:42:51 2026] GET /v2.0/routers/70ac16fa-b4c4-4882-ace5-a5d74a1c126e => generated 986 bytes in 78 msecs (HTTP/1.1 200) 4 headers in 157 bytes (1 switches on core 0) [pid: 8|app: 0|req: 768/1439] 10.0.0.117 () {32 vars in 736 bytes} [Fri Jul 10 22:42:52 2026] GET /v2.0/ports?device_id=70ac16fa-b4c4-4882-ace5-a5d74a1c126e => generated 12 bytes in 19 msecs (HTTP/1.1 200) 4 headers in 156 bytes (1 switches on core 0)
2026-07-10 22:42:52.081 7 WARNING neutron.db.securitygroups_db [None req-4f530116-9688-4601-aab9-2fd9cc118d55 2cffeaf2cadc4c8a80d75f6e832aa2b3 76950c83365b4cf4b7abe531956feb8d - - default default] project_id key not found in filters, using tenant_id instead. This support has been deprecated and will be removed in a future release.
2026-07-10 22:42:52.216 7 INFO neutron.db.ovn_revision_numbers_db [None req-4f530116-9688-4601-aab9-2fd9cc118d55 2cffeaf2cadc4c8a80d75f6e832aa2b3 76950c83365b4cf4b7abe531956feb8d - - default default] Successfully bumped revision number for resource 4ada1149-79f4-47f7-a3ea-516bdd0e162c (type: security_groups) to 1
2026-07-10 22:42:52.243 7 INFO neutron.db.ovn_revision_numbers_db [None req-4f530116-9688-4601-aab9-2fd9cc118d55 2cffeaf2cadc4c8a80d75f6e832aa2b3 76950c83365b4cf4b7abe531956feb8d - - default default] Successfully bumped revision number for resource 52c7c4ac-2eb4-484b-b819-555113a62bcf (type: security_group_rules) to 0
2026-07-10 22:42:52.256 7 INFO neutron.db.ovn_revision_numbers_db [None req-4f530116-9688-4601-aab9-2fd9cc118d55 2cffeaf2cadc4c8a80d75f6e832aa2b3 76950c83365b4cf4b7abe531956feb8d - - default default] Successfully bumped revision number for resource 61594014-c998-4cb3-b99f-ad06f44f5147 (type: security_group_rules) to 0
2026-07-10 22:42:52.268 7 INFO neutron.db.ovn_revision_numbers_db [None req-4f530116-9688-4601-aab9-2fd9cc118d55 2cffeaf2cadc4c8a80d75f6e832aa2b3 76950c83365b4cf4b7abe531956feb8d - - default default] Successfully bumped revision number for resource df76459f-ba15-44c8-a567-1b1544b047b4 (type: security_group_rules) to 0
2026-07-10 22:42:52.283 7 INFO neutron.db.ovn_revision_numbers_db [None req-4f530116-9688-4601-aab9-2fd9cc118d55 2cffeaf2cadc4c8a80d75f6e832aa2b3 76950c83365b4cf4b7abe531956feb8d - - default default] Successfully bumped revision number for resource e903d712-0a0c-48a0-85ae-1501162f4adb (type: security_group_rules) to 0 [pid: 7|app: 0|req: 672/1440] 10.0.0.117 () {32 vars in 774 bytes} [Fri Jul 10 22:42:51 2026] GET /v2.0/security-groups?tenant_id=b61370ebc182446ebca0b5444f55ef10&name=default => generated 2925 bytes in 379 msecs (HTTP/1.1 200) 4 headers in 158 bytes (1 switches on core 0) [pid: 7|app: 0|req: 673/1441] 10.0.0.117 () {32 vars in 717 bytes} [Fri Jul 10 22:42:52 2026] GET /v2.0/ports/70d802e6-f813-45e4-83a9-2906b3140ac3 => generated 941 bytes in 34 msecs (HTTP/1.1 200) 4 headers in 157 bytes (1 switches on core 0)
2026-07-10 22:42:52.400 8 INFO neutron_taas.services.taas.taas_plugin [None req-21a63409-a26a-428f-9970-d608a095f71f e35f55b4113648ae970e9bf02faa5d1e 04b53986ea1143f6b56df8be78942615 - - default default] TaaS: Handle Delete Port: 57c1f29d-2a7e-48ac-88ce-bde261d1d33a
2026-07-10 22:42:52.403 8 INFO neutron_taas.services.taas.tap_mirror_plugin [None req-21a63409-a26a-428f-9970-d608a095f71f e35f55b4113648ae970e9bf02faa5d1e 04b53986ea1143f6b56df8be78942615 - - default default] Tap Mirror: Handle Delete Port: 57c1f29d-2a7e-48ac-88ce-bde261d1d33a [pid: 7|app: 0|req: 674/1442] 10.0.0.117 () {32 vars in 740 bytes} [Fri Jul 10 22:42:52 2026] DELETE /v2.0/security-groups/4ada1149-79f4-47f7-a3ea-516bdd0e162c => generated 0 bytes in 200 msecs (HTTP/1.1 204) 2 headers in 112 bytes (1 switches on core 0)
2026-07-10 22:42:52.773 7 WARNING neutron.plugins.ml2.drivers.ovn.mech_driver.ovsdb.ovn_client [None req-139a4266-d4dc-4dbd-97c5-ac7ad8eb0f13 - - - - - -] No port found with ID a5f7c76a-fa8f-4484-a5ca-e59ceb864e76: RuntimeError: No port found with ID a5f7c76a-fa8f-4484-a5ca-e59ceb864e76 [pid: 8|app: 0|req: 769/1443] 10.0.0.117 () {32 vars in 724 bytes} [Fri Jul 10 22:42:52 2026] DELETE /v2.0/routers/70ac16fa-b4c4-4882-ace5-a5d74a1c126e => generated 0 bytes in 727 msecs (HTTP/1.1 204) 2 headers in 112 bytes (1 switches on core 0) [pid: 7|app: 0|req: 675/1444] 10.0.0.117 () {32 vars in 736 bytes} [Fri Jul 10 22:42:52 2026] GET /v2.0/ports?device_id=70ac16fa-b4c4-4882-ace5-a5d74a1c126e => generated 12 bytes in 34 msecs (HTTP/1.1 200) 4 headers in 156 bytes (1 switches on core 0)
2026-07-10 22:42:52.851 8 INFO neutron.api.v2.resource [None req-7d825d27-7a14-4835-bb9d-4ace973dabf2 e35f55b4113648ae970e9bf02faa5d1e 04b53986ea1143f6b56df8be78942615 - - default default] delete failed (client error): The resource could not be found. [pid: 8|app: 0|req: 770/1445] 10.0.0.117 () {32 vars in 724 bytes} [Fri Jul 10 22:42:52 2026] DELETE /v2.0/routers/70ac16fa-b4c4-4882-ace5-a5d74a1c126e => generated 135 bytes in 27 msecs (HTTP/1.1 404) 4 headers in 164 bytes (1 switches on core 0) [pid: 7|app: 0|req: 676/1446] 10.0.0.117 () {32 vars in 736 bytes} [Fri Jul 10 22:42:52 2026] GET /v2.0/ports?device_id=da9f0d7d-2c4b-4336-847f-84ba96b0b102 => generated 12 bytes in 22 msecs (HTTP/1.1 200) 4 headers in 156 bytes (1 switches on core 0)
2026-07-10 22:42:52.912 8 INFO neutron.api.v2.resource [None req-eca391aa-a78c-4a65-b79c-2d6a40dba129 e35f55b4113648ae970e9bf02faa5d1e 04b53986ea1143f6b56df8be78942615 - - default default] delete failed (client error): The resource could not be found. [pid: 8|app: 0|req: 771/1447] 10.0.0.117 () {32 vars in 724 bytes} [Fri Jul 10 22:42:52 2026] DELETE /v2.0/routers/da9f0d7d-2c4b-4336-847f-84ba96b0b102 => generated 135 bytes in 28 msecs (HTTP/1.1 404) 4 headers in 164 bytes (1 switches on core 0)
2026-07-10 22:42:52.933 7 INFO neutron.pecan_wsgi.hooks.translation [None req-49e5f277-207e-4515-a08c-ff4eaa04ae8d e35f55b4113648ae970e9bf02faa5d1e 04b53986ea1143f6b56df8be78942615 - - default default] DELETE failed (client error): The resource could not be found. [pid: 7|app: 0|req: 677/1448] 10.0.0.117 () {32 vars in 724 bytes} [Fri Jul 10 22:42:52 2026] DELETE /v2.0/subnets/618fb0fa-db38-4b5e-89e5-f4e140c7075f => generated 136 bytes in 17 msecs (HTTP/1.1 404) 4 headers in 164 bytes (1 switches on core 0) [pid: 8|app: 0|req: 772/1449] 10.0.0.117 () {32 vars in 736 bytes} [Fri Jul 10 22:42:52 2026] GET /v2.0/ports?device_id=2f697112-41fd-4b48-86ba-e05e8e6b5f02 => generated 12 bytes in 24 msecs (HTTP/1.1 200) 4 headers in 156 bytes (1 switches on core 0)
2026-07-10 22:42:53.000 7 INFO neutron.api.v2.resource [None req-2a4cef1f-e73c-415f-ac58-7fa3e6c94c40 e35f55b4113648ae970e9bf02faa5d1e 04b53986ea1143f6b56df8be78942615 - - default default] delete failed (client error): The resource could not be found. [pid: 7|app: 0|req: 678/1450] 10.0.0.117 () {32 vars in 724 bytes} [Fri Jul 10 22:42:52 2026] DELETE /v2.0/routers/2f697112-41fd-4b48-86ba-e05e8e6b5f02 => generated 135 bytes in 27 msecs (HTTP/1.1 404) 4 headers in 164 bytes (1 switches on core 0)
2026-07-10 22:42:53.032 8 INFO neutron.pecan_wsgi.hooks.translation [None req-8aa119c6-11c8-45da-9577-cce42f1f0bbd e35f55b4113648ae970e9bf02faa5d1e 04b53986ea1143f6b56df8be78942615 - - default default] DELETE failed (client error): The resource could not be found. [pid: 8|app: 0|req: 773/1451] 10.0.0.117 () {32 vars in 724 bytes} [Fri Jul 10 22:42:53 2026] DELETE /v2.0/subnets/8d1ac082-bebb-41c6-96c9-6ce93d04fe04 => generated 136 bytes in 24 msecs (HTTP/1.1 404) 4 headers in 164 bytes (1 switches on core 0) [pid: 7|app: 0|req: 679/1452] 10.0.0.117 () {32 vars in 736 bytes} [Fri Jul 10 22:42:53 2026] GET /v2.0/ports?device_id=fdd06005-ec0c-4f2a-831b-0e60f0e22907 => generated 12 bytes in 24 msecs (HTTP/1.1 200) 4 headers in 156 bytes (1 switches on core 0)
2026-07-10 22:42:53.113 8 INFO neutron.api.v2.resource [None req-6e097697-4949-49e7-b2ea-bef76ffe6599 e35f55b4113648ae970e9bf02faa5d1e 04b53986ea1143f6b56df8be78942615 - - default default] delete failed (client error): The resource could not be found. [pid: 8|app: 0|req: 774/1453] 10.0.0.117 () {32 vars in 724 bytes} [Fri Jul 10 22:42:53 2026] DELETE /v2.0/routers/fdd06005-ec0c-4f2a-831b-0e60f0e22907 => generated 135 bytes in 34 msecs (HTTP/1.1 404) 4 headers in 164 bytes (1 switches on core 0)
2026-07-10 22:42:53.133 7 INFO neutron.pecan_wsgi.hooks.translation [None req-bd1bd6e1-649a-40e1-b30c-15ecb4bd3ee4 e35f55b4113648ae970e9bf02faa5d1e 04b53986ea1143f6b56df8be78942615 - - default default] DELETE failed (client error): The resource could not be found. [pid: 7|app: 0|req: 680/1454] 10.0.0.117 () {32 vars in 724 bytes} [Fri Jul 10 22:42:53 2026] DELETE /v2.0/subnets/05a2d1ef-34a7-4c3b-b630-8e7cf385bded => generated 136 bytes in 16 msecs (HTTP/1.1 404) 4 headers in 164 bytes (1 switches on core 0)
2026-07-10 22:42:53.155 8 INFO neutron.pecan_wsgi.hooks.translation [None req-bf1d96fb-c602-4922-a816-c3a44e5fbd61 e35f55b4113648ae970e9bf02faa5d1e 04b53986ea1143f6b56df8be78942615 - - default default] DELETE failed (client error): The resource could not be found. [pid: 8|app: 0|req: 775/1455] 10.0.0.117 () {32 vars in 724 bytes} [Fri Jul 10 22:42:53 2026] DELETE /v2.0/subnets/72925d9a-2a64-473c-85f9-f22f8bf8000b => generated 136 bytes in 18 msecs (HTTP/1.1 404) 4 headers in 164 bytes (1 switches on core 0) [pid: 7|app: 0|req: 681/1456] 10.0.0.117 () {32 vars in 717 bytes} [Fri Jul 10 22:42:53 2026] GET /v2.0/ports/70d802e6-f813-45e4-83a9-2906b3140ac3 => generated 941 bytes in 40 msecs (HTTP/1.1 200) 4 headers in 157 bytes (1 switches on core 0)
2026-07-10 22:42:53.703 8 WARNING neutron.db.securitygroups_db [None req-52241b79-4887-4dac-bf57-1ec5f3b6d17d 2cffeaf2cadc4c8a80d75f6e832aa2b3 76950c83365b4cf4b7abe531956feb8d - - default default] project_id key not found in filters, using tenant_id instead. This support has been deprecated and will be removed in a future release. [pid: 8|app: 0|req: 776/1457] 10.0.0.117 () {32 vars in 774 bytes} [Fri Jul 10 22:42:53 2026] GET /v2.0/security-groups?tenant_id=04b53986ea1143f6b56df8be78942615&name=default => generated 2925 bytes in 124 msecs (HTTP/1.1 200) 4 headers in 158 bytes (1 switches on core 0)
2026-07-10 22:42:53.839 8 WARNING neutron.db.securitygroups_db [None req-045c869f-7ae3-41e1-a18e-baa189b7f829 2cffeaf2cadc4c8a80d75f6e832aa2b3 76950c83365b4cf4b7abe531956feb8d - - default default] project_id key not found in filters, using tenant_id instead. This support has been deprecated and will be removed in a future release. [pid: 7|app: 0|req: 682/1458] 10.0.0.117 () {32 vars in 740 bytes} [Fri Jul 10 22:42:53 2026] DELETE /v2.0/security-groups/85149ddb-837d-482e-8000-309e8dd37f66 => generated 0 bytes in 185 msecs (HTTP/1.1 204) 2 headers in 112 bytes (1 switches on core 0)
2026-07-10 22:42:54.011 8 INFO neutron.db.ovn_revision_numbers_db [None req-045c869f-7ae3-41e1-a18e-baa189b7f829 2cffeaf2cadc4c8a80d75f6e832aa2b3 76950c83365b4cf4b7abe531956feb8d - - default default] Successfully bumped revision number for resource ac54bda6-1044-4a82-84bb-d906013472ac (type: security_groups) to 1
2026-07-10 22:42:54.030 8 INFO neutron.db.ovn_revision_numbers_db [None req-045c869f-7ae3-41e1-a18e-baa189b7f829 2cffeaf2cadc4c8a80d75f6e832aa2b3 76950c83365b4cf4b7abe531956feb8d - - default default] Successfully bumped revision number for resource 49d08544-a5a1-4dd9-b581-3fa146dc3cbf (type: security_group_rules) to 0
2026-07-10 22:42:54.043 8 INFO neutron.db.ovn_revision_numbers_db [None req-045c869f-7ae3-41e1-a18e-baa189b7f829 2cffeaf2cadc4c8a80d75f6e832aa2b3 76950c83365b4cf4b7abe531956feb8d - - default default] Successfully bumped revision number for resource 8eb736e2-5fea-48cf-926b-04dede3964c4 (type: security_group_rules) to 0
2026-07-10 22:42:54.055 8 INFO neutron.db.ovn_revision_numbers_db [None req-045c869f-7ae3-41e1-a18e-baa189b7f829 2cffeaf2cadc4c8a80d75f6e832aa2b3 76950c83365b4cf4b7abe531956feb8d - - default default] Successfully bumped revision number for resource e4384b88-4ffe-49db-82ec-32a2323d2e95 (type: security_group_rules) to 0
2026-07-10 22:42:54.085 8 INFO neutron.db.ovn_revision_numbers_db [None req-045c869f-7ae3-41e1-a18e-baa189b7f829 2cffeaf2cadc4c8a80d75f6e832aa2b3 76950c83365b4cf4b7abe531956feb8d - - default default] Successfully bumped revision number for resource f7141b03-f50c-43a1-8b54-7ad3db62e228 (type: security_group_rules) to 0
2026-07-10 22:42:54.095 8 WARNING neutron.plugins.ml2.drivers.ovn.mech_driver.ovsdb.ovn_client [None req-6b37bfda-130d-4b0d-bc88-f306a3c00b62 - - - - - -] No hosting information found for port 05a3c4e9-83da-454b-a5d7-39aeb1b012a7: RuntimeError: No hosting information found for port 05a3c4e9-83da-454b-a5d7-39aeb1b012a7 [pid: 8|app: 0|req: 777/1459] 10.0.0.117 () {32 vars in 774 bytes} [Fri Jul 10 22:42:53 2026] GET /v2.0/security-groups?tenant_id=afb4080bc71c4848b495ea600e23e672&name=default => generated 2925 bytes in 352 msecs (HTTP/1.1 200) 4 headers in 158 bytes (1 switches on core 0)
2026-07-10 22:42:54.188 8 INFO neutron.db.ovn_revision_numbers_db [None req-6b37bfda-130d-4b0d-bc88-f306a3c00b62 - - - - - -] Successfully bumped revision number for resource 05a3c4e9-83da-454b-a5d7-39aeb1b012a7 (type: router_ports) to 2
2026-07-10 22:42:54.226 8 INFO neutron.plugins.ml2.drivers.ovn.mech_driver.mech_driver [None req-6b37bfda-130d-4b0d-bc88-f306a3c00b62 - - - - - -] OVN reports status down for port: 70d802e6-f813-45e4-83a9-2906b3140ac3
2026-07-10 22:42:54.289 8 WARNING neutron.plugins.ml2.drivers.ovn.mech_driver.ovsdb.ovn_client [None req-6b37bfda-130d-4b0d-bc88-f306a3c00b62 - - - - - -] Logical_Switch_Port 70d802e6-f813-45e4-83a9-2906b3140ac3 host information not removed, the port state is up
2026-07-10 22:42:54.289 8 INFO neutron.plugins.ml2.drivers.ovn.mech_driver.mech_driver [None req-6b37bfda-130d-4b0d-bc88-f306a3c00b62 - - - - - -] OVN reports status up for port: 70d802e6-f813-45e4-83a9-2906b3140ac3
2026-07-10 22:42:54.300 8 INFO neutron.plugins.ml2.plugin [None req-6b37bfda-130d-4b0d-bc88-f306a3c00b62 - - - - - -] Attempt 1 to provision port 70d802e6-f813-45e4-83a9-2906b3140ac3 [pid: 7|app: 0|req: 683/1460] 10.0.0.117 () {32 vars in 740 bytes} [Fri Jul 10 22:42:54 2026] DELETE /v2.0/security-groups/ac54bda6-1044-4a82-84bb-d906013472ac => generated 0 bytes in 234 msecs (HTTP/1.1 204) 2 headers in 112 bytes (1 switches on core 0) [pid: 8|app: 0|req: 778/1461] 10.0.0.117 () {32 vars in 717 bytes} [Fri Jul 10 22:42:54 2026] GET /v2.0/ports/70d802e6-f813-45e4-83a9-2906b3140ac3 => generated 941 bytes in 134 msecs (HTTP/1.1 200) 4 headers in 157 bytes (1 switches on core 0)
2026-07-10 22:42:54.758 8 INFO neutron.db.ovn_revision_numbers_db [None req-6b37bfda-130d-4b0d-bc88-f306a3c00b62 - - - - - -] Successfully bumped revision number for resource 70d802e6-f813-45e4-83a9-2906b3140ac3 (type: ports) to 2 [pid: 8|app: 0|req: 779/1462] 10.0.0.117 () {32 vars in 717 bytes} [Fri Jul 10 22:42:55 2026] GET /v2.0/ports/70d802e6-f813-45e4-83a9-2906b3140ac3 => generated 943 bytes in 37 msecs (HTTP/1.1 200) 4 headers in 157 bytes (1 switches on core 0)
2026-07-10 22:42:55.856 7 INFO neutron.db.ovn_revision_numbers_db [None req-22ba80c6-9d63-4bc1-883a-dd4d5fea8f10 2ea5024083d64fb5bcacbd55937d2f69 9342124d06804498a8a6948dabdfd399 - - default default] Successfully bumped revision number for resource fbb5e7ef-572e-44cc-8b25-adb1de285991 (type: security_groups) to 1
2026-07-10 22:42:55.869 7 INFO neutron.db.ovn_revision_numbers_db [None req-22ba80c6-9d63-4bc1-883a-dd4d5fea8f10 2ea5024083d64fb5bcacbd55937d2f69 9342124d06804498a8a6948dabdfd399 - - default default] Successfully bumped revision number for resource 2d8ff844-bcf9-4a22-8304-7ffa6718f7f2 (type: security_group_rules) to 0
2026-07-10 22:42:55.877 8 INFO neutron_taas.services.taas.taas_plugin [None req-68ecdc10-e697-4170-b6f3-83d82e69e7eb f250509eadca49ce956c2d1b2cc83e6f d67f2a8fd8b8448c8fd22dba8e36f9ca - - default default] TaaS: Handle Delete Port: 70d802e6-f813-45e4-83a9-2906b3140ac3
2026-07-10 22:42:55.880 8 INFO neutron_taas.services.taas.tap_mirror_plugin [None req-68ecdc10-e697-4170-b6f3-83d82e69e7eb f250509eadca49ce956c2d1b2cc83e6f d67f2a8fd8b8448c8fd22dba8e36f9ca - - default default] Tap Mirror: Handle Delete Port: 70d802e6-f813-45e4-83a9-2906b3140ac3
2026-07-10 22:42:55.883 7 INFO neutron.db.ovn_revision_numbers_db [None req-22ba80c6-9d63-4bc1-883a-dd4d5fea8f10 2ea5024083d64fb5bcacbd55937d2f69 9342124d06804498a8a6948dabdfd399 - - default default] Successfully bumped revision number for resource 7c94d597-6e32-40f1-a41b-cd7e9540d309 (type: security_group_rules) to 0
2026-07-10 22:42:55.897 7 INFO neutron.db.ovn_revision_numbers_db [None req-22ba80c6-9d63-4bc1-883a-dd4d5fea8f10 2ea5024083d64fb5bcacbd55937d2f69 9342124d06804498a8a6948dabdfd399 - - default default] Successfully bumped revision number for resource 8553448d-91d4-492d-9e8c-cb5f66201f32 (type: security_group_rules) to 0
2026-07-10 22:42:55.916 7 INFO neutron.db.ovn_revision_numbers_db [None req-22ba80c6-9d63-4bc1-883a-dd4d5fea8f10 2ea5024083d64fb5bcacbd55937d2f69 9342124d06804498a8a6948dabdfd399 - - default default] Successfully bumped revision number for resource c5aea6a8-f963-4ea8-a922-9128cd87e4da (type: security_group_rules) to 0
2026-07-10 22:42:56.042 7 INFO neutron.db.segments_db [None req-22ba80c6-9d63-4bc1-883a-dd4d5fea8f10 2ea5024083d64fb5bcacbd55937d2f69 9342124d06804498a8a6948dabdfd399 - - default default] Added segment 8687ee49-01b1-4670-8878-c72a25e7146e of type geneve for network 27c48caf-5849-4814-a728-858a50e47781
2026-07-10 22:42:56.181 7 INFO neutron.db.ovn_revision_numbers_db [None req-22ba80c6-9d63-4bc1-883a-dd4d5fea8f10 2ea5024083d64fb5bcacbd55937d2f69 9342124d06804498a8a6948dabdfd399 - - default default] Successfully bumped revision number for resource 27c48caf-5849-4814-a728-858a50e47781 (type: networks) to 1 [pid: 8|app: 0|req: 780/1463] 10.0.0.117 () {34 vars in 789 bytes} [Fri Jul 10 22:42:55 2026] PUT /v2.0/routers/edd6191f-5df0-4e44-8f50-147693c17475/remove_router_interface => generated 310 bytes in 746 msecs (HTTP/1.1 200) 4 headers in 157 bytes (1 switches on core 0)
2026-07-10 22:42:56.358 7 WARNING neutron.scheduler.dhcp_agent_scheduler [None req-22ba80c6-9d63-4bc1-883a-dd4d5fea8f10 2ea5024083d64fb5bcacbd55937d2f69 9342124d06804498a8a6948dabdfd399 - - default default] No more DHCP agents
2026-07-10 22:42:56.359 7 WARNING neutron.api.rpc.agentnotifiers.dhcp_rpc_agent_api [None req-22ba80c6-9d63-4bc1-883a-dd4d5fea8f10 2ea5024083d64fb5bcacbd55937d2f69 9342124d06804498a8a6948dabdfd399 - - default default] Unable to schedule network 27c48caf-5849-4814-a728-858a50e47781: no agents available; will retry on subsequent port and subnet creation events.
2026-07-10 22:42:56.443 7 INFO neutron.db.ovn_revision_numbers_db [None req-22ba80c6-9d63-4bc1-883a-dd4d5fea8f10 2ea5024083d64fb5bcacbd55937d2f69 9342124d06804498a8a6948dabdfd399 - - default default] Successfully bumped revision number for resource 3d8369c5-aa24-46f5-a9e0-397720c91e2c (type: ports) to 1 [pid: 7|app: 0|req: 684/1464] 10.0.0.117 () {34 vars in 671 bytes} [Fri Jul 10 22:42:55 2026] POST /v2.0/networks => generated 671 bytes in 909 msecs (HTTP/1.1 201) 4 headers in 162 bytes (1 switches on core 0) /var/lib/openstack/lib/python3.12/site-packages/pycadf/identifier.py:70: UserWarning: Invalid uuid: neutron. To ensure interoperability, identifiers should be a valid uuid. warnings.warn(('Invalid uuid: %s. To ensure interoperability, '
2026-07-10 22:42:56.657 7 INFO neutron.db.ovn_revision_numbers_db [None req-6077eb3b-113e-4103-9b65-eaf72a682c41 529168954f4c488d8cd228b01a7ac693 af7ff65b3e0c4e15a80630c1ee974efc - - default default] Successfully bumped revision number for resource b16a3a9d-6ae0-4875-90ba-0b705f59fcd1 (type: security_groups) to 1
2026-07-10 22:42:56.666 8 INFO neutron.db.ovn_revision_numbers_db [None req-f5ed1065-20f5-414a-9cbe-51c6b94497b1 734c8cec7d0c4157a47a570d3a2dcc5f ecb18db3316a4eec83bd9f272fbad7c7 - - default default] Successfully bumped revision number for resource ec4747c5-fb32-4957-a470-8f91e2276a5d (type: security_groups) to 1
2026-07-10 22:42:56.672 7 INFO neutron.db.ovn_revision_numbers_db [None req-6077eb3b-113e-4103-9b65-eaf72a682c41 529168954f4c488d8cd228b01a7ac693 af7ff65b3e0c4e15a80630c1ee974efc - - default default] Successfully bumped revision number for resource 09946269-a265-4be0-bbf0-c59d613b5502 (type: security_group_rules) to 0
2026-07-10 22:42:56.678 8 INFO neutron.db.ovn_revision_numbers_db [None req-f5ed1065-20f5-414a-9cbe-51c6b94497b1 734c8cec7d0c4157a47a570d3a2dcc5f ecb18db3316a4eec83bd9f272fbad7c7 - - default default] Successfully bumped revision number for resource 07f7fdb6-1154-4231-984e-93d1b4005180 (type: security_group_rules) to 0
2026-07-10 22:42:56.684 7 INFO neutron.db.ovn_revision_numbers_db [None req-6077eb3b-113e-4103-9b65-eaf72a682c41 529168954f4c488d8cd228b01a7ac693 af7ff65b3e0c4e15a80630c1ee974efc - - default default] Successfully bumped revision number for resource 5e02604b-c141-4cb2-9603-daf33661cb45 (type: security_group_rules) to 0
2026-07-10 22:42:56.688 8 INFO neutron.db.ovn_revision_numbers_db [None req-f5ed1065-20f5-414a-9cbe-51c6b94497b1 734c8cec7d0c4157a47a570d3a2dcc5f ecb18db3316a4eec83bd9f272fbad7c7 - - default default] Successfully bumped revision number for resource 33d83591-b09d-4aa4-9876-c42c1f325581 (type: security_group_rules) to 0
2026-07-10 22:42:56.695 7 INFO neutron.db.ovn_revision_numbers_db [None req-6077eb3b-113e-4103-9b65-eaf72a682c41 529168954f4c488d8cd228b01a7ac693 af7ff65b3e0c4e15a80630c1ee974efc - - default default] Successfully bumped revision number for resource 981540d6-a71d-4969-88a9-c755b9604b65 (type: security_group_rules) to 0
2026-07-10 22:42:56.700 8 INFO neutron.db.ovn_revision_numbers_db [None req-f5ed1065-20f5-414a-9cbe-51c6b94497b1 734c8cec7d0c4157a47a570d3a2dcc5f ecb18db3316a4eec83bd9f272fbad7c7 - - default default] Successfully bumped revision number for resource 3e2a98d2-eb54-4e7f-b491-7ea021fa7b24 (type: security_group_rules) to 0
2026-07-10 22:42:56.709 7 INFO neutron.db.ovn_revision_numbers_db [None req-6077eb3b-113e-4103-9b65-eaf72a682c41 529168954f4c488d8cd228b01a7ac693 af7ff65b3e0c4e15a80630c1ee974efc - - default default] Successfully bumped revision number for resource f06e45cb-e5d9-4810-8f08-88d9898e76d2 (type: security_group_rules) to 0
2026-07-10 22:42:56.710 8 INFO neutron.db.ovn_revision_numbers_db [None req-f5ed1065-20f5-414a-9cbe-51c6b94497b1 734c8cec7d0c4157a47a570d3a2dcc5f ecb18db3316a4eec83bd9f272fbad7c7 - - default default] Successfully bumped revision number for resource 968d5ecf-de14-4027-8d8f-cf675523147b (type: security_group_rules) to 0
2026-07-10 22:42:56.805 7 INFO neutron.db.segments_db [None req-6077eb3b-113e-4103-9b65-eaf72a682c41 529168954f4c488d8cd228b01a7ac693 af7ff65b3e0c4e15a80630c1ee974efc - - default default] Added segment b6873084-56a9-46b5-9152-2e3388cf0d3c of type geneve for network 5cfdd112-7042-4265-97be-6deaf717d201
2026-07-10 22:42:56.828 8 INFO neutron.db.ovn_revision_numbers_db [None req-f5ed1065-20f5-414a-9cbe-51c6b94497b1 734c8cec7d0c4157a47a570d3a2dcc5f ecb18db3316a4eec83bd9f272fbad7c7 - - default default] Successfully bumped revision number for resource 0cc6114d-b927-463e-bb6e-7160fc403326 (type: security_groups) to 1
2026-07-10 22:42:56.840 8 INFO neutron.db.ovn_revision_numbers_db [None req-f5ed1065-20f5-414a-9cbe-51c6b94497b1 734c8cec7d0c4157a47a570d3a2dcc5f ecb18db3316a4eec83bd9f272fbad7c7 - - default default] Successfully bumped revision number for resource 5223d137-c007-4561-a9dd-54003fcd8790 (type: security_group_rules) to 0
2026-07-10 22:42:56.851 8 INFO neutron.db.ovn_revision_numbers_db [None req-f5ed1065-20f5-414a-9cbe-51c6b94497b1 734c8cec7d0c4157a47a570d3a2dcc5f ecb18db3316a4eec83bd9f272fbad7c7 - - default default] Successfully bumped revision number for resource 637a79fa-9854-44aa-8ffd-e47010c36d8d (type: security_group_rules) to 0 [pid: 8|app: 0|req: 781/1465] 10.0.0.117 () {34 vars in 684 bytes} [Fri Jul 10 22:42:56 2026] POST /v2.0/security-groups => generated 1624 bytes in 558 msecs (HTTP/1.1 201) 4 headers in 163 bytes (1 switches on core 0)
2026-07-10 22:42:56.928 7 INFO neutron.db.ovn_revision_numbers_db [None req-6077eb3b-113e-4103-9b65-eaf72a682c41 529168954f4c488d8cd228b01a7ac693 af7ff65b3e0c4e15a80630c1ee974efc - - default default] Successfully bumped revision number for resource 5cfdd112-7042-4265-97be-6deaf717d201 (type: networks) to 1 [pid: 8|app: 0|req: 782/1466] 10.0.0.117 () {32 vars in 717 bytes} [Fri Jul 10 22:42:56 2026] GET /v2.0/ports/05a3c4e9-83da-454b-a5d7-39aeb1b012a7 => generated 943 bytes in 78 msecs (HTTP/1.1 200) 4 headers in 157 bytes (1 switches on core 0)
2026-07-10 22:42:57.101 7 WARNING neutron.scheduler.dhcp_agent_scheduler [None req-6077eb3b-113e-4103-9b65-eaf72a682c41 529168954f4c488d8cd228b01a7ac693 af7ff65b3e0c4e15a80630c1ee974efc - - default default] No more DHCP agents
2026-07-10 22:42:57.103 7 WARNING neutron.api.rpc.agentnotifiers.dhcp_rpc_agent_api [None req-6077eb3b-113e-4103-9b65-eaf72a682c41 529168954f4c488d8cd228b01a7ac693 af7ff65b3e0c4e15a80630c1ee974efc - - default default] Unable to schedule network 5cfdd112-7042-4265-97be-6deaf717d201: no agents available; will retry on subsequent port and subnet creation events.
2026-07-10 22:42:57.160 7 INFO neutron.plugins.ml2.drivers.ovn.mech_driver.mech_driver [None req-139a4266-d4dc-4dbd-97c5-ac7ad8eb0f13 - - - - - -] OVN reports status down for port: a35023be-5a9e-4a0a-8bc8-f5694db64626
2026-07-10 22:42:57.222 7 INFO neutron.db.ovn_revision_numbers_db [None req-6077eb3b-113e-4103-9b65-eaf72a682c41 529168954f4c488d8cd228b01a7ac693 af7ff65b3e0c4e15a80630c1ee974efc - - default default] Successfully bumped revision number for resource a35023be-5a9e-4a0a-8bc8-f5694db64626 (type: ports) to 1 [pid: 7|app: 0|req: 685/1467] 10.0.0.117 () {34 vars in 670 bytes} [Fri Jul 10 22:42:56 2026] POST /v2.0/networks => generated 682 bytes in 793 msecs (HTTP/1.1 201) 4 headers in 162 bytes (1 switches on core 0) [pid: 7|app: 0|req: 686/1468] 10.0.0.117 () {32 vars in 663 bytes} [Fri Jul 10 22:42:57 2026] GET /v2.0/security-groups => generated 4529 bytes in 49 msecs (HTTP/1.1 200) 4 headers in 158 bytes (1 switches on core 0)
2026-07-10 22:42:57.432 8 WARNING neutron.scheduler.dhcp_agent_scheduler [None req-40f6a369-e8e5-455d-af5f-19896328e7b2 2ea5024083d64fb5bcacbd55937d2f69 9342124d06804498a8a6948dabdfd399 - - default default] No more DHCP agents
2026-07-10 22:42:57.433 8 WARNING neutron.api.rpc.agentnotifiers.dhcp_rpc_agent_api [None req-40f6a369-e8e5-455d-af5f-19896328e7b2 2ea5024083d64fb5bcacbd55937d2f69 9342124d06804498a8a6948dabdfd399 - - default default] Unable to schedule network 5c2da6ce-ba93-479a-87cb-51a3b2b61ca0: no agents available; will retry on subsequent port and subnet creation events.
2026-07-10 22:42:57.606 7 INFO neutron_taas.services.taas.taas_plugin [None req-f8c7a683-fa28-46db-916b-4cec0cae66ba f250509eadca49ce956c2d1b2cc83e6f d67f2a8fd8b8448c8fd22dba8e36f9ca - - default default] TaaS: Handle Delete Port: 05a3c4e9-83da-454b-a5d7-39aeb1b012a7
2026-07-10 22:42:57.609 7 INFO neutron_taas.services.taas.tap_mirror_plugin [None req-f8c7a683-fa28-46db-916b-4cec0cae66ba f250509eadca49ce956c2d1b2cc83e6f d67f2a8fd8b8448c8fd22dba8e36f9ca - - default default] Tap Mirror: Handle Delete Port: 05a3c4e9-83da-454b-a5d7-39aeb1b012a7
2026-07-10 22:42:57.619 8 INFO neutron.db.ovn_revision_numbers_db [None req-40f6a369-e8e5-455d-af5f-19896328e7b2 2ea5024083d64fb5bcacbd55937d2f69 9342124d06804498a8a6948dabdfd399 - - default default] Successfully bumped revision number for resource b83c029a-53d5-4fa7-98d9-252a7650e6b4 (type: ports) to 1 [pid: 7|app: 0|req: 687/1469] 10.0.0.117 () {34 vars in 789 bytes} [Fri Jul 10 22:42:57 2026] PUT /v2.0/routers/edd6191f-5df0-4e44-8f50-147693c17475/remove_router_interface => generated 310 bytes in 657 msecs (HTTP/1.1 200) 4 headers in 157 bytes (1 switches on core 0) /var/lib/openstack/lib/python3.12/site-packages/pycadf/identifier.py:70: UserWarning: Invalid uuid: neutron. To ensure interoperability, identifiers should be a valid uuid. warnings.warn(('Invalid uuid: %s. To ensure interoperability, '
2026-07-10 22:42:58.171 7 WARNING neutron.scheduler.dhcp_agent_scheduler [None req-e33d2a14-73c5-4f0c-ab9e-587634a85324 529168954f4c488d8cd228b01a7ac693 af7ff65b3e0c4e15a80630c1ee974efc - - default default] No more DHCP agents
2026-07-10 22:42:58.173 7 WARNING neutron.api.rpc.agentnotifiers.dhcp_rpc_agent_api [None req-e33d2a14-73c5-4f0c-ab9e-587634a85324 529168954f4c488d8cd228b01a7ac693 af7ff65b3e0c4e15a80630c1ee974efc - - default default] Unable to schedule network 5cfdd112-7042-4265-97be-6deaf717d201: no agents available; will retry on subsequent port and subnet creation events.
2026-07-10 22:42:58.260 7 INFO neutron.plugins.ml2.drivers.ovn.mech_driver.ovsdb.ovsdb_monitor [None req-f135787d-4e19-4a5f-a913-1b2440079cf6 - - - - - -] Router d5d3c942-9b93-438d-8f71-f307cfca2659 is bound to host instance
2026-07-10 22:42:58.294 8 INFO neutron.db.ovn_revision_numbers_db [None req-40f6a369-e8e5-455d-af5f-19896328e7b2 2ea5024083d64fb5bcacbd55937d2f69 9342124d06804498a8a6948dabdfd399 - - default default] Successfully bumped revision number for resource b83c029a-53d5-4fa7-98d9-252a7650e6b4 (type: router_ports) to 1
2026-07-10 22:42:58.377 8 INFO neutron.db.ovn_revision_numbers_db [None req-40f6a369-e8e5-455d-af5f-19896328e7b2 2ea5024083d64fb5bcacbd55937d2f69 9342124d06804498a8a6948dabdfd399 - - default default] Successfully bumped revision number for resource d5d3c942-9b93-438d-8f71-f307cfca2659 (type: routers) to 2 [pid: 8|app: 0|req: 783/1470] 10.0.0.117 () {34 vars in 669 bytes} [Fri Jul 10 22:42:56 2026] POST /v2.0/routers => generated 976 bytes in 1414 msecs (HTTP/1.1 201) 4 headers in 162 bytes (1 switches on core 0)
2026-07-10 22:42:58.477 8 INFO neutron.db.ovn_revision_numbers_db [None req-b65a95e9-7327-4362-9ae2-6a6e12251437 734c8cec7d0c4157a47a570d3a2dcc5f ecb18db3316a4eec83bd9f272fbad7c7 - - default default] Successfully bumped revision number for resource 0cc6114d-b927-463e-bb6e-7160fc403326 (type: security_groups) to 2 [pid: 8|app: 0|req: 784/1471] 10.0.0.117 () {34 vars in 758 bytes} [Fri Jul 10 22:42:58 2026] PUT /v2.0/security-groups/0cc6114d-b927-463e-bb6e-7160fc403326 => generated 1663 bytes in 102 msecs (HTTP/1.1 200) 4 headers in 158 bytes (1 switches on core 0) [pid: 8|app: 0|req: 785/1472] 10.0.0.117 () {32 vars in 736 bytes} [Fri Jul 10 22:42:58 2026] GET /v2.0/ports?device_id=edd6191f-5df0-4e44-8f50-147693c17475 => generated 12 bytes in 18 msecs (HTTP/1.1 200) 4 headers in 156 bytes (1 switches on core 0) [pid: 8|app: 0|req: 786/1473] 10.0.0.117 () {32 vars in 776 bytes} [Fri Jul 10 22:42:58 2026] GET /v2.0/subnets?project_id=9342124d06804498a8a6948dabdfd399&cidr=10.100.0.0%2F28 => generated 14 bytes in 103 msecs (HTTP/1.1 200) 4 headers in 156 bytes (1 switches on core 0) [pid: 8|app: 0|req: 787/1474] 10.0.0.117 () {32 vars in 737 bytes} [Fri Jul 10 22:42:58 2026] GET /v2.0/security-groups/0cc6114d-b927-463e-bb6e-7160fc403326 => generated 1663 bytes in 23 msecs (HTTP/1.1 200) 4 headers in 158 bytes (1 switches on core 0) [pid: 8|app: 0|req: 788/1475] 10.0.0.117 () {32 vars in 724 bytes} [Fri Jul 10 22:42:58 2026] DELETE /v2.0/routers/edd6191f-5df0-4e44-8f50-147693c17475 => generated 0 bytes in 194 msecs (HTTP/1.1 204) 2 headers in 112 bytes (1 switches on core 0) [pid: 8|app: 0|req: 789/1476] 10.0.0.117 () {32 vars in 694 bytes} [Fri Jul 10 22:42:58 2026] GET /v2.0/networks?router%3Aexternal=True => generated 791 bytes in 53 msecs (HTTP/1.1 200) 4 headers in 157 bytes (1 switches on core 0) [pid: 8|app: 0|req: 790/1477] 10.0.0.117 () {32 vars in 740 bytes} [Fri Jul 10 22:42:58 2026] DELETE /v2.0/security-groups/0cc6114d-b927-463e-bb6e-7160fc403326 => generated 0 bytes in 178 msecs (HTTP/1.1 204) 2 headers in 112 bytes (1 switches on core 0) [pid: 8|app: 0|req: 791/1478] 10.0.0.117 () {32 vars in 724 bytes} [Fri Jul 10 22:42:59 2026] DELETE /v2.0/subnets/9051cda2-be77-43c2-9099-52bc77248b83 => generated 0 bytes in 177 msecs (HTTP/1.1 204) 3 headers in 131 bytes (1 switches on core 0) [pid: 8|app: 0|req: 792/1479] 10.0.0.117 () {32 vars in 784 bytes} [Fri Jul 10 22:42:59 2026] GET /v2.0/subnets?network_id=5c2da6ce-ba93-479a-87cb-51a3b2b61ca0&cidr=10.100.0.0%2F28 => generated 14 bytes in 19 msecs (HTTP/1.1 200) 4 headers in 156 bytes (1 switches on core 0) [pid: 8|app: 0|req: 793/1480] 10.0.0.117 () {32 vars in 663 bytes} [Fri Jul 10 22:42:59 2026] GET /v2.0/security-groups => generated 2925 bytes in 33 msecs (HTTP/1.1 200) 4 headers in 158 bytes (1 switches on core 0) [pid: 8|app: 0|req: 794/1481] 10.0.0.117 () {32 vars in 724 bytes} [Fri Jul 10 22:42:59 2026] DELETE /v2.0/subnets/fa14f2eb-88de-45f1-ae13-5612e2963d39 => generated 0 bytes in 170 msecs (HTTP/1.1 204) 3 headers in 131 bytes (1 switches on core 0)
2026-07-10 22:42:59.595 7 INFO neutron.db.ovn_revision_numbers_db [None req-e33d2a14-73c5-4f0c-ab9e-587634a85324 529168954f4c488d8cd228b01a7ac693 af7ff65b3e0c4e15a80630c1ee974efc - - default default] Successfully bumped revision number for resource a35023be-5a9e-4a0a-8bc8-f5694db64626 (type: ports) to 2
2026-07-10 22:42:59.660 7 INFO neutron.db.ovn_revision_numbers_db [None req-e33d2a14-73c5-4f0c-ab9e-587634a85324 529168954f4c488d8cd228b01a7ac693 af7ff65b3e0c4e15a80630c1ee974efc - - default default] Successfully bumped revision number for resource a28984a5-4362-44c2-991f-e38bff2c9d0d (type: subnets) to 0
2026-07-10 22:42:59.680 8 WARNING neutron.scheduler.dhcp_agent_scheduler [None req-ac12fe65-e0ce-4cfb-940f-c83490a29174 2ea5024083d64fb5bcacbd55937d2f69 9342124d06804498a8a6948dabdfd399 - - default default] No more DHCP agents
2026-07-10 22:42:59.681 8 WARNING neutron.api.rpc.agentnotifiers.dhcp_rpc_agent_api [None req-ac12fe65-e0ce-4cfb-940f-c83490a29174 2ea5024083d64fb5bcacbd55937d2f69 9342124d06804498a8a6948dabdfd399 - - default default] Unable to schedule network 27c48caf-5849-4814-a728-858a50e47781: no agents available; will retry on subsequent port and subnet creation events. [pid: 7|app: 0|req: 688/1482] 10.0.0.117 () {34 vars in 669 bytes} [Fri Jul 10 22:42:57 2026] POST /v2.0/subnets => generated 641 bytes in 1728 msecs (HTTP/1.1 201) 4 headers in 162 bytes (1 switches on core 0)
2026-07-10 22:42:59.722 7 INFO neutron.api.v2.resource [None req-c4c75e38-e7b9-44b4-b3f6-396283a8078c 734c8cec7d0c4157a47a570d3a2dcc5f ecb18db3316a4eec83bd9f272fbad7c7 - - default default] delete failed (client error): The resource could not be found. [pid: 7|app: 0|req: 689/1483] 10.0.0.117 () {32 vars in 740 bytes} [Fri Jul 10 22:42:59 2026] DELETE /v2.0/security-groups/0cc6114d-b927-463e-bb6e-7160fc403326 => generated 146 bytes in 29 msecs (HTTP/1.1 404) 4 headers in 164 bytes (1 switches on core 0)
2026-07-10 22:43:00.000 7 INFO neutron_taas.services.taas.taas_plugin [None req-7ddf2966-b27f-48cf-8894-f8ca3fe1dfcf f250509eadca49ce956c2d1b2cc83e6f d67f2a8fd8b8448c8fd22dba8e36f9ca - - default default] TaaS: Handle Delete Port: d8e557f9-8bc5-42d8-b812-9039b8e5d7ef
2026-07-10 22:43:00.009 7 INFO neutron_taas.services.taas.tap_mirror_plugin [None req-7ddf2966-b27f-48cf-8894-f8ca3fe1dfcf f250509eadca49ce956c2d1b2cc83e6f d67f2a8fd8b8448c8fd22dba8e36f9ca - - default default] Tap Mirror: Handle Delete Port: d8e557f9-8bc5-42d8-b812-9039b8e5d7ef
2026-07-10 22:43:00.197 8 INFO neutron.db.ovn_revision_numbers_db [None req-ac12fe65-e0ce-4cfb-940f-c83490a29174 2ea5024083d64fb5bcacbd55937d2f69 9342124d06804498a8a6948dabdfd399 - - default default] Successfully bumped revision number for resource 3d8369c5-aa24-46f5-a9e0-397720c91e2c (type: ports) to 2
2026-07-10 22:43:00.237 8 INFO neutron.db.ovn_revision_numbers_db [None req-ac12fe65-e0ce-4cfb-940f-c83490a29174 2ea5024083d64fb5bcacbd55937d2f69 9342124d06804498a8a6948dabdfd399 - - default default] Successfully bumped revision number for resource db3bdb00-407a-430f-87c7-983cecb6a0c3 (type: subnets) to 0 [pid: 8|app: 0|req: 795/1484] 10.0.0.117 () {34 vars in 669 bytes} [Fri Jul 10 22:42:59 2026] POST /v2.0/subnets => generated 656 bytes in 780 msecs (HTTP/1.1 201) 4 headers in 162 bytes (1 switches on core 0)
2026-07-10 22:43:00.318 8 WARNING neutron.plugins.ml2.drivers.ovn.mech_driver.ovsdb.ovn_client [None req-422f44e0-c240-45d7-96fc-61747747e2a1 - - - - - -] No port found with ID 70d802e6-f813-45e4-83a9-2906b3140ac3: RuntimeError: No port found with ID 70d802e6-f813-45e4-83a9-2906b3140ac3
2026-07-10 22:43:00.339 8 INFO neutron.plugins.ml2.drivers.ovn.mech_driver.mech_driver [None req-422f44e0-c240-45d7-96fc-61747747e2a1 - - - - - -] OVN reports status down for port: 57c1f29d-2a7e-48ac-88ce-bde261d1d33a
2026-07-10 22:43:00.342 7 INFO neutron.db.ovn_revision_numbers_db [None req-dd6f4805-c78c-45c4-be89-8089bed33dbc - - - - - -] Successfully bumped revision number for resource b83c029a-53d5-4fa7-98d9-252a7650e6b4 (type: ports) to 4
2026-07-10 22:43:00.347 8 INFO neutron.plugins.ml2.drivers.ovn.mech_driver.mech_driver [None req-422f44e0-c240-45d7-96fc-61747747e2a1 - - - - - -] OVN reports status up for port: 57c1f29d-2a7e-48ac-88ce-bde261d1d33a
2026-07-10 22:43:00.379 8 INFO neutron.plugins.ml2.drivers.ovn.mech_driver.mech_driver [None req-422f44e0-c240-45d7-96fc-61747747e2a1 - - - - - -] OVN reports status down for port: 3d8369c5-aa24-46f5-a9e0-397720c91e2c
2026-07-10 22:43:00.407 7 INFO neutron.services.segments.plugin [-] Segment 7c406d94-4131-46eb-9b13-10a1d24b1911 resource provider aggregate not found
2026-07-10 22:43:00.408 8 INFO neutron.db.segments_db [None req-9cf60c42-782d-4012-b4ac-0530917d82a1 529168954f4c488d8cd228b01a7ac693 af7ff65b3e0c4e15a80630c1ee974efc - - default default] Added segment 797aac02-5bfe-4da6-b4ac-16d4832f7320 of type geneve for network 3fef6670-6735-43e3-939f-95a8998645bd
2026-07-10 22:43:00.412 7 INFO neutron.services.segments.plugin [-] Segment 7c406d94-4131-46eb-9b13-10a1d24b1911 resource provider aggregate not found
2026-07-10 22:43:00.443 7 INFO neutron.services.segments.plugin [-] Client error retrieving segment 7c406d94-4131-46eb-9b13-10a1d24b1911 resource provider; error: Placement Client Error (4xx): {"errors": [{"status": 404, "title": "Not Found", "detail": "The resource could not be found.\n\n No resource provider with uuid 7c406d94-4131-46eb-9b13-10a1d24b1911 found for delete ", "request_id": "req-ce388ddb-e1b5-483e-88fa-6a41267dab7d"}]}
2026-07-10 22:43:00.445 7 INFO neutron.services.segments.plugin [-] Client error retrieving segment 7c406d94-4131-46eb-9b13-10a1d24b1911 resource provider; error: Placement Client Error (4xx): {"errors": [{"status": 404, "title": "Not Found", "detail": "The resource could not be found.\n\n No resource provider with uuid 7c406d94-4131-46eb-9b13-10a1d24b1911 found for delete ", "request_id": "req-8a1c538a-959f-44a7-827f-5d212355fd98"}]} [pid: 7|app: 0|req: 690/1485] 10.0.0.117 () {32 vars in 726 bytes} [Fri Jul 10 22:42:59 2026] DELETE /v2.0/networks/5f51bc38-5d48-4c2e-a153-8be125688bcd => generated 0 bytes in 791 msecs (HTTP/1.1 204) 3 headers in 131 bytes (1 switches on core 0)
2026-07-10 22:43:00.563 8 INFO neutron.plugins.ml2.drivers.ovn.mech_driver.mech_driver [None req-422f44e0-c240-45d7-96fc-61747747e2a1 - - - - - -] OVN reports status down for port: b83c029a-53d5-4fa7-98d9-252a7650e6b4
2026-07-10 22:43:00.665 8 INFO neutron.db.ovn_revision_numbers_db [None req-9cf60c42-782d-4012-b4ac-0530917d82a1 529168954f4c488d8cd228b01a7ac693 af7ff65b3e0c4e15a80630c1ee974efc - - default default] Successfully bumped revision number for resource 3fef6670-6735-43e3-939f-95a8998645bd (type: networks) to 1
2026-07-10 22:43:00.752 7 INFO neutron.db.ovn_revision_numbers_db [None req-6fd5edd9-5b37-49cd-ad74-6d043dc3bbb1 734c8cec7d0c4157a47a570d3a2dcc5f ecb18db3316a4eec83bd9f272fbad7c7 - - default default] Successfully bumped revision number for resource 87de472f-3312-4286-b720-38d01c2eae6e (type: security_groups) to 1
2026-07-10 22:43:00.776 7 INFO neutron.db.ovn_revision_numbers_db [None req-6fd5edd9-5b37-49cd-ad74-6d043dc3bbb1 734c8cec7d0c4157a47a570d3a2dcc5f ecb18db3316a4eec83bd9f272fbad7c7 - - default default] Successfully bumped revision number for resource 8c42148e-f982-4f2e-b882-bb2c52a431b1 (type: security_group_rules) to 0
2026-07-10 22:43:00.801 7 INFO neutron.db.ovn_revision_numbers_db [None req-6fd5edd9-5b37-49cd-ad74-6d043dc3bbb1 734c8cec7d0c4157a47a570d3a2dcc5f ecb18db3316a4eec83bd9f272fbad7c7 - - default default] Successfully bumped revision number for resource c42958c6-93fd-4cb0-9c05-7c2836bd158a (type: security_group_rules) to 0 [pid: 7|app: 0|req: 691/1486] 10.0.0.117 () {34 vars in 684 bytes} [Fri Jul 10 22:43:00 2026] POST /v2.0/security-groups => generated 1625 bytes in 366 msecs (HTTP/1.1 201) 4 headers in 163 bytes (1 switches on core 0)
2026-07-10 22:43:01.002 7 INFO neutron.db.ovn_revision_numbers_db [None req-dd6f4805-c78c-45c4-be89-8089bed33dbc - - - - - -] Successfully bumped revision number for resource b83c029a-53d5-4fa7-98d9-252a7650e6b4 (type: ports) to 5
2026-07-10 22:43:01.022 8 WARNING neutron.scheduler.dhcp_agent_scheduler [None req-9cf60c42-782d-4012-b4ac-0530917d82a1 529168954f4c488d8cd228b01a7ac693 af7ff65b3e0c4e15a80630c1ee974efc - - default default] No more DHCP agents
2026-07-10 22:43:01.025 8 WARNING neutron.api.rpc.agentnotifiers.dhcp_rpc_agent_api [None req-9cf60c42-782d-4012-b4ac-0530917d82a1 529168954f4c488d8cd228b01a7ac693 af7ff65b3e0c4e15a80630c1ee974efc - - default default] Unable to schedule network 3fef6670-6735-43e3-939f-95a8998645bd: no agents available; will retry on subsequent port and subnet creation events.
2026-07-10 22:43:01.212 8 INFO neutron.db.ovn_revision_numbers_db [None req-9cf60c42-782d-4012-b4ac-0530917d82a1 529168954f4c488d8cd228b01a7ac693 af7ff65b3e0c4e15a80630c1ee974efc - - default default] Successfully bumped revision number for resource 408e67ee-0290-4e76-8c2e-99488e48f2f6 (type: ports) to 1
2026-07-10 22:43:01.234 8 INFO neutron.db.ovn_revision_numbers_db [None req-422f44e0-c240-45d7-96fc-61747747e2a1 - - - - - -] Successfully bumped revision number for resource b83c029a-53d5-4fa7-98d9-252a7650e6b4 (type: ports) to 6 [pid: 8|app: 0|req: 796/1487] 10.0.0.117 () {34 vars in 670 bytes} [Fri Jul 10 22:43:00 2026] POST /v2.0/networks => generated 681 bytes in 987 msecs (HTTP/1.1 201) 4 headers in 162 bytes (1 switches on core 0)
2026-07-10 22:43:01.375 8 WARNING neutron.plugins.ml2.drivers.ovn.mech_driver.ovsdb.ovn_client [None req-74203336-a2a1-4da5-8318-479a3c8593aa - - - - - -] Logical_Switch_Port b83c029a-53d5-4fa7-98d9-252a7650e6b4 host information not removed, the port state is up
2026-07-10 22:43:01.375 8 INFO neutron.plugins.ml2.drivers.ovn.mech_driver.mech_driver [None req-74203336-a2a1-4da5-8318-479a3c8593aa - - - - - -] OVN reports status up for port: b83c029a-53d5-4fa7-98d9-252a7650e6b4
2026-07-10 22:43:01.399 8 INFO neutron.plugins.ml2.plugin [None req-74203336-a2a1-4da5-8318-479a3c8593aa - - - - - -] Attempt 1 to provision port b83c029a-53d5-4fa7-98d9-252a7650e6b4
2026-07-10 22:43:01.453 8 INFO neutron_taas.services.taas.taas_plugin [None req-f03c7e46-38cf-4c28-b6ca-febb252d1b13 f250509eadca49ce956c2d1b2cc83e6f d67f2a8fd8b8448c8fd22dba8e36f9ca - - default default] TaaS: Handle Delete Port: 808ae521-5b3c-4963-83e4-76d7564b8599
