2026-07-10 22:44:53.697 8 WARNING neutron.db.securitygroups_db [None req-8e248ea5-8f5e-4d30-be18-e8822df7abff 2cffeaf2cadc4c8a80d75f6e832aa2b3 76950c83365b4cf4b7abe531956feb8d - - default default] project_id key not found in filters, using tenant_id instead. This support has been deprecated and will be removed in a future release.
2026-07-10 22:44:53.838 8 INFO neutron.db.ovn_revision_numbers_db [None req-8e248ea5-8f5e-4d30-be18-e8822df7abff 2cffeaf2cadc4c8a80d75f6e832aa2b3 76950c83365b4cf4b7abe531956feb8d - - default default] Successfully bumped revision number for resource 17a4f233-f659-4d38-96e3-fe2c24dad1c5 (type: security_groups) to 1
2026-07-10 22:44:53.857 8 INFO neutron.db.ovn_revision_numbers_db [None req-8e248ea5-8f5e-4d30-be18-e8822df7abff 2cffeaf2cadc4c8a80d75f6e832aa2b3 76950c83365b4cf4b7abe531956feb8d - - default default] Successfully bumped revision number for resource 51a0c0d8-3908-4eb8-820a-e1618eef74aa (type: security_group_rules) to 0
2026-07-10 22:44:53.871 8 INFO neutron.db.ovn_revision_numbers_db [None req-8e248ea5-8f5e-4d30-be18-e8822df7abff 2cffeaf2cadc4c8a80d75f6e832aa2b3 76950c83365b4cf4b7abe531956feb8d - - default default] Successfully bumped revision number for resource 6c4247a6-02a9-49c4-96a5-741a95da54c5 (type: security_group_rules) to 0
2026-07-10 22:44:53.887 8 INFO neutron.db.ovn_revision_numbers_db [None req-8e248ea5-8f5e-4d30-be18-e8822df7abff 2cffeaf2cadc4c8a80d75f6e832aa2b3 76950c83365b4cf4b7abe531956feb8d - - default default] Successfully bumped revision number for resource 8b3b4928-c195-4bcc-984a-f3ab4fabc3a3 (type: security_group_rules) to 0
2026-07-10 22:44:53.907 8 INFO neutron.db.ovn_revision_numbers_db [None req-8e248ea5-8f5e-4d30-be18-e8822df7abff 2cffeaf2cadc4c8a80d75f6e832aa2b3 76950c83365b4cf4b7abe531956feb8d - - default default] Successfully bumped revision number for resource c17a5cb3-e247-40e1-92ca-c11d04b023ba (type: security_group_rules) to 0
2026-07-10 22:44:53.949 7 INFO neutron_taas.services.taas.taas_plugin [None req-28b916a4-99e1-409b-a017-ad8e80f957ba - - - - - -] TaaS: Handle Delete Port: dd1a29bf-3bd1-40dc-9960-6b5c8743d12c
2026-07-10 22:44:53.952 7 INFO neutron_taas.services.taas.tap_mirror_plugin [None req-28b916a4-99e1-409b-a017-ad8e80f957ba - - - - - -] Tap Mirror: Handle Delete Port: dd1a29bf-3bd1-40dc-9960-6b5c8743d12c [pid: 8|app: 0|req: 1238/2354] 10.0.0.117 () {32 vars in 774 bytes} [Fri Jul 10 22:44:53 2026] GET /v2.0/security-groups?tenant_id=4787fd10e9f945bebe4f40d7d62176bc&name=default => generated 2929 bytes in 269 msecs (HTTP/1.1 200) 4 headers in 158 bytes (1 switches on core 0) [pid: 8|app: 0|req: 1239/2355] 10.0.0.117 () {32 vars in 740 bytes} [Fri Jul 10 22:44:53 2026] DELETE /v2.0/security-groups/17a4f233-f659-4d38-96e3-fe2c24dad1c5 => generated 0 bytes in 212 msecs (HTTP/1.1 204) 2 headers in 112 bytes (1 switches on core 0)
2026-07-10 22:44:54.346 8 WARNING neutron.db.securitygroups_db [None req-2046a022-2bb7-44db-8f84-ce1148a1f7b2 2cffeaf2cadc4c8a80d75f6e832aa2b3 76950c83365b4cf4b7abe531956feb8d - - default default] project_id key not found in filters, using tenant_id instead. This support has been deprecated and will be removed in a future release.
2026-07-10 22:44:54.485 8 INFO neutron.db.ovn_revision_numbers_db [None req-2046a022-2bb7-44db-8f84-ce1148a1f7b2 2cffeaf2cadc4c8a80d75f6e832aa2b3 76950c83365b4cf4b7abe531956feb8d - - default default] Successfully bumped revision number for resource 5ceedec4-8601-418c-a09a-8401925dda5a (type: security_groups) to 1
2026-07-10 22:44:54.496 8 INFO neutron.db.ovn_revision_numbers_db [None req-2046a022-2bb7-44db-8f84-ce1148a1f7b2 2cffeaf2cadc4c8a80d75f6e832aa2b3 76950c83365b4cf4b7abe531956feb8d - - default default] Successfully bumped revision number for resource 25fa3f06-da53-482f-8364-7a77cd59e7e6 (type: security_group_rules) to 0
2026-07-10 22:44:54.509 8 INFO neutron.db.ovn_revision_numbers_db [None req-2046a022-2bb7-44db-8f84-ce1148a1f7b2 2cffeaf2cadc4c8a80d75f6e832aa2b3 76950c83365b4cf4b7abe531956feb8d - - default default] Successfully bumped revision number for resource 2c83f771-b0f0-4504-a154-eca8d67696ef (type: security_group_rules) to 0
2026-07-10 22:44:54.522 8 INFO neutron.db.ovn_revision_numbers_db [None req-2046a022-2bb7-44db-8f84-ce1148a1f7b2 2cffeaf2cadc4c8a80d75f6e832aa2b3 76950c83365b4cf4b7abe531956feb8d - - default default] Successfully bumped revision number for resource 8c5b8da3-a8a3-4902-b8ef-271e84f88d0c (type: security_group_rules) to 0
2026-07-10 22:44:54.537 8 INFO neutron.db.ovn_revision_numbers_db [None req-2046a022-2bb7-44db-8f84-ce1148a1f7b2 2cffeaf2cadc4c8a80d75f6e832aa2b3 76950c83365b4cf4b7abe531956feb8d - - default default] Successfully bumped revision number for resource d2143f24-8131-4f80-9855-3b43ea5f3d55 (type: security_group_rules) to 0 [pid: 8|app: 0|req: 1240/2356] 10.0.0.117 () {32 vars in 774 bytes} [Fri Jul 10 22:44:54 2026] GET /v2.0/security-groups?tenant_id=281c49f0972548c4b7106699e8282f3d&name=default => generated 2929 bytes in 243 msecs (HTTP/1.1 200) 4 headers in 158 bytes (1 switches on core 0) [pid: 8|app: 0|req: 1241/2357] 10.0.0.117 () {32 vars in 740 bytes} [Fri Jul 10 22:44:54 2026] DELETE /v2.0/security-groups/5ceedec4-8601-418c-a09a-8401925dda5a => generated 0 bytes in 191 msecs (HTTP/1.1 204) 2 headers in 112 bytes (1 switches on core 0)
2026-07-10 22:44:54.814 7 INFO neutron_taas.services.taas.taas_plugin [None req-28b916a4-99e1-409b-a017-ad8e80f957ba - - - - - -] TaaS: Handle Delete Port: 5e82aa3c-ecb9-4822-b08d-d5ad4ac343c6
2026-07-10 22:44:54.817 7 INFO neutron_taas.services.taas.tap_mirror_plugin [None req-28b916a4-99e1-409b-a017-ad8e80f957ba - - - - - -] Tap Mirror: Handle Delete Port: 5e82aa3c-ecb9-4822-b08d-d5ad4ac343c6
2026-07-10 22:44:55.028 7 INFO neutron.services.segments.plugin [-] Segment 0f34a717-ba4d-4142-a97f-7ca50adac5fd resource provider aggregate not found
2026-07-10 22:44:55.037 7 INFO neutron.services.segments.plugin [-] Segment 0f34a717-ba4d-4142-a97f-7ca50adac5fd resource provider aggregate not found
2026-07-10 22:44:55.048 7 INFO neutron.services.segments.plugin [-] Client error retrieving segment 0f34a717-ba4d-4142-a97f-7ca50adac5fd resource provider; error: Placement Client Error (4xx): {"errors": [{"status": 404, "title": "Not Found", "detail": "The resource could not be found.\n\n No resource provider with uuid 0f34a717-ba4d-4142-a97f-7ca50adac5fd found for delete ", "request_id": "req-32c00553-428d-41f7-b11e-af7057607ce4"}]}
2026-07-10 22:44:55.063 7 INFO neutron.services.segments.plugin [-] Client error retrieving segment 0f34a717-ba4d-4142-a97f-7ca50adac5fd resource provider; error: Placement Client Error (4xx): {"errors": [{"status": 404, "title": "Not Found", "detail": "The resource could not be found.\n\n No resource provider with uuid 0f34a717-ba4d-4142-a97f-7ca50adac5fd found for delete ", "request_id": "req-dcfd18dd-c7cf-477a-850b-98948d480392"}]} [pid: 7|app: 0|req: 1117/2358] 10.0.0.117 () {32 vars in 740 bytes} [Fri Jul 10 22:44:52 2026] DELETE /v2.0/vpn/vpnservices/fc18da6c-f40a-44ae-89d6-9592f831c425 => generated 0 bytes in 2148 msecs (HTTP/1.1 204) 2 headers in 112 bytes (1 switches on core 0) [pid: 8|app: 0|req: 1242/2359] 10.0.0.117 () {32 vars in 721 bytes} [Fri Jul 10 22:44:55 2026] GET /v2.0/routers/895d3cd8-ea67-4984-968d-184e112733ae => generated 962 bytes in 67 msecs (HTTP/1.1 200) 4 headers in 157 bytes (1 switches on core 0) /var/lib/openstack/lib/python3.12/site-packages/pycadf/identifier.py:70: UserWarning: Invalid uuid: neutron. To ensure interoperability, identifiers should be a valid uuid. warnings.warn(('Invalid uuid: %s. To ensure interoperability, '
2026-07-10 22:44:55.877 7 INFO neutron.db.ovn_revision_numbers_db [None req-6c72c2e2-7115-49cd-9d5e-94396f754d61 607c9b93d44d43c08727cda7cca898b9 8c4883170cbf431e9ddae599fc3960a6 - - default default] Successfully bumped revision number for resource 895d3cd8-ea67-4984-968d-184e112733ae (type: routers) to 5 [pid: 7|app: 0|req: 1118/2360] 10.0.0.117 () {34 vars in 742 bytes} [Fri Jul 10 22:44:55 2026] PUT /v2.0/routers/895d3cd8-ea67-4984-968d-184e112733ae => generated 962 bytes in 712 msecs (HTTP/1.1 200) 4 headers in 157 bytes (1 switches on core 0) [pid: 8|app: 0|req: 1243/2361] 10.0.0.117 () {32 vars in 736 bytes} [Fri Jul 10 22:44:55 2026] GET /v2.0/ports?device_id=895d3cd8-ea67-4984-968d-184e112733ae => generated 946 bytes in 95 msecs (HTTP/1.1 200) 4 headers in 157 bytes (1 switches on core 0)
2026-07-10 22:44:56.315 7 INFO neutron_taas.services.taas.taas_plugin [None req-6e1e69d1-1938-4437-ae7a-f8a03ba8b2a4 607c9b93d44d43c08727cda7cca898b9 8c4883170cbf431e9ddae599fc3960a6 - - default default] TaaS: Handle Delete Port: b0878dd7-f3bf-40e1-b4d2-226fdb98899e
2026-07-10 22:44:56.331 7 INFO neutron_taas.services.taas.tap_mirror_plugin [None req-6e1e69d1-1938-4437-ae7a-f8a03ba8b2a4 607c9b93d44d43c08727cda7cca898b9 8c4883170cbf431e9ddae599fc3960a6 - - default default] Tap Mirror: Handle Delete Port: b0878dd7-f3bf-40e1-b4d2-226fdb98899e [pid: 7|app: 0|req: 1119/2362] 10.0.0.117 () {34 vars in 789 bytes} [Fri Jul 10 22:44:55 2026] PUT /v2.0/routers/895d3cd8-ea67-4984-968d-184e112733ae/remove_router_interface => generated 310 bytes in 817 msecs (HTTP/1.1 200) 4 headers in 157 bytes (1 switches on core 0)
2026-07-10 22:44:57.137 8 INFO neutron_taas.services.taas.taas_plugin [None req-4e603e48-753d-4b18-b77b-4b06a2b41de1 607c9b93d44d43c08727cda7cca898b9 8c4883170cbf431e9ddae599fc3960a6 - - default default] TaaS: Handle Delete Port: c11e4d03-ae27-47b9-aad4-ca208a0316ca
2026-07-10 22:44:57.140 8 INFO neutron_taas.services.taas.tap_mirror_plugin [None req-4e603e48-753d-4b18-b77b-4b06a2b41de1 607c9b93d44d43c08727cda7cca898b9 8c4883170cbf431e9ddae599fc3960a6 - - default default] Tap Mirror: Handle Delete Port: c11e4d03-ae27-47b9-aad4-ca208a0316ca [pid: 8|app: 0|req: 1244/2363] 10.0.0.117 () {32 vars in 724 bytes} [Fri Jul 10 22:44:56 2026] DELETE /v2.0/routers/895d3cd8-ea67-4984-968d-184e112733ae => generated 0 bytes in 737 msecs (HTTP/1.1 204) 2 headers in 112 bytes (1 switches on core 0) /var/lib/openstack/lib/python3.12/site-packages/pycadf/identifier.py:70: UserWarning: Invalid uuid: neutron. To ensure interoperability, identifiers should be a valid uuid. warnings.warn(('Invalid uuid: %s. To ensure interoperability, '
2026-07-10 22:44:57.605 8 WARNING neutron.plugins.ml2.drivers.ovn.mech_driver.ovsdb.ovn_client [None req-c36881fc-2fda-482b-89a3-969ac5e1e168 - - - - - -] No port found with ID dd1a29bf-3bd1-40dc-9960-6b5c8743d12c: RuntimeError: No port found with ID dd1a29bf-3bd1-40dc-9960-6b5c8743d12c [pid: 7|app: 0|req: 1120/2364] 10.0.0.117 () {32 vars in 724 bytes} [Fri Jul 10 22:44:57 2026] DELETE /v2.0/subnets/b3daea56-8e54-4b11-b556-630f10f28e9e => generated 0 bytes in 181 msecs (HTTP/1.1 204) 3 headers in 131 bytes (1 switches on core 0)
2026-07-10 22:44:57.889 8 INFO neutron_taas.services.taas.taas_plugin [None req-9f259b51-57bf-4de9-a060-6a41bcb4209c 607c9b93d44d43c08727cda7cca898b9 8c4883170cbf431e9ddae599fc3960a6 - - default default] TaaS: Handle Delete Port: 92e9167c-2960-4c57-a6b2-fd9bd4d6628a
2026-07-10 22:44:57.892 8 INFO neutron_taas.services.taas.tap_mirror_plugin [None req-9f259b51-57bf-4de9-a060-6a41bcb4209c 607c9b93d44d43c08727cda7cca898b9 8c4883170cbf431e9ddae599fc3960a6 - - default default] Tap Mirror: Handle Delete Port: 92e9167c-2960-4c57-a6b2-fd9bd4d6628a
2026-07-10 22:44:58.104 8 INFO neutron.services.segments.plugin [-] Segment cfddf92a-6a61-41c2-b6d6-b5d70efe602e resource provider aggregate not found
2026-07-10 22:44:58.107 8 INFO neutron.services.segments.plugin [-] Segment cfddf92a-6a61-41c2-b6d6-b5d70efe602e resource provider aggregate not found
2026-07-10 22:44:58.119 8 INFO neutron.services.segments.plugin [-] Client error retrieving segment cfddf92a-6a61-41c2-b6d6-b5d70efe602e resource provider; error: Placement Client Error (4xx): {"errors": [{"status": 404, "title": "Not Found", "detail": "The resource could not be found.\n\n No resource provider with uuid cfddf92a-6a61-41c2-b6d6-b5d70efe602e found for delete ", "request_id": "req-5b53a42f-6b11-4d21-9d3b-b444f094790e"}]}
2026-07-10 22:44:58.122 8 INFO neutron.services.segments.plugin [-] Client error retrieving segment cfddf92a-6a61-41c2-b6d6-b5d70efe602e resource provider; error: Placement Client Error (4xx): {"errors": [{"status": 404, "title": "Not Found", "detail": "The resource could not be found.\n\n No resource provider with uuid cfddf92a-6a61-41c2-b6d6-b5d70efe602e found for delete ", "request_id": "req-3d56793d-963f-4f7d-b106-8dee5e88ba2b"}]} [pid: 8|app: 0|req: 1245/2365] 10.0.0.117 () {32 vars in 726 bytes} [Fri Jul 10 22:44:57 2026] DELETE /v2.0/networks/e7b7814b-9a36-45a2-be7d-af379f79f24a => generated 0 bytes in 421 msecs (HTTP/1.1 204) 3 headers in 131 bytes (1 switches on core 0)
2026-07-10 22:44:58.953 7 WARNING neutron.db.securitygroups_db [None req-78e1f1b4-0bc3-4f49-bb05-acb79e9db240 2cffeaf2cadc4c8a80d75f6e832aa2b3 76950c83365b4cf4b7abe531956feb8d - - default default] project_id key not found in filters, using tenant_id instead. This support has been deprecated and will be removed in a future release.
2026-07-10 22:44:59.107 7 INFO neutron.db.ovn_revision_numbers_db [None req-78e1f1b4-0bc3-4f49-bb05-acb79e9db240 2cffeaf2cadc4c8a80d75f6e832aa2b3 76950c83365b4cf4b7abe531956feb8d - - default default] Successfully bumped revision number for resource 07401f5e-76c3-411d-ae26-4175ac7cb98b (type: security_groups) to 1
2026-07-10 22:44:59.137 7 INFO neutron.db.ovn_revision_numbers_db [None req-78e1f1b4-0bc3-4f49-bb05-acb79e9db240 2cffeaf2cadc4c8a80d75f6e832aa2b3 76950c83365b4cf4b7abe531956feb8d - - default default] Successfully bumped revision number for resource 763a7c8f-39d9-40da-a839-039d1822930a (type: security_group_rules) to 0
2026-07-10 22:44:59.147 7 INFO neutron.db.ovn_revision_numbers_db [None req-78e1f1b4-0bc3-4f49-bb05-acb79e9db240 2cffeaf2cadc4c8a80d75f6e832aa2b3 76950c83365b4cf4b7abe531956feb8d - - default default] Successfully bumped revision number for resource 9a6bc9be-dd07-4d6d-8b77-3915a01255b0 (type: security_group_rules) to 0
2026-07-10 22:44:59.159 7 INFO neutron.db.ovn_revision_numbers_db [None req-78e1f1b4-0bc3-4f49-bb05-acb79e9db240 2cffeaf2cadc4c8a80d75f6e832aa2b3 76950c83365b4cf4b7abe531956feb8d - - default default] Successfully bumped revision number for resource 9f131d2b-b94d-4599-af00-d489bd589e39 (type: security_group_rules) to 0
2026-07-10 22:44:59.184 7 INFO neutron.db.ovn_revision_numbers_db [None req-78e1f1b4-0bc3-4f49-bb05-acb79e9db240 2cffeaf2cadc4c8a80d75f6e832aa2b3 76950c83365b4cf4b7abe531956feb8d - - default default] Successfully bumped revision number for resource e5f6fa1b-b58c-4136-8fac-8c035e422377 (type: security_group_rules) to 0
2026-07-10 22:44:59.229 8 INFO neutron.db.ovn_revision_numbers_db [None req-c7ffdf72-38dc-498c-aa2d-ef77a68d00ba 84e4966f6264408e8257cedc0176f552 3600c6e50e57465ab02925fa40e59745 - - default default] Successfully bumped revision number for resource 1afad38c-8c3a-4cd1-9e95-d4618bf56dd7 (type: security_groups) to 1 [pid: 7|app: 0|req: 1121/2366] 10.0.0.117 () {32 vars in 774 bytes} [Fri Jul 10 22:44:58 2026] GET /v2.0/security-groups?tenant_id=86ce9fec503842c18f6e959eeab5de77&name=default => generated 2929 bytes in 413 msecs (HTTP/1.1 200) 4 headers in 158 bytes (1 switches on core 0)
2026-07-10 22:44:59.243 8 INFO neutron.db.ovn_revision_numbers_db [None req-c7ffdf72-38dc-498c-aa2d-ef77a68d00ba 84e4966f6264408e8257cedc0176f552 3600c6e50e57465ab02925fa40e59745 - - default default] Successfully bumped revision number for resource 04588dc9-2829-4783-9bee-d9c527bc5c05 (type: security_group_rules) to 0
2026-07-10 22:44:59.263 8 INFO neutron.db.ovn_revision_numbers_db [None req-c7ffdf72-38dc-498c-aa2d-ef77a68d00ba 84e4966f6264408e8257cedc0176f552 3600c6e50e57465ab02925fa40e59745 - - default default] Successfully bumped revision number for resource 55ca06bf-f990-4ad6-be93-6a8635ec35b3 (type: security_group_rules) to 0
2026-07-10 22:44:59.276 8 INFO neutron.db.ovn_revision_numbers_db [None req-c7ffdf72-38dc-498c-aa2d-ef77a68d00ba 84e4966f6264408e8257cedc0176f552 3600c6e50e57465ab02925fa40e59745 - - default default] Successfully bumped revision number for resource d3427594-c875-4ce8-a7e9-517b487bdea9 (type: security_group_rules) to 0
2026-07-10 22:44:59.289 8 INFO neutron.db.ovn_revision_numbers_db [None req-c7ffdf72-38dc-498c-aa2d-ef77a68d00ba 84e4966f6264408e8257cedc0176f552 3600c6e50e57465ab02925fa40e59745 - - default default] Successfully bumped revision number for resource e65ee759-a642-4be8-8600-aca2faf92422 (type: security_group_rules) to 0
2026-07-10 22:44:59.363 8 INFO neutron.db.segments_db [None req-c7ffdf72-38dc-498c-aa2d-ef77a68d00ba 84e4966f6264408e8257cedc0176f552 3600c6e50e57465ab02925fa40e59745 - - default default] Added segment c8de135a-8cbe-4fed-8653-6f63fd0107e6 of type geneve for network 8eff5498-9710-4417-b4a3-8b234e3eabee [pid: 7|app: 0|req: 1122/2367] 10.0.0.117 () {32 vars in 740 bytes} [Fri Jul 10 22:44:59 2026] DELETE /v2.0/security-groups/07401f5e-76c3-411d-ae26-4175ac7cb98b => generated 0 bytes in 178 msecs (HTTP/1.1 204) 2 headers in 112 bytes (1 switches on core 0)
2026-07-10 22:44:59.498 8 INFO neutron.db.ovn_revision_numbers_db [None req-c7ffdf72-38dc-498c-aa2d-ef77a68d00ba 84e4966f6264408e8257cedc0176f552 3600c6e50e57465ab02925fa40e59745 - - default default] Successfully bumped revision number for resource 8eff5498-9710-4417-b4a3-8b234e3eabee (type: networks) to 1
2026-07-10 22:44:59.525 7 WARNING neutron.db.securitygroups_db [None req-172a09b3-83d2-4d94-9039-485d38605fc8 2cffeaf2cadc4c8a80d75f6e832aa2b3 76950c83365b4cf4b7abe531956feb8d - - default default] project_id key not found in filters, using tenant_id instead. This support has been deprecated and will be removed in a future release. [pid: 7|app: 0|req: 1123/2368] 10.0.0.117 () {32 vars in 774 bytes} [Fri Jul 10 22:44:59 2026] GET /v2.0/security-groups?tenant_id=8c4883170cbf431e9ddae599fc3960a6&name=default => generated 2929 bytes in 32 msecs (HTTP/1.1 200) 4 headers in 158 bytes (1 switches on core 0)
2026-07-10 22:44:59.714 8 WARNING neutron.scheduler.dhcp_agent_scheduler [None req-c7ffdf72-38dc-498c-aa2d-ef77a68d00ba 84e4966f6264408e8257cedc0176f552 3600c6e50e57465ab02925fa40e59745 - - default default] No more DHCP agents
2026-07-10 22:44:59.718 8 WARNING neutron.api.rpc.agentnotifiers.dhcp_rpc_agent_api [None req-c7ffdf72-38dc-498c-aa2d-ef77a68d00ba 84e4966f6264408e8257cedc0176f552 3600c6e50e57465ab02925fa40e59745 - - default default] Unable to schedule network 8eff5498-9710-4417-b4a3-8b234e3eabee: no agents available; will retry on subsequent port and subnet creation events. [pid: 7|app: 0|req: 1124/2369] 10.0.0.117 () {32 vars in 740 bytes} [Fri Jul 10 22:44:59 2026] DELETE /v2.0/security-groups/86450828-5758-43f7-b5a4-0e72e398d1a7 => generated 0 bytes in 192 msecs (HTTP/1.1 204) 2 headers in 112 bytes (1 switches on core 0)
2026-07-10 22:44:59.777 8 INFO neutron.plugins.ml2.drivers.ovn.mech_driver.mech_driver [None req-c36881fc-2fda-482b-89a3-969ac5e1e168 - - - - - -] OVN reports status down for port: 7796c757-e9a9-4587-a5c8-129627756539
2026-07-10 22:44:59.835 8 INFO neutron.db.ovn_revision_numbers_db [None req-c7ffdf72-38dc-498c-aa2d-ef77a68d00ba 84e4966f6264408e8257cedc0176f552 3600c6e50e57465ab02925fa40e59745 - - default default] Successfully bumped revision number for resource 7796c757-e9a9-4587-a5c8-129627756539 (type: ports) to 1 [pid: 8|app: 0|req: 1246/2370] 10.0.0.117 () {34 vars in 670 bytes} [Fri Jul 10 22:44:58 2026] POST /v2.0/networks => generated 670 bytes in 994 msecs (HTTP/1.1 201) 4 headers in 162 bytes (1 switches on core 0)
2026-07-10 22:45:00.162 7 WARNING neutron.scheduler.dhcp_agent_scheduler [None req-728a45a7-1e5a-4624-9aeb-678497fda894 84e4966f6264408e8257cedc0176f552 3600c6e50e57465ab02925fa40e59745 - - default default] No more DHCP agents
2026-07-10 22:45:00.169 7 WARNING neutron.api.rpc.agentnotifiers.dhcp_rpc_agent_api [None req-728a45a7-1e5a-4624-9aeb-678497fda894 84e4966f6264408e8257cedc0176f552 3600c6e50e57465ab02925fa40e59745 - - default default] Unable to schedule network 8eff5498-9710-4417-b4a3-8b234e3eabee: no agents available; will retry on subsequent port and subnet creation events.
2026-07-10 22:45:00.228 8 INFO neutron.plugins.ml2.drivers.ovn.mech_driver.mech_driver [None req-c36881fc-2fda-482b-89a3-969ac5e1e168 - - - - - -] OVN reports status down for port: b8ba59fa-191d-47d1-9e90-c7270d563ce3
2026-07-10 22:45:00.267 7 INFO neutron.db.ovn_revision_numbers_db [None req-728a45a7-1e5a-4624-9aeb-678497fda894 84e4966f6264408e8257cedc0176f552 3600c6e50e57465ab02925fa40e59745 - - default default] Successfully bumped revision number for resource b8ba59fa-191d-47d1-9e90-c7270d563ce3 (type: ports) to 1 [pid: 7|app: 0|req: 1125/2371] 10.0.0.117 () {34 vars in 664 bytes} [Fri Jul 10 22:44:59 2026] POST /v2.0/ports => generated 743 bytes in 409 msecs (HTTP/1.1 201) 4 headers in 162 bytes (1 switches on core 0) [pid: 8|app: 0|req: 1247/2372] 10.0.0.117 () {34 vars in 666 bytes} [Fri Jul 10 22:45:00 2026] POST /v2.0/trunks => generated 409 bytes in 256 msecs (HTTP/1.1 201) 4 headers in 162 bytes (1 switches on core 0) /var/lib/openstack/lib/python3.12/site-packages/pycadf/identifier.py:70: UserWarning: Invalid uuid: neutron. To ensure interoperability, identifiers should be a valid uuid. warnings.warn(('Invalid uuid: %s. To ensure interoperability, '
2026-07-10 22:45:00.701 7 INFO neutron.db.segments_db [None req-8fc8531d-9ad7-48a6-a0a0-5415b7910381 84e4966f6264408e8257cedc0176f552 3600c6e50e57465ab02925fa40e59745 - - default default] Added segment a4d86dfb-55a7-4460-b12f-e91f6274e6e6 of type geneve for network 6a466d68-0ed4-479b-803d-e4ee8a69cf50
2026-07-10 22:45:00.814 7 INFO neutron.db.ovn_revision_numbers_db [None req-8fc8531d-9ad7-48a6-a0a0-5415b7910381 84e4966f6264408e8257cedc0176f552 3600c6e50e57465ab02925fa40e59745 - - default default] Successfully bumped revision number for resource 6a466d68-0ed4-479b-803d-e4ee8a69cf50 (type: networks) to 1
2026-07-10 22:45:01.041 7 WARNING neutron.scheduler.dhcp_agent_scheduler [None req-8fc8531d-9ad7-48a6-a0a0-5415b7910381 84e4966f6264408e8257cedc0176f552 3600c6e50e57465ab02925fa40e59745 - - default default] No more DHCP agents
2026-07-10 22:45:01.042 7 WARNING neutron.api.rpc.agentnotifiers.dhcp_rpc_agent_api [None req-8fc8531d-9ad7-48a6-a0a0-5415b7910381 84e4966f6264408e8257cedc0176f552 3600c6e50e57465ab02925fa40e59745 - - default default] Unable to schedule network 6a466d68-0ed4-479b-803d-e4ee8a69cf50: no agents available; will retry on subsequent port and subnet creation events.
2026-07-10 22:45:01.111 8 INFO neutron.plugins.ml2.drivers.ovn.mech_driver.mech_driver [None req-c36881fc-2fda-482b-89a3-969ac5e1e168 - - - - - -] OVN reports status down for port: 34b57a3c-2c10-4da3-86cd-9eee7b869ac7
2026-07-10 22:45:01.165 7 INFO neutron.db.ovn_revision_numbers_db [None req-8fc8531d-9ad7-48a6-a0a0-5415b7910381 84e4966f6264408e8257cedc0176f552 3600c6e50e57465ab02925fa40e59745 - - default default] Successfully bumped revision number for resource 34b57a3c-2c10-4da3-86cd-9eee7b869ac7 (type: ports) to 1 [pid: 7|app: 0|req: 1126/2373] 10.0.0.117 () {34 vars in 670 bytes} [Fri Jul 10 22:45:00 2026] POST /v2.0/networks => generated 669 bytes in 623 msecs (HTTP/1.1 201) 4 headers in 162 bytes (1 switches on core 0)
2026-07-10 22:45:01.435 8 WARNING neutron.scheduler.dhcp_agent_scheduler [None req-9cc85ccd-c0ca-4108-9322-b6e05ed9ac64 84e4966f6264408e8257cedc0176f552 3600c6e50e57465ab02925fa40e59745 - - default default] No more DHCP agents
2026-07-10 22:45:01.436 8 WARNING neutron.api.rpc.agentnotifiers.dhcp_rpc_agent_api [None req-9cc85ccd-c0ca-4108-9322-b6e05ed9ac64 84e4966f6264408e8257cedc0176f552 3600c6e50e57465ab02925fa40e59745 - - default default] Unable to schedule network 6a466d68-0ed4-479b-803d-e4ee8a69cf50: no agents available; will retry on subsequent port and subnet creation events.
2026-07-10 22:45:01.511 7 INFO neutron.plugins.ml2.drivers.ovn.mech_driver.mech_driver [None req-1c6bdf3d-4797-4fbb-8237-776b1d9ba456 - - - - - -] OVN reports status down for port: b0a0d988-0696-4198-bc34-b4740be2aced
2026-07-10 22:45:01.537 8 INFO neutron.db.ovn_revision_numbers_db [None req-9cc85ccd-c0ca-4108-9322-b6e05ed9ac64 84e4966f6264408e8257cedc0176f552 3600c6e50e57465ab02925fa40e59745 - - default default] Successfully bumped revision number for resource b0a0d988-0696-4198-bc34-b4740be2aced (type: ports) to 1 [pid: 8|app: 0|req: 1248/2374] 10.0.0.117 () {34 vars in 664 bytes} [Fri Jul 10 22:45:01 2026] POST /v2.0/ports => generated 743 bytes in 358 msecs (HTTP/1.1 201) 4 headers in 162 bytes (1 switches on core 0) [pid: 7|app: 0|req: 1127/2375] 10.0.0.117 () {34 vars in 666 bytes} [Fri Jul 10 22:45:01 2026] POST /v2.0/trunks => generated 409 bytes in 171 msecs (HTTP/1.1 201) 4 headers in 162 bytes (1 switches on core 0) /var/lib/openstack/lib/python3.12/site-packages/pycadf/identifier.py:70: UserWarning: Invalid uuid: neutron. To ensure interoperability, identifiers should be a valid uuid. warnings.warn(('Invalid uuid: %s. To ensure interoperability, '
2026-07-10 22:45:01.827 8 INFO neutron.db.segments_db [None req-bb0fd99c-403b-461b-a870-19390495e1c3 84e4966f6264408e8257cedc0176f552 3600c6e50e57465ab02925fa40e59745 - - default default] Added segment 11201ff6-a87c-4969-91ba-9f5da5f096bf of type geneve for network 2bf328cc-6d89-4884-9fb3-ee8195a1ef2d
2026-07-10 22:45:01.941 8 INFO neutron.db.ovn_revision_numbers_db [None req-bb0fd99c-403b-461b-a870-19390495e1c3 84e4966f6264408e8257cedc0176f552 3600c6e50e57465ab02925fa40e59745 - - default default] Successfully bumped revision number for resource 2bf328cc-6d89-4884-9fb3-ee8195a1ef2d (type: networks) to 1
2026-07-10 22:45:02.111 8 WARNING neutron.scheduler.dhcp_agent_scheduler [None req-bb0fd99c-403b-461b-a870-19390495e1c3 84e4966f6264408e8257cedc0176f552 3600c6e50e57465ab02925fa40e59745 - - default default] No more DHCP agents
2026-07-10 22:45:02.112 8 WARNING neutron.api.rpc.agentnotifiers.dhcp_rpc_agent_api [None req-bb0fd99c-403b-461b-a870-19390495e1c3 84e4966f6264408e8257cedc0176f552 3600c6e50e57465ab02925fa40e59745 - - default default] Unable to schedule network 2bf328cc-6d89-4884-9fb3-ee8195a1ef2d: no agents available; will retry on subsequent port and subnet creation events.
2026-07-10 22:45:02.165 8 INFO neutron.plugins.ml2.drivers.ovn.mech_driver.mech_driver [None req-c36881fc-2fda-482b-89a3-969ac5e1e168 - - - - - -] OVN reports status down for port: 3a781057-d9c1-4ecc-8507-ca265f5ccb89
2026-07-10 22:45:02.212 8 INFO neutron.db.ovn_revision_numbers_db [None req-bb0fd99c-403b-461b-a870-19390495e1c3 84e4966f6264408e8257cedc0176f552 3600c6e50e57465ab02925fa40e59745 - - default default] Successfully bumped revision number for resource 3a781057-d9c1-4ecc-8507-ca265f5ccb89 (type: ports) to 1 [pid: 8|app: 0|req: 1249/2376] 10.0.0.117 () {34 vars in 670 bytes} [Fri Jul 10 22:45:01 2026] POST /v2.0/networks => generated 668 bytes in 507 msecs (HTTP/1.1 201) 4 headers in 162 bytes (1 switches on core 0)
2026-07-10 22:45:02.504 7 WARNING neutron.scheduler.dhcp_agent_scheduler [None req-124b770b-a522-4941-aee8-c0303c9e8200 84e4966f6264408e8257cedc0176f552 3600c6e50e57465ab02925fa40e59745 - - default default] No more DHCP agents
2026-07-10 22:45:02.505 7 WARNING neutron.api.rpc.agentnotifiers.dhcp_rpc_agent_api [None req-124b770b-a522-4941-aee8-c0303c9e8200 84e4966f6264408e8257cedc0176f552 3600c6e50e57465ab02925fa40e59745 - - default default] Unable to schedule network 2bf328cc-6d89-4884-9fb3-ee8195a1ef2d: no agents available; will retry on subsequent port and subnet creation events.
2026-07-10 22:45:02.573 8 INFO neutron.plugins.ml2.drivers.ovn.mech_driver.mech_driver [None req-c36881fc-2fda-482b-89a3-969ac5e1e168 - - - - - -] OVN reports status down for port: a240a11e-3dec-44cd-a4ee-67bbb64fe6fa
2026-07-10 22:45:02.609 7 INFO neutron.db.ovn_revision_numbers_db [None req-124b770b-a522-4941-aee8-c0303c9e8200 84e4966f6264408e8257cedc0176f552 3600c6e50e57465ab02925fa40e59745 - - default default] Successfully bumped revision number for resource a240a11e-3dec-44cd-a4ee-67bbb64fe6fa (type: ports) to 1 [pid: 7|app: 0|req: 1128/2377] 10.0.0.117 () {34 vars in 664 bytes} [Fri Jul 10 22:45:02 2026] POST /v2.0/ports => generated 743 bytes in 379 msecs (HTTP/1.1 201) 4 headers in 162 bytes (1 switches on core 0) [pid: 8|app: 0|req: 1250/2378] 10.0.0.117 () {34 vars in 666 bytes} [Fri Jul 10 22:45:02 2026] POST /v2.0/trunks => generated 409 bytes in 190 msecs (HTTP/1.1 201) 4 headers in 162 bytes (1 switches on core 0) /var/lib/openstack/lib/python3.12/site-packages/pycadf/identifier.py:70: UserWarning: Invalid uuid: neutron. To ensure interoperability, identifiers should be a valid uuid. warnings.warn(('Invalid uuid: %s. To ensure interoperability, '
2026-07-10 22:45:02.938 7 INFO neutron.db.segments_db [None req-de07b38b-7342-45d8-b6f2-15077dfd88c5 84e4966f6264408e8257cedc0176f552 3600c6e50e57465ab02925fa40e59745 - - default default] Added segment 7735e641-a37d-49f9-8806-cfb06ecf7ebf of type geneve for network 0b69f77b-1b47-448c-8ea1-7638b860fd5d
2026-07-10 22:45:03.078 7 INFO neutron.db.ovn_revision_numbers_db [None req-de07b38b-7342-45d8-b6f2-15077dfd88c5 84e4966f6264408e8257cedc0176f552 3600c6e50e57465ab02925fa40e59745 - - default default] Successfully bumped revision number for resource 0b69f77b-1b47-448c-8ea1-7638b860fd5d (type: networks) to 1
2026-07-10 22:45:03.254 7 WARNING neutron.scheduler.dhcp_agent_scheduler [None req-de07b38b-7342-45d8-b6f2-15077dfd88c5 84e4966f6264408e8257cedc0176f552 3600c6e50e57465ab02925fa40e59745 - - default default] No more DHCP agents
2026-07-10 22:45:03.255 7 WARNING neutron.api.rpc.agentnotifiers.dhcp_rpc_agent_api [None req-de07b38b-7342-45d8-b6f2-15077dfd88c5 84e4966f6264408e8257cedc0176f552 3600c6e50e57465ab02925fa40e59745 - - default default] Unable to schedule network 0b69f77b-1b47-448c-8ea1-7638b860fd5d: no agents available; will retry on subsequent port and subnet creation events.
2026-07-10 22:45:03.315 7 INFO neutron.plugins.ml2.drivers.ovn.mech_driver.mech_driver [None req-1c6bdf3d-4797-4fbb-8237-776b1d9ba456 - - - - - -] OVN reports status down for port: 481c27bf-f9f9-4e8f-b917-059b3783f78f
2026-07-10 22:45:03.374 7 INFO neutron.db.ovn_revision_numbers_db [None req-de07b38b-7342-45d8-b6f2-15077dfd88c5 84e4966f6264408e8257cedc0176f552 3600c6e50e57465ab02925fa40e59745 - - default default] Successfully bumped revision number for resource 481c27bf-f9f9-4e8f-b917-059b3783f78f (type: ports) to 1 [pid: 7|app: 0|req: 1129/2379] 10.0.0.117 () {34 vars in 670 bytes} [Fri Jul 10 22:45:02 2026] POST /v2.0/networks => generated 669 bytes in 577 msecs (HTTP/1.1 201) 4 headers in 162 bytes (1 switches on core 0)
2026-07-10 22:45:03.683 8 WARNING neutron.scheduler.dhcp_agent_scheduler [None req-9920db1d-0c53-45e2-a90b-2152ec08e631 84e4966f6264408e8257cedc0176f552 3600c6e50e57465ab02925fa40e59745 - - default default] No more DHCP agents
2026-07-10 22:45:03.685 8 WARNING neutron.api.rpc.agentnotifiers.dhcp_rpc_agent_api [None req-9920db1d-0c53-45e2-a90b-2152ec08e631 84e4966f6264408e8257cedc0176f552 3600c6e50e57465ab02925fa40e59745 - - default default] Unable to schedule network 0b69f77b-1b47-448c-8ea1-7638b860fd5d: no agents available; will retry on subsequent port and subnet creation events.
2026-07-10 22:45:03.739 8 INFO neutron.plugins.ml2.drivers.ovn.mech_driver.mech_driver [None req-c36881fc-2fda-482b-89a3-969ac5e1e168 - - - - - -] OVN reports status down for port: 6d7d023e-6a3a-4c69-b9da-5f14321d13b9
2026-07-10 22:45:03.802 8 INFO neutron.db.ovn_revision_numbers_db [None req-9920db1d-0c53-45e2-a90b-2152ec08e631 84e4966f6264408e8257cedc0176f552 3600c6e50e57465ab02925fa40e59745 - - default default] Successfully bumped revision number for resource 6d7d023e-6a3a-4c69-b9da-5f14321d13b9 (type: ports) to 1 [pid: 8|app: 0|req: 1251/2380] 10.0.0.117 () {34 vars in 664 bytes} [Fri Jul 10 22:45:03 2026] POST /v2.0/ports => generated 743 bytes in 417 msecs (HTTP/1.1 201) 4 headers in 162 bytes (1 switches on core 0) [pid: 7|app: 0|req: 1130/2381] 10.0.0.117 () {34 vars in 666 bytes} [Fri Jul 10 22:45:03 2026] POST /v2.0/trunks => generated 409 bytes in 209 msecs (HTTP/1.1 201) 4 headers in 162 bytes (1 switches on core 0) /var/lib/openstack/lib/python3.12/site-packages/pycadf/identifier.py:70: UserWarning: Invalid uuid: neutron. To ensure interoperability, identifiers should be a valid uuid. warnings.warn(('Invalid uuid: %s. To ensure interoperability, '
2026-07-10 22:45:04.156 8 INFO neutron.db.segments_db [None req-48657bd0-6ee6-41fe-9571-85238c9fee7e 84e4966f6264408e8257cedc0176f552 3600c6e50e57465ab02925fa40e59745 - - default default] Added segment cdc5d47b-8870-4427-aebe-62ba45bad73f of type geneve for network ee6aa382-22eb-4442-9f69-b291282029c8
2026-07-10 22:45:04.275 8 INFO neutron.db.ovn_revision_numbers_db [None req-48657bd0-6ee6-41fe-9571-85238c9fee7e 84e4966f6264408e8257cedc0176f552 3600c6e50e57465ab02925fa40e59745 - - default default] Successfully bumped revision number for resource ee6aa382-22eb-4442-9f69-b291282029c8 (type: networks) to 1
2026-07-10 22:45:04.442 8 WARNING neutron.scheduler.dhcp_agent_scheduler [None req-48657bd0-6ee6-41fe-9571-85238c9fee7e 84e4966f6264408e8257cedc0176f552 3600c6e50e57465ab02925fa40e59745 - - default default] No more DHCP agents
2026-07-10 22:45:04.444 8 WARNING neutron.api.rpc.agentnotifiers.dhcp_rpc_agent_api [None req-48657bd0-6ee6-41fe-9571-85238c9fee7e 84e4966f6264408e8257cedc0176f552 3600c6e50e57465ab02925fa40e59745 - - default default] Unable to schedule network ee6aa382-22eb-4442-9f69-b291282029c8: no agents available; will retry on subsequent port and subnet creation events.
2026-07-10 22:45:04.522 7 INFO neutron.plugins.ml2.drivers.ovn.mech_driver.mech_driver [None req-1c6bdf3d-4797-4fbb-8237-776b1d9ba456 - - - - - -] OVN reports status down for port: f7ac1434-8b67-48c6-96cd-324d4d08969b
2026-07-10 22:45:04.562 8 INFO neutron.db.ovn_revision_numbers_db [None req-48657bd0-6ee6-41fe-9571-85238c9fee7e 84e4966f6264408e8257cedc0176f552 3600c6e50e57465ab02925fa40e59745 - - default default] Successfully bumped revision number for resource f7ac1434-8b67-48c6-96cd-324d4d08969b (type: ports) to 1 [pid: 8|app: 0|req: 1252/2382] 10.0.0.117 () {34 vars in 670 bytes} [Fri Jul 10 22:45:04 2026] POST /v2.0/networks => generated 669 bytes in 535 msecs (HTTP/1.1 201) 4 headers in 162 bytes (1 switches on core 0)
2026-07-10 22:45:04.825 7 WARNING neutron.scheduler.dhcp_agent_scheduler [None req-6bd283c2-f077-4096-8980-8cd5ddf1baf0 84e4966f6264408e8257cedc0176f552 3600c6e50e57465ab02925fa40e59745 - - default default] No more DHCP agents
2026-07-10 22:45:04.826 7 WARNING neutron.api.rpc.agentnotifiers.dhcp_rpc_agent_api [None req-6bd283c2-f077-4096-8980-8cd5ddf1baf0 84e4966f6264408e8257cedc0176f552 3600c6e50e57465ab02925fa40e59745 - - default default] Unable to schedule network ee6aa382-22eb-4442-9f69-b291282029c8: no agents available; will retry on subsequent port and subnet creation events.
2026-07-10 22:45:04.889 8 INFO neutron.plugins.ml2.drivers.ovn.mech_driver.mech_driver [None req-c36881fc-2fda-482b-89a3-969ac5e1e168 - - - - - -] OVN reports status down for port: e742f7ff-706e-42fd-8399-7e7f5ad0eb97
2026-07-10 22:45:04.934 7 INFO neutron.db.ovn_revision_numbers_db [None req-6bd283c2-f077-4096-8980-8cd5ddf1baf0 84e4966f6264408e8257cedc0176f552 3600c6e50e57465ab02925fa40e59745 - - default default] Successfully bumped revision number for resource e742f7ff-706e-42fd-8399-7e7f5ad0eb97 (type: ports) to 1 [pid: 7|app: 0|req: 1131/2383] 10.0.0.117 () {34 vars in 664 bytes} [Fri Jul 10 22:45:04 2026] POST /v2.0/ports => generated 743 bytes in 369 msecs (HTTP/1.1 201) 4 headers in 162 bytes (1 switches on core 0) [pid: 8|app: 0|req: 1253/2384] 10.0.0.117 () {34 vars in 666 bytes} [Fri Jul 10 22:45:04 2026] POST /v2.0/trunks => generated 409 bytes in 177 msecs (HTTP/1.1 201) 4 headers in 162 bytes (1 switches on core 0) /var/lib/openstack/lib/python3.12/site-packages/pycadf/identifier.py:70: UserWarning: Invalid uuid: neutron. To ensure interoperability, identifiers should be a valid uuid. warnings.warn(('Invalid uuid: %s. To ensure interoperability, '
2026-07-10 22:45:05.164 7 WARNING tagging [None req-154dcf6f-3e8f-4c81-84cc-8e01b46eb7ea 84e4966f6264408e8257cedc0176f552 3600c6e50e57465ab02925fa40e59745 - - default default] project_id key not found in request, using tenant_id instead. This support has been deprecated and will be removed in a future release. [pid: 7|app: 0|req: 1132/2385] 10.0.0.117 () {34 vars in 749 bytes} [Fri Jul 10 22:45:05 2026] PUT /v2.0/trunks/02186630-eb31-4eec-b807-30e73339b8a9/tags => generated 17 bytes in 34 msecs (HTTP/1.1 200) 4 headers in 156 bytes (1 switches on core 0)
2026-07-10 22:45:05.199 8 WARNING tagging [None req-d2f73bad-e3d9-43d6-a302-4a02bd6f1764 84e4966f6264408e8257cedc0176f552 3600c6e50e57465ab02925fa40e59745 - - default default] project_id key not found in request, using tenant_id instead. This support has been deprecated and will be removed in a future release. [pid: 8|app: 0|req: 1254/2386] 10.0.0.117 () {34 vars in 749 bytes} [Fri Jul 10 22:45:05 2026] PUT /v2.0/trunks/110e2bc8-1f85-4db9-bcd3-bf3758ea83a9/tags => generated 25 bytes in 39 msecs (HTTP/1.1 200) 4 headers in 156 bytes (1 switches on core 0)
2026-07-10 22:45:05.249 7 WARNING tagging [None req-5614f90c-6944-4d4d-997d-0577bc31292f 84e4966f6264408e8257cedc0176f552 3600c6e50e57465ab02925fa40e59745 - - default default] project_id key not found in request, using tenant_id instead. This support has been deprecated and will be removed in a future release. [pid: 7|app: 0|req: 1133/2387] 10.0.0.117 () {34 vars in 749 bytes} [Fri Jul 10 22:45:05 2026] PUT /v2.0/trunks/f738451c-c253-4b34-ad2f-18e4b829ef1e/tags => generated 34 bytes in 55 msecs (HTTP/1.1 200) 4 headers in 156 bytes (1 switches on core 0)
2026-07-10 22:45:05.309 8 WARNING tagging [None req-785291ba-36e8-4d6e-8f05-5742f0b7cf51 84e4966f6264408e8257cedc0176f552 3600c6e50e57465ab02925fa40e59745 - - default default] project_id key not found in request, using tenant_id instead. This support has been deprecated and will be removed in a future release. [pid: 8|app: 0|req: 1255/2388] 10.0.0.117 () {34 vars in 749 bytes} [Fri Jul 10 22:45:05 2026] PUT /v2.0/trunks/80e149cb-385e-438c-873a-3315c90de99b/tags => generated 19 bytes in 34 msecs (HTTP/1.1 200) 4 headers in 156 bytes (1 switches on core 0) [pid: 7|app: 0|req: 1134/2389] 10.0.0.117 () {32 vars in 662 bytes} [Fri Jul 10 22:45:05 2026] GET /v2.0/trunks?tags=red => generated 1252 bytes in 23 msecs (HTTP/1.1 200) 4 headers in 158 bytes (1 switches on core 0) [pid: 8|app: 0|req: 1256/2390] 10.0.0.117 () {32 vars in 676 bytes} [Fri Jul 10 22:45:05 2026] GET /v2.0/trunks?tags=red%2Cblue => generated 847 bytes in 23 msecs (HTTP/1.1 200) 4 headers in 157 bytes (1 switches on core 0) [pid: 7|app: 0|req: 1135/2391] 10.0.0.117 () {32 vars in 672 bytes} [Fri Jul 10 22:45:05 2026] GET /v2.0/trunks?tags-any=blue => generated 847 bytes in 20 msecs (HTTP/1.1 200) 4 headers in 157 bytes (1 switches on core 0) [pid: 8|app: 0|req: 1257/2392] 10.0.0.117 () {32 vars in 684 bytes} [Fri Jul 10 22:45:05 2026] GET /v2.0/trunks?tags-any=red%2Cblue => generated 1252 bytes in 23 msecs (HTTP/1.1 200) 4 headers in 158 bytes (1 switches on core 0) [pid: 7|app: 0|req: 1136/2393] 10.0.0.117 () {32 vars in 670 bytes} [Fri Jul 10 22:45:05 2026] GET /v2.0/trunks?not-tags=red => generated 819 bytes in 22 msecs (HTTP/1.1 200) 4 headers in 157 bytes (1 switches on core 0) [pid: 8|app: 0|req: 1258/2394] 10.0.0.117 () {32 vars in 684 bytes} [Fri Jul 10 22:45:05 2026] GET /v2.0/trunks?not-tags=red%2Cblue => generated 1224 bytes in 22 msecs (HTTP/1.1 200) 4 headers in 158 bytes (1 switches on core 0) [pid: 7|app: 0|req: 1137/2395] 10.0.0.117 () {32 vars in 680 bytes} [Fri Jul 10 22:45:05 2026] GET /v2.0/trunks?not-tags-any=blue => generated 1224 bytes in 16 msecs (HTTP/1.1 200) 4 headers in 158 bytes (1 switches on core 0) [pid: 8|app: 0|req: 1259/2396] 10.0.0.117 () {32 vars in 692 bytes} [Fri Jul 10 22:45:05 2026] GET /v2.0/trunks?not-tags-any=red%2Cblue => generated 819 bytes in 32 msecs (HTTP/1.1 200) 4 headers in 157 bytes (1 switches on core 0) [pid: 7|app: 0|req: 1138/2397] 10.0.0.117 () {32 vars in 719 bytes} [Fri Jul 10 22:45:05 2026] GET /v2.0/trunks/02186630-eb31-4eec-b807-30e73339b8a9 => generated 414 bytes in 16 msecs (HTTP/1.1 200) 4 headers in 157 bytes (1 switches on core 0) [pid: 8|app: 0|req: 1260/2398] 10.0.0.117 () {32 vars in 717 bytes} [Fri Jul 10 22:45:05 2026] GET /v2.0/ports/b8ba59fa-191d-47d1-9e90-c7270d563ce3 => generated 826 bytes in 85 msecs (HTTP/1.1 200) 4 headers in 157 bytes (1 switches on core 0) [pid: 7|app: 0|req: 1139/2399] 10.0.0.117 () {32 vars in 722 bytes} [Fri Jul 10 22:45:05 2026] DELETE /v2.0/trunks/02186630-eb31-4eec-b807-30e73339b8a9 => generated 0 bytes in 65 msecs (HTTP/1.1 204) 2 headers in 112 bytes (1 switches on core 0) [pid: 8|app: 0|req: 1261/2400] 10.0.0.117 () {32 vars in 719 bytes} [Fri Jul 10 22:45:05 2026] GET /v2.0/trunks/110e2bc8-1f85-4db9-bcd3-bf3758ea83a9 => generated 422 bytes in 15 msecs (HTTP/1.1 200) 4 headers in 157 bytes (1 switches on core 0) [pid: 7|app: 0|req: 1140/2401] 10.0.0.117 () {32 vars in 717 bytes} [Fri Jul 10 22:45:05 2026] GET /v2.0/ports/b0a0d988-0696-4198-bc34-b4740be2aced => generated 826 bytes in 76 msecs (HTTP/1.1 200) 4 headers in 157 bytes (1 switches on core 0) [pid: 8|app: 0|req: 1262/2402] 10.0.0.117 () {32 vars in 722 bytes} [Fri Jul 10 22:45:05 2026] DELETE /v2.0/trunks/110e2bc8-1f85-4db9-bcd3-bf3758ea83a9 => generated 0 bytes in 70 msecs (HTTP/1.1 204) 2 headers in 112 bytes (1 switches on core 0) [pid: 7|app: 0|req: 1141/2403] 10.0.0.117 () {32 vars in 719 bytes} [Fri Jul 10 22:45:05 2026] GET /v2.0/trunks/f738451c-c253-4b34-ad2f-18e4b829ef1e => generated 431 bytes in 19 msecs (HTTP/1.1 200) 4 headers in 157 bytes (1 switches on core 0) [pid: 8|app: 0|req: 1263/2404] 10.0.0.117 () {32 vars in 717 bytes} [Fri Jul 10 22:45:05 2026] GET /v2.0/ports/a240a11e-3dec-44cd-a4ee-67bbb64fe6fa => generated 826 bytes in 67 msecs (HTTP/1.1 200) 4 headers in 157 bytes (1 switches on core 0) [pid: 7|app: 0|req: 1142/2405] 10.0.0.117 () {32 vars in 722 bytes} [Fri Jul 10 22:45:06 2026] DELETE /v2.0/trunks/f738451c-c253-4b34-ad2f-18e4b829ef1e => generated 0 bytes in 69 msecs (HTTP/1.1 204) 2 headers in 112 bytes (1 switches on core 0) [pid: 8|app: 0|req: 1264/2406] 10.0.0.117 () {32 vars in 719 bytes} [Fri Jul 10 22:45:06 2026] GET /v2.0/trunks/80e149cb-385e-438c-873a-3315c90de99b => generated 416 bytes in 15 msecs (HTTP/1.1 200) 4 headers in 157 bytes (1 switches on core 0) [pid: 7|app: 0|req: 1143/2407] 10.0.0.117 () {32 vars in 717 bytes} [Fri Jul 10 22:45:06 2026] GET /v2.0/ports/6d7d023e-6a3a-4c69-b9da-5f14321d13b9 => generated 826 bytes in 69 msecs (HTTP/1.1 200) 4 headers in 157 bytes (1 switches on core 0) [pid: 8|app: 0|req: 1265/2408] 10.0.0.117 () {32 vars in 722 bytes} [Fri Jul 10 22:45:06 2026] DELETE /v2.0/trunks/80e149cb-385e-438c-873a-3315c90de99b => generated 0 bytes in 100 msecs (HTTP/1.1 204) 2 headers in 112 bytes (1 switches on core 0) [pid: 7|app: 0|req: 1144/2409] 10.0.0.117 () {32 vars in 719 bytes} [Fri Jul 10 22:45:06 2026] GET /v2.0/trunks/08c86069-1a3b-4d65-8763-71caaffc05dd => generated 409 bytes in 15 msecs (HTTP/1.1 200) 4 headers in 157 bytes (1 switches on core 0) [pid: 8|app: 0|req: 1266/2410] 10.0.0.117 () {32 vars in 717 bytes} [Fri Jul 10 22:45:06 2026] GET /v2.0/ports/e742f7ff-706e-42fd-8399-7e7f5ad0eb97 => generated 826 bytes in 60 msecs (HTTP/1.1 200) 4 headers in 157 bytes (1 switches on core 0) [pid: 7|app: 0|req: 1145/2411] 10.0.0.117 () {32 vars in 722 bytes} [Fri Jul 10 22:45:06 2026] DELETE /v2.0/trunks/08c86069-1a3b-4d65-8763-71caaffc05dd => generated 0 bytes in 63 msecs (HTTP/1.1 204) 2 headers in 112 bytes (1 switches on core 0)
2026-07-10 22:45:06.539 8 INFO neutron_taas.services.taas.taas_plugin [None req-ba4cbc0b-57af-4124-ac17-7d40ee9f1356 84e4966f6264408e8257cedc0176f552 3600c6e50e57465ab02925fa40e59745 - - default default] TaaS: Handle Delete Port: b8ba59fa-191d-47d1-9e90-c7270d563ce3
2026-07-10 22:45:06.541 8 INFO neutron_taas.services.taas.tap_mirror_plugin [None req-ba4cbc0b-57af-4124-ac17-7d40ee9f1356 84e4966f6264408e8257cedc0176f552 3600c6e50e57465ab02925fa40e59745 - - default default] Tap Mirror: Handle Delete Port: b8ba59fa-191d-47d1-9e90-c7270d563ce3 [pid: 8|app: 0|req: 1267/2412] 10.0.0.117 () {32 vars in 720 bytes} [Fri Jul 10 22:45:06 2026] DELETE /v2.0/ports/b8ba59fa-191d-47d1-9e90-c7270d563ce3 => generated 0 bytes in 217 msecs (HTTP/1.1 204) 3 headers in 131 bytes (1 switches on core 0)
2026-07-10 22:45:06.772 7 INFO neutron_taas.services.taas.taas_plugin [None req-591a11bb-11bc-4a60-bbbc-8c11f3275638 84e4966f6264408e8257cedc0176f552 3600c6e50e57465ab02925fa40e59745 - - default default] TaaS: Handle Delete Port: b0a0d988-0696-4198-bc34-b4740be2aced
2026-07-10 22:45:06.776 7 INFO neutron_taas.services.taas.tap_mirror_plugin [None req-591a11bb-11bc-4a60-bbbc-8c11f3275638 84e4966f6264408e8257cedc0176f552 3600c6e50e57465ab02925fa40e59745 - - default default] Tap Mirror: Handle Delete Port: b0a0d988-0696-4198-bc34-b4740be2aced [pid: 7|app: 0|req: 1146/2415] 10.0.0.117 () {32 vars in 720 bytes} [Fri Jul 10 22:45:06 2026] DELETE /v2.0/ports/b0a0d988-0696-4198-bc34-b4740be2aced => generated 0 bytes in 258 msecs (HTTP/1.1 204) 3 headers in 131 bytes (1 switches on core 0)
2026-07-10 22:45:07.034 8 INFO neutron_taas.services.taas.taas_plugin [None req-b1769bb2-fb2e-449a-9ceb-32f8a9f3c05b 84e4966f6264408e8257cedc0176f552 3600c6e50e57465ab02925fa40e59745 - - default default] TaaS: Handle Delete Port: a240a11e-3dec-44cd-a4ee-67bbb64fe6fa
2026-07-10 22:45:07.036 8 INFO neutron_taas.services.taas.tap_mirror_plugin [None req-b1769bb2-fb2e-449a-9ceb-32f8a9f3c05b 84e4966f6264408e8257cedc0176f552 3600c6e50e57465ab02925fa40e59745 - - default default] Tap Mirror: Handle Delete Port: a240a11e-3dec-44cd-a4ee-67bbb64fe6fa [pid: 8|app: 0|req: 1270/2416] 10.0.0.117 () {32 vars in 720 bytes} [Fri Jul 10 22:45:06 2026] DELETE /v2.0/ports/a240a11e-3dec-44cd-a4ee-67bbb64fe6fa => generated 0 bytes in 237 msecs (HTTP/1.1 204) 3 headers in 131 bytes (1 switches on core 0)
2026-07-10 22:45:07.276 7 INFO neutron_taas.services.taas.taas_plugin [None req-9373453e-b0c7-49ac-8a86-27ba21d7742c 84e4966f6264408e8257cedc0176f552 3600c6e50e57465ab02925fa40e59745 - - default default] TaaS: Handle Delete Port: 6d7d023e-6a3a-4c69-b9da-5f14321d13b9
2026-07-10 22:45:07.278 7 INFO neutron_taas.services.taas.tap_mirror_plugin [None req-9373453e-b0c7-49ac-8a86-27ba21d7742c 84e4966f6264408e8257cedc0176f552 3600c6e50e57465ab02925fa40e59745 - - default default] Tap Mirror: Handle Delete Port: 6d7d023e-6a3a-4c69-b9da-5f14321d13b9 [pid: 7|app: 0|req: 1147/2417] 10.0.0.117 () {32 vars in 720 bytes} [Fri Jul 10 22:45:07 2026] DELETE /v2.0/ports/6d7d023e-6a3a-4c69-b9da-5f14321d13b9 => generated 0 bytes in 216 msecs (HTTP/1.1 204) 3 headers in 131 bytes (1 switches on core 0)
2026-07-10 22:45:07.500 8 INFO neutron_taas.services.taas.taas_plugin [None req-a34368a1-7342-4fc1-9bb5-5c4bf9cc3d0c 84e4966f6264408e8257cedc0176f552 3600c6e50e57465ab02925fa40e59745 - - default default] TaaS: Handle Delete Port: e742f7ff-706e-42fd-8399-7e7f5ad0eb97
2026-07-10 22:45:07.503 8 INFO neutron_taas.services.taas.tap_mirror_plugin [None req-a34368a1-7342-4fc1-9bb5-5c4bf9cc3d0c 84e4966f6264408e8257cedc0176f552 3600c6e50e57465ab02925fa40e59745 - - default default] Tap Mirror: Handle Delete Port: e742f7ff-706e-42fd-8399-7e7f5ad0eb97 [pid: 8|app: 0|req: 1271/2418] 10.0.0.117 () {32 vars in 720 bytes} [Fri Jul 10 22:45:07 2026] DELETE /v2.0/ports/e742f7ff-706e-42fd-8399-7e7f5ad0eb97 => generated 0 bytes in 223 msecs (HTTP/1.1 204) 3 headers in 131 bytes (1 switches on core 0)
2026-07-10 22:45:07.725 7 INFO neutron_taas.services.taas.taas_plugin [None req-7ec0ca51-294c-4cc9-a1d2-aea534b14054 84e4966f6264408e8257cedc0176f552 3600c6e50e57465ab02925fa40e59745 - - default default] TaaS: Handle Delete Port: 7796c757-e9a9-4587-a5c8-129627756539
2026-07-10 22:45:07.728 7 INFO neutron_taas.services.taas.tap_mirror_plugin [None req-7ec0ca51-294c-4cc9-a1d2-aea534b14054 84e4966f6264408e8257cedc0176f552 3600c6e50e57465ab02925fa40e59745 - - default default] Tap Mirror: Handle Delete Port: 7796c757-e9a9-4587-a5c8-129627756539
2026-07-10 22:45:07.914 7 INFO neutron.services.segments.plugin [-] Segment c8de135a-8cbe-4fed-8653-6f63fd0107e6 resource provider aggregate not found
2026-07-10 22:45:07.924 7 INFO neutron.services.segments.plugin [-] Segment c8de135a-8cbe-4fed-8653-6f63fd0107e6 resource provider aggregate not found
2026-07-10 22:45:07.933 7 INFO neutron.services.segments.plugin [-] Client error retrieving segment c8de135a-8cbe-4fed-8653-6f63fd0107e6 resource provider; error: Placement Client Error (4xx): {"errors": [{"status": 404, "title": "Not Found", "detail": "The resource could not be found.\n\n No resource provider with uuid c8de135a-8cbe-4fed-8653-6f63fd0107e6 found for delete ", "request_id": "req-2ffc448c-f043-4545-ac99-2d25320f9641"}]}
2026-07-10 22:45:07.960 7 INFO neutron.services.segments.plugin [-] Client error retrieving segment c8de135a-8cbe-4fed-8653-6f63fd0107e6 resource provider; error: Placement Client Error (4xx): {"errors": [{"status": 404, "title": "Not Found", "detail": "The resource could not be found.\n\n No resource provider with uuid c8de135a-8cbe-4fed-8653-6f63fd0107e6 found for delete ", "request_id": "req-b843bbfb-8f4e-48d9-85e3-a55fda07f3a9"}]} [pid: 7|app: 0|req: 1148/2419] 10.0.0.117 () {32 vars in 726 bytes} [Fri Jul 10 22:45:07 2026] DELETE /v2.0/networks/8eff5498-9710-4417-b4a3-8b234e3eabee => generated 0 bytes in 360 msecs (HTTP/1.1 204) 3 headers in 131 bytes (1 switches on core 0)
