Jun 17 17:12:12.872223 np0000181247 devstack@n-api-meta.service[112872]: DEBUG nova.api.openstack.wsgi_app [None req-87ec0167-205b-42f3-9c55-b7e755a850f1 None None] oslo_messaging_rabbit.amqp_auto_delete = False {{(pid=112872) log_opt_values /opt/stack/data/venv/lib/python3.12/site-packages/oslo_config/cfg.py:3253}}
Jun 17 17:12:12.872369 np0000181247 devstack@n-api-meta.service[112872]: DEBUG nova.api.openstack.wsgi_app [None req-87ec0167-205b-42f3-9c55-b7e755a850f1 None None] oslo_messaging_rabbit.amqp_durable_queues = False {{(pid=112872) log_opt_values /opt/stack/data/venv/lib/python3.12/site-packages/oslo_config/cfg.py:3253}}
Jun 17 17:12:12.872533 np0000181247 devstack@n-api-meta.service[112872]: DEBUG nova.api.openstack.wsgi_app [None req-87ec0167-205b-42f3-9c55-b7e755a850f1 None None] oslo_messaging_rabbit.conn_pool_min_size = 2 {{(pid=112872) log_opt_values /opt/stack/data/venv/lib/python3.12/site-packages/oslo_config/cfg.py:3253}}
Jun 17 17:12:12.872666 np0000181247 devstack@n-api-meta.service[112872]: DEBUG nova.api.openstack.wsgi_app [None req-87ec0167-205b-42f3-9c55-b7e755a850f1 None None] oslo_messaging_rabbit.conn_pool_ttl = 1200 {{(pid=112872) log_opt_values /opt/stack/data/venv/lib/python3.12/site-packages/oslo_config/cfg.py:3253}}
Jun 17 17:12:12.872796 np0000181247 devstack@n-api-meta.service[112872]: DEBUG nova.api.openstack.wsgi_app [None req-87ec0167-205b-42f3-9c55-b7e755a850f1 None None] oslo_messaging_rabbit.direct_mandatory_flag = True {{(pid=112872) log_opt_values /opt/stack/data/venv/lib/python3.12/site-packages/oslo_config/cfg.py:3253}}
Jun 17 17:12:12.872924 np0000181247 devstack@n-api-meta.service[112872]: DEBUG nova.api.openstack.wsgi_app [None req-87ec0167-205b-42f3-9c55-b7e755a850f1 None None] oslo_messaging_rabbit.enable_cancel_on_failover = False {{(pid=112872) log_opt_values /opt/stack/data/venv/lib/python3.12/site-packages/oslo_config/cfg.py:3253}}
Jun 17 17:12:12.873058 np0000181247 devstack@n-api-meta.service[112872]: DEBUG nova.api.openstack.wsgi_app [None req-87ec0167-205b-42f3-9c55-b7e755a850f1 None None] oslo_messaging_rabbit.heartbeat_rate = 3 {{(pid=112872) log_opt_values /opt/stack/data/venv/lib/python3.12/site-packages/oslo_config/cfg.py:3253}}
Jun 17 17:12:12.873246 np0000181247 devstack@n-api-meta.service[112872]: DEBUG nova.api.openstack.wsgi_app [None req-87ec0167-205b-42f3-9c55-b7e755a850f1 None None] oslo_messaging_rabbit.heartbeat_timeout_threshold = 60 {{(pid=112872) log_opt_values /opt/stack/data/venv/lib/python3.12/site-packages/oslo_config/cfg.py:3253}}
Jun 17 17:12:12.873452 np0000181247 devstack@n-api-meta.service[112872]: DEBUG nova.api.openstack.wsgi_app [None req-87ec0167-205b-42f3-9c55-b7e755a850f1 None None] oslo_messaging_rabbit.hostname = np0000181247 {{(pid=112872) log_opt_values /opt/stack/data/venv/lib/python3.12/site-packages/oslo_config/cfg.py:3253}}
Jun 17 17:12:12.873597 np0000181247 devstack@n-api-meta.service[112872]: DEBUG nova.api.openstack.wsgi_app [None req-87ec0167-205b-42f3-9c55-b7e755a850f1 None None] oslo_messaging_rabbit.kombu_compression = None {{(pid=112872) log_opt_values /opt/stack/data/venv/lib/python3.12/site-packages/oslo_config/cfg.py:3253}}
Jun 17 17:12:12.873736 np0000181247 devstack@n-api-meta.service[112872]: DEBUG nova.api.openstack.wsgi_app [None req-87ec0167-205b-42f3-9c55-b7e755a850f1 None None] oslo_messaging_rabbit.kombu_failover_strategy = round-robin {{(pid=112872) log_opt_values /opt/stack/data/venv/lib/python3.12/site-packages/oslo_config/cfg.py:3253}}
Jun 17 17:12:12.873869 np0000181247 devstack@n-api-meta.service[112872]: DEBUG nova.api.openstack.wsgi_app [None req-87ec0167-205b-42f3-9c55-b7e755a850f1 None None] oslo_messaging_rabbit.kombu_missing_consumer_retry_timeout = 60 {{(pid=112872) log_opt_values /opt/stack/data/venv/lib/python3.12/site-packages/oslo_config/cfg.py:3253}}
Jun 17 17:12:12.874032 np0000181247 devstack@n-api-meta.service[112872]: DEBUG nova.api.openstack.wsgi_app [None req-87ec0167-205b-42f3-9c55-b7e755a850f1 None None] oslo_messaging_rabbit.kombu_reconnect_delay = 1.0 {{(pid=112872) log_opt_values /opt/stack/data/venv/lib/python3.12/site-packages/oslo_config/cfg.py:3253}}
Jun 17 17:12:12.874201 np0000181247 devstack@n-api-meta.service[112872]: DEBUG nova.api.openstack.wsgi_app [None req-87ec0167-205b-42f3-9c55-b7e755a850f1 None None] oslo_messaging_rabbit.kombu_reconnect_splay = 0.0 {{(pid=112872) log_opt_values /opt/stack/data/venv/lib/python3.12/site-packages/oslo_config/cfg.py:3253}}
Jun 17 17:12:12.874374 np0000181247 devstack@n-api-meta.service[112872]: DEBUG nova.api.openstack.wsgi_app [None req-87ec0167-205b-42f3-9c55-b7e755a850f1 None None] oslo_messaging_rabbit.processname = uwsgi {{(pid=112872) log_opt_values /opt/stack/data/venv/lib/python3.12/site-packages/oslo_config/cfg.py:3253}}
Jun 17 17:12:12.874541 np0000181247 devstack@n-api-meta.service[112872]: DEBUG nova.api.openstack.wsgi_app [None req-87ec0167-205b-42f3-9c55-b7e755a850f1 None None] oslo_messaging_rabbit.rabbit_ha_queues = False {{(pid=112872) log_opt_values /opt/stack/data/venv/lib/python3.12/site-packages/oslo_config/cfg.py:3253}}
Jun 17 17:12:12.874687 np0000181247 devstack@n-api-meta.service[112872]: DEBUG nova.api.openstack.wsgi_app [None req-87ec0167-205b-42f3-9c55-b7e755a850f1 None None] oslo_messaging_rabbit.rabbit_interval_max = 30 {{(pid=112872) log_opt_values /opt/stack/data/venv/lib/python3.12/site-packages/oslo_config/cfg.py:3253}}
Jun 17 17:12:12.874829 np0000181247 devstack@n-api-meta.service[112872]: DEBUG nova.api.openstack.wsgi_app [None req-87ec0167-205b-42f3-9c55-b7e755a850f1 None None] oslo_messaging_rabbit.rabbit_login_method = AMQPLAIN {{(pid=112872) log_opt_values /opt/stack/data/venv/lib/python3.12/site-packages/oslo_config/cfg.py:3253}}
Jun 17 17:12:12.874959 np0000181247 devstack@n-api-meta.service[112872]: DEBUG nova.api.openstack.wsgi_app [None req-87ec0167-205b-42f3-9c55-b7e755a850f1 None None] oslo_messaging_rabbit.rabbit_qos_prefetch_count = 0 {{(pid=112872) log_opt_values /opt/stack/data/venv/lib/python3.12/site-packages/oslo_config/cfg.py:3253}}
Jun 17 17:12:12.875132 np0000181247 devstack@n-api-meta.service[112872]: DEBUG nova.api.openstack.wsgi_app [None req-87ec0167-205b-42f3-9c55-b7e755a850f1 None None] oslo_messaging_rabbit.rabbit_quorum_delivery_limit = 0 {{(pid=112872) log_opt_values /opt/stack/data/venv/lib/python3.12/site-packages/oslo_config/cfg.py:3253}}
Jun 17 17:12:12.875300 np0000181247 devstack@n-api-meta.service[112872]: DEBUG nova.api.openstack.wsgi_app [None req-87ec0167-205b-42f3-9c55-b7e755a850f1 None None] oslo_messaging_rabbit.rabbit_quorum_max_memory_bytes = 0 {{(pid=112872) log_opt_values /opt/stack/data/venv/lib/python3.12/site-packages/oslo_config/cfg.py:3253}}
Jun 17 17:12:12.875460 np0000181247 devstack@n-api-meta.service[112872]: DEBUG nova.api.openstack.wsgi_app [None req-87ec0167-205b-42f3-9c55-b7e755a850f1 None None] oslo_messaging_rabbit.rabbit_quorum_max_memory_length = 0 {{(pid=112872) log_opt_values /opt/stack/data/venv/lib/python3.12/site-packages/oslo_config/cfg.py:3253}}
Jun 17 17:12:12.875608 np0000181247 devstack@n-api-meta.service[112872]: DEBUG nova.api.openstack.wsgi_app [None req-87ec0167-205b-42f3-9c55-b7e755a850f1 None None] oslo_messaging_rabbit.rabbit_quorum_queue = False {{(pid=112872) log_opt_values /opt/stack/data/venv/lib/python3.12/site-packages/oslo_config/cfg.py:3253}}
Jun 17 17:12:12.875733 np0000181247 devstack@n-api-meta.service[112872]: DEBUG nova.api.openstack.wsgi_app [None req-87ec0167-205b-42f3-9c55-b7e755a850f1 None None] oslo_messaging_rabbit.rabbit_retry_backoff = 2 {{(pid=112872) log_opt_values /opt/stack/data/venv/lib/python3.12/site-packages/oslo_config/cfg.py:3253}}
Jun 17 17:12:12.875918 np0000181247 devstack@n-api-meta.service[112872]: DEBUG nova.api.openstack.wsgi_app [None req-87ec0167-205b-42f3-9c55-b7e755a850f1 None None] oslo_messaging_rabbit.rabbit_retry_interval = 1 {{(pid=112872) log_opt_values /opt/stack/data/venv/lib/python3.12/site-packages/oslo_config/cfg.py:3253}}
Jun 17 17:12:12.876102 np0000181247 devstack@n-api-meta.service[112872]: DEBUG nova.api.openstack.wsgi_app [None req-87ec0167-205b-42f3-9c55-b7e755a850f1 None None] oslo_messaging_rabbit.rabbit_stream_fanout = False {{(pid=112872) log_opt_values /opt/stack/data/venv/lib/python3.12/site-packages/oslo_config/cfg.py:3253}}
Jun 17 17:12:12.876263 np0000181247 devstack@n-api-meta.service[112872]: DEBUG nova.api.openstack.wsgi_app [None req-87ec0167-205b-42f3-9c55-b7e755a850f1 None None] oslo_messaging_rabbit.rabbit_transient_queues_ttl = 1800 {{(pid=112872) log_opt_values /opt/stack/data/venv/lib/python3.12/site-packages/oslo_config/cfg.py:3253}}
Jun 17 17:12:12.876408 np0000181247 devstack@n-api-meta.service[112872]: DEBUG nova.api.openstack.wsgi_app [None req-87ec0167-205b-42f3-9c55-b7e755a850f1 None None] oslo_messaging_rabbit.rabbit_transient_quorum_queue = False {{(pid=112872) log_opt_values /opt/stack/data/venv/lib/python3.12/site-packages/oslo_config/cfg.py:3253}}
Jun 17 17:12:12.876567 np0000181247 devstack@n-api-meta.service[112872]: DEBUG nova.api.openstack.wsgi_app [None req-87ec0167-205b-42f3-9c55-b7e755a850f1 None None] oslo_messaging_rabbit.rpc_conn_pool_size = 30 {{(pid=112872) log_opt_values /opt/stack/data/venv/lib/python3.12/site-packages/oslo_config/cfg.py:3253}}
Jun 17 17:12:12.876735 np0000181247 devstack@n-api-meta.service[112872]: DEBUG nova.api.openstack.wsgi_app [None req-87ec0167-205b-42f3-9c55-b7e755a850f1 None None] oslo_messaging_rabbit.ssl = False {{(pid=112872) log_opt_values /opt/stack/data/venv/lib/python3.12/site-packages/oslo_config/cfg.py:3253}}
Jun 17 17:12:12.876880 np0000181247 devstack@n-api-meta.service[112872]: DEBUG nova.api.openstack.wsgi_app [None req-87ec0167-205b-42f3-9c55-b7e755a850f1 None None] oslo_messaging_rabbit.ssl_ca_file = {{(pid=112872) log_opt_values /opt/stack/data/venv/lib/python3.12/site-packages/oslo_config/cfg.py:3253}}
Jun 17 17:12:12.877010 np0000181247 devstack@n-api-meta.service[112872]: DEBUG nova.api.openstack.wsgi_app [None req-87ec0167-205b-42f3-9c55-b7e755a850f1 None None] oslo_messaging_rabbit.ssl_cert_file = {{(pid=112872) log_opt_values /opt/stack/data/venv/lib/python3.12/site-packages/oslo_config/cfg.py:3253}}
Jun 17 17:12:12.877153 np0000181247 devstack@n-api-meta.service[112872]: DEBUG nova.api.openstack.wsgi_app [None req-87ec0167-205b-42f3-9c55-b7e755a850f1 None None] oslo_messaging_rabbit.ssl_enforce_fips_mode = False {{(pid=112872) log_opt_values /opt/stack/data/venv/lib/python3.12/site-packages/oslo_config/cfg.py:3253}}
Jun 17 17:12:12.877285 np0000181247 devstack@n-api-meta.service[112872]: DEBUG nova.api.openstack.wsgi_app [None req-87ec0167-205b-42f3-9c55-b7e755a850f1 None None] oslo_messaging_rabbit.ssl_enforce_hostname_verification = True {{(pid=112872) log_opt_values /opt/stack/data/venv/lib/python3.12/site-packages/oslo_config/cfg.py:3253}}
Jun 17 17:12:12.877417 np0000181247 devstack@n-api-meta.service[112872]: DEBUG nova.api.openstack.wsgi_app [None req-87ec0167-205b-42f3-9c55-b7e755a850f1 None None] oslo_messaging_rabbit.ssl_key_file = {{(pid=112872) log_opt_values /opt/stack/data/venv/lib/python3.12/site-packages/oslo_config/cfg.py:3253}}
Jun 17 17:12:12.877549 np0000181247 devstack@n-api-meta.service[112872]: DEBUG nova.api.openstack.wsgi_app [None req-87ec0167-205b-42f3-9c55-b7e755a850f1 None None] oslo_messaging_rabbit.ssl_version = {{(pid=112872) log_opt_values /opt/stack/data/venv/lib/python3.12/site-packages/oslo_config/cfg.py:3253}}
Jun 17 17:12:12.877693 np0000181247 devstack@n-api-meta.service[112872]: DEBUG nova.api.openstack.wsgi_app [None req-87ec0167-205b-42f3-9c55-b7e755a850f1 None None] oslo_messaging_rabbit.use_queue_manager = False {{(pid=112872) log_opt_values /opt/stack/data/venv/lib/python3.12/site-packages/oslo_config/cfg.py:3253}}
Jun 17 17:12:12.877843 np0000181247 devstack@n-api-meta.service[112872]: DEBUG nova.api.openstack.wsgi_app [None req-87ec0167-205b-42f3-9c55-b7e755a850f1 None None] oslo_messaging_notifications.driver = ['messagingv2'] {{(pid=112872) log_opt_values /opt/stack/data/venv/lib/python3.12/site-packages/oslo_config/cfg.py:3253}}
Jun 17 17:12:12.877972 np0000181247 devstack@n-api-meta.service[112872]: DEBUG nova.api.openstack.wsgi_app [None req-87ec0167-205b-42f3-9c55-b7e755a850f1 None None] oslo_messaging_notifications.retry = -1 {{(pid=112872) log_opt_values /opt/stack/data/venv/lib/python3.12/site-packages/oslo_config/cfg.py:3253}}
Jun 17 17:12:12.878135 np0000181247 devstack@n-api-meta.service[112872]: DEBUG nova.api.openstack.wsgi_app [None req-87ec0167-205b-42f3-9c55-b7e755a850f1 None None] oslo_messaging_notifications.topics = ['notifications'] {{(pid=112872) log_opt_values /opt/stack/data/venv/lib/python3.12/site-packages/oslo_config/cfg.py:3253}}
Jun 17 17:12:12.878269 np0000181247 devstack@n-api-meta.service[112872]: DEBUG nova.api.openstack.wsgi_app [None req-87ec0167-205b-42f3-9c55-b7e755a850f1 None None] oslo_messaging_notifications.transport_url = **** {{(pid=112872) log_opt_values /opt/stack/data/venv/lib/python3.12/site-packages/oslo_config/cfg.py:3253}}
Jun 17 17:12:12.878400 np0000181247 devstack@n-api-meta.service[112872]: DEBUG nova.api.openstack.wsgi_app [None req-87ec0167-205b-42f3-9c55-b7e755a850f1 None None] oslo_reports.file_event_handler = None {{(pid=112872) log_opt_values /opt/stack/data/venv/lib/python3.12/site-packages/oslo_config/cfg.py:3253}}
Jun 17 17:12:12.878625 np0000181247 devstack@n-api-meta.service[112872]: DEBUG nova.api.openstack.wsgi_app [None req-87ec0167-205b-42f3-9c55-b7e755a850f1 None None] oslo_reports.file_event_handler_interval = 1 {{(pid=112872) log_opt_values /opt/stack/data/venv/lib/python3.12/site-packages/oslo_config/cfg.py:3253}}
Jun 17 17:12:12.878798 np0000181247 devstack@n-api-meta.service[112872]: DEBUG nova.api.openstack.wsgi_app [None req-87ec0167-205b-42f3-9c55-b7e755a850f1 None None] oslo_reports.log_dir = None {{(pid=112872) log_opt_values /opt/stack/data/venv/lib/python3.12/site-packages/oslo_config/cfg.py:3253}}
Jun 17 17:12:12.878923 np0000181247 devstack@n-api-meta.service[112872]: DEBUG nova.api.openstack.wsgi_app [None req-87ec0167-205b-42f3-9c55-b7e755a850f1 None None] ******************************************************************************** {{(pid=112872) log_opt_values /opt/stack/data/venv/lib/python3.12/site-packages/oslo_config/cfg.py:3260}}
Jun 17 17:12:12.879047 np0000181247 devstack@n-api-meta.service[112872]: WSGI app 0 (mountpoint='') ready in 5 seconds on interpreter 0x70c8ddea3668 pid: 112872 (default app)
Jun 17 17:12:22.328431 np0000181247 devstack@n-api-meta.service[112875]: DEBUG dbcounter [-] [112875] Writing DB stats nova_api:SELECT=1 {{(pid=112875) stat_writer /opt/stack/data/venv/lib/python3.12/site-packages/dbcounter.py:115}}
Jun 17 17:12:22.386899 np0000181247 devstack@n-api-meta.service[112873]: DEBUG dbcounter [-] [112873] Writing DB stats nova_api:SELECT=1 {{(pid=112873) stat_writer /opt/stack/data/venv/lib/python3.12/site-packages/dbcounter.py:115}}
Jun 17 17:12:22.458857 np0000181247 devstack@n-api-meta.service[112874]: DEBUG dbcounter [-] [112874] Writing DB stats nova_api:SELECT=1 {{(pid=112874) stat_writer /opt/stack/data/venv/lib/python3.12/site-packages/dbcounter.py:115}}
Jun 17 17:12:22.468239 np0000181247 devstack@n-api-meta.service[112872]: DEBUG dbcounter [-] [112872] Writing DB stats nova_api:SELECT=1 {{(pid=112872) stat_writer /opt/stack/data/venv/lib/python3.12/site-packages/dbcounter.py:115}}
Jun 17 17:12:22.511574 np0000181247 devstack@n-api-meta.service[112875]: DEBUG dbcounter [-] [112875] Writing DB stats nova_cell1:SELECT=1 {{(pid=112875) stat_writer /opt/stack/data/venv/lib/python3.12/site-packages/dbcounter.py:115}}
Jun 17 17:12:22.520774 np0000181247 devstack@n-api-meta.service[112875]: DEBUG dbcounter [-] [112875] Writing DB stats nova_cell0:SELECT=1 {{(pid=112875) stat_writer /opt/stack/data/venv/lib/python3.12/site-packages/dbcounter.py:115}}
Jun 17 17:12:22.578118 np0000181247 devstack@n-api-meta.service[112873]: DEBUG dbcounter [-] [112873] Writing DB stats nova_cell0:SELECT=1 {{(pid=112873) stat_writer /opt/stack/data/venv/lib/python3.12/site-packages/dbcounter.py:115}}
Jun 17 17:12:22.587193 np0000181247 devstack@n-api-meta.service[112873]: DEBUG dbcounter [-] [112873] Writing DB stats nova_cell1:SELECT=1 {{(pid=112873) stat_writer /opt/stack/data/venv/lib/python3.12/site-packages/dbcounter.py:115}}
Jun 17 17:12:22.592412 np0000181247 devstack@n-api-meta.service[112875]: DEBUG dbcounter [-] [112875] Writing DB stats nova_cell0:SELECT=2,nova_cell0:INSERT=1 {{(pid=112875) stat_writer /opt/stack/data/venv/lib/python3.12/site-packages/dbcounter.py:115}}
Jun 17 17:12:22.639595 np0000181247 devstack@n-api-meta.service[112874]: DEBUG dbcounter [-] [112874] Writing DB stats nova_cell0:SELECT=1 {{(pid=112874) stat_writer /opt/stack/data/venv/lib/python3.12/site-packages/dbcounter.py:115}}
Jun 17 17:12:22.643222 np0000181247 devstack@n-api-meta.service[112874]: DEBUG dbcounter [-] [112874] Writing DB stats nova_cell1:SELECT=1 {{(pid=112874) stat_writer /opt/stack/data/venv/lib/python3.12/site-packages/dbcounter.py:115}}
Jun 17 17:12:22.646267 np0000181247 devstack@n-api-meta.service[112873]: DEBUG dbcounter [-] [112873] Writing DB stats nova_cell0:SELECT=1 {{(pid=112873) stat_writer /opt/stack/data/venv/lib/python3.12/site-packages/dbcounter.py:115}}
Jun 17 17:12:22.647500 np0000181247 devstack@n-api-meta.service[112872]: DEBUG dbcounter [-] [112872] Writing DB stats nova_cell1:SELECT=1 {{(pid=112872) stat_writer /opt/stack/data/venv/lib/python3.12/site-packages/dbcounter.py:115}}
Jun 17 17:12:22.657988 np0000181247 devstack@n-api-meta.service[112872]: DEBUG dbcounter [-] [112872] Writing DB stats nova_cell0:SELECT=1 {{(pid=112872) stat_writer /opt/stack/data/venv/lib/python3.12/site-packages/dbcounter.py:115}}
Jun 17 17:12:22.712376 np0000181247 devstack@n-api-meta.service[112874]: DEBUG dbcounter [-] [112874] Writing DB stats nova_cell0:SELECT=1 {{(pid=112874) stat_writer /opt/stack/data/venv/lib/python3.12/site-packages/dbcounter.py:115}}
Jun 17 17:12:22.720780 np0000181247 devstack@n-api-meta.service[112872]: DEBUG dbcounter [-] [112872] Writing DB stats nova_cell0:SELECT=1 {{(pid=112872) stat_writer /opt/stack/data/venv/lib/python3.12/site-packages/dbcounter.py:115}}
Jun 17 17:20:54.646019 np0000181247 devstack@n-api-meta.service[112873]: DEBUG nova.api.metadata.handler [None req-4f3432da-e30d-4b0a-acc8-e22762db88b8 None None] Metadata request headers: {'Host': '199.19.213.52:8775', 'User-Agent': 'python-requests/2.34.2', 'Accept-Encoding': 'gzip, deflate', 'Accept': '*/*', 'Connection': 'keep-alive', 'X-Forwarded-For': '192.168.24.62', 'X-Instance-Id': '727d9f82-2287-41e4-acaa-9b34803eca2d', 'X-Tenant-Id': '6ebb616b3fc04841bc36086231346040', 'X-Instance-Id-Signature': '0b261850e3faccd9432630aed633e14aad8bebbd04e9f54b25e2ca5a0bde552b'} {{(pid=112873) __call__ /opt/stack/nova/nova/api/metadata/handler.py:109}}
Jun 17 17:20:54.659833 np0000181247 devstack@n-api-meta.service[112873]: DEBUG oslo_concurrency.lockutils [None req-b47bec77-d948-4877-bdca-7314e2b369d4 None None] Acquiring lock "d4e39ff6-84c7-4bdc-a199-76798a20039f" by "nova.context.set_target_cell..get_or_set_cached_cell_and_set_connections" {{(pid=112873) inner /opt/stack/data/venv/lib/python3.12/site-packages/oslo_concurrency/lockutils.py:511}}
Jun 17 17:20:54.659978 np0000181247 devstack@n-api-meta.service[112873]: DEBUG oslo_concurrency.lockutils [None req-b47bec77-d948-4877-bdca-7314e2b369d4 None None] Lock "d4e39ff6-84c7-4bdc-a199-76798a20039f" acquired by "nova.context.set_target_cell..get_or_set_cached_cell_and_set_connections" :: waited 0.000s {{(pid=112873) inner /opt/stack/data/venv/lib/python3.12/site-packages/oslo_concurrency/lockutils.py:524}}
Jun 17 17:20:54.660053 np0000181247 devstack@n-api-meta.service[112873]: DEBUG oslo_concurrency.lockutils [None req-b47bec77-d948-4877-bdca-7314e2b369d4 None None] Lock "d4e39ff6-84c7-4bdc-a199-76798a20039f" "released" by "nova.context.set_target_cell..get_or_set_cached_cell_and_set_connections" :: held 0.000s {{(pid=112873) inner /opt/stack/data/venv/lib/python3.12/site-packages/oslo_concurrency/lockutils.py:543}}
Jun 17 17:20:54.720243 np0000181247 devstack@n-api-meta.service[112873]: WARNING neutronclient.v2_0.client [None req-b47bec77-d948-4877-bdca-7314e2b369d4 None None] The python binding code in neutronclient is deprecated in favor of OpenstackSDK, please use that as this will be removed in a future release.
Jun 17 17:20:55.155513 np0000181247 devstack@n-api-meta.service[112873]: [pid: 112873|app: 0|req: 1/1] 199.19.213.52 () {40 vars in 640 bytes} [Wed Jun 17 17:20:54 2026] GET /openstack => generated 116 bytes in 511 msecs (HTTP/1.1 200) 3 headers in 100 bytes (1 switches on core 0)
Jun 17 17:20:55.171689 np0000181247 devstack@n-api-meta.service[112875]: DEBUG nova.api.metadata.handler [None req-f2169cd6-d14b-4608-b176-d38df5657d19 None None] Metadata request headers: {'Host': '199.19.213.52:8775', 'User-Agent': 'python-requests/2.34.2', 'Accept-Encoding': 'gzip, deflate', 'Accept': '*/*', 'Connection': 'keep-alive', 'X-Forwarded-For': '192.168.24.62', 'X-Instance-Id': '727d9f82-2287-41e4-acaa-9b34803eca2d', 'X-Tenant-Id': '6ebb616b3fc04841bc36086231346040', 'X-Instance-Id-Signature': '0b261850e3faccd9432630aed633e14aad8bebbd04e9f54b25e2ca5a0bde552b'} {{(pid=112875) __call__ /opt/stack/nova/nova/api/metadata/handler.py:109}}
Jun 17 17:20:55.176816 np0000181247 devstack@n-api-meta.service[112875]: DEBUG nova.api.metadata.handler [None req-f2169cd6-d14b-4608-b176-d38df5657d19 None None] Using cached metadata for instance 727d9f82-2287-41e4-acaa-9b34803eca2d {{(pid=112875) get_metadata_by_instance_id /opt/stack/nova/nova/api/metadata/handler.py:84}}
Jun 17 17:20:55.177318 np0000181247 devstack@n-api-meta.service[112875]: [pid: 112875|app: 0|req: 1/2] 199.19.213.52 () {40 vars in 640 bytes} [Wed Jun 17 17:20:55 2026] GET /openstack => generated 116 bytes in 8 msecs (HTTP/1.1 200) 3 headers in 100 bytes (1 switches on core 0)
Jun 17 17:20:55.189273 np0000181247 devstack@n-api-meta.service[112874]: DEBUG nova.api.metadata.handler [None req-5802af9f-b4a2-4d20-bace-4d189e05a51f None None] Metadata request headers: {'Host': '199.19.213.52:8775', 'User-Agent': 'python-requests/2.34.2', 'Accept-Encoding': 'gzip, deflate', 'Accept': '*/*', 'Connection': 'keep-alive', 'X-Forwarded-For': '192.168.24.62', 'X-Instance-Id': '727d9f82-2287-41e4-acaa-9b34803eca2d', 'X-Tenant-Id': '6ebb616b3fc04841bc36086231346040', 'X-Instance-Id-Signature': '0b261850e3faccd9432630aed633e14aad8bebbd04e9f54b25e2ca5a0bde552b'} {{(pid=112874) __call__ /opt/stack/nova/nova/api/metadata/handler.py:109}}
Jun 17 17:20:55.192019 np0000181247 devstack@n-api-meta.service[112874]: DEBUG nova.api.metadata.handler [None req-5802af9f-b4a2-4d20-bace-4d189e05a51f None None] Using cached metadata for instance 727d9f82-2287-41e4-acaa-9b34803eca2d {{(pid=112874) get_metadata_by_instance_id /opt/stack/nova/nova/api/metadata/handler.py:84}}
Jun 17 17:20:55.192960 np0000181247 devstack@n-api-meta.service[112874]: [pid: 112874|app: 0|req: 1/3] 199.19.213.52 () {40 vars in 692 bytes} [Wed Jun 17 17:20:55 2026] GET /openstack/2018-08-27/meta_data.json => generated 946 bytes in 6 msecs (HTTP/1.1 200) 3 headers in 91 bytes (1 switches on core 0)
Jun 17 17:20:55.204405 np0000181247 devstack@n-api-meta.service[112872]: DEBUG nova.api.metadata.handler [None req-87ec0167-205b-42f3-9c55-b7e755a850f1 None None] Metadata request headers: {'Host': '199.19.213.52:8775', 'User-Agent': 'python-requests/2.34.2', 'Accept-Encoding': 'gzip, deflate', 'Accept': '*/*', 'Connection': 'keep-alive', 'X-Forwarded-For': '192.168.24.62', 'X-Instance-Id': '727d9f82-2287-41e4-acaa-9b34803eca2d', 'X-Tenant-Id': '6ebb616b3fc04841bc36086231346040', 'X-Instance-Id-Signature': '0b261850e3faccd9432630aed633e14aad8bebbd04e9f54b25e2ca5a0bde552b'} {{(pid=112872) __call__ /opt/stack/nova/nova/api/metadata/handler.py:109}}
Jun 17 17:20:55.208472 np0000181247 devstack@n-api-meta.service[112872]: DEBUG nova.api.metadata.handler [None req-87ec0167-205b-42f3-9c55-b7e755a850f1 None None] Using cached metadata for instance 727d9f82-2287-41e4-acaa-9b34803eca2d {{(pid=112872) get_metadata_by_instance_id /opt/stack/nova/nova/api/metadata/handler.py:84}}
Jun 17 17:20:55.208946 np0000181247 devstack@n-api-meta.service[112872]: [pid: 112872|app: 0|req: 1/4] 199.19.213.52 () {40 vars in 682 bytes} [Wed Jun 17 17:20:55 2026] GET /openstack/2018-08-27/user_data => generated 26369 bytes in 7 msecs (HTTP/1.1 200) 3 headers in 102 bytes (1 switches on core 0)
Jun 17 17:20:55.218862 np0000181247 devstack@n-api-meta.service[112873]: DEBUG nova.api.metadata.handler [None req-b47bec77-d948-4877-bdca-7314e2b369d4 None None] Metadata request headers: {'Host': '199.19.213.52:8775', 'User-Agent': 'python-requests/2.34.2', 'Accept-Encoding': 'gzip, deflate', 'Accept': '*/*', 'Connection': 'keep-alive', 'X-Forwarded-For': '192.168.24.62', 'X-Instance-Id': '727d9f82-2287-41e4-acaa-9b34803eca2d', 'X-Tenant-Id': '6ebb616b3fc04841bc36086231346040', 'X-Instance-Id-Signature': '0b261850e3faccd9432630aed633e14aad8bebbd04e9f54b25e2ca5a0bde552b'} {{(pid=112873) __call__ /opt/stack/nova/nova/api/metadata/handler.py:109}}
Jun 17 17:20:55.222090 np0000181247 devstack@n-api-meta.service[112873]: DEBUG nova.api.metadata.handler [None req-b47bec77-d948-4877-bdca-7314e2b369d4 None None] Using cached metadata for instance 727d9f82-2287-41e4-acaa-9b34803eca2d {{(pid=112873) get_metadata_by_instance_id /opt/stack/nova/nova/api/metadata/handler.py:84}}
Jun 17 17:20:55.223088 np0000181247 devstack@n-api-meta.service[112873]: [pid: 112873|app: 0|req: 2/5] 199.19.213.52 () {40 vars in 696 bytes} [Wed Jun 17 17:20:55 2026] GET /openstack/2018-08-27/vendor_data.json => generated 2 bytes in 5 msecs (HTTP/1.1 200) 3 headers in 89 bytes (1 switches on core 0)
Jun 17 17:20:55.231107 np0000181247 devstack@n-api-meta.service[112875]: DEBUG nova.api.metadata.handler [None req-f2169cd6-d14b-4608-b176-d38df5657d19 None None] Metadata request headers: {'Host': '199.19.213.52:8775', 'User-Agent': 'python-requests/2.34.2', 'Accept-Encoding': 'gzip, deflate', 'Accept': '*/*', 'Connection': 'keep-alive', 'X-Forwarded-For': '192.168.24.62', 'X-Instance-Id': '727d9f82-2287-41e4-acaa-9b34803eca2d', 'X-Tenant-Id': '6ebb616b3fc04841bc36086231346040', 'X-Instance-Id-Signature': '0b261850e3faccd9432630aed633e14aad8bebbd04e9f54b25e2ca5a0bde552b'} {{(pid=112875) __call__ /opt/stack/nova/nova/api/metadata/handler.py:109}}
Jun 17 17:20:55.234094 np0000181247 devstack@n-api-meta.service[112875]: DEBUG nova.api.metadata.handler [None req-f2169cd6-d14b-4608-b176-d38df5657d19 None None] Using cached metadata for instance 727d9f82-2287-41e4-acaa-9b34803eca2d {{(pid=112875) get_metadata_by_instance_id /opt/stack/nova/nova/api/metadata/handler.py:84}}
Jun 17 17:20:55.234996 np0000181247 devstack@n-api-meta.service[112875]: [pid: 112875|app: 0|req: 2/6] 199.19.213.52 () {40 vars in 698 bytes} [Wed Jun 17 17:20:55 2026] GET /openstack/2018-08-27/vendor_data2.json => generated 14 bytes in 5 msecs (HTTP/1.1 200) 3 headers in 90 bytes (1 switches on core 0)
Jun 17 17:20:55.243239 np0000181247 devstack@n-api-meta.service[112874]: DEBUG nova.api.metadata.handler [None req-5802af9f-b4a2-4d20-bace-4d189e05a51f None None] Metadata request headers: {'Host': '199.19.213.52:8775', 'User-Agent': 'python-requests/2.34.2', 'Accept-Encoding': 'gzip, deflate', 'Accept': '*/*', 'Connection': 'keep-alive', 'X-Forwarded-For': '192.168.24.62', 'X-Instance-Id': '727d9f82-2287-41e4-acaa-9b34803eca2d', 'X-Tenant-Id': '6ebb616b3fc04841bc36086231346040', 'X-Instance-Id-Signature': '0b261850e3faccd9432630aed633e14aad8bebbd04e9f54b25e2ca5a0bde552b'} {{(pid=112874) __call__ /opt/stack/nova/nova/api/metadata/handler.py:109}}
Jun 17 17:20:55.246008 np0000181247 devstack@n-api-meta.service[112874]: DEBUG nova.api.metadata.handler [None req-5802af9f-b4a2-4d20-bace-4d189e05a51f None None] Using cached metadata for instance 727d9f82-2287-41e4-acaa-9b34803eca2d {{(pid=112874) get_metadata_by_instance_id /opt/stack/nova/nova/api/metadata/handler.py:84}}
Jun 17 17:20:55.246682 np0000181247 devstack@n-api-meta.service[112874]: [pid: 112874|app: 0|req: 2/7] 199.19.213.52 () {40 vars in 698 bytes} [Wed Jun 17 17:20:55 2026] GET /openstack/2018-08-27/network_data.json => generated 348 bytes in 4 msecs (HTTP/1.1 200) 3 headers in 100 bytes (1 switches on core 0)
Jun 17 17:20:55.254914 np0000181247 devstack@n-api-meta.service[112872]: DEBUG nova.api.metadata.handler [None req-87ec0167-205b-42f3-9c55-b7e755a850f1 None None] Metadata request headers: {'Host': '199.19.213.52:8775', 'User-Agent': 'python-requests/2.34.2', 'Accept-Encoding': 'gzip, deflate', 'Accept': '*/*', 'Connection': 'keep-alive', 'X-Forwarded-For': '192.168.24.62', 'X-Instance-Id': '727d9f82-2287-41e4-acaa-9b34803eca2d', 'X-Tenant-Id': '6ebb616b3fc04841bc36086231346040', 'X-Instance-Id-Signature': '0b261850e3faccd9432630aed633e14aad8bebbd04e9f54b25e2ca5a0bde552b'} {{(pid=112872) __call__ /opt/stack/nova/nova/api/metadata/handler.py:109}}
Jun 17 17:20:55.257823 np0000181247 devstack@n-api-meta.service[112872]: DEBUG nova.api.metadata.handler [None req-87ec0167-205b-42f3-9c55-b7e755a850f1 None None] Using cached metadata for instance 727d9f82-2287-41e4-acaa-9b34803eca2d {{(pid=112872) get_metadata_by_instance_id /opt/stack/nova/nova/api/metadata/handler.py:84}}
Jun 17 17:20:55.258899 np0000181247 devstack@n-api-meta.service[112872]: [pid: 112872|app: 0|req: 2/8] 199.19.213.52 () {40 vars in 656 bytes} [Wed Jun 17 17:20:55 2026] GET /latest/meta-data/ => generated 210 bytes in 5 msecs (HTTP/1.1 200) 3 headers in 100 bytes (1 switches on core 0)
Jun 17 17:20:55.266411 np0000181247 devstack@n-api-meta.service[112873]: DEBUG nova.api.metadata.handler [None req-b47bec77-d948-4877-bdca-7314e2b369d4 None None] Metadata request headers: {'Host': '199.19.213.52:8775', 'User-Agent': 'python-requests/2.34.2', 'Accept-Encoding': 'gzip, deflate', 'Accept': '*/*', 'Connection': 'keep-alive', 'X-Forwarded-For': '192.168.24.62', 'X-Instance-Id': '727d9f82-2287-41e4-acaa-9b34803eca2d', 'X-Tenant-Id': '6ebb616b3fc04841bc36086231346040', 'X-Instance-Id-Signature': '0b261850e3faccd9432630aed633e14aad8bebbd04e9f54b25e2ca5a0bde552b'} {{(pid=112873) __call__ /opt/stack/nova/nova/api/metadata/handler.py:109}}
Jun 17 17:20:55.268812 np0000181247 devstack@n-api-meta.service[112873]: DEBUG nova.api.metadata.handler [None req-b47bec77-d948-4877-bdca-7314e2b369d4 None None] Using cached metadata for instance 727d9f82-2287-41e4-acaa-9b34803eca2d {{(pid=112873) get_metadata_by_instance_id /opt/stack/nova/nova/api/metadata/handler.py:84}}
Jun 17 17:20:55.269684 np0000181247 devstack@n-api-meta.service[112873]: [pid: 112873|app: 0|req: 3/9] 199.19.213.52 () {40 vars in 698 bytes} [Wed Jun 17 17:20:55 2026] GET /latest/meta-data/block-device-mapping/ => generated 8 bytes in 3 msecs (HTTP/1.1 200) 3 headers in 98 bytes (1 switches on core 0)
Jun 17 17:20:55.277673 np0000181247 devstack@n-api-meta.service[112875]: DEBUG nova.api.metadata.handler [None req-f2169cd6-d14b-4608-b176-d38df5657d19 None None] Metadata request headers: {'Host': '199.19.213.52:8775', 'User-Agent': 'python-requests/2.34.2', 'Accept-Encoding': 'gzip, deflate', 'Accept': '*/*', 'Connection': 'keep-alive', 'X-Forwarded-For': '192.168.24.62', 'X-Instance-Id': '727d9f82-2287-41e4-acaa-9b34803eca2d', 'X-Tenant-Id': '6ebb616b3fc04841bc36086231346040', 'X-Instance-Id-Signature': '0b261850e3faccd9432630aed633e14aad8bebbd04e9f54b25e2ca5a0bde552b'} {{(pid=112875) __call__ /opt/stack/nova/nova/api/metadata/handler.py:109}}
Jun 17 17:20:55.279773 np0000181247 devstack@n-api-meta.service[112875]: DEBUG nova.api.metadata.handler [None req-f2169cd6-d14b-4608-b176-d38df5657d19 None None] Using cached metadata for instance 727d9f82-2287-41e4-acaa-9b34803eca2d {{(pid=112875) get_metadata_by_instance_id /opt/stack/nova/nova/api/metadata/handler.py:84}}
Jun 17 17:20:55.280364 np0000181247 devstack@n-api-meta.service[112875]: [pid: 112875|app: 0|req: 3/10] 199.19.213.52 () {40 vars in 704 bytes} [Wed Jun 17 17:20:55 2026] GET /latest/meta-data/block-device-mapping/ami => generated 3 bytes in 3 msecs (HTTP/1.1 200) 3 headers in 98 bytes (1 switches on core 0)
Jun 17 17:20:55.286808 np0000181247 devstack@n-api-meta.service[112874]: DEBUG nova.api.metadata.handler [None req-5802af9f-b4a2-4d20-bace-4d189e05a51f None None] Metadata request headers: {'Host': '199.19.213.52:8775', 'User-Agent': 'python-requests/2.34.2', 'Accept-Encoding': 'gzip, deflate', 'Accept': '*/*', 'Connection': 'keep-alive', 'X-Forwarded-For': '192.168.24.62', 'X-Instance-Id': '727d9f82-2287-41e4-acaa-9b34803eca2d', 'X-Tenant-Id': '6ebb616b3fc04841bc36086231346040', 'X-Instance-Id-Signature': '0b261850e3faccd9432630aed633e14aad8bebbd04e9f54b25e2ca5a0bde552b'} {{(pid=112874) __call__ /opt/stack/nova/nova/api/metadata/handler.py:109}}
Jun 17 17:20:55.288925 np0000181247 devstack@n-api-meta.service[112874]: DEBUG nova.api.metadata.handler [None req-5802af9f-b4a2-4d20-bace-4d189e05a51f None None] Using cached metadata for instance 727d9f82-2287-41e4-acaa-9b34803eca2d {{(pid=112874) get_metadata_by_instance_id /opt/stack/nova/nova/api/metadata/handler.py:84}}
Jun 17 17:20:55.289562 np0000181247 devstack@n-api-meta.service[112874]: [pid: 112874|app: 0|req: 3/11] 199.19.213.52 () {40 vars in 705 bytes} [Wed Jun 17 17:20:55 2026] GET /latest/meta-data/block-device-mapping/root => generated 8 bytes in 3 msecs (HTTP/1.1 200) 3 headers in 98 bytes (1 switches on core 0)
Jun 17 17:20:55.298530 np0000181247 devstack@n-api-meta.service[112872]: DEBUG nova.api.metadata.handler [None req-87ec0167-205b-42f3-9c55-b7e755a850f1 None None] Metadata request headers: {'Host': '199.19.213.52:8775', 'User-Agent': 'python-requests/2.34.2', 'Accept-Encoding': 'gzip, deflate', 'Accept': '*/*', 'Connection': 'keep-alive', 'X-Forwarded-For': '192.168.24.62', 'X-Instance-Id': '727d9f82-2287-41e4-acaa-9b34803eca2d', 'X-Tenant-Id': '6ebb616b3fc04841bc36086231346040', 'X-Instance-Id-Signature': '0b261850e3faccd9432630aed633e14aad8bebbd04e9f54b25e2ca5a0bde552b'} {{(pid=112872) __call__ /opt/stack/nova/nova/api/metadata/handler.py:109}}
Jun 17 17:20:55.301329 np0000181247 devstack@n-api-meta.service[112872]: DEBUG nova.api.metadata.handler [None req-87ec0167-205b-42f3-9c55-b7e755a850f1 None None] Using cached metadata for instance 727d9f82-2287-41e4-acaa-9b34803eca2d {{(pid=112872) get_metadata_by_instance_id /opt/stack/nova/nova/api/metadata/handler.py:84}}
Jun 17 17:20:55.301958 np0000181247 devstack@n-api-meta.service[112872]: [pid: 112872|app: 0|req: 3/12] 199.19.213.52 () {40 vars in 675 bytes} [Wed Jun 17 17:20:55 2026] GET /latest/meta-data/placement/ => generated 17 bytes in 4 msecs (HTTP/1.1 200) 3 headers in 99 bytes (1 switches on core 0)
Jun 17 17:20:55.312169 np0000181247 devstack@n-api-meta.service[112873]: DEBUG nova.api.metadata.handler [None req-b47bec77-d948-4877-bdca-7314e2b369d4 None None] Metadata request headers: {'Host': '199.19.213.52:8775', 'User-Agent': 'python-requests/2.34.2', 'Accept-Encoding': 'gzip, deflate', 'Accept': '*/*', 'Connection': 'keep-alive', 'X-Forwarded-For': '192.168.24.62', 'X-Instance-Id': '727d9f82-2287-41e4-acaa-9b34803eca2d', 'X-Tenant-Id': '6ebb616b3fc04841bc36086231346040', 'X-Instance-Id-Signature': '0b261850e3faccd9432630aed633e14aad8bebbd04e9f54b25e2ca5a0bde552b'} {{(pid=112873) __call__ /opt/stack/nova/nova/api/metadata/handler.py:109}}
Jun 17 17:20:55.315139 np0000181247 devstack@n-api-meta.service[112873]: DEBUG nova.api.metadata.handler [None req-b47bec77-d948-4877-bdca-7314e2b369d4 None None] Using cached metadata for instance 727d9f82-2287-41e4-acaa-9b34803eca2d {{(pid=112873) get_metadata_by_instance_id /opt/stack/nova/nova/api/metadata/handler.py:84}}
Jun 17 17:20:55.315625 np0000181247 devstack@n-api-meta.service[112873]: [pid: 112873|app: 0|req: 4/13] 199.19.213.52 () {40 vars in 709 bytes} [Wed Jun 17 17:20:55 2026] GET /latest/meta-data/placement/availability-zone => generated 4 bytes in 4 msecs (HTTP/1.1 200) 3 headers in 98 bytes (1 switches on core 0)
Jun 17 17:20:55.324571 np0000181247 devstack@n-api-meta.service[112875]: DEBUG nova.api.metadata.handler [None req-f2169cd6-d14b-4608-b176-d38df5657d19 None None] Metadata request headers: {'Host': '199.19.213.52:8775', 'User-Agent': 'python-requests/2.34.2', 'Accept-Encoding': 'gzip, deflate', 'Accept': '*/*', 'Connection': 'keep-alive', 'X-Forwarded-For': '192.168.24.62', 'X-Instance-Id': '727d9f82-2287-41e4-acaa-9b34803eca2d', 'X-Tenant-Id': '6ebb616b3fc04841bc36086231346040', 'X-Instance-Id-Signature': '0b261850e3faccd9432630aed633e14aad8bebbd04e9f54b25e2ca5a0bde552b'} {{(pid=112875) __call__ /opt/stack/nova/nova/api/metadata/handler.py:109}}
Jun 17 17:20:55.327044 np0000181247 devstack@n-api-meta.service[112875]: DEBUG nova.api.metadata.handler [None req-f2169cd6-d14b-4608-b176-d38df5657d19 None None] Using cached metadata for instance 727d9f82-2287-41e4-acaa-9b34803eca2d {{(pid=112875) get_metadata_by_instance_id /opt/stack/nova/nova/api/metadata/handler.py:84}}
Jun 17 17:20:55.327624 np0000181247 devstack@n-api-meta.service[112875]: [pid: 112875|app: 0|req: 4/14] 199.19.213.52 () {40 vars in 668 bytes} [Wed Jun 17 17:20:55 2026] GET /latest/meta-data/ami-id => generated 12 bytes in 4 msecs (HTTP/1.1 200) 3 headers in 99 bytes (1 switches on core 0)
Jun 17 17:20:55.336943 np0000181247 devstack@n-api-meta.service[112874]: DEBUG nova.api.metadata.handler [None req-5802af9f-b4a2-4d20-bace-4d189e05a51f None None] Metadata request headers: {'Host': '199.19.213.52:8775', 'User-Agent': 'python-requests/2.34.2', 'Accept-Encoding': 'gzip, deflate', 'Accept': '*/*', 'Connection': 'keep-alive', 'X-Forwarded-For': '192.168.24.62', 'X-Instance-Id': '727d9f82-2287-41e4-acaa-9b34803eca2d', 'X-Tenant-Id': '6ebb616b3fc04841bc36086231346040', 'X-Instance-Id-Signature': '0b261850e3faccd9432630aed633e14aad8bebbd04e9f54b25e2ca5a0bde552b'} {{(pid=112874) __call__ /opt/stack/nova/nova/api/metadata/handler.py:109}}
Jun 17 17:20:55.339849 np0000181247 devstack@n-api-meta.service[112874]: DEBUG nova.api.metadata.handler [None req-5802af9f-b4a2-4d20-bace-4d189e05a51f None None] Using cached metadata for instance 727d9f82-2287-41e4-acaa-9b34803eca2d {{(pid=112874) get_metadata_by_instance_id /opt/stack/nova/nova/api/metadata/handler.py:84}}
Jun 17 17:20:55.340375 np0000181247 devstack@n-api-meta.service[112874]: [pid: 112874|app: 0|req: 4/15] 199.19.213.52 () {40 vars in 688 bytes} [Wed Jun 17 17:20:55 2026] GET /latest/meta-data/ami-launch-index => generated 1 bytes in 4 msecs (HTTP/1.1 200) 3 headers in 98 bytes (1 switches on core 0)
Jun 17 17:20:55.347176 np0000181247 devstack@n-api-meta.service[112872]: DEBUG nova.api.metadata.handler [None req-87ec0167-205b-42f3-9c55-b7e755a850f1 None None] Metadata request headers: {'Host': '199.19.213.52:8775', 'User-Agent': 'python-requests/2.34.2', 'Accept-Encoding': 'gzip, deflate', 'Accept': '*/*', 'Connection': 'keep-alive', 'X-Forwarded-For': '192.168.24.62', 'X-Instance-Id': '727d9f82-2287-41e4-acaa-9b34803eca2d', 'X-Tenant-Id': '6ebb616b3fc04841bc36086231346040', 'X-Instance-Id-Signature': '0b261850e3faccd9432630aed633e14aad8bebbd04e9f54b25e2ca5a0bde552b'} {{(pid=112872) __call__ /opt/stack/nova/nova/api/metadata/handler.py:109}}
Jun 17 17:20:55.350248 np0000181247 devstack@n-api-meta.service[112872]: DEBUG nova.api.metadata.handler [None req-87ec0167-205b-42f3-9c55-b7e755a850f1 None None] Using cached metadata for instance 727d9f82-2287-41e4-acaa-9b34803eca2d {{(pid=112872) get_metadata_by_instance_id /opt/stack/nova/nova/api/metadata/handler.py:84}}
Jun 17 17:20:55.351116 np0000181247 devstack@n-api-meta.service[112872]: [pid: 112872|app: 0|req: 4/16] 199.19.213.52 () {40 vars in 690 bytes} [Wed Jun 17 17:20:55 2026] GET /latest/meta-data/ami-manifest-path => generated 5 bytes in 4 msecs (HTTP/1.1 200) 3 headers in 98 bytes (1 switches on core 0)
Jun 17 17:20:55.358221 np0000181247 devstack@n-api-meta.service[112873]: DEBUG nova.api.metadata.handler [None req-b47bec77-d948-4877-bdca-7314e2b369d4 None None] Metadata request headers: {'Host': '199.19.213.52:8775', 'User-Agent': 'python-requests/2.34.2', 'Accept-Encoding': 'gzip, deflate', 'Accept': '*/*', 'Connection': 'keep-alive', 'X-Forwarded-For': '192.168.24.62', 'X-Instance-Id': '727d9f82-2287-41e4-acaa-9b34803eca2d', 'X-Tenant-Id': '6ebb616b3fc04841bc36086231346040', 'X-Instance-Id-Signature': '0b261850e3faccd9432630aed633e14aad8bebbd04e9f54b25e2ca5a0bde552b'} {{(pid=112873) __call__ /opt/stack/nova/nova/api/metadata/handler.py:109}}
Jun 17 17:20:55.360032 np0000181247 devstack@n-api-meta.service[112873]: DEBUG nova.api.metadata.handler [None req-b47bec77-d948-4877-bdca-7314e2b369d4 None None] Using cached metadata for instance 727d9f82-2287-41e4-acaa-9b34803eca2d {{(pid=112873) get_metadata_by_instance_id /opt/stack/nova/nova/api/metadata/handler.py:84}}
Jun 17 17:20:55.360569 np0000181247 devstack@n-api-meta.service[112873]: [pid: 112873|app: 0|req: 5/17] 199.19.213.52 () {40 vars in 672 bytes} [Wed Jun 17 17:20:55 2026] GET /latest/meta-data/hostname => generated 32 bytes in 3 msecs (HTTP/1.1 200) 3 headers in 99 bytes (1 switches on core 0)
Jun 17 17:20:55.369098 np0000181247 devstack@n-api-meta.service[112875]: DEBUG nova.api.metadata.handler [None req-f2169cd6-d14b-4608-b176-d38df5657d19 None None] Metadata request headers: {'Host': '199.19.213.52:8775', 'User-Agent': 'python-requests/2.34.2', 'Accept-Encoding': 'gzip, deflate', 'Accept': '*/*', 'Connection': 'keep-alive', 'X-Forwarded-For': '192.168.24.62', 'X-Instance-Id': '727d9f82-2287-41e4-acaa-9b34803eca2d', 'X-Tenant-Id': '6ebb616b3fc04841bc36086231346040', 'X-Instance-Id-Signature': '0b261850e3faccd9432630aed633e14aad8bebbd04e9f54b25e2ca5a0bde552b'} {{(pid=112875) __call__ /opt/stack/nova/nova/api/metadata/handler.py:109}}
Jun 17 17:20:55.371039 np0000181247 devstack@n-api-meta.service[112875]: DEBUG nova.api.metadata.handler [None req-f2169cd6-d14b-4608-b176-d38df5657d19 None None] Using cached metadata for instance 727d9f82-2287-41e4-acaa-9b34803eca2d {{(pid=112875) get_metadata_by_instance_id /opt/stack/nova/nova/api/metadata/handler.py:84}}
Jun 17 17:20:55.371570 np0000181247 devstack@n-api-meta.service[112875]: [pid: 112875|app: 0|req: 5/18] 199.19.213.52 () {40 vars in 686 bytes} [Wed Jun 17 17:20:55 2026] GET /latest/meta-data/instance-action => generated 4 bytes in 3 msecs (HTTP/1.1 200) 3 headers in 98 bytes (1 switches on core 0)
Jun 17 17:20:55.381802 np0000181247 devstack@n-api-meta.service[112874]: DEBUG nova.api.metadata.handler [None req-5802af9f-b4a2-4d20-bace-4d189e05a51f None None] Metadata request headers: {'Host': '199.19.213.52:8775', 'User-Agent': 'python-requests/2.34.2', 'Accept-Encoding': 'gzip, deflate', 'Accept': '*/*', 'Connection': 'keep-alive', 'X-Forwarded-For': '192.168.24.62', 'X-Instance-Id': '727d9f82-2287-41e4-acaa-9b34803eca2d', 'X-Tenant-Id': '6ebb616b3fc04841bc36086231346040', 'X-Instance-Id-Signature': '0b261850e3faccd9432630aed633e14aad8bebbd04e9f54b25e2ca5a0bde552b'} {{(pid=112874) __call__ /opt/stack/nova/nova/api/metadata/handler.py:109}}
Jun 17 17:20:55.384235 np0000181247 devstack@n-api-meta.service[112874]: DEBUG nova.api.metadata.handler [None req-5802af9f-b4a2-4d20-bace-4d189e05a51f None None] Using cached metadata for instance 727d9f82-2287-41e4-acaa-9b34803eca2d {{(pid=112874) get_metadata_by_instance_id /opt/stack/nova/nova/api/metadata/handler.py:84}}
Jun 17 17:20:55.384702 np0000181247 devstack@n-api-meta.service[112874]: [pid: 112874|app: 0|req: 5/19] 199.19.213.52 () {40 vars in 678 bytes} [Wed Jun 17 17:20:55 2026] GET /latest/meta-data/instance-id => generated 10 bytes in 4 msecs (HTTP/1.1 200) 3 headers in 99 bytes (1 switches on core 0)
Jun 17 17:20:55.391958 np0000181247 devstack@n-api-meta.service[112872]: DEBUG nova.api.metadata.handler [None req-87ec0167-205b-42f3-9c55-b7e755a850f1 None None] Metadata request headers: {'Host': '199.19.213.52:8775', 'User-Agent': 'python-requests/2.34.2', 'Accept-Encoding': 'gzip, deflate', 'Accept': '*/*', 'Connection': 'keep-alive', 'X-Forwarded-For': '192.168.24.62', 'X-Instance-Id': '727d9f82-2287-41e4-acaa-9b34803eca2d', 'X-Tenant-Id': '6ebb616b3fc04841bc36086231346040', 'X-Instance-Id-Signature': '0b261850e3faccd9432630aed633e14aad8bebbd04e9f54b25e2ca5a0bde552b'} {{(pid=112872) __call__ /opt/stack/nova/nova/api/metadata/handler.py:109}}
Jun 17 17:20:55.394551 np0000181247 devstack@n-api-meta.service[112872]: DEBUG nova.api.metadata.handler [None req-87ec0167-205b-42f3-9c55-b7e755a850f1 None None] Using cached metadata for instance 727d9f82-2287-41e4-acaa-9b34803eca2d {{(pid=112872) get_metadata_by_instance_id /opt/stack/nova/nova/api/metadata/handler.py:84}}
Jun 17 17:20:55.395446 np0000181247 devstack@n-api-meta.service[112872]: [pid: 112872|app: 0|req: 5/20] 199.19.213.52 () {40 vars in 682 bytes} [Wed Jun 17 17:20:55 2026] GET /latest/meta-data/instance-type => generated 8 bytes in 4 msecs (HTTP/1.1 200) 3 headers in 98 bytes (1 switches on core 0)
Jun 17 17:20:55.402523 np0000181247 devstack@n-api-meta.service[112873]: DEBUG nova.api.metadata.handler [None req-b47bec77-d948-4877-bdca-7314e2b369d4 None None] Metadata request headers: {'Host': '199.19.213.52:8775', 'User-Agent': 'python-requests/2.34.2', 'Accept-Encoding': 'gzip, deflate', 'Accept': '*/*', 'Connection': 'keep-alive', 'X-Forwarded-For': '192.168.24.62', 'X-Instance-Id': '727d9f82-2287-41e4-acaa-9b34803eca2d', 'X-Tenant-Id': '6ebb616b3fc04841bc36086231346040', 'X-Instance-Id-Signature': '0b261850e3faccd9432630aed633e14aad8bebbd04e9f54b25e2ca5a0bde552b'} {{(pid=112873) __call__ /opt/stack/nova/nova/api/metadata/handler.py:109}}
Jun 17 17:20:55.405682 np0000181247 devstack@n-api-meta.service[112873]: DEBUG nova.api.metadata.handler [None req-b47bec77-d948-4877-bdca-7314e2b369d4 None None] Using cached metadata for instance 727d9f82-2287-41e4-acaa-9b34803eca2d {{(pid=112873) get_metadata_by_instance_id /opt/stack/nova/nova/api/metadata/handler.py:84}}
Jun 17 17:20:55.406584 np0000181247 devstack@n-api-meta.service[112873]: [pid: 112873|app: 0|req: 6/21] 199.19.213.52 () {40 vars in 684 bytes} [Wed Jun 17 17:20:55 2026] GET /latest/meta-data/local-hostname => generated 32 bytes in 5 msecs (HTTP/1.1 200) 3 headers in 99 bytes (1 switches on core 0)
Jun 17 17:20:55.414501 np0000181247 devstack@n-api-meta.service[112875]: DEBUG nova.api.metadata.handler [None req-f2169cd6-d14b-4608-b176-d38df5657d19 None None] Metadata request headers: {'Host': '199.19.213.52:8775', 'User-Agent': 'python-requests/2.34.2', 'Accept-Encoding': 'gzip, deflate', 'Accept': '*/*', 'Connection': 'keep-alive', 'X-Forwarded-For': '192.168.24.62', 'X-Instance-Id': '727d9f82-2287-41e4-acaa-9b34803eca2d', 'X-Tenant-Id': '6ebb616b3fc04841bc36086231346040', 'X-Instance-Id-Signature': '0b261850e3faccd9432630aed633e14aad8bebbd04e9f54b25e2ca5a0bde552b'} {{(pid=112875) __call__ /opt/stack/nova/nova/api/metadata/handler.py:109}}
Jun 17 17:20:55.417286 np0000181247 devstack@n-api-meta.service[112875]: DEBUG nova.api.metadata.handler [None req-f2169cd6-d14b-4608-b176-d38df5657d19 None None] Using cached metadata for instance 727d9f82-2287-41e4-acaa-9b34803eca2d {{(pid=112875) get_metadata_by_instance_id /opt/stack/nova/nova/api/metadata/handler.py:84}}
Jun 17 17:20:55.417781 np0000181247 devstack@n-api-meta.service[112875]: [pid: 112875|app: 0|req: 6/22] 199.19.213.52 () {40 vars in 676 bytes} [Wed Jun 17 17:20:55 2026] GET /latest/meta-data/local-ipv4 => generated 13 bytes in 4 msecs (HTTP/1.1 200) 3 headers in 99 bytes (1 switches on core 0)
Jun 17 17:20:55.427424 np0000181247 devstack@n-api-meta.service[112874]: DEBUG nova.api.metadata.handler [None req-5802af9f-b4a2-4d20-bace-4d189e05a51f None None] Metadata request headers: {'Host': '199.19.213.52:8775', 'User-Agent': 'python-requests/2.34.2', 'Accept-Encoding': 'gzip, deflate', 'Accept': '*/*', 'Connection': 'keep-alive', 'X-Forwarded-For': '192.168.24.62', 'X-Instance-Id': '727d9f82-2287-41e4-acaa-9b34803eca2d', 'X-Tenant-Id': '6ebb616b3fc04841bc36086231346040', 'X-Instance-Id-Signature': '0b261850e3faccd9432630aed633e14aad8bebbd04e9f54b25e2ca5a0bde552b'} {{(pid=112874) __call__ /opt/stack/nova/nova/api/metadata/handler.py:109}}
Jun 17 17:20:55.430240 np0000181247 devstack@n-api-meta.service[112874]: DEBUG nova.api.metadata.handler [None req-5802af9f-b4a2-4d20-bace-4d189e05a51f None None] Using cached metadata for instance 727d9f82-2287-41e4-acaa-9b34803eca2d {{(pid=112874) get_metadata_by_instance_id /opt/stack/nova/nova/api/metadata/handler.py:84}}
Jun 17 17:20:55.430895 np0000181247 devstack@n-api-meta.service[112874]: [pid: 112874|app: 0|req: 6/23] 199.19.213.52 () {40 vars in 686 bytes} [Wed Jun 17 17:20:55 2026] GET /latest/meta-data/public-hostname => generated 32 bytes in 4 msecs (HTTP/1.1 200) 3 headers in 99 bytes (1 switches on core 0)
Jun 17 17:20:55.440211 np0000181247 devstack@n-api-meta.service[112872]: DEBUG nova.api.metadata.handler [None req-87ec0167-205b-42f3-9c55-b7e755a850f1 None None] Metadata request headers: {'Host': '199.19.213.52:8775', 'User-Agent': 'python-requests/2.34.2', 'Accept-Encoding': 'gzip, deflate', 'Accept': '*/*', 'Connection': 'keep-alive', 'X-Forwarded-For': '192.168.24.62', 'X-Instance-Id': '727d9f82-2287-41e4-acaa-9b34803eca2d', 'X-Tenant-Id': '6ebb616b3fc04841bc36086231346040', 'X-Instance-Id-Signature': '0b261850e3faccd9432630aed633e14aad8bebbd04e9f54b25e2ca5a0bde552b'} {{(pid=112872) __call__ /opt/stack/nova/nova/api/metadata/handler.py:109}}
