2026-02-25 23:19:43.494 8 INFO placement.requestlog [req-39833d48-965e-4046-b2f2-82e254caafb5 req-f1f0f8b9-e36f-4833-89f8-8dd2afd9820f e7b91099086747fcad189aadf2a54b53 ee8d9d75aef249b3b5f6357acf3f750b - - 34dbc647512d4c6799c7c50c291c814c 34dbc647512d4c6799c7c50c291c814c] 10.0.0.187 "PUT /allocations/69b73ca8-22b9-4054-b7ed-391355cab5a2" status: 204 len: 0 microversion: 1.36 [pid: 8|app: 0|req: 464/932] 10.0.0.187 () {38 vars in 914 bytes} [Wed Feb 25 23:19:43 2026] PUT /allocations/69b73ca8-22b9-4054-b7ed-391355cab5a2 => generated 0 bytes in 67 msecs (HTTP/1.1 204) 5 headers in 199 bytes (1 switches on core 0)
2026-02-25 23:19:44.558 8 INFO placement.requestlog [None req-99ec7278-0d45-4363-84b0-fa93ea2602ef c48662cbe18e4f35b528e20604476258 ee8d9d75aef249b3b5f6357acf3f750b - - 34dbc647512d4c6799c7c50c291c814c 34dbc647512d4c6799c7c50c291c814c] 10.0.0.182 "GET /resource_providers/194971d5-f5c6-471b-99f7-8ae5a0a43065/aggregates" status: 404 len: 235 microversion: 1.1 [pid: 8|app: 0|req: 465/933] 10.0.0.182 () {32 vars in 816 bytes} [Wed Feb 25 23:19:44 2026] GET /resource_providers/194971d5-f5c6-471b-99f7-8ae5a0a43065/aggregates => generated 235 bytes in 9 msecs (HTTP/1.1 404) 5 headers in 202 bytes (1 switches on core 0)
2026-02-25 23:19:44.562 7 INFO placement.requestlog [None req-0fbf0c29-3967-4e2a-b36a-08befc1d9b22 c48662cbe18e4f35b528e20604476258 ee8d9d75aef249b3b5f6357acf3f750b - - 34dbc647512d4c6799c7c50c291c814c 34dbc647512d4c6799c7c50c291c814c] 10.0.0.182 "GET /resource_providers/194971d5-f5c6-471b-99f7-8ae5a0a43065/aggregates" status: 404 len: 235 microversion: 1.1 [pid: 7|app: 0|req: 469/934] 10.0.0.182 () {32 vars in 816 bytes} [Wed Feb 25 23:19:44 2026] GET /resource_providers/194971d5-f5c6-471b-99f7-8ae5a0a43065/aggregates => generated 235 bytes in 12 msecs (HTTP/1.1 404) 5 headers in 202 bytes (1 switches on core 0)
2026-02-25 23:19:44.586 8 INFO placement.requestlog [None req-77d1e87e-edde-4d38-946a-986ab5c708c6 c48662cbe18e4f35b528e20604476258 ee8d9d75aef249b3b5f6357acf3f750b - - 34dbc647512d4c6799c7c50c291c814c 34dbc647512d4c6799c7c50c291c814c] 10.0.0.182 "DELETE /resource_providers/194971d5-f5c6-471b-99f7-8ae5a0a43065" status: 404 len: 246 microversion: 1.1 [pid: 8|app: 0|req: 466/935] 10.0.0.182 () {34 vars in 816 bytes} [Wed Feb 25 23:19:44 2026] DELETE /resource_providers/194971d5-f5c6-471b-99f7-8ae5a0a43065 => generated 246 bytes in 12 msecs (HTTP/1.1 404) 6 headers in 231 bytes (1 switches on core 0)
2026-02-25 23:19:44.590 7 INFO placement.requestlog [None req-d87ea0a8-db9c-4aa5-b243-fc8acc0d12de c48662cbe18e4f35b528e20604476258 ee8d9d75aef249b3b5f6357acf3f750b - - 34dbc647512d4c6799c7c50c291c814c 34dbc647512d4c6799c7c50c291c814c] 10.0.0.182 "DELETE /resource_providers/194971d5-f5c6-471b-99f7-8ae5a0a43065" status: 404 len: 246 microversion: 1.1 [pid: 7|app: 0|req: 470/936] 10.0.0.182 () {34 vars in 816 bytes} [Wed Feb 25 23:19:44 2026] DELETE /resource_providers/194971d5-f5c6-471b-99f7-8ae5a0a43065 => generated 246 bytes in 12 msecs (HTTP/1.1 404) 6 headers in 231 bytes (1 switches on core 0)
2026-02-25 23:19:44.987 8 INFO placement.requestlog [req-39833d48-965e-4046-b2f2-82e254caafb5 req-97dcc942-22f6-4220-8019-4a9df69b55f3 e7b91099086747fcad189aadf2a54b53 ee8d9d75aef249b3b5f6357acf3f750b - - 34dbc647512d4c6799c7c50c291c814c 34dbc647512d4c6799c7c50c291c814c] 199.204.45.153 "GET /allocations/69b73ca8-22b9-4054-b7ed-391355cab5a2" status: 200 len: 258 microversion: 1.28 [pid: 8|app: 0|req: 467/937] 199.204.45.153 () {34 vars in 863 bytes} [Wed Feb 25 23:19:44 2026] GET /allocations/69b73ca8-22b9-4054-b7ed-391355cab5a2 => generated 258 bytes in 11 msecs (HTTP/1.1 200) 8 headers in 296 bytes (1 switches on core 0)
2026-02-25 23:19:46.040 7 INFO placement.requestlog [req-39833d48-965e-4046-b2f2-82e254caafb5 req-fcd00d56-90cf-47ea-9b11-fd07876f2e90 e7b91099086747fcad189aadf2a54b53 ee8d9d75aef249b3b5f6357acf3f750b - - 34dbc647512d4c6799c7c50c291c814c 34dbc647512d4c6799c7c50c291c814c] 199.204.45.153 "GET /resource_providers/c8b9de59-9796-4310-83f8-80f5c34cc794/allocations" status: 200 len: 253 microversion: 1.0 [pid: 7|app: 0|req: 471/938] 199.204.45.153 () {32 vars in 857 bytes} [Wed Feb 25 23:19:46 2026] GET /resource_providers/c8b9de59-9796-4310-83f8-80f5c34cc794/allocations => generated 253 bytes in 29 msecs (HTTP/1.1 200) 6 headers in 224 bytes (1 switches on core 0)
2026-02-25 23:19:46.072 8 INFO placement.requestlog [req-39833d48-965e-4046-b2f2-82e254caafb5 req-8ff697dd-65e0-4ba4-ac56-7990bc114a3a e7b91099086747fcad189aadf2a54b53 ee8d9d75aef249b3b5f6357acf3f750b - - 34dbc647512d4c6799c7c50c291c814c 34dbc647512d4c6799c7c50c291c814c] 199.204.45.153 "GET /allocations/995f0832-90ae-43ce-87fa-6fdfb49d081a" status: 200 len: 258 microversion: 1.28 [pid: 8|app: 0|req: 468/939] 199.204.45.153 () {34 vars in 863 bytes} [Wed Feb 25 23:19:46 2026] GET /allocations/995f0832-90ae-43ce-87fa-6fdfb49d081a => generated 258 bytes in 18 msecs (HTTP/1.1 200) 8 headers in 296 bytes (1 switches on core 0)
2026-02-25 23:19:46.094 7 INFO placement.requestlog [req-39833d48-965e-4046-b2f2-82e254caafb5 req-92f09895-3726-4e90-a21b-c8dcbfb00125 e7b91099086747fcad189aadf2a54b53 ee8d9d75aef249b3b5f6357acf3f750b - - 34dbc647512d4c6799c7c50c291c814c 34dbc647512d4c6799c7c50c291c814c] 199.204.45.153 "GET /allocations/69b73ca8-22b9-4054-b7ed-391355cab5a2" status: 200 len: 258 microversion: 1.28 [pid: 7|app: 0|req: 472/940] 199.204.45.153 () {34 vars in 863 bytes} [Wed Feb 25 23:19:46 2026] GET /allocations/69b73ca8-22b9-4054-b7ed-391355cab5a2 => generated 258 bytes in 16 msecs (HTTP/1.1 200) 8 headers in 296 bytes (1 switches on core 0)
2026-02-25 23:19:50.219 7 INFO placement.requestlog [None req-481ef170-bdfe-49d4-b4ee-85fce8230c10 - - - - - -] 10.0.0.163 "GET /" status: 200 len: 136 microversion: 1.0
2026-02-25 23:19:50.219 8 INFO placement.requestlog [None req-5c78b90a-10c2-40d3-b8d7-515f2ea79614 - - - - - -] 10.0.0.163 "GET /" status: 200 len: 136 microversion: 1.0
2026-02-25 23:19:54.624 7 INFO placement.requestlog [None req-01c66cd3-1b44-46f7-8aa0-6d26235cb10a c48662cbe18e4f35b528e20604476258 ee8d9d75aef249b3b5f6357acf3f750b - - 34dbc647512d4c6799c7c50c291c814c 34dbc647512d4c6799c7c50c291c814c] 10.0.0.182 "GET /resource_providers/a9151920-cb58-4088-a4fb-2d886656fa24/aggregates" status: 404 len: 235 microversion: 1.1 [pid: 7|app: 0|req: 474/943] 10.0.0.182 () {32 vars in 816 bytes} [Wed Feb 25 23:19:54 2026] GET /resource_providers/a9151920-cb58-4088-a4fb-2d886656fa24/aggregates => generated 235 bytes in 12 msecs (HTTP/1.1 404) 5 headers in 202 bytes (1 switches on core 0)
2026-02-25 23:19:54.629 8 INFO placement.requestlog [None req-f04c8215-29b1-4714-b7e6-92ee30566fdc c48662cbe18e4f35b528e20604476258 ee8d9d75aef249b3b5f6357acf3f750b - - 34dbc647512d4c6799c7c50c291c814c 34dbc647512d4c6799c7c50c291c814c] 10.0.0.182 "GET /resource_providers/a9151920-cb58-4088-a4fb-2d886656fa24/aggregates" status: 404 len: 235 microversion: 1.1 [pid: 8|app: 0|req: 470/944] 10.0.0.182 () {32 vars in 816 bytes} [Wed Feb 25 23:19:54 2026] GET /resource_providers/a9151920-cb58-4088-a4fb-2d886656fa24/aggregates => generated 235 bytes in 16 msecs (HTTP/1.1 404) 5 headers in 202 bytes (1 switches on core 0)
2026-02-25 23:19:54.644 7 INFO placement.requestlog [None req-8d91571f-cabc-4d56-8b74-b3849fa165cc c48662cbe18e4f35b528e20604476258 ee8d9d75aef249b3b5f6357acf3f750b - - 34dbc647512d4c6799c7c50c291c814c 34dbc647512d4c6799c7c50c291c814c] 10.0.0.182 "DELETE /resource_providers/a9151920-cb58-4088-a4fb-2d886656fa24" status: 404 len: 246 microversion: 1.1 [pid: 7|app: 0|req: 475/945] 10.0.0.182 () {34 vars in 816 bytes} [Wed Feb 25 23:19:54 2026] DELETE /resource_providers/a9151920-cb58-4088-a4fb-2d886656fa24 => generated 246 bytes in 8 msecs (HTTP/1.1 404) 6 headers in 231 bytes (1 switches on core 0)
2026-02-25 23:19:54.647 8 INFO placement.requestlog [None req-e4e311ff-eaa7-4a74-8f23-60b163798dab c48662cbe18e4f35b528e20604476258 ee8d9d75aef249b3b5f6357acf3f750b - - 34dbc647512d4c6799c7c50c291c814c 34dbc647512d4c6799c7c50c291c814c] 10.0.0.182 "DELETE /resource_providers/a9151920-cb58-4088-a4fb-2d886656fa24" status: 404 len: 246 microversion: 1.1 [pid: 8|app: 0|req: 471/946] 10.0.0.182 () {34 vars in 816 bytes} [Wed Feb 25 23:19:54 2026] DELETE /resource_providers/a9151920-cb58-4088-a4fb-2d886656fa24 => generated 246 bytes in 8 msecs (HTTP/1.1 404) 6 headers in 231 bytes (1 switches on core 0)
2026-02-25 23:19:55.909 7 INFO placement.requestlog [None req-8136a229-dfd1-4717-a668-1b3551076d65 c48662cbe18e4f35b528e20604476258 ee8d9d75aef249b3b5f6357acf3f750b - - 34dbc647512d4c6799c7c50c291c814c 34dbc647512d4c6799c7c50c291c814c] 10.0.0.182 "GET /resource_providers/5ddaec4b-3ef8-4037-9706-41e3f9a40773/aggregates" status: 404 len: 235 microversion: 1.1 [pid: 7|app: 0|req: 476/947] 10.0.0.182 () {32 vars in 816 bytes} [Wed Feb 25 23:19:55 2026] GET /resource_providers/5ddaec4b-3ef8-4037-9706-41e3f9a40773/aggregates => generated 235 bytes in 8 msecs (HTTP/1.1 404) 5 headers in 202 bytes (1 switches on core 0)
2026-02-25 23:19:55.915 8 INFO placement.requestlog [None req-e0c99b5f-be9c-49a8-bd3f-15a078c95ead c48662cbe18e4f35b528e20604476258 ee8d9d75aef249b3b5f6357acf3f750b - - 34dbc647512d4c6799c7c50c291c814c 34dbc647512d4c6799c7c50c291c814c] 10.0.0.182 "GET /resource_providers/5ddaec4b-3ef8-4037-9706-41e3f9a40773/aggregates" status: 404 len: 235 microversion: 1.1 [pid: 8|app: 0|req: 472/948] 10.0.0.182 () {32 vars in 816 bytes} [Wed Feb 25 23:19:55 2026] GET /resource_providers/5ddaec4b-3ef8-4037-9706-41e3f9a40773/aggregates => generated 235 bytes in 13 msecs (HTTP/1.1 404) 5 headers in 202 bytes (1 switches on core 0)
2026-02-25 23:19:55.931 7 INFO placement.requestlog [None req-12ba4372-dffe-4761-bb55-096ad6c17925 c48662cbe18e4f35b528e20604476258 ee8d9d75aef249b3b5f6357acf3f750b - - 34dbc647512d4c6799c7c50c291c814c 34dbc647512d4c6799c7c50c291c814c] 10.0.0.182 "DELETE /resource_providers/5ddaec4b-3ef8-4037-9706-41e3f9a40773" status: 404 len: 246 microversion: 1.1
2026-02-25 23:19:55.931 8 INFO placement.requestlog [None req-ac52ace3-a82d-4752-b167-ed5aa623eca2 c48662cbe18e4f35b528e20604476258 ee8d9d75aef249b3b5f6357acf3f750b - - 34dbc647512d4c6799c7c50c291c814c 34dbc647512d4c6799c7c50c291c814c] 10.0.0.182 "DELETE /resource_providers/5ddaec4b-3ef8-4037-9706-41e3f9a40773" status: 404 len: 246 microversion: 1.1 [pid: 7|app: 0|req: 477/949] 10.0.0.182 () {34 vars in 816 bytes} [Wed Feb 25 23:19:55 2026] DELETE /resource_providers/5ddaec4b-3ef8-4037-9706-41e3f9a40773 => generated 246 bytes in 9 msecs (HTTP/1.1 404) 6 headers in 231 bytes (1 switches on core 0) [pid: 8|app: 0|req: 473/950] 10.0.0.182 () {34 vars in 816 bytes} [Wed Feb 25 23:19:55 2026] DELETE /resource_providers/5ddaec4b-3ef8-4037-9706-41e3f9a40773 => generated 246 bytes in 7 msecs (HTTP/1.1 404) 6 headers in 231 bytes (1 switches on core 0)
2026-02-25 23:19:57.008 7 INFO placement.requestlog [None req-611ef2ef-11bf-48df-a97e-dd5c8599a712 c48662cbe18e4f35b528e20604476258 ee8d9d75aef249b3b5f6357acf3f750b - - 34dbc647512d4c6799c7c50c291c814c 34dbc647512d4c6799c7c50c291c814c] 10.0.0.182 "GET /resource_providers/4de0448f-b95e-49bf-b8a7-f25f686ecd38/aggregates" status: 404 len: 235 microversion: 1.1 [pid: 7|app: 0|req: 478/951] 10.0.0.182 () {32 vars in 816 bytes} [Wed Feb 25 23:19:57 2026] GET /resource_providers/4de0448f-b95e-49bf-b8a7-f25f686ecd38/aggregates => generated 235 bytes in 8 msecs (HTTP/1.1 404) 5 headers in 202 bytes (1 switches on core 0)
2026-02-25 23:19:57.015 8 INFO placement.requestlog [None req-f8c53472-2f31-487a-8c42-d522aca82d72 c48662cbe18e4f35b528e20604476258 ee8d9d75aef249b3b5f6357acf3f750b - - 34dbc647512d4c6799c7c50c291c814c 34dbc647512d4c6799c7c50c291c814c] 10.0.0.182 "GET /resource_providers/4de0448f-b95e-49bf-b8a7-f25f686ecd38/aggregates" status: 404 len: 235 microversion: 1.1 [pid: 8|app: 0|req: 474/952] 10.0.0.182 () {32 vars in 816 bytes} [Wed Feb 25 23:19:57 2026] GET /resource_providers/4de0448f-b95e-49bf-b8a7-f25f686ecd38/aggregates => generated 235 bytes in 9 msecs (HTTP/1.1 404) 5 headers in 202 bytes (1 switches on core 0)
2026-02-25 23:19:57.030 7 INFO placement.requestlog [None req-f2fdef75-f904-4502-9f05-760f1d2fc4b3 c48662cbe18e4f35b528e20604476258 ee8d9d75aef249b3b5f6357acf3f750b - - 34dbc647512d4c6799c7c50c291c814c 34dbc647512d4c6799c7c50c291c814c] 10.0.0.182 "DELETE /resource_providers/4de0448f-b95e-49bf-b8a7-f25f686ecd38" status: 404 len: 246 microversion: 1.1 [pid: 7|app: 0|req: 479/953] 10.0.0.182 () {34 vars in 816 bytes} [Wed Feb 25 23:19:57 2026] DELETE /resource_providers/4de0448f-b95e-49bf-b8a7-f25f686ecd38 => generated 246 bytes in 11 msecs (HTTP/1.1 404) 6 headers in 231 bytes (1 switches on core 0)
2026-02-25 23:19:57.034 8 INFO placement.requestlog [None req-3211dfc6-a837-44e0-92f9-d01c8355cff7 c48662cbe18e4f35b528e20604476258 ee8d9d75aef249b3b5f6357acf3f750b - - 34dbc647512d4c6799c7c50c291c814c 34dbc647512d4c6799c7c50c291c814c] 10.0.0.182 "DELETE /resource_providers/4de0448f-b95e-49bf-b8a7-f25f686ecd38" status: 404 len: 246 microversion: 1.1 [pid: 8|app: 0|req: 475/954] 10.0.0.182 () {34 vars in 816 bytes} [Wed Feb 25 23:19:57 2026] DELETE /resource_providers/4de0448f-b95e-49bf-b8a7-f25f686ecd38 => generated 246 bytes in 11 msecs (HTTP/1.1 404) 6 headers in 231 bytes (1 switches on core 0)
2026-02-25 23:20:00.219 7 INFO placement.requestlog [None req-ad6d21c6-e9f5-496c-a060-221d9686556b - - - - - -] 10.0.0.163 "GET /" status: 200 len: 136 microversion: 1.0
2026-02-25 23:20:00.219 8 INFO placement.requestlog [None req-5d50d900-8b22-4e2b-8e1d-9c083c2b3c28 - - - - - -] 10.0.0.163 "GET /" status: 200 len: 136 microversion: 1.0
2026-02-25 23:20:09.580 7 INFO placement.requestlog [None req-35a72c6c-172f-40e9-a23b-fdf0b47f78b5 c48662cbe18e4f35b528e20604476258 ee8d9d75aef249b3b5f6357acf3f750b - - 34dbc647512d4c6799c7c50c291c814c 34dbc647512d4c6799c7c50c291c814c] 10.0.0.182 "GET /resource_providers/d5cf8ad3-dc9f-487b-b9e6-049a492df52a/aggregates" status: 404 len: 235 microversion: 1.1 [pid: 7|app: 0|req: 481/957] 10.0.0.182 () {32 vars in 816 bytes} [Wed Feb 25 23:20:09 2026] GET /resource_providers/d5cf8ad3-dc9f-487b-b9e6-049a492df52a/aggregates => generated 235 bytes in 8 msecs (HTTP/1.1 404) 5 headers in 202 bytes (1 switches on core 0)
2026-02-25 23:20:09.587 8 INFO placement.requestlog [None req-6a3c72df-e32f-4ed4-81f2-15a3e6ceedd0 c48662cbe18e4f35b528e20604476258 ee8d9d75aef249b3b5f6357acf3f750b - - 34dbc647512d4c6799c7c50c291c814c 34dbc647512d4c6799c7c50c291c814c] 10.0.0.182 "GET /resource_providers/d5cf8ad3-dc9f-487b-b9e6-049a492df52a/aggregates" status: 404 len: 235 microversion: 1.1 [pid: 8|app: 0|req: 477/958] 10.0.0.182 () {32 vars in 816 bytes} [Wed Feb 25 23:20:09 2026] GET /resource_providers/d5cf8ad3-dc9f-487b-b9e6-049a492df52a/aggregates => generated 235 bytes in 17 msecs (HTTP/1.1 404) 5 headers in 202 bytes (1 switches on core 0)
2026-02-25 23:20:09.615 7 INFO placement.requestlog [None req-7dae6d2f-6711-4558-a80c-190bd2506fec c48662cbe18e4f35b528e20604476258 ee8d9d75aef249b3b5f6357acf3f750b - - 34dbc647512d4c6799c7c50c291c814c 34dbc647512d4c6799c7c50c291c814c] 10.0.0.182 "DELETE /resource_providers/d5cf8ad3-dc9f-487b-b9e6-049a492df52a" status: 404 len: 246 microversion: 1.1 [pid: 7|app: 0|req: 482/959] 10.0.0.182 () {34 vars in 816 bytes} [Wed Feb 25 23:20:09 2026] DELETE /resource_providers/d5cf8ad3-dc9f-487b-b9e6-049a492df52a => generated 246 bytes in 11 msecs (HTTP/1.1 404) 6 headers in 231 bytes (1 switches on core 0)
2026-02-25 23:20:09.616 8 INFO placement.requestlog [None req-9d861a57-fd76-463e-ba14-07ec96d05457 c48662cbe18e4f35b528e20604476258 ee8d9d75aef249b3b5f6357acf3f750b - - 34dbc647512d4c6799c7c50c291c814c 34dbc647512d4c6799c7c50c291c814c] 10.0.0.182 "DELETE /resource_providers/d5cf8ad3-dc9f-487b-b9e6-049a492df52a" status: 404 len: 246 microversion: 1.1 [pid: 8|app: 0|req: 478/960] 10.0.0.182 () {34 vars in 816 bytes} [Wed Feb 25 23:20:09 2026] DELETE /resource_providers/d5cf8ad3-dc9f-487b-b9e6-049a492df52a => generated 246 bytes in 12 msecs (HTTP/1.1 404) 6 headers in 231 bytes (1 switches on core 0)
2026-02-25 23:20:10.222 7 INFO placement.requestlog [None req-2ca89146-98fd-4c54-9201-1c04a1ddf064 - - - - - -] 10.0.0.163 "GET /" status: 200 len: 136 microversion: 1.0
2026-02-25 23:20:10.222 8 INFO placement.requestlog [None req-65e7b9f8-4ae8-49cf-afb6-e2ff4246ca25 - - - - - -] 10.0.0.163 "GET /" status: 200 len: 136 microversion: 1.0
2026-02-25 23:20:13.150 8 INFO placement.requestlog [req-d71e0927-20cb-45bc-bf09-7bfbde80889e req-5b4c02a2-242b-43c5-8e90-e5563062fae0 e7b91099086747fcad189aadf2a54b53 ee8d9d75aef249b3b5f6357acf3f750b - - 34dbc647512d4c6799c7c50c291c814c 34dbc647512d4c6799c7c50c291c814c] 199.204.45.153 "GET /resource_providers/c8b9de59-9796-4310-83f8-80f5c34cc794/allocations" status: 200 len: 253 microversion: 1.0 [pid: 8|app: 0|req: 480/963] 199.204.45.153 () {32 vars in 857 bytes} [Wed Feb 25 23:20:13 2026] GET /resource_providers/c8b9de59-9796-4310-83f8-80f5c34cc794/allocations => generated 253 bytes in 23 msecs (HTTP/1.1 200) 6 headers in 224 bytes (1 switches on core 0)
2026-02-25 23:20:13.171 7 INFO placement.requestlog [req-d71e0927-20cb-45bc-bf09-7bfbde80889e req-b2da9ea9-7533-4fe6-9327-41724b417181 e7b91099086747fcad189aadf2a54b53 ee8d9d75aef249b3b5f6357acf3f750b - - 34dbc647512d4c6799c7c50c291c814c 34dbc647512d4c6799c7c50c291c814c] 199.204.45.153 "GET /allocations/995f0832-90ae-43ce-87fa-6fdfb49d081a" status: 200 len: 258 microversion: 1.28 [pid: 7|app: 0|req: 484/964] 199.204.45.153 () {34 vars in 863 bytes} [Wed Feb 25 23:20:13 2026] GET /allocations/995f0832-90ae-43ce-87fa-6fdfb49d081a => generated 258 bytes in 13 msecs (HTTP/1.1 200) 8 headers in 296 bytes (1 switches on core 0)
2026-02-25 23:20:13.190 8 INFO placement.requestlog [req-d71e0927-20cb-45bc-bf09-7bfbde80889e req-dd2db090-c920-406d-b9bd-01efb6fce35c e7b91099086747fcad189aadf2a54b53 ee8d9d75aef249b3b5f6357acf3f750b - - 34dbc647512d4c6799c7c50c291c814c 34dbc647512d4c6799c7c50c291c814c] 199.204.45.153 "GET /allocations/69b73ca8-22b9-4054-b7ed-391355cab5a2" status: 200 len: 258 microversion: 1.28 [pid: 8|app: 0|req: 481/965] 199.204.45.153 () {34 vars in 863 bytes} [Wed Feb 25 23:20:13 2026] GET /allocations/69b73ca8-22b9-4054-b7ed-391355cab5a2 => generated 258 bytes in 14 msecs (HTTP/1.1 200) 8 headers in 296 bytes (1 switches on core 0)
2026-02-25 23:20:14.246 7 INFO placement.requestlog [req-d71e0927-20cb-45bc-bf09-7bfbde80889e req-32dcaea5-708a-4dec-9dbd-de55f51a506b e7b91099086747fcad189aadf2a54b53 ee8d9d75aef249b3b5f6357acf3f750b - - 34dbc647512d4c6799c7c50c291c814c 34dbc647512d4c6799c7c50c291c814c] 199.204.45.153 "DELETE /allocations/995f0832-90ae-43ce-87fa-6fdfb49d081a" status: 204 len: 0 microversion: 1.0 [pid: 7|app: 0|req: 485/966] 199.204.45.153 () {34 vars in 841 bytes} [Wed Feb 25 23:20:14 2026] DELETE /allocations/995f0832-90ae-43ce-87fa-6fdfb49d081a => generated 0 bytes in 26 msecs (HTTP/1.1 204) 5 headers in 198 bytes (1 switches on core 0)
2026-02-25 23:20:17.088 8 INFO placement.requestlog [None req-3826be13-8973-4415-8ac1-91388be037ff c48662cbe18e4f35b528e20604476258 ee8d9d75aef249b3b5f6357acf3f750b - - 34dbc647512d4c6799c7c50c291c814c 34dbc647512d4c6799c7c50c291c814c] 10.0.0.182 "GET /resource_providers/86134fbb-3c6d-4d86-a052-227068a6dd10/aggregates" status: 404 len: 235 microversion: 1.1 [pid: 8|app: 0|req: 482/967] 10.0.0.182 () {32 vars in 816 bytes} [Wed Feb 25 23:20:17 2026] GET /resource_providers/86134fbb-3c6d-4d86-a052-227068a6dd10/aggregates => generated 235 bytes in 10 msecs (HTTP/1.1 404) 5 headers in 202 bytes (1 switches on core 0)
2026-02-25 23:20:17.095 7 INFO placement.requestlog [None req-5969f56e-44cb-40a0-9573-2bc464188715 c48662cbe18e4f35b528e20604476258 ee8d9d75aef249b3b5f6357acf3f750b - - 34dbc647512d4c6799c7c50c291c814c 34dbc647512d4c6799c7c50c291c814c] 10.0.0.182 "GET /resource_providers/86134fbb-3c6d-4d86-a052-227068a6dd10/aggregates" status: 404 len: 235 microversion: 1.1 [pid: 7|app: 0|req: 486/968] 10.0.0.182 () {32 vars in 816 bytes} [Wed Feb 25 23:20:17 2026] GET /resource_providers/86134fbb-3c6d-4d86-a052-227068a6dd10/aggregates => generated 235 bytes in 11 msecs (HTTP/1.1 404) 5 headers in 202 bytes (1 switches on core 0)
2026-02-25 23:20:17.106 8 INFO placement.requestlog [None req-80256153-9c03-49c1-b0e7-994ae3882096 c48662cbe18e4f35b528e20604476258 ee8d9d75aef249b3b5f6357acf3f750b - - 34dbc647512d4c6799c7c50c291c814c 34dbc647512d4c6799c7c50c291c814c] 10.0.0.182 "DELETE /resource_providers/86134fbb-3c6d-4d86-a052-227068a6dd10" status: 404 len: 246 microversion: 1.1 [pid: 8|app: 0|req: 483/969] 10.0.0.182 () {34 vars in 816 bytes} [Wed Feb 25 23:20:17 2026] DELETE /resource_providers/86134fbb-3c6d-4d86-a052-227068a6dd10 => generated 246 bytes in 11 msecs (HTTP/1.1 404) 6 headers in 231 bytes (1 switches on core 0)
2026-02-25 23:20:17.109 7 INFO placement.requestlog [None req-26b3bd8f-3ea3-4ed2-bd61-851e4b5f2e37 c48662cbe18e4f35b528e20604476258 ee8d9d75aef249b3b5f6357acf3f750b - - 34dbc647512d4c6799c7c50c291c814c 34dbc647512d4c6799c7c50c291c814c] 10.0.0.182 "DELETE /resource_providers/86134fbb-3c6d-4d86-a052-227068a6dd10" status: 404 len: 246 microversion: 1.1 [pid: 7|app: 0|req: 487/970] 10.0.0.182 () {34 vars in 816 bytes} [Wed Feb 25 23:20:17 2026] DELETE /resource_providers/86134fbb-3c6d-4d86-a052-227068a6dd10 => generated 246 bytes in 6 msecs (HTTP/1.1 404) 6 headers in 231 bytes (1 switches on core 0)
2026-02-25 23:20:17.599 8 INFO placement.requestlog [None req-654e18e8-f686-4157-bc8a-ffd9d80c7852 c48662cbe18e4f35b528e20604476258 ee8d9d75aef249b3b5f6357acf3f750b - - 34dbc647512d4c6799c7c50c291c814c 34dbc647512d4c6799c7c50c291c814c] 10.0.0.182 "GET /resource_providers/6fc1111f-0c45-48c6-9685-945c93c79e5f/aggregates" status: 404 len: 235 microversion: 1.1 [pid: 8|app: 0|req: 484/971] 10.0.0.182 () {32 vars in 816 bytes} [Wed Feb 25 23:20:17 2026] GET /resource_providers/6fc1111f-0c45-48c6-9685-945c93c79e5f/aggregates => generated 235 bytes in 20 msecs (HTTP/1.1 404) 5 headers in 202 bytes (1 switches on core 0)
2026-02-25 23:20:17.601 7 INFO placement.requestlog [None req-56620056-3401-4700-bead-6f7c45d3341d c48662cbe18e4f35b528e20604476258 ee8d9d75aef249b3b5f6357acf3f750b - - 34dbc647512d4c6799c7c50c291c814c 34dbc647512d4c6799c7c50c291c814c] 10.0.0.182 "GET /resource_providers/6fc1111f-0c45-48c6-9685-945c93c79e5f/aggregates" status: 404 len: 235 microversion: 1.1 [pid: 7|app: 0|req: 488/972] 10.0.0.182 () {32 vars in 816 bytes} [Wed Feb 25 23:20:17 2026] GET /resource_providers/6fc1111f-0c45-48c6-9685-945c93c79e5f/aggregates => generated 235 bytes in 14 msecs (HTTP/1.1 404) 5 headers in 202 bytes (1 switches on core 0)
2026-02-25 23:20:17.625 7 INFO placement.requestlog [None req-ce24eef8-798e-4b6e-8239-9c91b93faa73 c48662cbe18e4f35b528e20604476258 ee8d9d75aef249b3b5f6357acf3f750b - - 34dbc647512d4c6799c7c50c291c814c 34dbc647512d4c6799c7c50c291c814c] 10.0.0.182 "DELETE /resource_providers/6fc1111f-0c45-48c6-9685-945c93c79e5f" status: 404 len: 246 microversion: 1.1 [pid: 7|app: 0|req: 489/973] 10.0.0.182 () {34 vars in 816 bytes} [Wed Feb 25 23:20:17 2026] DELETE /resource_providers/6fc1111f-0c45-48c6-9685-945c93c79e5f => generated 246 bytes in 10 msecs (HTTP/1.1 404) 6 headers in 231 bytes (1 switches on core 0)
2026-02-25 23:20:17.629 8 INFO placement.requestlog [None req-5dca756a-f0fc-4fb8-a472-d500d64483d9 c48662cbe18e4f35b528e20604476258 ee8d9d75aef249b3b5f6357acf3f750b - - 34dbc647512d4c6799c7c50c291c814c 34dbc647512d4c6799c7c50c291c814c] 10.0.0.182 "DELETE /resource_providers/6fc1111f-0c45-48c6-9685-945c93c79e5f" status: 404 len: 246 microversion: 1.1 [pid: 8|app: 0|req: 485/974] 10.0.0.182 () {34 vars in 816 bytes} [Wed Feb 25 23:20:17 2026] DELETE /resource_providers/6fc1111f-0c45-48c6-9685-945c93c79e5f => generated 246 bytes in 18 msecs (HTTP/1.1 404) 6 headers in 231 bytes (1 switches on core 0)
2026-02-25 23:20:20.220 7 INFO placement.requestlog [None req-35b66078-a164-4724-bd0f-c4caba4b59dc - - - - - -] 10.0.0.163 "GET /" status: 200 len: 136 microversion: 1.0
2026-02-25 23:20:20.219 8 INFO placement.requestlog [None req-23b3a8e1-7a9c-4d81-8007-4e4a200d6e28 - - - - - -] 10.0.0.163 "GET /" status: 200 len: 136 microversion: 1.0
2026-02-25 23:20:23.688 7 INFO placement.requestlog [req-3f7b8057-2442-4fa5-88a3-83ad5c46a33c req-323d70fc-1799-4280-bd13-1d353d8f6104 e7b91099086747fcad189aadf2a54b53 ee8d9d75aef249b3b5f6357acf3f750b - - 34dbc647512d4c6799c7c50c291c814c 34dbc647512d4c6799c7c50c291c814c] 10.0.0.187 "GET /allocation_candidates?limit=1000&resources=DISK_GB%3A1%2CMEMORY_MB%3A512%2CVCPU%3A1&root_required=%21COMPUTE_STATUS_DISABLED" status: 200 len: 2642 microversion: 1.36 [pid: 7|app: 0|req: 491/977] 10.0.0.187 () {34 vars in 1012 bytes} [Wed Feb 25 23:20:23 2026] GET /allocation_candidates?limit=1000&resources=DISK_GB%3A1%2CMEMORY_MB%3A512%2CVCPU%3A1&root_required=%21COMPUTE_STATUS_DISABLED => generated 2642 bytes in 51 msecs (HTTP/1.1 200) 8 headers in 297 bytes (1 switches on core 0)
2026-02-25 23:20:23.729 8 INFO placement.requestlog [req-3f7b8057-2442-4fa5-88a3-83ad5c46a33c req-2dd633c9-28f0-493d-a4aa-24022da856ed e7b91099086747fcad189aadf2a54b53 ee8d9d75aef249b3b5f6357acf3f750b - - 34dbc647512d4c6799c7c50c291c814c 34dbc647512d4c6799c7c50c291c814c] 10.0.0.187 "GET /allocations/c1345a0f-5499-4376-b70e-7991899dcb27" status: 200 len: 19 microversion: 1.28 [pid: 8|app: 0|req: 487/978] 10.0.0.187 () {34 vars in 861 bytes} [Wed Feb 25 23:20:23 2026] GET /allocations/c1345a0f-5499-4376-b70e-7991899dcb27 => generated 19 bytes in 11 msecs (HTTP/1.1 200) 8 headers in 295 bytes (1 switches on core 0)
2026-02-25 23:20:23.792 7 INFO placement.requestlog [req-3f7b8057-2442-4fa5-88a3-83ad5c46a33c req-8715e6f8-b575-4d55-99b7-c5f05a40b1d4 e7b91099086747fcad189aadf2a54b53 ee8d9d75aef249b3b5f6357acf3f750b - - 34dbc647512d4c6799c7c50c291c814c 34dbc647512d4c6799c7c50c291c814c] 10.0.0.187 "PUT /allocations/c1345a0f-5499-4376-b70e-7991899dcb27" status: 204 len: 0 microversion: 1.36 [pid: 7|app: 0|req: 492/979] 10.0.0.187 () {38 vars in 914 bytes} [Wed Feb 25 23:20:23 2026] PUT /allocations/c1345a0f-5499-4376-b70e-7991899dcb27 => generated 0 bytes in 58 msecs (HTTP/1.1 204) 5 headers in 199 bytes (1 switches on core 0)
2026-02-25 23:20:25.321 8 INFO placement.requestlog [req-3f7b8057-2442-4fa5-88a3-83ad5c46a33c req-abaa2b64-fa94-4c1c-a286-8dc68b0b12a6 e7b91099086747fcad189aadf2a54b53 ee8d9d75aef249b3b5f6357acf3f750b - - 34dbc647512d4c6799c7c50c291c814c 34dbc647512d4c6799c7c50c291c814c] 199.204.45.153 "GET /allocations/c1345a0f-5499-4376-b70e-7991899dcb27" status: 200 len: 258 microversion: 1.28 [pid: 8|app: 0|req: 488/980] 199.204.45.153 () {34 vars in 863 bytes} [Wed Feb 25 23:20:25 2026] GET /allocations/c1345a0f-5499-4376-b70e-7991899dcb27 => generated 258 bytes in 13 msecs (HTTP/1.1 200) 8 headers in 296 bytes (1 switches on core 0)
2026-02-25 23:20:26.358 7 INFO placement.requestlog [req-3f7b8057-2442-4fa5-88a3-83ad5c46a33c req-fda4901b-2aaf-4bdd-b6e8-7209ee0a753e e7b91099086747fcad189aadf2a54b53 ee8d9d75aef249b3b5f6357acf3f750b - - 34dbc647512d4c6799c7c50c291c814c 34dbc647512d4c6799c7c50c291c814c] 199.204.45.153 "GET /resource_providers/c8b9de59-9796-4310-83f8-80f5c34cc794/allocations" status: 200 len: 253 microversion: 1.0 [pid: 7|app: 0|req: 493/981] 199.204.45.153 () {32 vars in 857 bytes} [Wed Feb 25 23:20:26 2026] GET /resource_providers/c8b9de59-9796-4310-83f8-80f5c34cc794/allocations => generated 253 bytes in 12 msecs (HTTP/1.1 200) 6 headers in 224 bytes (1 switches on core 0)
2026-02-25 23:20:26.383 8 INFO placement.requestlog [req-3f7b8057-2442-4fa5-88a3-83ad5c46a33c req-3efa44cf-0127-4fb4-ab84-75ef7920a007 e7b91099086747fcad189aadf2a54b53 ee8d9d75aef249b3b5f6357acf3f750b - - 34dbc647512d4c6799c7c50c291c814c 34dbc647512d4c6799c7c50c291c814c] 199.204.45.153 "GET /allocations/c1345a0f-5499-4376-b70e-7991899dcb27" status: 200 len: 258 microversion: 1.28 [pid: 8|app: 0|req: 489/982] 199.204.45.153 () {34 vars in 863 bytes} [Wed Feb 25 23:20:26 2026] GET /allocations/c1345a0f-5499-4376-b70e-7991899dcb27 => generated 258 bytes in 20 msecs (HTTP/1.1 200) 8 headers in 296 bytes (1 switches on core 0)
2026-02-25 23:20:26.403 7 INFO placement.requestlog [req-3f7b8057-2442-4fa5-88a3-83ad5c46a33c req-67108607-6e6a-4960-b76a-0300f9f236a1 e7b91099086747fcad189aadf2a54b53 ee8d9d75aef249b3b5f6357acf3f750b - - 34dbc647512d4c6799c7c50c291c814c 34dbc647512d4c6799c7c50c291c814c] 199.204.45.153 "GET /allocations/69b73ca8-22b9-4054-b7ed-391355cab5a2" status: 200 len: 258 microversion: 1.28 [pid: 7|app: 0|req: 494/983] 199.204.45.153 () {34 vars in 863 bytes} [Wed Feb 25 23:20:26 2026] GET /allocations/69b73ca8-22b9-4054-b7ed-391355cab5a2 => generated 258 bytes in 12 msecs (HTTP/1.1 200) 8 headers in 296 bytes (1 switches on core 0)
2026-02-25 23:20:28.121 8 INFO placement.requestlog [None req-f6e38860-2e1e-4312-b091-1d16f52c7bbf a46733e3b05142149408d46d63596d99 9468398cb1354b3c8517095230b807d8 - - default default] 10.0.0.249 "GET /resource_providers" status: 200 len: 406 microversion: 1.0 [pid: 8|app: 0|req: 490/984] 10.0.0.249 () {28 vars in 593 bytes} [Wed Feb 25 23:20:27 2026] GET /resource_providers => generated 406 bytes in 318 msecs (HTTP/1.1 200) 6 headers in 224 bytes (1 switches on core 0)
2026-02-25 23:20:28.151 7 INFO placement.requestlog [None req-7c52ae48-eb0c-461e-92d2-e81dcdd526f6 a46733e3b05142149408d46d63596d99 9468398cb1354b3c8517095230b807d8 - - default default] 10.0.0.249 "GET /resource_providers/c8b9de59-9796-4310-83f8-80f5c34cc794/inventories" status: 200 len: 401 microversion: 1.0 [pid: 7|app: 0|req: 495/985] 10.0.0.249 () {28 vars in 691 bytes} [Wed Feb 25 23:20:28 2026] GET /resource_providers/c8b9de59-9796-4310-83f8-80f5c34cc794/inventories => generated 401 bytes in 23 msecs (HTTP/1.1 200) 6 headers in 224 bytes (1 switches on core 0)
2026-02-25 23:20:28.164 8 INFO placement.requestlog [None req-7c58621e-b6d1-4cec-b831-43b048efe5f7 a46733e3b05142149408d46d63596d99 9468398cb1354b3c8517095230b807d8 - - default default] 10.0.0.249 "GET /resource_providers/c8b9de59-9796-4310-83f8-80f5c34cc794/usages" status: 200 len: 92 microversion: 1.0 [pid: 8|app: 0|req: 491/986] 10.0.0.249 () {28 vars in 681 bytes} [Wed Feb 25 23:20:28 2026] GET /resource_providers/c8b9de59-9796-4310-83f8-80f5c34cc794/usages => generated 92 bytes in 10 msecs (HTTP/1.1 200) 6 headers in 223 bytes (1 switches on core 0)
2026-02-25 23:20:29.945 7 INFO placement.requestlog [None req-22579f25-65ec-4c31-85c6-b9250264e642 c48662cbe18e4f35b528e20604476258 ee8d9d75aef249b3b5f6357acf3f750b - - 34dbc647512d4c6799c7c50c291c814c 34dbc647512d4c6799c7c50c291c814c] 10.0.0.182 "GET /resource_providers/7dea2057-0d49-4e50-a75b-ae5237eb72cd/aggregates" status: 404 len: 235 microversion: 1.1 [pid: 7|app: 0|req: 496/987] 10.0.0.182 () {32 vars in 816 bytes} [Wed Feb 25 23:20:29 2026] GET /resource_providers/7dea2057-0d49-4e50-a75b-ae5237eb72cd/aggregates => generated 235 bytes in 7 msecs (HTTP/1.1 404) 5 headers in 202 bytes (1 switches on core 0)
2026-02-25 23:20:29.949 8 INFO placement.requestlog [None req-c9767fad-aa55-43ab-a24e-5e5c4b2f78c0 c48662cbe18e4f35b528e20604476258 ee8d9d75aef249b3b5f6357acf3f750b - - 34dbc647512d4c6799c7c50c291c814c 34dbc647512d4c6799c7c50c291c814c] 10.0.0.182 "GET /resource_providers/7dea2057-0d49-4e50-a75b-ae5237eb72cd/aggregates" status: 404 len: 235 microversion: 1.1 [pid: 8|app: 0|req: 492/988] 10.0.0.182 () {32 vars in 816 bytes} [Wed Feb 25 23:20:29 2026] GET /resource_providers/7dea2057-0d49-4e50-a75b-ae5237eb72cd/aggregates => generated 235 bytes in 11 msecs (HTTP/1.1 404) 5 headers in 202 bytes (1 switches on core 0)
2026-02-25 23:20:29.962 7 INFO placement.requestlog [None req-600e1195-a7c2-441b-bf46-17de990faaa4 c48662cbe18e4f35b528e20604476258 ee8d9d75aef249b3b5f6357acf3f750b - - 34dbc647512d4c6799c7c50c291c814c 34dbc647512d4c6799c7c50c291c814c] 10.0.0.182 "DELETE /resource_providers/7dea2057-0d49-4e50-a75b-ae5237eb72cd" status: 404 len: 246 microversion: 1.1 [pid: 7|app: 0|req: 497/989] 10.0.0.182 () {34 vars in 816 bytes} [Wed Feb 25 23:20:29 2026] DELETE /resource_providers/7dea2057-0d49-4e50-a75b-ae5237eb72cd => generated 246 bytes in 7 msecs (HTTP/1.1 404) 6 headers in 231 bytes (1 switches on core 0)
2026-02-25 23:20:29.970 8 INFO placement.requestlog [None req-f7bacd4d-c59a-4322-9949-05329b312b29 c48662cbe18e4f35b528e20604476258 ee8d9d75aef249b3b5f6357acf3f750b - - 34dbc647512d4c6799c7c50c291c814c 34dbc647512d4c6799c7c50c291c814c] 10.0.0.182 "DELETE /resource_providers/7dea2057-0d49-4e50-a75b-ae5237eb72cd" status: 404 len: 246 microversion: 1.1 [pid: 8|app: 0|req: 493/990] 10.0.0.182 () {34 vars in 816 bytes} [Wed Feb 25 23:20:29 2026] DELETE /resource_providers/7dea2057-0d49-4e50-a75b-ae5237eb72cd => generated 246 bytes in 9 msecs (HTTP/1.1 404) 6 headers in 231 bytes (1 switches on core 0)
2026-02-25 23:20:30.127 7 INFO placement.requestlog [None req-d0e68377-a123-47c5-a67c-27782e49724b c48662cbe18e4f35b528e20604476258 ee8d9d75aef249b3b5f6357acf3f750b - - 34dbc647512d4c6799c7c50c291c814c 34dbc647512d4c6799c7c50c291c814c] 10.0.0.182 "GET /resource_providers/ea5a5882-18ae-4dc8-971f-fc2cf3a532e7/aggregates" status: 404 len: 235 microversion: 1.1 [pid: 7|app: 0|req: 498/991] 10.0.0.182 () {32 vars in 816 bytes} [Wed Feb 25 23:20:30 2026] GET /resource_providers/ea5a5882-18ae-4dc8-971f-fc2cf3a532e7/aggregates => generated 235 bytes in 8 msecs (HTTP/1.1 404) 5 headers in 202 bytes (1 switches on core 0)
2026-02-25 23:20:30.132 8 INFO placement.requestlog [None req-e9930fb2-5f4a-46ab-8afd-855523099658 c48662cbe18e4f35b528e20604476258 ee8d9d75aef249b3b5f6357acf3f750b - - 34dbc647512d4c6799c7c50c291c814c 34dbc647512d4c6799c7c50c291c814c] 10.0.0.182 "GET /resource_providers/ea5a5882-18ae-4dc8-971f-fc2cf3a532e7/aggregates" status: 404 len: 235 microversion: 1.1 [pid: 8|app: 0|req: 494/992] 10.0.0.182 () {32 vars in 816 bytes} [Wed Feb 25 23:20:30 2026] GET /resource_providers/ea5a5882-18ae-4dc8-971f-fc2cf3a532e7/aggregates => generated 235 bytes in 9 msecs (HTTP/1.1 404) 5 headers in 202 bytes (1 switches on core 0)
2026-02-25 23:20:30.150 7 INFO placement.requestlog [None req-8ff5c161-3f34-4aa3-9ddd-21387aa49eb7 c48662cbe18e4f35b528e20604476258 ee8d9d75aef249b3b5f6357acf3f750b - - 34dbc647512d4c6799c7c50c291c814c 34dbc647512d4c6799c7c50c291c814c] 10.0.0.182 "DELETE /resource_providers/ea5a5882-18ae-4dc8-971f-fc2cf3a532e7" status: 404 len: 246 microversion: 1.1 [pid: 7|app: 0|req: 499/993] 10.0.0.182 () {34 vars in 816 bytes} [Wed Feb 25 23:20:30 2026] DELETE /resource_providers/ea5a5882-18ae-4dc8-971f-fc2cf3a532e7 => generated 246 bytes in 9 msecs (HTTP/1.1 404) 6 headers in 231 bytes (1 switches on core 0)
2026-02-25 23:20:30.156 8 INFO placement.requestlog [None req-ec55e187-c3c4-4f06-aa3f-1dbbd1d6e5f5 c48662cbe18e4f35b528e20604476258 ee8d9d75aef249b3b5f6357acf3f750b - - 34dbc647512d4c6799c7c50c291c814c 34dbc647512d4c6799c7c50c291c814c] 10.0.0.182 "DELETE /resource_providers/ea5a5882-18ae-4dc8-971f-fc2cf3a532e7" status: 404 len: 246 microversion: 1.1 [pid: 8|app: 0|req: 495/994] 10.0.0.182 () {34 vars in 816 bytes} [Wed Feb 25 23:20:30 2026] DELETE /resource_providers/ea5a5882-18ae-4dc8-971f-fc2cf3a532e7 => generated 246 bytes in 8 msecs (HTTP/1.1 404) 6 headers in 231 bytes (1 switches on core 0)
2026-02-25 23:20:30.221 7 INFO placement.requestlog [None req-04eff307-fd77-4a49-a558-c1d863abaa1f - - - - - -] 10.0.0.163 "GET /" status: 200 len: 136 microversion: 1.0
2026-02-25 23:20:30.221 8 INFO placement.requestlog [None req-22cc37a9-5949-4171-891a-3423ae0bf424 - - - - - -] 10.0.0.163 "GET /" status: 200 len: 136 microversion: 1.0
2026-02-25 23:20:31.979 7 INFO placement.requestlog [None req-4198fb14-a1fe-4306-a95d-d286efb771ac c48662cbe18e4f35b528e20604476258 ee8d9d75aef249b3b5f6357acf3f750b - - 34dbc647512d4c6799c7c50c291c814c 34dbc647512d4c6799c7c50c291c814c] 10.0.0.182 "GET /resource_providers/f2da906b-f42d-4a42-9f12-dbaaea5efd32/aggregates" status: 404 len: 235 microversion: 1.1 [pid: 7|app: 0|req: 501/997] 10.0.0.182 () {32 vars in 816 bytes} [Wed Feb 25 23:20:31 2026] GET /resource_providers/f2da906b-f42d-4a42-9f12-dbaaea5efd32/aggregates => generated 235 bytes in 10 msecs (HTTP/1.1 404) 5 headers in 202 bytes (1 switches on core 0)
2026-02-25 23:20:31.993 8 INFO placement.requestlog [None req-dfbc3feb-b764-4e2e-9790-bb7e92580144 c48662cbe18e4f35b528e20604476258 ee8d9d75aef249b3b5f6357acf3f750b - - 34dbc647512d4c6799c7c50c291c814c 34dbc647512d4c6799c7c50c291c814c] 10.0.0.182 "GET /resource_providers/f2da906b-f42d-4a42-9f12-dbaaea5efd32/aggregates" status: 404 len: 235 microversion: 1.1 [pid: 8|app: 0|req: 497/998] 10.0.0.182 () {32 vars in 816 bytes} [Wed Feb 25 23:20:31 2026] GET /resource_providers/f2da906b-f42d-4a42-9f12-dbaaea5efd32/aggregates => generated 235 bytes in 11 msecs (HTTP/1.1 404) 5 headers in 202 bytes (1 switches on core 0)
2026-02-25 23:20:31.997 7 INFO placement.requestlog [None req-357314f9-6ec9-4530-8138-e5de16773fcc c48662cbe18e4f35b528e20604476258 ee8d9d75aef249b3b5f6357acf3f750b - - 34dbc647512d4c6799c7c50c291c814c 34dbc647512d4c6799c7c50c291c814c] 10.0.0.182 "DELETE /resource_providers/f2da906b-f42d-4a42-9f12-dbaaea5efd32" status: 404 len: 246 microversion: 1.1 [pid: 7|app: 0|req: 502/999] 10.0.0.182 () {34 vars in 816 bytes} [Wed Feb 25 23:20:31 2026] DELETE /resource_providers/f2da906b-f42d-4a42-9f12-dbaaea5efd32 => generated 246 bytes in 9 msecs (HTTP/1.1 404) 6 headers in 231 bytes (1 switches on core 0)
2026-02-25 23:20:32.010 8 INFO placement.requestlog [None req-3cbb9ae6-5618-4d2f-8ff6-66c38c5609c6 c48662cbe18e4f35b528e20604476258 ee8d9d75aef249b3b5f6357acf3f750b - - 34dbc647512d4c6799c7c50c291c814c 34dbc647512d4c6799c7c50c291c814c] 10.0.0.182 "DELETE /resource_providers/f2da906b-f42d-4a42-9f12-dbaaea5efd32" status: 404 len: 246 microversion: 1.1 [pid: 8|app: 0|req: 498/1000] 10.0.0.182 () {34 vars in 816 bytes} [Wed Feb 25 23:20:32 2026] DELETE /resource_providers/f2da906b-f42d-4a42-9f12-dbaaea5efd32 => generated 246 bytes in 7 msecs (HTTP/1.1 404) 6 headers in 231 bytes (1 switches on core 0)
2026-02-25 23:20:32.013 7 INFO placement.requestlog [None req-93568c80-737e-47d6-ab29-6b84be9bfffd c48662cbe18e4f35b528e20604476258 ee8d9d75aef249b3b5f6357acf3f750b - - 34dbc647512d4c6799c7c50c291c814c 34dbc647512d4c6799c7c50c291c814c] 10.0.0.182 "GET /resource_providers/91c4b889-dbc6-439a-96c3-84ed0a1adca5/aggregates" status: 404 len: 235 microversion: 1.1 [pid: 7|app: 0|req: 503/1001] 10.0.0.182 () {32 vars in 816 bytes} [Wed Feb 25 23:20:32 2026] GET /resource_providers/91c4b889-dbc6-439a-96c3-84ed0a1adca5/aggregates => generated 235 bytes in 8 msecs (HTTP/1.1 404) 5 headers in 202 bytes (1 switches on core 0)
2026-02-25 23:20:32.032 7 INFO placement.requestlog [None req-11f192cb-f4da-48e9-963f-bfaa2bf3a997 c48662cbe18e4f35b528e20604476258 ee8d9d75aef249b3b5f6357acf3f750b - - 34dbc647512d4c6799c7c50c291c814c 34dbc647512d4c6799c7c50c291c814c] 10.0.0.182 "DELETE /resource_providers/91c4b889-dbc6-439a-96c3-84ed0a1adca5" status: 404 len: 246 microversion: 1.1 [pid: 7|app: 0|req: 504/1002] 10.0.0.182 () {34 vars in 816 bytes} [Wed Feb 25 23:20:32 2026] DELETE /resource_providers/91c4b889-dbc6-439a-96c3-84ed0a1adca5 => generated 246 bytes in 8 msecs (HTTP/1.1 404) 6 headers in 231 bytes (1 switches on core 0)
2026-02-25 23:20:32.042 8 INFO placement.requestlog [None req-fc1eaff0-093f-479d-8450-171a5d5d76ea c48662cbe18e4f35b528e20604476258 ee8d9d75aef249b3b5f6357acf3f750b - - 34dbc647512d4c6799c7c50c291c814c 34dbc647512d4c6799c7c50c291c814c] 10.0.0.182 "GET /resource_providers/91c4b889-dbc6-439a-96c3-84ed0a1adca5/aggregates" status: 404 len: 235 microversion: 1.1 [pid: 8|app: 0|req: 499/1003] 10.0.0.182 () {32 vars in 816 bytes} [Wed Feb 25 23:20:32 2026] GET /resource_providers/91c4b889-dbc6-439a-96c3-84ed0a1adca5/aggregates => generated 235 bytes in 20 msecs (HTTP/1.1 404) 5 headers in 202 bytes (1 switches on core 0)
2026-02-25 23:20:32.052 7 INFO placement.requestlog [None req-d752140a-27a0-49b5-bedd-071bc7b89c1e c48662cbe18e4f35b528e20604476258 ee8d9d75aef249b3b5f6357acf3f750b - - 34dbc647512d4c6799c7c50c291c814c 34dbc647512d4c6799c7c50c291c814c] 10.0.0.182 "GET /resource_providers/55c3fce4-642f-4b34-885e-b7be3c903208/aggregates" status: 404 len: 235 microversion: 1.1 [pid: 7|app: 0|req: 505/1004] 10.0.0.182 () {32 vars in 816 bytes} [Wed Feb 25 23:20:32 2026] GET /resource_providers/55c3fce4-642f-4b34-885e-b7be3c903208/aggregates => generated 235 bytes in 7 msecs (HTTP/1.1 404) 5 headers in 202 bytes (1 switches on core 0)
2026-02-25 23:20:32.054 8 INFO placement.requestlog [None req-362481dc-1f21-4256-9c9d-36bc4c438c57 c48662cbe18e4f35b528e20604476258 ee8d9d75aef249b3b5f6357acf3f750b - - 34dbc647512d4c6799c7c50c291c814c 34dbc647512d4c6799c7c50c291c814c] 10.0.0.182 "DELETE /resource_providers/91c4b889-dbc6-439a-96c3-84ed0a1adca5" status: 404 len: 246 microversion: 1.1 [pid: 8|app: 0|req: 500/1005] 10.0.0.182 () {34 vars in 816 bytes} [Wed Feb 25 23:20:32 2026] DELETE /resource_providers/91c4b889-dbc6-439a-96c3-84ed0a1adca5 => generated 246 bytes in 6 msecs (HTTP/1.1 404) 6 headers in 231 bytes (1 switches on core 0)
2026-02-25 23:20:32.076 7 INFO placement.requestlog [None req-5154d0c6-5fd0-4664-bf02-415de656ff32 c48662cbe18e4f35b528e20604476258 ee8d9d75aef249b3b5f6357acf3f750b - - 34dbc647512d4c6799c7c50c291c814c 34dbc647512d4c6799c7c50c291c814c] 10.0.0.182 "DELETE /resource_providers/55c3fce4-642f-4b34-885e-b7be3c903208" status: 404 len: 246 microversion: 1.1 [pid: 7|app: 0|req: 506/1006] 10.0.0.182 () {34 vars in 816 bytes} [Wed Feb 25 23:20:32 2026] DELETE /resource_providers/55c3fce4-642f-4b34-885e-b7be3c903208 => generated 246 bytes in 9 msecs (HTTP/1.1 404) 6 headers in 231 bytes (1 switches on core 0)
2026-02-25 23:20:32.079 8 INFO placement.requestlog [None req-30a7b112-a287-4bfe-abc5-83cca5e89d4b c48662cbe18e4f35b528e20604476258 ee8d9d75aef249b3b5f6357acf3f750b - - 34dbc647512d4c6799c7c50c291c814c 34dbc647512d4c6799c7c50c291c814c] 10.0.0.182 "GET /resource_providers/55c3fce4-642f-4b34-885e-b7be3c903208/aggregates" status: 404 len: 235 microversion: 1.1 [pid: 8|app: 0|req: 501/1007] 10.0.0.182 () {32 vars in 816 bytes} [Wed Feb 25 23:20:32 2026] GET /resource_providers/55c3fce4-642f-4b34-885e-b7be3c903208/aggregates => generated 235 bytes in 10 msecs (HTTP/1.1 404) 5 headers in 202 bytes (1 switches on core 0)
2026-02-25 23:20:32.096 7 INFO placement.requestlog [None req-73224ee7-5212-4e44-8e79-8f648091b138 c48662cbe18e4f35b528e20604476258 ee8d9d75aef249b3b5f6357acf3f750b - - 34dbc647512d4c6799c7c50c291c814c 34dbc647512d4c6799c7c50c291c814c] 10.0.0.182 "GET /resource_providers/5b8b927c-5006-4aa7-a123-8a6ea087fff5/aggregates" status: 404 len: 235 microversion: 1.1 [pid: 7|app: 0|req: 507/1008] 10.0.0.182 () {32 vars in 816 bytes} [Wed Feb 25 23:20:32 2026] GET /resource_providers/5b8b927c-5006-4aa7-a123-8a6ea087fff5/aggregates => generated 235 bytes in 8 msecs (HTTP/1.1 404) 5 headers in 202 bytes (1 switches on core 0)
2026-02-25 23:20:32.105 8 INFO placement.requestlog [None req-423998a0-ca0f-4dd6-a0bd-4195e1f3731e c48662cbe18e4f35b528e20604476258 ee8d9d75aef249b3b5f6357acf3f750b - - 34dbc647512d4c6799c7c50c291c814c 34dbc647512d4c6799c7c50c291c814c] 10.0.0.182 "DELETE /resource_providers/55c3fce4-642f-4b34-885e-b7be3c903208" status: 404 len: 246 microversion: 1.1 [pid: 8|app: 0|req: 502/1009] 10.0.0.182 () {34 vars in 816 bytes} [Wed Feb 25 23:20:32 2026] DELETE /resource_providers/55c3fce4-642f-4b34-885e-b7be3c903208 => generated 246 bytes in 11 msecs (HTTP/1.1 404) 6 headers in 231 bytes (1 switches on core 0)
2026-02-25 23:20:32.113 7 INFO placement.requestlog [None req-056511e3-e5df-4f84-a055-1c75dd07bfab c48662cbe18e4f35b528e20604476258 ee8d9d75aef249b3b5f6357acf3f750b - - 34dbc647512d4c6799c7c50c291c814c 34dbc647512d4c6799c7c50c291c814c] 10.0.0.182 "DELETE /resource_providers/5b8b927c-5006-4aa7-a123-8a6ea087fff5" status: 404 len: 246 microversion: 1.1 [pid: 7|app: 0|req: 508/1010] 10.0.0.182 () {34 vars in 816 bytes} [Wed Feb 25 23:20:32 2026] DELETE /resource_providers/5b8b927c-5006-4aa7-a123-8a6ea087fff5 => generated 246 bytes in 7 msecs (HTTP/1.1 404) 6 headers in 231 bytes (1 switches on core 0)
2026-02-25 23:20:32.122 8 INFO placement.requestlog [None req-eeed60f3-fcd5-494d-8b88-926ca110e69c c48662cbe18e4f35b528e20604476258 ee8d9d75aef249b3b5f6357acf3f750b - - 34dbc647512d4c6799c7c50c291c814c 34dbc647512d4c6799c7c50c291c814c] 10.0.0.182 "GET /resource_providers/5b8b927c-5006-4aa7-a123-8a6ea087fff5/aggregates" status: 404 len: 235 microversion: 1.1 [pid: 8|app: 0|req: 503/1011] 10.0.0.182 () {32 vars in 816 bytes} [Wed Feb 25 23:20:32 2026] GET /resource_providers/5b8b927c-5006-4aa7-a123-8a6ea087fff5/aggregates => generated 235 bytes in 6 msecs (HTTP/1.1 404) 5 headers in 202 bytes (1 switches on core 0)
2026-02-25 23:20:32.138 7 INFO placement.requestlog [None req-7395f403-9163-44bd-bdec-7ac49fc75c57 c48662cbe18e4f35b528e20604476258 ee8d9d75aef249b3b5f6357acf3f750b - - 34dbc647512d4c6799c7c50c291c814c 34dbc647512d4c6799c7c50c291c814c] 10.0.0.182 "DELETE /resource_providers/5b8b927c-5006-4aa7-a123-8a6ea087fff5" status: 404 len: 246 microversion: 1.1 [pid: 7|app: 0|req: 509/1012] 10.0.0.182 () {34 vars in 816 bytes} [Wed Feb 25 23:20:32 2026] DELETE /resource_providers/5b8b927c-5006-4aa7-a123-8a6ea087fff5 => generated 246 bytes in 10 msecs (HTTP/1.1 404) 6 headers in 231 bytes (1 switches on core 0)
2026-02-25 23:20:32.170 8 INFO placement.requestlog [None req-2169f6ae-9324-4c29-a7d8-b470d7d81ada c48662cbe18e4f35b528e20604476258 ee8d9d75aef249b3b5f6357acf3f750b - - 34dbc647512d4c6799c7c50c291c814c 34dbc647512d4c6799c7c50c291c814c] 10.0.0.182 "GET /resource_providers/e4f68766-501d-4f45-a491-dcb13ca80a65/aggregates" status: 404 len: 235 microversion: 1.1 [pid: 8|app: 0|req: 504/1013] 10.0.0.182 () {32 vars in 816 bytes} [Wed Feb 25 23:20:32 2026] GET /resource_providers/e4f68766-501d-4f45-a491-dcb13ca80a65/aggregates => generated 235 bytes in 10 msecs (HTTP/1.1 404) 5 headers in 202 bytes (1 switches on core 0)
2026-02-25 23:20:32.178 7 INFO placement.requestlog [None req-cfad7525-1028-411a-b19b-5923686ce65b c48662cbe18e4f35b528e20604476258 ee8d9d75aef249b3b5f6357acf3f750b - - 34dbc647512d4c6799c7c50c291c814c 34dbc647512d4c6799c7c50c291c814c] 10.0.0.182 "GET /resource_providers/e4f68766-501d-4f45-a491-dcb13ca80a65/aggregates" status: 404 len: 235 microversion: 1.1 [pid: 7|app: 0|req: 510/1014] 10.0.0.182 () {32 vars in 816 bytes} [Wed Feb 25 23:20:32 2026] GET /resource_providers/e4f68766-501d-4f45-a491-dcb13ca80a65/aggregates => generated 235 bytes in 6 msecs (HTTP/1.1 404) 5 headers in 202 bytes (1 switches on core 0)
2026-02-25 23:20:32.191 8 INFO placement.requestlog [None req-fb5e5b2c-f7cc-448e-bb37-893bd35f83a7 c48662cbe18e4f35b528e20604476258 ee8d9d75aef249b3b5f6357acf3f750b - - 34dbc647512d4c6799c7c50c291c814c 34dbc647512d4c6799c7c50c291c814c] 10.0.0.182 "DELETE /resource_providers/e4f68766-501d-4f45-a491-dcb13ca80a65" status: 404 len: 246 microversion: 1.1 [pid: 8|app: 0|req: 505/1015] 10.0.0.182 () {34 vars in 816 bytes} [Wed Feb 25 23:20:32 2026] DELETE /resource_providers/e4f68766-501d-4f45-a491-dcb13ca80a65 => generated 246 bytes in 11 msecs (HTTP/1.1 404) 6 headers in 231 bytes (1 switches on core 0)
2026-02-25 23:20:32.194 7 INFO placement.requestlog [None req-01840d0e-8313-4eaf-891f-8cf32410899d c48662cbe18e4f35b528e20604476258 ee8d9d75aef249b3b5f6357acf3f750b - - 34dbc647512d4c6799c7c50c291c814c 34dbc647512d4c6799c7c50c291c814c] 10.0.0.182 "DELETE /resource_providers/e4f68766-501d-4f45-a491-dcb13ca80a65" status: 404 len: 246 microversion: 1.1 [pid: 7|app: 0|req: 511/1016] 10.0.0.182 () {34 vars in 816 bytes} [Wed Feb 25 23:20:32 2026] DELETE /resource_providers/e4f68766-501d-4f45-a491-dcb13ca80a65 => generated 246 bytes in 7 msecs (HTTP/1.1 404) 6 headers in 231 bytes (1 switches on core 0)
2026-02-25 23:20:35.016 8 INFO placement.requestlog [None req-28a1dbce-2f48-4fdd-b399-01319624c7d2 c48662cbe18e4f35b528e20604476258 ee8d9d75aef249b3b5f6357acf3f750b - - 34dbc647512d4c6799c7c50c291c814c 34dbc647512d4c6799c7c50c291c814c] 10.0.0.182 "GET /resource_providers/aec496f5-f83d-424b-a501-d15633809483/aggregates" status: 404 len: 235 microversion: 1.1 [pid: 8|app: 0|req: 506/1017] 10.0.0.182 () {32 vars in 816 bytes} [Wed Feb 25 23:20:35 2026] GET /resource_providers/aec496f5-f83d-424b-a501-d15633809483/aggregates => generated 235 bytes in 14 msecs (HTTP/1.1 404) 5 headers in 202 bytes (1 switches on core 0)
2026-02-25 23:20:35.016 7 INFO placement.requestlog [None req-4f4bc926-c9fc-444d-bb11-bbd33e9b351a c48662cbe18e4f35b528e20604476258 ee8d9d75aef249b3b5f6357acf3f750b - - 34dbc647512d4c6799c7c50c291c814c 34dbc647512d4c6799c7c50c291c814c] 10.0.0.182 "GET /resource_providers/aec496f5-f83d-424b-a501-d15633809483/aggregates" status: 404 len: 235 microversion: 1.1 [pid: 7|app: 0|req: 512/1018] 10.0.0.182 () {32 vars in 816 bytes} [Wed Feb 25 23:20:35 2026] GET /resource_providers/aec496f5-f83d-424b-a501-d15633809483/aggregates => generated 235 bytes in 14 msecs (HTTP/1.1 404) 5 headers in 202 bytes (1 switches on core 0)
2026-02-25 23:20:35.043 7 INFO placement.requestlog [None req-bcb31130-ec9d-4539-8352-4370e89ddca9 c48662cbe18e4f35b528e20604476258 ee8d9d75aef249b3b5f6357acf3f750b - - 34dbc647512d4c6799c7c50c291c814c 34dbc647512d4c6799c7c50c291c814c] 10.0.0.182 "DELETE /resource_providers/aec496f5-f83d-424b-a501-d15633809483" status: 404 len: 246 microversion: 1.1 [pid: 7|app: 0|req: 513/1019] 10.0.0.182 () {34 vars in 816 bytes} [Wed Feb 25 23:20:35 2026] DELETE /resource_providers/aec496f5-f83d-424b-a501-d15633809483 => generated 246 bytes in 11 msecs (HTTP/1.1 404) 6 headers in 231 bytes (1 switches on core 0)
