2026-06-15 20:19:47.476 9 INFO placement.requestlog [None req-58e50eb6-502a-4509-9756-f39d0560962e ad57e809a55947668b3dd713a09e56e7 d3d5fc76588e4a65b0ceb0f237b3f39a - - 8b075821d85d4afea629acc4e99ce9a9 8b075821d85d4afea629acc4e99ce9a9] 10.0.0.229 "DELETE /resource_providers/cdc34cff-9e00-476d-94dd-e9239e628aef" status: 404 len: 246 microversion: 1.1 [pid: 9|app: 0|req: 431/858] 10.0.0.229 () {34 vars in 816 bytes} [Mon Jun 15 20:19:47 2026] DELETE /resource_providers/cdc34cff-9e00-476d-94dd-e9239e628aef => generated 246 bytes in 11 msecs (HTTP/1.1 404) 6 headers in 231 bytes (1 switches on core 0)
2026-06-15 20:19:47.595 9 INFO placement.requestlog [None req-220a88d8-19dc-44bb-b4ca-13eaaa8caafe - - - - - -] 10.0.0.38 "GET /" status: 200 len: 136 microversion: 1.0
2026-06-15 20:19:47.595 8 INFO placement.requestlog [None req-2787c31a-218f-405f-9df9-04fb808a784a - - - - - -] 10.0.0.38 "GET /" status: 200 len: 136 microversion: 1.0
2026-06-15 20:19:50.485 9 INFO placement.requestlog [None req-65ca9986-f897-426d-b845-2059bee6ec72 ad57e809a55947668b3dd713a09e56e7 d3d5fc76588e4a65b0ceb0f237b3f39a - - 8b075821d85d4afea629acc4e99ce9a9 8b075821d85d4afea629acc4e99ce9a9] 10.0.0.229 "GET /resource_providers/00b1a998-9fba-45e7-906f-1c1caf615032/aggregates" status: 404 len: 235 microversion: 1.1 [pid: 9|app: 0|req: 433/861] 10.0.0.229 () {32 vars in 816 bytes} [Mon Jun 15 20:19:50 2026] GET /resource_providers/00b1a998-9fba-45e7-906f-1c1caf615032/aggregates => generated 235 bytes in 7 msecs (HTTP/1.1 404) 5 headers in 202 bytes (1 switches on core 0)
2026-06-15 20:19:50.493 8 INFO placement.requestlog [None req-09bb504d-6cbc-46a1-91aa-828e29a4282f ad57e809a55947668b3dd713a09e56e7 d3d5fc76588e4a65b0ceb0f237b3f39a - - 8b075821d85d4afea629acc4e99ce9a9 8b075821d85d4afea629acc4e99ce9a9] 10.0.0.229 "GET /resource_providers/00b1a998-9fba-45e7-906f-1c1caf615032/aggregates" status: 404 len: 235 microversion: 1.1 [pid: 8|app: 0|req: 429/862] 10.0.0.229 () {32 vars in 816 bytes} [Mon Jun 15 20:19:50 2026] GET /resource_providers/00b1a998-9fba-45e7-906f-1c1caf615032/aggregates => generated 235 bytes in 11 msecs (HTTP/1.1 404) 5 headers in 202 bytes (1 switches on core 0)
2026-06-15 20:19:50.509 9 INFO placement.requestlog [None req-614ca151-1388-4d09-b9ff-a8bc3f283c9a ad57e809a55947668b3dd713a09e56e7 d3d5fc76588e4a65b0ceb0f237b3f39a - - 8b075821d85d4afea629acc4e99ce9a9 8b075821d85d4afea629acc4e99ce9a9] 10.0.0.229 "DELETE /resource_providers/00b1a998-9fba-45e7-906f-1c1caf615032" status: 404 len: 246 microversion: 1.1 [pid: 9|app: 0|req: 434/863] 10.0.0.229 () {34 vars in 816 bytes} [Mon Jun 15 20:19:50 2026] DELETE /resource_providers/00b1a998-9fba-45e7-906f-1c1caf615032 => generated 246 bytes in 9 msecs (HTTP/1.1 404) 6 headers in 231 bytes (1 switches on core 0)
2026-06-15 20:19:50.514 8 INFO placement.requestlog [None req-ffdc6b81-010b-4301-89e0-5f53a92c51ea ad57e809a55947668b3dd713a09e56e7 d3d5fc76588e4a65b0ceb0f237b3f39a - - 8b075821d85d4afea629acc4e99ce9a9 8b075821d85d4afea629acc4e99ce9a9] 10.0.0.229 "DELETE /resource_providers/00b1a998-9fba-45e7-906f-1c1caf615032" status: 404 len: 246 microversion: 1.1 [pid: 8|app: 0|req: 430/864] 10.0.0.229 () {34 vars in 816 bytes} [Mon Jun 15 20:19:50 2026] DELETE /resource_providers/00b1a998-9fba-45e7-906f-1c1caf615032 => generated 246 bytes in 12 msecs (HTTP/1.1 404) 6 headers in 231 bytes (1 switches on core 0)
2026-06-15 20:19:52.529 9 INFO placement.requestlog [None req-83af86fb-4094-4f23-9412-3fa285a77282 ad57e809a55947668b3dd713a09e56e7 d3d5fc76588e4a65b0ceb0f237b3f39a - - 8b075821d85d4afea629acc4e99ce9a9 8b075821d85d4afea629acc4e99ce9a9] 10.0.0.229 "GET /resource_providers/bc8ad00f-9131-4a79-924e-a292742c3c62/aggregates" status: 404 len: 235 microversion: 1.1 [pid: 9|app: 0|req: 435/865] 10.0.0.229 () {32 vars in 816 bytes} [Mon Jun 15 20:19:52 2026] GET /resource_providers/bc8ad00f-9131-4a79-924e-a292742c3c62/aggregates => generated 235 bytes in 9 msecs (HTTP/1.1 404) 5 headers in 202 bytes (1 switches on core 0)
2026-06-15 20:19:52.534 8 INFO placement.requestlog [None req-952beeda-dc93-4a43-b1dd-90036c9ad248 ad57e809a55947668b3dd713a09e56e7 d3d5fc76588e4a65b0ceb0f237b3f39a - - 8b075821d85d4afea629acc4e99ce9a9 8b075821d85d4afea629acc4e99ce9a9] 10.0.0.229 "GET /resource_providers/bc8ad00f-9131-4a79-924e-a292742c3c62/aggregates" status: 404 len: 235 microversion: 1.1 [pid: 8|app: 0|req: 431/866] 10.0.0.229 () {32 vars in 816 bytes} [Mon Jun 15 20:19:52 2026] GET /resource_providers/bc8ad00f-9131-4a79-924e-a292742c3c62/aggregates => generated 235 bytes in 10 msecs (HTTP/1.1 404) 5 headers in 202 bytes (1 switches on core 0)
2026-06-15 20:19:52.547 8 INFO placement.requestlog [None req-738fa995-bacd-48cf-806c-841b4aea8c4f ad57e809a55947668b3dd713a09e56e7 d3d5fc76588e4a65b0ceb0f237b3f39a - - 8b075821d85d4afea629acc4e99ce9a9 8b075821d85d4afea629acc4e99ce9a9] 10.0.0.229 "DELETE /resource_providers/bc8ad00f-9131-4a79-924e-a292742c3c62" status: 404 len: 246 microversion: 1.1
2026-06-15 20:19:52.547 9 INFO placement.requestlog [None req-612cf371-5f3f-48a1-827b-81178e414174 ad57e809a55947668b3dd713a09e56e7 d3d5fc76588e4a65b0ceb0f237b3f39a - - 8b075821d85d4afea629acc4e99ce9a9 8b075821d85d4afea629acc4e99ce9a9] 10.0.0.229 "DELETE /resource_providers/bc8ad00f-9131-4a79-924e-a292742c3c62" status: 404 len: 246 microversion: 1.1 [pid: 8|app: 0|req: 432/868] 10.0.0.229 () {34 vars in 816 bytes} [Mon Jun 15 20:19:52 2026] DELETE /resource_providers/bc8ad00f-9131-4a79-924e-a292742c3c62 => generated 246 bytes in 6 msecs (HTTP/1.1 404) 6 headers in 231 bytes (1 switches on core 0) [pid: 9|app: 0|req: 436/868] 10.0.0.229 () {34 vars in 816 bytes} [Mon Jun 15 20:19:52 2026] DELETE /resource_providers/bc8ad00f-9131-4a79-924e-a292742c3c62 => generated 246 bytes in 8 msecs (HTTP/1.1 404) 6 headers in 231 bytes (1 switches on core 0)
2026-06-15 20:19:55.571 8 INFO placement.requestlog [None req-07ee2582-d5ef-4e7f-ad8d-baf3dbf9c81a ad57e809a55947668b3dd713a09e56e7 d3d5fc76588e4a65b0ceb0f237b3f39a - - 8b075821d85d4afea629acc4e99ce9a9 8b075821d85d4afea629acc4e99ce9a9] 10.0.0.229 "GET /resource_providers/896ee77a-3712-46c6-b7a0-77543380f1b4/aggregates" status: 404 len: 235 microversion: 1.1 [pid: 8|app: 0|req: 433/869] 10.0.0.229 () {32 vars in 816 bytes} [Mon Jun 15 20:19:55 2026] GET /resource_providers/896ee77a-3712-46c6-b7a0-77543380f1b4/aggregates => generated 235 bytes in 9 msecs (HTTP/1.1 404) 5 headers in 202 bytes (1 switches on core 0)
2026-06-15 20:19:55.578 9 INFO placement.requestlog [None req-8c40cdbd-a1ce-409f-b719-c9e8ab945303 ad57e809a55947668b3dd713a09e56e7 d3d5fc76588e4a65b0ceb0f237b3f39a - - 8b075821d85d4afea629acc4e99ce9a9 8b075821d85d4afea629acc4e99ce9a9] 10.0.0.229 "GET /resource_providers/896ee77a-3712-46c6-b7a0-77543380f1b4/aggregates" status: 404 len: 235 microversion: 1.1 [pid: 9|app: 0|req: 437/870] 10.0.0.229 () {32 vars in 816 bytes} [Mon Jun 15 20:19:55 2026] GET /resource_providers/896ee77a-3712-46c6-b7a0-77543380f1b4/aggregates => generated 235 bytes in 10 msecs (HTTP/1.1 404) 5 headers in 202 bytes (1 switches on core 0)
2026-06-15 20:19:55.596 8 INFO placement.requestlog [None req-eb7172b7-b229-4cc1-a0d8-95d2f80fb3a0 ad57e809a55947668b3dd713a09e56e7 d3d5fc76588e4a65b0ceb0f237b3f39a - - 8b075821d85d4afea629acc4e99ce9a9 8b075821d85d4afea629acc4e99ce9a9] 10.0.0.229 "DELETE /resource_providers/896ee77a-3712-46c6-b7a0-77543380f1b4" status: 404 len: 246 microversion: 1.1 [pid: 8|app: 0|req: 434/871] 10.0.0.229 () {34 vars in 816 bytes} [Mon Jun 15 20:19:55 2026] DELETE /resource_providers/896ee77a-3712-46c6-b7a0-77543380f1b4 => generated 246 bytes in 9 msecs (HTTP/1.1 404) 6 headers in 231 bytes (1 switches on core 0)
2026-06-15 20:19:55.599 9 INFO placement.requestlog [None req-4aed0fd8-2f2c-4381-b831-8b3fcb5cfb33 ad57e809a55947668b3dd713a09e56e7 d3d5fc76588e4a65b0ceb0f237b3f39a - - 8b075821d85d4afea629acc4e99ce9a9 8b075821d85d4afea629acc4e99ce9a9] 10.0.0.229 "DELETE /resource_providers/896ee77a-3712-46c6-b7a0-77543380f1b4" status: 404 len: 246 microversion: 1.1 [pid: 9|app: 0|req: 438/872] 10.0.0.229 () {34 vars in 816 bytes} [Mon Jun 15 20:19:55 2026] DELETE /resource_providers/896ee77a-3712-46c6-b7a0-77543380f1b4 => generated 246 bytes in 10 msecs (HTTP/1.1 404) 6 headers in 231 bytes (1 switches on core 0)
2026-06-15 20:19:56.243 8 INFO placement.requestlog [None req-94fb4de1-0511-4dbe-a15b-bd9a1abdc082 ad57e809a55947668b3dd713a09e56e7 d3d5fc76588e4a65b0ceb0f237b3f39a - - 8b075821d85d4afea629acc4e99ce9a9 8b075821d85d4afea629acc4e99ce9a9] 10.0.0.229 "GET /resource_providers/f8b33301-a821-4f68-b1ff-6ce87c66de72/aggregates" status: 404 len: 235 microversion: 1.1 [pid: 8|app: 0|req: 435/873] 10.0.0.229 () {32 vars in 816 bytes} [Mon Jun 15 20:19:56 2026] GET /resource_providers/f8b33301-a821-4f68-b1ff-6ce87c66de72/aggregates => generated 235 bytes in 12 msecs (HTTP/1.1 404) 5 headers in 202 bytes (1 switches on core 0)
2026-06-15 20:19:56.253 9 INFO placement.requestlog [None req-d6290842-d6b7-4985-b993-c85fadb31aad ad57e809a55947668b3dd713a09e56e7 d3d5fc76588e4a65b0ceb0f237b3f39a - - 8b075821d85d4afea629acc4e99ce9a9 8b075821d85d4afea629acc4e99ce9a9] 10.0.0.229 "GET /resource_providers/f8b33301-a821-4f68-b1ff-6ce87c66de72/aggregates" status: 404 len: 235 microversion: 1.1 [pid: 9|app: 0|req: 439/874] 10.0.0.229 () {32 vars in 816 bytes} [Mon Jun 15 20:19:56 2026] GET /resource_providers/f8b33301-a821-4f68-b1ff-6ce87c66de72/aggregates => generated 235 bytes in 20 msecs (HTTP/1.1 404) 5 headers in 202 bytes (1 switches on core 0)
2026-06-15 20:19:56.260 8 INFO placement.requestlog [None req-afba5e0a-5be6-4086-bcba-eed7bc2866ad ad57e809a55947668b3dd713a09e56e7 d3d5fc76588e4a65b0ceb0f237b3f39a - - 8b075821d85d4afea629acc4e99ce9a9 8b075821d85d4afea629acc4e99ce9a9] 10.0.0.229 "DELETE /resource_providers/f8b33301-a821-4f68-b1ff-6ce87c66de72" status: 404 len: 246 microversion: 1.1 [pid: 8|app: 0|req: 436/875] 10.0.0.229 () {34 vars in 816 bytes} [Mon Jun 15 20:19:56 2026] DELETE /resource_providers/f8b33301-a821-4f68-b1ff-6ce87c66de72 => generated 246 bytes in 11 msecs (HTTP/1.1 404) 6 headers in 231 bytes (1 switches on core 0)
2026-06-15 20:19:56.270 9 INFO placement.requestlog [None req-8dc3a80f-377d-4691-a1e4-f4edde87e888 ad57e809a55947668b3dd713a09e56e7 d3d5fc76588e4a65b0ceb0f237b3f39a - - 8b075821d85d4afea629acc4e99ce9a9 8b075821d85d4afea629acc4e99ce9a9] 10.0.0.229 "DELETE /resource_providers/f8b33301-a821-4f68-b1ff-6ce87c66de72" status: 404 len: 246 microversion: 1.1 [pid: 9|app: 0|req: 440/876] 10.0.0.229 () {34 vars in 816 bytes} [Mon Jun 15 20:19:56 2026] DELETE /resource_providers/f8b33301-a821-4f68-b1ff-6ce87c66de72 => generated 246 bytes in 7 msecs (HTTP/1.1 404) 6 headers in 231 bytes (1 switches on core 0)
2026-06-15 20:19:56.846 8 INFO placement.requestlog [req-e690ae2f-922f-4fa3-96d5-c27826d11e8e req-b6cad438-1875-4978-be97-41fba11b9c9c 16eef482856f415b942a68ac9498e743 d3d5fc76588e4a65b0ceb0f237b3f39a - - 8b075821d85d4afea629acc4e99ce9a9 8b075821d85d4afea629acc4e99ce9a9] 199.19.213.226 "GET /resource_providers/e13d121d-8b01-48e9-be10-80be824b4425/allocations" status: 200 len: 152 microversion: 1.0 [pid: 8|app: 0|req: 437/877] 199.19.213.226 () {32 vars in 857 bytes} [Mon Jun 15 20:19:56 2026] GET /resource_providers/e13d121d-8b01-48e9-be10-80be824b4425/allocations => generated 152 bytes in 14 msecs (HTTP/1.1 200) 6 headers in 224 bytes (1 switches on core 0)
2026-06-15 20:19:56.868 9 INFO placement.requestlog [req-e690ae2f-922f-4fa3-96d5-c27826d11e8e req-d4e03fc4-9d34-42a4-922d-fddf477f7c81 16eef482856f415b942a68ac9498e743 d3d5fc76588e4a65b0ceb0f237b3f39a - - 8b075821d85d4afea629acc4e99ce9a9 8b075821d85d4afea629acc4e99ce9a9] 199.19.213.226 "GET /allocations/490d67d4-d9fa-4f66-add7-8db05238fd38" status: 200 len: 257 microversion: 1.28 [pid: 9|app: 0|req: 441/878] 199.19.213.226 () {34 vars in 863 bytes} [Mon Jun 15 20:19:56 2026] GET /allocations/490d67d4-d9fa-4f66-add7-8db05238fd38 => generated 257 bytes in 14 msecs (HTTP/1.1 200) 8 headers in 296 bytes (1 switches on core 0)
2026-06-15 20:19:57.594 8 INFO placement.requestlog [None req-b11f64df-0b26-47b9-925f-a12411d445ba - - - - - -] 10.0.0.38 "GET /" status: 200 len: 136 microversion: 1.0
2026-06-15 20:19:57.595 9 INFO placement.requestlog [None req-9a69b46c-5924-40a1-8858-5009da1b872a - - - - - -] 10.0.0.38 "GET /" status: 200 len: 136 microversion: 1.0
2026-06-15 20:19:57.922 9 INFO placement.requestlog [req-e690ae2f-922f-4fa3-96d5-c27826d11e8e req-b4b8031e-6ae5-469c-b053-38f260902704 16eef482856f415b942a68ac9498e743 d3d5fc76588e4a65b0ceb0f237b3f39a - - 8b075821d85d4afea629acc4e99ce9a9 8b075821d85d4afea629acc4e99ce9a9] 199.19.213.226 "DELETE /allocations/490d67d4-d9fa-4f66-add7-8db05238fd38" status: 204 len: 0 microversion: 1.0 [pid: 9|app: 0|req: 443/881] 199.19.213.226 () {34 vars in 841 bytes} [Mon Jun 15 20:19:57 2026] DELETE /allocations/490d67d4-d9fa-4f66-add7-8db05238fd38 => generated 0 bytes in 32 msecs (HTTP/1.1 204) 5 headers in 198 bytes (1 switches on core 0)
2026-06-15 20:20:01.915 9 INFO placement.requestlog [None req-9e3b58ad-b0b5-454b-b7b1-e91decaf8518 ad57e809a55947668b3dd713a09e56e7 d3d5fc76588e4a65b0ceb0f237b3f39a - - 8b075821d85d4afea629acc4e99ce9a9 8b075821d85d4afea629acc4e99ce9a9] 10.0.0.229 "GET /resource_providers/5b4ebc0a-82c4-40b3-b2db-8838f8f2ed12/aggregates" status: 404 len: 235 microversion: 1.1 [pid: 9|app: 0|req: 444/882] 10.0.0.229 () {32 vars in 816 bytes} [Mon Jun 15 20:20:01 2026] GET /resource_providers/5b4ebc0a-82c4-40b3-b2db-8838f8f2ed12/aggregates => generated 235 bytes in 8 msecs (HTTP/1.1 404) 5 headers in 202 bytes (1 switches on core 0)
2026-06-15 20:20:01.923 8 INFO placement.requestlog [None req-811850a2-e725-4f7d-a900-6f7c46866bbd ad57e809a55947668b3dd713a09e56e7 d3d5fc76588e4a65b0ceb0f237b3f39a - - 8b075821d85d4afea629acc4e99ce9a9 8b075821d85d4afea629acc4e99ce9a9] 10.0.0.229 "GET /resource_providers/5b4ebc0a-82c4-40b3-b2db-8838f8f2ed12/aggregates" status: 404 len: 235 microversion: 1.1 [pid: 8|app: 0|req: 439/883] 10.0.0.229 () {32 vars in 816 bytes} [Mon Jun 15 20:20:01 2026] GET /resource_providers/5b4ebc0a-82c4-40b3-b2db-8838f8f2ed12/aggregates => generated 235 bytes in 17 msecs (HTTP/1.1 404) 5 headers in 202 bytes (1 switches on core 0)
2026-06-15 20:20:01.948 8 INFO placement.requestlog [None req-6c595fca-2f64-44e5-af2b-cff73fecaa99 ad57e809a55947668b3dd713a09e56e7 d3d5fc76588e4a65b0ceb0f237b3f39a - - 8b075821d85d4afea629acc4e99ce9a9 8b075821d85d4afea629acc4e99ce9a9] 10.0.0.229 "DELETE /resource_providers/5b4ebc0a-82c4-40b3-b2db-8838f8f2ed12" status: 404 len: 246 microversion: 1.1 [pid: 8|app: 0|req: 440/884] 10.0.0.229 () {34 vars in 816 bytes} [Mon Jun 15 20:20:01 2026] DELETE /resource_providers/5b4ebc0a-82c4-40b3-b2db-8838f8f2ed12 => generated 246 bytes in 6 msecs (HTTP/1.1 404) 6 headers in 231 bytes (1 switches on core 0)
2026-06-15 20:20:01.952 9 INFO placement.requestlog [None req-37664567-5fb5-41c3-8ca1-b00c0f785fbd ad57e809a55947668b3dd713a09e56e7 d3d5fc76588e4a65b0ceb0f237b3f39a - - 8b075821d85d4afea629acc4e99ce9a9 8b075821d85d4afea629acc4e99ce9a9] 10.0.0.229 "DELETE /resource_providers/5b4ebc0a-82c4-40b3-b2db-8838f8f2ed12" status: 404 len: 246 microversion: 1.1 [pid: 9|app: 0|req: 445/885] 10.0.0.229 () {34 vars in 816 bytes} [Mon Jun 15 20:20:01 2026] DELETE /resource_providers/5b4ebc0a-82c4-40b3-b2db-8838f8f2ed12 => generated 246 bytes in 10 msecs (HTTP/1.1 404) 6 headers in 231 bytes (1 switches on core 0)
2026-06-15 20:20:03.970 9 INFO placement.requestlog [None req-76114518-75d4-4355-bb21-936d01deed89 ad57e809a55947668b3dd713a09e56e7 d3d5fc76588e4a65b0ceb0f237b3f39a - - 8b075821d85d4afea629acc4e99ce9a9 8b075821d85d4afea629acc4e99ce9a9] 10.0.0.229 "GET /resource_providers/b4128857-23f6-4d58-895b-553917d2cbf9/aggregates" status: 404 len: 235 microversion: 1.1 [pid: 9|app: 0|req: 446/886] 10.0.0.229 () {32 vars in 816 bytes} [Mon Jun 15 20:20:03 2026] GET /resource_providers/b4128857-23f6-4d58-895b-553917d2cbf9/aggregates => generated 235 bytes in 7 msecs (HTTP/1.1 404) 5 headers in 202 bytes (1 switches on core 0)
2026-06-15 20:20:03.971 8 INFO placement.requestlog [None req-f4334067-8e81-4c5e-b230-ad6932a0477a ad57e809a55947668b3dd713a09e56e7 d3d5fc76588e4a65b0ceb0f237b3f39a - - 8b075821d85d4afea629acc4e99ce9a9 8b075821d85d4afea629acc4e99ce9a9] 10.0.0.229 "GET /resource_providers/b4128857-23f6-4d58-895b-553917d2cbf9/aggregates" status: 404 len: 235 microversion: 1.1 [pid: 8|app: 0|req: 441/887] 10.0.0.229 () {32 vars in 816 bytes} [Mon Jun 15 20:20:03 2026] GET /resource_providers/b4128857-23f6-4d58-895b-553917d2cbf9/aggregates => generated 235 bytes in 10 msecs (HTTP/1.1 404) 5 headers in 202 bytes (1 switches on core 0)
2026-06-15 20:20:03.986 9 INFO placement.requestlog [None req-59312d05-339c-4bb8-9831-dbfe68997ac6 ad57e809a55947668b3dd713a09e56e7 d3d5fc76588e4a65b0ceb0f237b3f39a - - 8b075821d85d4afea629acc4e99ce9a9 8b075821d85d4afea629acc4e99ce9a9] 10.0.0.229 "DELETE /resource_providers/b4128857-23f6-4d58-895b-553917d2cbf9" status: 404 len: 246 microversion: 1.1 [pid: 9|app: 0|req: 447/888] 10.0.0.229 () {34 vars in 816 bytes} [Mon Jun 15 20:20:03 2026] DELETE /resource_providers/b4128857-23f6-4d58-895b-553917d2cbf9 => generated 246 bytes in 7 msecs (HTTP/1.1 404) 6 headers in 231 bytes (1 switches on core 0)
2026-06-15 20:20:03.986 8 INFO placement.requestlog [None req-ee2ec769-44fb-4bdc-9ae4-96cb68ea1332 ad57e809a55947668b3dd713a09e56e7 d3d5fc76588e4a65b0ceb0f237b3f39a - - 8b075821d85d4afea629acc4e99ce9a9 8b075821d85d4afea629acc4e99ce9a9] 10.0.0.229 "DELETE /resource_providers/b4128857-23f6-4d58-895b-553917d2cbf9" status: 404 len: 246 microversion: 1.1 [pid: 8|app: 0|req: 442/889] 10.0.0.229 () {34 vars in 816 bytes} [Mon Jun 15 20:20:03 2026] DELETE /resource_providers/b4128857-23f6-4d58-895b-553917d2cbf9 => generated 246 bytes in 7 msecs (HTTP/1.1 404) 6 headers in 231 bytes (1 switches on core 0)
2026-06-15 20:20:04.765 9 INFO placement.requestlog [req-5db19b50-1ef7-4e6e-81fa-61c348c8e9cf req-1012b20b-c8d8-43b4-8172-db517eafed68 16eef482856f415b942a68ac9498e743 d3d5fc76588e4a65b0ceb0f237b3f39a - - 8b075821d85d4afea629acc4e99ce9a9 8b075821d85d4afea629acc4e99ce9a9] 10.0.0.153 "GET /allocation_candidates?limit=1000&resources=DISK_GB%3A1%2CMEMORY_MB%3A512%2CVCPU%3A1&root_required=%21COMPUTE_STATUS_DISABLED" status: 200 len: 2442 microversion: 1.36 [pid: 9|app: 0|req: 448/890] 10.0.0.153 () {34 vars in 1012 bytes} [Mon Jun 15 20:20:04 2026] GET /allocation_candidates?limit=1000&resources=DISK_GB%3A1%2CMEMORY_MB%3A512%2CVCPU%3A1&root_required=%21COMPUTE_STATUS_DISABLED => generated 2442 bytes in 36 msecs (HTTP/1.1 200) 8 headers in 297 bytes (1 switches on core 0)
2026-06-15 20:20:04.815 8 INFO placement.requestlog [req-5db19b50-1ef7-4e6e-81fa-61c348c8e9cf req-80c7b408-1259-4550-948e-e32575839680 16eef482856f415b942a68ac9498e743 d3d5fc76588e4a65b0ceb0f237b3f39a - - 8b075821d85d4afea629acc4e99ce9a9 8b075821d85d4afea629acc4e99ce9a9] 10.0.0.153 "GET /allocations/d4a39840-5899-4e23-8a90-3f3d024269dc" status: 200 len: 19 microversion: 1.28 [pid: 8|app: 0|req: 443/891] 10.0.0.153 () {34 vars in 861 bytes} [Mon Jun 15 20:20:04 2026] GET /allocations/d4a39840-5899-4e23-8a90-3f3d024269dc => generated 19 bytes in 15 msecs (HTTP/1.1 200) 8 headers in 295 bytes (1 switches on core 0)
2026-06-15 20:20:04.883 9 INFO placement.requestlog [req-5db19b50-1ef7-4e6e-81fa-61c348c8e9cf req-359488c0-6bab-4a84-89df-6e6701e3cf6f 16eef482856f415b942a68ac9498e743 d3d5fc76588e4a65b0ceb0f237b3f39a - - 8b075821d85d4afea629acc4e99ce9a9 8b075821d85d4afea629acc4e99ce9a9] 10.0.0.153 "PUT /allocations/d4a39840-5899-4e23-8a90-3f3d024269dc" status: 204 len: 0 microversion: 1.36 [pid: 9|app: 0|req: 449/892] 10.0.0.153 () {38 vars in 914 bytes} [Mon Jun 15 20:20:04 2026] PUT /allocations/d4a39840-5899-4e23-8a90-3f3d024269dc => generated 0 bytes in 62 msecs (HTTP/1.1 204) 5 headers in 199 bytes (1 switches on core 0)
2026-06-15 20:20:06.376 8 INFO placement.requestlog [None req-3e095939-2bd9-4760-92b0-1365592e4150 ad57e809a55947668b3dd713a09e56e7 d3d5fc76588e4a65b0ceb0f237b3f39a - - 8b075821d85d4afea629acc4e99ce9a9 8b075821d85d4afea629acc4e99ce9a9] 10.0.0.229 "GET /resource_providers/f3ff30e8-3a8d-444a-a2d3-57fdd4f26b09/aggregates" status: 404 len: 235 microversion: 1.1 [pid: 8|app: 0|req: 444/893] 10.0.0.229 () {32 vars in 816 bytes} [Mon Jun 15 20:20:06 2026] GET /resource_providers/f3ff30e8-3a8d-444a-a2d3-57fdd4f26b09/aggregates => generated 235 bytes in 10 msecs (HTTP/1.1 404) 5 headers in 202 bytes (1 switches on core 0)
2026-06-15 20:20:06.383 9 INFO placement.requestlog [None req-7c3857d3-9e25-4359-b5d0-9b4a91927788 ad57e809a55947668b3dd713a09e56e7 d3d5fc76588e4a65b0ceb0f237b3f39a - - 8b075821d85d4afea629acc4e99ce9a9 8b075821d85d4afea629acc4e99ce9a9] 10.0.0.229 "GET /resource_providers/f3ff30e8-3a8d-444a-a2d3-57fdd4f26b09/aggregates" status: 404 len: 235 microversion: 1.1 [pid: 9|app: 0|req: 450/894] 10.0.0.229 () {32 vars in 816 bytes} [Mon Jun 15 20:20:06 2026] GET /resource_providers/f3ff30e8-3a8d-444a-a2d3-57fdd4f26b09/aggregates => generated 235 bytes in 12 msecs (HTTP/1.1 404) 5 headers in 202 bytes (1 switches on core 0)
2026-06-15 20:20:06.390 8 INFO placement.requestlog [req-5db19b50-1ef7-4e6e-81fa-61c348c8e9cf req-72f787d4-8de0-481c-b374-ff12c8a0d701 16eef482856f415b942a68ac9498e743 d3d5fc76588e4a65b0ceb0f237b3f39a - - 8b075821d85d4afea629acc4e99ce9a9 8b075821d85d4afea629acc4e99ce9a9] 199.19.213.226 "GET /allocations/d4a39840-5899-4e23-8a90-3f3d024269dc" status: 200 len: 257 microversion: 1.28 [pid: 8|app: 0|req: 445/895] 199.19.213.226 () {34 vars in 863 bytes} [Mon Jun 15 20:20:06 2026] GET /allocations/d4a39840-5899-4e23-8a90-3f3d024269dc => generated 257 bytes in 11 msecs (HTTP/1.1 200) 8 headers in 296 bytes (1 switches on core 0)
2026-06-15 20:20:06.396 9 INFO placement.requestlog [None req-704199e6-ddd7-4958-ae13-0a4c6b260e38 ad57e809a55947668b3dd713a09e56e7 d3d5fc76588e4a65b0ceb0f237b3f39a - - 8b075821d85d4afea629acc4e99ce9a9 8b075821d85d4afea629acc4e99ce9a9] 10.0.0.229 "DELETE /resource_providers/f3ff30e8-3a8d-444a-a2d3-57fdd4f26b09" status: 404 len: 246 microversion: 1.1 [pid: 9|app: 0|req: 451/896] 10.0.0.229 () {34 vars in 816 bytes} [Mon Jun 15 20:20:06 2026] DELETE /resource_providers/f3ff30e8-3a8d-444a-a2d3-57fdd4f26b09 => generated 246 bytes in 8 msecs (HTTP/1.1 404) 6 headers in 231 bytes (1 switches on core 0)
2026-06-15 20:20:06.422 8 INFO placement.requestlog [None req-d364f80d-2b34-490c-b98b-33f203e759ed ad57e809a55947668b3dd713a09e56e7 d3d5fc76588e4a65b0ceb0f237b3f39a - - 8b075821d85d4afea629acc4e99ce9a9 8b075821d85d4afea629acc4e99ce9a9] 10.0.0.229 "DELETE /resource_providers/f3ff30e8-3a8d-444a-a2d3-57fdd4f26b09" status: 404 len: 246 microversion: 1.1 [pid: 8|app: 0|req: 446/897] 10.0.0.229 () {34 vars in 816 bytes} [Mon Jun 15 20:20:06 2026] DELETE /resource_providers/f3ff30e8-3a8d-444a-a2d3-57fdd4f26b09 => generated 246 bytes in 16 msecs (HTTP/1.1 404) 6 headers in 231 bytes (1 switches on core 0)
2026-06-15 20:20:07.437 9 INFO placement.requestlog [req-5db19b50-1ef7-4e6e-81fa-61c348c8e9cf req-dceebefc-3801-42d3-aac6-116976c80f84 16eef482856f415b942a68ac9498e743 d3d5fc76588e4a65b0ceb0f237b3f39a - - 8b075821d85d4afea629acc4e99ce9a9 8b075821d85d4afea629acc4e99ce9a9] 199.19.213.226 "GET /resource_providers/e13d121d-8b01-48e9-be10-80be824b4425/allocations" status: 200 len: 152 microversion: 1.0 [pid: 9|app: 0|req: 452/898] 199.19.213.226 () {32 vars in 857 bytes} [Mon Jun 15 20:20:07 2026] GET /resource_providers/e13d121d-8b01-48e9-be10-80be824b4425/allocations => generated 152 bytes in 16 msecs (HTTP/1.1 200) 6 headers in 224 bytes (1 switches on core 0)
2026-06-15 20:20:07.456 8 INFO placement.requestlog [req-5db19b50-1ef7-4e6e-81fa-61c348c8e9cf req-da262fb6-f757-4892-8f6e-3efc8a00187d 16eef482856f415b942a68ac9498e743 d3d5fc76588e4a65b0ceb0f237b3f39a - - 8b075821d85d4afea629acc4e99ce9a9 8b075821d85d4afea629acc4e99ce9a9] 199.19.213.226 "GET /allocations/d4a39840-5899-4e23-8a90-3f3d024269dc" status: 200 len: 257 microversion: 1.28 [pid: 8|app: 0|req: 447/899] 199.19.213.226 () {34 vars in 863 bytes} [Mon Jun 15 20:20:07 2026] GET /allocations/d4a39840-5899-4e23-8a90-3f3d024269dc => generated 257 bytes in 15 msecs (HTTP/1.1 200) 8 headers in 296 bytes (1 switches on core 0)
2026-06-15 20:20:07.595 8 INFO placement.requestlog [None req-2845ec5b-a376-48a6-a2f5-87f43f26439a - - - - - -] 10.0.0.38 "GET /" status: 200 len: 136 microversion: 1.0
2026-06-15 20:20:07.596 9 INFO placement.requestlog [None req-cb9c7bce-9b18-4b89-bb34-4980549eb178 - - - - - -] 10.0.0.38 "GET /" status: 200 len: 136 microversion: 1.0
2026-06-15 20:20:08.435 8 INFO placement.requestlog [None req-6017d742-eff3-4386-bbcf-2248bc64972e ad57e809a55947668b3dd713a09e56e7 d3d5fc76588e4a65b0ceb0f237b3f39a - - 8b075821d85d4afea629acc4e99ce9a9 8b075821d85d4afea629acc4e99ce9a9] 10.0.0.229 "GET /resource_providers/a5def930-34bc-4733-a1c9-022f66086837/aggregates" status: 404 len: 235 microversion: 1.1 [pid: 8|app: 0|req: 449/902] 10.0.0.229 () {32 vars in 816 bytes} [Mon Jun 15 20:20:08 2026] GET /resource_providers/a5def930-34bc-4733-a1c9-022f66086837/aggregates => generated 235 bytes in 17 msecs (HTTP/1.1 404) 5 headers in 202 bytes (1 switches on core 0)
2026-06-15 20:20:08.449 9 INFO placement.requestlog [None req-63fb95fc-6473-4be9-a92b-593a8daa40d2 ad57e809a55947668b3dd713a09e56e7 d3d5fc76588e4a65b0ceb0f237b3f39a - - 8b075821d85d4afea629acc4e99ce9a9 8b075821d85d4afea629acc4e99ce9a9] 10.0.0.229 "GET /resource_providers/a5def930-34bc-4733-a1c9-022f66086837/aggregates" status: 404 len: 235 microversion: 1.1 [pid: 9|app: 0|req: 454/903] 10.0.0.229 () {32 vars in 816 bytes} [Mon Jun 15 20:20:08 2026] GET /resource_providers/a5def930-34bc-4733-a1c9-022f66086837/aggregates => generated 235 bytes in 9 msecs (HTTP/1.1 404) 5 headers in 202 bytes (1 switches on core 0)
2026-06-15 20:20:08.458 8 INFO placement.requestlog [None req-e6bd8eb2-7265-465f-92db-963407ca1874 ad57e809a55947668b3dd713a09e56e7 d3d5fc76588e4a65b0ceb0f237b3f39a - - 8b075821d85d4afea629acc4e99ce9a9 8b075821d85d4afea629acc4e99ce9a9] 10.0.0.229 "DELETE /resource_providers/a5def930-34bc-4733-a1c9-022f66086837" status: 404 len: 246 microversion: 1.1 [pid: 8|app: 0|req: 450/904] 10.0.0.229 () {34 vars in 816 bytes} [Mon Jun 15 20:20:08 2026] DELETE /resource_providers/a5def930-34bc-4733-a1c9-022f66086837 => generated 246 bytes in 9 msecs (HTTP/1.1 404) 6 headers in 231 bytes (1 switches on core 0)
2026-06-15 20:20:08.476 9 INFO placement.requestlog [None req-20e41860-5dfc-43f6-81cb-202e95b2f3bc ad57e809a55947668b3dd713a09e56e7 d3d5fc76588e4a65b0ceb0f237b3f39a - - 8b075821d85d4afea629acc4e99ce9a9 8b075821d85d4afea629acc4e99ce9a9] 10.0.0.229 "GET /resource_providers/533d1295-255c-4ed2-a8fb-ff37f524fb8f/aggregates" status: 404 len: 235 microversion: 1.1 [pid: 9|app: 0|req: 455/905] 10.0.0.229 () {32 vars in 816 bytes} [Mon Jun 15 20:20:08 2026] GET /resource_providers/533d1295-255c-4ed2-a8fb-ff37f524fb8f/aggregates => generated 235 bytes in 9 msecs (HTTP/1.1 404) 5 headers in 202 bytes (1 switches on core 0)
2026-06-15 20:20:08.480 8 INFO placement.requestlog [None req-66ed9e7c-c302-48e7-8869-da202fb30e38 ad57e809a55947668b3dd713a09e56e7 d3d5fc76588e4a65b0ceb0f237b3f39a - - 8b075821d85d4afea629acc4e99ce9a9 8b075821d85d4afea629acc4e99ce9a9] 10.0.0.229 "DELETE /resource_providers/a5def930-34bc-4733-a1c9-022f66086837" status: 404 len: 246 microversion: 1.1 [pid: 8|app: 0|req: 451/906] 10.0.0.229 () {34 vars in 816 bytes} [Mon Jun 15 20:20:08 2026] DELETE /resource_providers/a5def930-34bc-4733-a1c9-022f66086837 => generated 246 bytes in 10 msecs (HTTP/1.1 404) 6 headers in 231 bytes (1 switches on core 0)
2026-06-15 20:20:08.500 9 INFO placement.requestlog [None req-f3a66ab8-f67f-4098-ae92-0d106698a949 ad57e809a55947668b3dd713a09e56e7 d3d5fc76588e4a65b0ceb0f237b3f39a - - 8b075821d85d4afea629acc4e99ce9a9 8b075821d85d4afea629acc4e99ce9a9] 10.0.0.229 "DELETE /resource_providers/533d1295-255c-4ed2-a8fb-ff37f524fb8f" status: 404 len: 246 microversion: 1.1 [pid: 9|app: 0|req: 456/907] 10.0.0.229 () {34 vars in 816 bytes} [Mon Jun 15 20:20:08 2026] DELETE /resource_providers/533d1295-255c-4ed2-a8fb-ff37f524fb8f => generated 246 bytes in 8 msecs (HTTP/1.1 404) 6 headers in 231 bytes (1 switches on core 0)
2026-06-15 20:20:08.505 8 INFO placement.requestlog [None req-f42589b0-1218-49b2-ab7b-e320521556db ad57e809a55947668b3dd713a09e56e7 d3d5fc76588e4a65b0ceb0f237b3f39a - - 8b075821d85d4afea629acc4e99ce9a9 8b075821d85d4afea629acc4e99ce9a9] 10.0.0.229 "GET /resource_providers/533d1295-255c-4ed2-a8fb-ff37f524fb8f/aggregates" status: 404 len: 235 microversion: 1.1 [pid: 8|app: 0|req: 452/908] 10.0.0.229 () {32 vars in 816 bytes} [Mon Jun 15 20:20:08 2026] GET /resource_providers/533d1295-255c-4ed2-a8fb-ff37f524fb8f/aggregates => generated 235 bytes in 7 msecs (HTTP/1.1 404) 5 headers in 202 bytes (1 switches on core 0)
2026-06-15 20:20:08.537 9 INFO placement.requestlog [None req-d3092906-bdb7-4cd1-8bfc-cf22d2c3a97a ad57e809a55947668b3dd713a09e56e7 d3d5fc76588e4a65b0ceb0f237b3f39a - - 8b075821d85d4afea629acc4e99ce9a9 8b075821d85d4afea629acc4e99ce9a9] 10.0.0.229 "DELETE /resource_providers/533d1295-255c-4ed2-a8fb-ff37f524fb8f" status: 404 len: 246 microversion: 1.1 [pid: 9|app: 0|req: 457/909] 10.0.0.229 () {34 vars in 816 bytes} [Mon Jun 15 20:20:08 2026] DELETE /resource_providers/533d1295-255c-4ed2-a8fb-ff37f524fb8f => generated 246 bytes in 10 msecs (HTTP/1.1 404) 6 headers in 231 bytes (1 switches on core 0)
2026-06-15 20:20:10.343 8 INFO placement.requestlog [req-645e58c0-b531-461f-9196-951be0b7c403 req-cc463802-d60c-414b-a12b-8aeaeadb9bef 16eef482856f415b942a68ac9498e743 d3d5fc76588e4a65b0ceb0f237b3f39a - - 8b075821d85d4afea629acc4e99ce9a9 8b075821d85d4afea629acc4e99ce9a9] 10.0.0.153 "GET /allocation_candidates?limit=1000&resources=DISK_GB%3A1%2CMEMORY_MB%3A512%2CVCPU%3A1&root_required=%21COMPUTE_STATUS_DISABLED" status: 200 len: 2444 microversion: 1.36 [pid: 8|app: 0|req: 453/910] 10.0.0.153 () {34 vars in 1012 bytes} [Mon Jun 15 20:20:10 2026] GET /allocation_candidates?limit=1000&resources=DISK_GB%3A1%2CMEMORY_MB%3A512%2CVCPU%3A1&root_required=%21COMPUTE_STATUS_DISABLED => generated 2444 bytes in 48 msecs (HTTP/1.1 200) 8 headers in 297 bytes (1 switches on core 0)
2026-06-15 20:20:10.368 9 INFO placement.requestlog [req-645e58c0-b531-461f-9196-951be0b7c403 req-747a60a5-0774-44c4-b002-ced413ccd85b 16eef482856f415b942a68ac9498e743 d3d5fc76588e4a65b0ceb0f237b3f39a - - 8b075821d85d4afea629acc4e99ce9a9 8b075821d85d4afea629acc4e99ce9a9] 10.0.0.153 "GET /allocations/481f31dc-7ade-460b-916c-4cb786b86e53" status: 200 len: 19 microversion: 1.28 [pid: 9|app: 0|req: 458/911] 10.0.0.153 () {34 vars in 861 bytes} [Mon Jun 15 20:20:10 2026] GET /allocations/481f31dc-7ade-460b-916c-4cb786b86e53 => generated 19 bytes in 11 msecs (HTTP/1.1 200) 8 headers in 295 bytes (1 switches on core 0)
2026-06-15 20:20:10.443 8 INFO placement.requestlog [req-645e58c0-b531-461f-9196-951be0b7c403 req-06e4efd1-c842-48e7-b8fe-0ffe8f03c173 16eef482856f415b942a68ac9498e743 d3d5fc76588e4a65b0ceb0f237b3f39a - - 8b075821d85d4afea629acc4e99ce9a9 8b075821d85d4afea629acc4e99ce9a9] 10.0.0.153 "PUT /allocations/481f31dc-7ade-460b-916c-4cb786b86e53" status: 204 len: 0 microversion: 1.36 [pid: 8|app: 0|req: 454/912] 10.0.0.153 () {38 vars in 914 bytes} [Mon Jun 15 20:20:10 2026] PUT /allocations/481f31dc-7ade-460b-916c-4cb786b86e53 => generated 0 bytes in 69 msecs (HTTP/1.1 204) 5 headers in 199 bytes (1 switches on core 0)
2026-06-15 20:20:11.931 9 INFO placement.requestlog [req-645e58c0-b531-461f-9196-951be0b7c403 req-83d640a9-abba-4658-bb73-5a5c3c178961 16eef482856f415b942a68ac9498e743 d3d5fc76588e4a65b0ceb0f237b3f39a - - 8b075821d85d4afea629acc4e99ce9a9 8b075821d85d4afea629acc4e99ce9a9] 199.19.213.226 "GET /allocations/481f31dc-7ade-460b-916c-4cb786b86e53" status: 200 len: 257 microversion: 1.28 [pid: 9|app: 0|req: 459/913] 199.19.213.226 () {34 vars in 863 bytes} [Mon Jun 15 20:20:11 2026] GET /allocations/481f31dc-7ade-460b-916c-4cb786b86e53 => generated 257 bytes in 11 msecs (HTTP/1.1 200) 8 headers in 296 bytes (1 switches on core 0)
2026-06-15 20:20:12.100 9 INFO placement.requestlog [None req-5de5e724-c118-452f-9d72-a6a59462f889 ad57e809a55947668b3dd713a09e56e7 d3d5fc76588e4a65b0ceb0f237b3f39a - - 8b075821d85d4afea629acc4e99ce9a9 8b075821d85d4afea629acc4e99ce9a9] 10.0.0.229 "GET /resource_providers/14248d58-f0cb-444c-b40e-e059b6413e1b/aggregates" status: 404 len: 235 microversion: 1.1 [pid: 9|app: 0|req: 460/914] 10.0.0.229 () {32 vars in 816 bytes} [Mon Jun 15 20:20:12 2026] GET /resource_providers/14248d58-f0cb-444c-b40e-e059b6413e1b/aggregates => generated 235 bytes in 10 msecs (HTTP/1.1 404) 5 headers in 202 bytes (1 switches on core 0)
2026-06-15 20:20:12.101 8 INFO placement.requestlog [None req-bea55879-2ee2-4a97-b8e7-8a303c2ffb9d ad57e809a55947668b3dd713a09e56e7 d3d5fc76588e4a65b0ceb0f237b3f39a - - 8b075821d85d4afea629acc4e99ce9a9 8b075821d85d4afea629acc4e99ce9a9] 10.0.0.229 "GET /resource_providers/14248d58-f0cb-444c-b40e-e059b6413e1b/aggregates" status: 404 len: 235 microversion: 1.1 [pid: 8|app: 0|req: 455/915] 10.0.0.229 () {32 vars in 816 bytes} [Mon Jun 15 20:20:12 2026] GET /resource_providers/14248d58-f0cb-444c-b40e-e059b6413e1b/aggregates => generated 235 bytes in 10 msecs (HTTP/1.1 404) 5 headers in 202 bytes (1 switches on core 0)
2026-06-15 20:20:12.126 8 INFO placement.requestlog [None req-e634bbdc-befb-4811-8c1a-68b970ad3f2d ad57e809a55947668b3dd713a09e56e7 d3d5fc76588e4a65b0ceb0f237b3f39a - - 8b075821d85d4afea629acc4e99ce9a9 8b075821d85d4afea629acc4e99ce9a9] 10.0.0.229 "DELETE /resource_providers/14248d58-f0cb-444c-b40e-e059b6413e1b" status: 404 len: 246 microversion: 1.1 [pid: 8|app: 0|req: 456/916] 10.0.0.229 () {34 vars in 816 bytes} [Mon Jun 15 20:20:12 2026] DELETE /resource_providers/14248d58-f0cb-444c-b40e-e059b6413e1b => generated 246 bytes in 9 msecs (HTTP/1.1 404) 6 headers in 231 bytes (1 switches on core 0)
2026-06-15 20:20:12.129 9 INFO placement.requestlog [None req-43c26ceb-05fa-4195-9082-397d12344e57 ad57e809a55947668b3dd713a09e56e7 d3d5fc76588e4a65b0ceb0f237b3f39a - - 8b075821d85d4afea629acc4e99ce9a9 8b075821d85d4afea629acc4e99ce9a9] 10.0.0.229 "DELETE /resource_providers/14248d58-f0cb-444c-b40e-e059b6413e1b" status: 404 len: 246 microversion: 1.1 [pid: 9|app: 0|req: 461/917] 10.0.0.229 () {34 vars in 816 bytes} [Mon Jun 15 20:20:12 2026] DELETE /resource_providers/14248d58-f0cb-444c-b40e-e059b6413e1b => generated 246 bytes in 12 msecs (HTTP/1.1 404) 6 headers in 231 bytes (1 switches on core 0)
2026-06-15 20:20:12.405 8 INFO placement.requestlog [None req-41d6c129-32e7-488f-835d-fa8d0b1b6337 ad57e809a55947668b3dd713a09e56e7 d3d5fc76588e4a65b0ceb0f237b3f39a - - 8b075821d85d4afea629acc4e99ce9a9 8b075821d85d4afea629acc4e99ce9a9] 10.0.0.229 "GET /resource_providers/254b9549-98af-46f7-9a11-3dd6fa6057ad/aggregates" status: 404 len: 235 microversion: 1.1 [pid: 8|app: 0|req: 457/918] 10.0.0.229 () {32 vars in 816 bytes} [Mon Jun 15 20:20:12 2026] GET /resource_providers/254b9549-98af-46f7-9a11-3dd6fa6057ad/aggregates => generated 235 bytes in 10 msecs (HTTP/1.1 404) 5 headers in 202 bytes (1 switches on core 0)
2026-06-15 20:20:12.407 9 INFO placement.requestlog [None req-f466e6e2-eb08-4715-b6ca-22db8a4acc74 ad57e809a55947668b3dd713a09e56e7 d3d5fc76588e4a65b0ceb0f237b3f39a - - 8b075821d85d4afea629acc4e99ce9a9 8b075821d85d4afea629acc4e99ce9a9] 10.0.0.229 "GET /resource_providers/254b9549-98af-46f7-9a11-3dd6fa6057ad/aggregates" status: 404 len: 235 microversion: 1.1 [pid: 9|app: 0|req: 462/919] 10.0.0.229 () {32 vars in 816 bytes} [Mon Jun 15 20:20:12 2026] GET /resource_providers/254b9549-98af-46f7-9a11-3dd6fa6057ad/aggregates => generated 235 bytes in 12 msecs (HTTP/1.1 404) 5 headers in 202 bytes (1 switches on core 0)
2026-06-15 20:20:12.432 8 INFO placement.requestlog [None req-f642a149-33eb-42e5-b7a8-c375d9e0c2c9 ad57e809a55947668b3dd713a09e56e7 d3d5fc76588e4a65b0ceb0f237b3f39a - - 8b075821d85d4afea629acc4e99ce9a9 8b075821d85d4afea629acc4e99ce9a9] 10.0.0.229 "DELETE /resource_providers/254b9549-98af-46f7-9a11-3dd6fa6057ad" status: 404 len: 246 microversion: 1.1
2026-06-15 20:20:12.432 9 INFO placement.requestlog [None req-d0121b73-14af-4fef-88d5-dc3f50cf29ed ad57e809a55947668b3dd713a09e56e7 d3d5fc76588e4a65b0ceb0f237b3f39a - - 8b075821d85d4afea629acc4e99ce9a9 8b075821d85d4afea629acc4e99ce9a9] 10.0.0.229 "DELETE /resource_providers/254b9549-98af-46f7-9a11-3dd6fa6057ad" status: 404 len: 246 microversion: 1.1 [pid: 8|app: 0|req: 458/921] 10.0.0.229 () {34 vars in 816 bytes} [Mon Jun 15 20:20:12 2026] DELETE /resource_providers/254b9549-98af-46f7-9a11-3dd6fa6057ad => generated 246 bytes in 12 msecs (HTTP/1.1 404) 6 headers in 231 bytes (1 switches on core 0) [pid: 9|app: 0|req: 463/921] 10.0.0.229 () {34 vars in 816 bytes} [Mon Jun 15 20:20:12 2026] DELETE /resource_providers/254b9549-98af-46f7-9a11-3dd6fa6057ad => generated 246 bytes in 11 msecs (HTTP/1.1 404) 6 headers in 231 bytes (1 switches on core 0)
2026-06-15 20:20:12.982 8 INFO placement.requestlog [req-645e58c0-b531-461f-9196-951be0b7c403 req-96b3c302-800d-41b2-bbc0-67e00a9221e8 16eef482856f415b942a68ac9498e743 d3d5fc76588e4a65b0ceb0f237b3f39a - - 8b075821d85d4afea629acc4e99ce9a9 8b075821d85d4afea629acc4e99ce9a9] 199.19.213.226 "GET /resource_providers/e13d121d-8b01-48e9-be10-80be824b4425/allocations" status: 200 len: 252 microversion: 1.0 [pid: 8|app: 0|req: 459/922] 199.19.213.226 () {32 vars in 857 bytes} [Mon Jun 15 20:20:12 2026] GET /resource_providers/e13d121d-8b01-48e9-be10-80be824b4425/allocations => generated 252 bytes in 16 msecs (HTTP/1.1 200) 6 headers in 224 bytes (1 switches on core 0)
2026-06-15 20:20:13.002 9 INFO placement.requestlog [req-645e58c0-b531-461f-9196-951be0b7c403 req-1f309210-21d8-4a18-a7a7-05147f44ee1a 16eef482856f415b942a68ac9498e743 d3d5fc76588e4a65b0ceb0f237b3f39a - - 8b075821d85d4afea629acc4e99ce9a9 8b075821d85d4afea629acc4e99ce9a9] 199.19.213.226 "GET /allocations/d4a39840-5899-4e23-8a90-3f3d024269dc" status: 200 len: 257 microversion: 1.28 [pid: 9|app: 0|req: 464/923] 199.19.213.226 () {34 vars in 863 bytes} [Mon Jun 15 20:20:12 2026] GET /allocations/d4a39840-5899-4e23-8a90-3f3d024269dc => generated 257 bytes in 13 msecs (HTTP/1.1 200) 8 headers in 296 bytes (1 switches on core 0)
2026-06-15 20:20:13.022 8 INFO placement.requestlog [req-645e58c0-b531-461f-9196-951be0b7c403 req-83acc033-55b5-490c-848f-a5467f2a12b5 16eef482856f415b942a68ac9498e743 d3d5fc76588e4a65b0ceb0f237b3f39a - - 8b075821d85d4afea629acc4e99ce9a9 8b075821d85d4afea629acc4e99ce9a9] 199.19.213.226 "GET /allocations/481f31dc-7ade-460b-916c-4cb786b86e53" status: 200 len: 257 microversion: 1.28 [pid: 8|app: 0|req: 460/924] 199.19.213.226 () {34 vars in 863 bytes} [Mon Jun 15 20:20:13 2026] GET /allocations/481f31dc-7ade-460b-916c-4cb786b86e53 => generated 257 bytes in 15 msecs (HTTP/1.1 200) 8 headers in 296 bytes (1 switches on core 0)
2026-06-15 20:20:16.140 8 INFO placement.requestlog [None req-2ac8b3ef-1f15-4013-8137-b560d3adaa15 ad57e809a55947668b3dd713a09e56e7 d3d5fc76588e4a65b0ceb0f237b3f39a - - 8b075821d85d4afea629acc4e99ce9a9 8b075821d85d4afea629acc4e99ce9a9] 10.0.0.229 "GET /resource_providers/5a78dfd6-8435-4373-8cbf-d62e2379f407/aggregates" status: 404 len: 235 microversion: 1.1 [pid: 8|app: 0|req: 461/925] 10.0.0.229 () {32 vars in 816 bytes} [Mon Jun 15 20:20:16 2026] GET /resource_providers/5a78dfd6-8435-4373-8cbf-d62e2379f407/aggregates => generated 235 bytes in 14 msecs (HTTP/1.1 404) 5 headers in 202 bytes (1 switches on core 0)
2026-06-15 20:20:16.142 9 INFO placement.requestlog [None req-81232b66-08b6-4651-8735-1e60d3b826a4 ad57e809a55947668b3dd713a09e56e7 d3d5fc76588e4a65b0ceb0f237b3f39a - - 8b075821d85d4afea629acc4e99ce9a9 8b075821d85d4afea629acc4e99ce9a9] 10.0.0.229 "GET /resource_providers/5a78dfd6-8435-4373-8cbf-d62e2379f407/aggregates" status: 404 len: 235 microversion: 1.1 [pid: 9|app: 0|req: 465/926] 10.0.0.229 () {32 vars in 816 bytes} [Mon Jun 15 20:20:16 2026] GET /resource_providers/5a78dfd6-8435-4373-8cbf-d62e2379f407/aggregates => generated 235 bytes in 22 msecs (HTTP/1.1 404) 5 headers in 202 bytes (1 switches on core 0)
2026-06-15 20:20:16.170 9 INFO placement.requestlog [None req-414e50d3-6312-4c59-920a-99e332002786 ad57e809a55947668b3dd713a09e56e7 d3d5fc76588e4a65b0ceb0f237b3f39a - - 8b075821d85d4afea629acc4e99ce9a9 8b075821d85d4afea629acc4e99ce9a9] 10.0.0.229 "DELETE /resource_providers/5a78dfd6-8435-4373-8cbf-d62e2379f407" status: 404 len: 246 microversion: 1.1 [pid: 9|app: 0|req: 466/927] 10.0.0.229 () {34 vars in 816 bytes} [Mon Jun 15 20:20:16 2026] DELETE /resource_providers/5a78dfd6-8435-4373-8cbf-d62e2379f407 => generated 246 bytes in 11 msecs (HTTP/1.1 404) 6 headers in 231 bytes (1 switches on core 0)
2026-06-15 20:20:16.174 8 INFO placement.requestlog [None req-9f6ff0a4-8201-4c28-b2bb-e9b415b4a7a3 ad57e809a55947668b3dd713a09e56e7 d3d5fc76588e4a65b0ceb0f237b3f39a - - 8b075821d85d4afea629acc4e99ce9a9 8b075821d85d4afea629acc4e99ce9a9] 10.0.0.229 "DELETE /resource_providers/5a78dfd6-8435-4373-8cbf-d62e2379f407" status: 404 len: 246 microversion: 1.1 [pid: 8|app: 0|req: 462/928] 10.0.0.229 () {34 vars in 816 bytes} [Mon Jun 15 20:20:16 2026] DELETE /resource_providers/5a78dfd6-8435-4373-8cbf-d62e2379f407 => generated 246 bytes in 18 msecs (HTTP/1.1 404) 6 headers in 231 bytes (1 switches on core 0)
2026-06-15 20:20:17.594 9 INFO placement.requestlog [None req-1aedaf1d-b4da-429a-8da9-3c224f756214 - - - - - -] 10.0.0.38 "GET /" status: 200 len: 136 microversion: 1.0
2026-06-15 20:20:17.595 8 INFO placement.requestlog [None req-d890531c-99b7-4e7f-8b26-3b727a4f8959 - - - - - -] 10.0.0.38 "GET /" status: 200 len: 136 microversion: 1.0
2026-06-15 20:20:18.197 9 INFO placement.requestlog [None req-68f66990-a9a9-4037-bc97-38c249817c36 ad57e809a55947668b3dd713a09e56e7 d3d5fc76588e4a65b0ceb0f237b3f39a - - 8b075821d85d4afea629acc4e99ce9a9 8b075821d85d4afea629acc4e99ce9a9] 10.0.0.229 "GET /resource_providers/242f8cfb-0672-4380-b5f6-8b8ee79e0930/aggregates" status: 404 len: 235 microversion: 1.1 [pid: 9|app: 0|req: 468/931] 10.0.0.229 () {32 vars in 816 bytes} [Mon Jun 15 20:20:18 2026] GET /resource_providers/242f8cfb-0672-4380-b5f6-8b8ee79e0930/aggregates => generated 235 bytes in 11 msecs (HTTP/1.1 404) 5 headers in 202 bytes (1 switches on core 0)
2026-06-15 20:20:18.204 8 INFO placement.requestlog [None req-f3460daf-32d0-4d25-bb14-cc7716d32f50 ad57e809a55947668b3dd713a09e56e7 d3d5fc76588e4a65b0ceb0f237b3f39a - - 8b075821d85d4afea629acc4e99ce9a9 8b075821d85d4afea629acc4e99ce9a9] 10.0.0.229 "GET /resource_providers/242f8cfb-0672-4380-b5f6-8b8ee79e0930/aggregates" status: 404 len: 235 microversion: 1.1 [pid: 8|app: 0|req: 464/932] 10.0.0.229 () {32 vars in 816 bytes} [Mon Jun 15 20:20:18 2026] GET /resource_providers/242f8cfb-0672-4380-b5f6-8b8ee79e0930/aggregates => generated 235 bytes in 15 msecs (HTTP/1.1 404) 5 headers in 202 bytes (1 switches on core 0)
2026-06-15 20:20:18.212 9 INFO placement.requestlog [None req-0c754dc4-715b-4056-aadc-a77be95cb846 ad57e809a55947668b3dd713a09e56e7 d3d5fc76588e4a65b0ceb0f237b3f39a - - 8b075821d85d4afea629acc4e99ce9a9 8b075821d85d4afea629acc4e99ce9a9] 10.0.0.229 "DELETE /resource_providers/242f8cfb-0672-4380-b5f6-8b8ee79e0930" status: 404 len: 246 microversion: 1.1 [pid: 9|app: 0|req: 469/933] 10.0.0.229 () {34 vars in 816 bytes} [Mon Jun 15 20:20:18 2026] DELETE /resource_providers/242f8cfb-0672-4380-b5f6-8b8ee79e0930 => generated 246 bytes in 8 msecs (HTTP/1.1 404) 6 headers in 231 bytes (1 switches on core 0)
2026-06-15 20:20:18.237 8 INFO placement.requestlog [None req-c7f0e335-e520-4c7c-b8aa-ed339539485f ad57e809a55947668b3dd713a09e56e7 d3d5fc76588e4a65b0ceb0f237b3f39a - - 8b075821d85d4afea629acc4e99ce9a9 8b075821d85d4afea629acc4e99ce9a9] 10.0.0.229 "DELETE /resource_providers/242f8cfb-0672-4380-b5f6-8b8ee79e0930" status: 404 len: 246 microversion: 1.1 [pid: 8|app: 0|req: 465/934] 10.0.0.229 () {34 vars in 816 bytes} [Mon Jun 15 20:20:18 2026] DELETE /resource_providers/242f8cfb-0672-4380-b5f6-8b8ee79e0930 => generated 246 bytes in 21 msecs (HTTP/1.1 404) 6 headers in 231 bytes (1 switches on core 0)
2026-06-15 20:20:20.570 9 INFO placement.requestlog [None req-6e2ae7c4-13c1-4051-84fb-cb889381b7c0 ad57e809a55947668b3dd713a09e56e7 d3d5fc76588e4a65b0ceb0f237b3f39a - - 8b075821d85d4afea629acc4e99ce9a9 8b075821d85d4afea629acc4e99ce9a9] 10.0.0.229 "GET /resource_providers/3acbe036-88d3-4061-ba28-3f01329ee68c/aggregates" status: 404 len: 235 microversion: 1.1 [pid: 9|app: 0|req: 470/935] 10.0.0.229 () {32 vars in 816 bytes} [Mon Jun 15 20:20:20 2026] GET /resource_providers/3acbe036-88d3-4061-ba28-3f01329ee68c/aggregates => generated 235 bytes in 13 msecs (HTTP/1.1 404) 5 headers in 202 bytes (1 switches on core 0)
2026-06-15 20:20:20.586 8 INFO placement.requestlog [None req-edfea506-a6cb-46b3-99e3-0179099e8595 ad57e809a55947668b3dd713a09e56e7 d3d5fc76588e4a65b0ceb0f237b3f39a - - 8b075821d85d4afea629acc4e99ce9a9 8b075821d85d4afea629acc4e99ce9a9] 10.0.0.229 "GET /resource_providers/3acbe036-88d3-4061-ba28-3f01329ee68c/aggregates" status: 404 len: 235 microversion: 1.1 [pid: 8|app: 0|req: 466/936] 10.0.0.229 () {32 vars in 816 bytes} [Mon Jun 15 20:20:20 2026] GET /resource_providers/3acbe036-88d3-4061-ba28-3f01329ee68c/aggregates => generated 235 bytes in 22 msecs (HTTP/1.1 404) 5 headers in 202 bytes (1 switches on core 0)
2026-06-15 20:20:20.593 9 INFO placement.requestlog [None req-c602e139-b810-4d2c-94e4-d39b59a7a34b ad57e809a55947668b3dd713a09e56e7 d3d5fc76588e4a65b0ceb0f237b3f39a - - 8b075821d85d4afea629acc4e99ce9a9 8b075821d85d4afea629acc4e99ce9a9] 10.0.0.229 "DELETE /resource_providers/3acbe036-88d3-4061-ba28-3f01329ee68c" status: 404 len: 246 microversion: 1.1 [pid: 9|app: 0|req: 471/937] 10.0.0.229 () {34 vars in 816 bytes} [Mon Jun 15 20:20:20 2026] DELETE /resource_providers/3acbe036-88d3-4061-ba28-3f01329ee68c => generated 246 bytes in 12 msecs (HTTP/1.1 404) 6 headers in 231 bytes (1 switches on core 0)
2026-06-15 20:20:20.607 8 INFO placement.requestlog [None req-d09224ab-f819-467f-acc0-6f1aeaa46c60 ad57e809a55947668b3dd713a09e56e7 d3d5fc76588e4a65b0ceb0f237b3f39a - - 8b075821d85d4afea629acc4e99ce9a9 8b075821d85d4afea629acc4e99ce9a9] 10.0.0.229 "DELETE /resource_providers/3acbe036-88d3-4061-ba28-3f01329ee68c" status: 404 len: 246 microversion: 1.1 [pid: 8|app: 0|req: 467/938] 10.0.0.229 () {34 vars in 816 bytes} [Mon Jun 15 20:20:20 2026] DELETE /resource_providers/3acbe036-88d3-4061-ba28-3f01329ee68c => generated 246 bytes in 15 msecs (HTTP/1.1 404) 6 headers in 231 bytes (1 switches on core 0)
2026-06-15 20:20:27.594 9 INFO placement.requestlog [None req-2d8eff7a-e762-44b3-8b6f-d01b9e1554cb - - - - - -] 10.0.0.38 "GET /" status: 200 len: 136 microversion: 1.0
2026-06-15 20:20:27.594 8 INFO placement.requestlog [None req-e980793e-a0b1-4761-8e9f-aa3e58e99708 - - - - - -] 10.0.0.38 "GET /" status: 200 len: 136 microversion: 1.0
2026-06-15 20:20:27.634 8 INFO placement.requestlog [req-139cffa5-c6db-48c5-a993-db383d0de520 req-82f11ca7-c360-44e4-b3d4-98528822e5e1 16eef482856f415b942a68ac9498e743 d3d5fc76588e4a65b0ceb0f237b3f39a - - 8b075821d85d4afea629acc4e99ce9a9 8b075821d85d4afea629acc4e99ce9a9] 199.19.213.226 "GET /resource_providers/e13d121d-8b01-48e9-be10-80be824b4425/allocations" status: 200 len: 252 microversion: 1.0 [pid: 8|app: 0|req: 469/941] 199.19.213.226 () {32 vars in 857 bytes} [Mon Jun 15 20:20:27 2026] GET /resource_providers/e13d121d-8b01-48e9-be10-80be824b4425/allocations => generated 252 bytes in 16 msecs (HTTP/1.1 200) 6 headers in 224 bytes (1 switches on core 0)
2026-06-15 20:20:27.654 9 INFO placement.requestlog [req-139cffa5-c6db-48c5-a993-db383d0de520 req-8d560c96-cf30-49a8-9356-7655d230e3f0 16eef482856f415b942a68ac9498e743 d3d5fc76588e4a65b0ceb0f237b3f39a - - 8b075821d85d4afea629acc4e99ce9a9 8b075821d85d4afea629acc4e99ce9a9] 199.19.213.226 "GET /allocations/d4a39840-5899-4e23-8a90-3f3d024269dc" status: 200 len: 257 microversion: 1.28 [pid: 9|app: 0|req: 473/942] 199.19.213.226 () {34 vars in 863 bytes} [Mon Jun 15 20:20:27 2026] GET /allocations/d4a39840-5899-4e23-8a90-3f3d024269dc => generated 257 bytes in 14 msecs (HTTP/1.1 200) 8 headers in 296 bytes (1 switches on core 0)
2026-06-15 20:20:27.673 8 INFO placement.requestlog [req-139cffa5-c6db-48c5-a993-db383d0de520 req-726cde4f-d7f4-4f83-ae57-34d2c3f3ffc6 16eef482856f415b942a68ac9498e743 d3d5fc76588e4a65b0ceb0f237b3f39a - - 8b075821d85d4afea629acc4e99ce9a9 8b075821d85d4afea629acc4e99ce9a9] 199.19.213.226 "GET /allocations/481f31dc-7ade-460b-916c-4cb786b86e53" status: 200 len: 257 microversion: 1.28 [pid: 8|app: 0|req: 470/943] 199.19.213.226 () {34 vars in 863 bytes} [Mon Jun 15 20:20:27 2026] GET /allocations/481f31dc-7ade-460b-916c-4cb786b86e53 => generated 257 bytes in 12 msecs (HTTP/1.1 200) 8 headers in 296 bytes (1 switches on core 0)
2026-06-15 20:20:28.731 9 INFO placement.requestlog [req-139cffa5-c6db-48c5-a993-db383d0de520 req-1c386f64-d034-4dfd-9b1a-65de1ca50a69 16eef482856f415b942a68ac9498e743 d3d5fc76588e4a65b0ceb0f237b3f39a - - 8b075821d85d4afea629acc4e99ce9a9 8b075821d85d4afea629acc4e99ce9a9] 199.19.213.226 "DELETE /allocations/481f31dc-7ade-460b-916c-4cb786b86e53" status: 204 len: 0 microversion: 1.0 [pid: 9|app: 0|req: 474/944] 199.19.213.226 () {34 vars in 841 bytes} [Mon Jun 15 20:20:28 2026] DELETE /allocations/481f31dc-7ade-460b-916c-4cb786b86e53 => generated 0 bytes in 27 msecs (HTTP/1.1 204) 5 headers in 198 bytes (1 switches on core 0)
