+ COMMAND=start + start + for KEYSTONE_WSGI_SCRIPT in keystone-wsgi-public ++ type -p keystone-wsgi-public + cp -a /var/lib/openstack/bin/keystone-wsgi-public /var/www/cgi-bin/keystone/ + '[' -f /etc/apache2/envvars ']' + source /etc/apache2/envvars ++ unset HOME ++ '[' '' '!=' '' ']' ++ SUFFIX= ++ export APACHE_RUN_USER=www-data ++ APACHE_RUN_USER=www-data ++ export APACHE_RUN_GROUP=www-data ++ APACHE_RUN_GROUP=www-data ++ export APACHE_PID_FILE=/var/run/apache2/apache2.pid ++ APACHE_PID_FILE=/var/run/apache2/apache2.pid ++ export APACHE_RUN_DIR=/var/run/apache2 ++ APACHE_RUN_DIR=/var/run/apache2 ++ export APACHE_LOCK_DIR=/var/lock/apache2 ++ APACHE_LOCK_DIR=/var/lock/apache2 ++ export APACHE_LOG_DIR=/var/log/apache2 ++ APACHE_LOG_DIR=/var/log/apache2 ++ export LANG=C ++ LANG=C ++ export LANG + '[' -f /var/run/apache2/apache2.pid ']' + exec apache2 -DFOREGROUND AH00558: apache2: Could not reliably determine the server's fully qualified domain name, using 10.0.0.73. Set the 'ServerName' directive globally to suppress this message AH00558: apache2: Could not reliably determine the server's fully qualified domain name, using 10.0.0.73. Set the 'ServerName' directive globally to suppress this message
[Thu Jul 02 15:33:29.735691 2026] [mpm_event:notice] [pid 1:tid 140466112456576] AH00489: Apache/2.4.58 (Ubuntu) mod_wsgi/5.0.0 Python/3.12 configured -- resuming normal operations
[Thu Jul 02 15:33:29.735856 2026] [core:notice] [pid 1:tid 140466112456576] AH00094: Command line: 'apache2 -D FOREGROUND'
[Thu Jul 02 15:34:30.863510 2026] [wsgi:error] [pid 9:tid 140465474635456] /var/lib/openstack/lib/python3.12/site-packages/oslo_utils/importutils.py:77: EventletDeprecationWarning:
[Thu Jul 02 15:34:30.863546 2026] [wsgi:error] [pid 9:tid 140465474635456] Eventlet is deprecated. It is currently being maintained in bugfix mode, and
[Thu Jul 02 15:34:30.863548 2026] [wsgi:error] [pid 9:tid 140465474635456] we strongly recommend against using it for new projects.
[Thu Jul 02 15:34:30.863549 2026] [wsgi:error] [pid 9:tid 140465474635456]
[Thu Jul 02 15:34:30.863551 2026] [wsgi:error] [pid 9:tid 140465474635456] If you are already using Eventlet, we recommend migrating to a different
[Thu Jul 02 15:34:30.863552 2026] [wsgi:error] [pid 9:tid 140465474635456] framework. For more detail see
[Thu Jul 02 15:34:30.863553 2026] [wsgi:error] [pid 9:tid 140465474635456] https://eventlet.readthedocs.io/en/latest/asyncio/migration.html
[Thu Jul 02 15:34:30.863554 2026] [wsgi:error] [pid 9:tid 140465474635456]
[Thu Jul 02 15:34:30.863555 2026] [wsgi:error] [pid 9:tid 140465474635456] __import__(import_str)
[Thu Jul 02 15:34:30.877311 2026] [wsgi:error] [pid 12:tid 140465474635456] /var/lib/openstack/lib/python3.12/site-packages/oslo_utils/importutils.py:77: EventletDeprecationWarning:
[Thu Jul 02 15:34:30.877354 2026] [wsgi:error] [pid 12:tid 140465474635456] Eventlet is deprecated. It is currently being maintained in bugfix mode, and
[Thu Jul 02 15:34:30.877356 2026] [wsgi:error] [pid 12:tid 140465474635456] we strongly recommend against using it for new projects.
[Thu Jul 02 15:34:30.877358 2026] [wsgi:error] [pid 12:tid 140465474635456]
[Thu Jul 02 15:34:30.877359 2026] [wsgi:error] [pid 12:tid 140465474635456] If you are already using Eventlet, we recommend migrating to a different
[Thu Jul 02 15:34:30.877361 2026] [wsgi:error] [pid 12:tid 140465474635456] framework. For more detail see
[Thu Jul 02 15:34:30.877362 2026] [wsgi:error] [pid 12:tid 140465474635456] https://eventlet.readthedocs.io/en/latest/asyncio/migration.html
[Thu Jul 02 15:34:30.877364 2026] [wsgi:error] [pid 12:tid 140465474635456]
[Thu Jul 02 15:34:30.877365 2026] [wsgi:error] [pid 12:tid 140465474635456] __import__(import_str) 10.0.0.46 - - [02/Jul/2026:15:34:30 +0000] "GET /v3/ HTTP/1.1" 200 249 10.0.0.46 - - [02/Jul/2026:15:34:30 +0000] "GET /v3/ HTTP/1.1" 200 249
[Thu Jul 02 15:34:36.134610 2026] [wsgi:error] [pid 10:tid 140465474635456] /var/lib/openstack/lib/python3.12/site-packages/oslo_utils/importutils.py:77: EventletDeprecationWarning:
[Thu Jul 02 15:34:36.134646 2026] [wsgi:error] [pid 10:tid 140465474635456] Eventlet is deprecated. It is currently being maintained in bugfix mode, and
[Thu Jul 02 15:34:36.134648 2026] [wsgi:error] [pid 10:tid 140465474635456] we strongly recommend against using it for new projects.
[Thu Jul 02 15:34:36.134649 2026] [wsgi:error] [pid 10:tid 140465474635456]
[Thu Jul 02 15:34:36.134650 2026] [wsgi:error] [pid 10:tid 140465474635456] If you are already using Eventlet, we recommend migrating to a different
[Thu Jul 02 15:34:36.134651 2026] [wsgi:error] [pid 10:tid 140465474635456] framework. For more detail see
[Thu Jul 02 15:34:36.134652 2026] [wsgi:error] [pid 10:tid 140465474635456] https://eventlet.readthedocs.io/en/latest/asyncio/migration.html
[Thu Jul 02 15:34:36.134653 2026] [wsgi:error] [pid 10:tid 140465474635456]
[Thu Jul 02 15:34:36.134654 2026] [wsgi:error] [pid 10:tid 140465474635456] __import__(import_str) 10.0.0.46 - - [02/Jul/2026:15:34:35 +0000] "GET /v3/ HTTP/1.1" 200 249
[Thu Jul 02 15:34:42.845570 2026] [wsgi:error] [pid 11:tid 140465474635456] /var/lib/openstack/lib/python3.12/site-packages/oslo_utils/importutils.py:77: EventletDeprecationWarning:
[Thu Jul 02 15:34:42.845609 2026] [wsgi:error] [pid 11:tid 140465474635456] Eventlet is deprecated. It is currently being maintained in bugfix mode, and
[Thu Jul 02 15:34:42.845611 2026] [wsgi:error] [pid 11:tid 140465474635456] we strongly recommend against using it for new projects.
[Thu Jul 02 15:34:42.845612 2026] [wsgi:error] [pid 11:tid 140465474635456]
[Thu Jul 02 15:34:42.845613 2026] [wsgi:error] [pid 11:tid 140465474635456] If you are already using Eventlet, we recommend migrating to a different
[Thu Jul 02 15:34:42.845614 2026] [wsgi:error] [pid 11:tid 140465474635456] framework. For more detail see
[Thu Jul 02 15:34:42.845616 2026] [wsgi:error] [pid 11:tid 140465474635456] https://eventlet.readthedocs.io/en/latest/asyncio/migration.html
[Thu Jul 02 15:34:42.845617 2026] [wsgi:error] [pid 11:tid 140465474635456]
[Thu Jul 02 15:34:42.845618 2026] [wsgi:error] [pid 11:tid 140465474635456] __import__(import_str) 10.0.0.135 - - [02/Jul/2026:15:34:41 +0000] "GET / HTTP/1.1" 300 295
[Thu Jul 02 15:34:47.491315 2026] [wsgi:error] [pid 9:tid 140465474635456] [remote 10.0.0.135:41064] 2026-07-02 15:34:47.487 9 WARNING keystone.identity.core [None req-be17195d-6e98-48ff-8af5-d7508b9fb751 - - - - - -] Invalid domain name (atmosphere) found in config file name: keystone.exception.DomainNotFound: Could not find domain: atmosphere.
[Thu Jul 02 15:34:47.547875 2026] [wsgi:error] [pid 9:tid 140465474635456] [remote 10.0.0.135:41064] 2026-07-02 15:34:47.547 9 WARNING keystone.common.password_hashing [None req-be17195d-6e98-48ff-8af5-d7508b9fb751 - - - - - -] Truncating password to algorithm specific maximum length 72 characters.
[Thu Jul 02 15:34:47.841592 2026] [wsgi:error] [pid 9:tid 140465474635456] [remote 10.0.0.135:41064] 2026-07-02 15:34:47.841 9 WARNING keystone.common.fernet_utils [None req-be17195d-6e98-48ff-8af5-d7508b9fb751 - - - - - -] key_repository is world readable: /etc/keystone/fernet-keys/ 10.0.0.135 - - [02/Jul/2026:15:34:47 +0000] "POST /v3/auth/tokens HTTP/1.1" 201 1360
[Thu Jul 02 15:34:48.232229 2026] [wsgi:error] [pid 12:tid 140465474635456] [remote 10.0.0.135:41064] 2026-07-02 15:34:48.228 12 WARNING keystone.identity.core [None req-4f9c30c7-02dc-4d70-977f-ef5641e8736a - - - - - -] Invalid domain name (atmosphere) found in config file name: keystone.exception.DomainNotFound: Could not find domain: atmosphere. 10.0.0.135 - - [02/Jul/2026:15:34:48 +0000] "POST /v3/domains HTTP/1.1" 201 261 10.0.0.169 - - [02/Jul/2026:15:35:00 +0000] "GET / HTTP/1.1" 300 295
[Thu Jul 02 15:35:00.502834 2026] [wsgi:error] [pid 11:tid 140465474635456] [remote 10.0.0.169:51362] 2026-07-02 15:35:00.502 11 WARNING keystone.common.password_hashing [None req-80f05115-b8ad-485d-9c79-3e31e5e68a33 - - - - - -] Truncating password to algorithm specific maximum length 72 characters.
[Thu Jul 02 15:35:00.784984 2026] [wsgi:error] [pid 11:tid 140465474635456] [remote 10.0.0.169:51362] 2026-07-02 15:35:00.784 11 WARNING keystone.common.fernet_utils [None req-80f05115-b8ad-485d-9c79-3e31e5e68a33 - - - - - -] key_repository is world readable: /etc/keystone/fernet-keys/ 10.0.0.169 - - [02/Jul/2026:15:35:00 +0000] "POST /v3/auth/tokens HTTP/1.1" 201 1360 10.0.0.169 - - [02/Jul/2026:15:35:00 +0000] "GET /v3/roles/admin HTTP/1.1" 404 83
[Thu Jul 02 15:35:01.039508 2026] [wsgi:error] [pid 12:tid 140465474635456] [remote 10.0.0.169:51362] 2026-07-02 15:35:01.039 12 WARNING keystone.common.rbac_enforcer.enforcer [None req-4aa577b0-0c06-4d27-96bb-5cfb9567e8d2 2cb579a1b4994edc885c0ea324370bd1 c5ff8e4e12274e68be3982ae98d13b6d - - default default] Deprecated policy rules found. Use oslopolicy-policy-generator and oslopolicy-policy-upgrade to detect and resolve deprecated policies in your configuration. 10.0.0.169 - - [02/Jul/2026:15:35:01 +0000] "GET /v3/roles?name=admin HTTP/1.1" 200 389
[Thu Jul 02 15:35:01.518200 2026] [wsgi:error] [pid 10:tid 140465474635456] [remote 10.0.0.169:51362] 2026-07-02 15:35:01.517 10 WARNING keystone.common.rbac_enforcer.enforcer [None req-429f1b67-e9e3-4be7-ad64-61d7d8c8202a 2cb579a1b4994edc885c0ea324370bd1 c5ff8e4e12274e68be3982ae98d13b6d - - default default] Deprecated policy rules found. Use oslopolicy-policy-generator and oslopolicy-policy-upgrade to detect and resolve deprecated policies in your configuration. 10.0.0.169 - - [02/Jul/2026:15:35:01 +0000] "GET /v3/users/admin-RegionOne HTTP/1.1" 404 93
[Thu Jul 02 15:35:01.662422 2026] [wsgi:error] [pid 11:tid 140465474635456] [remote 10.0.0.169:51362] 2026-07-02 15:35:01.662 11 WARNING keystone.common.rbac_enforcer.enforcer [None req-8eeeb816-797e-4fa0-9779-92be81d69b13 2cb579a1b4994edc885c0ea324370bd1 c5ff8e4e12274e68be3982ae98d13b6d - - default default] Deprecated policy rules found. Use oslopolicy-policy-generator and oslopolicy-policy-upgrade to detect and resolve deprecated policies in your configuration. 10.0.0.169 - - [02/Jul/2026:15:35:01 +0000] "GET /v3/users?name=admin-RegionOne HTTP/1.1" 200 422
[Thu Jul 02 15:35:01.839192 2026] [wsgi:error] [pid 9:tid 140465474635456] [remote 10.0.0.169:51362] 2026-07-02 15:35:01.838 9 WARNING keystone.common.rbac_enforcer.enforcer [None req-308f9e94-bd94-49cb-bd3d-bb216a3835e0 2cb579a1b4994edc885c0ea324370bd1 c5ff8e4e12274e68be3982ae98d13b6d - - default default] Deprecated policy rules found. Use oslopolicy-policy-generator and oslopolicy-policy-upgrade to detect and resolve deprecated policies in your configuration. 10.0.0.169 - - [02/Jul/2026:15:35:01 +0000] "GET /v3/domains/default HTTP/1.1" 200 224 10.0.0.169 - - [02/Jul/2026:15:35:01 +0000] "PUT /v3/domains/default/users/2cb579a1b4994edc885c0ea324370bd1/roles/ecad68cdcae0449ba12d3a3c1c2ad676 HTTP/1.1" 204 - 10.0.0.46 - - [02/Jul/2026:15:35:12 +0000] "GET / HTTP/1.1" 300 281 10.0.0.46 - - [02/Jul/2026:15:35:13 +0000] "GET /v3 HTTP/1.1" 200 266
[Thu Jul 02 15:35:13.537206 2026] [wsgi:error] [pid 9:tid 140465474635456] [remote 10.0.0.46:39732] 2026-07-02 15:35:13.536 9 WARNING keystone.common.password_hashing [None req-fa6d0c0d-49fe-46d9-81b5-910f22815ee1 - - - - - -] Truncating password to algorithm specific maximum length 72 characters.
[Thu Jul 02 15:35:13.810900 2026] [wsgi:error] [pid 9:tid 140465474635456] [remote 10.0.0.46:39732] 2026-07-02 15:35:13.810 9 WARNING keystone.common.fernet_utils [None req-fa6d0c0d-49fe-46d9-81b5-910f22815ee1 - - - - - -] key_repository is world readable: /etc/keystone/fernet-keys/ 10.0.0.46 - - [02/Jul/2026:15:35:13 +0000] "POST /v3/auth/tokens HTTP/1.1" 201 1360 10.0.0.46 - - [02/Jul/2026:15:35:13 +0000] "GET / HTTP/1.1" 300 281 10.0.0.46 - - [02/Jul/2026:15:35:13 +0000] "GET /v3/domains/atmosphere HTTP/1.1" 404 90 10.0.0.46 - - [02/Jul/2026:15:35:14 +0000] "GET /v3/domains?name=atmosphere HTTP/1.1" 200 370 10.0.0.46 - - [02/Jul/2026:15:35:14 +0000] "GET /v3/domains/50ad83e71f4c4d8abbc16cffc7b37772 HTTP/1.1" 200 247 10.0.0.46 - - [02/Jul/2026:15:35:14 +0000] "GET /v3 HTTP/1.1" 200 266
[Thu Jul 02 15:35:14.910760 2026] [wsgi:error] [pid 10:tid 140465474635456] [remote 10.0.0.46:39716] 2026-07-02 15:35:14.910 10 WARNING keystone.common.password_hashing [None req-6baf53c4-7510-496f-99d4-e64a7ee7a9f6 - - - - - -] Truncating password to algorithm specific maximum length 72 characters.
[Thu Jul 02 15:35:15.188683 2026] [wsgi:error] [pid 10:tid 140465474635456] [remote 10.0.0.46:39716] 2026-07-02 15:35:15.188 10 WARNING keystone.common.fernet_utils [None req-6baf53c4-7510-496f-99d4-e64a7ee7a9f6 - - - - - -] key_repository is world readable: /etc/keystone/fernet-keys/ 10.0.0.46 - - [02/Jul/2026:15:35:14 +0000] "POST /v3/auth/tokens HTTP/1.1" 201 1360 10.0.0.46 - - [02/Jul/2026:15:35:15 +0000] "GET / HTTP/1.1" 300 281 10.0.0.46 - - [02/Jul/2026:15:35:15 +0000] "GET /v3/OS-FEDERATION/identity_providers/atmosphere HTTP/1.1" 404 101 10.0.0.46 - - [02/Jul/2026:15:35:15 +0000] "GET /v3/OS-FEDERATION/identity_providers HTTP/1.1" 200 156 10.0.0.46 - - [02/Jul/2026:15:35:15 +0000] "PUT /v3/OS-FEDERATION/identity_providers/atmosphere HTTP/1.1" 201 342 10.0.0.46 - - [02/Jul/2026:15:35:15 +0000] "GET /v3 HTTP/1.1" 200 266
[Thu Jul 02 15:35:16.011324 2026] [wsgi:error] [pid 9:tid 140465474635456] [remote 10.0.0.46:39732] 2026-07-02 15:35:16.011 9 WARNING keystone.common.password_hashing [None req-10362a8d-b3a2-400e-8024-dc14a93f9e6b - - - - - -] Truncating password to algorithm specific maximum length 72 characters.
[Thu Jul 02 15:35:16.301265 2026] [wsgi:error] [pid 9:tid 140465474635456] [remote 10.0.0.46:39732] 2026-07-02 15:35:16.301 9 WARNING keystone.common.fernet_utils [None req-10362a8d-b3a2-400e-8024-dc14a93f9e6b - - - - - -] key_repository is world readable: /etc/keystone/fernet-keys/ 10.0.0.46 - - [02/Jul/2026:15:35:15 +0000] "POST /v3/auth/tokens HTTP/1.1" 201 1360 10.0.0.46 - - [02/Jul/2026:15:35:16 +0000] "GET / HTTP/1.1" 300 281 10.0.0.46 - - [02/Jul/2026:15:35:16 +0000] "GET /v3/OS-FEDERATION/mappings/atmosphere-openid HTTP/1.1" 404 98 10.0.0.46 - - [02/Jul/2026:15:35:16 +0000] "GET /v3/OS-FEDERATION/mappings HTTP/1.1" 200 136 10.0.0.46 - - [02/Jul/2026:15:35:16 +0000] "PUT /v3/OS-FEDERATION/mappings/atmosphere-openid HTTP/1.1" 201 357 10.0.0.46 - - [02/Jul/2026:15:35:17 +0000] "GET /v3 HTTP/1.1" 200 266
[Thu Jul 02 15:35:17.136224 2026] [wsgi:error] [pid 10:tid 140465474635456] [remote 10.0.0.46:39732] 2026-07-02 15:35:17.135 10 WARNING keystone.common.password_hashing [None req-7b62ffbe-2b1f-4f9e-9bb9-ae89917a4f81 - - - - - -] Truncating password to algorithm specific maximum length 72 characters.
[Thu Jul 02 15:35:17.410923 2026] [wsgi:error] [pid 10:tid 140465474635456] [remote 10.0.0.46:39732] 2026-07-02 15:35:17.410 10 WARNING keystone.common.fernet_utils [None req-7b62ffbe-2b1f-4f9e-9bb9-ae89917a4f81 - - - - - -] key_repository is world readable: /etc/keystone/fernet-keys/ 10.0.0.46 - - [02/Jul/2026:15:35:17 +0000] "POST /v3/auth/tokens HTTP/1.1" 201 1360 10.0.0.46 - - [02/Jul/2026:15:35:17 +0000] "GET / HTTP/1.1" 300 281 10.0.0.46 - - [02/Jul/2026:15:35:17 +0000] "GET /v3/OS-FEDERATION/identity_providers/atmosphere/protocols/openid?idp_id=atmosphere HTTP/1.1" 404 131 10.0.0.46 - - [02/Jul/2026:15:35:17 +0000] "GET /v3/OS-FEDERATION/identity_providers/atmosphere/protocols HTTP/1.1" 200 168 10.0.0.46 - - [02/Jul/2026:15:35:17 +0000] "PUT /v3/OS-FEDERATION/identity_providers/atmosphere/protocols/openid HTTP/1.1" 201 224 10.0.0.46 - - [02/Jul/2026:15:35:30 +0000] "GET /v3/ HTTP/1.1" 200 249 10.0.0.46 - - [02/Jul/2026:15:35:30 +0000] "GET /v3/ HTTP/1.1" 200 249 10.0.0.46 - - [02/Jul/2026:15:36:30 +0000] "GET /v3/ HTTP/1.1" 200 249 10.0.0.46 - - [02/Jul/2026:15:36:30 +0000] "GET /v3/ HTTP/1.1" 200 249 10.0.0.175 - - [02/Jul/2026:15:36:40 +0000] "GET / HTTP/1.1" 300 295
[Thu Jul 02 15:36:40.104101 2026] [wsgi:error] [pid 9:tid 140465474635456] [remote 10.0.0.175:59562] 2026-07-02 15:36:40.103 9 WARNING keystone.common.password_hashing [None req-623e055c-07e3-4bc1-9ead-5eb058623e94 - - - - - -] Truncating password to algorithm specific maximum length 72 characters.
[Thu Jul 02 15:36:40.383122 2026] [wsgi:error] [pid 9:tid 140465474635456] [remote 10.0.0.175:59562] 2026-07-02 15:36:40.382 9 WARNING keystone.common.fernet_utils [None req-623e055c-07e3-4bc1-9ead-5eb058623e94 - - - - - -] key_repository is world readable: /etc/keystone/fernet-keys/ 10.0.0.175 - - [02/Jul/2026:15:36:40 +0000] "POST /v3/auth/tokens HTTP/1.1" 201 1360 10.0.0.175 - - [02/Jul/2026:15:36:40 +0000] "GET /v3/services HTTP/1.1" 200 355 10.0.0.175 - - [02/Jul/2026:15:36:44 +0000] "GET / HTTP/1.1" 300 295
[Thu Jul 02 15:36:44.051271 2026] [wsgi:error] [pid 11:tid 140465474635456] [remote 10.0.0.175:50764] 2026-07-02 15:36:44.051 11 WARNING keystone.common.password_hashing [None req-f700e4d9-e694-4a8b-8012-118cad38091d - - - - - -] Truncating password to algorithm specific maximum length 72 characters.
[Thu Jul 02 15:36:44.336498 2026] [wsgi:error] [pid 11:tid 140465474635456] [remote 10.0.0.175:50764] 2026-07-02 15:36:44.336 11 WARNING keystone.common.fernet_utils [None req-f700e4d9-e694-4a8b-8012-118cad38091d - - - - - -] key_repository is world readable: /etc/keystone/fernet-keys/ 10.0.0.175 - - [02/Jul/2026:15:36:44 +0000] "POST /v3/auth/tokens HTTP/1.1" 201 1360 10.0.0.175 - - [02/Jul/2026:15:36:44 +0000] "GET /v3/services HTTP/1.1" 200 355 10.0.0.175 - - [02/Jul/2026:15:36:47 +0000] "GET / HTTP/1.1" 300 295
[Thu Jul 02 15:36:48.022666 2026] [wsgi:error] [pid 10:tid 140465474635456] [remote 10.0.0.175:50774] 2026-07-02 15:36:48.022 10 WARNING keystone.common.password_hashing [None req-93ae2a49-1525-4398-98c7-7ca0859b255c - - - - - -] Truncating password to algorithm specific maximum length 72 characters.
[Thu Jul 02 15:36:48.300824 2026] [wsgi:error] [pid 10:tid 140465474635456] [remote 10.0.0.175:50774] 2026-07-02 15:36:48.300 10 WARNING keystone.common.fernet_utils [None req-93ae2a49-1525-4398-98c7-7ca0859b255c - - - - - -] key_repository is world readable: /etc/keystone/fernet-keys/ 10.0.0.175 - - [02/Jul/2026:15:36:48 +0000] "POST /v3/auth/tokens HTTP/1.1" 201 1360 10.0.0.175 - - [02/Jul/2026:15:36:48 +0000] "GET /v3/services HTTP/1.1" 200 355 10.0.0.175 - - [02/Jul/2026:15:36:51 +0000] "GET / HTTP/1.1" 300 295
[Thu Jul 02 15:36:51.955709 2026] [wsgi:error] [pid 12:tid 140465474635456] [remote 10.0.0.175:58878] 2026-07-02 15:36:51.955 12 WARNING keystone.common.password_hashing [None req-0bb5e920-225a-460e-a651-98835d35dd98 - - - - - -] Truncating password to algorithm specific maximum length 72 characters.
[Thu Jul 02 15:36:52.229424 2026] [wsgi:error] [pid 12:tid 140465474635456] [remote 10.0.0.175:58878] 2026-07-02 15:36:52.229 12 WARNING keystone.common.fernet_utils [None req-0bb5e920-225a-460e-a651-98835d35dd98 - - - - - -] key_repository is world readable: /etc/keystone/fernet-keys/ 10.0.0.175 - - [02/Jul/2026:15:36:51 +0000] "POST /v3/auth/tokens HTTP/1.1" 201 1360 10.0.0.175 - - [02/Jul/2026:15:36:52 +0000] "POST /v3/services HTTP/1.1" 201 296 10.0.0.2 - - [02/Jul/2026:15:37:02 +0000] "GET / HTTP/1.1" 300 295
[Thu Jul 02 15:37:02.340890 2026] [wsgi:error] [pid 9:tid 140465474635456] [remote 10.0.0.2:37872] 2026-07-02 15:37:02.340 9 WARNING keystone.common.password_hashing [None req-339ab3d5-5ec1-407d-a1ad-37cbece315bf - - - - - -] Truncating password to algorithm specific maximum length 72 characters. 10.0.0.2 - - [02/Jul/2026:15:37:02 +0000] "GET / HTTP/1.1" 300 295
[Thu Jul 02 15:37:02.368814 2026] [wsgi:error] [pid 10:tid 140465474635456] [remote 10.0.0.2:37874] 2026-07-02 15:37:02.368 10 WARNING keystone.common.password_hashing [None req-f2f539a8-3f89-40e8-9270-e51befdb50d5 - - - - - -] Truncating password to algorithm specific maximum length 72 characters. 10.0.0.2 - - [02/Jul/2026:15:37:02 +0000] "GET / HTTP/1.1" 300 295
[Thu Jul 02 15:37:02.552964 2026] [wsgi:error] [pid 12:tid 140465474635456] [remote 10.0.0.2:37886] 2026-07-02 15:37:02.552 12 WARNING keystone.common.password_hashing [None req-0f6560c2-b767-466c-8711-1313488a445b - - - - - -] Truncating password to algorithm specific maximum length 72 characters.
[Thu Jul 02 15:37:02.625626 2026] [wsgi:error] [pid 9:tid 140465474635456] [remote 10.0.0.2:37872] 2026-07-02 15:37:02.625 9 WARNING keystone.common.fernet_utils [None req-339ab3d5-5ec1-407d-a1ad-37cbece315bf - - - - - -] key_repository is world readable: /etc/keystone/fernet-keys/
[Thu Jul 02 15:37:02.644831 2026] [wsgi:error] [pid 10:tid 140465474635456] [remote 10.0.0.2:37874] 2026-07-02 15:37:02.644 10 WARNING keystone.common.fernet_utils [None req-f2f539a8-3f89-40e8-9270-e51befdb50d5 - - - - - -] key_repository is world readable: /etc/keystone/fernet-keys/ 10.0.0.2 - - [02/Jul/2026:15:37:02 +0000] "POST /v3/auth/tokens HTTP/1.1" 201 1464 10.0.0.2 - - [02/Jul/2026:15:37:02 +0000] "POST /v3/auth/tokens HTTP/1.1" 201 1464 10.0.0.2 - - [02/Jul/2026:15:37:02 +0000] "GET /v3/services HTTP/1.1" 200 639 10.0.0.2 - - [02/Jul/2026:15:37:02 +0000] "GET /v3/services HTTP/1.1" 200 639
[Thu Jul 02 15:37:02.841913 2026] [wsgi:error] [pid 12:tid 140465474635456] [remote 10.0.0.2:37886] 2026-07-02 15:37:02.841 12 WARNING keystone.common.fernet_utils [None req-0f6560c2-b767-466c-8711-1313488a445b - - - - - -] key_repository is world readable: /etc/keystone/fernet-keys/ 10.0.0.2 - - [02/Jul/2026:15:37:02 +0000] "POST /v3/auth/tokens HTTP/1.1" 201 1464 10.0.0.2 - - [02/Jul/2026:15:37:02 +0000] "GET /v3/services HTTP/1.1" 200 639 10.0.0.2 - - [02/Jul/2026:15:37:04 +0000] "GET / HTTP/1.1" 300 295
[Thu Jul 02 15:37:04.334127 2026] [wsgi:error] [pid 9:tid 140465474635456] [remote 10.0.0.2:37894] 2026-07-02 15:37:04.333 9 WARNING keystone.common.password_hashing [None req-1ed87e45-9812-46ce-b489-4aa0bb0795d6 - - - - - -] Truncating password to algorithm specific maximum length 72 characters. 10.0.0.2 - - [02/Jul/2026:15:37:04 +0000] "GET / HTTP/1.1" 300 295
[Thu Jul 02 15:37:04.417338 2026] [wsgi:error] [pid 10:tid 140465474635456] [remote 10.0.0.2:37898] 2026-07-02 15:37:04.417 10 WARNING keystone.common.password_hashing [None req-b6b28b8a-e816-44af-8179-d7b81eb6650f - - - - - -] Truncating password to algorithm specific maximum length 72 characters. 10.0.0.2 - - [02/Jul/2026:15:37:04 +0000] "GET / HTTP/1.1" 300 295
[Thu Jul 02 15:37:04.597309 2026] [wsgi:error] [pid 12:tid 140465474635456] [remote 10.0.0.2:37904] 2026-07-02 15:37:04.597 12 WARNING keystone.common.password_hashing [None req-0a8c6bdd-0519-4769-a5c7-4eec77f766a2 - - - - - -] Truncating password to algorithm specific maximum length 72 characters.
[Thu Jul 02 15:37:04.607107 2026] [wsgi:error] [pid 9:tid 140465474635456] [remote 10.0.0.2:37894] 2026-07-02 15:37:04.606 9 WARNING keystone.common.fernet_utils [None req-1ed87e45-9812-46ce-b489-4aa0bb0795d6 - - - - - -] key_repository is world readable: /etc/keystone/fernet-keys/ 10.0.0.2 - - [02/Jul/2026:15:37:04 +0000] "POST /v3/auth/tokens HTTP/1.1" 201 1464
[Thu Jul 02 15:37:04.713184 2026] [wsgi:error] [pid 10:tid 140465474635456] [remote 10.0.0.2:37898] 2026-07-02 15:37:04.712 10 WARNING keystone.common.fernet_utils [None req-b6b28b8a-e816-44af-8179-d7b81eb6650f - - - - - -] key_repository is world readable: /etc/keystone/fernet-keys/ 10.0.0.2 - - [02/Jul/2026:15:37:04 +0000] "POST /v3/auth/tokens HTTP/1.1" 201 1464 10.0.0.2 - - [02/Jul/2026:15:37:04 +0000] "GET /v3/endpoints HTTP/1.1" 200 1227 10.0.0.2 - - [02/Jul/2026:15:37:04 +0000] "GET /v3/services/3cca06dee56649bb9a0cdf150f4c7e70 HTTP/1.1" 200 233 10.0.0.2 - - [02/Jul/2026:15:37:04 +0000] "GET /v3/services/3cca06dee56649bb9a0cdf150f4c7e70 HTTP/1.1" 200 233 10.0.0.2 - - [02/Jul/2026:15:37:04 +0000] "GET /v3/services/3cca06dee56649bb9a0cdf150f4c7e70 HTTP/1.1" 200 233 10.0.0.2 - - [02/Jul/2026:15:37:04 +0000] "GET /v3/endpoints HTTP/1.1" 200 1227 10.0.0.2 - - [02/Jul/2026:15:37:04 +0000] "GET /v3/services/3cca06dee56649bb9a0cdf150f4c7e70 HTTP/1.1" 200 233
[Thu Jul 02 15:37:04.887412 2026] [wsgi:error] [pid 12:tid 140465474635456] [remote 10.0.0.2:37904] 2026-07-02 15:37:04.887 12 WARNING keystone.common.fernet_utils [None req-0a8c6bdd-0519-4769-a5c7-4eec77f766a2 - - - - - -] key_repository is world readable: /etc/keystone/fernet-keys/ 10.0.0.2 - - [02/Jul/2026:15:37:04 +0000] "POST /v3/auth/tokens HTTP/1.1" 201 1464 10.0.0.2 - - [02/Jul/2026:15:37:04 +0000] "GET /v3/services/3cca06dee56649bb9a0cdf150f4c7e70 HTTP/1.1" 200 233 10.0.0.2 - - [02/Jul/2026:15:37:04 +0000] "GET /v3/services/3cca06dee56649bb9a0cdf150f4c7e70 HTTP/1.1" 200 233 10.0.0.2 - - [02/Jul/2026:15:37:04 +0000] "GET /v3/endpoints HTTP/1.1" 200 1227 10.0.0.2 - - [02/Jul/2026:15:37:05 +0000] "GET /v3/services/3cca06dee56649bb9a0cdf150f4c7e70 HTTP/1.1" 200 233 10.0.0.2 - - [02/Jul/2026:15:37:05 +0000] "GET /v3/services/3cca06dee56649bb9a0cdf150f4c7e70 HTTP/1.1" 200 233 10.0.0.2 - - [02/Jul/2026:15:37:05 +0000] "GET /v3/services/3cca06dee56649bb9a0cdf150f4c7e70 HTTP/1.1" 200 233 10.0.0.2 - - [02/Jul/2026:15:37:06 +0000] "GET / HTTP/1.1" 300 295
[Thu Jul 02 15:37:06.355890 2026] [wsgi:error] [pid 12:tid 140465474635456] [remote 10.0.0.2:37920] 2026-07-02 15:37:06.355 12 WARNING keystone.common.password_hashing [None req-9f571dc2-39a1-4264-8f2c-75d0e2b16a25 - - - - - -] Truncating password to algorithm specific maximum length 72 characters. 10.0.0.2 - - [02/Jul/2026:15:37:06 +0000] "GET / HTTP/1.1" 300 295
[Thu Jul 02 15:37:06.407943 2026] [wsgi:error] [pid 9:tid 140465474635456] [remote 10.0.0.2:37926] 2026-07-02 15:37:06.407 9 WARNING keystone.common.password_hashing [None req-353bf716-c949-4f3e-a887-b808398c086b - - - - - -] Truncating password to algorithm specific maximum length 72 characters. 10.0.0.2 - - [02/Jul/2026:15:37:06 +0000] "GET / HTTP/1.1" 300 295
[Thu Jul 02 15:37:06.618750 2026] [wsgi:error] [pid 11:tid 140465474635456] [remote 10.0.0.2:37932] 2026-07-02 15:37:06.618 11 WARNING keystone.common.password_hashing [None req-a9809e43-3bc8-47fd-850e-4ba30f7a9986 - - - - - -] Truncating password to algorithm specific maximum length 72 characters.
[Thu Jul 02 15:37:06.635295 2026] [wsgi:error] [pid 12:tid 140465474635456] [remote 10.0.0.2:37920] 2026-07-02 15:37:06.635 12 WARNING keystone.common.fernet_utils [None req-9f571dc2-39a1-4264-8f2c-75d0e2b16a25 - - - - - -] key_repository is world readable: /etc/keystone/fernet-keys/ 10.0.0.2 - - [02/Jul/2026:15:37:06 +0000] "POST /v3/auth/tokens HTTP/1.1" 201 1464
[Thu Jul 02 15:37:06.683978 2026] [wsgi:error] [pid 9:tid 140465474635456] [remote 10.0.0.2:37926] 2026-07-02 15:37:06.683 9 WARNING keystone.common.fernet_utils [None req-353bf716-c949-4f3e-a887-b808398c086b - - - - - -] key_repository is world readable: /etc/keystone/fernet-keys/ 10.0.0.2 - - [02/Jul/2026:15:37:06 +0000] "POST /v3/auth/tokens HTTP/1.1" 201 1464 10.0.0.2 - - [02/Jul/2026:15:37:06 +0000] "GET /v3/services/bec31e264cc848ff81d0107455b2f7a0 HTTP/1.1" 200 296 10.0.0.2 - - [02/Jul/2026:15:37:06 +0000] "GET /v3/regions/RegionOne HTTP/1.1" 200 173 10.0.0.2 - - [02/Jul/2026:15:37:06 +0000] "GET /v3/services/bec31e264cc848ff81d0107455b2f7a0 HTTP/1.1" 200 296 10.0.0.2 - - [02/Jul/2026:15:37:06 +0000] "POST /v3/endpoints HTTP/1.1" 201 380 10.0.0.2 - - [02/Jul/2026:15:37:06 +0000] "GET /v3/regions/RegionOne HTTP/1.1" 200 173
[Thu Jul 02 15:37:06.910516 2026] [wsgi:error] [pid 11:tid 140465474635456] [remote 10.0.0.2:37932] 2026-07-02 15:37:06.910 11 WARNING keystone.common.fernet_utils [None req-a9809e43-3bc8-47fd-850e-4ba30f7a9986 - - - - - -] key_repository is world readable: /etc/keystone/fernet-keys/ 10.0.0.2 - - [02/Jul/2026:15:37:06 +0000] "POST /v3/auth/tokens HTTP/1.1" 201 1641 10.0.0.2 - - [02/Jul/2026:15:37:06 +0000] "POST /v3/endpoints HTTP/1.1" 201 383 10.0.0.2 - - [02/Jul/2026:15:37:07 +0000] "GET /v3/services/bec31e264cc848ff81d0107455b2f7a0 HTTP/1.1" 200 296 10.0.0.2 - - [02/Jul/2026:15:37:07 +0000] "GET /v3/regions/RegionOne HTTP/1.1" 200 173 10.0.0.2 - - [02/Jul/2026:15:37:07 +0000] "POST /v3/endpoints HTTP/1.1" 201 370 10.0.0.2 - - [02/Jul/2026:15:37:08 +0000] "GET / HTTP/1.1" 300 295
[Thu Jul 02 15:37:08.383972 2026] [wsgi:error] [pid 10:tid 140465474635456] [remote 10.0.0.2:37944] 2026-07-02 15:37:08.383 10 WARNING keystone.common.password_hashing [None req-afb26fa3-a4f2-4f48-aa11-62fe4086614c - - - - - -] Truncating password to algorithm specific maximum length 72 characters. 10.0.0.2 - - [02/Jul/2026:15:37:08 +0000] "GET / HTTP/1.1" 300 295
[Thu Jul 02 15:37:08.558078 2026] [wsgi:error] [pid 11:tid 140465474635456] [remote 10.0.0.2:37958] 2026-07-02 15:37:08.557 11 WARNING keystone.common.password_hashing [None req-422a789d-e74b-4049-9864-8ad1606230d2 - - - - - -] Truncating password to algorithm specific maximum length 72 characters.
[Thu Jul 02 15:37:08.714761 2026] [wsgi:error] [pid 10:tid 140465474635456] [remote 10.0.0.2:37944] 2026-07-02 15:37:08.714 10 WARNING keystone.common.fernet_utils [None req-afb26fa3-a4f2-4f48-aa11-62fe4086614c - - - - - -] key_repository is world readable: /etc/keystone/fernet-keys/ 10.0.0.2 - - [02/Jul/2026:15:37:08 +0000] "POST /v3/auth/tokens HTTP/1.1" 201 1992 10.0.0.2 - - [02/Jul/2026:15:37:08 +0000] "GET / HTTP/1.1" 300 295
[Thu Jul 02 15:37:08.815445 2026] [wsgi:error] [pid 12:tid 140465474635456] [remote 10.0.0.2:37972] 2026-07-02 15:37:08.815 12 WARNING keystone.common.password_hashing [None req-435a66d1-9769-4d46-9ff5-d5db7d472ba8 - - - - - -] Truncating password to algorithm specific maximum length 72 characters. 10.0.0.2 - - [02/Jul/2026:15:37:08 +0000] "GET /v3/endpoints/a9c66f238ea24fa19d690e6c9318b8e4 HTTP/1.1" 200 380
[Thu Jul 02 15:37:08.857096 2026] [wsgi:error] [pid 11:tid 140465474635456] [remote 10.0.0.2:37958] 2026-07-02 15:37:08.856 11 WARNING keystone.common.fernet_utils [None req-422a789d-e74b-4049-9864-8ad1606230d2 - - - - - -] key_repository is world readable: /etc/keystone/fernet-keys/ 10.0.0.2 - - [02/Jul/2026:15:37:08 +0000] "POST /v3/auth/tokens HTTP/1.1" 201 1992 10.0.0.2 - - [02/Jul/2026:15:37:08 +0000] "GET /v3/services/bec31e264cc848ff81d0107455b2f7a0 HTTP/1.1" 200 296 10.0.0.2 - - [02/Jul/2026:15:37:08 +0000] "GET /v3/endpoints/c2d908deb1b143b5a0f397f90a37d05a HTTP/1.1" 200 383 10.0.0.2 - - [02/Jul/2026:15:37:08 +0000] "GET /v3/services/bec31e264cc848ff81d0107455b2f7a0 HTTP/1.1" 200 296
[Thu Jul 02 15:37:09.095912 2026] [wsgi:error] [pid 12:tid 140465474635456] [remote 10.0.0.2:37972] 2026-07-02 15:37:09.095 12 WARNING keystone.common.fernet_utils [None req-435a66d1-9769-4d46-9ff5-d5db7d472ba8 - - - - - -] key_repository is world readable: /etc/keystone/fernet-keys/ 10.0.0.2 - - [02/Jul/2026:15:37:08 +0000] "POST /v3/auth/tokens HTTP/1.1" 201 1992 10.0.0.2 - - [02/Jul/2026:15:37:09 +0000] "GET /v3/endpoints/c5ccc3d4157346eea7999b351d99624c HTTP/1.1" 200 370 10.0.0.2 - - [02/Jul/2026:15:37:09 +0000] "GET /v3/services/bec31e264cc848ff81d0107455b2f7a0 HTTP/1.1" 200 296 10.0.0.132 - - [02/Jul/2026:15:37:21 +0000] "GET / HTTP/1.1" 300 295
[Thu Jul 02 15:37:21.479896 2026] [wsgi:error] [pid 12:tid 140465474635456] [remote 10.0.0.132:44204] 2026-07-02 15:37:21.479 12 WARNING keystone.common.password_hashing [None req-f58753ce-ddd7-4169-84e7-c9ec2061f055 - - - - - -] Truncating password to algorithm specific maximum length 72 characters.
[Thu Jul 02 15:37:21.766929 2026] [wsgi:error] [pid 12:tid 140465474635456] [remote 10.0.0.132:44204] 2026-07-02 15:37:21.766 12 WARNING keystone.common.fernet_utils [None req-f58753ce-ddd7-4169-84e7-c9ec2061f055 - - - - - -] key_repository is world readable: /etc/keystone/fernet-keys/ 10.0.0.132 - - [02/Jul/2026:15:37:21 +0000] "POST /v3/auth/tokens HTTP/1.1" 201 1992 10.0.0.132 - - [02/Jul/2026:15:37:21 +0000] "POST /v3/domains HTTP/1.1" 201 284 10.0.0.132 - - [02/Jul/2026:15:37:23 +0000] "GET / HTTP/1.1" 300 295
[Thu Jul 02 15:37:23.495113 2026] [wsgi:error] [pid 11:tid 140465474635456] [remote 10.0.0.132:42134] 2026-07-02 15:37:23.494 11 WARNING keystone.common.password_hashing [None req-276ca11a-09fa-42c8-9515-6389e2adcf48 - - - - - -] Truncating password to algorithm specific maximum length 72 characters.
[Thu Jul 02 15:37:23.774309 2026] [wsgi:error] [pid 11:tid 140465474635456] [remote 10.0.0.132:42134] 2026-07-02 15:37:23.774 11 WARNING keystone.common.fernet_utils [None req-276ca11a-09fa-42c8-9515-6389e2adcf48 - - - - - -] key_repository is world readable: /etc/keystone/fernet-keys/ 10.0.0.132 - - [02/Jul/2026:15:37:23 +0000] "POST /v3/auth/tokens HTTP/1.1" 201 1992
[Thu Jul 02 15:37:23.964850 2026] [wsgi:error] [pid 12:tid 140465474635456] [remote 10.0.0.132:42134] 2026-07-02 15:37:23.945 12 ERROR keystone.server.flask.application [None req-b70e083c-f3a3-41c6-aaf5-0b21e2dfe3cd 2cb579a1b4994edc885c0ea324370bd1 c5ff8e4e12274e68be3982ae98d13b6d - - default default] Conflict occurred attempting to store project - it is not permitted to have two projects acting as domains with the same name: service.: keystone.exception.Conflict: Conflict occurred attempting to store project - it is not permitted to have two projects acting as domains with the same name: service.
[Thu Jul 02 15:37:23.964879 2026] [wsgi:error] [pid 12:tid 140465474635456] [remote 10.0.0.132:42134] 2026-07-02 15:37:23.945 12 ERROR keystone.server.flask.application
Traceback (most recent call last):
[Thu Jul 02 15:37:23.964881 2026] [wsgi:error] [pid 12:tid 140465474635456] [remote 10.0.0.132:42134] 2026-07-02 15:37:23.945 12 ERROR keystone.server.flask.application
File "/var/lib/openstack/lib/python3.12/site-packages/sqlalchemy/engine/base.py", line 1969, in _exec_single_context
[Thu Jul 02 15:37:23.964883 2026] [wsgi:error] [pid 12:tid 140465474635456] [remote 10.0.0.132:42134] 2026-07-02 15:37:23.945 12 ERROR keystone.server.flask.application self.dialect.do_execute(
[Thu Jul 02 15:37:23.964885 2026] [wsgi:error] [pid 12:tid 140465474635456] [remote 10.0.0.132:42134] 2026-07-02 15:37:23.945 12 ERROR keystone.server.flask.application
File "/var/lib/openstack/lib/python3.12/site-packages/sqlalchemy/engine/default.py", line 952, in do_execute
[Thu Jul 02 15:37:23.964887 2026] [wsgi:error] [pid 12:tid 140465474635456] [remote 10.0.0.132:42134] 2026-07-02 15:37:23.945 12 ERROR keystone.server.flask.application cursor.execute(statement, parameters)
[Thu Jul 02 15:37:23.964889 2026] [wsgi:error] [pid 12:tid 140465474635456] [remote 10.0.0.132:42134] 2026-07-02 15:37:23.945 12 ERROR keystone.server.flask.application
File "/var/lib/openstack/lib/python3.12/site-packages/pymysql/cursors.py", line 159, in execute
[Thu Jul 02 15:37:23.964891 2026] [wsgi:error] [pid 12:tid 140465474635456] [remote 10.0.0.132:42134] 2026-07-02 15:37:23.945 12 ERROR keystone.server.flask.application result = self._query(query)
[Thu Jul 02 15:37:23.964892 2026] [wsgi:error] [pid 12:tid 140465474635456] [remote 10.0.0.132:42134] 2026-07-02 15:37:23.945 12 ERROR keystone.server.flask.application ^^^^^^^^^^^^^^^^^^
[Thu Jul 02 15:37:23.964894 2026] [wsgi:error] [pid 12:tid 140465474635456] [remote 10.0.0.132:42134] 2026-07-02 15:37:23.945 12 ERROR keystone.server.flask.application
File "/var/lib/openstack/lib/python3.12/site-packages/pymysql/cursors.py", line 330, in _query
[Thu Jul 02 15:37:23.964895 2026] [wsgi:error] [pid 12:tid 140465474635456] [remote 10.0.0.132:42134] 2026-07-02 15:37:23.945 12 ERROR keystone.server.flask.application conn.query(q)
[Thu Jul 02 15:37:23.964897 2026] [wsgi:error] [pid 12:tid 140465474635456] [remote 10.0.0.132:42134] 2026-07-02 15:37:23.945 12 ERROR keystone.server.flask.application
File "/var/lib/openstack/lib/python3.12/site-packages/pymysql/connections.py", line 582, in query
[Thu Jul 02 15:37:23.964899 2026] [wsgi:error] [pid 12:tid 140465474635456] [remote 10.0.0.132:42134] 2026-07-02 15:37:23.945 12 ERROR keystone.server.flask.application self._affected_rows = self._read_query_result(unbuffered=unbuffered)
[Thu Jul 02 15:37:23.964900 2026] [wsgi:error] [pid 12:tid 140465474635456] [remote 10.0.0.132:42134] 2026-07-02 15:37:23.945 12 ERROR keystone.server.flask.application ^^^^^^^^^^^^^^^^^^^^^^^^^^^^^^^^^^^^^^^^^^^^^^
[Thu Jul 02 15:37:23.964902 2026] [wsgi:error] [pid 12:tid 140465474635456] [remote 10.0.0.132:42134] 2026-07-02 15:37:23.945 12 ERROR keystone.server.flask.application
File "/var/lib/openstack/lib/python3.12/site-packages/pymysql/connections.py", line 847, in _read_query_result
[Thu Jul 02 15:37:23.964903 2026] [wsgi:error] [pid 12:tid 140465474635456] [remote 10.0.0.132:42134] 2026-07-02 15:37:23.945 12 ERROR keystone.server.flask.application result.read()
[Thu Jul 02 15:37:23.964906 2026] [wsgi:error] [pid 12:tid 140465474635456] [remote 10.0.0.132:42134] 2026-07-02 15:37:23.945 12 ERROR keystone.server.flask.application
File "/var/lib/openstack/lib/python3.12/site-packages/pymysql/connections.py", line 1245, in read
[Thu Jul 02 15:37:23.964908 2026] [wsgi:error] [pid 12:tid 140465474635456] [remote 10.0.0.132:42134] 2026-07-02 15:37:23.945 12 ERROR keystone.server.flask.application first_packet = self.connection._read_packet()
[Thu Jul 02 15:37:23.964909 2026] [wsgi:error] [pid 12:tid 140465474635456] [remote 10.0.0.132:42134] 2026-07-02 15:37:23.945 12 ERROR keystone.server.flask.application ^^^^^^^^^^^^^^^^^^^^^^^^^^^^^^
[Thu Jul 02 15:37:23.964911 2026] [wsgi:error] [pid 12:tid 140465474635456] [remote 10.0.0.132:42134] 2026-07-02 15:37:23.945 12 ERROR keystone.server.flask.application
File "/var/lib/openstack/lib/python3.12/site-packages/pymysql/connections.py", line 803, in _read_packet
[Thu Jul 02 15:37:23.964912 2026] [wsgi:error] [pid 12:tid 140465474635456] [remote 10.0.0.132:42134] 2026-07-02 15:37:23.945 12 ERROR keystone.server.flask.application packet.raise_for_error()
[Thu Jul 02 15:37:23.964913 2026] [wsgi:error] [pid 12:tid 140465474635456] [remote 10.0.0.132:42134] 2026-07-02 15:37:23.945 12 ERROR keystone.server.flask.application
File "/var/lib/openstack/lib/python3.12/site-packages/pymysql/protocol.py", line 219, in raise_for_error
[Thu Jul 02 15:37:23.964915 2026] [wsgi:error] [pid 12:tid 140465474635456] [remote 10.0.0.132:42134] 2026-07-02 15:37:23.945 12 ERROR keystone.server.flask.application err.raise_mysql_exception(self._data)
[Thu Jul 02 15:37:23.964916 2026] [wsgi:error] [pid 12:tid 140465474635456] [remote 10.0.0.132:42134] 2026-07-02 15:37:23.945 12 ERROR keystone.server.flask.application
File "/var/lib/openstack/lib/python3.12/site-packages/pymysql/err.py", line 154, in raise_mysql_exception
[Thu Jul 02 15:37:23.964918 2026] [wsgi:error] [pid 12:tid 140465474635456] [remote 10.0.0.132:42134] 2026-07-02 15:37:23.945 12 ERROR keystone.server.flask.application raise errorclass(errno, errval, sqlstate=sqlstate)
[Thu Jul 02 15:37:23.964920 2026] [wsgi:error] [pid 12:tid 140465474635456] [remote 10.0.0.132:42134] 2026-07-02 15:37:23.945 12 ERROR keystone.server.flask.application pymysql.err.IntegrityError: (1062, "Duplicate entry '<>-service' for key 'project.ixu_project_name_domain_id'")
[Thu Jul 02 15:37:23.964922 2026] [wsgi:error] [pid 12:tid 140465474635456] [remote 10.0.0.132:42134] 2026-07-02 15:37:23.945 12 ERROR keystone.server.flask.application
[Thu Jul 02 15:37:23.964923 2026] [wsgi:error] [pid 12:tid 140465474635456] [remote 10.0.0.132:42134] 2026-07-02 15:37:23.945 12 ERROR keystone.server.flask.application The above exception was the direct cause of the following exception:
[Thu Jul 02 15:37:23.964925 2026] [wsgi:error] [pid 12:tid 140465474635456] [remote 10.0.0.132:42134] 2026-07-02 15:37:23.945 12 ERROR keystone.server.flask.application
[Thu Jul 02 15:37:23.964926 2026] [wsgi:error] [pid 12:tid 140465474635456] [remote 10.0.0.132:42134] 2026-07-02 15:37:23.945 12 ERROR keystone.server.flask.application
Traceback (most recent call last):
[Thu Jul 02 15:37:23.964927 2026] [wsgi:error] [pid 12:tid 140465474635456] [remote 10.0.0.132:42134] 2026-07-02 15:37:23.945 12 ERROR keystone.server.flask.application
File "/var/lib/openstack/lib/python3.12/site-packages/keystone/common/sql/core.py", line 575, in wrapper
[Thu Jul 02 15:37:23.964929 2026] [wsgi:error] [pid 12:tid 140465474635456] [remote 10.0.0.132:42134] 2026-07-02 15:37:23.945 12 ERROR keystone.server.flask.application return method(*args, **kwargs)
[Thu Jul 02 15:37:23.964930 2026] [wsgi:error] [pid 12:tid 140465474635456] [remote 10.0.0.132:42134] 2026-07-02 15:37:23.945 12 ERROR keystone.server.flask.application ^^^^^^^^^^^^^^^^^^^^^^^
[Thu Jul 02 15:37:23.964934 2026] [wsgi:error] [pid 12:tid 140465474635456] [remote 10.0.0.132:42134] 2026-07-02 15:37:23.945 12 ERROR keystone.server.flask.application
File "/var/lib/openstack/lib/python3.12/site-packages/keystone/resource/backends/sql.py", line 278, in create_project
[Thu Jul 02 15:37:23.964946 2026] [wsgi:error] [pid 12:tid 140465474635456] [remote 10.0.0.132:42134] 2026-07-02 15:37:23.945 12 ERROR keystone.server.flask.application with sql.session_for_write() as session:
[Thu Jul 02 15:37:23.964949 2026] [wsgi:error] [pid 12:tid 140465474635456] [remote 10.0.0.132:42134] 2026-07-02 15:37:23.945 12 ERROR keystone.server.flask.application
File "/usr/lib/python3.12/contextlib.py", line 144, in __exit__
[Thu Jul 02 15:37:23.964952 2026] [wsgi:error] [pid 12:tid 140465474635456] [remote 10.0.0.132:42134] 2026-07-02 15:37:23.945 12 ERROR keystone.server.flask.application next(self.gen)
[Thu Jul 02 15:37:23.964954 2026] [wsgi:error] [pid 12:tid 140465474635456] [remote 10.0.0.132:42134] 2026-07-02 15:37:23.945 12 ERROR keystone.server.flask.application
File "/var/lib/openstack/lib/python3.12/site-packages/oslo_db/sqlalchemy/enginefacade.py", line 1175, in _transaction_scope
[Thu Jul 02 15:37:23.964957 2026] [wsgi:error] [pid 12:tid 140465474635456] [remote 10.0.0.132:42134] 2026-07-02 15:37:23.945 12 ERROR keystone.server.flask.application with current._produce_block(
[Thu Jul 02 15:37:23.964959 2026] [wsgi:error] [pid 12:tid 140465474635456] [remote 10.0.0.132:42134] 2026-07-02 15:37:23.945 12 ERROR keystone.server.flask.application
File "/usr/lib/python3.12/contextlib.py", line 144, in __exit__
[Thu Jul 02 15:37:23.964961 2026] [wsgi:error] [pid 12:tid 140465474635456] [remote 10.0.0.132:42134] 2026-07-02 15:37:23.945 12 ERROR keystone.server.flask.application next(self.gen)
[Thu Jul 02 15:37:23.964963 2026] [wsgi:error] [pid 12:tid 140465474635456] [remote 10.0.0.132:42134] 2026-07-02 15:37:23.945 12 ERROR keystone.server.flask.application
File "/var/lib/openstack/lib/python3.12/site-packages/oslo_db/sqlalchemy/enginefacade.py", line 837, in _session
[Thu Jul 02 15:37:23.964965 2026] [wsgi:error] [pid 12:tid 140465474635456] [remote 10.0.0.132:42134] 2026-07-02 15:37:23.945 12 ERROR keystone.server.flask.application with excutils.save_and_reraise_exception():
[Thu Jul 02 15:37:23.964967 2026] [wsgi:error] [pid 12:tid 140465474635456] [remote 10.0.0.132:42134] 2026-07-02 15:37:23.945 12 ERROR keystone.server.flask.application
File "/var/lib/openstack/lib/python3.12/site-packages/oslo_utils/excutils.py", line 266, in __exit__
[Thu Jul 02 15:37:23.964970 2026] [wsgi:error] [pid 12:tid 140465474635456] [remote 10.0.0.132:42134] 2026-07-02 15:37:23.945 12 ERROR keystone.server.flask.application self.force_reraise()
[Thu Jul 02 15:37:23.964973 2026] [wsgi:error] [pid 12:tid 140465474635456] [remote 10.0.0.132:42134] 2026-07-02 15:37:23.945 12 ERROR keystone.server.flask.application
File "/var/lib/openstack/lib/python3.12/site-packages/oslo_utils/excutils.py", line 232, in force_reraise
[Thu Jul 02 15:37:23.964975 2026] [wsgi:error] [pid 12:tid 140465474635456] [remote 10.0.0.132:42134] 2026-07-02 15:37:23.945 12 ERROR keystone.server.flask.application raise self.value
[Thu Jul 02 15:37:23.964978 2026] [wsgi:error] [pid 12:tid 140465474635456] [remote 10.0.0.132:42134] 2026-07-02 15:37:23.945 12 ERROR keystone.server.flask.application
File "/var/lib/openstack/lib/python3.12/site-packages/oslo_db/sqlalchemy/enginefacade.py", line 835, in _session
[Thu Jul 02 15:37:23.964982 2026] [wsgi:error] [pid 12:tid 140465474635456] [remote 10.0.0.132:42134] 2026-07-02 15:37:23.945 12 ERROR keystone.server.flask.application self._end_session_transaction(self.session)
[Thu Jul 02 15:37:23.964985 2026] [wsgi:error] [pid 12:tid 140465474635456] [remote 10.0.0.132:42134] 2026-07-02 15:37:23.945 12 ERROR keystone.server.flask.application
File "/var/lib/openstack/lib/python3.12/site-packages/oslo_db/sqlalchemy/enginefacade.py", line 748, in _end_session_transaction
[Thu Jul 02 15:37:23.964988 2026] [wsgi:error] [pid 12:tid 140465474635456] [remote 10.0.0.132:42134] 2026-07-02 15:37:23.945 12 ERROR keystone.server.flask.application session.commit()
[Thu Jul 02 15:37:23.964991 2026] [wsgi:error] [pid 12:tid 140465474635456] [remote 10.0.0.132:42134] 2026-07-02 15:37:23.945 12 ERROR keystone.server.flask.application
File "/var/lib/openstack/lib/python3.12/site-packages/sqlalchemy/orm/session.py", line 2034, in commit
[Thu Jul 02 15:37:23.964994 2026] [wsgi:error] [pid 12:tid 140465474635456] [remote 10.0.0.132:42134] 2026-07-02 15:37:23.945 12 ERROR keystone.server.flask.application trans.commit(_to_root=True)
[Thu Jul 02 15:37:23.964996 2026] [wsgi:error] [pid 12:tid 140465474635456] [remote 10.0.0.132:42134] 2026-07-02 15:37:23.945 12 ERROR keystone.server.flask.application File "", line 2, in commit
[Thu Jul 02 15:37:23.965020 2026] [wsgi:error] [pid 12:tid 140465474635456] [remote 10.0.0.132:42134] 2026-07-02 15:37:23.945 12 ERROR keystone.server.flask.application
File "/var/lib/openstack/lib/python3.12/site-packages/sqlalchemy/orm/state_changes.py", line 137, in _go
[Thu Jul 02 15:37:23.965022 2026] [wsgi:error] [pid 12:tid 140465474635456] [remote 10.0.0.132:42134] 2026-07-02 15:37:23.945 12 ERROR keystone.server.flask.application ret_value = fn(self, *arg, **kw)
[Thu Jul 02 15:37:23.965024 2026] [wsgi:error] [pid 12:tid 140465474635456] [remote 10.0.0.132:42134] 2026-07-02 15:37:23.945 12 ERROR keystone.server.flask.application ^^^^^^^^^^^^^^^^^^^^
[Thu Jul 02 15:37:23.965030 2026] [wsgi:error] [pid 12:tid 140465474635456] [remote 10.0.0.132:42134] 2026-07-02 15:37:23.945 12 ERROR keystone.server.flask.application
File "/var/lib/openstack/lib/python3.12/site-packages/sqlalchemy/orm/session.py", line 1315, in commit
[Thu Jul 02 15:37:23.965032 2026] [wsgi:error] [pid 12:tid 140465474635456] [remote 10.0.0.132:42134] 2026-07-02 15:37:23.945 12 ERROR keystone.server.flask.application self._prepare_impl()
[Thu Jul 02 15:37:23.965034 2026] [wsgi:error] [pid 12:tid 140465474635456] [remote 10.0.0.132:42134] 2026-07-02 15:37:23.945 12 ERROR keystone.server.flask.application File "", line 2, in _prepare_impl
[Thu Jul 02 15:37:23.965065 2026] [wsgi:error] [pid 12:tid 140465474635456] [remote 10.0.0.132:42134] 2026-07-02 15:37:23.945 12 ERROR keystone.server.flask.application
File "/var/lib/openstack/lib/python3.12/site-packages/sqlalchemy/orm/state_changes.py", line 137, in _go
[Thu Jul 02 15:37:23.965067 2026] [wsgi:error] [pid 12:tid 140465474635456] [remote 10.0.0.132:42134] 2026-07-02 15:37:23.945 12 ERROR keystone.server.flask.application ret_value = fn(self, *arg, **kw)
[Thu Jul 02 15:37:23.965183 2026] [wsgi:error] [pid 12:tid 140465474635456] [remote 10.0.0.132:42134] 2026-07-02 15:37:23.945 12 ERROR keystone.server.flask.application ^^^^^^^^^^^^^^^^^^^^
[Thu Jul 02 15:37:23.965195 2026] [wsgi:error] [pid 12:tid 140465474635456] [remote 10.0.0.132:42134] 2026-07-02 15:37:23.945 12 ERROR keystone.server.flask.application
File "/var/lib/openstack/lib/python3.12/site-packages/sqlalchemy/orm/session.py", line 1290, in _prepare_impl
[Thu Jul 02 15:37:23.965198 2026] [wsgi:error] [pid 12:tid 140465474635456] [remote 10.0.0.132:42134] 2026-07-02 15:37:23.945 12 ERROR keystone.server.flask.application self.session.flush()
[Thu Jul 02 15:37:23.965201 2026] [wsgi:error] [pid 12:tid 140465474635456] [remote 10.0.0.132:42134] 2026-07-02 15:37:23.945 12 ERROR keystone.server.flask.application
File "/var/lib/openstack/lib/python3.12/site-packages/sqlalchemy/orm/session.py", line 4352, in flush
[Thu Jul 02 15:37:23.965203 2026] [wsgi:error] [pid 12:tid 140465474635456] [remote 10.0.0.132:42134] 2026-07-02 15:37:23.945 12 ERROR keystone.server.flask.application self._flush(objects)
[Thu Jul 02 15:37:23.965206 2026] [wsgi:error] [pid 12:tid 140465474635456] [remote 10.0.0.132:42134] 2026-07-02 15:37:23.945 12 ERROR keystone.server.flask.application
File "/var/lib/openstack/lib/python3.12/site-packages/sqlalchemy/orm/session.py", line 4487, in _flush
[Thu Jul 02 15:37:23.965208 2026] [wsgi:error] [pid 12:tid 140465474635456] [remote 10.0.0.132:42134] 2026-07-02 15:37:23.945 12 ERROR keystone.server.flask.application with util.safe_reraise():
[Thu Jul 02 15:37:23.965210 2026] [wsgi:error] [pid 12:tid 140465474635456] [remote 10.0.0.132:42134] 2026-07-02 15:37:23.945 12 ERROR keystone.server.flask.application
File "/var/lib/openstack/lib/python3.12/site-packages/sqlalchemy/util/langhelpers.py", line 122, in __exit__
[Thu Jul 02 15:37:23.965213 2026] [wsgi:error] [pid 12:tid 140465474635456] [remote 10.0.0.132:42134] 2026-07-02 15:37:23.945 12 ERROR keystone.server.flask.application raise exc_value.with_traceback(exc_tb)
[Thu Jul 02 15:37:23.965215 2026] [wsgi:error] [pid 12:tid 140465474635456] [remote 10.0.0.132:42134] 2026-07-02 15:37:23.945 12 ERROR keystone.server.flask.application
File "/var/lib/openstack/lib/python3.12/site-packages/sqlalchemy/orm/session.py", line 4448, in _flush
[Thu Jul 02 15:37:23.965217 2026] [wsgi:error] [pid 12:tid 140465474635456] [remote 10.0.0.132:42134] 2026-07-02 15:37:23.945 12 ERROR keystone.server.flask.application flush_context.execute()
[Thu Jul 02 15:37:23.965219 2026] [wsgi:error] [pid 12:tid 140465474635456] [remote 10.0.0.132:42134] 2026-07-02 15:37:23.945 12 ERROR keystone.server.flask.application
File "/var/lib/openstack/lib/python3.12/site-packages/sqlalchemy/orm/unitofwork.py", line 465, in execute
