Apr 06 18:22:20.809064 np0000163566 devstack@neutron-api.service[102281]: INFO neutron.quota.resource_registry [None req-66c257e3-18f7-4688-a434-c20400003b3a None None] Creating instance of TrackedResource for resource:floatingip
Apr 06 18:22:20.810093 np0000163566 devstack@neutron-api.service[102281]: INFO neutron.quota.resource_registry [None req-66c257e3-18f7-4688-a434-c20400003b3a None None] Creating instance of CountableResource for resource:rbac_policy
Apr 06 18:22:20.810661 np0000163566 devstack@neutron-api.service[102281]: INFO neutron.quota.resource_registry [None req-66c257e3-18f7-4688-a434-c20400003b3a None None] Creating instance of TrackedResource for resource:security_group
Apr 06 18:22:20.811038 np0000163566 devstack@neutron-api.service[102281]: INFO neutron.quota.resource_registry [None req-66c257e3-18f7-4688-a434-c20400003b3a None None] Creating instance of TrackedResource for resource:security_group_rule
Apr 06 18:22:20.811744 np0000163566 devstack@neutron-api.service[102281]: DEBUG neutron.api.v2.resource_helper [None req-66c257e3-18f7-4688-a434-c20400003b3a None None] Service CORE assigned prefix: {{(pid=102281) build_resource_info /opt/stack/neutron/neutron/api/v2/resource_helper.py:77}}
Apr 06 18:22:20.811872 np0000163566 devstack@neutron-api.service[102281]: INFO neutron.quota.resource_registry [None req-66c257e3-18f7-4688-a434-c20400003b3a None None] Creating instance of TrackedResource for resource:subnetpool
Apr 06 18:22:20.812006 np0000163566 devstack@neutron-api.service[102281]: WARNING neutron.quota.resource_registry [None req-66c257e3-18f7-4688-a434-c20400003b3a None None] subnetpool is already registered
Apr 06 18:22:20.812501 np0000163566 devstack@neutron-api.service[102278]: WARNING keystonemiddleware.auth_token [None req-4f11ed03-7527-4488-a163-67eb9915f30f None None] AuthToken middleware is set with keystone_authtoken.service_token_roles_required set to False. This is backwards compatible but deprecated behaviour. Please set this to True.
Apr 06 18:22:20.814230 np0000163566 devstack@neutron-api.service[102281]: DEBUG neutron.api.v2.resource_helper [None req-66c257e3-18f7-4688-a434-c20400003b3a None None] Service L3_ROUTER_NAT assigned prefix: {{(pid=102281) build_resource_info /opt/stack/neutron/neutron/api/v2/resource_helper.py:77}}
Apr 06 18:22:20.814622 np0000163566 devstack@neutron-api.service[102281]: DEBUG neutron.api.v2.resource_helper [None req-66c257e3-18f7-4688-a434-c20400003b3a None None] Service FLAVORS assigned prefix: {{(pid=102281) build_resource_info /opt/stack/neutron/neutron/api/v2/resource_helper.py:77}}
Apr 06 18:22:20.815588 np0000163566 devstack@neutron-api.service[102281]: DEBUG neutron.api.v2.resource_helper [None req-66c257e3-18f7-4688-a434-c20400003b3a None None] Service L3_ROUTER_NAT assigned prefix: {{(pid=102281) build_resource_info /opt/stack/neutron/neutron/api/v2/resource_helper.py:77}}
Apr 06 18:22:20.815944 np0000163566 devstack@neutron-api.service[102281]: DEBUG neutron.api.v2.resource_helper [None req-66c257e3-18f7-4688-a434-c20400003b3a None None] Service L3_ROUTER_NAT assigned prefix: {{(pid=102281) build_resource_info /opt/stack/neutron/neutron/api/v2/resource_helper.py:77}}
Apr 06 18:22:20.816072 np0000163566 devstack@neutron-api.service[102281]: INFO neutron.quota.resource_registry [None req-66c257e3-18f7-4688-a434-c20400003b3a None None] Creating instance of TrackedResource for resource:router
Apr 06 18:22:20.816200 np0000163566 devstack@neutron-api.service[102281]: WARNING neutron.quota.resource_registry [None req-66c257e3-18f7-4688-a434-c20400003b3a None None] router is already registered
Apr 06 18:22:20.816592 np0000163566 devstack@neutron-api.service[102281]: INFO neutron.quota.resource_registry [None req-66c257e3-18f7-4688-a434-c20400003b3a None None] Creating instance of TrackedResource for resource:floatingip
Apr 06 18:22:20.816719 np0000163566 devstack@neutron-api.service[102281]: WARNING neutron.quota.resource_registry [None req-66c257e3-18f7-4688-a434-c20400003b3a None None] floatingip is already registered
Apr 06 18:22:20.817238 np0000163566 devstack@neutron-api.service[102279]: DEBUG neutron.manager [None req-43f9ed00-2711-4aa8-9eb6-23c9d1659398 None None] Successfully loaded FLAVORS plugin. Description: Neutron Flavors and Service Profiles manager plugin {{(pid=102279) _create_and_add_service_plugin /opt/stack/neutron/neutron/manager.py:239}}
Apr 06 18:22:20.817367 np0000163566 devstack@neutron-api.service[102279]: INFO neutron.manager [None req-43f9ed00-2711-4aa8-9eb6-23c9d1659398 None None] Loading Plugin: revisions
Apr 06 18:22:20.817663 np0000163566 devstack@neutron-api.service[102281]: INFO neutron.quota.resource_registry [None req-66c257e3-18f7-4688-a434-c20400003b3a None None] Creating instance of CountableResource for resource:rbac_policy
Apr 06 18:22:20.817801 np0000163566 devstack@neutron-api.service[102281]: WARNING neutron.quota.resource_registry [None req-66c257e3-18f7-4688-a434-c20400003b3a None None] rbac_policy is already registered
Apr 06 18:22:20.818457 np0000163566 devstack@neutron-api.service[102281]: INFO neutron.quota.resource_registry [None req-66c257e3-18f7-4688-a434-c20400003b3a None None] Creating instance of TrackedResource for resource:security_group
Apr 06 18:22:20.818587 np0000163566 devstack@neutron-api.service[102281]: WARNING neutron.quota.resource_registry [None req-66c257e3-18f7-4688-a434-c20400003b3a None None] security_group is already registered
Apr 06 18:22:20.818937 np0000163566 devstack@neutron-api.service[102281]: INFO neutron.quota.resource_registry [None req-66c257e3-18f7-4688-a434-c20400003b3a None None] Creating instance of TrackedResource for resource:security_group_rule
Apr 06 18:22:20.819074 np0000163566 devstack@neutron-api.service[102281]: WARNING neutron.quota.resource_registry [None req-66c257e3-18f7-4688-a434-c20400003b3a None None] security_group_rule is already registered
Apr 06 18:22:20.819216 np0000163566 devstack@neutron-api.service[102279]: DEBUG neutron.manager [None req-43f9ed00-2711-4aa8-9eb6-23c9d1659398 None None] Successfully loaded revision_plugin plugin. Description: Adds revision numbers to resources. {{(pid=102279) _create_and_add_service_plugin /opt/stack/neutron/neutron/manager.py:239}}
Apr 06 18:22:20.819357 np0000163566 devstack@neutron-api.service[102279]: DEBUG oslo_concurrency.lockutils [None req-43f9ed00-2711-4aa8-9eb6-23c9d1659398 None None] Lock "manager" "released" by "neutron.manager.NeutronManager._create_instance" :: held 6.465s {{(pid=102279) inner /opt/stack/data/venv/lib/python3.12/site-packages/oslo_concurrency/lockutils.py:538}}
Apr 06 18:22:20.819684 np0000163566 devstack@neutron-api.service[102281]: DEBUG neutron.api.v2.resource_helper [None req-66c257e3-18f7-4688-a434-c20400003b3a None None] Service CORE assigned prefix: {{(pid=102281) build_resource_info /opt/stack/neutron/neutron/api/v2/resource_helper.py:77}}
Apr 06 18:22:20.819744 np0000163566 devstack@neutron-api.service[102279]: DEBUG neutron.api.extensions [None req-43f9ed00-2711-4aa8-9eb6-23c9d1659398 None None] get_extension_paths = OrderedDict({'/opt/stack/neutron/neutron/extensions': 1}) {{(pid=102279) get_extensions_path /opt/stack/neutron/neutron/api/extensions.py:640}}
Apr 06 18:22:20.819927 np0000163566 devstack@neutron-api.service[102278]: DEBUG neutron_lib.callbacks.manager [None req-4f11ed03-7527-4488-a163-67eb9915f30f None None] Publish callbacks ['neutron.plugins.ml2.drivers.ovn.mech_driver.mech_driver.OVNMechanismDriver.pre_fork_initialize-194161'] for process (None), before_spawn {{(pid=102278) _notify_loop /opt/stack/data/venv/lib/python3.12/site-packages/neutron_lib/callbacks/manager.py:184}}
Apr 06 18:22:20.820103 np0000163566 devstack@neutron-api.service[102279]: INFO neutron.api.extensions [None req-43f9ed00-2711-4aa8-9eb6-23c9d1659398 None None] Initializing extension manager.
Apr 06 18:22:20.820307 np0000163566 devstack@neutron-api.service[102281]: INFO neutron.quota.resource_registry [None req-66c257e3-18f7-4688-a434-c20400003b3a None None] Creating instance of TrackedResource for resource:subnetpool
Apr 06 18:22:20.820307 np0000163566 devstack@neutron-api.service[102281]: WARNING neutron.quota.resource_registry [None req-66c257e3-18f7-4688-a434-c20400003b3a None None] subnetpool is already registered
Apr 06 18:22:20.820537 np0000163566 devstack@neutron-api.service[102279]: DEBUG neutron.api.extensions [None req-43f9ed00-2711-4aa8-9eb6-23c9d1659398 None None] Loading extension file: __init__.py {{(pid=102279) _load_all_extensions_from_path /opt/stack/neutron/neutron/api/extensions.py:449}}
Apr 06 18:22:20.820657 np0000163566 devstack@neutron-api.service[102278]: DEBUG oslo_concurrency.processutils [None req-4f11ed03-7527-4488-a163-67eb9915f30f None None] Running cmd (subprocess): ovsdb-client transact ssl:199.204.45.113:6641 --timeout 180 -p /opt/stack/data/CA/int-ca/private/devstack-cert.key -c /opt/stack/data/CA/int-ca/devstack-cert.crt -C /opt/stack/data/CA/int-ca/ca-chain.pem ["OVN_Northbound", {"op": "wait", "timeout": 0, "table": "Port_Group", "where": [["name", "==", "neutron_pg_drop"]], "until": "==", "rows": []}, {"op": "insert", "table": "ACL", "row": {"action": "drop", "direction": "to-lport", "match": "outport == @neutron_pg_drop && ip", "priority": 1001}, "uuid-name": "droptoport"}, {"op": "insert", "table": "ACL", "row": {"action": "drop", "direction": "from-lport", "match": "inport == @neutron_pg_drop && ip", "priority": 1001}, "uuid-name": "dropfromport"}, {"op": "insert", "table": "Port_Group", "row": {"name": "neutron_pg_drop", "acls": ["set", [["named-uuid", "droptoport"], ["named-uuid", "dropfromport"]]]}}] {{(pid=102278) execute /opt/stack/data/venv/lib/python3.12/site-packages/oslo_concurrency/processutils.py:440}}
Apr 06 18:22:20.821061 np0000163566 devstack@neutron-api.service[102279]: DEBUG neutron.api.extensions [None req-43f9ed00-2711-4aa8-9eb6-23c9d1659398 None None] Loading extension file: __pycache__ {{(pid=102279) _load_all_extensions_from_path /opt/stack/neutron/neutron/api/extensions.py:449}}
Apr 06 18:22:20.821137 np0000163566 devstack@neutron-api.service[102281]: DEBUG neutron.api.extensions [None req-66c257e3-18f7-4688-a434-c20400003b3a None None] Extended resource: extensions {{(pid=102281) __init__ /opt/stack/neutron/neutron/api/extensions.py:156}}
Apr 06 18:22:20.821197 np0000163566 devstack@neutron-api.service[102279]: DEBUG neutron.api.extensions [None req-43f9ed00-2711-4aa8-9eb6-23c9d1659398 None None] Loading extension file: address_group.py {{(pid=102279) _load_all_extensions_from_path /opt/stack/neutron/neutron/api/extensions.py:449}}
Apr 06 18:22:20.821197 np0000163566 devstack@neutron-api.service[102279]: DEBUG neutron.api.extensions [None req-43f9ed00-2711-4aa8-9eb6-23c9d1659398 None None] Ext name="Address group" alias="address-group" description="Support address group" updated="2020-07-15T10:00:00-00:00" {{(pid=102279) _check_extension /opt/stack/neutron/neutron/api/extensions.py:415}}
Apr 06 18:22:20.821342 np0000163566 devstack@neutron-api.service[102281]: DEBUG neutron.api.extensions [None req-66c257e3-18f7-4688-a434-c20400003b3a None None] Extended resource: address-groups {{(pid=102281) __init__ /opt/stack/neutron/neutron/api/extensions.py:156}}
Apr 06 18:22:20.821435 np0000163566 devstack@neutron-api.service[102279]: INFO neutron.api.extensions [None req-43f9ed00-2711-4aa8-9eb6-23c9d1659398 None None] Loaded extension: address-group
Apr 06 18:22:20.821435 np0000163566 devstack@neutron-api.service[102279]: DEBUG neutron.api.extensions [None req-43f9ed00-2711-4aa8-9eb6-23c9d1659398 None None] Loading extension file: address_scope.py {{(pid=102279) _load_all_extensions_from_path /opt/stack/neutron/neutron/api/extensions.py:449}}
Apr 06 18:22:20.821435 np0000163566 devstack@neutron-api.service[102279]: DEBUG neutron.api.extensions [None req-43f9ed00-2711-4aa8-9eb6-23c9d1659398 None None] Ext name="Address scope" alias="address-scope" description="Address scopes extension." updated="2015-07-26T10:00:00-00:00" {{(pid=102279) _check_extension /opt/stack/neutron/neutron/api/extensions.py:415}}
Apr 06 18:22:20.821605 np0000163566 devstack@neutron-api.service[102279]: INFO neutron.api.extensions [None req-43f9ed00-2711-4aa8-9eb6-23c9d1659398 None None] Loaded extension: address-scope
Apr 06 18:22:20.821673 np0000163566 devstack@neutron-api.service[102279]: DEBUG neutron.api.extensions [None req-43f9ed00-2711-4aa8-9eb6-23c9d1659398 None None] Loading extension file: admin_state_down_before_update.py {{(pid=102279) _load_all_extensions_from_path /opt/stack/neutron/neutron/api/extensions.py:449}}
Apr 06 18:22:20.821790 np0000163566 devstack@neutron-api.service[102281]: DEBUG neutron.api.extensions [None req-66c257e3-18f7-4688-a434-c20400003b3a None None] Extended resource: address-scopes {{(pid=102281) __init__ /opt/stack/neutron/neutron/api/extensions.py:156}}
Apr 06 18:22:20.821980 np0000163566 devstack@neutron-api.service[102279]: DEBUG neutron.api.extensions [None req-43f9ed00-2711-4aa8-9eb6-23c9d1659398 None None] Ext name="Enforce Router's Admin State Down Before Update Extension" alias="router-admin-state-down-before-update" description="Ensure that the admin state of a router is DOWN (admin_state_up=False) before updating the distributed attribute" updated="2019-07-02T15:56:00" {{(pid=102279) _check_extension /opt/stack/neutron/neutron/api/extensions.py:415}}
Apr 06 18:22:20.822137 np0000163566 devstack@neutron-api.service[102279]: INFO neutron.api.extensions [None req-43f9ed00-2711-4aa8-9eb6-23c9d1659398 None None] Extension router-admin-state-down-before-update not supported by any of loaded plugins
Apr 06 18:22:20.822207 np0000163566 devstack@neutron-api.service[102279]: DEBUG neutron.api.extensions [None req-43f9ed00-2711-4aa8-9eb6-23c9d1659398 None None] Loading extension file: agent.py {{(pid=102279) _load_all_extensions_from_path /opt/stack/neutron/neutron/api/extensions.py:449}}
Apr 06 18:22:20.822297 np0000163566 devstack@neutron-api.service[102281]: DEBUG neutron.api.extensions [None req-66c257e3-18f7-4688-a434-c20400003b3a None None] Extended resource: agents {{(pid=102281) __init__ /opt/stack/neutron/neutron/api/extensions.py:156}}
Apr 06 18:22:20.822587 np0000163566 devstack@neutron-api.service[102279]: DEBUG neutron.api.extensions [None req-43f9ed00-2711-4aa8-9eb6-23c9d1659398 None None] Ext name="agent" alias="agent" description="The agent management extension." updated="2013-02-03T10:00:00-00:00" {{(pid=102279) _check_extension /opt/stack/neutron/neutron/api/extensions.py:415}}
Apr 06 18:22:20.822757 np0000163566 devstack@neutron-api.service[102279]: INFO neutron.api.extensions [None req-43f9ed00-2711-4aa8-9eb6-23c9d1659398 None None] Loaded extension: agent
Apr 06 18:22:20.822822 np0000163566 devstack@neutron-api.service[102281]: DEBUG neutron.api.extensions [None req-66c257e3-18f7-4688-a434-c20400003b3a None None] Extended resource: auto-allocated-topology {{(pid=102281) __init__ /opt/stack/neutron/neutron/api/extensions.py:156}}
Apr 06 18:22:20.822883 np0000163566 devstack@neutron-api.service[102279]: DEBUG neutron.api.extensions [None req-43f9ed00-2711-4aa8-9eb6-23c9d1659398 None None] Loading extension file: agent_resources_synced.py {{(pid=102279) _load_all_extensions_from_path /opt/stack/neutron/neutron/api/extensions.py:449}}
Apr 06 18:22:20.823102 np0000163566 devstack@neutron-api.service[102279]: DEBUG neutron.api.extensions [None req-43f9ed00-2711-4aa8-9eb6-23c9d1659398 None None] Ext name="Agent's Resource View Synced to Placement" alias="agent-resources-synced" description="Stores success/failure of last sync to Placement" updated="2018-12-19T00:00:00-00:00" {{(pid=102279) _check_extension /opt/stack/neutron/neutron/api/extensions.py:415}}
Apr 06 18:22:20.823269 np0000163566 devstack@neutron-api.service[102279]: INFO neutron.api.extensions [None req-43f9ed00-2711-4aa8-9eb6-23c9d1659398 None None] Extension agent-resources-synced not supported by any of loaded plugins
Apr 06 18:22:20.823365 np0000163566 devstack@neutron-api.service[102281]: DEBUG neutron.api.extensions [None req-66c257e3-18f7-4688-a434-c20400003b3a None None] Extended resource: availability_zones {{(pid=102281) __init__ /opt/stack/neutron/neutron/api/extensions.py:156}}
Apr 06 18:22:20.823427 np0000163566 devstack@neutron-api.service[102279]: DEBUG neutron.api.extensions [None req-43f9ed00-2711-4aa8-9eb6-23c9d1659398 None None] Loading extension file: allowedaddresspairs.py {{(pid=102279) _load_all_extensions_from_path /opt/stack/neutron/neutron/api/extensions.py:449}}
Apr 06 18:22:20.824308 np0000163566 devstack@neutron-api.service[102279]: DEBUG neutron.api.extensions [None req-43f9ed00-2711-4aa8-9eb6-23c9d1659398 None None] Ext name="Allowed Address Pairs" alias="allowed-address-pairs" description="Provides allowed address pairs" updated="2013-07-23T10:00:00-00:00" {{(pid=102279) _check_extension /opt/stack/neutron/neutron/api/extensions.py:415}}
Apr 06 18:22:20.824308 np0000163566 devstack@neutron-api.service[102279]: INFO neutron.api.extensions [None req-43f9ed00-2711-4aa8-9eb6-23c9d1659398 None None] Loaded extension: allowed-address-pairs
Apr 06 18:22:20.824522 np0000163566 devstack@neutron-api.service[102279]: DEBUG neutron.api.extensions [None req-43f9ed00-2711-4aa8-9eb6-23c9d1659398 None None] Loading extension file: auto_allocated_topology.py {{(pid=102279) _load_all_extensions_from_path /opt/stack/neutron/neutron/api/extensions.py:449}}
Apr 06 18:22:20.824738 np0000163566 devstack@neutron-api.service[102281]: DEBUG neutron.api.extensions [None req-66c257e3-18f7-4688-a434-c20400003b3a None None] Extended resource: dhcp-networks {{(pid=102281) __init__ /opt/stack/neutron/neutron/api/extensions.py:156}}
Apr 06 18:22:20.824869 np0000163566 devstack@neutron-api.service[102279]: DEBUG neutron.api.extensions [None req-43f9ed00-2711-4aa8-9eb6-23c9d1659398 None None] Ext name="Auto Allocated Topology Services" alias="auto-allocated-topology" description="Auto Allocated Topology Services." updated="2016-01-01T00:00:00-00:00" {{(pid=102279) _check_extension /opt/stack/neutron/neutron/api/extensions.py:415}}
Apr 06 18:22:20.824869 np0000163566 devstack@neutron-api.service[102279]: INFO neutron.api.extensions [None req-43f9ed00-2711-4aa8-9eb6-23c9d1659398 None None] Loaded extension: auto-allocated-topology
Apr 06 18:22:20.825052 np0000163566 devstack@neutron-api.service[102279]: DEBUG neutron.api.extensions [None req-43f9ed00-2711-4aa8-9eb6-23c9d1659398 None None] Loading extension file: availability_zone.py {{(pid=102279) _load_all_extensions_from_path /opt/stack/neutron/neutron/api/extensions.py:449}}
Apr 06 18:22:20.825287 np0000163566 devstack@neutron-api.service[102281]: DEBUG neutron.api.extensions [None req-66c257e3-18f7-4688-a434-c20400003b3a None None] Extended resource: dhcp-agents {{(pid=102281) __init__ /opt/stack/neutron/neutron/api/extensions.py:156}}
Apr 06 18:22:20.825422 np0000163566 devstack@neutron-api.service[102279]: DEBUG neutron.api.extensions [None req-43f9ed00-2711-4aa8-9eb6-23c9d1659398 None None] Ext name="Availability Zone" alias="availability_zone" description="The availability zone extension." updated="2015-01-01T10:00:00-00:00" {{(pid=102279) _check_extension /opt/stack/neutron/neutron/api/extensions.py:415}}
Apr 06 18:22:20.825422 np0000163566 devstack@neutron-api.service[102279]: INFO neutron.api.extensions [None req-43f9ed00-2711-4aa8-9eb6-23c9d1659398 None None] Loaded extension: availability_zone
Apr 06 18:22:20.825632 np0000163566 devstack@neutron-api.service[102279]: DEBUG neutron.api.extensions [None req-43f9ed00-2711-4aa8-9eb6-23c9d1659398 None None] Loading extension file: availability_zone_filter.py {{(pid=102279) _load_all_extensions_from_path /opt/stack/neutron/neutron/api/extensions.py:449}}
Apr 06 18:22:20.825898 np0000163566 devstack@neutron-api.service[102279]: DEBUG neutron.api.extensions [None req-43f9ed00-2711-4aa8-9eb6-23c9d1659398 None None] Ext name="Availability Zone Filter Extension" alias="availability_zone_filter" description="Add filter parameters to AvailabilityZone resource" updated="2018-06-22T10:00:00-00:00" {{(pid=102279) _check_extension /opt/stack/neutron/neutron/api/extensions.py:415}}
Apr 06 18:22:20.826046 np0000163566 devstack@neutron-api.service[102279]: INFO neutron.api.extensions [None req-43f9ed00-2711-4aa8-9eb6-23c9d1659398 None None] Extension availability_zone_filter not supported by any of loaded plugins
Apr 06 18:22:20.826046 np0000163566 devstack@neutron-api.service[102279]: DEBUG neutron.api.extensions [None req-43f9ed00-2711-4aa8-9eb6-23c9d1659398 None None] Loading extension file: data_plane_status.py {{(pid=102279) _load_all_extensions_from_path /opt/stack/neutron/neutron/api/extensions.py:449}}
Apr 06 18:22:20.826222 np0000163566 devstack@neutron-api.service[102281]: DEBUG neutron.api.extensions [None req-66c257e3-18f7-4688-a434-c20400003b3a None None] Extended resource: routers {{(pid=102281) __init__ /opt/stack/neutron/neutron/api/extensions.py:156}}
Apr 06 18:22:20.826387 np0000163566 devstack@neutron-api.service[102279]: DEBUG neutron.api.extensions [None req-43f9ed00-2711-4aa8-9eb6-23c9d1659398 None None] Ext name="Port data plane status extension" alias="data-plane-status" description="Expose status of underlying data plane" updated="2017-01-24T10:00:00-00:00" {{(pid=102279) _check_extension /opt/stack/neutron/neutron/api/extensions.py:415}}
Apr 06 18:22:20.826544 np0000163566 devstack@neutron-api.service[102279]: INFO neutron.api.extensions [None req-43f9ed00-2711-4aa8-9eb6-23c9d1659398 None None] Extension data-plane-status not supported by any of loaded plugins
Apr 06 18:22:20.826544 np0000163566 devstack@neutron-api.service[102279]: DEBUG neutron.api.extensions [None req-43f9ed00-2711-4aa8-9eb6-23c9d1659398 None None] Loading extension file: default_subnetpools.py {{(pid=102279) _load_all_extensions_from_path /opt/stack/neutron/neutron/api/extensions.py:449}}
Apr 06 18:22:20.826953 np0000163566 devstack@neutron-api.service[102279]: DEBUG neutron.api.extensions [None req-43f9ed00-2711-4aa8-9eb6-23c9d1659398 None None] Ext name="Default Subnetpools" alias="default-subnetpools" description="Provides ability to mark and use a subnetpool as the default." updated="2016-02-18T18:00:00-00:00" {{(pid=102279) _check_extension /opt/stack/neutron/neutron/api/extensions.py:415}}
Apr 06 18:22:20.826953 np0000163566 devstack@neutron-api.service[102279]: INFO neutron.api.extensions [None req-43f9ed00-2711-4aa8-9eb6-23c9d1659398 None None] Loaded extension: default-subnetpools
Apr 06 18:22:20.827197 np0000163566 devstack@neutron-api.service[102279]: DEBUG neutron.api.extensions [None req-43f9ed00-2711-4aa8-9eb6-23c9d1659398 None None] Loading extension file: dhcpagentscheduler.py {{(pid=102279) _load_all_extensions_from_path /opt/stack/neutron/neutron/api/extensions.py:449}}
Apr 06 18:22:20.827533 np0000163566 devstack@neutron-api.service[102281]: DEBUG neutron.api.extensions [None req-66c257e3-18f7-4688-a434-c20400003b3a None None] Extended resource: flavors {{(pid=102281) __init__ /opt/stack/neutron/neutron/api/extensions.py:156}}
Apr 06 18:22:20.827692 np0000163566 devstack@neutron-api.service[102279]: DEBUG neutron.api.extensions [None req-43f9ed00-2711-4aa8-9eb6-23c9d1659398 None None] Ext name="DHCP Agent Scheduler" alias="dhcp_agent_scheduler" description="Schedule networks among dhcp agents" updated="2013-02-07T10:00:00-00:00" {{(pid=102279) _check_extension /opt/stack/neutron/neutron/api/extensions.py:415}}
Apr 06 18:22:20.827692 np0000163566 devstack@neutron-api.service[102279]: INFO neutron.api.extensions [None req-43f9ed00-2711-4aa8-9eb6-23c9d1659398 None None] Loaded extension: dhcp_agent_scheduler
Apr 06 18:22:20.827692 np0000163566 devstack@neutron-api.service[102279]: DEBUG neutron.api.extensions [None req-43f9ed00-2711-4aa8-9eb6-23c9d1659398 None None] Loading extension file: dns.py {{(pid=102279) _load_all_extensions_from_path /opt/stack/neutron/neutron/api/extensions.py:449}}
Apr 06 18:22:20.828058 np0000163566 devstack@neutron-api.service[102279]: DEBUG neutron.api.extensions [None req-43f9ed00-2711-4aa8-9eb6-23c9d1659398 None None] Ext name="DNS Integration" alias="dns-integration" description="Provides integration with DNS." updated="2015-08-15T18:00:00-00:00" {{(pid=102279) _check_extension /opt/stack/neutron/neutron/api/extensions.py:415}}
Apr 06 18:22:20.828193 np0000163566 devstack@neutron-api.service[102281]: DEBUG neutron.api.extensions [None req-66c257e3-18f7-4688-a434-c20400003b3a None None] Extended resource: service_profiles {{(pid=102281) __init__ /opt/stack/neutron/neutron/api/extensions.py:156}}
Apr 06 18:22:20.828353 np0000163566 devstack@neutron-api.service[102279]: INFO neutron.api.extensions [None req-43f9ed00-2711-4aa8-9eb6-23c9d1659398 None None] Loaded extension: dns-integration
Apr 06 18:22:20.828353 np0000163566 devstack@neutron-api.service[102279]: DEBUG neutron.api.extensions [None req-43f9ed00-2711-4aa8-9eb6-23c9d1659398 None None] Loading extension file: dns_domain_ports.py {{(pid=102279) _load_all_extensions_from_path /opt/stack/neutron/neutron/api/extensions.py:449}}
Apr 06 18:22:20.828569 np0000163566 devstack@neutron-api.service[102279]: DEBUG neutron.api.extensions [None req-43f9ed00-2711-4aa8-9eb6-23c9d1659398 None None] Ext name="dns_domain for ports" alias="dns-domain-ports" description="Allows the DNS domain to be specified for a network port." updated="2017-04-24T10:00:00-00:00" {{(pid=102279) _check_extension /opt/stack/neutron/neutron/api/extensions.py:415}}
Apr 06 18:22:20.828660 np0000163566 devstack@neutron-api.service[102281]: DEBUG neutron.api.extensions [None req-66c257e3-18f7-4688-a434-c20400003b3a None None] Extended resource: next_providers {{(pid=102281) __init__ /opt/stack/neutron/neutron/api/extensions.py:156}}
Apr 06 18:22:20.828723 np0000163566 devstack@neutron-api.service[102279]: INFO neutron.api.extensions [None req-43f9ed00-2711-4aa8-9eb6-23c9d1659398 None None] Loaded extension: dns-domain-ports
Apr 06 18:22:20.828803 np0000163566 devstack@neutron-api.service[102279]: DEBUG neutron.api.extensions [None req-43f9ed00-2711-4aa8-9eb6-23c9d1659398 None None] Loading extension file: dns_integration_domain_keywords.py {{(pid=102279) _load_all_extensions_from_path /opt/stack/neutron/neutron/api/extensions.py:449}}
Apr 06 18:22:20.829114 np0000163566 devstack@neutron-api.service[102279]: DEBUG neutron.api.extensions [None req-43f9ed00-2711-4aa8-9eb6-23c9d1659398 None None] Ext name="DNS domain names with keywords allowed" alias="dns-integration-domain-keywords" description="Allows to use keywords like , , and as DNS domain name" updated="2020-06-15T18:00:00-00:00" {{(pid=102279) _check_extension /opt/stack/neutron/neutron/api/extensions.py:415}}
Apr 06 18:22:20.829304 np0000163566 devstack@neutron-api.service[102279]: INFO neutron.api.extensions [None req-43f9ed00-2711-4aa8-9eb6-23c9d1659398 None None] Loaded extension: dns-integration-domain-keywords
Apr 06 18:22:20.829389 np0000163566 devstack@neutron-api.service[102279]: DEBUG neutron.api.extensions [None req-43f9ed00-2711-4aa8-9eb6-23c9d1659398 None None] Loading extension file: dvr.py {{(pid=102279) _load_all_extensions_from_path /opt/stack/neutron/neutron/api/extensions.py:449}}
Apr 06 18:22:20.829525 np0000163566 devstack@neutron-api.service[102281]: DEBUG neutron.api.extensions [None req-66c257e3-18f7-4688-a434-c20400003b3a None None] Extended resource: service_profiles {{(pid=102281) __init__ /opt/stack/neutron/neutron/api/extensions.py:156}}
Apr 06 18:22:20.829656 np0000163566 devstack@neutron-api.service[102279]: DEBUG neutron.api.extensions [None req-43f9ed00-2711-4aa8-9eb6-23c9d1659398 None None] Ext name="Distributed Virtual Router" alias="dvr" description="Enables configuration of Distributed Virtual Routers." updated="2014-06-1T10:00:00-00:00" {{(pid=102279) _check_extension /opt/stack/neutron/neutron/api/extensions.py:415}}
Apr 06 18:22:20.829870 np0000163566 devstack@neutron-api.service[102279]: INFO neutron.api.extensions [None req-43f9ed00-2711-4aa8-9eb6-23c9d1659398 None None] Extension dvr not supported by any of loaded plugins
Apr 06 18:22:20.829954 np0000163566 devstack@neutron-api.service[102279]: DEBUG neutron.api.extensions [None req-43f9ed00-2711-4aa8-9eb6-23c9d1659398 None None] Loading extension file: ecmp_routes.py {{(pid=102279) _load_all_extensions_from_path /opt/stack/neutron/neutron/api/extensions.py:449}}
Apr 06 18:22:20.830195 np0000163566 devstack@neutron-api.service[102279]: DEBUG neutron.api.extensions [None req-43f9ed00-2711-4aa8-9eb6-23c9d1659398 None None] Ext name="Equal Cost Multipath Routing" alias="ecmp_routes" description="Allows traffic to reach thesame destination via multiple different links " updated="2020-11-26T18:00:00-00:00" {{(pid=102279) _check_extension /opt/stack/neutron/neutron/api/extensions.py:415}}
Apr 06 18:22:20.830356 np0000163566 devstack@neutron-api.service[102281]: DEBUG neutron.api.extensions [None req-66c257e3-18f7-4688-a434-c20400003b3a None None] Extended resource: floatingip-pools {{(pid=102281) __init__ /opt/stack/neutron/neutron/api/extensions.py:156}}
Apr 06 18:22:20.830393 np0000163566 devstack@neutron-api.service[102279]: INFO neutron.api.extensions [None req-43f9ed00-2711-4aa8-9eb6-23c9d1659398 None None] Extension ecmp_routes not supported by any of loaded plugins
Apr 06 18:22:20.830596 np0000163566 devstack@neutron-api.service[102279]: DEBUG neutron.api.extensions [None req-43f9ed00-2711-4aa8-9eb6-23c9d1659398 None None] Loading extension file: empty_string_filtering.py {{(pid=102279) _load_all_extensions_from_path /opt/stack/neutron/neutron/api/extensions.py:449}}
Apr 06 18:22:20.830832 np0000163566 devstack@neutron-api.service[102279]: DEBUG neutron.api.extensions [None req-43f9ed00-2711-4aa8-9eb6-23c9d1659398 None None] Ext name="Empty String Filtering Extension" alias="empty-string-filtering" description="Allow filtering by attributes with empty string value" updated="2018-05-01T10:00:00-00:00" {{(pid=102279) _check_extension /opt/stack/neutron/neutron/api/extensions.py:415}}
Apr 06 18:22:20.830967 np0000163566 devstack@neutron-api.service[102279]: INFO neutron.api.extensions [None req-43f9ed00-2711-4aa8-9eb6-23c9d1659398 None None] Loaded extension: empty-string-filtering
Apr 06 18:22:20.831013 np0000163566 devstack@neutron-api.service[102281]: DEBUG neutron.api.extensions [None req-66c257e3-18f7-4688-a434-c20400003b3a None None] Extended resource: routers {{(pid=102281) __init__ /opt/stack/neutron/neutron/api/extensions.py:156}}
Apr 06 18:22:20.831043 np0000163566 devstack@neutron-api.service[102279]: DEBUG neutron.api.extensions [None req-43f9ed00-2711-4aa8-9eb6-23c9d1659398 None None] Loading extension file: expose_l3_conntrack_helper.py {{(pid=102279) _load_all_extensions_from_path /opt/stack/neutron/neutron/api/extensions.py:449}}
Apr 06 18:22:20.831300 np0000163566 devstack@neutron-api.service[102279]: DEBUG neutron.api.extensions [None req-43f9ed00-2711-4aa8-9eb6-23c9d1659398 None None] Ext name="Expose CT target rules for conntrack helper" alias="expose-l3-conntrack-helper" description="Expose allow adding CT target rules for conntrack helper" updated="2019-04-04T10:00:00-00:00" {{(pid=102279) _check_extension /opt/stack/neutron/neutron/api/extensions.py:415}}
Apr 06 18:22:20.831472 np0000163566 devstack@neutron-api.service[102279]: INFO neutron.api.extensions [None req-43f9ed00-2711-4aa8-9eb6-23c9d1659398 None None] Extension expose-l3-conntrack-helper not supported by any of loaded plugins
Apr 06 18:22:20.831631 np0000163566 devstack@neutron-api.service[102279]: DEBUG neutron.api.extensions [None req-43f9ed00-2711-4aa8-9eb6-23c9d1659398 None None] Loading extension file: expose_port_forwarding_in_fip.py {{(pid=102279) _load_all_extensions_from_path /opt/stack/neutron/neutron/api/extensions.py:449}}
Apr 06 18:22:20.831844 np0000163566 devstack@neutron-api.service[102279]: DEBUG neutron.api.extensions [None req-43f9ed00-2711-4aa8-9eb6-23c9d1659398 None None] Ext name="Expose Floating IP port forwardings" alias="expose-port-forwarding-in-fip" description="Expose port forwarding fields in floating IP response" updated="2018-06-28T16:00:00-00:00" {{(pid=102279) _check_extension /opt/stack/neutron/neutron/api/extensions.py:415}}
Apr 06 18:22:20.831979 np0000163566 devstack@neutron-api.service[102279]: INFO neutron.api.extensions [None req-43f9ed00-2711-4aa8-9eb6-23c9d1659398 None None] Extension expose-port-forwarding-in-fip not supported by any of loaded plugins
Apr 06 18:22:20.832115 np0000163566 devstack@neutron-api.service[102279]: DEBUG neutron.api.extensions [None req-43f9ed00-2711-4aa8-9eb6-23c9d1659398 None None] Loading extension file: external_net.py {{(pid=102279) _load_all_extensions_from_path /opt/stack/neutron/neutron/api/extensions.py:449}}
Apr 06 18:22:20.832260 np0000163566 devstack@neutron-api.service[102281]: DEBUG neutron.api.extensions [None req-66c257e3-18f7-4688-a434-c20400003b3a None None] Extended resource: floatingips {{(pid=102281) __init__ /opt/stack/neutron/neutron/api/extensions.py:156}}
Apr 06 18:22:20.832305 np0000163566 devstack@neutron-api.service[102279]: DEBUG neutron.api.extensions [None req-43f9ed00-2711-4aa8-9eb6-23c9d1659398 None None] Ext name="Neutron external network" alias="external-net" description="Adds external network attribute to network resource." updated="2013-01-14T10:00:00-00:00" {{(pid=102279) _check_extension /opt/stack/neutron/neutron/api/extensions.py:415}}
Apr 06 18:22:20.832548 np0000163566 devstack@neutron-api.service[102279]: INFO neutron.api.extensions [None req-43f9ed00-2711-4aa8-9eb6-23c9d1659398 None None] Loaded extension: external-net
Apr 06 18:22:20.832548 np0000163566 devstack@neutron-api.service[102279]: DEBUG neutron.api.extensions [None req-43f9ed00-2711-4aa8-9eb6-23c9d1659398 None None] Loading extension file: extra_dhcp_opt.py {{(pid=102279) _load_all_extensions_from_path /opt/stack/neutron/neutron/api/extensions.py:449}}
Apr 06 18:22:20.832891 np0000163566 devstack@neutron-api.service[102279]: DEBUG neutron.api.extensions [None req-43f9ed00-2711-4aa8-9eb6-23c9d1659398 None None] Ext name="Neutron Extra DHCP options" alias="extra_dhcp_opt" description="Extra options configuration for DHCP. For example PXE boot options to DHCP clients can be specified (e.g. tftp-server, server-ip-address, bootfile-name)" updated="2013-03-17T12:00:00-00:00" {{(pid=102279) _check_extension /opt/stack/neutron/neutron/api/extensions.py:415}}
Apr 06 18:22:20.833000 np0000163566 devstack@neutron-api.service[102281]: DEBUG neutron.api.extensions [None req-66c257e3-18f7-4688-a434-c20400003b3a None None] Extended resource: network-ip-availabilities {{(pid=102281) __init__ /opt/stack/neutron/neutron/api/extensions.py:156}}
Apr 06 18:22:20.833080 np0000163566 devstack@neutron-api.service[102279]: INFO neutron.api.extensions [None req-43f9ed00-2711-4aa8-9eb6-23c9d1659398 None None] Loaded extension: extra_dhcp_opt
Apr 06 18:22:20.833080 np0000163566 devstack@neutron-api.service[102279]: DEBUG neutron.api.extensions [None req-43f9ed00-2711-4aa8-9eb6-23c9d1659398 None None] Loading extension file: extraroute.py {{(pid=102279) _load_all_extensions_from_path /opt/stack/neutron/neutron/api/extensions.py:449}}
Apr 06 18:22:20.833329 np0000163566 devstack@neutron-api.service[102279]: DEBUG neutron.api.extensions [None req-43f9ed00-2711-4aa8-9eb6-23c9d1659398 None None] Ext name="Neutron Extra Route" alias="extraroute" description="Extra routes configuration for L3 router" updated="2013-02-01T10:00:00-00:00" {{(pid=102279) _check_extension /opt/stack/neutron/neutron/api/extensions.py:415}}
Apr 06 18:22:20.833502 np0000163566 devstack@neutron-api.service[102279]: INFO neutron.api.extensions [None req-43f9ed00-2711-4aa8-9eb6-23c9d1659398 None None] Loaded extension: extraroute
Apr 06 18:22:20.833534 np0000163566 devstack@neutron-api.service[102281]: DEBUG neutron.api.extensions [None req-66c257e3-18f7-4688-a434-c20400003b3a None None] Extended resource: network-ip-availabilities {{(pid=102281) __init__ /opt/stack/neutron/neutron/api/extensions.py:156}}
Apr 06 18:22:20.833593 np0000163566 devstack@neutron-api.service[102279]: DEBUG neutron.api.extensions [None req-43f9ed00-2711-4aa8-9eb6-23c9d1659398 None None] Loading extension file: extraroute_atomic.py {{(pid=102279) _load_all_extensions_from_path /opt/stack/neutron/neutron/api/extensions.py:449}}
Apr 06 18:22:20.833945 np0000163566 devstack@neutron-api.service[102279]: DEBUG neutron.api.extensions [None req-43f9ed00-2711-4aa8-9eb6-23c9d1659398 None None] Ext name="Atomically add/remove extra routes" alias="extraroute-atomic" description="Edit extra routes of a router on server side by atomically adding/removing extra routes" updated="2019-07-10T00:00:00+00:00" {{(pid=102279) _check_extension /opt/stack/neutron/neutron/api/extensions.py:415}}
Apr 06 18:22:20.834107 np0000163566 devstack@neutron-api.service[102279]: INFO neutron.api.extensions [None req-43f9ed00-2711-4aa8-9eb6-23c9d1659398 None None] Loaded extension: extraroute-atomic
Apr 06 18:22:20.834343 np0000163566 devstack@neutron-api.service[102279]: DEBUG neutron.api.extensions [None req-43f9ed00-2711-4aa8-9eb6-23c9d1659398 None None] Loading extension file: filter_validation.py {{(pid=102279) _load_all_extensions_from_path /opt/stack/neutron/neutron/api/extensions.py:449}}
Apr 06 18:22:20.834423 np0000163566 devstack@neutron-api.service[102281]: DEBUG neutron.api.extensions [None req-66c257e3-18f7-4688-a434-c20400003b3a None None] Extended resource: bindings {{(pid=102281) __init__ /opt/stack/neutron/neutron/api/extensions.py:156}}
Apr 06 18:22:20.834498 np0000163566 devstack@neutron-api.service[102279]: DEBUG neutron.api.extensions [None req-43f9ed00-2711-4aa8-9eb6-23c9d1659398 None None] Ext name="Filter parameters validation" alias="filter-validation" description="Provides validation on filter parameters." updated="2018-07-04T10:00:00-00:00" {{(pid=102279) _check_extension /opt/stack/neutron/neutron/api/extensions.py:415}}
Apr 06 18:22:20.834630 np0000163566 devstack@neutron-api.service[102279]: INFO neutron.api.extensions [None req-43f9ed00-2711-4aa8-9eb6-23c9d1659398 None None] Loaded extension: filter-validation
Apr 06 18:22:20.834694 np0000163566 devstack@neutron-api.service[102279]: DEBUG neutron.api.extensions [None req-43f9ed00-2711-4aa8-9eb6-23c9d1659398 None None] Loading extension file: fip_pf_description.py {{(pid=102279) _load_all_extensions_from_path /opt/stack/neutron/neutron/api/extensions.py:449}}
Apr 06 18:22:20.834925 np0000163566 devstack@neutron-api.service[102279]: DEBUG neutron.api.extensions [None req-43f9ed00-2711-4aa8-9eb6-23c9d1659398 None None] Ext name="Floating IP Port Forwarding new attribute description" alias="floating-ip-port-forwarding-description" description="Add a description field to Port Forwarding rules" updated="2019-11-01T10:00:00-00:00" {{(pid=102279) _check_extension /opt/stack/neutron/neutron/api/extensions.py:415}}
Apr 06 18:22:20.835097 np0000163566 devstack@neutron-api.service[102279]: INFO neutron.api.extensions [None req-43f9ed00-2711-4aa8-9eb6-23c9d1659398 None None] Extension floating-ip-port-forwarding-description not supported by any of loaded plugins
Apr 06 18:22:20.835182 np0000163566 devstack@neutron-api.service[102279]: DEBUG neutron.api.extensions [None req-43f9ed00-2711-4aa8-9eb6-23c9d1659398 None None] Loading extension file: fip_pf_detail.py {{(pid=102279) _load_all_extensions_from_path /opt/stack/neutron/neutron/api/extensions.py:449}}
Apr 06 18:22:20.835363 np0000163566 devstack@neutron-api.service[102281]: DEBUG neutron.api.extensions [None req-66c257e3-18f7-4688-a434-c20400003b3a None None] Extended resource: quotas {{(pid=102281) __init__ /opt/stack/neutron/neutron/api/extensions.py:156}}
Apr 06 18:22:20.835440 np0000163566 devstack@neutron-api.service[102279]: DEBUG neutron.api.extensions [None req-43f9ed00-2711-4aa8-9eb6-23c9d1659398 None None] Ext name="Floating IP port forwarding detail" alias="floating-ip-port-forwarding-detail" description="Allow list floating ip return more port forwarding data, include'id' and 'internal_port_id'" updated="2022-05-06T10:00:00-00:00" {{(pid=102279) _check_extension /opt/stack/neutron/neutron/api/extensions.py:415}}
Apr 06 18:22:20.835620 np0000163566 devstack@neutron-api.service[102279]: INFO neutron.api.extensions [None req-43f9ed00-2711-4aa8-9eb6-23c9d1659398 None None] Loaded extension: floating-ip-port-forwarding-detail
Apr 06 18:22:20.835745 np0000163566 devstack@neutron-api.service[102279]: DEBUG neutron.api.extensions [None req-43f9ed00-2711-4aa8-9eb6-23c9d1659398 None None] Loading extension file: fip_pf_port_range.py {{(pid=102279) _load_all_extensions_from_path /opt/stack/neutron/neutron/api/extensions.py:449}}
Apr 06 18:22:20.835984 np0000163566 devstack@neutron-api.service[102279]: DEBUG neutron.api.extensions [None req-43f9ed00-2711-4aa8-9eb6-23c9d1659398 None None] Ext name="Floating IP Port Forwarding support port ranges" alias="floating-ip-port-forwarding-port-ranges" description="Add support to port ranges" updated="2020-07-01T10:00:00-00:00" {{(pid=102279) _check_extension /opt/stack/neutron/neutron/api/extensions.py:415}}
Apr 06 18:22:20.836154 np0000163566 devstack@neutron-api.service[102279]: INFO neutron.api.extensions [None req-43f9ed00-2711-4aa8-9eb6-23c9d1659398 None None] Extension floating-ip-port-forwarding-port-ranges not supported by any of loaded plugins
Apr 06 18:22:20.836244 np0000163566 devstack@neutron-api.service[102279]: DEBUG neutron.api.extensions [None req-43f9ed00-2711-4aa8-9eb6-23c9d1659398 None None] Loading extension file: fip_port_details.py {{(pid=102279) _load_all_extensions_from_path /opt/stack/neutron/neutron/api/extensions.py:449}}
Apr 06 18:22:20.836288 np0000163566 devstack@neutron-api.service[102281]: DEBUG neutron.api.extensions [None req-66c257e3-18f7-4688-a434-c20400003b3a None None] Extended resource: quotas {{(pid=102281) __init__ /opt/stack/neutron/neutron/api/extensions.py:156}}
Apr 06 18:22:20.836490 np0000163566 devstack@neutron-api.service[102279]: DEBUG neutron.api.extensions [None req-43f9ed00-2711-4aa8-9eb6-23c9d1659398 None None] Ext name="Floating IP Port Details Extension" alias="fip-port-details" description="Add port_details attribute to Floating IP resource" updated="2018-04-09T10:00:00-00:00" {{(pid=102279) _check_extension /opt/stack/neutron/neutron/api/extensions.py:415}}
Apr 06 18:22:20.836657 np0000163566 devstack@neutron-api.service[102279]: INFO neutron.api.extensions [None req-43f9ed00-2711-4aa8-9eb6-23c9d1659398 None None] Loaded extension: fip-port-details
Apr 06 18:22:20.836752 np0000163566 devstack@neutron-api.service[102279]: DEBUG neutron.api.extensions [None req-43f9ed00-2711-4aa8-9eb6-23c9d1659398 None None] Loading extension file: flavors.py {{(pid=102279) _load_all_extensions_from_path /opt/stack/neutron/neutron/api/extensions.py:449}}
Apr 06 18:22:20.837029 np0000163566 devstack@neutron-api.service[102279]: DEBUG neutron.api.extensions [None req-43f9ed00-2711-4aa8-9eb6-23c9d1659398 None None] Ext name="Neutron Service Flavors" alias="flavors" description="Flavor specification for Neutron advanced services." updated="2015-09-17T10:00:00-00:00" {{(pid=102279) _check_extension /opt/stack/neutron/neutron/api/extensions.py:415}}
Apr 06 18:22:20.837200 np0000163566 devstack@neutron-api.service[102279]: INFO neutron.api.extensions [None req-43f9ed00-2711-4aa8-9eb6-23c9d1659398 None None] Loaded extension: flavors
Apr 06 18:22:20.837262 np0000163566 devstack@neutron-api.service[102281]: DEBUG neutron.api.extensions [None req-66c257e3-18f7-4688-a434-c20400003b3a None None] Extended resource: rbac-policies {{(pid=102281) __init__ /opt/stack/neutron/neutron/api/extensions.py:156}}
Apr 06 18:22:20.837294 np0000163566 devstack@neutron-api.service[102279]: DEBUG neutron.api.extensions [None req-43f9ed00-2711-4aa8-9eb6-23c9d1659398 None None] Loading extension file: floating_ip_port_forwarding.py {{(pid=102279) _load_all_extensions_from_path /opt/stack/neutron/neutron/api/extensions.py:449}}
Apr 06 18:22:20.837651 np0000163566 devstack@neutron-api.service[102279]: DEBUG neutron.api.extensions [None req-43f9ed00-2711-4aa8-9eb6-23c9d1659398 None None] Ext name="Floating IP Port Forwarding" alias="floating-ip-port-forwarding" description="Allow port forwarding from floating IP port to an internal port" updated="2018-01-19T10:00:00-00:00" {{(pid=102279) _check_extension /opt/stack/neutron/neutron/api/extensions.py:415}}
Apr 06 18:22:20.837855 np0000163566 devstack@neutron-api.service[102279]: INFO neutron.api.extensions [None req-43f9ed00-2711-4aa8-9eb6-23c9d1659398 None None] Extension floating-ip-port-forwarding not supported by any of loaded plugins
Apr 06 18:22:20.837947 np0000163566 devstack@neutron-api.service[102279]: DEBUG neutron.api.extensions [None req-43f9ed00-2711-4aa8-9eb6-23c9d1659398 None None] Loading extension file: floatingip_pools.py {{(pid=102279) _load_all_extensions_from_path /opt/stack/neutron/neutron/api/extensions.py:449}}
Apr 06 18:22:20.838029 np0000163566 devstack@neutron-api.service[102281]: DEBUG neutron.api.extensions [None req-66c257e3-18f7-4688-a434-c20400003b3a None None] Extended resource: default-security-group-rules {{(pid=102281) __init__ /opt/stack/neutron/neutron/api/extensions.py:156}}
Apr 06 18:22:20.838227 np0000163566 devstack@neutron-api.service[102279]: DEBUG neutron.api.extensions [None req-43f9ed00-2711-4aa8-9eb6-23c9d1659398 None None] Ext name="Floating IP Pools Extension" alias="floatingip-pools" description="Provides a floating IP pools API." updated="2018-03-21T10:00:00-00:00" {{(pid=102279) _check_extension /opt/stack/neutron/neutron/api/extensions.py:415}}
Apr 06 18:22:20.838419 np0000163566 devstack@neutron-api.service[102279]: INFO neutron.api.extensions [None req-43f9ed00-2711-4aa8-9eb6-23c9d1659398 None None] Loaded extension: floatingip-pools
Apr 06 18:22:20.838507 np0000163566 devstack@neutron-api.service[102279]: DEBUG neutron.api.extensions [None req-43f9ed00-2711-4aa8-9eb6-23c9d1659398 None None] Loading extension file: ip_allocation.py {{(pid=102279) _load_all_extensions_from_path /opt/stack/neutron/neutron/api/extensions.py:449}}
Apr 06 18:22:20.838783 np0000163566 devstack@neutron-api.service[102279]: DEBUG neutron.api.extensions [None req-43f9ed00-2711-4aa8-9eb6-23c9d1659398 None None] Ext name="IP Allocation" alias="ip_allocation" description="IP allocation extension." updated="2016-06-10T23:00:00-00:00" {{(pid=102279) _check_extension /opt/stack/neutron/neutron/api/extensions.py:415}}
Apr 06 18:22:20.838841 np0000163566 devstack@neutron-api.service[102281]: DEBUG neutron.api.extensions [None req-66c257e3-18f7-4688-a434-c20400003b3a None None] Extended resource: security-groups {{(pid=102281) __init__ /opt/stack/neutron/neutron/api/extensions.py:156}}
Apr 06 18:22:20.839019 np0000163566 devstack@neutron-api.service[102279]: INFO neutron.api.extensions [None req-43f9ed00-2711-4aa8-9eb6-23c9d1659398 None None] Extension ip_allocation not supported by any of loaded plugins
Apr 06 18:22:20.839116 np0000163566 devstack@neutron-api.service[102279]: DEBUG neutron.api.extensions [None req-43f9ed00-2711-4aa8-9eb6-23c9d1659398 None None] Loading extension file: ip_substring_port_filtering.py {{(pid=102279) _load_all_extensions_from_path /opt/stack/neutron/neutron/api/extensions.py:449}}
Apr 06 18:22:20.839371 np0000163566 devstack@neutron-api.service[102279]: DEBUG neutron.api.extensions [None req-43f9ed00-2711-4aa8-9eb6-23c9d1659398 None None] Ext name="IP address substring filtering" alias="ip-substring-filtering" description="Provides IP address substring filtering when listing ports" updated="2017-11-28T09:00:00-00:00" {{(pid=102279) _check_extension /opt/stack/neutron/neutron/api/extensions.py:415}}
Apr 06 18:22:20.839540 np0000163566 devstack@neutron-api.service[102279]: INFO neutron.api.extensions [None req-43f9ed00-2711-4aa8-9eb6-23c9d1659398 None None] Extension ip-substring-filtering not supported by any of loaded plugins
Apr 06 18:22:20.839630 np0000163566 devstack@neutron-api.service[102279]: DEBUG neutron.api.extensions [None req-43f9ed00-2711-4aa8-9eb6-23c9d1659398 None None] Loading extension file: l2_adjacency.py {{(pid=102279) _load_all_extensions_from_path /opt/stack/neutron/neutron/api/extensions.py:449}}
Apr 06 18:22:20.839663 np0000163566 devstack@neutron-api.service[102281]: DEBUG neutron.api.extensions [None req-66c257e3-18f7-4688-a434-c20400003b3a None None] Extended resource: security-group-rules {{(pid=102281) __init__ /opt/stack/neutron/neutron/api/extensions.py:156}}
Apr 06 18:22:20.839861 np0000163566 devstack@neutron-api.service[102279]: DEBUG neutron.api.extensions [None req-43f9ed00-2711-4aa8-9eb6-23c9d1659398 None None] Ext name="L2 Adjacency" alias="l2_adjacency" description="Display L2 Adjacency for Neutron Networks." updated="2016-04-12T16:00:00-00:00" {{(pid=102279) _check_extension /opt/stack/neutron/neutron/api/extensions.py:415}}
Apr 06 18:22:20.840036 np0000163566 devstack@neutron-api.service[102279]: INFO neutron.api.extensions [None req-43f9ed00-2711-4aa8-9eb6-23c9d1659398 None None] Extension l2_adjacency not supported by any of loaded plugins
Apr 06 18:22:20.840129 np0000163566 devstack@neutron-api.service[102279]: DEBUG neutron.api.extensions [None req-43f9ed00-2711-4aa8-9eb6-23c9d1659398 None None] Loading extension file: l3.py {{(pid=102279) _load_all_extensions_from_path /opt/stack/neutron/neutron/api/extensions.py:449}}
Apr 06 18:22:20.840402 np0000163566 devstack@neutron-api.service[102281]: DEBUG neutron.api.extensions [None req-66c257e3-18f7-4688-a434-c20400003b3a None None] Extended resource: service-providers {{(pid=102281) __init__ /opt/stack/neutron/neutron/api/extensions.py:156}}
