2026-07-02 01:28:33.969 10 WARNING neutron_lib.context [req-163bba15-416d-4405-a814-5c8c5dd7841f req-c5bf9cad-c14a-4fe6-bee9-989b9aa46c30 e0dc4023506e4e18bb86352f3a036af9 d42c8df1ab7e42f39c704bb9477b4c05 - - default default] Method 'is_advsvc' is deprecated since 2023.2 release (neutron-lib 3.8.0) and will be removed once support for the old RBAC API policies will be removed from Neutron. Please use method 'is_service_role' instead.
2026-07-02 01:28:34.081 9 INFO neutron.wsgi [None req-ccb419fe-4480-46cc-b30b-ee9a31b2f1e3 657d54396dd145698aabc27283434471 4d55105c14ae432b92919c20267e0451 - - default default] 10.0.0.25 "GET /v2.0/security-groups HTTP/1.1" status: 200 len: 29178 time: 0.1713834
2026-07-02 01:28:34.091 10 INFO neutron.db.ovn_revision_numbers_db [req-163bba15-416d-4405-a814-5c8c5dd7841f req-c5bf9cad-c14a-4fe6-bee9-989b9aa46c30 e0dc4023506e4e18bb86352f3a036af9 d42c8df1ab7e42f39c704bb9477b4c05 - - default default] Successfully bumped revision number for resource 7d382d59-5bd0-4bfd-a5be-7dafb5d79201 (type: security_groups) to 1
2026-07-02 01:28:34.108 10 INFO neutron.db.ovn_revision_numbers_db [req-163bba15-416d-4405-a814-5c8c5dd7841f req-c5bf9cad-c14a-4fe6-bee9-989b9aa46c30 e0dc4023506e4e18bb86352f3a036af9 d42c8df1ab7e42f39c704bb9477b4c05 - - default default] Successfully bumped revision number for resource 1a20b4f9-ba73-4c88-a28d-31b1b26e5e3b (type: security_group_rules) to 0
2026-07-02 01:28:34.113 9 INFO neutron.wsgi [None req-d1925cb3-2ab2-4e9e-9b8b-538d495be7d1 657d54396dd145698aabc27283434471 4d55105c14ae432b92919c20267e0451 - - default default] 10.0.0.25 "GET /v2.0/network-ip-availabilities HTTP/1.1" status: 200 len: 3228 time: 0.0232046
2026-07-02 01:28:34.118 10 INFO neutron.db.ovn_revision_numbers_db [req-163bba15-416d-4405-a814-5c8c5dd7841f req-c5bf9cad-c14a-4fe6-bee9-989b9aa46c30 e0dc4023506e4e18bb86352f3a036af9 d42c8df1ab7e42f39c704bb9477b4c05 - - default default] Successfully bumped revision number for resource be798c50-14f6-4ae5-a58b-981fd6dc8868 (type: security_group_rules) to 0
2026-07-02 01:28:34.139 10 INFO neutron.wsgi [req-163bba15-416d-4405-a814-5c8c5dd7841f req-c5bf9cad-c14a-4fe6-bee9-989b9aa46c30 e0dc4023506e4e18bb86352f3a036af9 d42c8df1ab7e42f39c704bb9477b4c05 - - default default] 10.0.0.227 "POST /v2.0/security-groups HTTP/1.1" status: 201 len: 1887 time: 0.2264855
2026-07-02 01:28:34.211 9 ERROR ovsdbapp.backend.ovs_idl.command [None req-311120c5-2a75-41e9-8a7a-fbe5c7a2b952 657d54396dd145698aabc27283434471 4d55105c14ae432b92919c20267e0451 - - default default] Error executing command (DbGetCommand): ovsdbapp.backend.ovs_idl.idlutils.RowNotFound: Cannot find Logical_Router_Port with name=lrp-7d39cbbb-fc52-4a09-a778-f0ec9dac6373
2026-07-02 01:28:34.211 9 ERROR ovsdbapp.backend.ovs_idl.command
Traceback (most recent call last):
2026-07-02 01:28:34.211 9 ERROR ovsdbapp.backend.ovs_idl.command
File "/var/lib/openstack/lib/python3.10/site-packages/ovsdbapp/backend/ovs_idl/command.py", line 47, in execute
2026-07-02 01:28:34.211 9 ERROR ovsdbapp.backend.ovs_idl.command self.run_idl(None)
2026-07-02 01:28:34.211 9 ERROR ovsdbapp.backend.ovs_idl.command
File "/var/lib/openstack/lib/python3.10/site-packages/ovsdbapp/backend/ovs_idl/command.py", line 235, in run_idl
2026-07-02 01:28:34.211 9 ERROR ovsdbapp.backend.ovs_idl.command record = self.api.lookup(self.table, self.record)
2026-07-02 01:28:34.211 9 ERROR ovsdbapp.backend.ovs_idl.command
File "/var/lib/openstack/lib/python3.10/site-packages/ovsdbapp/backend/ovs_idl/__init__.py", line 184, in lookup
2026-07-02 01:28:34.211 9 ERROR ovsdbapp.backend.ovs_idl.command return self._lookup(table, record)
2026-07-02 01:28:34.211 9 ERROR ovsdbapp.backend.ovs_idl.command
File "/var/lib/openstack/lib/python3.10/site-packages/ovsdbapp/backend/ovs_idl/__init__.py", line 235, in _lookup
2026-07-02 01:28:34.211 9 ERROR ovsdbapp.backend.ovs_idl.command row = idlutils.row_by_value(self, rl.table, rl.column, record)
2026-07-02 01:28:34.211 9 ERROR ovsdbapp.backend.ovs_idl.command
File "/var/lib/openstack/lib/python3.10/site-packages/ovsdbapp/backend/ovs_idl/idlutils.py", line 114, in row_by_value
2026-07-02 01:28:34.211 9 ERROR ovsdbapp.backend.ovs_idl.command raise RowNotFound(table=table, col=column, match=match)
2026-07-02 01:28:34.211 9 ERROR ovsdbapp.backend.ovs_idl.command ovsdbapp.backend.ovs_idl.idlutils.RowNotFound: Cannot find Logical_Router_Port with name=lrp-7d39cbbb-fc52-4a09-a778-f0ec9dac6373
2026-07-02 01:28:34.211 9 ERROR ovsdbapp.backend.ovs_idl.command 
2026-07-02 01:28:34.212 9 ERROR neutron_lib.callbacks.manager [None req-311120c5-2a75-41e9-8a7a-fbe5c7a2b952 657d54396dd145698aabc27283434471 4d55105c14ae432b92919c20267e0451 - - default default] Error during notification for neutron.services.ovn_l3.plugin.OVNL3RouterPlugin._port_update-8776781122269 port, after_update: ovsdbapp.backend.ovs_idl.idlutils.RowNotFound: Cannot find Logical_Router_Port with name=lrp-7d39cbbb-fc52-4a09-a778-f0ec9dac6373
2026-07-02 01:28:34.212 9 ERROR neutron_lib.callbacks.manager
Traceback (most recent call last):
2026-07-02 01:28:34.212 9 ERROR neutron_lib.callbacks.manager
File "/var/lib/openstack/lib/python3.10/site-packages/neutron_lib/callbacks/manager.py", line 189, in _notify_loop
2026-07-02 01:28:34.212 9 ERROR neutron_lib.callbacks.manager callback.method(resource, event, trigger, payload=payload)
2026-07-02 01:28:34.212 9 ERROR neutron_lib.callbacks.manager
File "/var/lib/openstack/lib/python3.10/site-packages/neutron/services/ovn_l3/plugin.py", line 391, in _port_update
2026-07-02 01:28:34.212 9 ERROR neutron_lib.callbacks.manager l3plugin._ovn_client.update_router_port(context,
2026-07-02 01:28:34.212 9 ERROR neutron_lib.callbacks.manager
File "/var/lib/openstack/lib/python3.10/site-packages/neutron/plugins/ml2/drivers/ovn/mech_driver/ovsdb/ovn_client.py", line 1878, in update_router_port
2026-07-02 01:28:34.212 9 ERROR neutron_lib.callbacks.manager self._update_lrouter_port(context, port, if_exists=if_exists,
2026-07-02 01:28:34.212 9 ERROR neutron_lib.callbacks.manager
File "/var/lib/openstack/lib/python3.10/site-packages/neutron/plugins/ml2/drivers/ovn/mech_driver/ovsdb/ovn_client.py", line 1855, in _update_lrouter_port
2026-07-02 01:28:34.212 9 ERROR neutron_lib.callbacks.manager external_ids = self._nb_idl.db_get(
2026-07-02 01:28:34.212 9 ERROR neutron_lib.callbacks.manager
File "/var/lib/openstack/lib/python3.10/site-packages/ovsdbapp/backend/ovs_idl/command.py", line 47, in execute
2026-07-02 01:28:34.212 9 ERROR neutron_lib.callbacks.manager self.run_idl(None)
2026-07-02 01:28:34.212 9 ERROR neutron_lib.callbacks.manager
File "/var/lib/openstack/lib/python3.10/site-packages/ovsdbapp/backend/ovs_idl/command.py", line 235, in run_idl
2026-07-02 01:28:34.212 9 ERROR neutron_lib.callbacks.manager record = self.api.lookup(self.table, self.record)
2026-07-02 01:28:34.212 9 ERROR neutron_lib.callbacks.manager
File "/var/lib/openstack/lib/python3.10/site-packages/ovsdbapp/backend/ovs_idl/__init__.py", line 184, in lookup
2026-07-02 01:28:34.212 9 ERROR neutron_lib.callbacks.manager return self._lookup(table, record)
2026-07-02 01:28:34.212 9 ERROR neutron_lib.callbacks.manager
File "/var/lib/openstack/lib/python3.10/site-packages/ovsdbapp/backend/ovs_idl/__init__.py", line 235, in _lookup
2026-07-02 01:28:34.212 9 ERROR neutron_lib.callbacks.manager row = idlutils.row_by_value(self, rl.table, rl.column, record)
2026-07-02 01:28:34.212 9 ERROR neutron_lib.callbacks.manager
File "/var/lib/openstack/lib/python3.10/site-packages/ovsdbapp/backend/ovs_idl/idlutils.py", line 114, in row_by_value
2026-07-02 01:28:34.212 9 ERROR neutron_lib.callbacks.manager raise RowNotFound(table=table, col=column, match=match)
2026-07-02 01:28:34.212 9 ERROR neutron_lib.callbacks.manager ovsdbapp.backend.ovs_idl.idlutils.RowNotFound: Cannot find Logical_Router_Port with name=lrp-7d39cbbb-fc52-4a09-a778-f0ec9dac6373
2026-07-02 01:28:34.212 9 ERROR neutron_lib.callbacks.manager 
2026-07-02 01:28:34.222 9 INFO neutron.wsgi [None req-072ec4ad-4a14-4135-a933-d9e15101273f 657d54396dd145698aabc27283434471 4d55105c14ae432b92919c20267e0451 - - default default] 10.0.0.25 "GET /v2.0/subnets HTTP/1.1" status: 200 len: 4083 time: 0.0938349
2026-07-02 01:28:34.271 9 INFO neutron.wsgi [None req-f376e103-91a4-4a28-bfa3-80b2a7adca33 657d54396dd145698aabc27283434471 4d55105c14ae432b92919c20267e0451 - - default default] 10.0.0.25 "GET /v2.0/subnetpools HTTP/1.1" status: 200 len: 193 time: 0.0248179
2026-07-02 01:28:34.324 9 INFO neutron.wsgi [None req-57b00fd3-c20b-434b-825e-aacceabba06c 657d54396dd145698aabc27283434471 4d55105c14ae432b92919c20267e0451 - - default default] 10.0.0.25 "GET /v2.0/floatingips HTTP/1.1" status: 200 len: 193 time: 0.0471115
2026-07-02 01:28:34.336 9 INFO neutron.db.ovn_revision_numbers_db [None req-0d55c961-68a1-414e-8592-4fbd65f37b85 - - - - - -] Successfully bumped revision number for resource e8f028c5-2329-4832-b362-9c58c4c7c7df (type: router_ports) to 4
2026-07-02 01:28:34.373 10 WARNING neutron_lib.context [req-5668ae2f-9778-4429-bc7d-67904044e2ac req-499a0bcb-0582-43fc-b593-888ad74a544a 112406d21e874686ae0a3873d2bbb31e 949107b499c6497cb09d28d89e54186e - - default default] Method 'is_advsvc' is deprecated since 2023.2 release (neutron-lib 3.8.0) and will be removed once support for the old RBAC API policies will be removed from Neutron. Please use method 'is_service_role' instead.
2026-07-02 01:28:34.437 9 INFO neutron.plugins.ml2.drivers.ovn.mech_driver.ovsdb.ovsdb_monitor [None req-0d55c961-68a1-414e-8592-4fbd65f37b85 - - - - - -] Router c29a1e58-c853-4c01-a46d-c3e606e5f2ea is bound to host instance
2026-07-02 01:28:34.464 9 INFO neutron.db.ovn_revision_numbers_db [None req-f7934daa-2dc1-400f-bdb4-e997f356e14e - - - - - -] Successfully bumped revision number for resource 4f8aba11-656a-4b2f-b138-2b8cafa45920 (type: router_ports) to 4
2026-07-02 01:28:34.491 10 INFO neutron.db.ovn_revision_numbers_db [req-5668ae2f-9778-4429-bc7d-67904044e2ac req-499a0bcb-0582-43fc-b593-888ad74a544a 112406d21e874686ae0a3873d2bbb31e 949107b499c6497cb09d28d89e54186e - - default default] Successfully bumped revision number for resource a435894b-55eb-4f8f-bf7d-5bfd4d7ef14a (type: security_groups) to 1
2026-07-02 01:28:34.504 10 INFO neutron.db.ovn_revision_numbers_db [req-5668ae2f-9778-4429-bc7d-67904044e2ac req-499a0bcb-0582-43fc-b593-888ad74a544a 112406d21e874686ae0a3873d2bbb31e 949107b499c6497cb09d28d89e54186e - - default default] Successfully bumped revision number for resource 01246028-4bff-4788-8555-a6954e5c7306 (type: security_group_rules) to 0
2026-07-02 01:28:34.520 10 WARNING neutron_lib.context [req-18b81cfa-66bc-4833-9d4e-aee493a28b52 req-7d7c435e-265f-42f2-b870-c3024dadf1bc e0dc4023506e4e18bb86352f3a036af9 d42c8df1ab7e42f39c704bb9477b4c05 - - default default] Method 'is_advsvc' is deprecated since 2023.2 release (neutron-lib 3.8.0) and will be removed once support for the old RBAC API policies will be removed from Neutron. Please use method 'is_service_role' instead.
2026-07-02 01:28:34.523 10 INFO neutron.db.ovn_revision_numbers_db [req-5668ae2f-9778-4429-bc7d-67904044e2ac req-499a0bcb-0582-43fc-b593-888ad74a544a 112406d21e874686ae0a3873d2bbb31e 949107b499c6497cb09d28d89e54186e - - default default] Successfully bumped revision number for resource 6bed3e54-2b29-42d5-ae13-814b8b6290e1 (type: security_group_rules) to 0
2026-07-02 01:28:34.545 10 INFO neutron.wsgi [req-5668ae2f-9778-4429-bc7d-67904044e2ac req-499a0bcb-0582-43fc-b593-888ad74a544a 112406d21e874686ae0a3873d2bbb31e 949107b499c6497cb09d28d89e54186e - - default default] 10.0.0.227 "POST /v2.0/security-groups HTTP/1.1" status: 201 len: 1889 time: 0.1797810
2026-07-02 01:28:34.599 10 INFO neutron.wsgi [req-fd6499b9-6dd5-4100-8364-59277a4dc77f req-77be3ca0-2575-4732-891c-340def5dd524 112406d21e874686ae0a3873d2bbb31e 949107b499c6497cb09d28d89e54186e - - default default] 10.0.0.227 "GET /v2.0/security-groups/a435894b-55eb-4f8f-bf7d-5bfd4d7ef14a HTTP/1.1" status: 200 len: 1884 time: 0.0269887
2026-07-02 01:28:34.611 10 WARNING neutron_lib.context [req-fd6499b9-6dd5-4100-8364-59277a4dc77f req-7ba3b348-ecd2-4d3b-8e94-eb19ddef755d 112406d21e874686ae0a3873d2bbb31e 949107b499c6497cb09d28d89e54186e - - default default] Method 'is_advsvc' is deprecated since 2023.2 release (neutron-lib 3.8.0) and will be removed once support for the old RBAC API policies will be removed from Neutron. Please use method 'is_service_role' instead.
2026-07-02 01:28:34.658 10 INFO neutron.db.ovn_revision_numbers_db [req-18b81cfa-66bc-4833-9d4e-aee493a28b52 req-7d7c435e-265f-42f2-b870-c3024dadf1bc e0dc4023506e4e18bb86352f3a036af9 d42c8df1ab7e42f39c704bb9477b4c05 - - default default] Successfully bumped revision number for resource 2f529ed2-e717-4af3-8bc1-2481f478a107 (type: security_groups) to 1
2026-07-02 01:28:34.676 10 INFO neutron.db.ovn_revision_numbers_db [req-18b81cfa-66bc-4833-9d4e-aee493a28b52 req-7d7c435e-265f-42f2-b870-c3024dadf1bc e0dc4023506e4e18bb86352f3a036af9 d42c8df1ab7e42f39c704bb9477b4c05 - - default default] Successfully bumped revision number for resource 1e89d64f-9287-4903-9484-ef928b944fdb (type: security_group_rules) to 0
2026-07-02 01:28:34.683 9 INFO neutron.wsgi [None req-eb2cea2f-48a0-47e1-979c-323dbbaf3c30 657d54396dd145698aabc27283434471 4d55105c14ae432b92919c20267e0451 - - default default] 10.0.0.25 "GET /v2.0/routers HTTP/1.1" status: 200 len: 4061 time: 0.3581209
2026-07-02 01:28:34.692 10 INFO neutron.db.ovn_revision_numbers_db [req-18b81cfa-66bc-4833-9d4e-aee493a28b52 req-7d7c435e-265f-42f2-b870-c3024dadf1bc e0dc4023506e4e18bb86352f3a036af9 d42c8df1ab7e42f39c704bb9477b4c05 - - default default] Successfully bumped revision number for resource 7b4145d9-cc97-4d90-b2b5-331e4fc7b01e (type: security_group_rules) to 0
2026-07-02 01:28:34.712 10 INFO neutron.wsgi [req-18b81cfa-66bc-4833-9d4e-aee493a28b52 req-7d7c435e-265f-42f2-b870-c3024dadf1bc e0dc4023506e4e18bb86352f3a036af9 d42c8df1ab7e42f39c704bb9477b4c05 - - default default] 10.0.0.227 "POST /v2.0/security-groups HTTP/1.1" status: 201 len: 1886 time: 0.2253733
2026-07-02 01:28:34.718 9 INFO neutron.wsgi [None req-5538120e-f989-46bd-a98b-e0649a74c4a7 657d54396dd145698aabc27283434471 4d55105c14ae432b92919c20267e0451 - - default default] 10.0.0.25 "GET /v2.0/agents?binary=ovn-controller HTTP/1.1" status: 200 len: 591 time: 0.0310214
2026-07-02 01:28:34.745 10 WARNING neutron_lib.context [req-09ae020f-e70c-473e-b8ea-53499ea787d8 req-c8fbcb88-6c81-48cf-873f-27e3c84e963d e0dc4023506e4e18bb86352f3a036af9 d42c8df1ab7e42f39c704bb9477b4c05 - - default default] Method 'is_advsvc' is deprecated since 2023.2 release (neutron-lib 3.8.0) and will be removed once support for the old RBAC API policies will be removed from Neutron. Please use method 'is_service_role' instead.
2026-07-02 01:28:34.750 9 INFO neutron.plugins.ml2.drivers.ovn.mech_driver.mech_driver [None req-f7934daa-2dc1-400f-bdb4-e997f356e14e - - - - - -] OVN reports status up for port: 2f3141ff-eb6b-4e7d-8165-d74e977ecfb8
2026-07-02 01:28:34.767 10 INFO neutron.db.ovn_revision_numbers_db [req-fd6499b9-6dd5-4100-8364-59277a4dc77f req-7ba3b348-ecd2-4d3b-8e94-eb19ddef755d 112406d21e874686ae0a3873d2bbb31e 949107b499c6497cb09d28d89e54186e - - default default] Successfully bumped revision number for resource b0b371d0-ff03-4928-abc5-1d9c7683a54d (type: security_group_rules) to 0
2026-07-02 01:28:34.774 9 INFO neutron.plugins.ml2.plugin [None req-f7934daa-2dc1-400f-bdb4-e997f356e14e - - - - - -] Attempt 1 to provision port 2f3141ff-eb6b-4e7d-8165-d74e977ecfb8
2026-07-02 01:28:34.808 10 INFO neutron.wsgi [req-fd6499b9-6dd5-4100-8364-59277a4dc77f req-7ba3b348-ecd2-4d3b-8e94-eb19ddef755d 112406d21e874686ae0a3873d2bbb31e 949107b499c6497cb09d28d89e54186e - - default default] 10.0.0.227 "POST /v2.0/security-group-rules HTTP/1.1" status: 201 len: 818 time: 0.2026799
2026-07-02 01:28:34.845 10 WARNING neutron_lib.context [req-6b15b7ec-2ae0-452e-bcc8-d857167dd0c6 req-29ef684a-3c16-4b27-908d-93b99d4bd6d2 112406d21e874686ae0a3873d2bbb31e 949107b499c6497cb09d28d89e54186e - - default default] Method 'is_advsvc' is deprecated since 2023.2 release (neutron-lib 3.8.0) and will be removed once support for the old RBAC API policies will be removed from Neutron. Please use method 'is_service_role' instead.
2026-07-02 01:28:34.897 10 INFO neutron.db.ovn_revision_numbers_db [req-09ae020f-e70c-473e-b8ea-53499ea787d8 req-c8fbcb88-6c81-48cf-873f-27e3c84e963d e0dc4023506e4e18bb86352f3a036af9 d42c8df1ab7e42f39c704bb9477b4c05 - - default default] Successfully bumped revision number for resource ec4cb1a4-af80-4bc9-ac8e-5bab78e3642c (type: security_groups) to 1
2026-07-02 01:28:34.912 10 INFO neutron.db.ovn_revision_numbers_db [req-09ae020f-e70c-473e-b8ea-53499ea787d8 req-c8fbcb88-6c81-48cf-873f-27e3c84e963d e0dc4023506e4e18bb86352f3a036af9 d42c8df1ab7e42f39c704bb9477b4c05 - - default default] Successfully bumped revision number for resource 79cad257-5b2d-459c-8f7d-3d8c16a8db05 (type: security_group_rules) to 0
2026-07-02 01:28:34.918 9 INFO neutron.db.ovn_revision_numbers_db [None req-311120c5-2a75-41e9-8a7a-fbe5c7a2b952 657d54396dd145698aabc27283434471 4d55105c14ae432b92919c20267e0451 - - default default] Successfully bumped revision number for resource 7d39cbbb-fc52-4a09-a778-f0ec9dac6373 (type: ports) to 1
2026-07-02 01:28:34.927 10 INFO neutron.db.ovn_revision_numbers_db [req-09ae020f-e70c-473e-b8ea-53499ea787d8 req-c8fbcb88-6c81-48cf-873f-27e3c84e963d e0dc4023506e4e18bb86352f3a036af9 d42c8df1ab7e42f39c704bb9477b4c05 - - default default] Successfully bumped revision number for resource fa6a1dba-7bb6-422c-b3bb-68fb608293c5 (type: security_group_rules) to 0
2026-07-02 01:28:34.951 10 INFO neutron.wsgi [req-09ae020f-e70c-473e-b8ea-53499ea787d8 req-c8fbcb88-6c81-48cf-873f-27e3c84e963d e0dc4023506e4e18bb86352f3a036af9 d42c8df1ab7e42f39c704bb9477b4c05 - - default default] 10.0.0.227 "POST /v2.0/security-groups HTTP/1.1" status: 201 len: 1885 time: 0.2131860
2026-07-02 01:28:34.991 10 INFO neutron.db.ovn_revision_numbers_db [req-6b15b7ec-2ae0-452e-bcc8-d857167dd0c6 req-29ef684a-3c16-4b27-908d-93b99d4bd6d2 112406d21e874686ae0a3873d2bbb31e 949107b499c6497cb09d28d89e54186e - - default default] Successfully bumped revision number for resource bcbfac57-ddcb-4240-bcad-53f1c970ca79 (type: security_groups) to 1
2026-07-02 01:28:35.006 10 INFO neutron.db.ovn_revision_numbers_db [req-6b15b7ec-2ae0-452e-bcc8-d857167dd0c6 req-29ef684a-3c16-4b27-908d-93b99d4bd6d2 112406d21e874686ae0a3873d2bbb31e 949107b499c6497cb09d28d89e54186e - - default default] Successfully bumped revision number for resource 6eeb281b-7df0-45a2-9f22-9e188f748c9b (type: security_group_rules) to 0
2026-07-02 01:28:35.026 10 INFO neutron.db.ovn_revision_numbers_db [req-6b15b7ec-2ae0-452e-bcc8-d857167dd0c6 req-29ef684a-3c16-4b27-908d-93b99d4bd6d2 112406d21e874686ae0a3873d2bbb31e 949107b499c6497cb09d28d89e54186e - - default default] Successfully bumped revision number for resource f3060c3e-eaa2-4983-a6e7-26e708bfd02c (type: security_group_rules) to 0
2026-07-02 01:28:35.035 10 INFO neutron.wsgi [req-8255880e-de43-470d-971a-72559339b683 req-167a3b67-1e02-4852-b077-043d32213c90 e0dc4023506e4e18bb86352f3a036af9 d42c8df1ab7e42f39c704bb9477b4c05 - - default default] 10.0.0.227 "GET /v2.0/security-groups?tenant_id=d42c8df1ab7e42f39c704bb9477b4c05 HTTP/1.1" status: 200 len: 8104 time: 0.0556839
2026-07-02 01:28:35.052 10 INFO neutron.wsgi [req-6b15b7ec-2ae0-452e-bcc8-d857167dd0c6 req-29ef684a-3c16-4b27-908d-93b99d4bd6d2 112406d21e874686ae0a3873d2bbb31e 949107b499c6497cb09d28d89e54186e - - default default] 10.0.0.227 "POST /v2.0/security-groups HTTP/1.1" status: 201 len: 1891 time: 0.2140694
2026-07-02 01:28:35.076 10 INFO neutron.wsgi [req-8255880e-de43-470d-971a-72559339b683 req-5ceddc23-8cbf-4f73-a377-a872967cb482 e0dc4023506e4e18bb86352f3a036af9 d42c8df1ab7e42f39c704bb9477b4c05 - - default default] 10.0.0.227 "GET /v2.0/security-groups/e65eec88-1641-4420-8ad6-db5b27102c21 HTTP/1.1" status: 200 len: 3118 time: 0.0341628
2026-07-02 01:28:35.093 9 WARNING neutron.scheduler.dhcp_agent_scheduler [None req-311120c5-2a75-41e9-8a7a-fbe5c7a2b952 657d54396dd145698aabc27283434471 4d55105c14ae432b92919c20267e0451 - - default default] No more DHCP agents
2026-07-02 01:28:35.107 10 INFO neutron.wsgi [req-19858d6b-e0db-4a8a-8c17-b71f724bcdd7 req-195b6d70-4fdf-4e11-b373-18317dc978b5 112406d21e874686ae0a3873d2bbb31e 949107b499c6497cb09d28d89e54186e - - default default] 10.0.0.227 "GET /v2.0/security-groups/bcbfac57-ddcb-4240-bcad-53f1c970ca79 HTTP/1.1" status: 200 len: 1886 time: 0.0297868
2026-07-02 01:28:35.108 9 WARNING neutron.api.rpc.agentnotifiers.dhcp_rpc_agent_api [None req-311120c5-2a75-41e9-8a7a-fbe5c7a2b952 657d54396dd145698aabc27283434471 4d55105c14ae432b92919c20267e0451 - - default default] Unable to schedule network bdad0543-02f9-4259-86f7-e021111a38c0: no agents available; will retry on subsequent port and subnet creation events.
2026-07-02 01:28:35.124 10 WARNING neutron_lib.context [req-19858d6b-e0db-4a8a-8c17-b71f724bcdd7 req-4363fab5-56ac-4faf-8d4f-2381eaad5687 112406d21e874686ae0a3873d2bbb31e 949107b499c6497cb09d28d89e54186e - - default default] Method 'is_advsvc' is deprecated since 2023.2 release (neutron-lib 3.8.0) and will be removed once support for the old RBAC API policies will be removed from Neutron. Please use method 'is_service_role' instead.
2026-07-02 01:28:35.128 10 INFO neutron.wsgi [req-8255880e-de43-470d-971a-72559339b683 req-4290c9f1-707d-42b2-a200-fb66e4eaead4 e0dc4023506e4e18bb86352f3a036af9 d42c8df1ab7e42f39c704bb9477b4c05 - - default default] 10.0.0.227 "GET /v2.0/security-groups/e65eec88-1641-4420-8ad6-db5b27102c21 HTTP/1.1" status: 200 len: 3118 time: 0.0425730
2026-07-02 01:28:35.185 10 INFO neutron.wsgi [req-121f2e6c-7ff7-42ff-94c3-87259fbcaf1e req-affc2f06-e3b8-4d43-908a-308b7f3013bc e0dc4023506e4e18bb86352f3a036af9 d42c8df1ab7e42f39c704bb9477b4c05 - - default default] 10.0.0.227 "GET /v2.0/security-groups/7d382d59-5bd0-4bfd-a5be-7dafb5d79201 HTTP/1.1" status: 200 len: 1882 time: 0.0300834
2026-07-02 01:28:35.299 10 INFO neutron.db.ovn_revision_numbers_db [req-19858d6b-e0db-4a8a-8c17-b71f724bcdd7 req-4363fab5-56ac-4faf-8d4f-2381eaad5687 112406d21e874686ae0a3873d2bbb31e 949107b499c6497cb09d28d89e54186e - - default default] Successfully bumped revision number for resource dd3bea16-089f-434c-8ce8-7fd1ae0d5dd3 (type: security_group_rules) to 0
2026-07-02 01:28:35.331 10 INFO neutron.wsgi [req-19858d6b-e0db-4a8a-8c17-b71f724bcdd7 req-4363fab5-56ac-4faf-8d4f-2381eaad5687 112406d21e874686ae0a3873d2bbb31e 949107b499c6497cb09d28d89e54186e - - default default] 10.0.0.227 "POST /v2.0/security-group-rules HTTP/1.1" status: 201 len: 818 time: 0.2150445
2026-07-02 01:28:35.343 10 INFO neutron.wsgi [req-121f2e6c-7ff7-42ff-94c3-87259fbcaf1e req-4260f9f4-df32-486d-9f75-bd9b0832939c e0dc4023506e4e18bb86352f3a036af9 d42c8df1ab7e42f39c704bb9477b4c05 - - default default] 10.0.0.227 "DELETE /v2.0/security-groups/7d382d59-5bd0-4bfd-a5be-7dafb5d79201 HTTP/1.1" status: 204 len: 173 time: 0.1505058
2026-07-02 01:28:35.385 10 INFO neutron.api.v2.resource [req-fa32215d-cea0-4ae4-8119-ec5b5eca9324 req-1f50c50c-1a22-453d-8672-9a42dd3ea539 e0dc4023506e4e18bb86352f3a036af9 d42c8df1ab7e42f39c704bb9477b4c05 - - default default] show failed (client error): The resource could not be found.
2026-07-02 01:28:35.386 10 INFO neutron.wsgi [req-fa32215d-cea0-4ae4-8119-ec5b5eca9324 req-1f50c50c-1a22-453d-8672-9a42dd3ea539 e0dc4023506e4e18bb86352f3a036af9 d42c8df1ab7e42f39c704bb9477b4c05 - - default default] 10.0.0.227 "GET /v2.0/security-groups/7d382d59-5bd0-4bfd-a5be-7dafb5d79201 HTTP/1.1" status: 404 len: 352 time: 0.0179894
2026-07-02 01:28:35.415 10 INFO neutron.wsgi [req-4a240ca9-faa1-49c5-9fc7-b35e2afe4cd9 req-1a0dd494-b666-4f62-8212-cd3d80ae0d84 112406d21e874686ae0a3873d2bbb31e 949107b499c6497cb09d28d89e54186e - - default default] 10.0.0.227 "GET /v2.0/security-groups/bcbfac57-ddcb-4240-bcad-53f1c970ca79 HTTP/1.1" status: 200 len: 2511 time: 0.0594041
2026-07-02 01:28:35.433 10 WARNING neutron_lib.context [req-4a240ca9-faa1-49c5-9fc7-b35e2afe4cd9 req-91bc478b-5b26-472b-a1d4-614a0cd1b5d0 112406d21e874686ae0a3873d2bbb31e 949107b499c6497cb09d28d89e54186e - - default default] Method 'is_advsvc' is deprecated since 2023.2 release (neutron-lib 3.8.0) and will be removed once support for the old RBAC API policies will be removed from Neutron. Please use method 'is_service_role' instead.
2026-07-02 01:28:35.452 10 INFO neutron.wsgi [req-9d81ea13-e085-4b99-9602-dcaa963c619a req-48c91470-ca16-4163-8bc9-a1839c5ad4c7 e0dc4023506e4e18bb86352f3a036af9 d42c8df1ab7e42f39c704bb9477b4c05 - - default default] 10.0.0.227 "GET /v2.0/security-groups/2f529ed2-e717-4af3-8bc1-2481f478a107 HTTP/1.1" status: 200 len: 1881 time: 0.0467770
2026-07-02 01:28:35.595 10 INFO neutron.wsgi [req-9d81ea13-e085-4b99-9602-dcaa963c619a req-158abe8b-b03a-4ab2-8a88-74156de9d008 e0dc4023506e4e18bb86352f3a036af9 d42c8df1ab7e42f39c704bb9477b4c05 - - default default] 10.0.0.227 "DELETE /v2.0/security-groups/2f529ed2-e717-4af3-8bc1-2481f478a107 HTTP/1.1" status: 204 len: 173 time: 0.1376193
2026-07-02 01:28:35.596 10 INFO neutron.db.ovn_revision_numbers_db [req-4a240ca9-faa1-49c5-9fc7-b35e2afe4cd9 req-91bc478b-5b26-472b-a1d4-614a0cd1b5d0 112406d21e874686ae0a3873d2bbb31e 949107b499c6497cb09d28d89e54186e - - default default] Successfully bumped revision number for resource e4617f54-26b5-4de2-8de0-7f486c091a3e (type: security_group_rules) to 0
2026-07-02 01:28:35.617 10 INFO neutron.wsgi [req-4a240ca9-faa1-49c5-9fc7-b35e2afe4cd9 req-91bc478b-5b26-472b-a1d4-614a0cd1b5d0 112406d21e874686ae0a3873d2bbb31e 949107b499c6497cb09d28d89e54186e - - default default] 10.0.0.227 "POST /v2.0/security-group-rules HTTP/1.1" status: 201 len: 823 time: 0.1930609
2026-07-02 01:28:35.627 10 INFO neutron.api.v2.resource [req-dc7653d6-e3c5-43be-87cc-a54e93bfcd9b req-c345abc0-45ba-4510-b3bc-2f87cca55594 e0dc4023506e4e18bb86352f3a036af9 d42c8df1ab7e42f39c704bb9477b4c05 - - default default] show failed (client error): The resource could not be found.
2026-07-02 01:28:35.628 9 INFO neutron.plugins.ml2.drivers.ovn.mech_driver.ovsdb.commands [None req-17cfa32e-7a7e-4d42-8e9f-e6777908ef18 - - - - - -] Schedule LRP lrp-7bd16a88-eef9-47a1-aba6-cce022aad5bc on gateway 38a806e2-f822-4121-bdbd-5ac3ee37f34a with priority 1
2026-07-02 01:28:35.629 10 INFO neutron.wsgi [req-dc7653d6-e3c5-43be-87cc-a54e93bfcd9b req-c345abc0-45ba-4510-b3bc-2f87cca55594 e0dc4023506e4e18bb86352f3a036af9 d42c8df1ab7e42f39c704bb9477b4c05 - - default default] 10.0.0.227 "GET /v2.0/security-groups/2f529ed2-e717-4af3-8bc1-2481f478a107 HTTP/1.1" status: 404 len: 352 time: 0.0109608
2026-07-02 01:28:35.639 10 INFO neutron.plugins.ml2.drivers.ovn.mech_driver.mech_driver [-] OVN reports status up for port: 7bd16a88-eef9-47a1-aba6-cce022aad5bc
2026-07-02 01:28:35.667 10 INFO neutron.plugins.ml2.plugin [None req-7d81014b-6cd9-48b4-9576-ba2cbd78b993 - - - - - -] Attempt 1 to provision port 7bd16a88-eef9-47a1-aba6-cce022aad5bc
2026-07-02 01:28:35.715 10 INFO neutron.wsgi [req-9148fb94-e30f-481d-84c1-3a452bdad3a2 req-14887e1a-3219-418b-a2a3-2d1fbed25348 112406d21e874686ae0a3873d2bbb31e 949107b499c6497cb09d28d89e54186e - - default default] 10.0.0.227 "GET /v2.0/security-groups/bcbfac57-ddcb-4240-bcad-53f1c970ca79 HTTP/1.1" status: 200 len: 3141 time: 0.0667541
2026-07-02 01:28:35.718 10 INFO neutron.wsgi [req-0726f779-cd0a-4a5a-bce8-34e9ad041832 req-13d6e0ef-23c1-48ab-ba84-e17c65ad02b2 e0dc4023506e4e18bb86352f3a036af9 d42c8df1ab7e42f39c704bb9477b4c05 - - default default] 10.0.0.227 "GET /v2.0/security-groups/ec4cb1a4-af80-4bc9-ac8e-5bab78e3642c HTTP/1.1" status: 200 len: 1880 time: 0.0566430
2026-07-02 01:28:35.723 9 INFO neutron.db.ovn_revision_numbers_db [None req-05a038f0-56fa-40f2-83aa-d081656bb21b 657d54396dd145698aabc27283434471 4d55105c14ae432b92919c20267e0451 - - default default] Successfully bumped revision number for resource 7bd16a88-eef9-47a1-aba6-cce022aad5bc (type: router_ports) to 1
2026-07-02 01:28:35.770 10 INFO neutron.wsgi [req-8cf7fb4e-b9ed-4343-8f07-37a67937111e req-89ae258e-4f84-4a47-92cc-5745175790c1 112406d21e874686ae0a3873d2bbb31e 949107b499c6497cb09d28d89e54186e - - default default] 10.0.0.227 "GET /v2.0/security-group-rules/e4617f54-26b5-4de2-8de0-7f486c091a3e HTTP/1.1" status: 200 len: 815 time: 0.0265734
2026-07-02 01:28:35.828 10 INFO neutron.wsgi [req-8cf7fb4e-b9ed-4343-8f07-37a67937111e req-ef7963d0-3b4a-422a-94d8-e9ea47e53747 112406d21e874686ae0a3873d2bbb31e 949107b499c6497cb09d28d89e54186e - - default default] 10.0.0.227 "GET /v2.0/security-groups/bcbfac57-ddcb-4240-bcad-53f1c970ca79 HTTP/1.1" status: 200 len: 3141 time: 0.0421374
2026-07-02 01:28:35.847 9 INFO neutron.db.ovn_revision_numbers_db [None req-05a038f0-56fa-40f2-83aa-d081656bb21b 657d54396dd145698aabc27283434471 4d55105c14ae432b92919c20267e0451 - - default default] Successfully bumped revision number for resource d86ba600-ece0-4a99-82ad-300e41df8088 (type: routers) to 2
2026-07-02 01:28:35.884 9 INFO neutron.wsgi [None req-05a038f0-56fa-40f2-83aa-d081656bb21b 657d54396dd145698aabc27283434471 4d55105c14ae432b92919c20267e0451 - - default default] 10.0.0.113 "POST /v2.0/routers HTTP/1.1" status: 201 len: 1172 time: 4.0800407
2026-07-02 01:28:35.899 10 INFO neutron.wsgi [req-0726f779-cd0a-4a5a-bce8-34e9ad041832 req-df0bb943-1c7c-40df-b57a-62e1f18aace4 e0dc4023506e4e18bb86352f3a036af9 d42c8df1ab7e42f39c704bb9477b4c05 - - default default] 10.0.0.227 "DELETE /v2.0/security-groups/ec4cb1a4-af80-4bc9-ac8e-5bab78e3642c HTTP/1.1" status: 204 len: 173 time: 0.1754265
2026-07-02 01:28:35.939 10 INFO neutron.api.v2.resource [req-db6fa46e-4946-4cab-9a60-7c453850f463 req-fbf32b75-c051-4a87-b707-e698310b72f1 e0dc4023506e4e18bb86352f3a036af9 d42c8df1ab7e42f39c704bb9477b4c05 - - default default] show failed (client error): The resource could not be found.
2026-07-02 01:28:35.940 10 INFO neutron.wsgi [req-db6fa46e-4946-4cab-9a60-7c453850f463 req-fbf32b75-c051-4a87-b707-e698310b72f1 e0dc4023506e4e18bb86352f3a036af9 d42c8df1ab7e42f39c704bb9477b4c05 - - default default] 10.0.0.227 "GET /v2.0/security-groups/ec4cb1a4-af80-4bc9-ac8e-5bab78e3642c HTTP/1.1" status: 404 len: 352 time: 0.0208282
2026-07-02 01:28:36.024 10 INFO neutron.wsgi [req-3ca81dfa-51f5-49fd-8331-6566a44b50a0 req-1cab30c6-4b44-47f1-be9d-ebcda29e5711 e0dc4023506e4e18bb86352f3a036af9 d42c8df1ab7e42f39c704bb9477b4c05 - - default default] 10.0.0.227 "GET /v2.0/security-groups?tenant_id=d42c8df1ab7e42f39c704bb9477b4c05 HTTP/1.1" status: 200 len: 3121 time: 0.0518293
2026-07-02 01:28:36.068 9 INFO neutron.db.ovn_revision_numbers_db [None req-0d55c961-68a1-414e-8592-4fbd65f37b85 - - - - - -] Successfully bumped revision number for resource 2f3141ff-eb6b-4e7d-8165-d74e977ecfb8 (type: ports) to 1
2026-07-02 01:28:36.100 10 INFO neutron.wsgi [req-3ca81dfa-51f5-49fd-8331-6566a44b50a0 req-06b0bff5-9ff6-4fec-af80-832c44e9c25d e0dc4023506e4e18bb86352f3a036af9 d42c8df1ab7e42f39c704bb9477b4c05 - - default default] 10.0.0.227 "GET /v2.0/security-groups/e65eec88-1641-4420-8ad6-db5b27102c21 HTTP/1.1" status: 200 len: 3118 time: 0.0597787
2026-07-02 01:28:36.112 10 INFO neutron.wsgi [req-8cf7fb4e-b9ed-4343-8f07-37a67937111e req-b33de2f8-42e5-4eab-98e1-340a13eb6084 112406d21e874686ae0a3873d2bbb31e 949107b499c6497cb09d28d89e54186e - - default default] 10.0.0.227 "DELETE /v2.0/security-group-rules/e4617f54-26b5-4de2-8de0-7f486c091a3e HTTP/1.1" status: 204 len: 173 time: 0.2757509
2026-07-02 01:28:36.173 10 INFO neutron.wsgi [req-3ca81dfa-51f5-49fd-8331-6566a44b50a0 req-44397f84-333c-4463-b154-5dc14419d0d7 e0dc4023506e4e18bb86352f3a036af9 d42c8df1ab7e42f39c704bb9477b4c05 - - default default] 10.0.0.227 "GET /v2.0/security-groups/e65eec88-1641-4420-8ad6-db5b27102c21 HTTP/1.1" status: 200 len: 3118 time: 0.0597494
2026-07-02 01:28:36.182 10 INFO neutron.wsgi [req-fdb91d27-ee59-4f1c-9501-2009b5c17dce req-3b7e117b-2d10-498e-949c-4be51c36bc41 112406d21e874686ae0a3873d2bbb31e 949107b499c6497cb09d28d89e54186e - - default default] 10.0.0.227 "GET /v2.0/security-groups/bcbfac57-ddcb-4240-bcad-53f1c970ca79 HTTP/1.1" status: 200 len: 2511 time: 0.0471733
2026-07-02 01:28:36.223 10 INFO neutron.api.v2.resource [req-19d505d8-883e-4d05-86f7-4fb325623407 req-b486562d-75ff-42a8-901f-b04fd389d7c8 e0dc4023506e4e18bb86352f3a036af9 d42c8df1ab7e42f39c704bb9477b4c05 - - default default] show failed (client error): The resource could not be found.
2026-07-02 01:28:36.224 10 INFO neutron.wsgi [req-19d505d8-883e-4d05-86f7-4fb325623407 req-b486562d-75ff-42a8-901f-b04fd389d7c8 e0dc4023506e4e18bb86352f3a036af9 d42c8df1ab7e42f39c704bb9477b4c05 - - default default] 10.0.0.227 "GET /v2.0/security-groups/ec4cb1a4-af80-4bc9-ac8e-5bab78e3642c HTTP/1.1" status: 404 len: 352 time: 0.0171552
2026-07-02 01:28:36.263 10 INFO neutron.api.v2.resource [req-6f18e013-fa28-41fc-95c3-ee3a97321390 req-d57be896-1b49-4790-bcf6-fedec7a99e19 e0dc4023506e4e18bb86352f3a036af9 d42c8df1ab7e42f39c704bb9477b4c05 - - default default] show failed (client error): The resource could not be found.
2026-07-02 01:28:36.264 10 INFO neutron.wsgi [req-6f18e013-fa28-41fc-95c3-ee3a97321390 req-d57be896-1b49-4790-bcf6-fedec7a99e19 e0dc4023506e4e18bb86352f3a036af9 d42c8df1ab7e42f39c704bb9477b4c05 - - default default] 10.0.0.227 "GET /v2.0/security-groups/2f529ed2-e717-4af3-8bc1-2481f478a107 HTTP/1.1" status: 404 len: 352 time: 0.0168650
2026-07-02 01:28:36.299 10 INFO neutron.api.v2.resource [req-46c5fef8-ddeb-4bd8-8c52-eac46799f3da req-a27a31b4-3a3f-4021-b797-c7b640888d41 e0dc4023506e4e18bb86352f3a036af9 d42c8df1ab7e42f39c704bb9477b4c05 - - default default] show failed (client error): The resource could not be found.
2026-07-02 01:28:36.300 10 INFO neutron.wsgi [req-46c5fef8-ddeb-4bd8-8c52-eac46799f3da req-a27a31b4-3a3f-4021-b797-c7b640888d41 e0dc4023506e4e18bb86352f3a036af9 d42c8df1ab7e42f39c704bb9477b4c05 - - default default] 10.0.0.227 "GET /v2.0/security-groups/7d382d59-5bd0-4bfd-a5be-7dafb5d79201 HTTP/1.1" status: 404 len: 352 time: 0.0181785
2026-07-02 01:28:36.524 10 INFO neutron.wsgi [req-fdb91d27-ee59-4f1c-9501-2009b5c17dce req-0f6e9b84-f7e9-4b4e-bf75-ae77e776a103 112406d21e874686ae0a3873d2bbb31e 949107b499c6497cb09d28d89e54186e - - default default] 10.0.0.227 "DELETE /v2.0/security-groups/bcbfac57-ddcb-4240-bcad-53f1c970ca79 HTTP/1.1" status: 204 len: 173 time: 0.3332243
2026-07-02 01:28:36.627 10 INFO neutron.wsgi [req-a74d67e3-1913-48a8-9667-56a94a79ca17 req-3e2eccb6-c4d9-4b52-be0a-d89d1c9f269e 112406d21e874686ae0a3873d2bbb31e 949107b499c6497cb09d28d89e54186e - - default default] 10.0.0.227 "GET /v2.0/security-groups/a435894b-55eb-4f8f-bf7d-5bfd4d7ef14a HTTP/1.1" status: 200 len: 2509 time: 0.0800283
2026-07-02 01:28:36.718 9 INFO neutron.db.ovn_revision_numbers_db [None req-311120c5-2a75-41e9-8a7a-fbe5c7a2b952 657d54396dd145698aabc27283434471 4d55105c14ae432b92919c20267e0451 - - default default] Successfully bumped revision number for resource 7d39cbbb-fc52-4a09-a778-f0ec9dac6373 (type: router_ports) to 1
2026-07-02 01:28:36.725 9 INFO neutron.wsgi [None req-311120c5-2a75-41e9-8a7a-fbe5c7a2b952 657d54396dd145698aabc27283434471 4d55105c14ae432b92919c20267e0451 - - default default] 10.0.0.113 "PUT /v2.0/routers/c29a1e58-c853-4c01-a46d-c3e606e5f2ea/add_router_interface HTTP/1.1" status: 200 len: 503 time: 5.9696791
2026-07-02 01:28:36.730 9 INFO neutron.db.ovn_revision_numbers_db [None req-0d55c961-68a1-414e-8592-4fbd65f37b85 - - - - - -] Successfully bumped revision number for resource 2f3141ff-eb6b-4e7d-8165-d74e977ecfb8 (type: router_ports) to 3
2026-07-02 01:28:36.881 10 WARNING neutron.scheduler.dhcp_agent_scheduler [None req-0f162142-30ce-45c6-9ae2-3f0996f1c9fb 657d54396dd145698aabc27283434471 4d55105c14ae432b92919c20267e0451 - - default default] No more DHCP agents
2026-07-02 01:28:36.885 10 WARNING neutron.api.rpc.agentnotifiers.dhcp_rpc_agent_api [None req-0f162142-30ce-45c6-9ae2-3f0996f1c9fb 657d54396dd145698aabc27283434471 4d55105c14ae432b92919c20267e0451 - - default default] Unable to schedule network 5d9d7ca7-b8f7-46d4-967a-5d9703fd80fc: no agents available; will retry on subsequent port and subnet creation events.
2026-07-02 01:28:36.921 9 INFO neutron.db.ovn_revision_numbers_db [None req-0d55c961-68a1-414e-8592-4fbd65f37b85 - - - - - -] Successfully bumped revision number for resource 2f3141ff-eb6b-4e7d-8165-d74e977ecfb8 (type: ports) to 2
2026-07-02 01:28:36.926 10 INFO neutron.wsgi [req-a74d67e3-1913-48a8-9667-56a94a79ca17 req-ca0982c2-f234-4497-a900-be86aa2b94ca 112406d21e874686ae0a3873d2bbb31e 949107b499c6497cb09d28d89e54186e - - default default] 10.0.0.227 "DELETE /v2.0/security-groups/a435894b-55eb-4f8f-bf7d-5bfd4d7ef14a HTTP/1.1" status: 204 len: 173 time: 0.2911215
2026-07-02 01:28:37.153 10 INFO neutron.db.ovn_revision_numbers_db [None req-0f162142-30ce-45c6-9ae2-3f0996f1c9fb 657d54396dd145698aabc27283434471 4d55105c14ae432b92919c20267e0451 - - default default] Successfully bumped revision number for resource 0a01bf37-ef61-4279-bd10-17a4437a564e (type: ports) to 1
2026-07-02 01:28:37.192 9 WARNING neutron_lib.context [None req-ea42b1cb-8326-4175-b98e-7703d7dacb14 26943602047142068c7655ea6b2d92b6 be0ac863839d43f78c29a950309230c1 - - default default] Method 'is_advsvc' is deprecated since 2023.2 release (neutron-lib 3.8.0) and will be removed once support for the old RBAC API policies will be removed from Neutron. Please use method 'is_service_role' instead.
2026-07-02 01:28:37.362 9 INFO neutron.db.ovn_revision_numbers_db [None req-ea42b1cb-8326-4175-b98e-7703d7dacb14 26943602047142068c7655ea6b2d92b6 be0ac863839d43f78c29a950309230c1 - - default default] Successfully bumped revision number for resource 4ce12c92-f66a-4c1e-9f03-c4ac1bbdaa10 (type: security_groups) to 1
2026-07-02 01:28:37.373 9 INFO neutron.db.ovn_revision_numbers_db [None req-0d55c961-68a1-414e-8592-4fbd65f37b85 - - - - - -] Successfully bumped revision number for resource 2f3141ff-eb6b-4e7d-8165-d74e977ecfb8 (type: ports) to 4
2026-07-02 01:28:37.376 9 INFO neutron.db.ovn_revision_numbers_db [None req-ea42b1cb-8326-4175-b98e-7703d7dacb14 26943602047142068c7655ea6b2d92b6 be0ac863839d43f78c29a950309230c1 - - default default] Successfully bumped revision number for resource 4a384ada-f48a-465a-af22-9e1e3117174e (type: security_group_rules) to 0
2026-07-02 01:28:37.407 9 INFO neutron.db.ovn_revision_numbers_db [None req-ea42b1cb-8326-4175-b98e-7703d7dacb14 26943602047142068c7655ea6b2d92b6 be0ac863839d43f78c29a950309230c1 - - default default] Successfully bumped revision number for resource 5b290b66-74ba-4913-8c20-d5bf3470e485 (type: security_group_rules) to 0
2026-07-02 01:28:37.446 9 INFO neutron.wsgi [None req-ea42b1cb-8326-4175-b98e-7703d7dacb14 26943602047142068c7655ea6b2d92b6 be0ac863839d43f78c29a950309230c1 - - default default] 10.0.0.113 "POST /v2.0/security-groups HTTP/1.1" status: 201 len: 1861 time: 0.2592509
2026-07-02 01:28:37.468 9 INFO neutron.plugins.ml2.drivers.ovn.mech_driver.mech_driver [None req-f7934daa-2dc1-400f-bdb4-e997f356e14e - - - - - -] OVN reports status up for port: 73df3360-e56a-461d-877b-6613a1417ba4
2026-07-02 01:28:37.479 9 WARNING neutron_lib.context [None req-6b6c98a5-d215-4328-af26-3a6218f83ddf 26943602047142068c7655ea6b2d92b6 be0ac863839d43f78c29a950309230c1 - - default default] Method 'is_advsvc' is deprecated since 2023.2 release (neutron-lib 3.8.0) and will be removed once support for the old RBAC API policies will be removed from Neutron. Please use method 'is_service_role' instead.
2026-07-02 01:28:37.500 9 INFO neutron.plugins.ml2.drivers.ovn.mech_driver.mech_driver [None req-f7934daa-2dc1-400f-bdb4-e997f356e14e - - - - - -] OVN reports status up for port: 9477ac93-3a97-4056-ac02-c56cdbd6c0ce
2026-07-02 01:28:37.515 9 INFO neutron.plugins.ml2.plugin [None req-f7934daa-2dc1-400f-bdb4-e997f356e14e - - - - - -] Attempt 1 to provision port 9477ac93-3a97-4056-ac02-c56cdbd6c0ce
2026-07-02 01:28:37.862 9 INFO neutron.db.ovn_revision_numbers_db [None req-6b6c98a5-d215-4328-af26-3a6218f83ddf 26943602047142068c7655ea6b2d92b6 be0ac863839d43f78c29a950309230c1 - - default default] Successfully bumped revision number for resource 746fb81d-4a4d-4b46-8d65-787e059d7ff3 (type: security_group_rules) to 0
2026-07-02 01:28:37.921 9 INFO neutron.wsgi [None req-6b6c98a5-d215-4328-af26-3a6218f83ddf 26943602047142068c7655ea6b2d92b6 be0ac863839d43f78c29a950309230c1 - - default default] 10.0.0.113 "POST /v2.0/security-group-rules HTTP/1.1" status: 201 len: 796 time: 0.4455886
2026-07-02 01:28:37.930 9 INFO neutron.db.ovn_revision_numbers_db [None req-0d55c961-68a1-414e-8592-4fbd65f37b85 - - - - - -] Successfully bumped revision number for resource 2f3141ff-eb6b-4e7d-8165-d74e977ecfb8 (type: router_ports) to 4
2026-07-02 01:28:37.939 10 WARNING neutron_lib.context [None req-4817483f-892f-4d22-b578-8fc2106f4b5e 26943602047142068c7655ea6b2d92b6 be0ac863839d43f78c29a950309230c1 - - default default] Method 'is_advsvc' is deprecated since 2023.2 release (neutron-lib 3.8.0) and will be removed once support for the old RBAC API policies will be removed from Neutron. Please use method 'is_service_role' instead.
2026-07-02 01:28:37.958 9 INFO neutron.plugins.ml2.drivers.ovn.mech_driver.ovsdb.ovsdb_monitor [None req-0d55c961-68a1-414e-8592-4fbd65f37b85 - - - - - -] Router d86ba600-ece0-4a99-82ad-300e41df8088 is bound to host instance
2026-07-02 01:28:38.311 10 ERROR ovsdbapp.backend.ovs_idl.command [None req-0f162142-30ce-45c6-9ae2-3f0996f1c9fb 657d54396dd145698aabc27283434471 4d55105c14ae432b92919c20267e0451 - - default default] Error executing command (DbGetCommand): ovsdbapp.backend.ovs_idl.idlutils.RowNotFound: Cannot find Logical_Router_Port with name=lrp-0a01bf37-ef61-4279-bd10-17a4437a564e
2026-07-02 01:28:38.311 10 ERROR ovsdbapp.backend.ovs_idl.command
Traceback (most recent call last):
2026-07-02 01:28:38.311 10 ERROR ovsdbapp.backend.ovs_idl.command
File "/var/lib/openstack/lib/python3.10/site-packages/ovsdbapp/backend/ovs_idl/command.py", line 47, in execute
2026-07-02 01:28:38.311 10 ERROR ovsdbapp.backend.ovs_idl.command self.run_idl(None)
2026-07-02 01:28:38.311 10 ERROR ovsdbapp.backend.ovs_idl.command
File "/var/lib/openstack/lib/python3.10/site-packages/ovsdbapp/backend/ovs_idl/command.py", line 235, in run_idl
2026-07-02 01:28:38.311 10 ERROR ovsdbapp.backend.ovs_idl.command record = self.api.lookup(self.table, self.record)
2026-07-02 01:28:38.311 10 ERROR ovsdbapp.backend.ovs_idl.command
File "/var/lib/openstack/lib/python3.10/site-packages/ovsdbapp/backend/ovs_idl/__init__.py", line 184, in lookup
2026-07-02 01:28:38.311 10 ERROR ovsdbapp.backend.ovs_idl.command return self._lookup(table, record)
2026-07-02 01:28:38.311 10 ERROR ovsdbapp.backend.ovs_idl.command
File "/var/lib/openstack/lib/python3.10/site-packages/ovsdbapp/backend/ovs_idl/__init__.py", line 235, in _lookup
2026-07-02 01:28:38.311 10 ERROR ovsdbapp.backend.ovs_idl.command row = idlutils.row_by_value(self, rl.table, rl.column, record)
2026-07-02 01:28:38.311 10 ERROR ovsdbapp.backend.ovs_idl.command
File "/var/lib/openstack/lib/python3.10/site-packages/ovsdbapp/backend/ovs_idl/idlutils.py", line 114, in row_by_value
2026-07-02 01:28:38.311 10 ERROR ovsdbapp.backend.ovs_idl.command raise RowNotFound(table=table, col=column, match=match)
2026-07-02 01:28:38.311 10 ERROR ovsdbapp.backend.ovs_idl.command ovsdbapp.backend.ovs_idl.idlutils.RowNotFound: Cannot find Logical_Router_Port with name=lrp-0a01bf37-ef61-4279-bd10-17a4437a564e
2026-07-02 01:28:38.311 10 ERROR ovsdbapp.backend.ovs_idl.command 
2026-07-02 01:28:38.312 10 ERROR neutron_lib.callbacks.manager [None req-0f162142-30ce-45c6-9ae2-3f0996f1c9fb 657d54396dd145698aabc27283434471 4d55105c14ae432b92919c20267e0451 - - default default] Error during notification for neutron.services.ovn_l3.plugin.OVNL3RouterPlugin._port_update-8776781122269 port, after_update: ovsdbapp.backend.ovs_idl.idlutils.RowNotFound: Cannot find Logical_Router_Port with name=lrp-0a01bf37-ef61-4279-bd10-17a4437a564e
2026-07-02 01:28:38.312 10 ERROR neutron_lib.callbacks.manager
Traceback (most recent call last):
2026-07-02 01:28:38.312 10 ERROR neutron_lib.callbacks.manager
File "/var/lib/openstack/lib/python3.10/site-packages/neutron_lib/callbacks/manager.py", line 189, in _notify_loop
2026-07-02 01:28:38.312 10 ERROR neutron_lib.callbacks.manager callback.method(resource, event, trigger, payload=payload)
2026-07-02 01:28:38.312 10 ERROR neutron_lib.callbacks.manager
File "/var/lib/openstack/lib/python3.10/site-packages/neutron/services/ovn_l3/plugin.py", line 391, in _port_update
2026-07-02 01:28:38.312 10 ERROR neutron_lib.callbacks.manager l3plugin._ovn_client.update_router_port(context,
2026-07-02 01:28:38.312 10 ERROR neutron_lib.callbacks.manager
File "/var/lib/openstack/lib/python3.10/site-packages/neutron/plugins/ml2/drivers/ovn/mech_driver/ovsdb/ovn_client.py", line 1878, in update_router_port
2026-07-02 01:28:38.312 10 ERROR neutron_lib.callbacks.manager self._update_lrouter_port(context, port, if_exists=if_exists,
2026-07-02 01:28:38.312 10 ERROR neutron_lib.callbacks.manager
File "/var/lib/openstack/lib/python3.10/site-packages/neutron/plugins/ml2/drivers/ovn/mech_driver/ovsdb/ovn_client.py", line 1855, in _update_lrouter_port
2026-07-02 01:28:38.312 10 ERROR neutron_lib.callbacks.manager external_ids = self._nb_idl.db_get(
2026-07-02 01:28:38.312 10 ERROR neutron_lib.callbacks.manager
File "/var/lib/openstack/lib/python3.10/site-packages/ovsdbapp/backend/ovs_idl/command.py", line 47, in execute
2026-07-02 01:28:38.312 10 ERROR neutron_lib.callbacks.manager self.run_idl(None)
2026-07-02 01:28:38.312 10 ERROR neutron_lib.callbacks.manager
File "/var/lib/openstack/lib/python3.10/site-packages/ovsdbapp/backend/ovs_idl/command.py", line 235, in run_idl
2026-07-02 01:28:38.312 10 ERROR neutron_lib.callbacks.manager record = self.api.lookup(self.table, self.record)
2026-07-02 01:28:38.312 10 ERROR neutron_lib.callbacks.manager
File "/var/lib/openstack/lib/python3.10/site-packages/ovsdbapp/backend/ovs_idl/__init__.py", line 184, in lookup
2026-07-02 01:28:38.312 10 ERROR neutron_lib.callbacks.manager return self._lookup(table, record)
2026-07-02 01:28:38.312 10 ERROR neutron_lib.callbacks.manager
File "/var/lib/openstack/lib/python3.10/site-packages/ovsdbapp/backend/ovs_idl/__init__.py", line 235, in _lookup
2026-07-02 01:28:38.312 10 ERROR neutron_lib.callbacks.manager row = idlutils.row_by_value(self, rl.table, rl.column, record)
2026-07-02 01:28:38.312 10 ERROR neutron_lib.callbacks.manager
File "/var/lib/openstack/lib/python3.10/site-packages/ovsdbapp/backend/ovs_idl/idlutils.py", line 114, in row_by_value
2026-07-02 01:28:38.312 10 ERROR neutron_lib.callbacks.manager raise RowNotFound(table=table, col=column, match=match)
2026-07-02 01:28:38.312 10 ERROR neutron_lib.callbacks.manager ovsdbapp.backend.ovs_idl.idlutils.RowNotFound: Cannot find Logical_Router_Port with name=lrp-0a01bf37-ef61-4279-bd10-17a4437a564e
2026-07-02 01:28:38.312 10 ERROR neutron_lib.callbacks.manager 
2026-07-02 01:28:38.486 10 INFO neutron.db.ovn_revision_numbers_db [None req-4817483f-892f-4d22-b578-8fc2106f4b5e 26943602047142068c7655ea6b2d92b6 be0ac863839d43f78c29a950309230c1 - - default default] Successfully bumped revision number for resource 6f769cf9-5adb-4ac6-a74a-4ebffb3716f4 (type: security_group_rules) to 0
2026-07-02 01:28:38.547 10 INFO neutron.wsgi [None req-4817483f-892f-4d22-b578-8fc2106f4b5e 26943602047142068c7655ea6b2d92b6 be0ac863839d43f78c29a950309230c1 - - default default] 10.0.0.113 "POST /v2.0/security-group-rules HTTP/1.1" status: 201 len: 801 time: 0.6140075
2026-07-02 01:28:38.562 9 WARNING neutron_lib.context [None req-576eed7b-6f40-4005-a8a1-792f417afe3f 26943602047142068c7655ea6b2d92b6 be0ac863839d43f78c29a950309230c1 - - default default] Method 'is_advsvc' is deprecated since 2023.2 release (neutron-lib 3.8.0) and will be removed once support for the old RBAC API policies will be removed from Neutron. Please use method 'is_service_role' instead.
2026-07-02 01:28:38.680 10 INFO neutron.plugins.ml2.drivers.ovn.mech_driver.mech_driver [None req-7d81014b-6cd9-48b4-9576-ba2cbd78b993 - - - - - -] OVN reports status up for port: 0a01bf37-ef61-4279-bd10-17a4437a564e
2026-07-02 01:28:38.693 9 INFO neutron.db.ovn_revision_numbers_db [None req-0d55c961-68a1-414e-8592-4fbd65f37b85 - - - - - -] Successfully bumped revision number for resource 7bd16a88-eef9-47a1-aba6-cce022aad5bc (type: ports) to 1
2026-07-02 01:28:38.698 10 INFO neutron.plugins.ml2.plugin [None req-7d81014b-6cd9-48b4-9576-ba2cbd78b993 - - - - - -] Attempt 1 to provision port 0a01bf37-ef61-4279-bd10-17a4437a564e
2026-07-02 01:28:38.750 10 INFO neutron.db.ovn_revision_numbers_db [None req-0f162142-30ce-45c6-9ae2-3f0996f1c9fb 657d54396dd145698aabc27283434471 4d55105c14ae432b92919c20267e0451 - - default default] Successfully bumped revision number for resource 0a01bf37-ef61-4279-bd10-17a4437a564e (type: ports) to 1
2026-07-02 01:28:38.881 9 WARNING neutron.scheduler.dhcp_agent_scheduler [None req-576eed7b-6f40-4005-a8a1-792f417afe3f 26943602047142068c7655ea6b2d92b6 be0ac863839d43f78c29a950309230c1 - - default default] No more DHCP agents
2026-07-02 01:28:38.895 9 WARNING neutron.api.rpc.agentnotifiers.dhcp_rpc_agent_api [None req-576eed7b-6f40-4005-a8a1-792f417afe3f 26943602047142068c7655ea6b2d92b6 be0ac863839d43f78c29a950309230c1 - - default default] Unable to schedule network 514028c5-2850-4a36-8421-9784637ba82f: no agents available; will retry on subsequent port and subnet creation events.
2026-07-02 01:28:38.908 10 WARNING neutron.scheduler.dhcp_agent_scheduler [None req-0f162142-30ce-45c6-9ae2-3f0996f1c9fb 657d54396dd145698aabc27283434471 4d55105c14ae432b92919c20267e0451 - - default default] No more DHCP agents
