2026-07-02 01:31:44.546 9 INFO neutron.wsgi [req-6db3dfbd-3c0a-4f8b-a86c-61c35a443e2d req-cc7a70d5-d3e1-44ed-b9dc-936dd630548c 0de34a0817624ac88103cd0a8b7efde7 c08a9b9706ca494387a82307446407e4 - - ea86e87f318c4fa7864c2d1f9988028c ea86e87f318c4fa7864c2d1f9988028c] 199.204.45.227 "GET /v2.0/ports?network_id=7920f383-8d30-46bc-845c-c936ddda1137&device_owner=network%3Adhcp HTTP/1.1" status: 200 len: 210 time: 0.0221038
2026-07-02 01:31:44.617 9 INFO neutron.wsgi [req-6db3dfbd-3c0a-4f8b-a86c-61c35a443e2d req-305ad744-1762-4532-911b-50f056678b76 0de34a0817624ac88103cd0a8b7efde7 c08a9b9706ca494387a82307446407e4 - - ea86e87f318c4fa7864c2d1f9988028c ea86e87f318c4fa7864c2d1f9988028c] 199.204.45.227 "GET /v2.0/networks/7920f383-8d30-46bc-845c-c936ddda1137?fields=segments HTTP/1.1" status: 200 len: 212 time: 0.0655248
2026-07-02 01:31:44.660 10 WARNING neutron_lib.context [None req-eb447ae1-a9db-460c-98d7-9f13fcf1cd6b dc16491564e94d439d46f44879256299 1a386c8ccebc45d68ee118dfe28a271b - - default default] Method 'is_advsvc' is deprecated since 2023.2 release (neutron-lib 3.8.0) and will be removed once support for the old RBAC API policies will be removed from Neutron. Please use method 'is_service_role' instead.
2026-07-02 01:31:44.676 9 INFO neutron.wsgi [req-6db3dfbd-3c0a-4f8b-a86c-61c35a443e2d req-edde81e2-6c9b-42ad-8bf2-090c694157cb 0de34a0817624ac88103cd0a8b7efde7 c08a9b9706ca494387a82307446407e4 - - ea86e87f318c4fa7864c2d1f9988028c ea86e87f318c4fa7864c2d1f9988028c] 199.204.45.227 "GET /v2.0/networks/7920f383-8d30-46bc-845c-c936ddda1137?fields=provider%3Aphysical_network&fields=provider%3Anetwork_type HTTP/1.1" status: 200 len: 277 time: 0.0515330
2026-07-02 01:31:44.760 9 INFO neutron.wsgi [req-eb63fcbc-0543-4354-8383-9a7b1ccb7cb6 req-c48ce0da-7ad6-451a-af99-9bbd4e49bdd3 0de34a0817624ac88103cd0a8b7efde7 c08a9b9706ca494387a82307446407e4 - - ea86e87f318c4fa7864c2d1f9988028c ea86e87f318c4fa7864c2d1f9988028c] 199.204.45.227 "GET /v2.0/ports?tenant_id=e1ff3b8c2a0d437a9d89f10e0ca135b4&device_id=1c0715e9-fe00-4f43-895d-e890d72e4eda HTTP/1.1" status: 200 len: 1628 time: 0.0454113
2026-07-02 01:31:44.829 9 INFO neutron.wsgi [req-eb63fcbc-0543-4354-8383-9a7b1ccb7cb6 req-15ada216-f733-4836-a2d3-bc295df807b2 0de34a0817624ac88103cd0a8b7efde7 c08a9b9706ca494387a82307446407e4 - - ea86e87f318c4fa7864c2d1f9988028c ea86e87f318c4fa7864c2d1f9988028c] 199.204.45.227 "GET /v2.0/networks?id=7920f383-8d30-46bc-845c-c936ddda1137 HTTP/1.1" status: 200 len: 1003 time: 0.0635529
2026-07-02 01:31:44.860 10 INFO neutron.db.ovn_revision_numbers_db [None req-eb447ae1-a9db-460c-98d7-9f13fcf1cd6b dc16491564e94d439d46f44879256299 1a386c8ccebc45d68ee118dfe28a271b - - default default] Successfully bumped revision number for resource 281e5519-a3fc-48d7-b0f6-1127ce9f85c7 (type: security_groups) to 1
2026-07-02 01:31:44.872 9 INFO neutron.wsgi [req-eb63fcbc-0543-4354-8383-9a7b1ccb7cb6 req-a127dcd9-df1f-4b38-a0c4-6c683253c698 0de34a0817624ac88103cd0a8b7efde7 c08a9b9706ca494387a82307446407e4 - - ea86e87f318c4fa7864c2d1f9988028c ea86e87f318c4fa7864c2d1f9988028c] 199.204.45.227 "GET /v2.0/floatingips?fixed_ip_address=10.2.1.35&port_id=0115bc92-5f35-47e4-9071-0c0902cb6ad1 HTTP/1.1" status: 200 len: 217 time: 0.0365186
2026-07-02 01:31:44.893 10 INFO neutron.plugins.ml2.drivers.ovn.mech_driver.mech_driver [None req-7d81014b-6cd9-48b4-9576-ba2cbd78b993 - - - - - -] OVN reports status up for port: 0115bc92-5f35-47e4-9071-0c0902cb6ad1
2026-07-02 01:31:44.899 10 INFO neutron.db.ovn_revision_numbers_db [None req-eb447ae1-a9db-460c-98d7-9f13fcf1cd6b dc16491564e94d439d46f44879256299 1a386c8ccebc45d68ee118dfe28a271b - - default default] Successfully bumped revision number for resource 87afbebc-1990-4b34-864e-fd95a8a3355b (type: security_group_rules) to 0
2026-07-02 01:31:44.918 10 INFO neutron.plugins.ml2.plugin [None req-7d81014b-6cd9-48b4-9576-ba2cbd78b993 - - - - - -] Attempt 1 to provision port 0115bc92-5f35-47e4-9071-0c0902cb6ad1
2026-07-02 01:31:44.929 10 INFO neutron.db.ovn_revision_numbers_db [None req-eb447ae1-a9db-460c-98d7-9f13fcf1cd6b dc16491564e94d439d46f44879256299 1a386c8ccebc45d68ee118dfe28a271b - - default default] Successfully bumped revision number for resource 9b655513-74f7-43f9-8efd-f5ff77a5c888 (type: security_group_rules) to 0
2026-07-02 01:31:44.949 10 INFO neutron.db.ovn_revision_numbers_db [None req-eb447ae1-a9db-460c-98d7-9f13fcf1cd6b dc16491564e94d439d46f44879256299 1a386c8ccebc45d68ee118dfe28a271b - - default default] Successfully bumped revision number for resource a16a5f0e-fade-4f49-9431-b990f5564814 (type: security_group_rules) to 0
2026-07-02 01:31:44.969 10 INFO neutron.db.ovn_revision_numbers_db [None req-eb447ae1-a9db-460c-98d7-9f13fcf1cd6b dc16491564e94d439d46f44879256299 1a386c8ccebc45d68ee118dfe28a271b - - default default] Successfully bumped revision number for resource f2ae2087-98a5-4246-8d94-0124ad4b6933 (type: security_group_rules) to 0
2026-07-02 01:31:45.034 10 INFO neutron.db.segments_db [None req-eb447ae1-a9db-460c-98d7-9f13fcf1cd6b dc16491564e94d439d46f44879256299 1a386c8ccebc45d68ee118dfe28a271b - - default default] Added segment 05b01713-b83b-487a-ac5d-e02777bcd817 of type geneve for network 371d944f-7dc9-438c-a342-cb35443d315f
2026-07-02 01:31:45.156 9 INFO neutron.wsgi [req-eb63fcbc-0543-4354-8383-9a7b1ccb7cb6 req-502182e0-f4a6-4ada-819d-d0a27f3d047c 0de34a0817624ac88103cd0a8b7efde7 c08a9b9706ca494387a82307446407e4 - - ea86e87f318c4fa7864c2d1f9988028c ea86e87f318c4fa7864c2d1f9988028c] 199.204.45.227 "GET /v2.0/floatingips?fixed_ip_address=fd7b%3Af9f7%3Afff%3A4eca%3A%3Ab3&port_id=0115bc92-5f35-47e4-9071-0c0902cb6ad1 HTTP/1.1" status: 200 len: 217 time: 0.2775834
2026-07-02 01:31:45.191 9 WARNING neutron.plugins.ml2.drivers.ovn.mech_driver.ovsdb.ovn_client [None req-f7934daa-2dc1-400f-bdb4-e997f356e14e - - - - - -] No hosting information found for port 662cfb18-8b40-45a2-94e4-1957a8e95215: RuntimeError: No hosting information found for port 662cfb18-8b40-45a2-94e4-1957a8e95215
2026-07-02 01:31:45.234 9 INFO neutron.wsgi [req-eb63fcbc-0543-4354-8383-9a7b1ccb7cb6 req-ee53e881-6167-44ba-be18-e7f5b1b2e029 0de34a0817624ac88103cd0a8b7efde7 c08a9b9706ca494387a82307446407e4 - - ea86e87f318c4fa7864c2d1f9988028c ea86e87f318c4fa7864c2d1f9988028c] 199.204.45.227 "GET /v2.0/subnets?id=f9f2f048-8843-4920-a911-202079af589f&id=6715e805-b42b-43ab-990e-6bb944d51341 HTTP/1.1" status: 200 len: 1562 time: 0.0687799 /var/lib/openstack/lib/python3.10/site-packages/pycadf/identifier.py:71: UserWarning: Invalid uuid: neutron. To ensure interoperability, identifiers should be a valid uuid. warnings.warn(('Invalid uuid: %s. To ensure interoperability, '
2026-07-02 01:31:45.264 9 INFO neutron.wsgi [req-eb63fcbc-0543-4354-8383-9a7b1ccb7cb6 req-e71be631-4f63-482b-bf3f-224e5b9d1bc6 0de34a0817624ac88103cd0a8b7efde7 c08a9b9706ca494387a82307446407e4 - - ea86e87f318c4fa7864c2d1f9988028c ea86e87f318c4fa7864c2d1f9988028c] 199.204.45.227 "GET /v2.0/ports?network_id=7920f383-8d30-46bc-845c-c936ddda1137&device_owner=network%3Adhcp HTTP/1.1" status: 200 len: 210 time: 0.0231740
2026-07-02 01:31:45.267 10 INFO neutron.db.ovn_revision_numbers_db [None req-eb447ae1-a9db-460c-98d7-9f13fcf1cd6b dc16491564e94d439d46f44879256299 1a386c8ccebc45d68ee118dfe28a271b - - default default] Successfully bumped revision number for resource 371d944f-7dc9-438c-a342-cb35443d315f (type: networks) to 1
2026-07-02 01:31:45.295 9 INFO neutron.wsgi [req-eb63fcbc-0543-4354-8383-9a7b1ccb7cb6 req-5b705b0b-79ef-438c-a3dd-54f87d2e4e0c 0de34a0817624ac88103cd0a8b7efde7 c08a9b9706ca494387a82307446407e4 - - ea86e87f318c4fa7864c2d1f9988028c ea86e87f318c4fa7864c2d1f9988028c] 199.204.45.227 "GET /v2.0/ports?network_id=7920f383-8d30-46bc-845c-c936ddda1137&device_owner=network%3Adhcp HTTP/1.1" status: 200 len: 210 time: 0.0248258
2026-07-02 01:31:45.351 10 INFO neutron.db.ovn_revision_numbers_db [None req-7d81014b-6cd9-48b4-9576-ba2cbd78b993 - - - - - -] Successfully bumped revision number for resource 0115bc92-5f35-47e4-9071-0c0902cb6ad1 (type: ports) to 4
2026-07-02 01:31:45.360 9 INFO neutron.wsgi [req-eb63fcbc-0543-4354-8383-9a7b1ccb7cb6 req-3345b988-9e47-415c-9de3-e2ccc2a641fa 0de34a0817624ac88103cd0a8b7efde7 c08a9b9706ca494387a82307446407e4 - - ea86e87f318c4fa7864c2d1f9988028c ea86e87f318c4fa7864c2d1f9988028c] 199.204.45.227 "GET /v2.0/networks/7920f383-8d30-46bc-845c-c936ddda1137?fields=segments HTTP/1.1" status: 200 len: 212 time: 0.0564208
2026-07-02 01:31:45.430 9 INFO neutron.wsgi [req-eb63fcbc-0543-4354-8383-9a7b1ccb7cb6 req-e7588818-0058-4695-8eac-49d9feb1b42a 0de34a0817624ac88103cd0a8b7efde7 c08a9b9706ca494387a82307446407e4 - - ea86e87f318c4fa7864c2d1f9988028c ea86e87f318c4fa7864c2d1f9988028c] 199.204.45.227 "GET /v2.0/networks/7920f383-8d30-46bc-845c-c936ddda1137?fields=provider%3Aphysical_network&fields=provider%3Anetwork_type HTTP/1.1" status: 200 len: 277 time: 0.0632355
2026-07-02 01:31:45.478 10 WARNING neutron.scheduler.dhcp_agent_scheduler [None req-eb447ae1-a9db-460c-98d7-9f13fcf1cd6b dc16491564e94d439d46f44879256299 1a386c8ccebc45d68ee118dfe28a271b - - default default] No more DHCP agents
2026-07-02 01:31:45.480 10 WARNING neutron.api.rpc.agentnotifiers.dhcp_rpc_agent_api [None req-eb447ae1-a9db-460c-98d7-9f13fcf1cd6b dc16491564e94d439d46f44879256299 1a386c8ccebc45d68ee118dfe28a271b - - default default] Unable to schedule network 371d944f-7dc9-438c-a342-cb35443d315f: no agents available; will retry on subsequent port and subnet creation events.
2026-07-02 01:31:45.561 10 INFO neutron.db.ovn_revision_numbers_db [None req-eb447ae1-a9db-460c-98d7-9f13fcf1cd6b dc16491564e94d439d46f44879256299 1a386c8ccebc45d68ee118dfe28a271b - - default default] Successfully bumped revision number for resource 14f85e02-b1e3-422e-ac05-ab96a8524414 (type: ports) to 1
2026-07-02 01:31:45.585 10 INFO neutron.wsgi [None req-eb447ae1-a9db-460c-98d7-9f13fcf1cd6b dc16491564e94d439d46f44879256299 1a386c8ccebc45d68ee118dfe28a271b - - default default] 10.0.0.113 "POST /v2.0/networks HTTP/1.1" status: 201 len: 848 time: 1.1334958 /var/lib/openstack/lib/python3.10/site-packages/pycadf/identifier.py:71: UserWarning: Invalid uuid: neutron. To ensure interoperability, identifiers should be a valid uuid. warnings.warn(('Invalid uuid: %s. To ensure interoperability, '
2026-07-02 01:31:45.596 10 WARNING neutron_lib.context [None req-55627f1b-c918-41cd-a5c7-9dd0819b8caf dc16491564e94d439d46f44879256299 1a386c8ccebc45d68ee118dfe28a271b - - default default] Method 'is_advsvc' is deprecated since 2023.2 release (neutron-lib 3.8.0) and will be removed once support for the old RBAC API policies will be removed from Neutron. Please use method 'is_service_role' instead.
2026-07-02 01:31:45.739 10 INFO neutron.notifiers.nova [-] Nova event matching ['req-e7c452f6-a94e-4e95-934f-d3d47bcc225c'] response: {'name': 'network-changed', 'server_uuid': '9f439513-bc8f-4fa4-b351-507ce7b7c90f', 'tag': '1093825f-d6da-49ed-a21c-d7927c6147ff', 'status': 'completed', 'code': 200}
2026-07-02 01:31:45.739 10 INFO neutron.notifiers.nova [-] Nova event matching ['req-e7c452f6-a94e-4e95-934f-d3d47bcc225c'] response: {'server_uuid': '1c0715e9-fe00-4f43-895d-e890d72e4eda', 'name': 'network-vif-plugged', 'status': 'completed', 'tag': '0115bc92-5f35-47e4-9071-0c0902cb6ad1', 'code': 200}
2026-07-02 01:31:45.739 10 INFO neutron.notifiers.nova [-] Nova event matching ['req-e7c452f6-a94e-4e95-934f-d3d47bcc225c'] response: {'server_uuid': '1c0715e9-fe00-4f43-895d-e890d72e4eda', 'name': 'network-vif-plugged', 'status': 'completed', 'tag': '0115bc92-5f35-47e4-9071-0c0902cb6ad1', 'code': 200}
2026-07-02 01:31:45.799 9 INFO neutron.wsgi [req-62d9e2dc-410e-4b76-804a-55dd99143651 req-b42ff6e5-ad08-4c3f-a4b2-47f7ebd468dc 0de34a0817624ac88103cd0a8b7efde7 c08a9b9706ca494387a82307446407e4 - - ea86e87f318c4fa7864c2d1f9988028c ea86e87f318c4fa7864c2d1f9988028c] 199.204.45.227 "GET /v2.0/ports?tenant_id=5a7d8b2e371b428e8f6283f6dfaf15c4&device_id=9f439513-bc8f-4fa4-b351-507ce7b7c90f HTTP/1.1" status: 200 len: 1448 time: 0.0418851
2026-07-02 01:31:45.830 10 WARNING neutron.scheduler.dhcp_agent_scheduler [None req-55627f1b-c918-41cd-a5c7-9dd0819b8caf dc16491564e94d439d46f44879256299 1a386c8ccebc45d68ee118dfe28a271b - - default default] No more DHCP agents
2026-07-02 01:31:45.832 10 WARNING neutron.api.rpc.agentnotifiers.dhcp_rpc_agent_api [None req-55627f1b-c918-41cd-a5c7-9dd0819b8caf dc16491564e94d439d46f44879256299 1a386c8ccebc45d68ee118dfe28a271b - - default default] Unable to schedule network 371d944f-7dc9-438c-a342-cb35443d315f: no agents available; will retry on subsequent port and subnet creation events.
2026-07-02 01:31:45.859 10 INFO neutron.db.ovn_revision_numbers_db [None req-55627f1b-c918-41cd-a5c7-9dd0819b8caf dc16491564e94d439d46f44879256299 1a386c8ccebc45d68ee118dfe28a271b - - default default] Successfully bumped revision number for resource d6d6344d-2cdf-4dd4-a42b-0dc6680d868d (type: subnets) to 0
2026-07-02 01:31:45.887 10 INFO neutron.wsgi [None req-55627f1b-c918-41cd-a5c7-9dd0819b8caf dc16491564e94d439d46f44879256299 1a386c8ccebc45d68ee118dfe28a271b - - default default] 10.0.0.113 "POST /v2.0/subnets HTTP/1.1" status: 201 len: 802 time: 0.2965865
2026-07-02 01:31:45.900 9 INFO neutron.wsgi [req-62d9e2dc-410e-4b76-804a-55dd99143651 req-9276d910-678e-406a-a137-8678f7408d06 0de34a0817624ac88103cd0a8b7efde7 c08a9b9706ca494387a82307446407e4 - - ea86e87f318c4fa7864c2d1f9988028c ea86e87f318c4fa7864c2d1f9988028c] 199.204.45.227 "GET /v2.0/networks?id=730ab3d8-a986-4e59-9598-f7174982d7c2 HTTP/1.1" status: 200 len: 971 time: 0.0948093
2026-07-02 01:31:45.902 10 WARNING neutron_lib.context [None req-e177e63e-e22a-4d46-abb7-abba43bef38a dc16491564e94d439d46f44879256299 1a386c8ccebc45d68ee118dfe28a271b - - default default] Method 'is_advsvc' is deprecated since 2023.2 release (neutron-lib 3.8.0) and will be removed once support for the old RBAC API policies will be removed from Neutron. Please use method 'is_service_role' instead.
2026-07-02 01:31:45.974 9 INFO neutron.wsgi [req-62d9e2dc-410e-4b76-804a-55dd99143651 req-7b48674f-000e-4fd1-bcdc-4c12961bdd54 0de34a0817624ac88103cd0a8b7efde7 c08a9b9706ca494387a82307446407e4 - - ea86e87f318c4fa7864c2d1f9988028c ea86e87f318c4fa7864c2d1f9988028c] 199.204.45.227 "GET /v2.0/floatingips?fixed_ip_address=10.100.0.8&port_id=1093825f-d6da-49ed-a21c-d7927c6147ff HTTP/1.1" status: 200 len: 1059 time: 0.0682430
2026-07-02 01:31:46.011 9 INFO neutron.wsgi [req-62d9e2dc-410e-4b76-804a-55dd99143651 req-7a3efaf2-6ef5-4638-a3ac-863cd94af20e 0de34a0817624ac88103cd0a8b7efde7 c08a9b9706ca494387a82307446407e4 - - ea86e87f318c4fa7864c2d1f9988028c ea86e87f318c4fa7864c2d1f9988028c] 199.204.45.227 "GET /v2.0/subnets?id=657645ff-1758-4b81-8c5a-5e2a02f00e85 HTTP/1.1" status: 200 len: 866 time: 0.0308371
2026-07-02 01:31:46.046 9 INFO neutron.wsgi [req-62d9e2dc-410e-4b76-804a-55dd99143651 req-d6a82034-9aec-4aea-bc0d-271d8c077487 0de34a0817624ac88103cd0a8b7efde7 c08a9b9706ca494387a82307446407e4 - - ea86e87f318c4fa7864c2d1f9988028c ea86e87f318c4fa7864c2d1f9988028c] 199.204.45.227 "GET /v2.0/ports?network_id=730ab3d8-a986-4e59-9598-f7174982d7c2&device_owner=network%3Adhcp HTTP/1.1" status: 200 len: 210 time: 0.0219884
2026-07-02 01:31:46.123 9 INFO neutron.wsgi [req-62d9e2dc-410e-4b76-804a-55dd99143651 req-1a59e0d6-c547-4797-9662-ac48930e2e17 0de34a0817624ac88103cd0a8b7efde7 c08a9b9706ca494387a82307446407e4 - - ea86e87f318c4fa7864c2d1f9988028c ea86e87f318c4fa7864c2d1f9988028c] 199.204.45.227 "GET /v2.0/networks/730ab3d8-a986-4e59-9598-f7174982d7c2?fields=segments HTTP/1.1" status: 200 len: 212 time: 0.0701907
2026-07-02 01:31:46.212 9 INFO neutron.wsgi [req-62d9e2dc-410e-4b76-804a-55dd99143651 req-7efd1a65-c98d-427a-b7fe-ed7fcb36c348 0de34a0817624ac88103cd0a8b7efde7 c08a9b9706ca494387a82307446407e4 - - ea86e87f318c4fa7864c2d1f9988028c ea86e87f318c4fa7864c2d1f9988028c] 199.204.45.227 "GET /v2.0/networks/730ab3d8-a986-4e59-9598-f7174982d7c2?fields=provider%3Aphysical_network&fields=provider%3Anetwork_type HTTP/1.1" status: 200 len: 277 time: 0.0812047
2026-07-02 01:31:46.398 10 WARNING neutron.scheduler.dhcp_agent_scheduler [None req-e177e63e-e22a-4d46-abb7-abba43bef38a dc16491564e94d439d46f44879256299 1a386c8ccebc45d68ee118dfe28a271b - - default default] No more DHCP agents
2026-07-02 01:31:46.400 10 WARNING neutron.api.rpc.agentnotifiers.dhcp_rpc_agent_api [None req-e177e63e-e22a-4d46-abb7-abba43bef38a dc16491564e94d439d46f44879256299 1a386c8ccebc45d68ee118dfe28a271b - - default default] Unable to schedule network 514028c5-2850-4a36-8421-9784637ba82f: no agents available; will retry on subsequent port and subnet creation events.
2026-07-02 01:31:46.567 10 INFO neutron.db.ovn_revision_numbers_db [None req-e177e63e-e22a-4d46-abb7-abba43bef38a dc16491564e94d439d46f44879256299 1a386c8ccebc45d68ee118dfe28a271b - - default default] Successfully bumped revision number for resource 315f3e32-bd34-4621-9d63-ea18bb456033 (type: ports) to 1
2026-07-02 01:31:47.229 10 INFO neutron.wsgi [req-38c083d5-13fa-4a20-8978-0384cd7ccd6c req-2c776646-6e39-4b8e-8c43-ecba01a9e8db b92ad22a077f45f0bf7a44b86744d281 e1ff3b8c2a0d437a9d89f10e0ca135b4 - - default default] 10.0.0.227 "GET /v2.0/ports?device_id=1c0715e9-fe00-4f43-895d-e890d72e4eda HTTP/1.1" status: 200 len: 1392 time: 0.1102700
2026-07-02 01:31:47.260 10 INFO neutron.plugins.ml2.drivers.ovn.mech_driver.ovsdb.commands [None req-1318c413-9e25-4ab4-a7ce-bba4004843f0 - - - - - -] Schedule LRP lrp-315f3e32-bd34-4621-9d63-ea18bb456033 on gateway 38a806e2-f822-4121-bdbd-5ac3ee37f34a with priority 1
2026-07-02 01:31:47.276 9 INFO neutron.plugins.ml2.drivers.ovn.mech_driver.mech_driver [None req-f7934daa-2dc1-400f-bdb4-e997f356e14e - - - - - -] OVN reports status up for port: 315f3e32-bd34-4621-9d63-ea18bb456033
2026-07-02 01:31:47.284 9 INFO neutron.plugins.ml2.plugin [None req-f7934daa-2dc1-400f-bdb4-e997f356e14e - - - - - -] Attempt 1 to provision port 315f3e32-bd34-4621-9d63-ea18bb456033
2026-07-02 01:31:47.300 10 INFO neutron.wsgi [req-38c083d5-13fa-4a20-8978-0384cd7ccd6c req-b656965b-2c22-44d7-aad7-80ddad22e7a7 b92ad22a077f45f0bf7a44b86744d281 e1ff3b8c2a0d437a9d89f10e0ca135b4 - - default default] 10.0.0.227 "GET /v2.0/security-groups?id=d191acf9-7d2f-445c-83a6-d162ea0a3fd2&fields=id&fields=name HTTP/1.1" status: 200 len: 311 time: 0.0623140
2026-07-02 01:31:47.318 10 INFO neutron.db.ovn_revision_numbers_db [None req-e177e63e-e22a-4d46-abb7-abba43bef38a dc16491564e94d439d46f44879256299 1a386c8ccebc45d68ee118dfe28a271b - - default default] Successfully bumped revision number for resource 315f3e32-bd34-4621-9d63-ea18bb456033 (type: router_ports) to 1
2026-07-02 01:31:47.617 10 INFO neutron.wsgi [None req-b8765d90-49e1-4ea4-bc91-f46487acf2ee b92ad22a077f45f0bf7a44b86744d281 e1ff3b8c2a0d437a9d89f10e0ca135b4 - - default default] 10.0.0.113 "GET /v2.0/ports?network_id=7920f383-8d30-46bc-845c-c936ddda1137&mac_address=fa%3A16%3A3e%3A45%3Ad9%3A1c HTTP/1.1" status: 200 len: 1387 time: 0.2922463
2026-07-02 01:31:47.632 9 WARNING neutron_lib.context [None req-8f7ab151-bd2b-444e-94c6-816090c96405 b92ad22a077f45f0bf7a44b86744d281 e1ff3b8c2a0d437a9d89f10e0ca135b4 - - default default] Method 'is_advsvc' is deprecated since 2023.2 release (neutron-lib 3.8.0) and will be removed once support for the old RBAC API policies will be removed from Neutron. Please use method 'is_service_role' instead.
2026-07-02 01:31:47.653 10 INFO neutron.db.ovn_revision_numbers_db [None req-e177e63e-e22a-4d46-abb7-abba43bef38a dc16491564e94d439d46f44879256299 1a386c8ccebc45d68ee118dfe28a271b - - default default] Successfully bumped revision number for resource 25030b99-d60f-44f9-8bbf-badf70c0e8f2 (type: routers) to 2
2026-07-02 01:31:47.671 10 INFO neutron.wsgi [None req-e177e63e-e22a-4d46-abb7-abba43bef38a dc16491564e94d439d46f44879256299 1a386c8ccebc45d68ee118dfe28a271b - - default default] 10.0.0.113 "POST /v2.0/routers HTTP/1.1" status: 201 len: 1153 time: 1.7747648
2026-07-02 01:31:47.949 9 WARNING neutron.scheduler.dhcp_agent_scheduler [None req-8f7ab151-bd2b-444e-94c6-816090c96405 b92ad22a077f45f0bf7a44b86744d281 e1ff3b8c2a0d437a9d89f10e0ca135b4 - - default default] No more DHCP agents
2026-07-02 01:31:47.953 9 WARNING neutron.api.rpc.agentnotifiers.dhcp_rpc_agent_api [None req-8f7ab151-bd2b-444e-94c6-816090c96405 b92ad22a077f45f0bf7a44b86744d281 e1ff3b8c2a0d437a9d89f10e0ca135b4 - - default default] Unable to schedule network 514028c5-2850-4a36-8421-9784637ba82f: no agents available; will retry on subsequent port and subnet creation events.
2026-07-02 01:31:48.736 9 WARNING neutron.scheduler.dhcp_agent_scheduler [None req-cddb2f92-f8d3-4585-b321-24093f7254af dc16491564e94d439d46f44879256299 1a386c8ccebc45d68ee118dfe28a271b - - default default] No more DHCP agents
2026-07-02 01:31:48.739 9 WARNING neutron.api.rpc.agentnotifiers.dhcp_rpc_agent_api [None req-cddb2f92-f8d3-4585-b321-24093f7254af dc16491564e94d439d46f44879256299 1a386c8ccebc45d68ee118dfe28a271b - - default default] Unable to schedule network 371d944f-7dc9-438c-a342-cb35443d315f: no agents available; will retry on subsequent port and subnet creation events.
2026-07-02 01:31:48.960 9 INFO neutron.db.ovn_revision_numbers_db [None req-cddb2f92-f8d3-4585-b321-24093f7254af dc16491564e94d439d46f44879256299 1a386c8ccebc45d68ee118dfe28a271b - - default default] Successfully bumped revision number for resource a3bf65b1-7206-4bdb-ace4-513a34a47cad (type: ports) to 1
2026-07-02 01:31:49.317 9 INFO neutron.db.ovn_revision_numbers_db [None req-8f7ab151-bd2b-444e-94c6-816090c96405 b92ad22a077f45f0bf7a44b86744d281 e1ff3b8c2a0d437a9d89f10e0ca135b4 - - default default] Successfully bumped revision number for resource 14c934ad-868c-4630-8936-a1db0645b4cc (type: floatingips) to -1
2026-07-02 01:31:49.474 9 INFO neutron.db.ovn_revision_numbers_db [None req-8f7ab151-bd2b-444e-94c6-816090c96405 b92ad22a077f45f0bf7a44b86744d281 e1ff3b8c2a0d437a9d89f10e0ca135b4 - - default default] Successfully bumped revision number for resource 14c934ad-868c-4630-8936-a1db0645b4cc (type: floatingips) to 1
2026-07-02 01:31:49.474 9 INFO neutron.db.l3_db [None req-8f7ab151-bd2b-444e-94c6-816090c96405 b92ad22a077f45f0bf7a44b86744d281 e1ff3b8c2a0d437a9d89f10e0ca135b4 - - default default] Floating IP 14c934ad-868c-4630-8936-a1db0645b4cc associated. External IP: 10.96.250.209, port: 0115bc92-5f35-47e4-9071-0c0902cb6ad1.
2026-07-02 01:31:49.527 9 INFO neutron.wsgi [None req-8f7ab151-bd2b-444e-94c6-816090c96405 b92ad22a077f45f0bf7a44b86744d281 e1ff3b8c2a0d437a9d89f10e0ca135b4 - - default default] 10.0.0.113 "POST /v2.0/floatingips HTTP/1.1" status: 201 len: 1053 time: 1.9030595
2026-07-02 01:31:49.573 9 INFO neutron.notifiers.nova [-] Nova event matching ['req-dd4fed5c-32d3-447d-ba58-7b77d1ca588d'] response: {'name': 'network-changed', 'server_uuid': '1c0715e9-fe00-4f43-895d-e890d72e4eda', 'tag': '0115bc92-5f35-47e4-9071-0c0902cb6ad1', 'status': 'completed', 'code': 200}
2026-07-02 01:31:49.635 10 INFO neutron.wsgi [req-bb2cb253-3d95-453c-a265-5c44386eb4fb req-b17ee1fb-6667-46b9-b65a-03977db260bd b92ad22a077f45f0bf7a44b86744d281 e1ff3b8c2a0d437a9d89f10e0ca135b4 - - default default] 10.0.0.227 "GET /v2.0/security-groups?name=tempest-lb_member_SG-1907645375&fields=id&tenant_id=e1ff3b8c2a0d437a9d89f10e0ca135b4 HTTP/1.1" status: 200 len: 267 time: 0.0340726
2026-07-02 01:31:49.639 9 INFO neutron.wsgi [req-e958ee24-1a15-425d-9b06-480da1c82b3f req-430b6a75-d43b-4925-9543-733d3db6725f 0de34a0817624ac88103cd0a8b7efde7 c08a9b9706ca494387a82307446407e4 - - ea86e87f318c4fa7864c2d1f9988028c ea86e87f318c4fa7864c2d1f9988028c] 199.204.45.227 "GET /v2.0/ports?tenant_id=e1ff3b8c2a0d437a9d89f10e0ca135b4&device_id=1c0715e9-fe00-4f43-895d-e890d72e4eda HTTP/1.1" status: 200 len: 1630 time: 0.0572267
2026-07-02 01:31:49.717 10 INFO neutron.wsgi [req-bb2cb253-3d95-453c-a265-5c44386eb4fb req-14f38dc7-9730-44bd-bce7-de37f56a0998 b92ad22a077f45f0bf7a44b86744d281 e1ff3b8c2a0d437a9d89f10e0ca135b4 - - default default] 10.0.0.227 "GET /v2.0/networks?id=a0b650ba-f132-478e-98f7-b1694f495f51 HTTP/1.1" status: 200 len: 904 time: 0.0742960
2026-07-02 01:31:49.736 10 INFO neutron.wsgi [req-bb2cb253-3d95-453c-a265-5c44386eb4fb req-aa4f26bf-edf9-468f-8ced-b189a17cfeee b92ad22a077f45f0bf7a44b86744d281 e1ff3b8c2a0d437a9d89f10e0ca135b4 - - default default] 10.0.0.227 "GET /v2.0/quotas/e1ff3b8c2a0d437a9d89f10e0ca135b4 HTTP/1.1" status: 200 len: 491 time: 0.0113657
2026-07-02 01:31:49.754 9 INFO neutron.wsgi [req-e958ee24-1a15-425d-9b06-480da1c82b3f req-e52ae704-67be-4146-a851-e1e2444081c5 0de34a0817624ac88103cd0a8b7efde7 c08a9b9706ca494387a82307446407e4 - - ea86e87f318c4fa7864c2d1f9988028c ea86e87f318c4fa7864c2d1f9988028c] 199.204.45.227 "GET /v2.0/networks?id=7920f383-8d30-46bc-845c-c936ddda1137 HTTP/1.1" status: 200 len: 1003 time: 0.1084414
2026-07-02 01:31:49.809 9 INFO neutron.wsgi [req-e958ee24-1a15-425d-9b06-480da1c82b3f req-e1657835-6a27-4613-9dcd-a25b35412bbd 0de34a0817624ac88103cd0a8b7efde7 c08a9b9706ca494387a82307446407e4 - - ea86e87f318c4fa7864c2d1f9988028c ea86e87f318c4fa7864c2d1f9988028c] 199.204.45.227 "GET /v2.0/floatingips?fixed_ip_address=10.2.1.35&port_id=0115bc92-5f35-47e4-9071-0c0902cb6ad1 HTTP/1.1" status: 200 len: 1058 time: 0.0473597
2026-07-02 01:31:49.810 9 ERROR ovsdbapp.backend.ovs_idl.command [None req-cddb2f92-f8d3-4585-b321-24093f7254af dc16491564e94d439d46f44879256299 1a386c8ccebc45d68ee118dfe28a271b - - default default] Error executing command (DbGetCommand): ovsdbapp.backend.ovs_idl.idlutils.RowNotFound: Cannot find Logical_Router_Port with name=lrp-a3bf65b1-7206-4bdb-ace4-513a34a47cad
2026-07-02 01:31:49.810 9 ERROR ovsdbapp.backend.ovs_idl.command
Traceback (most recent call last):
2026-07-02 01:31:49.810 9 ERROR ovsdbapp.backend.ovs_idl.command
File "/var/lib/openstack/lib/python3.10/site-packages/ovsdbapp/backend/ovs_idl/command.py", line 47, in execute
2026-07-02 01:31:49.810 9 ERROR ovsdbapp.backend.ovs_idl.command self.run_idl(None)
2026-07-02 01:31:49.810 9 ERROR ovsdbapp.backend.ovs_idl.command
File "/var/lib/openstack/lib/python3.10/site-packages/ovsdbapp/backend/ovs_idl/command.py", line 235, in run_idl
2026-07-02 01:31:49.810 9 ERROR ovsdbapp.backend.ovs_idl.command record = self.api.lookup(self.table, self.record)
2026-07-02 01:31:49.810 9 ERROR ovsdbapp.backend.ovs_idl.command
File "/var/lib/openstack/lib/python3.10/site-packages/ovsdbapp/backend/ovs_idl/__init__.py", line 184, in lookup
2026-07-02 01:31:49.810 9 ERROR ovsdbapp.backend.ovs_idl.command return self._lookup(table, record)
2026-07-02 01:31:49.810 9 ERROR ovsdbapp.backend.ovs_idl.command
File "/var/lib/openstack/lib/python3.10/site-packages/ovsdbapp/backend/ovs_idl/__init__.py", line 235, in _lookup
2026-07-02 01:31:49.810 9 ERROR ovsdbapp.backend.ovs_idl.command row = idlutils.row_by_value(self, rl.table, rl.column, record)
2026-07-02 01:31:49.810 9 ERROR ovsdbapp.backend.ovs_idl.command
File "/var/lib/openstack/lib/python3.10/site-packages/ovsdbapp/backend/ovs_idl/idlutils.py", line 114, in row_by_value
2026-07-02 01:31:49.810 9 ERROR ovsdbapp.backend.ovs_idl.command raise RowNotFound(table=table, col=column, match=match)
2026-07-02 01:31:49.810 9 ERROR ovsdbapp.backend.ovs_idl.command ovsdbapp.backend.ovs_idl.idlutils.RowNotFound: Cannot find Logical_Router_Port with name=lrp-a3bf65b1-7206-4bdb-ace4-513a34a47cad
2026-07-02 01:31:49.810 9 ERROR ovsdbapp.backend.ovs_idl.command 
2026-07-02 01:31:49.810 9 ERROR neutron_lib.callbacks.manager [None req-cddb2f92-f8d3-4585-b321-24093f7254af dc16491564e94d439d46f44879256299 1a386c8ccebc45d68ee118dfe28a271b - - default default] Error during notification for neutron.services.ovn_l3.plugin.OVNL3RouterPlugin._port_update-8776781122269 port, after_update: ovsdbapp.backend.ovs_idl.idlutils.RowNotFound: Cannot find Logical_Router_Port with name=lrp-a3bf65b1-7206-4bdb-ace4-513a34a47cad
2026-07-02 01:31:49.810 9 ERROR neutron_lib.callbacks.manager
Traceback (most recent call last):
2026-07-02 01:31:49.810 9 ERROR neutron_lib.callbacks.manager
File "/var/lib/openstack/lib/python3.10/site-packages/neutron_lib/callbacks/manager.py", line 189, in _notify_loop
2026-07-02 01:31:49.810 9 ERROR neutron_lib.callbacks.manager callback.method(resource, event, trigger, payload=payload)
2026-07-02 01:31:49.810 9 ERROR neutron_lib.callbacks.manager
File "/var/lib/openstack/lib/python3.10/site-packages/neutron/services/ovn_l3/plugin.py", line 391, in _port_update
2026-07-02 01:31:49.810 9 ERROR neutron_lib.callbacks.manager l3plugin._ovn_client.update_router_port(context,
2026-07-02 01:31:49.810 9 ERROR neutron_lib.callbacks.manager
File "/var/lib/openstack/lib/python3.10/site-packages/neutron/plugins/ml2/drivers/ovn/mech_driver/ovsdb/ovn_client.py", line 1878, in update_router_port
2026-07-02 01:31:49.810 9 ERROR neutron_lib.callbacks.manager self._update_lrouter_port(context, port, if_exists=if_exists,
2026-07-02 01:31:49.810 9 ERROR neutron_lib.callbacks.manager
File "/var/lib/openstack/lib/python3.10/site-packages/neutron/plugins/ml2/drivers/ovn/mech_driver/ovsdb/ovn_client.py", line 1855, in _update_lrouter_port
2026-07-02 01:31:49.810 9 ERROR neutron_lib.callbacks.manager external_ids = self._nb_idl.db_get(
2026-07-02 01:31:49.810 9 ERROR neutron_lib.callbacks.manager
File "/var/lib/openstack/lib/python3.10/site-packages/ovsdbapp/backend/ovs_idl/command.py", line 47, in execute
2026-07-02 01:31:49.810 9 ERROR neutron_lib.callbacks.manager self.run_idl(None)
2026-07-02 01:31:49.810 9 ERROR neutron_lib.callbacks.manager
File "/var/lib/openstack/lib/python3.10/site-packages/ovsdbapp/backend/ovs_idl/command.py", line 235, in run_idl
2026-07-02 01:31:49.810 9 ERROR neutron_lib.callbacks.manager record = self.api.lookup(self.table, self.record)
2026-07-02 01:31:49.810 9 ERROR neutron_lib.callbacks.manager
File "/var/lib/openstack/lib/python3.10/site-packages/ovsdbapp/backend/ovs_idl/__init__.py", line 184, in lookup
2026-07-02 01:31:49.810 9 ERROR neutron_lib.callbacks.manager return self._lookup(table, record)
2026-07-02 01:31:49.810 9 ERROR neutron_lib.callbacks.manager
File "/var/lib/openstack/lib/python3.10/site-packages/ovsdbapp/backend/ovs_idl/__init__.py", line 235, in _lookup
2026-07-02 01:31:49.810 9 ERROR neutron_lib.callbacks.manager row = idlutils.row_by_value(self, rl.table, rl.column, record)
2026-07-02 01:31:49.810 9 ERROR neutron_lib.callbacks.manager
File "/var/lib/openstack/lib/python3.10/site-packages/ovsdbapp/backend/ovs_idl/idlutils.py", line 114, in row_by_value
2026-07-02 01:31:49.810 9 ERROR neutron_lib.callbacks.manager raise RowNotFound(table=table, col=column, match=match)
2026-07-02 01:31:49.810 9 ERROR neutron_lib.callbacks.manager ovsdbapp.backend.ovs_idl.idlutils.RowNotFound: Cannot find Logical_Router_Port with name=lrp-a3bf65b1-7206-4bdb-ace4-513a34a47cad
2026-07-02 01:31:49.810 9 ERROR neutron_lib.callbacks.manager 
2026-07-02 01:31:49.848 9 INFO neutron.wsgi [req-e958ee24-1a15-425d-9b06-480da1c82b3f req-6dcb9964-a7a8-4063-8cb4-f054f3787606 0de34a0817624ac88103cd0a8b7efde7 c08a9b9706ca494387a82307446407e4 - - ea86e87f318c4fa7864c2d1f9988028c ea86e87f318c4fa7864c2d1f9988028c] 199.204.45.227 "GET /v2.0/floatingips?fixed_ip_address=fd7b%3Af9f7%3Afff%3A4eca%3A%3Ab3&port_id=0115bc92-5f35-47e4-9071-0c0902cb6ad1 HTTP/1.1" status: 200 len: 217 time: 0.0326157
2026-07-02 01:31:49.878 10 INFO neutron.wsgi [req-bb2cb253-3d95-453c-a265-5c44386eb4fb req-ec9a51c0-86af-4280-8722-23f05ba7b716 b92ad22a077f45f0bf7a44b86744d281 e1ff3b8c2a0d437a9d89f10e0ca135b4 - - default default] 10.0.0.227 "GET /v2.0/ports?tenant_id=e1ff3b8c2a0d437a9d89f10e0ca135b4&fields=id HTTP/1.1" status: 200 len: 532 time: 0.1353734
2026-07-02 01:31:49.893 9 INFO neutron.wsgi [req-e958ee24-1a15-425d-9b06-480da1c82b3f req-db64324e-2051-41e5-ad8f-0b37b6c5f261 0de34a0817624ac88103cd0a8b7efde7 c08a9b9706ca494387a82307446407e4 - - ea86e87f318c4fa7864c2d1f9988028c ea86e87f318c4fa7864c2d1f9988028c] 199.204.45.227 "GET /v2.0/subnets?id=f9f2f048-8843-4920-a911-202079af589f&id=6715e805-b42b-43ab-990e-6bb944d51341 HTTP/1.1" status: 200 len: 1562 time: 0.0374982
2026-07-02 01:31:49.919 9 INFO neutron.wsgi [req-e958ee24-1a15-425d-9b06-480da1c82b3f req-7dbad8f6-f2c0-4204-8d4c-ffbf5babfa2b 0de34a0817624ac88103cd0a8b7efde7 c08a9b9706ca494387a82307446407e4 - - ea86e87f318c4fa7864c2d1f9988028c ea86e87f318c4fa7864c2d1f9988028c] 199.204.45.227 "GET /v2.0/ports?network_id=7920f383-8d30-46bc-845c-c936ddda1137&device_owner=network%3Adhcp HTTP/1.1" status: 200 len: 210 time: 0.0169556
2026-07-02 01:31:49.952 10 INFO neutron.wsgi [req-bb2cb253-3d95-453c-a265-5c44386eb4fb req-03259047-0d84-4cff-9b25-e31323e0731d 0de34a0817624ac88103cd0a8b7efde7 c08a9b9706ca494387a82307446407e4 - - ea86e87f318c4fa7864c2d1f9988028c ea86e87f318c4fa7864c2d1f9988028c] 10.0.0.227 "GET /v2.0/networks/a0b650ba-f132-478e-98f7-b1694f495f51?fields=segments HTTP/1.1" status: 200 len: 212 time: 0.0628240
2026-07-02 01:31:49.972 9 INFO neutron.wsgi [req-e958ee24-1a15-425d-9b06-480da1c82b3f req-47fb11d9-6379-4d53-bc52-db72409cf4d6 0de34a0817624ac88103cd0a8b7efde7 c08a9b9706ca494387a82307446407e4 - - ea86e87f318c4fa7864c2d1f9988028c ea86e87f318c4fa7864c2d1f9988028c] 199.204.45.227 "GET /v2.0/ports?network_id=7920f383-8d30-46bc-845c-c936ddda1137&device_owner=network%3Adhcp HTTP/1.1" status: 200 len: 210 time: 0.0458128
2026-07-02 01:31:50.026 10 INFO neutron.wsgi [req-bb2cb253-3d95-453c-a265-5c44386eb4fb req-e0ec2c69-4e76-4cfe-a89b-adb12c638cc4 0de34a0817624ac88103cd0a8b7efde7 c08a9b9706ca494387a82307446407e4 - - ea86e87f318c4fa7864c2d1f9988028c ea86e87f318c4fa7864c2d1f9988028c] 10.0.0.227 "GET /v2.0/networks/a0b650ba-f132-478e-98f7-b1694f495f51?fields=provider%3Aphysical_network&fields=provider%3Anetwork_type HTTP/1.1" status: 200 len: 277 time: 0.0628295
2026-07-02 01:31:50.077 9 INFO neutron.wsgi [req-e958ee24-1a15-425d-9b06-480da1c82b3f req-7ade6a86-f43e-4259-a4d8-8191844d20f8 0de34a0817624ac88103cd0a8b7efde7 c08a9b9706ca494387a82307446407e4 - - ea86e87f318c4fa7864c2d1f9988028c ea86e87f318c4fa7864c2d1f9988028c] 199.204.45.227 "GET /v2.0/networks/7920f383-8d30-46bc-845c-c936ddda1137?fields=segments HTTP/1.1" status: 200 len: 212 time: 0.0954936
2026-07-02 01:31:50.164 10 INFO neutron.wsgi [req-ee51e560-69c0-440b-981d-b168b7512ba8 req-ee176582-360c-4408-a696-ea80c6afe17b b92ad22a077f45f0bf7a44b86744d281 e1ff3b8c2a0d437a9d89f10e0ca135b4 - - default default] 10.0.0.227 "GET /v2.0/ports?device_id=dd78eab6-c032-409e-9071-ce0f7def5b46 HTTP/1.1" status: 200 len: 210 time: 0.0219955
2026-07-02 01:31:50.412 9 INFO neutron.wsgi [req-e958ee24-1a15-425d-9b06-480da1c82b3f req-7bbbff2f-1521-421e-a748-24670cbee7d8 0de34a0817624ac88103cd0a8b7efde7 c08a9b9706ca494387a82307446407e4 - - ea86e87f318c4fa7864c2d1f9988028c ea86e87f318c4fa7864c2d1f9988028c] 199.204.45.227 "GET /v2.0/networks/7920f383-8d30-46bc-845c-c936ddda1137?fields=provider%3Aphysical_network&fields=provider%3Anetwork_type HTTP/1.1" status: 200 len: 277 time: 0.3178921
2026-07-02 01:31:50.423 9 INFO neutron.db.ovn_revision_numbers_db [None req-cddb2f92-f8d3-4585-b321-24093f7254af dc16491564e94d439d46f44879256299 1a386c8ccebc45d68ee118dfe28a271b - - default default] Successfully bumped revision number for resource a3bf65b1-7206-4bdb-ace4-513a34a47cad (type: ports) to 1
2026-07-02 01:31:50.481 9 WARNING neutron.scheduler.dhcp_agent_scheduler [None req-cddb2f92-f8d3-4585-b321-24093f7254af dc16491564e94d439d46f44879256299 1a386c8ccebc45d68ee118dfe28a271b - - default default] No more DHCP agents
2026-07-02 01:31:50.482 9 WARNING neutron.api.rpc.agentnotifiers.dhcp_rpc_agent_api [None req-cddb2f92-f8d3-4585-b321-24093f7254af dc16491564e94d439d46f44879256299 1a386c8ccebc45d68ee118dfe28a271b - - default default] Unable to schedule network 371d944f-7dc9-438c-a342-cb35443d315f: no agents available; will retry on subsequent port and subnet creation events.
2026-07-02 01:31:50.851 9 INFO neutron.db.ovn_revision_numbers_db [None req-cddb2f92-f8d3-4585-b321-24093f7254af dc16491564e94d439d46f44879256299 1a386c8ccebc45d68ee118dfe28a271b - - default default] Successfully bumped revision number for resource a3bf65b1-7206-4bdb-ace4-513a34a47cad (type: router_ports) to 1
2026-07-02 01:31:50.857 9 INFO neutron.wsgi [None req-cddb2f92-f8d3-4585-b321-24093f7254af dc16491564e94d439d46f44879256299 1a386c8ccebc45d68ee118dfe28a271b - - default default] 10.0.0.113 "PUT /v2.0/routers/25030b99-d60f-44f9-8bbf-badf70c0e8f2/add_router_interface HTTP/1.1" status: 200 len: 503 time: 3.1808324
2026-07-02 01:31:50.869 10 WARNING neutron_lib.context [None req-d6fe05cc-bcbe-4608-aa72-da3713dc55e2 dc16491564e94d439d46f44879256299 1a386c8ccebc45d68ee118dfe28a271b - - default default] Method 'is_advsvc' is deprecated since 2023.2 release (neutron-lib 3.8.0) and will be removed once support for the old RBAC API policies will be removed from Neutron. Please use method 'is_service_role' instead.
2026-07-02 01:31:50.907 9 INFO neutron.wsgi [req-bb2cb253-3d95-453c-a265-5c44386eb4fb req-690e465d-8afd-4b51-8d88-e0d4866d4770 b92ad22a077f45f0bf7a44b86744d281 e1ff3b8c2a0d437a9d89f10e0ca135b4 - - default default] 199.204.45.227 "GET /v2.0/networks?id=a0b650ba-f132-478e-98f7-b1694f495f51 HTTP/1.1" status: 200 len: 904 time: 0.0851836
2026-07-02 01:31:50.967 9 INFO neutron.wsgi [req-bb2cb253-3d95-453c-a265-5c44386eb4fb req-4aaec5ec-6efd-4f81-a35b-6b6dbc6c4f88 b92ad22a077f45f0bf7a44b86744d281 e1ff3b8c2a0d437a9d89f10e0ca135b4 - - default default] 199.204.45.227 "GET /v2.0/security-groups?fields=id&fields=name&tenant_id=e1ff3b8c2a0d437a9d89f10e0ca135b4 HTTP/1.1" status: 200 len: 378 time: 0.0540786
2026-07-02 01:31:50.979 9 WARNING neutron_lib.context [req-bb2cb253-3d95-453c-a265-5c44386eb4fb req-eff32e76-68da-4978-baa6-0e4cc035d566 b92ad22a077f45f0bf7a44b86744d281 e1ff3b8c2a0d437a9d89f10e0ca135b4 - - default default] Method 'is_advsvc' is deprecated since 2023.2 release (neutron-lib 3.8.0) and will be removed once support for the old RBAC API policies will be removed from Neutron. Please use method 'is_service_role' instead.
2026-07-02 01:31:51.244 10 WARNING neutron.scheduler.dhcp_agent_scheduler [None req-d6fe05cc-bcbe-4608-aa72-da3713dc55e2 dc16491564e94d439d46f44879256299 1a386c8ccebc45d68ee118dfe28a271b - - default default] No more DHCP agents
2026-07-02 01:31:51.246 10 WARNING neutron.api.rpc.agentnotifiers.dhcp_rpc_agent_api [None req-d6fe05cc-bcbe-4608-aa72-da3713dc55e2 dc16491564e94d439d46f44879256299 1a386c8ccebc45d68ee118dfe28a271b - - default default] Unable to schedule network 371d944f-7dc9-438c-a342-cb35443d315f: no agents available; will retry on subsequent port and subnet creation events.
2026-07-02 01:31:51.367 9 WARNING neutron.scheduler.dhcp_agent_scheduler [req-bb2cb253-3d95-453c-a265-5c44386eb4fb req-eff32e76-68da-4978-baa6-0e4cc035d566 b92ad22a077f45f0bf7a44b86744d281 e1ff3b8c2a0d437a9d89f10e0ca135b4 - - default default] No more DHCP agents
2026-07-02 01:31:51.370 9 WARNING neutron.api.rpc.agentnotifiers.dhcp_rpc_agent_api [req-bb2cb253-3d95-453c-a265-5c44386eb4fb req-eff32e76-68da-4978-baa6-0e4cc035d566 b92ad22a077f45f0bf7a44b86744d281 e1ff3b8c2a0d437a9d89f10e0ca135b4 - - default default] Unable to schedule network a0b650ba-f132-478e-98f7-b1694f495f51: no agents available; will retry on subsequent port and subnet creation events.
2026-07-02 01:31:51.406 10 INFO neutron.db.ovn_revision_numbers_db [None req-d6fe05cc-bcbe-4608-aa72-da3713dc55e2 dc16491564e94d439d46f44879256299 1a386c8ccebc45d68ee118dfe28a271b - - default default] Successfully bumped revision number for resource 9e478196-1734-45bf-860e-5047ef6e1a75 (type: ports) to 1
2026-07-02 01:31:51.432 10 INFO neutron.wsgi [None req-d6fe05cc-bcbe-4608-aa72-da3713dc55e2 dc16491564e94d439d46f44879256299 1a386c8ccebc45d68ee118dfe28a271b - - default default] 10.0.0.113 "POST /v2.0/ports HTTP/1.1" status: 201 len: 1154 time: 0.5687845 /var/lib/openstack/lib/python3.10/site-packages/pycadf/identifier.py:71: UserWarning: Invalid uuid: neutron. To ensure interoperability, identifiers should be a valid uuid. warnings.warn(('Invalid uuid: %s. To ensure interoperability, '
2026-07-02 01:31:51.443 10 WARNING neutron_lib.context [None req-3de4b936-67ec-4701-8679-81daac4cae1c dc16491564e94d439d46f44879256299 1a386c8ccebc45d68ee118dfe28a271b - - default default] Method 'is_advsvc' is deprecated since 2023.2 release (neutron-lib 3.8.0) and will be removed once support for the old RBAC API policies will be removed from Neutron. Please use method 'is_service_role' instead.
2026-07-02 01:31:51.542 9 INFO neutron.db.ovn_revision_numbers_db [req-bb2cb253-3d95-453c-a265-5c44386eb4fb req-eff32e76-68da-4978-baa6-0e4cc035d566 b92ad22a077f45f0bf7a44b86744d281 e1ff3b8c2a0d437a9d89f10e0ca135b4 - - default default] Successfully bumped revision number for resource 23aef3b0-c4c2-4cd1-be7c-17e40ec0cbdb (type: ports) to 1
2026-07-02 01:31:51.569 9 INFO neutron.wsgi [req-bb2cb253-3d95-453c-a265-5c44386eb4fb req-eff32e76-68da-4978-baa6-0e4cc035d566 b92ad22a077f45f0bf7a44b86744d281 e1ff3b8c2a0d437a9d89f10e0ca135b4 - - default default] 199.204.45.227 "POST /v2.0/ports HTTP/1.1" status: 201 len: 1392 time: 0.5964348 /var/lib/openstack/lib/python3.10/site-packages/pycadf/identifier.py:71: UserWarning: Invalid uuid: neutron. To ensure interoperability, identifiers should be a valid uuid. warnings.warn(('Invalid uuid: %s. To ensure interoperability, '
2026-07-02 01:31:51.809 10 WARNING neutron.scheduler.dhcp_agent_scheduler [None req-3de4b936-67ec-4701-8679-81daac4cae1c dc16491564e94d439d46f44879256299 1a386c8ccebc45d68ee118dfe28a271b - - default default] No more DHCP agents
2026-07-02 01:31:51.812 10 WARNING neutron.api.rpc.agentnotifiers.dhcp_rpc_agent_api [None req-3de4b936-67ec-4701-8679-81daac4cae1c dc16491564e94d439d46f44879256299 1a386c8ccebc45d68ee118dfe28a271b - - default default] Unable to schedule network 371d944f-7dc9-438c-a342-cb35443d315f: no agents available; will retry on subsequent port and subnet creation events.
2026-07-02 01:31:52.002 10 INFO neutron.db.ovn_revision_numbers_db [None req-3de4b936-67ec-4701-8679-81daac4cae1c dc16491564e94d439d46f44879256299 1a386c8ccebc45d68ee118dfe28a271b - - default default] Successfully bumped revision number for resource ce8dfe03-48ce-4da4-aefe-bb0a6f2bde89 (type: ports) to 1
2026-07-02 01:31:52.033 9 INFO neutron.db.ovn_revision_numbers_db [req-bb2cb253-3d95-453c-a265-5c44386eb4fb req-de190aed-2ef5-40c9-9aa4-52d042cba2f5 0de34a0817624ac88103cd0a8b7efde7 c08a9b9706ca494387a82307446407e4 - - ea86e87f318c4fa7864c2d1f9988028c ea86e87f318c4fa7864c2d1f9988028c] Successfully bumped revision number for resource 23aef3b0-c4c2-4cd1-be7c-17e40ec0cbdb (type: ports) to 2
2026-07-02 01:31:52.036 10 INFO neutron.wsgi [None req-3de4b936-67ec-4701-8679-81daac4cae1c dc16491564e94d439d46f44879256299 1a386c8ccebc45d68ee118dfe28a271b - - default default] 10.0.0.113 "POST /v2.0/ports HTTP/1.1" status: 201 len: 1158 time: 0.5980008 /var/lib/openstack/lib/python3.10/site-packages/pycadf/identifier.py:71: UserWarning: Invalid uuid: neutron. To ensure interoperability, identifiers should be a valid uuid. warnings.warn(('Invalid uuid: %s. To ensure interoperability, '
2026-07-02 01:31:52.047 10 WARNING neutron_lib.context [None req-047f8cdc-67fe-4d3c-b548-c1a3cf7fafba dc16491564e94d439d46f44879256299 1a386c8ccebc45d68ee118dfe28a271b - - default default] Method 'is_advsvc' is deprecated since 2023.2 release (neutron-lib 3.8.0) and will be removed once support for the old RBAC API policies will be removed from Neutron. Please use method 'is_service_role' instead.
2026-07-02 01:31:52.247 9 INFO neutron.db.ovn_revision_numbers_db [req-bb2cb253-3d95-453c-a265-5c44386eb4fb req-de190aed-2ef5-40c9-9aa4-52d042cba2f5 0de34a0817624ac88103cd0a8b7efde7 c08a9b9706ca494387a82307446407e4 - - ea86e87f318c4fa7864c2d1f9988028c ea86e87f318c4fa7864c2d1f9988028c] Successfully bumped revision number for resource 23aef3b0-c4c2-4cd1-be7c-17e40ec0cbdb (type: ports) to 2
2026-07-02 01:31:52.265 9 INFO neutron.wsgi [req-bb2cb253-3d95-453c-a265-5c44386eb4fb req-de190aed-2ef5-40c9-9aa4-52d042cba2f5 0de34a0817624ac88103cd0a8b7efde7 c08a9b9706ca494387a82307446407e4 - - ea86e87f318c4fa7864c2d1f9988028c ea86e87f318c4fa7864c2d1f9988028c] 199.204.45.227 "PUT /v2.0/ports/23aef3b0-c4c2-4cd1-be7c-17e40ec0cbdb HTTP/1.1" status: 200 len: 1609 time: 0.6839640
2026-07-02 01:31:52.288 10 WARNING neutron.scheduler.dhcp_agent_scheduler [None req-047f8cdc-67fe-4d3c-b548-c1a3cf7fafba dc16491564e94d439d46f44879256299 1a386c8ccebc45d68ee118dfe28a271b - - default default] No more DHCP agents
2026-07-02 01:31:52.290 10 WARNING neutron.api.rpc.agentnotifiers.dhcp_rpc_agent_api [None req-047f8cdc-67fe-4d3c-b548-c1a3cf7fafba dc16491564e94d439d46f44879256299 1a386c8ccebc45d68ee118dfe28a271b - - default default] Unable to schedule network 514028c5-2850-4a36-8421-9784637ba82f: no agents available; will retry on subsequent port and subnet creation events.
2026-07-02 01:31:52.301 9 INFO neutron.notifiers.nova [-] Nova event matching ['req-7fed9948-52d3-4f2f-8599-b0b10e236976'] response: {'name': 'network-changed', 'server_uuid': 'dd78eab6-c032-409e-9071-ce0f7def5b46', 'tag': '23aef3b0-c4c2-4cd1-be7c-17e40ec0cbdb', 'status': 'completed', 'code': 200} /var/lib/openstack/lib/python3.10/site-packages/pycadf/identifier.py:71: UserWarning: Invalid uuid: neutron. To ensure interoperability, identifiers should be a valid uuid. warnings.warn(('Invalid uuid: %s. To ensure interoperability, '
2026-07-02 01:31:52.346 9 INFO neutron.wsgi [req-bb2cb253-3d95-453c-a265-5c44386eb4fb req-1cf64088-a0d9-43e4-930b-ee81f28dfc13 0de34a0817624ac88103cd0a8b7efde7 c08a9b9706ca494387a82307446407e4 - - ea86e87f318c4fa7864c2d1f9988028c ea86e87f318c4fa7864c2d1f9988028c] 199.204.45.227 "GET /v2.0/ports?tenant_id=e1ff3b8c2a0d437a9d89f10e0ca135b4&device_id=dd78eab6-c032-409e-9071-ce0f7def5b46 HTTP/1.1" status: 200 len: 1640 time: 0.0409875
2026-07-02 01:31:52.372 9 INFO neutron.wsgi [req-bb2cb253-3d95-453c-a265-5c44386eb4fb req-6538ed30-5f6f-4134-932f-f448e8384657 0de34a0817624ac88103cd0a8b7efde7 c08a9b9706ca494387a82307446407e4 - - ea86e87f318c4fa7864c2d1f9988028c ea86e87f318c4fa7864c2d1f9988028c] 199.204.45.227 "GET /v2.0/floatingips?fixed_ip_address=10.2.2.237&port_id=23aef3b0-c4c2-4cd1-be7c-17e40ec0cbdb HTTP/1.1" status: 200 len: 217 time: 0.0213039
2026-07-02 01:31:52.400 9 INFO neutron.wsgi [req-bb2cb253-3d95-453c-a265-5c44386eb4fb req-f9b85ef0-b4b3-4011-9692-f95860a38604 0de34a0817624ac88103cd0a8b7efde7 c08a9b9706ca494387a82307446407e4 - - ea86e87f318c4fa7864c2d1f9988028c ea86e87f318c4fa7864c2d1f9988028c] 199.204.45.227 "GET /v2.0/floatingips?fixed_ip_address=fd77%3A1457%3A4cf0%3A26a8%3A%3A258&port_id=23aef3b0-c4c2-4cd1-be7c-17e40ec0cbdb HTTP/1.1" status: 200 len: 217 time: 0.0216312
2026-07-02 01:31:52.444 9 INFO neutron.wsgi [req-bb2cb253-3d95-453c-a265-5c44386eb4fb req-0a066c8f-5874-432b-8f01-013c763688c5 0de34a0817624ac88103cd0a8b7efde7 c08a9b9706ca494387a82307446407e4 - - ea86e87f318c4fa7864c2d1f9988028c ea86e87f318c4fa7864c2d1f9988028c] 199.204.45.227 "GET /v2.0/subnets?id=40d192ca-3a53-432b-8f28-bc8955420f10&id=ce48ae82-de3c-4c81-b067-e543520eec26 HTTP/1.1" status: 200 len: 1567 time: 0.0369394
2026-07-02 01:31:52.474 9 INFO neutron.wsgi [req-bb2cb253-3d95-453c-a265-5c44386eb4fb req-550cb24f-6685-4866-8aa1-a2db063b306d 0de34a0817624ac88103cd0a8b7efde7 c08a9b9706ca494387a82307446407e4 - - ea86e87f318c4fa7864c2d1f9988028c ea86e87f318c4fa7864c2d1f9988028c] 199.204.45.227 "GET /v2.0/ports?network_id=a0b650ba-f132-478e-98f7-b1694f495f51&device_owner=network%3Adhcp HTTP/1.1" status: 200 len: 210 time: 0.0224535
2026-07-02 01:31:52.501 9 INFO neutron.wsgi [req-bb2cb253-3d95-453c-a265-5c44386eb4fb req-f8811a45-ee66-4a9e-87db-6e7ae98311db 0de34a0817624ac88103cd0a8b7efde7 c08a9b9706ca494387a82307446407e4 - - ea86e87f318c4fa7864c2d1f9988028c ea86e87f318c4fa7864c2d1f9988028c] 199.204.45.227 "GET /v2.0/ports?network_id=a0b650ba-f132-478e-98f7-b1694f495f51&device_owner=network%3Adhcp HTTP/1.1" status: 200 len: 210 time: 0.0208299
2026-07-02 01:31:52.564 9 INFO neutron.wsgi [req-bb2cb253-3d95-453c-a265-5c44386eb4fb req-96155a5a-57e8-434b-9192-70bfbd7a5cc8 0de34a0817624ac88103cd0a8b7efde7 c08a9b9706ca494387a82307446407e4 - - ea86e87f318c4fa7864c2d1f9988028c ea86e87f318c4fa7864c2d1f9988028c] 199.204.45.227 "GET /v2.0/networks/a0b650ba-f132-478e-98f7-b1694f495f51?fields=segments HTTP/1.1" status: 200 len: 212 time: 0.0559731
2026-07-02 01:31:52.635 9 INFO neutron.wsgi [req-bb2cb253-3d95-453c-a265-5c44386eb4fb req-49d1d66c-cfe8-4742-b03b-eb73dfdb8dfc 0de34a0817624ac88103cd0a8b7efde7 c08a9b9706ca494387a82307446407e4 - - ea86e87f318c4fa7864c2d1f9988028c ea86e87f318c4fa7864c2d1f9988028c] 199.204.45.227 "GET /v2.0/networks/a0b650ba-f132-478e-98f7-b1694f495f51?fields=provider%3Aphysical_network&fields=provider%3Anetwork_type HTTP/1.1" status: 200 len: 277 time: 0.0629888
2026-07-02 01:31:52.730 9 INFO neutron.wsgi [req-0cfca7ad-a4f7-482a-a178-f695bf4ff81b req-cbf5fb65-92da-4800-86fb-e76e1d10c592 0de34a0817624ac88103cd0a8b7efde7 c08a9b9706ca494387a82307446407e4 - - ea86e87f318c4fa7864c2d1f9988028c ea86e87f318c4fa7864c2d1f9988028c] 199.204.45.227 "GET /v2.0/ports?tenant_id=e1ff3b8c2a0d437a9d89f10e0ca135b4&device_id=dd78eab6-c032-409e-9071-ce0f7def5b46 HTTP/1.1" status: 200 len: 1640 time: 0.0493174
2026-07-02 01:31:52.797 9 INFO neutron.wsgi [req-0cfca7ad-a4f7-482a-a178-f695bf4ff81b req-3423dc67-59aa-43ff-b5da-79d226e2dea3 0de34a0817624ac88103cd0a8b7efde7 c08a9b9706ca494387a82307446407e4 - - ea86e87f318c4fa7864c2d1f9988028c ea86e87f318c4fa7864c2d1f9988028c] 199.204.45.227 "GET /v2.0/networks?id=a0b650ba-f132-478e-98f7-b1694f495f51 HTTP/1.1" status: 200 len: 1003 time: 0.0623958
