2026-07-02 01:29:15.349 10 INFO neutron.wsgi [req-cf600ce7-f0f1-4f5f-8f59-64666147938f req-a1a02edd-2c71-4152-8c3a-4925b6c6dcfd 0de34a0817624ac88103cd0a8b7efde7 c08a9b9706ca494387a82307446407e4 - - ea86e87f318c4fa7864c2d1f9988028c ea86e87f318c4fa7864c2d1f9988028c] 199.204.45.227 "PUT /v2.0/ports/f46baf17-54ef-4e3e-847f-33b69e23af3e HTTP/1.1" status: 200 len: 1376 time: 0.7712822
2026-07-02 01:29:15.385 10 INFO neutron.notifiers.nova [-] Nova event matching ['req-3bc3ce12-cfbb-4c83-a0bc-fa4ae50de27c'] response: {'name': 'network-changed', 'server_uuid': '14fe47f2-2203-4e8e-a9a6-84eb0bafed83', 'tag': 'f46baf17-54ef-4e3e-847f-33b69e23af3e', 'status': 'completed', 'code': 200} /var/lib/openstack/lib/python3.10/site-packages/pycadf/identifier.py:71: UserWarning: Invalid uuid: neutron. To ensure interoperability, identifiers should be a valid uuid. warnings.warn(('Invalid uuid: %s. To ensure interoperability, '
2026-07-02 01:29:15.438 10 INFO neutron.wsgi [req-ac023e91-cf1b-4373-93a2-0eeb6d08f214 req-4dd75689-7108-4bf0-ba7f-8f6e3bf95be0 09c774863dfe48c0a2230fe9388b4101 5f93ba9dd2794d20970e91fe31974827 - - default default] 10.0.0.227 "GET /v2.0/ports?device_id=14fe47f2-2203-4e8e-a9a6-84eb0bafed83 HTTP/1.1" status: 200 len: 1168 time: 0.0548303
2026-07-02 01:29:15.444 10 INFO neutron.wsgi [req-cf600ce7-f0f1-4f5f-8f59-64666147938f req-c12cebfc-afdc-40b2-bf63-ba736bc96a21 0de34a0817624ac88103cd0a8b7efde7 c08a9b9706ca494387a82307446407e4 - - ea86e87f318c4fa7864c2d1f9988028c ea86e87f318c4fa7864c2d1f9988028c] 199.204.45.227 "GET /v2.0/ports?tenant_id=5f93ba9dd2794d20970e91fe31974827&device_id=14fe47f2-2203-4e8e-a9a6-84eb0bafed83 HTTP/1.1" status: 200 len: 1407 time: 0.0520942
2026-07-02 01:29:15.482 10 INFO neutron.wsgi [req-cf600ce7-f0f1-4f5f-8f59-64666147938f req-19e04594-8dfc-4b0e-911f-98754d421bc9 0de34a0817624ac88103cd0a8b7efde7 c08a9b9706ca494387a82307446407e4 - - ea86e87f318c4fa7864c2d1f9988028c ea86e87f318c4fa7864c2d1f9988028c] 199.204.45.227 "GET /v2.0/floatingips?fixed_ip_address=10.100.0.4&port_id=f46baf17-54ef-4e3e-847f-33b69e23af3e HTTP/1.1" status: 200 len: 217 time: 0.0296419
2026-07-02 01:29:15.521 10 INFO neutron.wsgi [req-ac023e91-cf1b-4373-93a2-0eeb6d08f214 req-bae50729-926f-4137-af55-6be4c95c6244 09c774863dfe48c0a2230fe9388b4101 5f93ba9dd2794d20970e91fe31974827 - - default default] 10.0.0.227 "GET /v2.0/security-groups?id=9f4b0e99-d067-4f9f-bfa1-ab3b928eb442&fields=id&fields=name HTTP/1.1" status: 200 len: 311 time: 0.0742297
2026-07-02 01:29:15.539 10 INFO neutron.wsgi [req-cf600ce7-f0f1-4f5f-8f59-64666147938f req-3597990a-a80b-41d8-9867-bb3466ee3948 0de34a0817624ac88103cd0a8b7efde7 c08a9b9706ca494387a82307446407e4 - - ea86e87f318c4fa7864c2d1f9988028c ea86e87f318c4fa7864c2d1f9988028c] 199.204.45.227 "GET /v2.0/subnets?id=38038a0c-c5de-4e58-9e24-f451fa6f0c86 HTTP/1.1" status: 200 len: 869 time: 0.0493765
2026-07-02 01:29:15.577 10 INFO neutron.wsgi [req-cf600ce7-f0f1-4f5f-8f59-64666147938f req-c76c24ff-c40a-45df-9e03-895d0a8c1852 0de34a0817624ac88103cd0a8b7efde7 c08a9b9706ca494387a82307446407e4 - - ea86e87f318c4fa7864c2d1f9988028c ea86e87f318c4fa7864c2d1f9988028c] 199.204.45.227 "GET /v2.0/ports?network_id=751f1bfa-4309-4f0d-9a7e-70f051d82958&device_owner=network%3Adhcp HTTP/1.1" status: 200 len: 210 time: 0.0291913
2026-07-02 01:29:15.586 9 WARNING neutron.scheduler.dhcp_agent_scheduler [None req-904f83b4-19a6-4889-801d-7957fa7abc64 5064746669aa4d4f81c237ab875de12e 6855649024274883b0ac0cc711abba10 - - default default] No more DHCP agents
2026-07-02 01:29:15.590 9 WARNING neutron.api.rpc.agentnotifiers.dhcp_rpc_agent_api [None req-904f83b4-19a6-4889-801d-7957fa7abc64 5064746669aa4d4f81c237ab875de12e 6855649024274883b0ac0cc711abba10 - - default default] Unable to schedule network cf4c2885-afa2-4878-9433-31674daa91fa: no agents available; will retry on subsequent port and subnet creation events.
2026-07-02 01:29:15.642 10 INFO neutron.wsgi [req-cf600ce7-f0f1-4f5f-8f59-64666147938f req-3c2e11a9-fc3f-414a-8e2c-82b094415124 0de34a0817624ac88103cd0a8b7efde7 c08a9b9706ca494387a82307446407e4 - - ea86e87f318c4fa7864c2d1f9988028c ea86e87f318c4fa7864c2d1f9988028c] 199.204.45.227 "GET /v2.0/networks/751f1bfa-4309-4f0d-9a7e-70f051d82958?fields=segments HTTP/1.1" status: 200 len: 212 time: 0.0572653 /var/lib/openstack/lib/python3.10/site-packages/pycadf/identifier.py:71: UserWarning: Invalid uuid: neutron. To ensure interoperability, identifiers should be a valid uuid. warnings.warn(('Invalid uuid: %s. To ensure interoperability, '
2026-07-02 01:29:15.658 9 INFO neutron.wsgi [None req-54b3e66e-29c5-40a1-80d8-e77378663e2b 26943602047142068c7655ea6b2d92b6 be0ac863839d43f78c29a950309230c1 - - default default] 10.0.0.113 "DELETE /v2.0/security-groups/4ce12c92-f66a-4c1e-9f03-c4ac1bbdaa10 HTTP/1.1" status: 204 len: 168 time: 0.1855395
2026-07-02 01:29:15.675 9 INFO neutron.api.v2.resource [None req-6510c8d2-8322-4a4c-b806-7a3f52fa4ab1 26943602047142068c7655ea6b2d92b6 be0ac863839d43f78c29a950309230c1 - - default default] show failed (client error): The resource could not be found.
2026-07-02 01:29:15.677 9 INFO neutron.wsgi [None req-6510c8d2-8322-4a4c-b806-7a3f52fa4ab1 26943602047142068c7655ea6b2d92b6 be0ac863839d43f78c29a950309230c1 - - default default] 10.0.0.113 "GET /v2.0/security-groups/4ce12c92-f66a-4c1e-9f03-c4ac1bbdaa10 HTTP/1.1" status: 404 len: 347 time: 0.0137267
2026-07-02 01:29:15.716 10 INFO neutron.wsgi [req-cf600ce7-f0f1-4f5f-8f59-64666147938f req-868d46dc-8453-4258-8682-54e1834e651f 0de34a0817624ac88103cd0a8b7efde7 c08a9b9706ca494387a82307446407e4 - - ea86e87f318c4fa7864c2d1f9988028c ea86e87f318c4fa7864c2d1f9988028c] 199.204.45.227 "GET /v2.0/networks/751f1bfa-4309-4f0d-9a7e-70f051d82958?fields=provider%3Aphysical_network&fields=provider%3Anetwork_type HTTP/1.1" status: 200 len: 277 time: 0.0662787 /var/lib/openstack/lib/python3.10/site-packages/pycadf/identifier.py:71: UserWarning: Invalid uuid: neutron. To ensure interoperability, identifiers should be a valid uuid. warnings.warn(('Invalid uuid: %s. To ensure interoperability, '
2026-07-02 01:29:15.778 10 WARNING neutron.scheduler.dhcp_agent_scheduler [None req-9c94ed4e-bd2c-45b1-9796-f88033bcdca0 e70eb07d3658482da18d979c59216ce0 32b73c26350041c6b9e4ced39d784117 - - default default] No more DHCP agents
2026-07-02 01:29:15.782 10 WARNING neutron.api.rpc.agentnotifiers.dhcp_rpc_agent_api [None req-9c94ed4e-bd2c-45b1-9796-f88033bcdca0 e70eb07d3658482da18d979c59216ce0 32b73c26350041c6b9e4ced39d784117 - - default default] Unable to schedule network 3e07ca0f-69f5-43a2-8059-0f98169ef1a1: no agents available; will retry on subsequent port and subnet creation events.
2026-07-02 01:29:15.810 10 INFO neutron.wsgi [req-27ee6ce6-2980-4ea5-8430-7544e3892a90 req-faa73b68-1b09-4977-86ae-bbfe5d8c47e0 0de34a0817624ac88103cd0a8b7efde7 c08a9b9706ca494387a82307446407e4 - - ea86e87f318c4fa7864c2d1f9988028c ea86e87f318c4fa7864c2d1f9988028c] 199.204.45.227 "GET /v2.0/ports?tenant_id=5f93ba9dd2794d20970e91fe31974827&device_id=14fe47f2-2203-4e8e-a9a6-84eb0bafed83 HTTP/1.1" status: 200 len: 1407 time: 0.0504694 /var/lib/openstack/lib/python3.10/site-packages/pycadf/identifier.py:71: UserWarning: Invalid uuid: neutron. To ensure interoperability, identifiers should be a valid uuid. warnings.warn(('Invalid uuid: %s. To ensure interoperability, '
2026-07-02 01:29:15.922 9 INFO neutron.plugins.ml2.drivers.ovn.mech_driver.mech_driver [None req-f7934daa-2dc1-400f-bdb4-e997f356e14e - - - - - -] OVN reports status up for port: f46baf17-54ef-4e3e-847f-33b69e23af3e
2026-07-02 01:29:15.923 10 INFO neutron.wsgi [req-27ee6ce6-2980-4ea5-8430-7544e3892a90 req-f80e6cf1-f129-495c-a5af-b88ee686d2fd 0de34a0817624ac88103cd0a8b7efde7 c08a9b9706ca494387a82307446407e4 - - ea86e87f318c4fa7864c2d1f9988028c ea86e87f318c4fa7864c2d1f9988028c] 199.204.45.227 "GET /v2.0/networks?id=751f1bfa-4309-4f0d-9a7e-70f051d82958 HTTP/1.1" status: 200 len: 974 time: 0.1052365
2026-07-02 01:29:15.940 10 INFO neutron.db.ovn_revision_numbers_db [None req-9c94ed4e-bd2c-45b1-9796-f88033bcdca0 e70eb07d3658482da18d979c59216ce0 32b73c26350041c6b9e4ced39d784117 - - default default] Successfully bumped revision number for resource c8c9ce39-7047-43e4-aa85-09365b379ce9 (type: ports) to 1
2026-07-02 01:29:15.944 9 INFO neutron.plugins.ml2.plugin [None req-f7934daa-2dc1-400f-bdb4-e997f356e14e - - - - - -] Attempt 1 to provision port f46baf17-54ef-4e3e-847f-33b69e23af3e
2026-07-02 01:29:15.961 10 INFO neutron.wsgi [req-27ee6ce6-2980-4ea5-8430-7544e3892a90 req-71a9f25d-84c2-4fa6-bba5-335e154561e2 0de34a0817624ac88103cd0a8b7efde7 c08a9b9706ca494387a82307446407e4 - - ea86e87f318c4fa7864c2d1f9988028c ea86e87f318c4fa7864c2d1f9988028c] 199.204.45.227 "GET /v2.0/floatingips?fixed_ip_address=10.100.0.4&port_id=f46baf17-54ef-4e3e-847f-33b69e23af3e HTTP/1.1" status: 200 len: 217 time: 0.0311515
2026-07-02 01:29:16.046 10 WARNING neutron.scheduler.dhcp_agent_scheduler [None req-9c94ed4e-bd2c-45b1-9796-f88033bcdca0 e70eb07d3658482da18d979c59216ce0 32b73c26350041c6b9e4ced39d784117 - - default default] No more DHCP agents
2026-07-02 01:29:16.050 10 INFO neutron.wsgi [req-27ee6ce6-2980-4ea5-8430-7544e3892a90 req-fc8013b6-4c95-4945-8309-9cb7dd4bb9f3 0de34a0817624ac88103cd0a8b7efde7 c08a9b9706ca494387a82307446407e4 - - ea86e87f318c4fa7864c2d1f9988028c ea86e87f318c4fa7864c2d1f9988028c] 199.204.45.227 "GET /v2.0/subnets?id=38038a0c-c5de-4e58-9e24-f451fa6f0c86 HTTP/1.1" status: 200 len: 869 time: 0.0834568
2026-07-02 01:29:16.051 10 WARNING neutron.api.rpc.agentnotifiers.dhcp_rpc_agent_api [None req-9c94ed4e-bd2c-45b1-9796-f88033bcdca0 e70eb07d3658482da18d979c59216ce0 32b73c26350041c6b9e4ced39d784117 - - default default] Unable to schedule network b69f21a3-95d5-4b0c-a6fe-16a406654c5e: no agents available; will retry on subsequent port and subnet creation events. /var/lib/openstack/lib/python3.10/site-packages/pycadf/identifier.py:71: UserWarning: Invalid uuid: neutron. To ensure interoperability, identifiers should be a valid uuid. warnings.warn(('Invalid uuid: %s. To ensure interoperability, '
2026-07-02 01:29:16.092 10 INFO neutron.wsgi [req-27ee6ce6-2980-4ea5-8430-7544e3892a90 req-7a2c7cb6-74fa-4957-aa14-8099d596f560 0de34a0817624ac88103cd0a8b7efde7 c08a9b9706ca494387a82307446407e4 - - ea86e87f318c4fa7864c2d1f9988028c ea86e87f318c4fa7864c2d1f9988028c] 199.204.45.227 "GET /v2.0/ports?network_id=751f1bfa-4309-4f0d-9a7e-70f051d82958&device_owner=network%3Adhcp HTTP/1.1" status: 200 len: 210 time: 0.0303977
2026-07-02 01:29:16.183 10 INFO neutron.wsgi [req-27ee6ce6-2980-4ea5-8430-7544e3892a90 req-7acc2e9e-621d-450a-bd33-93cdcf3838c2 0de34a0817624ac88103cd0a8b7efde7 c08a9b9706ca494387a82307446407e4 - - ea86e87f318c4fa7864c2d1f9988028c ea86e87f318c4fa7864c2d1f9988028c] 199.204.45.227 "GET /v2.0/networks/751f1bfa-4309-4f0d-9a7e-70f051d82958?fields=segments HTTP/1.1" status: 200 len: 212 time: 0.0814238
2026-07-02 01:29:16.184 10 INFO neutron.db.ovn_revision_numbers_db [None req-9c94ed4e-bd2c-45b1-9796-f88033bcdca0 e70eb07d3658482da18d979c59216ce0 32b73c26350041c6b9e4ced39d784117 - - default default] Successfully bumped revision number for resource 23794688-f85e-4dec-8cc8-43b588095b3b (type: ports) to 1
2026-07-02 01:29:16.232 10 INFO neutron.wsgi [None req-9c94ed4e-bd2c-45b1-9796-f88033bcdca0 e70eb07d3658482da18d979c59216ce0 32b73c26350041c6b9e4ced39d784117 - - default default] 10.0.0.113 "POST /v2.0/ports HTTP/1.1" status: 201 len: 1706 time: 1.1862328
2026-07-02 01:29:16.272 10 INFO neutron.wsgi [req-27ee6ce6-2980-4ea5-8430-7544e3892a90 req-0b7ae091-ced3-42a4-b3e9-6c7a608b85ea 0de34a0817624ac88103cd0a8b7efde7 c08a9b9706ca494387a82307446407e4 - - ea86e87f318c4fa7864c2d1f9988028c ea86e87f318c4fa7864c2d1f9988028c] 199.204.45.227 "GET /v2.0/networks/751f1bfa-4309-4f0d-9a7e-70f051d82958?fields=provider%3Aphysical_network&fields=provider%3Anetwork_type HTTP/1.1" status: 200 len: 277 time: 0.0825067
2026-07-02 01:29:16.295 9 INFO neutron.wsgi [None req-3025959f-25eb-4867-8efe-ceb60a2b5cf0 26943602047142068c7655ea6b2d92b6 be0ac863839d43f78c29a950309230c1 - - default default] 10.0.0.113 "DELETE /v2.0/floatingips/7aa6663e-6238-4cad-8e04-72bfa20afd95 HTTP/1.1" status: 204 len: 168 time: 0.6136296
2026-07-02 01:29:16.363 10 INFO neutron.wsgi [None req-44c82629-d35d-4e0e-930a-96eda208394f e70eb07d3658482da18d979c59216ce0 32b73c26350041c6b9e4ced39d784117 - - default default] 10.0.0.113 "GET /v2.0/ports HTTP/1.1" status: 200 len: 3213 time: 0.1254029
2026-07-02 01:29:16.601 9 INFO neutron.db.ovn_revision_numbers_db [None req-904f83b4-19a6-4889-801d-7957fa7abc64 5064746669aa4d4f81c237ab875de12e 6855649024274883b0ac0cc711abba10 - - default default] Successfully bumped revision number for resource e9d33782-feb5-4cb1-b712-4bff592e40c5 (type: ports) to 2
2026-07-02 01:29:16.606 9 INFO neutron.notifiers.nova [-] Nova event matching ['req-2c9e4a80-7849-4041-a6bd-14160591442e'] response: {'server_uuid': '14fe47f2-2203-4e8e-a9a6-84eb0bafed83', 'name': 'network-vif-plugged', 'status': 'completed', 'tag': 'f46baf17-54ef-4e3e-847f-33b69e23af3e', 'code': 200}
2026-07-02 01:29:16.623 9 INFO neutron.db.ovn_revision_numbers_db [None req-f7934daa-2dc1-400f-bdb4-e997f356e14e - - - - - -] Successfully bumped revision number for resource f46baf17-54ef-4e3e-847f-33b69e23af3e (type: ports) to 4
2026-07-02 01:29:16.643 10 INFO neutron.wsgi [req-7742a84c-5cd9-4595-9021-abccb6063ef7 req-156f842a-9e82-4331-98cd-8369adb66afd 09c774863dfe48c0a2230fe9388b4101 5f93ba9dd2794d20970e91fe31974827 - - default default] 10.0.0.227 "GET /v2.0/ports?device_id=14fe47f2-2203-4e8e-a9a6-84eb0bafed83 HTTP/1.1" status: 200 len: 1170 time: 0.0568283
2026-07-02 01:29:16.669 9 INFO neutron.db.ovn_revision_numbers_db [None req-904f83b4-19a6-4889-801d-7957fa7abc64 5064746669aa4d4f81c237ab875de12e 6855649024274883b0ac0cc711abba10 - - default default] Successfully bumped revision number for resource 5dd378eb-6964-4f31-8690-b4d261b33fd6 (type: subnets) to 0
2026-07-02 01:29:16.695 10 INFO neutron.wsgi [None req-0d1591d9-50ca-48c0-a45a-edfe1c528a72 e70eb07d3658482da18d979c59216ce0 32b73c26350041c6b9e4ced39d784117 - - default default] 10.0.0.113 "DELETE /v2.0/ports/c8c9ce39-7047-43e4-aa85-09365b379ce9 HTTP/1.1" status: 204 len: 168 time: 0.3270891
2026-07-02 01:29:16.698 10 INFO neutron.wsgi [req-7742a84c-5cd9-4595-9021-abccb6063ef7 req-a1ac6d73-504b-4615-ab99-bf514cba58e5 09c774863dfe48c0a2230fe9388b4101 5f93ba9dd2794d20970e91fe31974827 - - default default] 10.0.0.227 "GET /v2.0/security-groups?id=9f4b0e99-d067-4f9f-bfa1-ab3b928eb442&fields=id&fields=name HTTP/1.1" status: 200 len: 311 time: 0.0441172
2026-07-02 01:29:16.702 9 WARNING neutron.scheduler.dhcp_agent_scheduler [None req-904f83b4-19a6-4889-801d-7957fa7abc64 5064746669aa4d4f81c237ab875de12e 6855649024274883b0ac0cc711abba10 - - default default] No more DHCP agents
2026-07-02 01:29:16.705 9 WARNING neutron.api.rpc.agentnotifiers.dhcp_rpc_agent_api [None req-904f83b4-19a6-4889-801d-7957fa7abc64 5064746669aa4d4f81c237ab875de12e 6855649024274883b0ac0cc711abba10 - - default default] Unable to schedule network 7b0d6d90-60b6-494b-8f38-f397d499a0f5: no agents available; will retry on subsequent port and subnet creation events.
2026-07-02 01:29:17.029 10 INFO neutron.wsgi [None req-a6190aa9-1855-43e4-8d56-121e3e929b35 e70eb07d3658482da18d979c59216ce0 32b73c26350041c6b9e4ced39d784117 - - default default] 10.0.0.113 "DELETE /v2.0/ports/23794688-f85e-4dec-8cc8-43b588095b3b HTTP/1.1" status: 204 len: 168 time: 0.3141887 /var/lib/openstack/lib/python3.10/site-packages/pycadf/identifier.py:71: UserWarning: Invalid uuid: neutron. To ensure interoperability, identifiers should be a valid uuid. warnings.warn(('Invalid uuid: %s. To ensure interoperability, '
2026-07-02 01:29:17.190 9 INFO neutron.wsgi [None req-8b989855-d165-434d-a80e-8949e94d066e e70eb07d3658482da18d979c59216ce0 32b73c26350041c6b9e4ced39d784117 - - default default] 10.0.0.113 "GET /v2.0/ports HTTP/1.1" status: 200 len: 1718 time: 0.1561935
2026-07-02 01:29:17.200 10 WARNING neutron_lib.context [None req-20c380bb-8ce9-47e5-9a6e-93e53a72156c e70eb07d3658482da18d979c59216ce0 32b73c26350041c6b9e4ced39d784117 - - default default] Method 'is_advsvc' is deprecated since 2023.2 release (neutron-lib 3.8.0) and will be removed once support for the old RBAC API policies will be removed from Neutron. Please use method 'is_service_role' instead.
2026-07-02 01:29:17.304 9 INFO neutron.db.ovn_revision_numbers_db [None req-904f83b4-19a6-4889-801d-7957fa7abc64 5064746669aa4d4f81c237ab875de12e 6855649024274883b0ac0cc711abba10 - - default default] Successfully bumped revision number for resource 14042d40-438c-4634-bc84-033337268c99 (type: ports) to 2
2026-07-02 01:29:17.336 9 INFO neutron.db.ovn_revision_numbers_db [None req-904f83b4-19a6-4889-801d-7957fa7abc64 5064746669aa4d4f81c237ab875de12e 6855649024274883b0ac0cc711abba10 - - default default] Successfully bumped revision number for resource 3137f0c0-4bae-45de-afee-4407ba4561c5 (type: subnets) to 0
2026-07-02 01:29:17.353 9 INFO neutron.wsgi [None req-904f83b4-19a6-4889-801d-7957fa7abc64 5064746669aa4d4f81c237ab875de12e 6855649024274883b0ac0cc711abba10 - - default default] 10.0.0.113 "POST /v2.0/subnets HTTP/1.1" status: 201 len: 1426 time: 2.2353406
2026-07-02 01:29:17.409 9 INFO neutron.wsgi [None req-c591d4bc-03bf-4820-95ff-d6aab26deb7c 5064746669aa4d4f81c237ab875de12e 6855649024274883b0ac0cc711abba10 - - default default] 10.0.0.113 "GET /v2.0/subnets HTTP/1.1" status: 200 len: 2034 time: 0.0528595
2026-07-02 01:29:17.506 10 INFO neutron.db.segments_db [None req-20c380bb-8ce9-47e5-9a6e-93e53a72156c e70eb07d3658482da18d979c59216ce0 32b73c26350041c6b9e4ced39d784117 - - default default] Added segment 931d7e07-c2fa-4508-8af0-809b9f1d8ace of type geneve for network 8fe8b71d-1273-46b1-abf1-f18551a24dd0
2026-07-02 01:29:17.610 9 INFO neutron.wsgi [None req-58bb1399-9090-437c-a4b1-fc8dcd0622b0 5064746669aa4d4f81c237ab875de12e 6855649024274883b0ac0cc711abba10 - - default default] 10.0.0.113 "DELETE /v2.0/subnets/5dd378eb-6964-4f31-8690-b4d261b33fd6 HTTP/1.1" status: 204 len: 168 time: 0.1948328
2026-07-02 01:29:17.701 10 INFO neutron.db.ovn_revision_numbers_db [None req-20c380bb-8ce9-47e5-9a6e-93e53a72156c e70eb07d3658482da18d979c59216ce0 32b73c26350041c6b9e4ced39d784117 - - default default] Successfully bumped revision number for resource 8fe8b71d-1273-46b1-abf1-f18551a24dd0 (type: networks) to 1
2026-07-02 01:29:17.816 9 INFO neutron.wsgi [None req-c0d37a1d-9ce2-47ff-8ff8-6820664f9bef 5064746669aa4d4f81c237ab875de12e 6855649024274883b0ac0cc711abba10 - - default default] 10.0.0.113 "DELETE /v2.0/subnets/3137f0c0-4bae-45de-afee-4407ba4561c5 HTTP/1.1" status: 204 len: 168 time: 0.2011752
2026-07-02 01:29:17.853 9 INFO neutron.wsgi [None req-12dd782c-1065-4246-93ac-7dd2f9226779 5064746669aa4d4f81c237ab875de12e 6855649024274883b0ac0cc711abba10 - - default default] 10.0.0.113 "GET /v2.0/subnets HTTP/1.1" status: 200 len: 820 time: 0.0317850
2026-07-02 01:29:17.950 10 INFO neutron.wsgi [req-0a857375-0d30-45f3-8fa8-5ee9f60e8895 req-07566b10-37c4-443b-ae06-1ba7bc35f349 09c774863dfe48c0a2230fe9388b4101 5f93ba9dd2794d20970e91fe31974827 - - default default] 10.0.0.227 "GET /v2.0/ports?device_id=14fe47f2-2203-4e8e-a9a6-84eb0bafed83 HTTP/1.1" status: 200 len: 1170 time: 0.1737504
2026-07-02 01:29:18.027 10 WARNING neutron.scheduler.dhcp_agent_scheduler [None req-20c380bb-8ce9-47e5-9a6e-93e53a72156c e70eb07d3658482da18d979c59216ce0 32b73c26350041c6b9e4ced39d784117 - - default default] No more DHCP agents
2026-07-02 01:29:18.033 10 WARNING neutron.api.rpc.agentnotifiers.dhcp_rpc_agent_api [None req-20c380bb-8ce9-47e5-9a6e-93e53a72156c e70eb07d3658482da18d979c59216ce0 32b73c26350041c6b9e4ced39d784117 - - default default] Unable to schedule network 8fe8b71d-1273-46b1-abf1-f18551a24dd0: no agents available; will retry on subsequent port and subnet creation events.
2026-07-02 01:29:18.057 10 INFO neutron.wsgi [req-0a857375-0d30-45f3-8fa8-5ee9f60e8895 req-41ce88c8-10c9-49e8-b442-9eb641955774 09c774863dfe48c0a2230fe9388b4101 5f93ba9dd2794d20970e91fe31974827 - - default default] 10.0.0.227 "GET /v2.0/security-groups?id=9f4b0e99-d067-4f9f-bfa1-ab3b928eb442&fields=id&fields=name HTTP/1.1" status: 200 len: 311 time: 0.0977101
2026-07-02 01:29:18.123 10 INFO neutron.wsgi [None req-3acc4684-c618-4440-8b90-35945c98faa1 657d54396dd145698aabc27283434471 4d55105c14ae432b92919c20267e0451 - - default default] 10.0.0.113 "PUT /v2.0/routers/c29a1e58-c853-4c01-a46d-c3e606e5f2ea/remove_router_interface HTTP/1.1" status: 200 len: 503 time: 1.7321236 /var/lib/openstack/lib/python3.10/site-packages/pycadf/identifier.py:71: UserWarning: Invalid uuid: neutron. To ensure interoperability, identifiers should be a valid uuid. warnings.warn(('Invalid uuid: %s. To ensure interoperability, '
2026-07-02 01:29:18.194 10 INFO neutron.wsgi [req-8bb675f4-0cdf-48a1-8910-6da9ec229f41 req-d30348b1-0eff-4a63-a96f-88c9fc621bc7 09c774863dfe48c0a2230fe9388b4101 5f93ba9dd2794d20970e91fe31974827 - - default default] 10.0.0.227 "GET /v2.0/ports?device_id=14fe47f2-2203-4e8e-a9a6-84eb0bafed83 HTTP/1.1" status: 200 len: 1170 time: 0.0645928
2026-07-02 01:29:18.219 10 INFO neutron.db.ovn_revision_numbers_db [None req-20c380bb-8ce9-47e5-9a6e-93e53a72156c e70eb07d3658482da18d979c59216ce0 32b73c26350041c6b9e4ced39d784117 - - default default] Successfully bumped revision number for resource 4020459d-acd9-41b0-9c78-35e953e04161 (type: ports) to 1
2026-07-02 01:29:18.238 9 INFO neutron.services.segments.plugin [-] Segment 7736e717-0fd1-4cc2-a713-9c1d2c650850 resource provider aggregate not found
2026-07-02 01:29:18.241 9 INFO neutron.services.segments.plugin [-] Segment 7736e717-0fd1-4cc2-a713-9c1d2c650850 resource provider aggregate not found
2026-07-02 01:29:18.252 10 INFO neutron.wsgi [None req-20c380bb-8ce9-47e5-9a6e-93e53a72156c e70eb07d3658482da18d979c59216ce0 32b73c26350041c6b9e4ced39d784117 - - default default] 10.0.0.113 "POST /v2.0/networks HTTP/1.1" status: 201 len: 852 time: 1.0556097
2026-07-02 01:29:18.256 9 INFO neutron.services.segments.plugin [-] Segment 7736e717-0fd1-4cc2-a713-9c1d2c650850 resource provider not found; error: Placement Client Error (4xx): {"errors": [{"status": 404, "title": "Not Found", "detail": "The resource could not be found.\n\n No resource provider with uuid 7736e717-0fd1-4cc2-a713-9c1d2c650850 found for delete ", "request_id": "req-9ed7de75-4cdc-4279-a0e9-08a3a5f1ba2a"}]}
2026-07-02 01:29:18.265 9 WARNING neutron_lib.context [None req-5063e310-fccf-4e79-9ac7-6e2af58a6f1f e70eb07d3658482da18d979c59216ce0 32b73c26350041c6b9e4ced39d784117 - - default default] Method 'is_advsvc' is deprecated since 2023.2 release (neutron-lib 3.8.0) and will be removed once support for the old RBAC API policies will be removed from Neutron. Please use method 'is_service_role' instead.
2026-07-02 01:29:18.268 9 INFO neutron.services.segments.plugin [-] Segment 7736e717-0fd1-4cc2-a713-9c1d2c650850 resource provider not found; error: Placement Client Error (4xx): {"errors": [{"status": 404, "title": "Not Found", "detail": "The resource could not be found.\n\n No resource provider with uuid 7736e717-0fd1-4cc2-a713-9c1d2c650850 found for delete ", "request_id": "req-2563c526-a038-4275-8478-0f7ecaa723ff"}]}
2026-07-02 01:29:18.324 9 INFO neutron.wsgi [None req-36c35fd0-348d-48ee-99f1-6a352b76f4e1 5064746669aa4d4f81c237ab875de12e 6855649024274883b0ac0cc711abba10 - - default default] 10.0.0.113 "DELETE /v2.0/networks/7b0d6d90-60b6-494b-8f38-f397d499a0f5 HTTP/1.1" status: 204 len: 168 time: 0.4664652
2026-07-02 01:29:18.410 9 INFO neutron.db.segments_db [None req-5063e310-fccf-4e79-9ac7-6e2af58a6f1f e70eb07d3658482da18d979c59216ce0 32b73c26350041c6b9e4ced39d784117 - - default default] Added segment e4d38d2e-5968-43c4-95b1-ab43d08d5154 of type geneve for network 3e984491-8273-4282-9b63-227bfabe28dc
2026-07-02 01:29:18.637 9 INFO neutron.db.ovn_revision_numbers_db [None req-5063e310-fccf-4e79-9ac7-6e2af58a6f1f e70eb07d3658482da18d979c59216ce0 32b73c26350041c6b9e4ced39d784117 - - default default] Successfully bumped revision number for resource 3e984491-8273-4282-9b63-227bfabe28dc (type: networks) to 1
2026-07-02 01:29:18.662 9 INFO neutron.notifiers.nova [-] Nova event matching ['req-ee232bcf-733f-4363-b539-7a5205ab1505'] response: {'server_uuid': '14fe47f2-2203-4e8e-a9a6-84eb0bafed83', 'name': 'network-vif-plugged', 'status': 'completed', 'tag': 'f46baf17-54ef-4e3e-847f-33b69e23af3e', 'code': 200}
2026-07-02 01:29:18.842 10 INFO neutron.services.segments.plugin [-] Segment 4f1d74b6-6122-47c6-ac68-87f2e884aaef resource provider aggregate not found
2026-07-02 01:29:18.847 10 INFO neutron.services.segments.plugin [-] Segment 4f1d74b6-6122-47c6-ac68-87f2e884aaef resource provider aggregate not found
2026-07-02 01:29:18.863 10 INFO neutron.services.segments.plugin [-] Segment 4f1d74b6-6122-47c6-ac68-87f2e884aaef resource provider not found; error: Placement Client Error (4xx): {"errors": [{"status": 404, "title": "Not Found", "detail": "The resource could not be found.\n\n No resource provider with uuid 4f1d74b6-6122-47c6-ac68-87f2e884aaef found for delete ", "request_id": "req-3e27d195-f212-4ba5-969e-5359f9bbd6a4"}]}
2026-07-02 01:29:18.865 10 INFO neutron.services.segments.plugin [-] Segment 4f1d74b6-6122-47c6-ac68-87f2e884aaef resource provider not found; error: Placement Client Error (4xx): {"errors": [{"status": 404, "title": "Not Found", "detail": "The resource could not be found.\n\n No resource provider with uuid 4f1d74b6-6122-47c6-ac68-87f2e884aaef found for delete ", "request_id": "req-69498ce1-52c6-47a8-8e95-2b75e07702e9"}]}
2026-07-02 01:29:18.892 10 INFO neutron.wsgi [None req-330ad9c0-89ac-456a-bc1b-0c6c9350431d 5064746669aa4d4f81c237ab875de12e 6855649024274883b0ac0cc711abba10 - - default default] 10.0.0.113 "DELETE /v2.0/networks/cf4c2885-afa2-4878-9433-31674daa91fa HTTP/1.1" status: 204 len: 168 time: 0.5632198
2026-07-02 01:29:19.081 9 WARNING neutron.scheduler.dhcp_agent_scheduler [None req-5063e310-fccf-4e79-9ac7-6e2af58a6f1f e70eb07d3658482da18d979c59216ce0 32b73c26350041c6b9e4ced39d784117 - - default default] No more DHCP agents
2026-07-02 01:29:19.085 9 WARNING neutron.api.rpc.agentnotifiers.dhcp_rpc_agent_api [None req-5063e310-fccf-4e79-9ac7-6e2af58a6f1f e70eb07d3658482da18d979c59216ce0 32b73c26350041c6b9e4ced39d784117 - - default default] Unable to schedule network 3e984491-8273-4282-9b63-227bfabe28dc: no agents available; will retry on subsequent port and subnet creation events.
2026-07-02 01:29:19.224 9 INFO neutron.db.ovn_revision_numbers_db [None req-e14bd7ea-1778-42bf-9099-2fd7b75e8df2 09c774863dfe48c0a2230fe9388b4101 5f93ba9dd2794d20970e91fe31974827 - - default default] Successfully bumped revision number for resource 4bfd6178-982e-440c-90d3-ba5246bc5263 (type: floatingips) to 1
2026-07-02 01:29:19.270 9 INFO neutron.db.ovn_revision_numbers_db [None req-5063e310-fccf-4e79-9ac7-6e2af58a6f1f e70eb07d3658482da18d979c59216ce0 32b73c26350041c6b9e4ced39d784117 - - default default] Successfully bumped revision number for resource 029e0a53-a3b0-4624-9393-3045e4512265 (type: ports) to 1
2026-07-02 01:29:19.316 9 INFO neutron.wsgi [None req-5063e310-fccf-4e79-9ac7-6e2af58a6f1f e70eb07d3658482da18d979c59216ce0 32b73c26350041c6b9e4ced39d784117 - - default default] 10.0.0.113 "POST /v2.0/networks HTTP/1.1" status: 201 len: 852 time: 1.0577598
2026-07-02 01:29:19.385 9 INFO neutron.db.ovn_revision_numbers_db [None req-e14bd7ea-1778-42bf-9099-2fd7b75e8df2 09c774863dfe48c0a2230fe9388b4101 5f93ba9dd2794d20970e91fe31974827 - - default default] Successfully bumped revision number for resource 4bfd6178-982e-440c-90d3-ba5246bc5263 (type: floatingips) to 2
2026-07-02 01:29:19.385 10 INFO neutron.wsgi [None req-35993653-c9f0-4b77-bf52-9e43c57c117a 657d54396dd145698aabc27283434471 4d55105c14ae432b92919c20267e0451 - - default default] 10.0.0.113 "DELETE /v2.0/routers/c29a1e58-c853-4c01-a46d-c3e606e5f2ea HTTP/1.1" status: 204 len: 168 time: 1.2568023
2026-07-02 01:29:19.386 9 INFO neutron.db.l3_db [None req-e14bd7ea-1778-42bf-9099-2fd7b75e8df2 09c774863dfe48c0a2230fe9388b4101 5f93ba9dd2794d20970e91fe31974827 - - default default] Floating IP 4bfd6178-982e-440c-90d3-ba5246bc5263 associated. External IP: 10.96.250.217, port: f46baf17-54ef-4e3e-847f-33b69e23af3e.
2026-07-02 01:29:19.417 9 INFO neutron.wsgi [None req-e14bd7ea-1778-42bf-9099-2fd7b75e8df2 09c774863dfe48c0a2230fe9388b4101 5f93ba9dd2794d20970e91fe31974827 - - default default] 10.0.0.113 "PUT /v2.0/floatingips/4bfd6178-982e-440c-90d3-ba5246bc5263 HTTP/1.1" status: 200 len: 1049 time: 1.2106926
2026-07-02 01:29:19.514 10 INFO neutron.wsgi [req-d8ad5e35-58dc-4fc5-8d27-7d2e8bf3d800 req-cf923e98-e426-4283-9371-7b77a6ccda4f 09c774863dfe48c0a2230fe9388b4101 5f93ba9dd2794d20970e91fe31974827 - - default default] 10.0.0.227 "GET /v2.0/ports?device_id=14fe47f2-2203-4e8e-a9a6-84eb0bafed83 HTTP/1.1" status: 200 len: 1170 time: 0.0526640
2026-07-02 01:29:19.621 10 INFO neutron.wsgi [req-d8ad5e35-58dc-4fc5-8d27-7d2e8bf3d800 req-9902ec93-82e5-48e6-a98a-7f6f0bca4967 09c774863dfe48c0a2230fe9388b4101 5f93ba9dd2794d20970e91fe31974827 - - default default] 10.0.0.227 "GET /v2.0/security-groups?id=9f4b0e99-d067-4f9f-bfa1-ab3b928eb442&fields=id&fields=name HTTP/1.1" status: 200 len: 311 time: 0.0930595
2026-07-02 01:29:19.683 10 INFO neutron.wsgi [None req-6ba0d0ec-0440-499d-9665-c081742689b4 657d54396dd145698aabc27283434471 4d55105c14ae432b92919c20267e0451 - - default default] 10.0.0.113 "DELETE /v2.0/subnets/3b40a8a2-c743-418b-8f89-92881aa18791 HTTP/1.1" status: 204 len: 168 time: 0.2931573 /var/lib/openstack/lib/python3.10/site-packages/pycadf/identifier.py:71: UserWarning: Invalid uuid: neutron. To ensure interoperability, identifiers should be a valid uuid. warnings.warn(('Invalid uuid: %s. To ensure interoperability, '
2026-07-02 01:29:19.730 10 INFO neutron.wsgi [None req-4306359c-6598-4322-a977-8239b01660dc 5064746669aa4d4f81c237ab875de12e 6855649024274883b0ac0cc711abba10 - - default default] 10.0.0.113 "DELETE /v2.0/networks/f70fcbd3-eaed-46b4-b7d2-4eb3d9562589 HTTP/1.1" status: 204 len: 168 time: 0.8313341
2026-07-02 01:29:19.807 10 WARNING neutron_lib.context [None req-a9dd2db9-aac3-493c-a13d-8dda29f6c8ad e70eb07d3658482da18d979c59216ce0 32b73c26350041c6b9e4ced39d784117 - - default default] Method 'is_advsvc' is deprecated since 2023.2 release (neutron-lib 3.8.0) and will be removed once support for the old RBAC API policies will be removed from Neutron. Please use method 'is_service_role' instead.
2026-07-02 01:29:19.853 10 WARNING neutron_lib.context [None req-a9dd2db9-aac3-493c-a13d-8dda29f6c8ad e70eb07d3658482da18d979c59216ce0 32b73c26350041c6b9e4ced39d784117 - - default default] Method 'is_advsvc' is deprecated since 2023.2 release (neutron-lib 3.8.0) and will be removed once support for the old RBAC API policies will be removed from Neutron. Please use method 'is_service_role' instead.
2026-07-02 01:29:19.876 10 INFO neutron.wsgi [req-48b1af6d-7f3e-4d8d-acc8-2e119cdd3fac req-ef9af042-22d3-4373-b3bd-a65d2ba7567f 09c774863dfe48c0a2230fe9388b4101 5f93ba9dd2794d20970e91fe31974827 - - default default] 10.0.0.227 "GET /v2.0/ports?device_id=14fe47f2-2203-4e8e-a9a6-84eb0bafed83 HTTP/1.1" status: 200 len: 1170 time: 0.0337582
2026-07-02 01:29:19.913 9 INFO neutron.plugins.ml2.drivers.ovn.mech_driver.mech_driver [None req-f7934daa-2dc1-400f-bdb4-e997f356e14e - - - - - -] OVN reports status down for port: f46baf17-54ef-4e3e-847f-33b69e23af3e
2026-07-02 01:29:19.935 10 INFO neutron.wsgi [req-48b1af6d-7f3e-4d8d-acc8-2e119cdd3fac req-618b1998-fc48-4493-91e5-93e0c13c31d1 09c774863dfe48c0a2230fe9388b4101 5f93ba9dd2794d20970e91fe31974827 - - default default] 10.0.0.227 "GET /v2.0/security-groups?id=9f4b0e99-d067-4f9f-bfa1-ab3b928eb442&fields=id&fields=name HTTP/1.1" status: 200 len: 311 time: 0.0442214
2026-07-02 01:29:20.241 10 INFO neutron.wsgi [req-56add7f8-5d2a-404c-9a54-cd4c2604383b req-4e043cba-736c-49db-bdf2-bc10926b8f29 09c774863dfe48c0a2230fe9388b4101 5f93ba9dd2794d20970e91fe31974827 - - default default] 199.204.45.227 "GET /v2.0/ports?device_id=14fe47f2-2203-4e8e-a9a6-84eb0bafed83 HTTP/1.1" status: 200 len: 1168 time: 0.0492709
2026-07-02 01:29:20.324 9 INFO neutron.services.segments.plugin [-] Segment cbe99c06-e8ff-4379-95f3-d0c70cef6af6 resource provider aggregate not found
2026-07-02 01:29:20.330 9 INFO neutron.services.segments.plugin [-] Segment cbe99c06-e8ff-4379-95f3-d0c70cef6af6 resource provider aggregate not found
2026-07-02 01:29:20.352 10 WARNING neutron.scheduler.dhcp_agent_scheduler [None req-a9dd2db9-aac3-493c-a13d-8dda29f6c8ad e70eb07d3658482da18d979c59216ce0 32b73c26350041c6b9e4ced39d784117 - - default default] No more DHCP agents
2026-07-02 01:29:20.354 9 INFO neutron.services.segments.plugin [-] Segment cbe99c06-e8ff-4379-95f3-d0c70cef6af6 resource provider not found; error: Placement Client Error (4xx): {"errors": [{"status": 404, "title": "Not Found", "detail": "The resource could not be found.\n\n No resource provider with uuid cbe99c06-e8ff-4379-95f3-d0c70cef6af6 found for delete ", "request_id": "req-bc5b25bc-0644-4508-bb0d-a7e878e960c4"}]}
2026-07-02 01:29:20.355 9 INFO neutron.services.segments.plugin [-] Segment cbe99c06-e8ff-4379-95f3-d0c70cef6af6 resource provider not found; error: Placement Client Error (4xx): {"errors": [{"status": 404, "title": "Not Found", "detail": "The resource could not be found.\n\n No resource provider with uuid cbe99c06-e8ff-4379-95f3-d0c70cef6af6 found for delete ", "request_id": "req-b927ce37-aff4-4f51-9a37-fb87b4ffd095"}]}
2026-07-02 01:29:20.355 10 WARNING neutron.api.rpc.agentnotifiers.dhcp_rpc_agent_api [None req-a9dd2db9-aac3-493c-a13d-8dda29f6c8ad e70eb07d3658482da18d979c59216ce0 32b73c26350041c6b9e4ced39d784117 - - default default] Unable to schedule network 8fe8b71d-1273-46b1-abf1-f18551a24dd0: no agents available; will retry on subsequent port and subnet creation events.
2026-07-02 01:29:20.402 9 INFO neutron.wsgi [None req-80ec7ba7-d1e1-47cf-a2fc-8c5187a369e5 657d54396dd145698aabc27283434471 4d55105c14ae432b92919c20267e0451 - - default default] 10.0.0.113 "DELETE /v2.0/networks/bdad0543-02f9-4259-86f7-e021111a38c0 HTTP/1.1" status: 204 len: 168 time: 0.7131681
2026-07-02 01:29:20.403 10 INFO neutron.db.ovn_revision_numbers_db [None req-a9dd2db9-aac3-493c-a13d-8dda29f6c8ad e70eb07d3658482da18d979c59216ce0 32b73c26350041c6b9e4ced39d784117 - - default default] Successfully bumped revision number for resource 930237e3-ba52-4e7e-aac7-6e563ed6c9a0 (type: subnets) to 0
2026-07-02 01:29:20.437 10 WARNING neutron.scheduler.dhcp_agent_scheduler [None req-a9dd2db9-aac3-493c-a13d-8dda29f6c8ad e70eb07d3658482da18d979c59216ce0 32b73c26350041c6b9e4ced39d784117 - - default default] No more DHCP agents
2026-07-02 01:29:20.442 10 WARNING neutron.api.rpc.agentnotifiers.dhcp_rpc_agent_api [None req-a9dd2db9-aac3-493c-a13d-8dda29f6c8ad e70eb07d3658482da18d979c59216ce0 32b73c26350041c6b9e4ced39d784117 - - default default] Unable to schedule network 3e984491-8273-4282-9b63-227bfabe28dc: no agents available; will retry on subsequent port and subnet creation events.
2026-07-02 01:29:20.448 9 INFO neutron.wsgi [None req-6c792f87-55d2-4a1c-9997-67f75f8d5b08 5064746669aa4d4f81c237ab875de12e 6855649024274883b0ac0cc711abba10 - - default default] 10.0.0.113 "DELETE /v2.0/networks/1c09402b-b8d7-4213-a9a3-fa19b7df6da3 HTTP/1.1" status: 204 len: 168 time: 0.7108343
2026-07-02 01:29:20.466 9 INFO neutron.db.ovn_revision_numbers_db [None req-f7934daa-2dc1-400f-bdb4-e997f356e14e - - - - - -] Successfully bumped revision number for resource f46baf17-54ef-4e3e-847f-33b69e23af3e (type: ports) to 5
2026-07-02 01:29:20.502 10 INFO neutron.db.ovn_revision_numbers_db [None req-a9dd2db9-aac3-493c-a13d-8dda29f6c8ad e70eb07d3658482da18d979c59216ce0 32b73c26350041c6b9e4ced39d784117 - - default default] Successfully bumped revision number for resource 6432374b-dbd2-4088-9869-36366cefca07 (type: subnets) to 0
2026-07-02 01:29:20.527 10 INFO neutron.wsgi [None req-a9dd2db9-aac3-493c-a13d-8dda29f6c8ad e70eb07d3658482da18d979c59216ce0 32b73c26350041c6b9e4ced39d784117 - - default default] 10.0.0.113 "POST /v2.0/subnets HTTP/1.1" status: 201 len: 1475 time: 0.7278924 /var/lib/openstack/lib/python3.10/site-packages/pycadf/identifier.py:71: UserWarning: Invalid uuid: neutron. To ensure interoperability, identifiers should be a valid uuid. warnings.warn(('Invalid uuid: %s. To ensure interoperability, '
2026-07-02 01:29:20.574 9 INFO neutron.wsgi [None req-9d46a641-6aae-4235-b340-6a80cbdd9f31 e70eb07d3658482da18d979c59216ce0 32b73c26350041c6b9e4ced39d784117 - - default default] 10.0.0.113 "GET /v2.0/subnets HTTP/1.1" status: 200 len: 2083 time: 0.0416126
2026-07-02 01:29:20.619 9 INFO neutron.wsgi [None req-8b98fd59-5710-4cd2-9e51-77c2e53177db 657d54396dd145698aabc27283434471 4d55105c14ae432b92919c20267e0451 - - default default] 10.0.0.113 "GET /v2.0/security-groups?tenant_id=be0ac863839d43f78c29a950309230c1&name=default HTTP/1.1" status: 200 len: 3116 time: 0.0354440
2026-07-02 01:29:20.705 9 INFO neutron.notifiers.nova [-] Nova event matching ['req-3a4fc2a1-fa17-4f85-9609-eb6ced16027a'] response: {'name': 'network-changed', 'server_uuid': '14fe47f2-2203-4e8e-a9a6-84eb0bafed83', 'tag': 'f46baf17-54ef-4e3e-847f-33b69e23af3e', 'status': 'completed', 'code': 200}
2026-07-02 01:29:20.705 9 INFO neutron.notifiers.nova [-] Nova event matching ['req-3a4fc2a1-fa17-4f85-9609-eb6ced16027a'] response: {'server_uuid': '14fe47f2-2203-4e8e-a9a6-84eb0bafed83', 'name': 'network-vif-unplugged', 'status': 'completed', 'tag': 'f46baf17-54ef-4e3e-847f-33b69e23af3e', 'code': 200}
2026-07-02 01:29:20.706 9 INFO neutron.notifiers.nova [-] Nova event matching ['req-3a4fc2a1-fa17-4f85-9609-eb6ced16027a'] response: {'server_uuid': '14fe47f2-2203-4e8e-a9a6-84eb0bafed83', 'name': 'network-vif-unplugged', 'status': 'completed', 'tag': 'f46baf17-54ef-4e3e-847f-33b69e23af3e', 'code': 200}
2026-07-02 01:29:20.788 10 INFO neutron.db.l3_db [req-56add7f8-5d2a-404c-9a54-cd4c2604383b req-0e027dd9-ef2e-47a1-8f81-f91261cad8d5 09c774863dfe48c0a2230fe9388b4101 5f93ba9dd2794d20970e91fe31974827 - - default default] Floating IP 4bfd6178-982e-440c-90d3-ba5246bc5263 disassociated. External IP: 10.96.250.217, port: f46baf17-54ef-4e3e-847f-33b69e23af3e.
2026-07-02 01:29:20.800 9 INFO neutron.wsgi [req-65c0d15f-3126-48f4-876e-db5f4844ac4d req-cc012c51-d7ce-4aef-81e4-669744e2eed3 0de34a0817624ac88103cd0a8b7efde7 c08a9b9706ca494387a82307446407e4 - - ea86e87f318c4fa7864c2d1f9988028c ea86e87f318c4fa7864c2d1f9988028c] 199.204.45.227 "GET /v2.0/ports?tenant_id=5f93ba9dd2794d20970e91fe31974827&device_id=14fe47f2-2203-4e8e-a9a6-84eb0bafed83 HTTP/1.1" status: 200 len: 1407 time: 0.0773978 /var/lib/openstack/lib/python3.10/site-packages/pycadf/identifier.py:71: UserWarning: Invalid uuid: neutron. To ensure interoperability, identifiers should be a valid uuid. warnings.warn(('Invalid uuid: %s. To ensure interoperability, '
2026-07-02 01:29:20.858 10 INFO neutron.wsgi [None req-06053996-88f6-419a-a4f8-c7df03401ae9 e70eb07d3658482da18d979c59216ce0 32b73c26350041c6b9e4ced39d784117 - - default default] 10.0.0.113 "DELETE /v2.0/subnets/930237e3-ba52-4e7e-aac7-6e563ed6c9a0 HTTP/1.1" status: 204 len: 168 time: 0.2718277
2026-07-02 01:29:20.879 10 INFO neutron.services.segments.plugin [-] Segment 312c088c-5314-4ff5-868b-4612feb5ad75 resource provider aggregate not found
2026-07-02 01:29:20.887 9 INFO neutron.wsgi [req-65c0d15f-3126-48f4-876e-db5f4844ac4d req-3ffb5067-c4d9-4ca3-b10a-fa2f22074d6a 0de34a0817624ac88103cd0a8b7efde7 c08a9b9706ca494387a82307446407e4 - - ea86e87f318c4fa7864c2d1f9988028c ea86e87f318c4fa7864c2d1f9988028c] 199.204.45.227 "GET /v2.0/networks?id=751f1bfa-4309-4f0d-9a7e-70f051d82958 HTTP/1.1" status: 200 len: 974 time: 0.0774341
2026-07-02 01:29:20.896 10 INFO neutron.services.segments.plugin [-] Segment 312c088c-5314-4ff5-868b-4612feb5ad75 resource provider not found; error: Placement Client Error (4xx): {"errors": [{"status": 404, "title": "Not Found", "detail": "The resource could not be found.\n\n No resource provider with uuid 312c088c-5314-4ff5-868b-4612feb5ad75 found for delete ", "request_id": "req-bc6a9700-1258-4ebf-bf54-354597b02374"}]}
2026-07-02 01:29:20.897 10 INFO neutron.services.segments.plugin [-] Segment 312c088c-5314-4ff5-868b-4612feb5ad75 resource provider aggregate not found
2026-07-02 01:29:20.914 10 INFO neutron.services.segments.plugin [-] Segment 312c088c-5314-4ff5-868b-4612feb5ad75 resource provider not found; error: Placement Client Error (4xx): {"errors": [{"status": 404, "title": "Not Found", "detail": "The resource could not be found.\n\n No resource provider with uuid 312c088c-5314-4ff5-868b-4612feb5ad75 found for delete ", "request_id": "req-54e722ff-9c07-45cb-9235-fd872bc9a679"}]}
2026-07-02 01:29:20.920 10 INFO neutron.wsgi [req-56add7f8-5d2a-404c-9a54-cd4c2604383b req-0e027dd9-ef2e-47a1-8f81-f91261cad8d5 09c774863dfe48c0a2230fe9388b4101 5f93ba9dd2794d20970e91fe31974827 - - default default] 199.204.45.227 "DELETE /v2.0/ports/f46baf17-54ef-4e3e-847f-33b69e23af3e HTTP/1.1" status: 204 len: 173 time: 0.6713254
2026-07-02 01:29:20.927 9 INFO neutron.wsgi [req-65c0d15f-3126-48f4-876e-db5f4844ac4d req-1c4fa7e4-a706-4bc2-a38a-bdb6658bf92f 0de34a0817624ac88103cd0a8b7efde7 c08a9b9706ca494387a82307446407e4 - - ea86e87f318c4fa7864c2d1f9988028c ea86e87f318c4fa7864c2d1f9988028c] 199.204.45.227 "GET /v2.0/floatingips?fixed_ip_address=10.100.0.4&port_id=f46baf17-54ef-4e3e-847f-33b69e23af3e HTTP/1.1" status: 200 len: 217 time: 0.0330887
2026-07-02 01:29:20.960 10 INFO neutron.notifiers.nova [-] Nova event matching ['req-c0413243-b0ec-4bd2-bf23-a8b196e67674'] response: {'server_uuid': '14fe47f2-2203-4e8e-a9a6-84eb0bafed83', 'name': 'network-vif-deleted', 'tag': 'f46baf17-54ef-4e3e-847f-33b69e23af3e', 'status': 'completed', 'code': 200}
2026-07-02 01:29:20.980 9 INFO neutron.wsgi [req-65c0d15f-3126-48f4-876e-db5f4844ac4d req-c77448aa-3c8a-4422-9d64-974f5d967733 0de34a0817624ac88103cd0a8b7efde7 c08a9b9706ca494387a82307446407e4 - - ea86e87f318c4fa7864c2d1f9988028c ea86e87f318c4fa7864c2d1f9988028c] 199.204.45.227 "GET /v2.0/subnets?id=38038a0c-c5de-4e58-9e24-f451fa6f0c86 HTTP/1.1" status: 200 len: 869 time: 0.0471649
2026-07-02 01:29:21.030 9 INFO neutron.wsgi [req-65c0d15f-3126-48f4-876e-db5f4844ac4d req-69a4930a-4938-4c61-8490-3a2a5f672e16 0de34a0817624ac88103cd0a8b7efde7 c08a9b9706ca494387a82307446407e4 - - ea86e87f318c4fa7864c2d1f9988028c ea86e87f318c4fa7864c2d1f9988028c] 199.204.45.227 "GET /v2.0/ports?network_id=751f1bfa-4309-4f0d-9a7e-70f051d82958&device_owner=network%3Adhcp HTTP/1.1" status: 200 len: 210 time: 0.0382524
2026-07-02 01:29:21.032 10 INFO neutron.wsgi [req-65b77f8e-d4f8-4ba9-80b2-143cf2cf0b09 req-357305b6-ef9b-4dc7-94be-cf0d0599f99b 09c774863dfe48c0a2230fe9388b4101 5f93ba9dd2794d20970e91fe31974827 - - default default] 10.0.0.227 "GET /v2.0/ports?device_id=14fe47f2-2203-4e8e-a9a6-84eb0bafed83 HTTP/1.1" status: 200 len: 210 time: 0.0204120
2026-07-02 01:29:21.035 9 INFO neutron.wsgi [None req-9058d733-5f83-4588-bcaa-7b4e86cc3502 657d54396dd145698aabc27283434471 4d55105c14ae432b92919c20267e0451 - - default default] 10.0.0.113 "DELETE /v2.0/security-groups/64c5ee49-88ec-437e-b684-88cbbdc57845 HTTP/1.1" status: 204 len: 168 time: 0.4093442
2026-07-02 01:29:21.111 9 INFO neutron.wsgi [req-65c0d15f-3126-48f4-876e-db5f4844ac4d req-887975b9-49ea-4ff9-88d9-d11edf6abf36 0de34a0817624ac88103cd0a8b7efde7 c08a9b9706ca494387a82307446407e4 - - ea86e87f318c4fa7864c2d1f9988028c ea86e87f318c4fa7864c2d1f9988028c] 199.204.45.227 "GET /v2.0/networks/751f1bfa-4309-4f0d-9a7e-70f051d82958?fields=segments HTTP/1.1" status: 200 len: 212 time: 0.0679436
2026-07-02 01:29:21.163 9 INFO neutron.wsgi [None req-31e469a3-4347-411c-bf33-e77d5bce0281 e70eb07d3658482da18d979c59216ce0 32b73c26350041c6b9e4ced39d784117 - - default default] 10.0.0.113 "DELETE /v2.0/subnets/6432374b-dbd2-4088-9869-36366cefca07 HTTP/1.1" status: 204 len: 168 time: 0.3011684
2026-07-02 01:29:21.183 9 INFO neutron.wsgi [None req-7d664d4b-865b-4f88-8516-41d2314c6e23 657d54396dd145698aabc27283434471 4d55105c14ae432b92919c20267e0451 - - default default] 10.0.0.113 "GET /v2.0/security-groups?tenant_id=6855649024274883b0ac0cc711abba10&name=default HTTP/1.1" status: 200 len: 3120 time: 0.1995354
2026-07-02 01:29:21.190 9 INFO neutron.wsgi [req-65c0d15f-3126-48f4-876e-db5f4844ac4d req-97a3f568-2437-4fba-b1af-902577186e07 0de34a0817624ac88103cd0a8b7efde7 c08a9b9706ca494387a82307446407e4 - - ea86e87f318c4fa7864c2d1f9988028c ea86e87f318c4fa7864c2d1f9988028c] 199.204.45.227 "GET /v2.0/networks/751f1bfa-4309-4f0d-9a7e-70f051d82958?fields=provider%3Aphysical_network&fields=provider%3Anetwork_type HTTP/1.1" status: 200 len: 277 time: 0.0721025
2026-07-02 01:29:21.223 10 INFO neutron.wsgi [None req-d2ce9b4a-54c1-4aa2-a981-1c2cbf8130ef e70eb07d3658482da18d979c59216ce0 32b73c26350041c6b9e4ced39d784117 - - default default] 10.0.0.113 "GET /v2.0/subnets HTTP/1.1" status: 200 len: 820 time: 0.0529735
2026-07-02 01:29:21.406 9 INFO neutron.wsgi [None req-d8ed36b3-c27b-40d1-9c94-e11dfafba14c 657d54396dd145698aabc27283434471 4d55105c14ae432b92919c20267e0451 - - default default] 10.0.0.113 "DELETE /v2.0/security-groups/f34e8708-2c37-4f2e-a40e-d7527786064f HTTP/1.1" status: 204 len: 168 time: 0.2151852
2026-07-02 01:29:21.619 10 INFO neutron.wsgi [None req-ebf6f223-4fd9-4e4b-b6e9-bb8efdc393ea e70eb07d3658482da18d979c59216ce0 32b73c26350041c6b9e4ced39d784117 - - default default] 10.0.0.113 "DELETE /v2.0/networks/3e984491-8273-4282-9b63-227bfabe28dc HTTP/1.1" status: 204 len: 168 time: 0.3865058
2026-07-02 01:29:21.991 10 INFO neutron.wsgi [None req-0d329b98-4d04-4e97-93ae-8624349de556 e70eb07d3658482da18d979c59216ce0 32b73c26350041c6b9e4ced39d784117 - - default default] 10.0.0.113 "DELETE /v2.0/networks/8fe8b71d-1273-46b1-abf1-f18551a24dd0 HTTP/1.1" status: 204 len: 168 time: 0.3666909
2026-07-02 01:29:22.255 10 INFO neutron.wsgi [None req-d1cf37d0-1e5a-4803-a9cc-33d8ff2f9e74 09c774863dfe48c0a2230fe9388b4101 5f93ba9dd2794d20970e91fe31974827 - - default default] 10.0.0.113 "DELETE /v2.0/security-groups/9f4b0e99-d067-4f9f-bfa1-ab3b928eb442 HTTP/1.1" status: 204 len: 168 time: 0.1149161
2026-07-02 01:29:22.270 10 INFO neutron.api.v2.resource [None req-20e51b89-c79e-4abe-8dfb-942caffc96e5 09c774863dfe48c0a2230fe9388b4101 5f93ba9dd2794d20970e91fe31974827 - - default default] show failed (client error): The resource could not be found.
2026-07-02 01:29:22.271 10 INFO neutron.wsgi [None req-20e51b89-c79e-4abe-8dfb-942caffc96e5 09c774863dfe48c0a2230fe9388b4101 5f93ba9dd2794d20970e91fe31974827 - - default default] 10.0.0.113 "GET /v2.0/security-groups/9f4b0e99-d067-4f9f-bfa1-ab3b928eb442 HTTP/1.1" status: 404 len: 347 time: 0.0108151
2026-07-02 01:29:22.375 9 INFO neutron.services.segments.plugin [-] Segment da8fe114-d08b-4094-aaa6-352c6d573c65 resource provider aggregate not found
2026-07-02 01:29:22.380 9 INFO neutron.services.segments.plugin [-] Segment da8fe114-d08b-4094-aaa6-352c6d573c65 resource provider aggregate not found
2026-07-02 01:29:22.397 9 INFO neutron.services.segments.plugin [-] Segment da8fe114-d08b-4094-aaa6-352c6d573c65 resource provider not found; error: Placement Client Error (4xx): {"errors": [{"status": 404, "title": "Not Found", "detail": "The resource could not be found.\n\n No resource provider with uuid da8fe114-d08b-4094-aaa6-352c6d573c65 found for delete ", "request_id": "req-8c3c6385-b505-4ee6-b38b-b1bf0447dcbe"}]}
2026-07-02 01:29:22.398 9 INFO neutron.services.segments.plugin [-] Segment da8fe114-d08b-4094-aaa6-352c6d573c65 resource provider not found; error: Placement Client Error (4xx): {"errors": [{"status": 404, "title": "Not Found", "detail": "The resource could not be found.\n\n No resource provider with uuid da8fe114-d08b-4094-aaa6-352c6d573c65 found for delete ", "request_id": "req-9110ae66-ba4d-4ffb-88c9-e06952d57dee"}]}
2026-07-02 01:29:22.434 9 INFO neutron.wsgi [None req-c6e8fb16-bcd0-4c9d-bb02-9a49202bdeaf e70eb07d3658482da18d979c59216ce0 32b73c26350041c6b9e4ced39d784117 - - default default] 10.0.0.113 "DELETE /v2.0/networks/b69f21a3-95d5-4b0c-a6fe-16a406654c5e HTTP/1.1" status: 204 len: 168 time: 0.4385481
2026-07-02 01:29:22.581 10 INFO neutron.wsgi [None req-d652e038-40f4-4390-b6fe-defed992aace 09c774863dfe48c0a2230fe9388b4101 5f93ba9dd2794d20970e91fe31974827 - - default default] 10.0.0.113 "DELETE /v2.0/floatingips/4bfd6178-982e-440c-90d3-ba5246bc5263 HTTP/1.1" status: 204 len: 168 time: 0.3057518
2026-07-02 01:29:22.849 9 INFO neutron.wsgi [None req-13506b12-f81b-4116-8f91-24bbf1679895 e70eb07d3658482da18d979c59216ce0 32b73c26350041c6b9e4ced39d784117 - - default default] 10.0.0.113 "DELETE /v2.0/networks/3e07ca0f-69f5-43a2-8059-0f98169ef1a1 HTTP/1.1" status: 204 len: 168 time: 0.4091167
2026-07-02 01:29:22.915 10 INFO neutron.services.segments.plugin [-] Segment e4d38d2e-5968-43c4-95b1-ab43d08d5154 resource provider aggregate not found
2026-07-02 01:29:22.941 10 INFO neutron.services.segments.plugin [-] Segment e4d38d2e-5968-43c4-95b1-ab43d08d5154 resource provider not found; error: Placement Client Error (4xx): {"errors": [{"status": 404, "title": "Not Found", "detail": "The resource could not be found.\n\n No resource provider with uuid e4d38d2e-5968-43c4-95b1-ab43d08d5154 found for delete ", "request_id": "req-83440ef9-62a0-4036-917b-47eb8dd21613"}]}
2026-07-02 01:29:22.950 10 INFO neutron.services.segments.plugin [-] Segment e4d38d2e-5968-43c4-95b1-ab43d08d5154 resource provider aggregate not found
2026-07-02 01:29:22.974 10 INFO neutron.services.segments.plugin [-] Segment e4d38d2e-5968-43c4-95b1-ab43d08d5154 resource provider not found; error: Placement Client Error (4xx): {"errors": [{"status": 404, "title": "Not Found", "detail": "The resource could not be found.\n\n No resource provider with uuid e4d38d2e-5968-43c4-95b1-ab43d08d5154 found for delete ", "request_id": "req-160409d1-e3ee-4e70-b96b-0115b537596d"}]}
