2026-07-02 01:32:11.447 9 INFO neutron.wsgi [None req-bbeb6633-8231-4970-bdec-e5224caa5839 657d54396dd145698aabc27283434471 4d55105c14ae432b92919c20267e0451 - - default default] 10.0.0.14 "GET /v2.0/extensions/security-group HTTP/1.1" status: 200 len: 369 time: 0.0075777
2026-07-02 01:32:11.455 9 INFO neutron.wsgi [None req-1649063e-b78b-4170-a6e1-6e67604346b9 657d54396dd145698aabc27283434471 4d55105c14ae432b92919c20267e0451 - - default default] 10.0.0.14 "GET /v2.0/extensions/dns-integration HTTP/1.1" status: 200 len: 371 time: 0.0030508
2026-07-02 01:32:11.461 10 INFO neutron.wsgi [None req-be7ff7fa-04a9-4c1f-b26d-22918bb00130 657d54396dd145698aabc27283434471 4d55105c14ae432b92919c20267e0451 - - default default] 10.0.0.113 "DELETE /v2.0/subnets/c89e0f9c-5ecc-4559-948e-b4e04f82e0b1 HTTP/1.1" status: 204 len: 168 time: 0.2247825
2026-07-02 01:32:11.463 9 INFO neutron.wsgi [None req-bd0f49cf-575b-455b-8436-b822dc1f1063 657d54396dd145698aabc27283434471 4d55105c14ae432b92919c20267e0451 - - default default] 10.0.0.14 "GET /v2.0/extensions/qos HTTP/1.1" status: 200 len: 365 time: 0.0041547
2026-07-02 01:32:11.472 9 INFO neutron.wsgi [None req-b5168412-0f2d-4a55-bd9a-e726cdff20e3 657d54396dd145698aabc27283434471 4d55105c14ae432b92919c20267e0451 - - default default] 10.0.0.14 "GET /v2.0/extensions/allowed-address-pairs HTTP/1.1" status: 200 len: 383 time: 0.0042820
2026-07-02 01:32:11.527 9 INFO neutron.wsgi [None req-6416dec3-99b4-4935-acc3-894668b169b0 657d54396dd145698aabc27283434471 4d55105c14ae432b92919c20267e0451 - - default default] 10.0.0.14 "GET /v2.0/networks/e15a966d-ccb5-4a79-9f67-a26e31ccd7e2 HTTP/1.1" status: 200 len: 1001 time: 0.0486057
2026-07-02 01:32:11.541 9 INFO neutron.wsgi [None req-7b560a06-cd40-42cf-b241-9590885a9103 657d54396dd145698aabc27283434471 4d55105c14ae432b92919c20267e0451 - - default default] 10.0.0.14 "GET /v2.0/extensions/project-id HTTP/1.1" status: 200 len: 403 time: 0.0063999
2026-07-02 01:32:11.833 10 INFO neutron.services.segments.plugin [-] Segment 6b301d30-e4d8-464b-b427-1ecba7c0ecad resource provider aggregate not found
2026-07-02 01:32:11.837 10 INFO neutron.services.segments.plugin [-] Segment 6b301d30-e4d8-464b-b427-1ecba7c0ecad resource provider aggregate not found
2026-07-02 01:32:11.847 10 INFO neutron.services.segments.plugin [-] Segment 6b301d30-e4d8-464b-b427-1ecba7c0ecad resource provider not found; error: Placement Client Error (4xx): {"errors": [{"status": 404, "title": "Not Found", "detail": "The resource could not be found.\n\n No resource provider with uuid 6b301d30-e4d8-464b-b427-1ecba7c0ecad found for delete ", "request_id": "req-a0edbd1a-7009-4fe9-a124-76d4e3249856"}]}
2026-07-02 01:32:11.853 10 INFO neutron.services.segments.plugin [-] Segment 6b301d30-e4d8-464b-b427-1ecba7c0ecad resource provider not found; error: Placement Client Error (4xx): {"errors": [{"status": 404, "title": "Not Found", "detail": "The resource could not be found.\n\n No resource provider with uuid 6b301d30-e4d8-464b-b427-1ecba7c0ecad found for delete ", "request_id": "req-6c0b030d-b5a2-464a-965d-d89c52408d88"}]}
2026-07-02 01:32:11.869 9 WARNING neutron.scheduler.dhcp_agent_scheduler [None req-ab894f12-8e98-4998-a9ce-4bc3c5da2f13 657d54396dd145698aabc27283434471 4d55105c14ae432b92919c20267e0451 - - default default] No more DHCP agents
2026-07-02 01:32:11.872 10 INFO neutron.wsgi [None req-8d46ff67-909b-4ef9-bf6c-e4e9b3be85c8 657d54396dd145698aabc27283434471 4d55105c14ae432b92919c20267e0451 - - default default] 10.0.0.113 "DELETE /v2.0/networks/6f5ac17a-6986-497d-8616-e80e13e8d0a2 HTTP/1.1" status: 204 len: 168 time: 0.3927097
2026-07-02 01:32:11.873 9 WARNING neutron.api.rpc.agentnotifiers.dhcp_rpc_agent_api [None req-ab894f12-8e98-4998-a9ce-4bc3c5da2f13 657d54396dd145698aabc27283434471 4d55105c14ae432b92919c20267e0451 - - default default] Unable to schedule network e15a966d-ccb5-4a79-9f67-a26e31ccd7e2: no agents available; will retry on subsequent port and subnet creation events.
2026-07-02 01:32:12.073 9 INFO neutron.db.ovn_revision_numbers_db [None req-ab894f12-8e98-4998-a9ce-4bc3c5da2f13 657d54396dd145698aabc27283434471 4d55105c14ae432b92919c20267e0451 - - default default] Successfully bumped revision number for resource 8f671200-37e6-4a92-b739-077c61b145af (type: ports) to 1
2026-07-02 01:32:12.097 9 INFO neutron.wsgi [None req-ab894f12-8e98-4998-a9ce-4bc3c5da2f13 657d54396dd145698aabc27283434471 4d55105c14ae432b92919c20267e0451 - - default default] 10.0.0.14 "POST /v2.0/ports HTTP/1.1" status: 201 len: 1333 time: 0.5516064
2026-07-02 01:32:12.237 10 INFO neutron.wsgi [None req-5d72709a-3225-4292-a937-f8c778ef7a9f 657d54396dd145698aabc27283434471 4d55105c14ae432b92919c20267e0451 - - default default] 10.0.0.113 "GET /v2.0/security-groups?tenant_id=5a7d8b2e371b428e8f6283f6dfaf15c4&name=default HTTP/1.1" status: 200 len: 3120 time: 0.0371666
2026-07-02 01:32:12.456 10 INFO neutron.wsgi [None req-9192cfdd-8d92-469a-9826-665c23de38ee 657d54396dd145698aabc27283434471 4d55105c14ae432b92919c20267e0451 - - default default] 10.0.0.113 "DELETE /v2.0/security-groups/bdfdaf05-7a01-4545-b36c-d8e85ff5f413 HTTP/1.1" status: 204 len: 168 time: 0.2142715 /var/lib/openstack/lib/python3.10/site-packages/pycadf/identifier.py:71: UserWarning: Invalid uuid: neutron. To ensure interoperability, identifiers should be a valid uuid. warnings.warn(('Invalid uuid: %s. To ensure interoperability, '
2026-07-02 01:32:12.669 9 INFO neutron.wsgi [None req-bc5cbc80-621a-4518-983a-9d121987fe5b 657d54396dd145698aabc27283434471 4d55105c14ae432b92919c20267e0451 - - default default] 10.0.0.113 "GET /v2.0/security-groups?tenant_id=279463a2cff9457b8ada706fc55c849e&name=default HTTP/1.1" status: 200 len: 3120 time: 0.0568175
2026-07-02 01:32:12.923 9 INFO neutron.wsgi [None req-5e54708f-0163-405b-9c08-2b8b1e62c874 657d54396dd145698aabc27283434471 4d55105c14ae432b92919c20267e0451 - - default default] 10.0.0.113 "DELETE /v2.0/security-groups/80c635ef-2db5-4a63-a0fa-c93b18d5f265 HTTP/1.1" status: 204 len: 168 time: 0.2486985
2026-07-02 01:32:13.766 9 INFO neutron.db.ovn_revision_numbers_db [None req-8448d3ca-06f4-499b-9432-926da1d57a1b 657d54396dd145698aabc27283434471 4d55105c14ae432b92919c20267e0451 - - default default] Successfully bumped revision number for resource 320d9cf8-16c7-426d-8aec-f159a5fcdaa5 (type: security_groups) to 1
2026-07-02 01:32:13.781 9 INFO neutron.db.ovn_revision_numbers_db [None req-8448d3ca-06f4-499b-9432-926da1d57a1b 657d54396dd145698aabc27283434471 4d55105c14ae432b92919c20267e0451 - - default default] Successfully bumped revision number for resource 6bf221a6-68c8-4ee5-a577-ada394fa30ad (type: security_group_rules) to 0
2026-07-02 01:32:13.795 9 INFO neutron.db.ovn_revision_numbers_db [None req-8448d3ca-06f4-499b-9432-926da1d57a1b 657d54396dd145698aabc27283434471 4d55105c14ae432b92919c20267e0451 - - default default] Successfully bumped revision number for resource b6eb89fa-345f-4a47-aecf-77a66f3d8454 (type: security_group_rules) to 0
2026-07-02 01:32:13.808 9 INFO neutron.db.ovn_revision_numbers_db [None req-8448d3ca-06f4-499b-9432-926da1d57a1b 657d54396dd145698aabc27283434471 4d55105c14ae432b92919c20267e0451 - - default default] Successfully bumped revision number for resource cd3be75a-5dfc-4616-9587-54b8244196b8 (type: security_group_rules) to 0
2026-07-02 01:32:13.821 9 INFO neutron.db.ovn_revision_numbers_db [None req-8448d3ca-06f4-499b-9432-926da1d57a1b 657d54396dd145698aabc27283434471 4d55105c14ae432b92919c20267e0451 - - default default] Successfully bumped revision number for resource f77adf1f-fde8-4536-98da-6cb1a83288f6 (type: security_group_rules) to 0
2026-07-02 01:32:13.860 9 INFO neutron.wsgi [None req-8448d3ca-06f4-499b-9432-926da1d57a1b 657d54396dd145698aabc27283434471 4d55105c14ae432b92919c20267e0451 - - default default] 10.0.0.113 "GET /v2.0/security-groups?tenant_id=f0287083a5d34ca99ce7edb8809ecdc1&name=default HTTP/1.1" status: 200 len: 3120 time: 0.3155055
2026-07-02 01:32:14.114 10 INFO neutron.wsgi [None req-1ec4738c-ee61-49b7-a16a-05ac87c8ca4c 657d54396dd145698aabc27283434471 4d55105c14ae432b92919c20267e0451 - - default default] 10.0.0.113 "DELETE /v2.0/security-groups/320d9cf8-16c7-426d-8aec-f159a5fcdaa5 HTTP/1.1" status: 204 len: 168 time: 0.2483246
2026-07-02 01:32:14.623 10 INFO neutron.wsgi [None req-48d1f0c4-e34d-44b7-8c83-22fc9f908b60 657d54396dd145698aabc27283434471 4d55105c14ae432b92919c20267e0451 - - default default] 199.204.45.227 "GET /v2.0/extensions/security-group HTTP/1.1" status: 200 len: 369 time: 0.1580257
2026-07-02 01:32:14.637 10 INFO neutron.wsgi [None req-45e1497b-b3af-463b-b77d-89fddc0fff4d 657d54396dd145698aabc27283434471 4d55105c14ae432b92919c20267e0451 - - default default] 199.204.45.227 "GET /v2.0/extensions/dns-integration HTTP/1.1" status: 200 len: 371 time: 0.0063369
2026-07-02 01:32:14.645 10 INFO neutron.wsgi [None req-1547e969-d24b-4274-a246-7f4aa728c253 657d54396dd145698aabc27283434471 4d55105c14ae432b92919c20267e0451 - - default default] 199.204.45.227 "GET /v2.0/extensions/qos HTTP/1.1" status: 200 len: 365 time: 0.0038669
2026-07-02 01:32:14.654 10 INFO neutron.wsgi [None req-0b3623ba-d899-4cd9-be89-de4dcca25565 657d54396dd145698aabc27283434471 4d55105c14ae432b92919c20267e0451 - - default default] 199.204.45.227 "GET /v2.0/extensions/allowed-address-pairs HTTP/1.1" status: 200 len: 383 time: 0.0052578
2026-07-02 01:32:14.700 10 INFO neutron.wsgi [None req-d2c90176-348e-4f44-86a9-1017261cc7b9 657d54396dd145698aabc27283434471 4d55105c14ae432b92919c20267e0451 - - default default] 199.204.45.227 "GET /v2.0/ports/8f671200-37e6-4a92-b739-077c61b145af HTTP/1.1" status: 200 len: 1328 time: 0.0405283
2026-07-02 01:32:14.983 10 INFO neutron.wsgi [None req-1c0443f9-6e74-47db-8a4d-00b9a6b27986 657d54396dd145698aabc27283434471 4d55105c14ae432b92919c20267e0451 - - default default] 199.204.45.227 "GET /v2.0/extensions/security-group HTTP/1.1" status: 200 len: 369 time: 0.0105996
2026-07-02 01:32:14.998 10 INFO neutron.wsgi [None req-1134c568-8feb-428f-ad45-1927aaa8ca06 657d54396dd145698aabc27283434471 4d55105c14ae432b92919c20267e0451 - - default default] 199.204.45.227 "GET /v2.0/extensions/dns-integration HTTP/1.1" status: 200 len: 371 time: 0.0071261
2026-07-02 01:32:15.009 10 INFO neutron.wsgi [None req-7f08517e-8931-4f7b-bc15-24a6c0a3ed2b 657d54396dd145698aabc27283434471 4d55105c14ae432b92919c20267e0451 - - default default] 199.204.45.227 "GET /v2.0/extensions/qos HTTP/1.1" status: 200 len: 365 time: 0.0053201
2026-07-02 01:32:15.020 10 INFO neutron.wsgi [None req-b5456cfc-6a54-4743-b4dd-f7a2f6c765d8 657d54396dd145698aabc27283434471 4d55105c14ae432b92919c20267e0451 - - default default] 199.204.45.227 "GET /v2.0/extensions/allowed-address-pairs HTTP/1.1" status: 200 len: 383 time: 0.0065582
2026-07-02 01:32:15.039 10 INFO neutron.api.v2.resource [None req-cbfe9ede-b32c-49a3-825a-b651527797fe 657d54396dd145698aabc27283434471 4d55105c14ae432b92919c20267e0451 - - default default] show failed (client error): The resource could not be found.
2026-07-02 01:32:15.040 10 INFO neutron.wsgi [None req-cbfe9ede-b32c-49a3-825a-b651527797fe 657d54396dd145698aabc27283434471 4d55105c14ae432b92919c20267e0451 - - default default] 199.204.45.227 "GET /v2.0/security-groups/lb-f3c073cb-f3f0-4a3b-9593-e73712dec2c6 HTTP/1.1" status: 404 len: 355 time: 0.0143716
2026-07-02 01:32:15.078 10 INFO neutron.wsgi [None req-543d20a1-e171-4a19-b8e0-c4af7cb8e012 657d54396dd145698aabc27283434471 4d55105c14ae432b92919c20267e0451 - - default default] 199.204.45.227 "GET /v2.0/security-groups?name=lb-f3c073cb-f3f0-4a3b-9593-e73712dec2c6 HTTP/1.1" status: 200 len: 221 time: 0.0325592
2026-07-02 01:32:15.242 10 INFO neutron.db.ovn_revision_numbers_db [None req-a09b814c-dbcd-4221-8341-a9c39c785350 657d54396dd145698aabc27283434471 4d55105c14ae432b92919c20267e0451 - - default default] Successfully bumped revision number for resource 6038bfb1-94f0-44fa-ab15-060cc9ab0b6e (type: security_groups) to 1
2026-07-02 01:32:15.256 10 INFO neutron.db.ovn_revision_numbers_db [None req-a09b814c-dbcd-4221-8341-a9c39c785350 657d54396dd145698aabc27283434471 4d55105c14ae432b92919c20267e0451 - - default default] Successfully bumped revision number for resource 43304bd1-c820-4fd9-8348-905e0a90b2ad (type: security_group_rules) to 0
2026-07-02 01:32:15.269 10 INFO neutron.db.ovn_revision_numbers_db [None req-a09b814c-dbcd-4221-8341-a9c39c785350 657d54396dd145698aabc27283434471 4d55105c14ae432b92919c20267e0451 - - default default] Successfully bumped revision number for resource fa7e7c48-3afe-472f-8828-a5f73fe5e127 (type: security_group_rules) to 0
2026-07-02 01:32:15.301 10 INFO neutron.wsgi [None req-a09b814c-dbcd-4221-8341-a9c39c785350 657d54396dd145698aabc27283434471 4d55105c14ae432b92919c20267e0451 - - default default] 199.204.45.227 "POST /v2.0/security-groups HTTP/1.1" status: 201 len: 1841 time: 0.2157001
2026-07-02 01:32:15.469 10 INFO neutron.wsgi [None req-7f661d3c-c5af-4d85-9f41-32644247cac5 657d54396dd145698aabc27283434471 4d55105c14ae432b92919c20267e0451 - - default default] 199.204.45.227 "GET /v2.0/security-group-rules?security_group_id=6038bfb1-94f0-44fa-ab15-060cc9ab0b6e HTTP/1.1" status: 200 len: 1382 time: 0.0448420
2026-07-02 01:32:15.869 10 INFO neutron.db.ovn_revision_numbers_db [None req-3238b5cc-3e42-4c75-86e3-9b47240d102f 657d54396dd145698aabc27283434471 4d55105c14ae432b92919c20267e0451 - - default default] Successfully bumped revision number for resource 8f671200-37e6-4a92-b739-077c61b145af (type: ports) to 2
2026-07-02 01:32:15.886 10 INFO neutron.wsgi [None req-3238b5cc-3e42-4c75-86e3-9b47240d102f 657d54396dd145698aabc27283434471 4d55105c14ae432b92919c20267e0451 - - default default] 199.204.45.227 "PUT /v2.0/ports/8f671200-37e6-4a92-b739-077c61b145af HTTP/1.1" status: 200 len: 1328 time: 0.4117310 /var/lib/openstack/lib/python3.10/site-packages/pycadf/identifier.py:71: UserWarning: Invalid uuid: neutron. To ensure interoperability, identifiers should be a valid uuid. warnings.warn(('Invalid uuid: %s. To ensure interoperability, '
2026-07-02 01:32:15.957 10 INFO neutron.wsgi [None req-bd3728b0-3936-4df2-b324-2554ee47bf4d 657d54396dd145698aabc27283434471 4d55105c14ae432b92919c20267e0451 - - default default] 199.204.45.227 "GET /v2.0/extensions/security-group HTTP/1.1" status: 200 len: 369 time: 0.0045354
2026-07-02 01:32:15.965 10 INFO neutron.wsgi [None req-51945aa5-04be-4175-9295-8b19bae52970 657d54396dd145698aabc27283434471 4d55105c14ae432b92919c20267e0451 - - default default] 199.204.45.227 "GET /v2.0/extensions/dns-integration HTTP/1.1" status: 200 len: 371 time: 0.0040827
2026-07-02 01:32:15.974 10 INFO neutron.wsgi [None req-f25e36fb-c7a2-4e84-9fcf-2bfc97e4b9d1 657d54396dd145698aabc27283434471 4d55105c14ae432b92919c20267e0451 - - default default] 199.204.45.227 "GET /v2.0/extensions/qos HTTP/1.1" status: 200 len: 365 time: 0.0058732
2026-07-02 01:32:15.986 10 INFO neutron.wsgi [None req-5fb79e20-fe11-41a3-bfcc-31f14cc4b876 657d54396dd145698aabc27283434471 4d55105c14ae432b92919c20267e0451 - - default default] 199.204.45.227 "GET /v2.0/extensions/allowed-address-pairs HTTP/1.1" status: 200 len: 383 time: 0.0087166
2026-07-02 01:32:16.033 10 INFO neutron.wsgi [None req-bc5f443a-7249-4fa5-bb87-ec9743a86fa9 657d54396dd145698aabc27283434471 4d55105c14ae432b92919c20267e0451 - - default default] 199.204.45.227 "GET /v2.0/subnets/55c95801-d387-49de-b038-bf63c96f9131 HTTP/1.1" status: 200 len: 849 time: 0.0420794
2026-07-02 01:32:17.334 9 INFO neutron.db.ovn_revision_numbers_db [None req-4cbfaeac-7adc-422b-842c-2ce1c15d00eb 947767e62bb44fe1bc59b364f3ba0555 8322189948c74ea0a7086c149ef0c05e - - default default] Successfully bumped revision number for resource ddc5e91a-1799-4445-9882-ddd4c0dc5d6d (type: security_groups) to 1
2026-07-02 01:32:17.348 9 INFO neutron.db.ovn_revision_numbers_db [None req-4cbfaeac-7adc-422b-842c-2ce1c15d00eb 947767e62bb44fe1bc59b364f3ba0555 8322189948c74ea0a7086c149ef0c05e - - default default] Successfully bumped revision number for resource 1506d80e-27f9-463f-9611-c3d22c16f0c1 (type: security_group_rules) to 0
2026-07-02 01:32:17.365 9 INFO neutron.db.ovn_revision_numbers_db [None req-4cbfaeac-7adc-422b-842c-2ce1c15d00eb 947767e62bb44fe1bc59b364f3ba0555 8322189948c74ea0a7086c149ef0c05e - - default default] Successfully bumped revision number for resource a50a9180-57d3-4090-aa28-ca2480d477df (type: security_group_rules) to 0
2026-07-02 01:32:17.378 9 INFO neutron.db.ovn_revision_numbers_db [None req-4cbfaeac-7adc-422b-842c-2ce1c15d00eb 947767e62bb44fe1bc59b364f3ba0555 8322189948c74ea0a7086c149ef0c05e - - default default] Successfully bumped revision number for resource b1ed5363-ab86-4b6c-bcc9-dadaa70393eb (type: security_group_rules) to 0
2026-07-02 01:32:17.391 9 INFO neutron.db.ovn_revision_numbers_db [None req-4cbfaeac-7adc-422b-842c-2ce1c15d00eb 947767e62bb44fe1bc59b364f3ba0555 8322189948c74ea0a7086c149ef0c05e - - default default] Successfully bumped revision number for resource bf67cd56-5b17-4750-829c-42430a69f89b (type: security_group_rules) to 0
2026-07-02 01:32:17.444 9 INFO neutron.db.segments_db [None req-4cbfaeac-7adc-422b-842c-2ce1c15d00eb 947767e62bb44fe1bc59b364f3ba0555 8322189948c74ea0a7086c149ef0c05e - - default default] Added segment 00f33208-303f-425e-b7af-51c891718000 of type geneve for network 00e03ca5-3906-48b3-a9b2-f3dd6669d735
2026-07-02 01:32:17.598 9 INFO neutron.db.ovn_revision_numbers_db [None req-4cbfaeac-7adc-422b-842c-2ce1c15d00eb 947767e62bb44fe1bc59b364f3ba0555 8322189948c74ea0a7086c149ef0c05e - - default default] Successfully bumped revision number for resource 00e03ca5-3906-48b3-a9b2-f3dd6669d735 (type: networks) to 1
2026-07-02 01:32:17.799 9 WARNING neutron.scheduler.dhcp_agent_scheduler [None req-4cbfaeac-7adc-422b-842c-2ce1c15d00eb 947767e62bb44fe1bc59b364f3ba0555 8322189948c74ea0a7086c149ef0c05e - - default default] No more DHCP agents
2026-07-02 01:32:17.800 9 WARNING neutron.api.rpc.agentnotifiers.dhcp_rpc_agent_api [None req-4cbfaeac-7adc-422b-842c-2ce1c15d00eb 947767e62bb44fe1bc59b364f3ba0555 8322189948c74ea0a7086c149ef0c05e - - default default] Unable to schedule network 00e03ca5-3906-48b3-a9b2-f3dd6669d735: no agents available; will retry on subsequent port and subnet creation events.
2026-07-02 01:32:17.879 9 INFO neutron.db.ovn_revision_numbers_db [None req-4cbfaeac-7adc-422b-842c-2ce1c15d00eb 947767e62bb44fe1bc59b364f3ba0555 8322189948c74ea0a7086c149ef0c05e - - default default] Successfully bumped revision number for resource f956d4e1-35e5-40f8-8498-1e91ef080694 (type: ports) to 1
2026-07-02 01:32:17.901 9 INFO neutron.wsgi [None req-4cbfaeac-7adc-422b-842c-2ce1c15d00eb 947767e62bb44fe1bc59b364f3ba0555 8322189948c74ea0a7086c149ef0c05e - - default default] 10.0.0.113 "POST /v2.0/networks HTTP/1.1" status: 201 len: 928 time: 0.7934642
2026-07-02 01:32:18.087 9 WARNING neutron.scheduler.dhcp_agent_scheduler [None req-02c5f3c4-142c-432f-a897-5b00e9270467 947767e62bb44fe1bc59b364f3ba0555 8322189948c74ea0a7086c149ef0c05e - - default default] No more DHCP agents
2026-07-02 01:32:18.094 9 WARNING neutron.api.rpc.agentnotifiers.dhcp_rpc_agent_api [None req-02c5f3c4-142c-432f-a897-5b00e9270467 947767e62bb44fe1bc59b364f3ba0555 8322189948c74ea0a7086c149ef0c05e - - default default] Unable to schedule network 00e03ca5-3906-48b3-a9b2-f3dd6669d735: no agents available; will retry on subsequent port and subnet creation events.
2026-07-02 01:32:18.500 9 INFO neutron.db.ovn_revision_numbers_db [None req-02c5f3c4-142c-432f-a897-5b00e9270467 947767e62bb44fe1bc59b364f3ba0555 8322189948c74ea0a7086c149ef0c05e - - default default] Successfully bumped revision number for resource f956d4e1-35e5-40f8-8498-1e91ef080694 (type: ports) to 2
2026-07-02 01:32:18.535 9 INFO neutron.db.ovn_revision_numbers_db [None req-02c5f3c4-142c-432f-a897-5b00e9270467 947767e62bb44fe1bc59b364f3ba0555 8322189948c74ea0a7086c149ef0c05e - - default default] Successfully bumped revision number for resource 5e269d6f-82b8-4534-ac8c-497ce1f137dd (type: subnets) to 0
2026-07-02 01:32:18.551 9 INFO neutron.wsgi [None req-02c5f3c4-142c-432f-a897-5b00e9270467 947767e62bb44fe1bc59b364f3ba0555 8322189948c74ea0a7086c149ef0c05e - - default default] 10.0.0.113 "POST /v2.0/subnets HTTP/1.1" status: 201 len: 819 time: 0.6450763
2026-07-02 01:32:18.560 9 WARNING neutron.api.v2.base [None req-a1baddf3-946d-4022-89e2-c6b55e01baa4 947767e62bb44fe1bc59b364f3ba0555 8322189948c74ea0a7086c149ef0c05e - - default default] An exception happened while processing the request body. The exception message is [Invalid input for target_tenant. Reason: 'None' is not a valid string.].: webob.exc.HTTPBadRequest: Invalid input for target_tenant. Reason: 'None' is not a valid string.
2026-07-02 01:32:18.561 9 INFO neutron.api.v2.resource [None req-a1baddf3-946d-4022-89e2-c6b55e01baa4 947767e62bb44fe1bc59b364f3ba0555 8322189948c74ea0a7086c149ef0c05e - - default default] create failed (client error): Invalid input for target_tenant. Reason: 'None' is not a valid string.
2026-07-02 01:32:18.562 9 INFO neutron.wsgi [None req-a1baddf3-946d-4022-89e2-c6b55e01baa4 947767e62bb44fe1bc59b364f3ba0555 8322189948c74ea0a7086c149ef0c05e - - default default] 10.0.0.113 "POST /v2.0/rbac-policies HTTP/1.1" status: 400 len: 346 time: 0.0063121
2026-07-02 01:32:19.110 9 INFO neutron.services.segments.plugin [-] Segment 00f33208-303f-425e-b7af-51c891718000 resource provider aggregate not found
2026-07-02 01:32:19.115 9 INFO neutron.services.segments.plugin [-] Segment 00f33208-303f-425e-b7af-51c891718000 resource provider aggregate not found
2026-07-02 01:32:19.130 9 INFO neutron.services.segments.plugin [-] Segment 00f33208-303f-425e-b7af-51c891718000 resource provider not found; error: Placement Client Error (4xx): {"errors": [{"status": 404, "title": "Not Found", "detail": "The resource could not be found.\n\n No resource provider with uuid 00f33208-303f-425e-b7af-51c891718000 found for delete ", "request_id": "req-471fae13-e439-4581-ac3e-2773af7c85b5"}]}
2026-07-02 01:32:19.132 9 INFO neutron.services.segments.plugin [-] Segment 00f33208-303f-425e-b7af-51c891718000 resource provider not found; error: Placement Client Error (4xx): {"errors": [{"status": 404, "title": "Not Found", "detail": "The resource could not be found.\n\n No resource provider with uuid 00f33208-303f-425e-b7af-51c891718000 found for delete ", "request_id": "req-bf3748f5-9fea-42b6-bc05-76bda8aa430e"}]}
2026-07-02 01:32:19.149 9 INFO neutron.wsgi [None req-12345b5a-65ec-4412-b0c5-c2600a8b87d7 947767e62bb44fe1bc59b364f3ba0555 8322189948c74ea0a7086c149ef0c05e - - default default] 10.0.0.113 "DELETE /v2.0/networks/00e03ca5-3906-48b3-a9b2-f3dd6669d735 HTTP/1.1" status: 204 len: 168 time: 0.5825024
2026-07-02 01:32:19.241 9 INFO neutron.db.segments_db [None req-403c3151-199b-473e-bca0-f4e25723aba2 947767e62bb44fe1bc59b364f3ba0555 8322189948c74ea0a7086c149ef0c05e - - default default] Added segment 2a1083f4-4c9f-405b-9c6b-5b8fdfb0c2bf of type geneve for network 1c073a7a-63dd-4f15-afc5-205312892138
2026-07-02 01:32:19.366 9 INFO neutron.db.ovn_revision_numbers_db [None req-403c3151-199b-473e-bca0-f4e25723aba2 947767e62bb44fe1bc59b364f3ba0555 8322189948c74ea0a7086c149ef0c05e - - default default] Successfully bumped revision number for resource 1c073a7a-63dd-4f15-afc5-205312892138 (type: networks) to 1
2026-07-02 01:32:19.542 9 WARNING neutron.scheduler.dhcp_agent_scheduler [None req-403c3151-199b-473e-bca0-f4e25723aba2 947767e62bb44fe1bc59b364f3ba0555 8322189948c74ea0a7086c149ef0c05e - - default default] No more DHCP agents
2026-07-02 01:32:19.543 9 WARNING neutron.api.rpc.agentnotifiers.dhcp_rpc_agent_api [None req-403c3151-199b-473e-bca0-f4e25723aba2 947767e62bb44fe1bc59b364f3ba0555 8322189948c74ea0a7086c149ef0c05e - - default default] Unable to schedule network 1c073a7a-63dd-4f15-afc5-205312892138: no agents available; will retry on subsequent port and subnet creation events.
2026-07-02 01:32:19.621 9 INFO neutron.db.ovn_revision_numbers_db [None req-403c3151-199b-473e-bca0-f4e25723aba2 947767e62bb44fe1bc59b364f3ba0555 8322189948c74ea0a7086c149ef0c05e - - default default] Successfully bumped revision number for resource 5eeac177-4a05-4e67-beb0-255be1a8a163 (type: ports) to 1
2026-07-02 01:32:19.642 9 INFO neutron.wsgi [None req-403c3151-199b-473e-bca0-f4e25723aba2 947767e62bb44fe1bc59b364f3ba0555 8322189948c74ea0a7086c149ef0c05e - - default default] 10.0.0.113 "POST /v2.0/networks HTTP/1.1" status: 201 len: 929 time: 0.4878056
2026-07-02 01:32:19.771 9 WARNING neutron.scheduler.dhcp_agent_scheduler [None req-6e8c6a9d-0f9f-4bcd-acea-5299950221b2 947767e62bb44fe1bc59b364f3ba0555 8322189948c74ea0a7086c149ef0c05e - - default default] No more DHCP agents
2026-07-02 01:32:19.774 9 WARNING neutron.api.rpc.agentnotifiers.dhcp_rpc_agent_api [None req-6e8c6a9d-0f9f-4bcd-acea-5299950221b2 947767e62bb44fe1bc59b364f3ba0555 8322189948c74ea0a7086c149ef0c05e - - default default] Unable to schedule network 1c073a7a-63dd-4f15-afc5-205312892138: no agents available; will retry on subsequent port and subnet creation events.
2026-07-02 01:32:20.473 9 INFO neutron.db.ovn_revision_numbers_db [None req-6e8c6a9d-0f9f-4bcd-acea-5299950221b2 947767e62bb44fe1bc59b364f3ba0555 8322189948c74ea0a7086c149ef0c05e - - default default] Successfully bumped revision number for resource 5eeac177-4a05-4e67-beb0-255be1a8a163 (type: ports) to 2
2026-07-02 01:32:20.506 9 INFO neutron.db.ovn_revision_numbers_db [None req-6e8c6a9d-0f9f-4bcd-acea-5299950221b2 947767e62bb44fe1bc59b364f3ba0555 8322189948c74ea0a7086c149ef0c05e - - default default] Successfully bumped revision number for resource e1ccc4d7-6888-4f3b-be2a-9ee62fff7489 (type: subnets) to 0
2026-07-02 01:32:20.522 9 INFO neutron.wsgi [None req-6e8c6a9d-0f9f-4bcd-acea-5299950221b2 947767e62bb44fe1bc59b364f3ba0555 8322189948c74ea0a7086c149ef0c05e - - default default] 10.0.0.113 "POST /v2.0/subnets HTTP/1.1" status: 201 len: 822 time: 0.8756800
2026-07-02 01:32:20.534 9 WARNING neutron.api.v2.base [None req-7bee36a0-ac69-4822-a625-bfd4e8f03242 947767e62bb44fe1bc59b364f3ba0555 8322189948c74ea0a7086c149ef0c05e - - default default] An exception happened while processing the request body. The exception message is [Invalid input for target_tenant. Reason: '1234123412341234123412341234123412341234123412341234123412341234123412341234123412341234123412341234123412341234123412341234123412341234123412341234123412341234123412341234123412341234123412341234123412341234123412341234123412341234123412341234123412341234123412341234123412341234123412341234123412341234123412341234123412341234123412341234123412341234123412341234123412341234123412341234123412341234' exceeds maximum length of 255.].: webob.exc.HTTPBadRequest: Invalid input for target_tenant. Reason: '1234123412341234123412341234123412341234123412341234123412341234123412341234123412341234123412341234123412341234123412341234123412341234123412341234123412341234123412341234123412341234123412341234123412341234123412341234123412341234123412341234123412341234123412341234123412341234123412341234123412341234123412341234123412341234123412341234123412341234123412341234123412341234123412341234123412341234' exceeds maximum length of 255.
2026-07-02 01:32:20.534 9 INFO neutron.api.v2.resource [None req-7bee36a0-ac69-4822-a625-bfd4e8f03242 947767e62bb44fe1bc59b364f3ba0555 8322189948c74ea0a7086c149ef0c05e - - default default] create failed (client error): Invalid input for target_tenant. Reason: '1234123412341234123412341234123412341234123412341234123412341234123412341234123412341234123412341234123412341234123412341234123412341234123412341234123412341234123412341234123412341234123412341234123412341234123412341234123412341234123412341234123412341234123412341234123412341234123412341234123412341234123412341234123412341234123412341234123412341234123412341234123412341234123412341234123412341234' exceeds maximum length of 255.
2026-07-02 01:32:20.536 9 INFO neutron.wsgi [None req-7bee36a0-ac69-4822-a625-bfd4e8f03242 947767e62bb44fe1bc59b364f3ba0555 8322189948c74ea0a7086c149ef0c05e - - default default] 10.0.0.113 "POST /v2.0/rbac-policies HTTP/1.1" status: 400 len: 750 time: 0.0074272
2026-07-02 01:32:21.128 10 INFO neutron.services.segments.plugin [-] Segment 2a1083f4-4c9f-405b-9c6b-5b8fdfb0c2bf resource provider aggregate not found
2026-07-02 01:32:21.136 10 INFO neutron.services.segments.plugin [-] Segment 2a1083f4-4c9f-405b-9c6b-5b8fdfb0c2bf resource provider aggregate not found
2026-07-02 01:32:21.151 10 INFO neutron.services.segments.plugin [-] Segment 2a1083f4-4c9f-405b-9c6b-5b8fdfb0c2bf resource provider not found; error: Placement Client Error (4xx): {"errors": [{"status": 404, "title": "Not Found", "detail": "The resource could not be found.\n\n No resource provider with uuid 2a1083f4-4c9f-405b-9c6b-5b8fdfb0c2bf found for delete ", "request_id": "req-22a7ad22-2b8a-4b85-b738-1b8cf8f12bcf"}]}
2026-07-02 01:32:21.160 10 INFO neutron.wsgi [None req-210ac221-6eee-4ae2-b82f-754d14eb45f2 947767e62bb44fe1bc59b364f3ba0555 8322189948c74ea0a7086c149ef0c05e - - default default] 10.0.0.113 "DELETE /v2.0/networks/1c073a7a-63dd-4f15-afc5-205312892138 HTTP/1.1" status: 204 len: 168 time: 0.6202085
2026-07-02 01:32:21.161 10 INFO neutron.services.segments.plugin [-] Segment 2a1083f4-4c9f-405b-9c6b-5b8fdfb0c2bf resource provider not found; error: Placement Client Error (4xx): {"errors": [{"status": 404, "title": "Not Found", "detail": "The resource could not be found.\n\n No resource provider with uuid 2a1083f4-4c9f-405b-9c6b-5b8fdfb0c2bf found for delete ", "request_id": "req-eecb29db-323d-45a2-9873-f1d3a87cc074"}]}
2026-07-02 01:32:21.259 9 INFO neutron.db.segments_db [None req-6355624f-4629-4934-acec-aef844cf3849 947767e62bb44fe1bc59b364f3ba0555 8322189948c74ea0a7086c149ef0c05e - - default default] Added segment 06048f49-11cc-4cd0-9532-fa1e252cbe47 of type geneve for network fe3b723d-6f78-4d78-a54c-714e25272806
2026-07-02 01:32:21.405 9 INFO neutron.db.ovn_revision_numbers_db [None req-6355624f-4629-4934-acec-aef844cf3849 947767e62bb44fe1bc59b364f3ba0555 8322189948c74ea0a7086c149ef0c05e - - default default] Successfully bumped revision number for resource fe3b723d-6f78-4d78-a54c-714e25272806 (type: networks) to 1
2026-07-02 01:32:21.597 9 WARNING neutron.scheduler.dhcp_agent_scheduler [None req-6355624f-4629-4934-acec-aef844cf3849 947767e62bb44fe1bc59b364f3ba0555 8322189948c74ea0a7086c149ef0c05e - - default default] No more DHCP agents
2026-07-02 01:32:21.599 9 WARNING neutron.api.rpc.agentnotifiers.dhcp_rpc_agent_api [None req-6355624f-4629-4934-acec-aef844cf3849 947767e62bb44fe1bc59b364f3ba0555 8322189948c74ea0a7086c149ef0c05e - - default default] Unable to schedule network fe3b723d-6f78-4d78-a54c-714e25272806: no agents available; will retry on subsequent port and subnet creation events.
2026-07-02 01:32:21.676 9 INFO neutron.db.ovn_revision_numbers_db [None req-6355624f-4629-4934-acec-aef844cf3849 947767e62bb44fe1bc59b364f3ba0555 8322189948c74ea0a7086c149ef0c05e - - default default] Successfully bumped revision number for resource d0b2dd5d-4f98-436b-b142-ecd9c26ce4d5 (type: ports) to 1
2026-07-02 01:32:21.699 9 INFO neutron.wsgi [None req-6355624f-4629-4934-acec-aef844cf3849 947767e62bb44fe1bc59b364f3ba0555 8322189948c74ea0a7086c149ef0c05e - - default default] 10.0.0.113 "POST /v2.0/networks HTTP/1.1" status: 201 len: 928 time: 0.5304654
2026-07-02 01:32:21.869 9 WARNING neutron.scheduler.dhcp_agent_scheduler [None req-fc5d74f6-9b3b-48e3-b20c-08084833237e 947767e62bb44fe1bc59b364f3ba0555 8322189948c74ea0a7086c149ef0c05e - - default default] No more DHCP agents
2026-07-02 01:32:21.872 9 WARNING neutron.api.rpc.agentnotifiers.dhcp_rpc_agent_api [None req-fc5d74f6-9b3b-48e3-b20c-08084833237e 947767e62bb44fe1bc59b364f3ba0555 8322189948c74ea0a7086c149ef0c05e - - default default] Unable to schedule network fe3b723d-6f78-4d78-a54c-714e25272806: no agents available; will retry on subsequent port and subnet creation events.
2026-07-02 01:32:22.387 9 INFO neutron.db.ovn_revision_numbers_db [None req-fc5d74f6-9b3b-48e3-b20c-08084833237e 947767e62bb44fe1bc59b364f3ba0555 8322189948c74ea0a7086c149ef0c05e - - default default] Successfully bumped revision number for resource d0b2dd5d-4f98-436b-b142-ecd9c26ce4d5 (type: ports) to 2
2026-07-02 01:32:22.426 9 INFO neutron.db.ovn_revision_numbers_db [None req-fc5d74f6-9b3b-48e3-b20c-08084833237e 947767e62bb44fe1bc59b364f3ba0555 8322189948c74ea0a7086c149ef0c05e - - default default] Successfully bumped revision number for resource 093954b6-12a7-4835-a953-e59e6e4f16e1 (type: subnets) to 0
2026-07-02 01:32:22.440 9 INFO neutron.wsgi [None req-fc5d74f6-9b3b-48e3-b20c-08084833237e 947767e62bb44fe1bc59b364f3ba0555 8322189948c74ea0a7086c149ef0c05e - - default default] 10.0.0.113 "POST /v2.0/subnets HTTP/1.1" status: 201 len: 822 time: 0.7338483
2026-07-02 01:32:22.752 9 INFO neutron.wsgi [None req-02933774-9180-462c-b84f-4317e02ee52d 947767e62bb44fe1bc59b364f3ba0555 8322189948c74ea0a7086c149ef0c05e - - default default] 10.0.0.113 "POST /v2.0/rbac-policies HTTP/1.1" status: 201 len: 523 time: 0.3070974
2026-07-02 01:32:23.251 10 INFO neutron.wsgi [None req-b6acde23-3bf3-4bad-af75-97fd3ed779dc 4457c85670dc4f7c92ffd08dbe6eb2ea 3411958cc1dd4be1b8cd6e01317b857b - - default default] 10.0.0.113 "GET /v2.0/networks/fe3b723d-6f78-4d78-a54c-714e25272806 HTTP/1.1" status: 200 len: 848 time: 0.1232748
2026-07-02 01:32:23.488 10 INFO neutron.wsgi [req-442c0949-3450-428a-8094-12d361fe4c0d req-d08bbca2-8da1-4498-8073-e3ad1918200c 657d54396dd145698aabc27283434471 4d55105c14ae432b92919c20267e0451 - - default default] 10.0.0.227 "GET /v2.0/security-groups?id=da169223-2811-44df-a47d-e2cc96b95db4&fields=id HTTP/1.1" status: 200 len: 267 time: 0.0369451
2026-07-02 01:32:23.555 10 INFO neutron.wsgi [req-442c0949-3450-428a-8094-12d361fe4c0d req-d44e7450-c90c-405f-bc84-08ce111bfb90 657d54396dd145698aabc27283434471 4d55105c14ae432b92919c20267e0451 - - default default] 10.0.0.227 "GET /v2.0/networks?id=e060a962-e098-48e6-9f88-7567d55e3dab HTTP/1.1" status: 200 len: 937 time: 0.0619559
2026-07-02 01:32:23.573 10 INFO neutron.wsgi [req-442c0949-3450-428a-8094-12d361fe4c0d req-7b54d114-2517-473b-91c3-36799e1868bb 657d54396dd145698aabc27283434471 4d55105c14ae432b92919c20267e0451 - - default default] 10.0.0.227 "GET /v2.0/quotas/4d55105c14ae432b92919c20267e0451 HTTP/1.1" status: 200 len: 490 time: 0.0107629
2026-07-02 01:32:23.639 10 INFO neutron.wsgi [req-442c0949-3450-428a-8094-12d361fe4c0d req-74ca1d04-5ec2-45eb-b951-c93649d0dbba 657d54396dd145698aabc27283434471 4d55105c14ae432b92919c20267e0451 - - default default] 10.0.0.227 "GET /v2.0/ports?tenant_id=4d55105c14ae432b92919c20267e0451&fields=id HTTP/1.1" status: 200 len: 348 time: 0.0583365
2026-07-02 01:32:23.665 9 INFO neutron.pecan_wsgi.hooks.translation [None req-a0e22bdc-7f49-4765-a8ef-8719a671aa80 a3f3802e870145d99f9bf04f3217a974 c5d4a7b3352d46739ec03a1e8756b4f1 - - default default] GET failed (client error): The resource could not be found.
2026-07-02 01:32:23.667 9 INFO neutron.wsgi [None req-a0e22bdc-7f49-4765-a8ef-8719a671aa80 a3f3802e870145d99f9bf04f3217a974 c5d4a7b3352d46739ec03a1e8756b4f1 - - default default] 10.0.0.113 "GET /v2.0/networks/fe3b723d-6f78-4d78-a54c-714e25272806 HTTP/1.1" status: 404 len: 339 time: 0.0715163
2026-07-02 01:32:23.790 10 INFO neutron.wsgi [req-442c0949-3450-428a-8094-12d361fe4c0d req-0e32d8eb-b213-403a-8a9a-b14fa810cd34 0de34a0817624ac88103cd0a8b7efde7 c08a9b9706ca494387a82307446407e4 - - ea86e87f318c4fa7864c2d1f9988028c ea86e87f318c4fa7864c2d1f9988028c] 10.0.0.227 "GET /v2.0/networks/e060a962-e098-48e6-9f88-7567d55e3dab?fields=segments HTTP/1.1" status: 200 len: 212 time: 0.1366949
2026-07-02 01:32:23.867 10 INFO neutron.wsgi [req-442c0949-3450-428a-8094-12d361fe4c0d req-10f78783-5e6f-4c68-97a2-44b65aabde0f 0de34a0817624ac88103cd0a8b7efde7 c08a9b9706ca494387a82307446407e4 - - ea86e87f318c4fa7864c2d1f9988028c ea86e87f318c4fa7864c2d1f9988028c] 10.0.0.227 "GET /v2.0/networks/e060a962-e098-48e6-9f88-7567d55e3dab?fields=provider%3Aphysical_network&fields=provider%3Anetwork_type HTTP/1.1" status: 200 len: 277 time: 0.0626504
2026-07-02 01:32:24.199 9 INFO neutron.wsgi [-] 10.0.0.47 "GET / HTTP/1.1" status: 200 len: 246 time: 0.0031803
2026-07-02 01:32:24.205 9 INFO neutron.wsgi [-] 10.0.0.47 "GET / HTTP/1.1" status: 200 len: 246 time: 0.0048175
2026-07-02 01:32:24.320 10 INFO neutron.services.segments.plugin [-] Segment 06048f49-11cc-4cd0-9532-fa1e252cbe47 resource provider aggregate not found
2026-07-02 01:32:24.327 10 INFO neutron.services.segments.plugin [-] Segment 06048f49-11cc-4cd0-9532-fa1e252cbe47 resource provider aggregate not found
2026-07-02 01:32:24.331 10 INFO neutron.services.segments.plugin [-] Segment 06048f49-11cc-4cd0-9532-fa1e252cbe47 resource provider not found; error: Placement Client Error (4xx): {"errors": [{"status": 404, "title": "Not Found", "detail": "The resource could not be found.\n\n No resource provider with uuid 06048f49-11cc-4cd0-9532-fa1e252cbe47 found for delete ", "request_id": "req-6808e60b-1062-421f-98e3-51827cec0d58"}]}
2026-07-02 01:32:24.336 10 INFO neutron.services.segments.plugin [-] Segment 06048f49-11cc-4cd0-9532-fa1e252cbe47 resource provider not found; error: Placement Client Error (4xx): {"errors": [{"status": 404, "title": "Not Found", "detail": "The resource could not be found.\n\n No resource provider with uuid 06048f49-11cc-4cd0-9532-fa1e252cbe47 found for delete ", "request_id": "req-8d86f5f7-874d-4b62-b12d-fe7ba0af00a3"}]}
2026-07-02 01:32:24.366 10 INFO neutron.wsgi [None req-54ff1655-c515-4948-9221-756663f80c7f 947767e62bb44fe1bc59b364f3ba0555 8322189948c74ea0a7086c149ef0c05e - - default default] 10.0.0.113 "DELETE /v2.0/networks/fe3b723d-6f78-4d78-a54c-714e25272806 HTTP/1.1" status: 204 len: 168 time: 0.6903903
2026-07-02 01:32:24.387 9 INFO neutron.pecan_wsgi.hooks.translation [None req-cda458ed-c2f0-4a1e-b9f5-042e97c0b58c 947767e62bb44fe1bc59b364f3ba0555 8322189948c74ea0a7086c149ef0c05e - - default default] DELETE failed (client error): The resource could not be found.
2026-07-02 01:32:24.389 9 INFO neutron.wsgi [None req-cda458ed-c2f0-4a1e-b9f5-042e97c0b58c 947767e62bb44fe1bc59b364f3ba0555 8322189948c74ea0a7086c149ef0c05e - - default default] 10.0.0.113 "DELETE /v2.0/subnets/5e269d6f-82b8-4534-ac8c-497ce1f137dd HTTP/1.1" status: 404 len: 337 time: 0.0183415
2026-07-02 01:32:24.407 9 INFO neutron.pecan_wsgi.hooks.translation [None req-a5cadbe9-aaa1-4138-a758-e895fbd69567 947767e62bb44fe1bc59b364f3ba0555 8322189948c74ea0a7086c149ef0c05e - - default default] DELETE failed (client error): The resource could not be found.
2026-07-02 01:32:24.409 9 INFO neutron.wsgi [None req-a5cadbe9-aaa1-4138-a758-e895fbd69567 947767e62bb44fe1bc59b364f3ba0555 8322189948c74ea0a7086c149ef0c05e - - default default] 10.0.0.113 "DELETE /v2.0/subnets/e1ccc4d7-6888-4f3b-be2a-9ee62fff7489 HTTP/1.1" status: 404 len: 337 time: 0.0158317
2026-07-02 01:32:24.427 9 INFO neutron.pecan_wsgi.hooks.translation [None req-2177f531-2f29-4dc1-b76e-bdd5cbdf6997 947767e62bb44fe1bc59b364f3ba0555 8322189948c74ea0a7086c149ef0c05e - - default default] DELETE failed (client error): The resource could not be found.
2026-07-02 01:32:24.430 9 INFO neutron.wsgi [None req-2177f531-2f29-4dc1-b76e-bdd5cbdf6997 947767e62bb44fe1bc59b364f3ba0555 8322189948c74ea0a7086c149ef0c05e - - default default] 10.0.0.113 "DELETE /v2.0/subnets/093954b6-12a7-4835-a953-e59e6e4f16e1 HTTP/1.1" status: 404 len: 337 time: 0.0155900
2026-07-02 01:32:24.430 10 INFO neutron.wsgi [req-a54c9c36-cf1c-4dda-8a21-277e70edd2f1 req-1c3a19d8-88f1-4c1f-b7d4-fdb7a804aea1 657d54396dd145698aabc27283434471 4d55105c14ae432b92919c20267e0451 - - default default] 10.0.0.227 "GET /v2.0/ports?device_id=80b1a03f-44d1-4d29-a9cc-c5b22581485b HTTP/1.1" status: 200 len: 210 time: 0.0299764
2026-07-02 01:32:24.473 9 INFO neutron.db.ovn_revision_numbers_db [None req-9dfca76a-ce8e-4b55-a999-5b5031b4fe17 657d54396dd145698aabc27283434471 4d55105c14ae432b92919c20267e0451 - - default default] Successfully bumped revision number for resource 934e0acf-d800-4af4-9a2f-5515d346713a (type: security_groups) to 1
2026-07-02 01:32:24.488 9 INFO neutron.db.ovn_revision_numbers_db [None req-9dfca76a-ce8e-4b55-a999-5b5031b4fe17 657d54396dd145698aabc27283434471 4d55105c14ae432b92919c20267e0451 - - default default] Successfully bumped revision number for resource 1678012d-37e7-4293-8a28-ba8127bda3f5 (type: security_group_rules) to 0
2026-07-02 01:32:24.494 10 INFO neutron.wsgi [req-136ee285-5dde-4395-944c-92861d9360a0 req-a9512538-cc97-4178-97c9-f53a78049c45 657d54396dd145698aabc27283434471 4d55105c14ae432b92919c20267e0451 - - default default] 10.0.0.227 "GET /v2.0/ports?device_id=80b1a03f-44d1-4d29-a9cc-c5b22581485b HTTP/1.1" status: 200 len: 210 time: 0.0238409
2026-07-02 01:32:24.505 9 INFO neutron.db.ovn_revision_numbers_db [None req-9dfca76a-ce8e-4b55-a999-5b5031b4fe17 657d54396dd145698aabc27283434471 4d55105c14ae432b92919c20267e0451 - - default default] Successfully bumped revision number for resource 721044a0-302a-45bd-9b31-4b0c7ef4f0d7 (type: security_group_rules) to 0
2026-07-02 01:32:24.528 9 INFO neutron.db.ovn_revision_numbers_db [None req-9dfca76a-ce8e-4b55-a999-5b5031b4fe17 657d54396dd145698aabc27283434471 4d55105c14ae432b92919c20267e0451 - - default default] Successfully bumped revision number for resource bc863c1c-6248-41b0-ba30-a1d6c76d83c1 (type: security_group_rules) to 0
2026-07-02 01:32:24.545 9 INFO neutron.db.ovn_revision_numbers_db [None req-9dfca76a-ce8e-4b55-a999-5b5031b4fe17 657d54396dd145698aabc27283434471 4d55105c14ae432b92919c20267e0451 - - default default] Successfully bumped revision number for resource fa40f8da-424f-40e1-b1b2-e5ee871b8682 (type: security_group_rules) to 0
2026-07-02 01:32:24.565 9 INFO neutron.wsgi [None req-9dfca76a-ce8e-4b55-a999-5b5031b4fe17 657d54396dd145698aabc27283434471 4d55105c14ae432b92919c20267e0451 - - default default] 10.0.0.113 "GET /v2.0/security-groups?tenant_id=a8beff8cd7474e7ea5535015332ecded&name=default HTTP/1.1" status: 200 len: 3120 time: 0.3996964
2026-07-02 01:32:24.795 9 INFO neutron.wsgi [None req-c030d64e-fa12-4089-89b6-3c85203f58d5 657d54396dd145698aabc27283434471 4d55105c14ae432b92919c20267e0451 - - default default] 10.0.0.113 "DELETE /v2.0/security-groups/934e0acf-d800-4af4-9a2f-5515d346713a HTTP/1.1" status: 204 len: 168 time: 0.2245674
2026-07-02 01:32:24.995 9 INFO neutron.wsgi [req-442c0949-3450-428a-8094-12d361fe4c0d req-4f63f2c7-2808-4ff7-a6be-54eff4cad123 657d54396dd145698aabc27283434471 4d55105c14ae432b92919c20267e0451 - - default default] 199.204.45.227 "GET /v2.0/networks?id=e060a962-e098-48e6-9f88-7567d55e3dab HTTP/1.1" status: 200 len: 937 time: 0.0591941
2026-07-02 01:32:25.060 9 INFO neutron.wsgi [req-442c0949-3450-428a-8094-12d361fe4c0d req-229adcd7-b020-4688-8b81-fdf6d783644a 657d54396dd145698aabc27283434471 4d55105c14ae432b92919c20267e0451 - - default default] 199.204.45.227 "GET /v2.0/security-groups?fields=id&fields=name&tenant_id=4d55105c14ae432b92919c20267e0451 HTTP/1.1" status: 200 len: 542 time: 0.0565665
2026-07-02 01:32:25.327 9 WARNING neutron.scheduler.dhcp_agent_scheduler [req-442c0949-3450-428a-8094-12d361fe4c0d req-899f20a7-5192-4939-99fd-c428975a0ee5 657d54396dd145698aabc27283434471 4d55105c14ae432b92919c20267e0451 - - default default] No more DHCP agents
2026-07-02 01:32:25.329 9 WARNING neutron.api.rpc.agentnotifiers.dhcp_rpc_agent_api [req-442c0949-3450-428a-8094-12d361fe4c0d req-899f20a7-5192-4939-99fd-c428975a0ee5 657d54396dd145698aabc27283434471 4d55105c14ae432b92919c20267e0451 - - default default] Unable to schedule network e060a962-e098-48e6-9f88-7567d55e3dab: no agents available; will retry on subsequent port and subnet creation events.
2026-07-02 01:32:25.491 9 INFO neutron.db.ovn_revision_numbers_db [req-442c0949-3450-428a-8094-12d361fe4c0d req-899f20a7-5192-4939-99fd-c428975a0ee5 657d54396dd145698aabc27283434471 4d55105c14ae432b92919c20267e0451 - - default default] Successfully bumped revision number for resource 7555c890-f12d-454a-ab04-58f86ec0ca8a (type: ports) to 1
2026-07-02 01:32:25.495 10 INFO neutron.db.ovn_revision_numbers_db [None req-3b1dc514-c4a0-4606-a9da-ea206bbb49b8 657d54396dd145698aabc27283434471 4d55105c14ae432b92919c20267e0451 - - default default] Successfully bumped revision number for resource bad3ae30-c982-414d-a337-0df291890f46 (type: security_groups) to 1
2026-07-02 01:32:25.508 10 INFO neutron.db.ovn_revision_numbers_db [None req-3b1dc514-c4a0-4606-a9da-ea206bbb49b8 657d54396dd145698aabc27283434471 4d55105c14ae432b92919c20267e0451 - - default default] Successfully bumped revision number for resource 2895e880-15c5-476b-9370-153e5125a5ec (type: security_group_rules) to 0
2026-07-02 01:32:25.512 9 INFO neutron.wsgi [req-442c0949-3450-428a-8094-12d361fe4c0d req-899f20a7-5192-4939-99fd-c428975a0ee5 657d54396dd145698aabc27283434471 4d55105c14ae432b92919c20267e0451 - - default default] 199.204.45.227 "POST /v2.0/ports HTTP/1.1" status: 201 len: 1283 time: 0.4460254 /var/lib/openstack/lib/python3.10/site-packages/pycadf/identifier.py:71: UserWarning: Invalid uuid: neutron. To ensure interoperability, identifiers should be a valid uuid. warnings.warn(('Invalid uuid: %s. To ensure interoperability, '
2026-07-02 01:32:25.526 10 INFO neutron.db.ovn_revision_numbers_db [None req-3b1dc514-c4a0-4606-a9da-ea206bbb49b8 657d54396dd145698aabc27283434471 4d55105c14ae432b92919c20267e0451 - - default default] Successfully bumped revision number for resource 344983d4-9933-46c7-837e-1853490e2ddd (type: security_group_rules) to 0
2026-07-02 01:32:25.543 10 INFO neutron.db.ovn_revision_numbers_db [None req-3b1dc514-c4a0-4606-a9da-ea206bbb49b8 657d54396dd145698aabc27283434471 4d55105c14ae432b92919c20267e0451 - - default default] Successfully bumped revision number for resource 5d03e78f-d302-4834-af25-1a652e5eeaa4 (type: security_group_rules) to 0
2026-07-02 01:32:25.555 10 INFO neutron.db.ovn_revision_numbers_db [None req-3b1dc514-c4a0-4606-a9da-ea206bbb49b8 657d54396dd145698aabc27283434471 4d55105c14ae432b92919c20267e0451 - - default default] Successfully bumped revision number for resource bd71e063-8849-4b3b-8c9a-37bc1f451a59 (type: security_group_rules) to 0
2026-07-02 01:32:25.576 10 INFO neutron.wsgi [None req-3b1dc514-c4a0-4606-a9da-ea206bbb49b8 657d54396dd145698aabc27283434471 4d55105c14ae432b92919c20267e0451 - - default default] 10.0.0.113 "GET /v2.0/security-groups?tenant_id=3411958cc1dd4be1b8cd6e01317b857b&name=default HTTP/1.1" status: 200 len: 3120 time: 0.3635447
2026-07-02 01:32:25.808 10 INFO neutron.wsgi [None req-fbcc60af-738a-4459-a13e-0541eecc26e6 657d54396dd145698aabc27283434471 4d55105c14ae432b92919c20267e0451 - - default default] 10.0.0.113 "DELETE /v2.0/security-groups/bad3ae30-c982-414d-a337-0df291890f46 HTTP/1.1" status: 204 len: 168 time: 0.2256949
2026-07-02 01:32:25.959 10 INFO neutron.wsgi [None req-6b5147ae-7174-48c7-83a5-b64d1d65c3a3 657d54396dd145698aabc27283434471 4d55105c14ae432b92919c20267e0451 - - default default] 10.0.0.113 "GET /v2.0/security-groups?tenant_id=8322189948c74ea0a7086c149ef0c05e&name=default HTTP/1.1" status: 200 len: 3120 time: 0.0429428
2026-07-02 01:32:26.017 9 INFO neutron.db.ovn_revision_numbers_db [req-442c0949-3450-428a-8094-12d361fe4c0d req-8ccebdd9-50d1-4298-a65e-b091b70a81d8 0de34a0817624ac88103cd0a8b7efde7 c08a9b9706ca494387a82307446407e4 - - ea86e87f318c4fa7864c2d1f9988028c ea86e87f318c4fa7864c2d1f9988028c] Successfully bumped revision number for resource 7555c890-f12d-454a-ab04-58f86ec0ca8a (type: ports) to 2
2026-07-02 01:32:26.176 10 INFO neutron.wsgi [None req-53cdbe1c-f487-41f9-b274-1a7b8ebfd699 657d54396dd145698aabc27283434471 4d55105c14ae432b92919c20267e0451 - - default default] 10.0.0.113 "DELETE /v2.0/security-groups/ddc5e91a-1799-4445-9882-ddd4c0dc5d6d HTTP/1.1" status: 204 len: 168 time: 0.2145200
2026-07-02 01:32:26.221 9 INFO neutron.db.ovn_revision_numbers_db [req-442c0949-3450-428a-8094-12d361fe4c0d req-8ccebdd9-50d1-4298-a65e-b091b70a81d8 0de34a0817624ac88103cd0a8b7efde7 c08a9b9706ca494387a82307446407e4 - - ea86e87f318c4fa7864c2d1f9988028c ea86e87f318c4fa7864c2d1f9988028c] Successfully bumped revision number for resource 7555c890-f12d-454a-ab04-58f86ec0ca8a (type: ports) to 2
2026-07-02 01:32:26.240 9 INFO neutron.wsgi [req-442c0949-3450-428a-8094-12d361fe4c0d req-8ccebdd9-50d1-4298-a65e-b091b70a81d8 0de34a0817624ac88103cd0a8b7efde7 c08a9b9706ca494387a82307446407e4 - - ea86e87f318c4fa7864c2d1f9988028c ea86e87f318c4fa7864c2d1f9988028c] 199.204.45.227 "PUT /v2.0/ports/7555c890-f12d-454a-ab04-58f86ec0ca8a HTTP/1.1" status: 200 len: 1380 time: 0.7203486 /var/lib/openstack/lib/python3.10/site-packages/pycadf/identifier.py:71: UserWarning: Invalid uuid: neutron. To ensure interoperability, identifiers should be a valid uuid. warnings.warn(('Invalid uuid: %s. To ensure interoperability, '
2026-07-02 01:32:26.287 9 INFO neutron.notifiers.nova [-] Nova event matching ['req-232d9744-7772-4943-81a0-f0c8a06fcecb'] response: {'name': 'network-changed', 'server_uuid': '80b1a03f-44d1-4d29-a9cc-c5b22581485b', 'tag': '7555c890-f12d-454a-ab04-58f86ec0ca8a', 'status': 'completed', 'code': 200}
2026-07-02 01:32:26.321 9 INFO neutron.wsgi [req-442c0949-3450-428a-8094-12d361fe4c0d req-df42b0ee-b17b-47f4-af48-37f505b96583 0de34a0817624ac88103cd0a8b7efde7 c08a9b9706ca494387a82307446407e4 - - ea86e87f318c4fa7864c2d1f9988028c ea86e87f318c4fa7864c2d1f9988028c] 199.204.45.227 "GET /v2.0/ports?tenant_id=4d55105c14ae432b92919c20267e0451&device_id=80b1a03f-44d1-4d29-a9cc-c5b22581485b HTTP/1.1" status: 200 len: 1411 time: 0.0489504
2026-07-02 01:32:26.356 9 INFO neutron.wsgi [req-442c0949-3450-428a-8094-12d361fe4c0d req-c752061e-da59-4c3d-81c7-0a6e1f7a16f6 0de34a0817624ac88103cd0a8b7efde7 c08a9b9706ca494387a82307446407e4 - - ea86e87f318c4fa7864c2d1f9988028c ea86e87f318c4fa7864c2d1f9988028c] 199.204.45.227 "GET /v2.0/floatingips?fixed_ip_address=172.24.1.26&port_id=7555c890-f12d-454a-ab04-58f86ec0ca8a HTTP/1.1" status: 200 len: 217 time: 0.0261362
