2026-07-02 01:29:29.301 9 INFO neutron.wsgi [None req-9b4825c6-e65e-4295-8193-85b6a8adc33f f1fb6779f3484792b5837041cbe01949 56ad8524094b4e24a14b3d9f0f44317b - - default default] 10.0.0.113 "DELETE /v2.0/subnets/91a159d6-7665-4ba2-bf9b-eb6c41471674 HTTP/1.1" status: 204 len: 168 time: 0.2126765
2026-07-02 01:29:29.430 9 INFO neutron.db.ovn_revision_numbers_db [None req-aa4d477f-5267-48b5-a789-1ff5b7a19520 909b435a231a4d558576ad6ab59ddff4 707231c5cbbe48d49beed31d375a6f5d - - default default] Successfully bumped revision number for resource 81d5e01e-d84a-405a-9671-3064a424ac99 (type: security_group_rules) to 0
2026-07-02 01:29:29.467 9 INFO neutron.wsgi [None req-aa4d477f-5267-48b5-a789-1ff5b7a19520 909b435a231a4d558576ad6ab59ddff4 707231c5cbbe48d49beed31d375a6f5d - - default default] 10.0.0.113 "POST /v2.0/security-group-rules HTTP/1.1" status: 201 len: 801 time: 0.2614532
2026-07-02 01:29:29.482 10 INFO neutron.plugins.ml2.drivers.ovn.mech_driver.mech_driver [None req-7d81014b-6cd9-48b4-9576-ba2cbd78b993 - - - - - -] OVN reports status up for port: 749f3458-1a36-4df2-a3ce-92c841d1ffc2
2026-07-02 01:29:29.492 9 INFO neutron.wsgi [None req-5f6c977e-cac0-4f61-b02a-8f1ed7611fd2 909b435a231a4d558576ad6ab59ddff4 707231c5cbbe48d49beed31d375a6f5d - - default default] 10.0.0.113 "GET /v2.0/security-group-rules/81d5e01e-d84a-405a-9671-3064a424ac99 HTTP/1.1" status: 200 len: 796 time: 0.0195618
2026-07-02 01:29:29.494 10 INFO neutron.plugins.ml2.plugin [None req-7d81014b-6cd9-48b4-9576-ba2cbd78b993 - - - - - -] Attempt 1 to provision port 749f3458-1a36-4df2-a3ce-92c841d1ffc2
2026-07-02 01:29:29.517 10 INFO neutron.db.ovn_revision_numbers_db [None req-8551aac3-af40-489f-9444-368cec8291ae 657d54396dd145698aabc27283434471 4d55105c14ae432b92919c20267e0451 - - default default] Successfully bumped revision number for resource 749f3458-1a36-4df2-a3ce-92c841d1ffc2 (type: ports) to 1
2026-07-02 01:29:29.573 9 INFO neutron.wsgi [None req-2d40bfd6-0d99-44ef-89e5-fd3b56bda6d9 909b435a231a4d558576ad6ab59ddff4 707231c5cbbe48d49beed31d375a6f5d - - default default] 10.0.0.113 "GET /v2.0/security-group-rules HTTP/1.1" status: 200 len: 4334 time: 0.0738502
2026-07-02 01:29:29.630 10 WARNING neutron.scheduler.dhcp_agent_scheduler [None req-8551aac3-af40-489f-9444-368cec8291ae 657d54396dd145698aabc27283434471 4d55105c14ae432b92919c20267e0451 - - default default] No more DHCP agents
2026-07-02 01:29:29.634 10 WARNING neutron.api.rpc.agentnotifiers.dhcp_rpc_agent_api [None req-8551aac3-af40-489f-9444-368cec8291ae 657d54396dd145698aabc27283434471 4d55105c14ae432b92919c20267e0451 - - default default] Unable to schedule network 8449d312-cc74-4b63-8208-1031874bd8bd: no agents available; will retry on subsequent port and subnet creation events.
2026-07-02 01:29:29.733 9 INFO neutron.wsgi [None req-f4fbd7ed-277d-4c14-8b10-dc3c9b00617c 909b435a231a4d558576ad6ab59ddff4 707231c5cbbe48d49beed31d375a6f5d - - default default] 10.0.0.113 "DELETE /v2.0/security-group-rules/81d5e01e-d84a-405a-9671-3064a424ac99 HTTP/1.1" status: 204 len: 168 time: 0.1543915
2026-07-02 01:29:29.736 10 INFO neutron.db.ovn_revision_numbers_db [None req-6d321c7b-c261-4042-a081-2d3f93102916 - - - - - -] Successfully bumped revision number for resource e35a0b1e-f416-4ceb-93f5-f7144e593b9e (type: ports) to 4
2026-07-02 01:29:29.756 9 INFO neutron.wsgi [None req-2852d2af-4bcb-4f83-9e0f-b648b07c4931 f1fb6779f3484792b5837041cbe01949 56ad8524094b4e24a14b3d9f0f44317b - - default default] 10.0.0.113 "DELETE /v2.0/networks/4c24138f-20f8-457f-946d-8a4a99211265 HTTP/1.1" status: 204 len: 168 time: 0.4495623
2026-07-02 01:29:29.804 9 INFO neutron.wsgi [None req-c12facef-950f-4581-90bb-903e22623b4d 909b435a231a4d558576ad6ab59ddff4 707231c5cbbe48d49beed31d375a6f5d - - default default] 10.0.0.113 "GET /v2.0/security-group-rules HTTP/1.1" status: 200 len: 3755 time: 0.0646179
2026-07-02 01:29:29.918 9 INFO neutron.wsgi [None req-7e5187d1-f5cb-46fc-ae61-c733cee5b188 909b435a231a4d558576ad6ab59ddff4 707231c5cbbe48d49beed31d375a6f5d - - default default] 10.0.0.113 "DELETE /v2.0/security-groups/ccf340e2-c220-4b8c-98e7-33d720e3331a HTTP/1.1" status: 204 len: 168 time: 0.1103780
2026-07-02 01:29:29.966 9 INFO neutron.wsgi [None req-48c9eb49-7875-4c48-829e-618ec7861ad5 909b435a231a4d558576ad6ab59ddff4 707231c5cbbe48d49beed31d375a6f5d - - default default] 10.0.0.113 "GET /v2.0/security-groups HTTP/1.1" status: 200 len: 3120 time: 0.0429239
2026-07-02 01:29:30.026 9 INFO neutron.wsgi [None req-7c04da16-1287-4281-99af-d93771299812 909b435a231a4d558576ad6ab59ddff4 707231c5cbbe48d49beed31d375a6f5d - - default default] 10.0.0.113 "GET /v2.0/security-groups HTTP/1.1" status: 200 len: 3120 time: 0.0514336
2026-07-02 01:29:30.401 10 INFO neutron.db.ovn_revision_numbers_db [None req-6d321c7b-c261-4042-a081-2d3f93102916 - - - - - -] Successfully bumped revision number for resource e35a0b1e-f416-4ceb-93f5-f7144e593b9e (type: router_ports) to 4
2026-07-02 01:29:30.459 10 INFO neutron.db.ovn_revision_numbers_db [None req-7d81014b-6cd9-48b4-9576-ba2cbd78b993 - - - - - -] Successfully bumped revision number for resource 749f3458-1a36-4df2-a3ce-92c841d1ffc2 (type: ports) to 2
2026-07-02 01:29:30.580 10 INFO neutron.db.ovn_revision_numbers_db [None req-8551aac3-af40-489f-9444-368cec8291ae 657d54396dd145698aabc27283434471 4d55105c14ae432b92919c20267e0451 - - default default] Successfully bumped revision number for resource 749f3458-1a36-4df2-a3ce-92c841d1ffc2 (type: router_ports) to 1
2026-07-02 01:29:30.586 10 INFO neutron.wsgi [None req-8551aac3-af40-489f-9444-368cec8291ae 657d54396dd145698aabc27283434471 4d55105c14ae432b92919c20267e0451 - - default default] 10.0.0.113 "PUT /v2.0/routers/9549ce06-681b-48a8-b25b-9d559ec04632/add_router_interface HTTP/1.1" status: 200 len: 503 time: 3.5367589
2026-07-02 01:29:30.607 9 INFO neutron.services.segments.plugin [-] Segment 20ddcc61-a8d9-4c40-a9a6-a5eda2dc84b6 resource provider aggregate not found
2026-07-02 01:29:30.614 9 INFO neutron.services.segments.plugin [-] Segment 20ddcc61-a8d9-4c40-a9a6-a5eda2dc84b6 resource provider aggregate not found
2026-07-02 01:29:30.623 9 INFO neutron.wsgi [None req-26bb89f8-10de-49af-83d1-1485febf0613 657d54396dd145698aabc27283434471 4d55105c14ae432b92919c20267e0451 - - default default] 10.0.0.113 "GET /v2.0/security-groups?tenant_id=56ad8524094b4e24a14b3d9f0f44317b&name=default HTTP/1.1" status: 200 len: 3120 time: 0.2677910
2026-07-02 01:29:30.637 9 INFO neutron.services.segments.plugin [-] Segment 20ddcc61-a8d9-4c40-a9a6-a5eda2dc84b6 resource provider not found; error: Placement Client Error (4xx): {"errors": [{"status": 404, "title": "Not Found", "detail": "The resource could not be found.\n\n No resource provider with uuid 20ddcc61-a8d9-4c40-a9a6-a5eda2dc84b6 found for delete ", "request_id": "req-35a8d26b-6839-47e5-8453-b51c856b1426"}]}
2026-07-02 01:29:30.638 9 INFO neutron.services.segments.plugin [-] Segment 20ddcc61-a8d9-4c40-a9a6-a5eda2dc84b6 resource provider not found; error: Placement Client Error (4xx): {"errors": [{"status": 404, "title": "Not Found", "detail": "The resource could not be found.\n\n No resource provider with uuid 20ddcc61-a8d9-4c40-a9a6-a5eda2dc84b6 found for delete ", "request_id": "req-77b0efc7-2481-4bdf-86a8-f2d20cceade8"}]}
2026-07-02 01:29:30.654 10 INFO neutron.db.ovn_revision_numbers_db [None req-7d81014b-6cd9-48b4-9576-ba2cbd78b993 - - - - - -] Successfully bumped revision number for resource 749f3458-1a36-4df2-a3ce-92c841d1ffc2 (type: router_ports) to 2
2026-07-02 01:29:30.684 9 INFO neutron.wsgi [None req-72520cbb-2415-4589-a5c3-973c257e9b13 657d54396dd145698aabc27283434471 4d55105c14ae432b92919c20267e0451 - - default default] 10.0.0.113 "GET /v2.0/security-groups?tenant_id=707231c5cbbe48d49beed31d375a6f5d&name=default HTTP/1.1" status: 200 len: 3120 time: 0.0772345
2026-07-02 01:29:30.855 9 INFO neutron.wsgi [None req-57529c1d-20dc-4fbb-bbdb-f5600cc5eefe 657d54396dd145698aabc27283434471 4d55105c14ae432b92919c20267e0451 - - default default] 10.0.0.113 "DELETE /v2.0/security-groups/e3d3302c-960c-467e-ac7c-deb2756603d0 HTTP/1.1" status: 204 len: 168 time: 0.2284360
2026-07-02 01:29:30.888 9 INFO neutron.wsgi [None req-b9618135-e709-4d19-b0ac-a79e16569b78 657d54396dd145698aabc27283434471 4d55105c14ae432b92919c20267e0451 - - default default] 10.0.0.113 "DELETE /v2.0/security-groups/ca6d945e-0b7e-4135-809d-30d47d1df58f HTTP/1.1" status: 204 len: 168 time: 0.1996233
2026-07-02 01:29:31.293 9 WARNING neutron_lib.context [None req-24fe53b7-6ffb-4793-952f-3953190a80cc 3b3b0c9fcdb94df8be1a7e266868208d 8b8984c4636045569956cb8af776fc8b - - default default] Method 'is_advsvc' is deprecated since 2023.2 release (neutron-lib 3.8.0) and will be removed once support for the old RBAC API policies will be removed from Neutron. Please use method 'is_service_role' instead.
2026-07-02 01:29:31.412 9 INFO neutron.db.ovn_revision_numbers_db [None req-24fe53b7-6ffb-4793-952f-3953190a80cc 3b3b0c9fcdb94df8be1a7e266868208d 8b8984c4636045569956cb8af776fc8b - - default default] Successfully bumped revision number for resource fbbef5f3-0837-4426-8fa2-e0146823a7a6 (type: security_groups) to 1
2026-07-02 01:29:31.428 9 INFO neutron.db.ovn_revision_numbers_db [None req-24fe53b7-6ffb-4793-952f-3953190a80cc 3b3b0c9fcdb94df8be1a7e266868208d 8b8984c4636045569956cb8af776fc8b - - default default] Successfully bumped revision number for resource 9ff9e541-87e2-487d-bcde-3b5a4610b1b0 (type: security_group_rules) to 0
2026-07-02 01:29:31.442 9 INFO neutron.db.ovn_revision_numbers_db [None req-24fe53b7-6ffb-4793-952f-3953190a80cc 3b3b0c9fcdb94df8be1a7e266868208d 8b8984c4636045569956cb8af776fc8b - - default default] Successfully bumped revision number for resource a09c8242-8dda-417a-bc38-39dae2d6fdbc (type: security_group_rules) to 0
2026-07-02 01:29:31.464 9 INFO neutron.wsgi [None req-24fe53b7-6ffb-4793-952f-3953190a80cc 3b3b0c9fcdb94df8be1a7e266868208d 8b8984c4636045569956cb8af776fc8b - - default default] 10.0.0.113 "POST /v2.0/security-groups HTTP/1.1" status: 201 len: 1860 time: 0.1783729
2026-07-02 01:29:31.478 10 WARNING neutron_lib.context [None req-cfe54d84-90b4-46b0-bbd5-0ac2aae5f2fd 3b3b0c9fcdb94df8be1a7e266868208d 8b8984c4636045569956cb8af776fc8b - - default default] Method 'is_advsvc' is deprecated since 2023.2 release (neutron-lib 3.8.0) and will be removed once support for the old RBAC API policies will be removed from Neutron. Please use method 'is_service_role' instead.
2026-07-02 01:29:31.646 10 INFO neutron.db.ovn_revision_numbers_db [None req-cfe54d84-90b4-46b0-bbd5-0ac2aae5f2fd 3b3b0c9fcdb94df8be1a7e266868208d 8b8984c4636045569956cb8af776fc8b - - default default] Successfully bumped revision number for resource 6ab924a4-4c69-4f71-93c6-7c0ee0ec1b7e (type: security_group_rules) to 0
2026-07-02 01:29:31.676 10 INFO neutron.wsgi [None req-cfe54d84-90b4-46b0-bbd5-0ac2aae5f2fd 3b3b0c9fcdb94df8be1a7e266868208d 8b8984c4636045569956cb8af776fc8b - - default default] 10.0.0.113 "POST /v2.0/security-group-rules HTTP/1.1" status: 201 len: 796 time: 0.2031627
2026-07-02 01:29:31.686 10 WARNING neutron_lib.context [None req-ab9eb365-70ef-480d-be7a-ca97d909129a 3b3b0c9fcdb94df8be1a7e266868208d 8b8984c4636045569956cb8af776fc8b - - default default] Method 'is_advsvc' is deprecated since 2023.2 release (neutron-lib 3.8.0) and will be removed once support for the old RBAC API policies will be removed from Neutron. Please use method 'is_service_role' instead.
2026-07-02 01:29:31.808 10 INFO neutron.db.ovn_revision_numbers_db [None req-ab9eb365-70ef-480d-be7a-ca97d909129a 3b3b0c9fcdb94df8be1a7e266868208d 8b8984c4636045569956cb8af776fc8b - - default default] Successfully bumped revision number for resource 34e17aea-dbff-403c-ac10-2586d11c199b (type: security_group_rules) to 0
2026-07-02 01:29:31.836 10 INFO neutron.wsgi [None req-ab9eb365-70ef-480d-be7a-ca97d909129a 3b3b0c9fcdb94df8be1a7e266868208d 8b8984c4636045569956cb8af776fc8b - - default default] 10.0.0.113 "POST /v2.0/security-group-rules HTTP/1.1" status: 201 len: 801 time: 0.1552904
2026-07-02 01:29:31.845 10 WARNING neutron_lib.context [None req-2d5f69ca-2b16-41e9-a272-91e55313e560 3b3b0c9fcdb94df8be1a7e266868208d 8b8984c4636045569956cb8af776fc8b - - default default] Method 'is_advsvc' is deprecated since 2023.2 release (neutron-lib 3.8.0) and will be removed once support for the old RBAC API policies will be removed from Neutron. Please use method 'is_service_role' instead.
2026-07-02 01:29:32.136 10 WARNING neutron.scheduler.dhcp_agent_scheduler [None req-2d5f69ca-2b16-41e9-a272-91e55313e560 3b3b0c9fcdb94df8be1a7e266868208d 8b8984c4636045569956cb8af776fc8b - - default default] No more DHCP agents
2026-07-02 01:29:32.138 10 WARNING neutron.api.rpc.agentnotifiers.dhcp_rpc_agent_api [None req-2d5f69ca-2b16-41e9-a272-91e55313e560 3b3b0c9fcdb94df8be1a7e266868208d 8b8984c4636045569956cb8af776fc8b - - default default] Unable to schedule network 514028c5-2850-4a36-8421-9784637ba82f: no agents available; will retry on subsequent port and subnet creation events.
2026-07-02 01:29:32.477 10 INFO neutron.wsgi [None req-2d5f69ca-2b16-41e9-a272-91e55313e560 3b3b0c9fcdb94df8be1a7e266868208d 8b8984c4636045569956cb8af776fc8b - - default default] 10.0.0.113 "POST /v2.0/floatingips HTTP/1.1" status: 201 len: 751 time: 0.6369364
2026-07-02 01:29:32.911 10 WARNING neutron_lib.context [None req-35487f90-90ae-4ac1-b82c-ac82aeedf6af 76598f7dafa040fcafa9740aa4353aee 6c9ed41568174363a3adc186266ee70a - - default default] Method 'is_advsvc' is deprecated since 2023.2 release (neutron-lib 3.8.0) and will be removed once support for the old RBAC API policies will be removed from Neutron. Please use method 'is_service_role' instead.
2026-07-02 01:29:32.969 10 INFO neutron.wsgi [req-2cde12bf-8735-40e5-aa92-0b8dd9a7956e req-860665a0-eee1-4d63-a49e-d17354b04343 3b3b0c9fcdb94df8be1a7e266868208d 8b8984c4636045569956cb8af776fc8b - - default default] 10.0.0.227 "GET /v2.0/security-groups?name=tempest-securitygroup--2124922392&fields=id&tenant_id=8b8984c4636045569956cb8af776fc8b HTTP/1.1" status: 200 len: 267 time: 0.0761144
2026-07-02 01:29:33.065 10 INFO neutron.wsgi [req-2cde12bf-8735-40e5-aa92-0b8dd9a7956e req-d969dd04-c865-4bfb-ad55-9483fa1d1488 3b3b0c9fcdb94df8be1a7e266868208d 8b8984c4636045569956cb8af776fc8b - - default default] 10.0.0.227 "GET /v2.0/networks?id=8449d312-cc74-4b63-8208-1031874bd8bd HTTP/1.1" status: 200 len: 868 time: 0.0880017
2026-07-02 01:29:33.083 10 INFO neutron.wsgi [req-2cde12bf-8735-40e5-aa92-0b8dd9a7956e req-24bc64d1-b69f-4f54-a715-00b4b741320f 3b3b0c9fcdb94df8be1a7e266868208d 8b8984c4636045569956cb8af776fc8b - - default default] 10.0.0.227 "GET /v2.0/quotas/8b8984c4636045569956cb8af776fc8b HTTP/1.1" status: 200 len: 491 time: 0.0113633
2026-07-02 01:29:33.145 10 INFO neutron.db.ovn_revision_numbers_db [None req-35487f90-90ae-4ac1-b82c-ac82aeedf6af 76598f7dafa040fcafa9740aa4353aee 6c9ed41568174363a3adc186266ee70a - - default default] Successfully bumped revision number for resource d2832649-b358-42f7-a6e2-c56589d4cde2 (type: security_groups) to 1
2026-07-02 01:29:33.160 10 INFO neutron.db.ovn_revision_numbers_db [None req-35487f90-90ae-4ac1-b82c-ac82aeedf6af 76598f7dafa040fcafa9740aa4353aee 6c9ed41568174363a3adc186266ee70a - - default default] Successfully bumped revision number for resource 26030338-4966-4dd6-9383-f49c0574283b (type: security_group_rules) to 0
2026-07-02 01:29:33.174 10 INFO neutron.db.ovn_revision_numbers_db [None req-35487f90-90ae-4ac1-b82c-ac82aeedf6af 76598f7dafa040fcafa9740aa4353aee 6c9ed41568174363a3adc186266ee70a - - default default] Successfully bumped revision number for resource 3cb6e83a-40cf-482a-bccf-2f6ed782758c (type: security_group_rules) to 0
2026-07-02 01:29:33.178 10 INFO neutron.wsgi [req-2cde12bf-8735-40e5-aa92-0b8dd9a7956e req-5b7c6e18-4aff-4ea3-a80e-57f0df9e3690 3b3b0c9fcdb94df8be1a7e266868208d 8b8984c4636045569956cb8af776fc8b - - default default] 10.0.0.227 "GET /v2.0/ports?tenant_id=8b8984c4636045569956cb8af776fc8b&fields=id HTTP/1.1" status: 200 len: 302 time: 0.0854468
2026-07-02 01:29:33.188 10 INFO neutron.db.ovn_revision_numbers_db [None req-35487f90-90ae-4ac1-b82c-ac82aeedf6af 76598f7dafa040fcafa9740aa4353aee 6c9ed41568174363a3adc186266ee70a - - default default] Successfully bumped revision number for resource 8e7ff4d5-8199-4443-81ed-39b9fc679a4e (type: security_group_rules) to 0
2026-07-02 01:29:33.215 10 INFO neutron.db.ovn_revision_numbers_db [None req-35487f90-90ae-4ac1-b82c-ac82aeedf6af 76598f7dafa040fcafa9740aa4353aee 6c9ed41568174363a3adc186266ee70a - - default default] Successfully bumped revision number for resource a09e9b58-698c-4f4b-b4cb-0ace9cd6bef0 (type: security_group_rules) to 0
2026-07-02 01:29:33.254 10 INFO neutron.wsgi [req-2cde12bf-8735-40e5-aa92-0b8dd9a7956e req-d10e6a68-bdb8-44e5-8da5-cb1c832362e6 0de34a0817624ac88103cd0a8b7efde7 c08a9b9706ca494387a82307446407e4 - - ea86e87f318c4fa7864c2d1f9988028c ea86e87f318c4fa7864c2d1f9988028c] 10.0.0.227 "GET /v2.0/networks/8449d312-cc74-4b63-8208-1031874bd8bd?fields=segments HTTP/1.1" status: 200 len: 212 time: 0.0612063
2026-07-02 01:29:33.260 10 INFO neutron.db.segments_db [None req-35487f90-90ae-4ac1-b82c-ac82aeedf6af 76598f7dafa040fcafa9740aa4353aee 6c9ed41568174363a3adc186266ee70a - - default default] Added segment fefb7e59-444b-4258-a8c2-ed19c6153a1c of type geneve for network 1c44fc31-efc9-4470-a313-6efbe0c5c60f
2026-07-02 01:29:33.349 10 INFO neutron.wsgi [req-2cde12bf-8735-40e5-aa92-0b8dd9a7956e req-0cdc2ba5-d9c7-490c-babb-5f2355164bbf 0de34a0817624ac88103cd0a8b7efde7 c08a9b9706ca494387a82307446407e4 - - ea86e87f318c4fa7864c2d1f9988028c ea86e87f318c4fa7864c2d1f9988028c] 10.0.0.227 "GET /v2.0/networks/8449d312-cc74-4b63-8208-1031874bd8bd?fields=provider%3Aphysical_network&fields=provider%3Anetwork_type HTTP/1.1" status: 200 len: 277 time: 0.0881722
2026-07-02 01:29:33.409 10 INFO neutron.db.ovn_revision_numbers_db [None req-35487f90-90ae-4ac1-b82c-ac82aeedf6af 76598f7dafa040fcafa9740aa4353aee 6c9ed41568174363a3adc186266ee70a - - default default] Successfully bumped revision number for resource 1c44fc31-efc9-4470-a313-6efbe0c5c60f (type: networks) to 1
2026-07-02 01:29:33.544 10 INFO neutron.wsgi [req-c7706bd3-84fd-407a-8d4b-26625ccecb25 req-749fad43-47d7-47a2-9671-5e636fc4f674 3b3b0c9fcdb94df8be1a7e266868208d 8b8984c4636045569956cb8af776fc8b - - default default] 10.0.0.227 "GET /v2.0/ports?device_id=a89a9c44-add1-4716-b5e1-e47fd9b51887 HTTP/1.1" status: 200 len: 210 time: 0.0362217
2026-07-02 01:29:33.586 9 INFO neutron.wsgi [None req-95ca82fe-f25a-4d50-b88d-e6518f29f89a 657d54396dd145698aabc27283434471 4d55105c14ae432b92919c20267e0451 - - default default] 10.0.0.25 "GET /v2.0/routers HTTP/1.1" status: 200 len: 1146 time: 0.3514724
2026-07-02 01:29:33.599 9 INFO neutron.wsgi [None req-3fd3989f-dc54-4966-aacf-db3b87d240cc 657d54396dd145698aabc27283434471 4d55105c14ae432b92919c20267e0451 - - default default] 10.0.0.25 "GET /v2.0/agents?binary=ovn-controller HTTP/1.1" status: 200 len: 591 time: 0.0118003
2026-07-02 01:29:33.614 9 INFO neutron.wsgi [None req-4277886c-6438-40f7-97b4-9a916d4add12 657d54396dd145698aabc27283434471 4d55105c14ae432b92919c20267e0451 - - default default] 10.0.0.25 "GET /v2.0/agents HTTP/1.1" status: 200 len: 1390 time: 0.0139666
2026-07-02 01:29:33.631 9 INFO neutron.wsgi [None req-a55c0c0d-9055-4103-8384-30bc5b136ee8 657d54396dd145698aabc27283434471 4d55105c14ae432b92919c20267e0451 - - default default] 10.0.0.25 "GET /v2.0/network-ip-availabilities HTTP/1.1" status: 200 len: 2024 time: 0.0156121
2026-07-02 01:29:33.652 10 WARNING neutron.scheduler.dhcp_agent_scheduler [None req-35487f90-90ae-4ac1-b82c-ac82aeedf6af 76598f7dafa040fcafa9740aa4353aee 6c9ed41568174363a3adc186266ee70a - - default default] No more DHCP agents
2026-07-02 01:29:33.653 10 WARNING neutron.api.rpc.agentnotifiers.dhcp_rpc_agent_api [None req-35487f90-90ae-4ac1-b82c-ac82aeedf6af 76598f7dafa040fcafa9740aa4353aee 6c9ed41568174363a3adc186266ee70a - - default default] Unable to schedule network 1c44fc31-efc9-4470-a313-6efbe0c5c60f: no agents available; will retry on subsequent port and subnet creation events.
2026-07-02 01:29:33.765 9 INFO neutron.wsgi [None req-77b42d4c-20e6-4e89-a830-a62f073c5342 657d54396dd145698aabc27283434471 4d55105c14ae432b92919c20267e0451 - - default default] 10.0.0.25 "GET /v2.0/networks HTTP/1.1" status: 200 len: 3823 time: 0.1326692
2026-07-02 01:29:33.784 10 INFO neutron.db.ovn_revision_numbers_db [None req-35487f90-90ae-4ac1-b82c-ac82aeedf6af 76598f7dafa040fcafa9740aa4353aee 6c9ed41568174363a3adc186266ee70a - - default default] Successfully bumped revision number for resource 66885609-8044-4a6f-ba12-5cbeb00309ce (type: ports) to 1
2026-07-02 01:29:33.812 10 INFO neutron.wsgi [None req-35487f90-90ae-4ac1-b82c-ac82aeedf6af 76598f7dafa040fcafa9740aa4353aee 6c9ed41568174363a3adc186266ee70a - - default default] 10.0.0.113 "POST /v2.0/networks HTTP/1.1" status: 201 len: 843 time: 1.0517132
2026-07-02 01:29:33.824 10 WARNING neutron_lib.context [None req-a0a4e337-1d3d-4cf4-89b1-95e6238c68e7 76598f7dafa040fcafa9740aa4353aee 6c9ed41568174363a3adc186266ee70a - - default default] Method 'is_advsvc' is deprecated since 2023.2 release (neutron-lib 3.8.0) and will be removed once support for the old RBAC API policies will be removed from Neutron. Please use method 'is_service_role' instead.
2026-07-02 01:29:33.840 9 INFO neutron.wsgi [None req-6966d5f6-e7d3-4e28-be6c-d8990404b11c 657d54396dd145698aabc27283434471 4d55105c14ae432b92919c20267e0451 - - default default] 10.0.0.25 "GET /v2.0/security-groups HTTP/1.1" status: 200 len: 26251 time: 0.0707417
2026-07-02 01:29:33.892 9 INFO neutron.wsgi [None req-7b23ed78-8eb7-487a-8eb6-96c80844dbc0 657d54396dd145698aabc27283434471 4d55105c14ae432b92919c20267e0451 - - default default] 10.0.0.25 "GET /v2.0/subnets HTTP/1.1" status: 200 len: 2087 time: 0.0446208
2026-07-02 01:29:34.014 9 INFO neutron.wsgi [None req-7add8495-5bb3-40dc-951d-2729a5ec01cc 657d54396dd145698aabc27283434471 4d55105c14ae432b92919c20267e0451 - - default default] 10.0.0.25 "GET /v2.0/ports HTTP/1.1" status: 200 len: 10447 time: 0.1204178
2026-07-02 01:29:34.060 10 INFO neutron.db.ovn_revision_numbers_db [None req-c40f8e6c-d896-47c9-8030-19db4069f678 657d54396dd145698aabc27283434471 4d55105c14ae432b92919c20267e0451 - - default default] Successfully bumped revision number for resource 093448de-e5ac-43aa-afa0-6ff6894311c5 (type: security_groups) to 1
2026-07-02 01:29:34.061 9 INFO neutron.wsgi [None req-60664078-70ca-469c-b208-b776a1a84021 657d54396dd145698aabc27283434471 4d55105c14ae432b92919c20267e0451 - - default default] 10.0.0.25 "GET /v2.0/subnets HTTP/1.1" status: 200 len: 2087 time: 0.0403759
2026-07-02 01:29:34.071 9 INFO neutron.wsgi [None req-5dfa0c32-0a0d-40fe-81b9-90104f777a3e 657d54396dd145698aabc27283434471 4d55105c14ae432b92919c20267e0451 - - default default] 10.0.0.25 "GET /v2.0/subnetpools HTTP/1.1" status: 200 len: 193 time: 0.0088112
2026-07-02 01:29:34.086 10 INFO neutron.db.ovn_revision_numbers_db [None req-c40f8e6c-d896-47c9-8030-19db4069f678 657d54396dd145698aabc27283434471 4d55105c14ae432b92919c20267e0451 - - default default] Successfully bumped revision number for resource 3f7a9444-b286-40c1-95a6-673a4ff1ffb7 (type: security_group_rules) to 0
2026-07-02 01:29:34.102 10 INFO neutron.db.ovn_revision_numbers_db [None req-c40f8e6c-d896-47c9-8030-19db4069f678 657d54396dd145698aabc27283434471 4d55105c14ae432b92919c20267e0451 - - default default] Successfully bumped revision number for resource 4829e7f1-315f-42ff-8310-39d47bf64a61 (type: security_group_rules) to 0
2026-07-02 01:29:34.106 9 INFO neutron.wsgi [None req-b3e0faad-af85-4d99-8258-e50eb57b64a5 657d54396dd145698aabc27283434471 4d55105c14ae432b92919c20267e0451 - - default default] 10.0.0.25 "GET /v2.0/floatingips HTTP/1.1" status: 200 len: 730 time: 0.0333531
2026-07-02 01:29:34.127 10 INFO neutron.db.ovn_revision_numbers_db [None req-c40f8e6c-d896-47c9-8030-19db4069f678 657d54396dd145698aabc27283434471 4d55105c14ae432b92919c20267e0451 - - default default] Successfully bumped revision number for resource 5992808d-aa48-400e-b9e7-c654a2f72c6d (type: security_group_rules) to 0
2026-07-02 01:29:34.132 10 WARNING neutron.scheduler.dhcp_agent_scheduler [None req-a0a4e337-1d3d-4cf4-89b1-95e6238c68e7 76598f7dafa040fcafa9740aa4353aee 6c9ed41568174363a3adc186266ee70a - - default default] No more DHCP agents
2026-07-02 01:29:34.136 10 WARNING neutron.api.rpc.agentnotifiers.dhcp_rpc_agent_api [None req-a0a4e337-1d3d-4cf4-89b1-95e6238c68e7 76598f7dafa040fcafa9740aa4353aee 6c9ed41568174363a3adc186266ee70a - - default default] Unable to schedule network 1c44fc31-efc9-4470-a313-6efbe0c5c60f: no agents available; will retry on subsequent port and subnet creation events.
2026-07-02 01:29:34.146 10 INFO neutron.db.ovn_revision_numbers_db [None req-c40f8e6c-d896-47c9-8030-19db4069f678 657d54396dd145698aabc27283434471 4d55105c14ae432b92919c20267e0451 - - default default] Successfully bumped revision number for resource 96602dd9-8761-4afb-a973-dc20dd998b7c (type: security_group_rules) to 0
2026-07-02 01:29:34.175 10 INFO neutron.wsgi [None req-c40f8e6c-d896-47c9-8030-19db4069f678 657d54396dd145698aabc27283434471 4d55105c14ae432b92919c20267e0451 - - default default] 10.0.0.113 "GET /v2.0/security-groups?tenant_id=b1e312c6157e440e9d187e1ba14080e4&name=default HTTP/1.1" status: 200 len: 3120 time: 0.4472065
2026-07-02 01:29:34.245 10 INFO neutron.db.ovn_revision_numbers_db [None req-a0a4e337-1d3d-4cf4-89b1-95e6238c68e7 76598f7dafa040fcafa9740aa4353aee 6c9ed41568174363a3adc186266ee70a - - default default] Successfully bumped revision number for resource 36220926-d1d1-450c-9b4a-50b4b88e16ce (type: ports) to 1
2026-07-02 01:29:34.271 10 INFO neutron.wsgi [None req-a0a4e337-1d3d-4cf4-89b1-95e6238c68e7 76598f7dafa040fcafa9740aa4353aee 6c9ed41568174363a3adc186266ee70a - - default default] 10.0.0.113 "POST /v2.0/ports HTTP/1.1" status: 201 len: 971 time: 0.4514914 /var/lib/openstack/lib/python3.10/site-packages/pycadf/identifier.py:71: UserWarning: Invalid uuid: neutron. To ensure interoperability, identifiers should be a valid uuid. warnings.warn(('Invalid uuid: %s. To ensure interoperability, '
2026-07-02 01:29:34.284 10 WARNING neutron_lib.context [None req-cfe360cc-2b6d-4174-8a8c-296157c9c7e3 76598f7dafa040fcafa9740aa4353aee 6c9ed41568174363a3adc186266ee70a - - default default] Method 'is_advsvc' is deprecated since 2023.2 release (neutron-lib 3.8.0) and will be removed once support for the old RBAC API policies will be removed from Neutron. Please use method 'is_service_role' instead.
2026-07-02 01:29:34.368 10 INFO neutron.db.segments_db [None req-cfe360cc-2b6d-4174-8a8c-296157c9c7e3 76598f7dafa040fcafa9740aa4353aee 6c9ed41568174363a3adc186266ee70a - - default default] Added segment 8cf1487e-9c37-4942-a0a6-cd51dd48b661 of type geneve for network ae140f3c-8175-44c0-a984-b170d30e65e3
2026-07-02 01:29:34.495 10 INFO neutron.db.ovn_revision_numbers_db [None req-cfe360cc-2b6d-4174-8a8c-296157c9c7e3 76598f7dafa040fcafa9740aa4353aee 6c9ed41568174363a3adc186266ee70a - - default default] Successfully bumped revision number for resource ae140f3c-8175-44c0-a984-b170d30e65e3 (type: networks) to 1
2026-07-02 01:29:34.593 9 INFO neutron.wsgi [req-2cde12bf-8735-40e5-aa92-0b8dd9a7956e req-ae8db4f5-2dfa-418e-9f51-0d27a6208cef 3b3b0c9fcdb94df8be1a7e266868208d 8b8984c4636045569956cb8af776fc8b - - default default] 199.204.45.227 "GET /v2.0/networks?id=8449d312-cc74-4b63-8208-1031874bd8bd HTTP/1.1" status: 200 len: 868 time: 0.3049307
2026-07-02 01:29:34.636 10 INFO neutron.wsgi [req-9aa1a151-b36a-4829-a11c-5a837354ce87 req-a684e988-3a51-4a48-95e6-76838798c86c 3b3b0c9fcdb94df8be1a7e266868208d 8b8984c4636045569956cb8af776fc8b - - default default] 10.0.0.227 "GET /v2.0/ports?device_id=a89a9c44-add1-4716-b5e1-e47fd9b51887 HTTP/1.1" status: 200 len: 210 time: 0.0274618
2026-07-02 01:29:34.655 9 INFO neutron.wsgi [None req-780702ed-30b3-427c-8e73-69297e1cddee 657d54396dd145698aabc27283434471 4d55105c14ae432b92919c20267e0451 - - default default] 10.0.0.113 "DELETE /v2.0/security-groups/093448de-e5ac-43aa-afa0-6ff6894311c5 HTTP/1.1" status: 204 len: 168 time: 0.4734979
2026-07-02 01:29:34.660 9 INFO neutron.wsgi [req-2cde12bf-8735-40e5-aa92-0b8dd9a7956e req-abff6beb-d503-4d32-80da-30450c14a6da 3b3b0c9fcdb94df8be1a7e266868208d 8b8984c4636045569956cb8af776fc8b - - default default] 199.204.45.227 "GET /v2.0/security-groups?fields=id&fields=name&tenant_id=8b8984c4636045569956cb8af776fc8b HTTP/1.1" status: 200 len: 380 time: 0.0465105
2026-07-02 01:29:34.672 9 WARNING neutron_lib.context [req-2cde12bf-8735-40e5-aa92-0b8dd9a7956e req-a7fbbbc1-3d80-4c9a-9316-2556ffea902e 3b3b0c9fcdb94df8be1a7e266868208d 8b8984c4636045569956cb8af776fc8b - - default default] Method 'is_advsvc' is deprecated since 2023.2 release (neutron-lib 3.8.0) and will be removed once support for the old RBAC API policies will be removed from Neutron. Please use method 'is_service_role' instead.
2026-07-02 01:29:34.683 10 WARNING neutron.scheduler.dhcp_agent_scheduler [None req-cfe360cc-2b6d-4174-8a8c-296157c9c7e3 76598f7dafa040fcafa9740aa4353aee 6c9ed41568174363a3adc186266ee70a - - default default] No more DHCP agents
2026-07-02 01:29:34.685 10 WARNING neutron.api.rpc.agentnotifiers.dhcp_rpc_agent_api [None req-cfe360cc-2b6d-4174-8a8c-296157c9c7e3 76598f7dafa040fcafa9740aa4353aee 6c9ed41568174363a3adc186266ee70a - - default default] Unable to schedule network ae140f3c-8175-44c0-a984-b170d30e65e3: no agents available; will retry on subsequent port and subnet creation events.
2026-07-02 01:29:34.761 10 INFO neutron.db.ovn_revision_numbers_db [None req-cfe360cc-2b6d-4174-8a8c-296157c9c7e3 76598f7dafa040fcafa9740aa4353aee 6c9ed41568174363a3adc186266ee70a - - default default] Successfully bumped revision number for resource 18f5a49b-2ec5-4189-842e-2eeff360596b (type: ports) to 1
2026-07-02 01:29:34.784 10 INFO neutron.wsgi [None req-cfe360cc-2b6d-4174-8a8c-296157c9c7e3 76598f7dafa040fcafa9740aa4353aee 6c9ed41568174363a3adc186266ee70a - - default default] 10.0.0.113 "POST /v2.0/networks HTTP/1.1" status: 201 len: 830 time: 0.5091417
2026-07-02 01:29:34.794 10 WARNING neutron_lib.context [None req-d2e8348a-6ece-4b3f-a629-edcb9a7eb584 76598f7dafa040fcafa9740aa4353aee 6c9ed41568174363a3adc186266ee70a - - default default] Method 'is_advsvc' is deprecated since 2023.2 release (neutron-lib 3.8.0) and will be removed once support for the old RBAC API policies will be removed from Neutron. Please use method 'is_service_role' instead.
2026-07-02 01:29:34.938 10 INFO neutron.db.ovn_revision_numbers_db [None req-a3709313-44ec-413c-a7f7-ec17f648b000 657d54396dd145698aabc27283434471 4d55105c14ae432b92919c20267e0451 - - default default] Successfully bumped revision number for resource d52c493c-5af8-4147-8975-ea514052971d (type: security_groups) to 1
2026-07-02 01:29:34.956 10 INFO neutron.db.ovn_revision_numbers_db [None req-a3709313-44ec-413c-a7f7-ec17f648b000 657d54396dd145698aabc27283434471 4d55105c14ae432b92919c20267e0451 - - default default] Successfully bumped revision number for resource 06f12cbb-3419-4bed-9052-d355bca0b4c7 (type: security_group_rules) to 0
2026-07-02 01:29:34.976 10 INFO neutron.db.ovn_revision_numbers_db [None req-a3709313-44ec-413c-a7f7-ec17f648b000 657d54396dd145698aabc27283434471 4d55105c14ae432b92919c20267e0451 - - default default] Successfully bumped revision number for resource 34f37b7a-521e-44c4-b990-66c2624dd9d1 (type: security_group_rules) to 0
2026-07-02 01:29:34.998 10 INFO neutron.db.ovn_revision_numbers_db [None req-a3709313-44ec-413c-a7f7-ec17f648b000 657d54396dd145698aabc27283434471 4d55105c14ae432b92919c20267e0451 - - default default] Successfully bumped revision number for resource a956c571-4653-4659-a2ae-5671f9e171e2 (type: security_group_rules) to 0
2026-07-02 01:29:35.015 10 INFO neutron.db.ovn_revision_numbers_db [None req-a3709313-44ec-413c-a7f7-ec17f648b000 657d54396dd145698aabc27283434471 4d55105c14ae432b92919c20267e0451 - - default default] Successfully bumped revision number for resource afc55be7-33ab-4d23-a351-ec6cd6be5138 (type: security_group_rules) to 0
2026-07-02 01:29:35.034 9 WARNING neutron.scheduler.dhcp_agent_scheduler [req-2cde12bf-8735-40e5-aa92-0b8dd9a7956e req-a7fbbbc1-3d80-4c9a-9316-2556ffea902e 3b3b0c9fcdb94df8be1a7e266868208d 8b8984c4636045569956cb8af776fc8b - - default default] No more DHCP agents
2026-07-02 01:29:35.036 9 WARNING neutron.api.rpc.agentnotifiers.dhcp_rpc_agent_api [req-2cde12bf-8735-40e5-aa92-0b8dd9a7956e req-a7fbbbc1-3d80-4c9a-9316-2556ffea902e 3b3b0c9fcdb94df8be1a7e266868208d 8b8984c4636045569956cb8af776fc8b - - default default] Unable to schedule network 8449d312-cc74-4b63-8208-1031874bd8bd: no agents available; will retry on subsequent port and subnet creation events.
2026-07-02 01:29:35.054 10 INFO neutron.wsgi [None req-a3709313-44ec-413c-a7f7-ec17f648b000 657d54396dd145698aabc27283434471 4d55105c14ae432b92919c20267e0451 - - default default] 10.0.0.113 "GET /v2.0/security-groups?tenant_id=f8b0ee6ecfb043bd8cf8ff514900db1a&name=default HTTP/1.1" status: 200 len: 3120 time: 0.2976317
2026-07-02 01:29:35.056 10 WARNING neutron.scheduler.dhcp_agent_scheduler [None req-d2e8348a-6ece-4b3f-a629-edcb9a7eb584 76598f7dafa040fcafa9740aa4353aee 6c9ed41568174363a3adc186266ee70a - - default default] No more DHCP agents
2026-07-02 01:29:35.061 10 WARNING neutron.api.rpc.agentnotifiers.dhcp_rpc_agent_api [None req-d2e8348a-6ece-4b3f-a629-edcb9a7eb584 76598f7dafa040fcafa9740aa4353aee 6c9ed41568174363a3adc186266ee70a - - default default] Unable to schedule network ae140f3c-8175-44c0-a984-b170d30e65e3: no agents available; will retry on subsequent port and subnet creation events. /var/lib/openstack/lib/python3.10/site-packages/pycadf/identifier.py:71: UserWarning: Invalid uuid: neutron. To ensure interoperability, identifiers should be a valid uuid. warnings.warn(('Invalid uuid: %s. To ensure interoperability, '
2026-07-02 01:29:35.241 9 INFO neutron.db.ovn_revision_numbers_db [req-2cde12bf-8735-40e5-aa92-0b8dd9a7956e req-a7fbbbc1-3d80-4c9a-9316-2556ffea902e 3b3b0c9fcdb94df8be1a7e266868208d 8b8984c4636045569956cb8af776fc8b - - default default] Successfully bumped revision number for resource 801213d0-fe90-40c4-8251-36b18b5da94f (type: ports) to 1
2026-07-02 01:29:35.270 9 INFO neutron.wsgi [req-2cde12bf-8735-40e5-aa92-0b8dd9a7956e req-a7fbbbc1-3d80-4c9a-9316-2556ffea902e 3b3b0c9fcdb94df8be1a7e266868208d 8b8984c4636045569956cb8af776fc8b - - default default] 199.204.45.227 "POST /v2.0/ports HTTP/1.1" status: 201 len: 1162 time: 0.6037126
2026-07-02 01:29:35.368 9 INFO neutron.wsgi [None req-4e8788e9-d8ce-45dc-a285-506ac5780301 657d54396dd145698aabc27283434471 4d55105c14ae432b92919c20267e0451 - - default default] 10.0.0.113 "DELETE /v2.0/security-groups/d52c493c-5af8-4147-8975-ea514052971d HTTP/1.1" status: 204 len: 168 time: 0.3076344
2026-07-02 01:29:35.587 10 INFO neutron.db.ovn_revision_numbers_db [None req-d2e8348a-6ece-4b3f-a629-edcb9a7eb584 76598f7dafa040fcafa9740aa4353aee 6c9ed41568174363a3adc186266ee70a - - default default] Successfully bumped revision number for resource 18f5a49b-2ec5-4189-842e-2eeff360596b (type: ports) to 2
2026-07-02 01:29:35.625 10 WARNING neutron.plugins.ml2.drivers.ovn.mech_driver.ovsdb.ovn_client [None req-7d81014b-6cd9-48b4-9576-ba2cbd78b993 - - - - - -] No hosting information found for port 749f3458-1a36-4df2-a3ce-92c841d1ffc2: RuntimeError: No hosting information found for port 749f3458-1a36-4df2-a3ce-92c841d1ffc2
2026-07-02 01:29:35.631 10 INFO neutron.db.ovn_revision_numbers_db [None req-d2e8348a-6ece-4b3f-a629-edcb9a7eb584 76598f7dafa040fcafa9740aa4353aee 6c9ed41568174363a3adc186266ee70a - - default default] Successfully bumped revision number for resource 2120f408-e151-4c72-9f8b-128e999e0693 (type: subnets) to 0
2026-07-02 01:29:35.652 10 INFO neutron.wsgi [None req-d2e8348a-6ece-4b3f-a629-edcb9a7eb584 76598f7dafa040fcafa9740aa4353aee 6c9ed41568174363a3adc186266ee70a - - default default] 10.0.0.113 "POST /v2.0/subnets HTTP/1.1" status: 201 len: 801 time: 0.8627005 /var/lib/openstack/lib/python3.10/site-packages/pycadf/identifier.py:71: UserWarning: Invalid uuid: neutron. To ensure interoperability, identifiers should be a valid uuid. warnings.warn(('Invalid uuid: %s. To ensure interoperability, '
2026-07-02 01:29:35.662 9 WARNING neutron_lib.context [None req-dd0366b1-90be-4803-80ef-dfd5c4625835 76598f7dafa040fcafa9740aa4353aee 6c9ed41568174363a3adc186266ee70a - - default default] Method 'is_advsvc' is deprecated since 2023.2 release (neutron-lib 3.8.0) and will be removed once support for the old RBAC API policies will be removed from Neutron. Please use method 'is_service_role' instead.
2026-07-02 01:29:35.753 10 INFO neutron.wsgi [req-1edb81af-adf2-4f6f-97e9-5ac96102a644 req-1124857e-d236-4ad0-bdcb-4a86ebe9ff63 3b3b0c9fcdb94df8be1a7e266868208d 8b8984c4636045569956cb8af776fc8b - - default default] 10.0.0.227 "GET /v2.0/ports?device_id=a89a9c44-add1-4716-b5e1-e47fd9b51887 HTTP/1.1" status: 200 len: 1172 time: 0.0484331
2026-07-02 01:29:35.771 9 INFO neutron.db.ovn_revision_numbers_db [req-2cde12bf-8735-40e5-aa92-0b8dd9a7956e req-838540ea-b703-4a3e-822c-6a77df2d9de8 0de34a0817624ac88103cd0a8b7efde7 c08a9b9706ca494387a82307446407e4 - - ea86e87f318c4fa7864c2d1f9988028c ea86e87f318c4fa7864c2d1f9988028c] Successfully bumped revision number for resource 801213d0-fe90-40c4-8251-36b18b5da94f (type: ports) to 2
2026-07-02 01:29:35.794 10 INFO neutron.wsgi [req-1edb81af-adf2-4f6f-97e9-5ac96102a644 req-673cfe00-3f9e-4f99-963e-f5284ecb2bf9 3b3b0c9fcdb94df8be1a7e266868208d 8b8984c4636045569956cb8af776fc8b - - default default] 10.0.0.227 "GET /v2.0/security-groups?id=fbbef5f3-0837-4426-8fa2-e0146823a7a6&fields=id&fields=name HTTP/1.1" status: 200 len: 313 time: 0.0357857
2026-07-02 01:29:36.115 9 INFO neutron.db.ovn_revision_numbers_db [req-2cde12bf-8735-40e5-aa92-0b8dd9a7956e req-838540ea-b703-4a3e-822c-6a77df2d9de8 0de34a0817624ac88103cd0a8b7efde7 c08a9b9706ca494387a82307446407e4 - - ea86e87f318c4fa7864c2d1f9988028c ea86e87f318c4fa7864c2d1f9988028c] Successfully bumped revision number for resource 801213d0-fe90-40c4-8251-36b18b5da94f (type: ports) to 2
2026-07-02 01:29:36.148 9 INFO neutron.wsgi [req-2cde12bf-8735-40e5-aa92-0b8dd9a7956e req-838540ea-b703-4a3e-822c-6a77df2d9de8 0de34a0817624ac88103cd0a8b7efde7 c08a9b9706ca494387a82307446407e4 - - ea86e87f318c4fa7864c2d1f9988028c ea86e87f318c4fa7864c2d1f9988028c] 199.204.45.227 "PUT /v2.0/ports/801213d0-fe90-40c4-8251-36b18b5da94f HTTP/1.1" status: 200 len: 1380 time: 0.8695562
2026-07-02 01:29:36.168 9 WARNING neutron.scheduler.dhcp_agent_scheduler [None req-dd0366b1-90be-4803-80ef-dfd5c4625835 76598f7dafa040fcafa9740aa4353aee 6c9ed41568174363a3adc186266ee70a - - default default] No more DHCP agents
2026-07-02 01:29:36.172 9 WARNING neutron.api.rpc.agentnotifiers.dhcp_rpc_agent_api [None req-dd0366b1-90be-4803-80ef-dfd5c4625835 76598f7dafa040fcafa9740aa4353aee 6c9ed41568174363a3adc186266ee70a - - default default] Unable to schedule network ae140f3c-8175-44c0-a984-b170d30e65e3: no agents available; will retry on subsequent port and subnet creation events.
2026-07-02 01:29:36.187 9 INFO neutron.notifiers.nova [-] Nova event matching ['req-6682926a-d924-42d7-8970-fff8025016e6'] response: {'name': 'network-changed', 'server_uuid': 'a89a9c44-add1-4716-b5e1-e47fd9b51887', 'tag': '801213d0-fe90-40c4-8251-36b18b5da94f', 'status': 'completed', 'code': 200} /var/lib/openstack/lib/python3.10/site-packages/pycadf/identifier.py:71: UserWarning: Invalid uuid: neutron. To ensure interoperability, identifiers should be a valid uuid. warnings.warn(('Invalid uuid: %s. To ensure interoperability, '
2026-07-02 01:29:36.253 9 INFO neutron.wsgi [req-2cde12bf-8735-40e5-aa92-0b8dd9a7956e req-cc875b47-e5ef-4c72-b7e3-69124bd10e0a 0de34a0817624ac88103cd0a8b7efde7 c08a9b9706ca494387a82307446407e4 - - ea86e87f318c4fa7864c2d1f9988028c ea86e87f318c4fa7864c2d1f9988028c] 199.204.45.227 "GET /v2.0/ports?tenant_id=8b8984c4636045569956cb8af776fc8b&device_id=a89a9c44-add1-4716-b5e1-e47fd9b51887 HTTP/1.1" status: 200 len: 1411 time: 0.0569654
2026-07-02 01:29:36.287 9 INFO neutron.wsgi [req-2cde12bf-8735-40e5-aa92-0b8dd9a7956e req-d70906f5-2439-4724-980c-ab697dce7d3d 0de34a0817624ac88103cd0a8b7efde7 c08a9b9706ca494387a82307446407e4 - - ea86e87f318c4fa7864c2d1f9988028c ea86e87f318c4fa7864c2d1f9988028c] 199.204.45.227 "GET /v2.0/floatingips?fixed_ip_address=10.100.0.14&port_id=801213d0-fe90-40c4-8251-36b18b5da94f HTTP/1.1" status: 200 len: 217 time: 0.0280011
2026-07-02 01:29:36.341 9 INFO neutron.wsgi [req-2cde12bf-8735-40e5-aa92-0b8dd9a7956e req-6a6db3f8-f6d2-4aa3-bfd7-832000428db9 0de34a0817624ac88103cd0a8b7efde7 c08a9b9706ca494387a82307446407e4 - - ea86e87f318c4fa7864c2d1f9988028c ea86e87f318c4fa7864c2d1f9988028c] 199.204.45.227 "GET /v2.0/subnets?id=c77d4370-a37b-4f2d-89f9-11a5536f39c4 HTTP/1.1" status: 200 len: 862 time: 0.0470951
2026-07-02 01:29:36.372 9 INFO neutron.wsgi [req-2cde12bf-8735-40e5-aa92-0b8dd9a7956e req-cc8c9ada-6672-43e9-98cb-ae7b4440a9f7 0de34a0817624ac88103cd0a8b7efde7 c08a9b9706ca494387a82307446407e4 - - ea86e87f318c4fa7864c2d1f9988028c ea86e87f318c4fa7864c2d1f9988028c] 199.204.45.227 "GET /v2.0/ports?network_id=8449d312-cc74-4b63-8208-1031874bd8bd&device_owner=network%3Adhcp HTTP/1.1" status: 200 len: 210 time: 0.0243211
2026-07-02 01:29:36.469 9 INFO neutron.wsgi [req-2cde12bf-8735-40e5-aa92-0b8dd9a7956e req-bdb021d1-353d-4035-9490-44b2d18cb5f1 0de34a0817624ac88103cd0a8b7efde7 c08a9b9706ca494387a82307446407e4 - - ea86e87f318c4fa7864c2d1f9988028c ea86e87f318c4fa7864c2d1f9988028c] 199.204.45.227 "GET /v2.0/networks/8449d312-cc74-4b63-8208-1031874bd8bd?fields=segments HTTP/1.1" status: 200 len: 212 time: 0.0816574
2026-07-02 01:29:36.475 9 INFO neutron.db.ovn_revision_numbers_db [None req-dd0366b1-90be-4803-80ef-dfd5c4625835 76598f7dafa040fcafa9740aa4353aee 6c9ed41568174363a3adc186266ee70a - - default default] Successfully bumped revision number for resource f20f6d71-f5d4-4b9a-aebe-3cdcec153f1b (type: ports) to 1
2026-07-02 01:29:36.517 9 INFO neutron.wsgi [None req-dd0366b1-90be-4803-80ef-dfd5c4625835 76598f7dafa040fcafa9740aa4353aee 6c9ed41568174363a3adc186266ee70a - - default default] 10.0.0.113 "POST /v2.0/ports HTTP/1.1" status: 201 len: 1149 time: 0.8616045
2026-07-02 01:29:36.539 9 INFO neutron.wsgi [req-2cde12bf-8735-40e5-aa92-0b8dd9a7956e req-b3af9833-c735-4078-906a-a124dfd033d7 0de34a0817624ac88103cd0a8b7efde7 c08a9b9706ca494387a82307446407e4 - - ea86e87f318c4fa7864c2d1f9988028c ea86e87f318c4fa7864c2d1f9988028c] 199.204.45.227 "GET /v2.0/networks/8449d312-cc74-4b63-8208-1031874bd8bd?fields=provider%3Aphysical_network&fields=provider%3Anetwork_type HTTP/1.1" status: 200 len: 277 time: 0.0612922
2026-07-02 01:29:36.616 9 INFO neutron.wsgi [req-bc6289eb-5889-4492-9ff9-93a86bdc2f23 req-930d96b4-47ac-488f-b201-f9bb8bf84a94 0de34a0817624ac88103cd0a8b7efde7 c08a9b9706ca494387a82307446407e4 - - ea86e87f318c4fa7864c2d1f9988028c ea86e87f318c4fa7864c2d1f9988028c] 199.204.45.227 "GET /v2.0/ports?tenant_id=8b8984c4636045569956cb8af776fc8b&device_id=a89a9c44-add1-4716-b5e1-e47fd9b51887 HTTP/1.1" status: 200 len: 1411 time: 0.0432191
2026-07-02 01:29:36.706 9 INFO neutron.wsgi [req-bc6289eb-5889-4492-9ff9-93a86bdc2f23 req-636ba77f-2a18-490b-b943-ac68f1a834a8 0de34a0817624ac88103cd0a8b7efde7 c08a9b9706ca494387a82307446407e4 - - ea86e87f318c4fa7864c2d1f9988028c ea86e87f318c4fa7864c2d1f9988028c] 199.204.45.227 "GET /v2.0/networks?id=8449d312-cc74-4b63-8208-1031874bd8bd HTTP/1.1" status: 200 len: 967 time: 0.0846229
2026-07-02 01:29:36.728 10 INFO neutron.plugins.ml2.drivers.ovn.mech_driver.mech_driver [None req-7d81014b-6cd9-48b4-9576-ba2cbd78b993 - - - - - -] OVN reports status up for port: 801213d0-fe90-40c4-8251-36b18b5da94f
2026-07-02 01:29:36.740 10 INFO neutron.db.ovn_revision_numbers_db [None req-26b7061c-c686-4d90-a735-15795e7d2c41 657d54396dd145698aabc27283434471 4d55105c14ae432b92919c20267e0451 - - default default] Successfully bumped revision number for resource a93e491c-7c53-4847-8741-8cf9e653d803 (type: security_groups) to 1
2026-07-02 01:29:36.744 9 INFO neutron.wsgi [req-bc6289eb-5889-4492-9ff9-93a86bdc2f23 req-6bd8ea5c-ac3c-469c-8bce-1f28f22faae2 0de34a0817624ac88103cd0a8b7efde7 c08a9b9706ca494387a82307446407e4 - - ea86e87f318c4fa7864c2d1f9988028c ea86e87f318c4fa7864c2d1f9988028c] 199.204.45.227 "GET /v2.0/floatingips?fixed_ip_address=10.100.0.14&port_id=801213d0-fe90-40c4-8251-36b18b5da94f HTTP/1.1" status: 200 len: 217 time: 0.0287797
2026-07-02 01:29:36.756 10 INFO neutron.plugins.ml2.plugin [None req-7d81014b-6cd9-48b4-9576-ba2cbd78b993 - - - - - -] Attempt 1 to provision port 801213d0-fe90-40c4-8251-36b18b5da94f
2026-07-02 01:29:36.774 10 INFO neutron.db.ovn_revision_numbers_db [None req-26b7061c-c686-4d90-a735-15795e7d2c41 657d54396dd145698aabc27283434471 4d55105c14ae432b92919c20267e0451 - - default default] Successfully bumped revision number for resource 0738fb41-b580-475e-b5a3-14c6f66ac990 (type: security_group_rules) to 0
2026-07-02 01:29:36.793 9 INFO neutron.wsgi [req-bc6289eb-5889-4492-9ff9-93a86bdc2f23 req-8ec5d4b3-dbf9-436c-be41-0a78da04a562 0de34a0817624ac88103cd0a8b7efde7 c08a9b9706ca494387a82307446407e4 - - ea86e87f318c4fa7864c2d1f9988028c ea86e87f318c4fa7864c2d1f9988028c] 199.204.45.227 "GET /v2.0/subnets?id=c77d4370-a37b-4f2d-89f9-11a5536f39c4 HTTP/1.1" status: 200 len: 862 time: 0.0451241
2026-07-02 01:29:36.818 10 INFO neutron.db.ovn_revision_numbers_db [None req-26b7061c-c686-4d90-a735-15795e7d2c41 657d54396dd145698aabc27283434471 4d55105c14ae432b92919c20267e0451 - - default default] Successfully bumped revision number for resource 40cc38ce-ce49-4cd2-805f-2b5a0b35d7b3 (type: security_group_rules) to 0
2026-07-02 01:29:36.829 9 INFO neutron.wsgi [req-bc6289eb-5889-4492-9ff9-93a86bdc2f23 req-c46a4dd5-6cc8-4844-8143-7cfe870e249c 0de34a0817624ac88103cd0a8b7efde7 c08a9b9706ca494387a82307446407e4 - - ea86e87f318c4fa7864c2d1f9988028c ea86e87f318c4fa7864c2d1f9988028c] 199.204.45.227 "GET /v2.0/ports?network_id=8449d312-cc74-4b63-8208-1031874bd8bd&device_owner=network%3Adhcp HTTP/1.1" status: 200 len: 210 time: 0.0265121
2026-07-02 01:29:36.845 10 INFO neutron.db.ovn_revision_numbers_db [None req-26b7061c-c686-4d90-a735-15795e7d2c41 657d54396dd145698aabc27283434471 4d55105c14ae432b92919c20267e0451 - - default default] Successfully bumped revision number for resource 8e9c6756-61b1-4763-9754-9c9349f5f19c (type: security_group_rules) to 0
2026-07-02 01:29:36.866 10 INFO neutron.db.ovn_revision_numbers_db [None req-26b7061c-c686-4d90-a735-15795e7d2c41 657d54396dd145698aabc27283434471 4d55105c14ae432b92919c20267e0451 - - default default] Successfully bumped revision number for resource e0df9676-4b9e-47c3-8968-5a6940688db9 (type: security_group_rules) to 0
2026-07-02 01:29:36.910 9 INFO neutron.wsgi [req-bc6289eb-5889-4492-9ff9-93a86bdc2f23 req-379e662d-3eef-405d-9f91-0890e1b82bb0 0de34a0817624ac88103cd0a8b7efde7 c08a9b9706ca494387a82307446407e4 - - ea86e87f318c4fa7864c2d1f9988028c ea86e87f318c4fa7864c2d1f9988028c] 199.204.45.227 "GET /v2.0/networks/8449d312-cc74-4b63-8208-1031874bd8bd?fields=segments HTTP/1.1" status: 200 len: 212 time: 0.0721126
2026-07-02 01:29:36.916 10 INFO neutron.wsgi [None req-26b7061c-c686-4d90-a735-15795e7d2c41 657d54396dd145698aabc27283434471 4d55105c14ae432b92919c20267e0451 - - default default] 10.0.0.113 "GET /v2.0/security-groups?tenant_id=a01aadcba89d4d5cbe3e1e5058e09ee0&name=default HTTP/1.1" status: 200 len: 3120 time: 0.5218799
2026-07-02 01:29:36.971 10 INFO neutron.wsgi [req-77a13839-7585-4167-91d0-1ce5f929eb25 req-12d38576-1aa1-48d3-b6d3-8196edb45923 3b3b0c9fcdb94df8be1a7e266868208d 8b8984c4636045569956cb8af776fc8b - - default default] 10.0.0.227 "GET /v2.0/ports?device_id=a89a9c44-add1-4716-b5e1-e47fd9b51887 HTTP/1.1" status: 200 len: 1172 time: 0.0975561
2026-07-02 01:29:36.973 10 INFO neutron.notifiers.nova [-] Nova event matching ['req-664ad523-41fa-465f-be3d-63a07a48643b'] response: {'server_uuid': 'a89a9c44-add1-4716-b5e1-e47fd9b51887', 'name': 'network-vif-plugged', 'status': 'completed', 'tag': '801213d0-fe90-40c4-8251-36b18b5da94f', 'code': 200}
2026-07-02 01:29:36.983 9 INFO neutron.wsgi [req-bc6289eb-5889-4492-9ff9-93a86bdc2f23 req-1cdf1bf0-f948-4ad5-8181-a03263c9dead 0de34a0817624ac88103cd0a8b7efde7 c08a9b9706ca494387a82307446407e4 - - ea86e87f318c4fa7864c2d1f9988028c ea86e87f318c4fa7864c2d1f9988028c] 199.204.45.227 "GET /v2.0/networks/8449d312-cc74-4b63-8208-1031874bd8bd?fields=provider%3Aphysical_network&fields=provider%3Anetwork_type HTTP/1.1" status: 200 len: 277 time: 0.0659399
2026-07-02 01:29:37.308 10 INFO neutron.wsgi [req-77a13839-7585-4167-91d0-1ce5f929eb25 req-99d77a0f-e591-4f5f-a2ef-4a5dc3457fd7 3b3b0c9fcdb94df8be1a7e266868208d 8b8984c4636045569956cb8af776fc8b - - default default] 10.0.0.227 "GET /v2.0/security-groups?id=fbbef5f3-0837-4426-8fa2-e0146823a7a6&fields=id&fields=name HTTP/1.1" status: 200 len: 313 time: 0.3325362
2026-07-02 01:29:37.376 10 INFO neutron.wsgi [None req-ce96904e-6259-41ed-a7fd-b1094086fae2 76598f7dafa040fcafa9740aa4353aee 6c9ed41568174363a3adc186266ee70a - - default default] 10.0.0.113 "DELETE /v2.0/ports/f20f6d71-f5d4-4b9a-aebe-3cdcec153f1b HTTP/1.1" status: 204 len: 168 time: 0.8523672
2026-07-02 01:29:37.408 9 WARNING neutron_lib.context [None req-3b30eeb5-8b90-4774-b763-5ac5981a04dd f9e20f61ebcf4782af93b8ecfe7a4174 ebcc9a87d5174dfcaf74757aadf966a8 - - default default] Method 'is_advsvc' is deprecated since 2023.2 release (neutron-lib 3.8.0) and will be removed once support for the old RBAC API policies will be removed from Neutron. Please use method 'is_service_role' instead.
2026-07-02 01:29:37.411 9 INFO neutron.pecan_wsgi.hooks.translation [None req-a88d7bc3-77b3-4081-a938-9f0e0d223796 76598f7dafa040fcafa9740aa4353aee 6c9ed41568174363a3adc186266ee70a - - default default] DELETE failed (client error): The resource could not be found.
