2026-07-02 01:32:40.649 10 INFO neutron.db.ovn_revision_numbers_db [None req-fa7a88a3-7fb6-47c6-ad4d-0302e16308db f8903537290b43a0900a3f9a1c40e42a c3bf88b1b19541bc842607c9dcad26a1 - - default default] Successfully bumped revision number for resource 2c4eebeb-f17f-4d9f-8dc2-fd264fa3ced1 (type: security_group_rules) to 0
2026-07-02 01:32:40.663 10 INFO neutron.db.ovn_revision_numbers_db [None req-fa7a88a3-7fb6-47c6-ad4d-0302e16308db f8903537290b43a0900a3f9a1c40e42a c3bf88b1b19541bc842607c9dcad26a1 - - default default] Successfully bumped revision number for resource 3410ff81-744f-4c40-b16d-2442289878c1 (type: security_group_rules) to 0
2026-07-02 01:32:40.680 10 INFO neutron.db.ovn_revision_numbers_db [None req-fa7a88a3-7fb6-47c6-ad4d-0302e16308db f8903537290b43a0900a3f9a1c40e42a c3bf88b1b19541bc842607c9dcad26a1 - - default default] Successfully bumped revision number for resource d563f717-3896-476f-8d51-a160da81995b (type: security_group_rules) to 0
2026-07-02 01:32:40.693 10 INFO neutron.db.ovn_revision_numbers_db [None req-fa7a88a3-7fb6-47c6-ad4d-0302e16308db f8903537290b43a0900a3f9a1c40e42a c3bf88b1b19541bc842607c9dcad26a1 - - default default] Successfully bumped revision number for resource fa9a9caf-a21c-470e-b835-bdba0aadc41a (type: security_group_rules) to 0
2026-07-02 01:32:40.746 10 INFO neutron.db.segments_db [None req-fa7a88a3-7fb6-47c6-ad4d-0302e16308db f8903537290b43a0900a3f9a1c40e42a c3bf88b1b19541bc842607c9dcad26a1 - - default default] Added segment 0df193f7-8ae1-487a-bd26-08b24f047c8c of type geneve for network 245174db-8ea7-4dba-a4ae-bd92df3a2591
2026-07-02 01:32:40.918 10 INFO neutron.db.ovn_revision_numbers_db [None req-fa7a88a3-7fb6-47c6-ad4d-0302e16308db f8903537290b43a0900a3f9a1c40e42a c3bf88b1b19541bc842607c9dcad26a1 - - default default] Successfully bumped revision number for resource 245174db-8ea7-4dba-a4ae-bd92df3a2591 (type: networks) to 1
2026-07-02 01:32:41.159 10 WARNING neutron.scheduler.dhcp_agent_scheduler [None req-fa7a88a3-7fb6-47c6-ad4d-0302e16308db f8903537290b43a0900a3f9a1c40e42a c3bf88b1b19541bc842607c9dcad26a1 - - default default] No more DHCP agents
2026-07-02 01:32:41.160 10 WARNING neutron.api.rpc.agentnotifiers.dhcp_rpc_agent_api [None req-fa7a88a3-7fb6-47c6-ad4d-0302e16308db f8903537290b43a0900a3f9a1c40e42a c3bf88b1b19541bc842607c9dcad26a1 - - default default] Unable to schedule network 245174db-8ea7-4dba-a4ae-bd92df3a2591: no agents available; will retry on subsequent port and subnet creation events.
2026-07-02 01:32:41.249 10 INFO neutron.db.ovn_revision_numbers_db [None req-fa7a88a3-7fb6-47c6-ad4d-0302e16308db f8903537290b43a0900a3f9a1c40e42a c3bf88b1b19541bc842607c9dcad26a1 - - default default] Successfully bumped revision number for resource 917798f2-8781-4a2c-affe-b3ed0d3de22f (type: ports) to 1
2026-07-02 01:32:41.271 10 INFO neutron.wsgi [None req-fa7a88a3-7fb6-47c6-ad4d-0302e16308db f8903537290b43a0900a3f9a1c40e42a c3bf88b1b19541bc842607c9dcad26a1 - - default default] 10.0.0.113 "POST /v2.0/networks HTTP/1.1" status: 201 len: 831 time: 1.0270133
2026-07-02 01:32:41.289 10 WARNING neutron_lib.context [None req-3912e47c-328c-4e0e-a44a-9c7e0f7656a8 f8903537290b43a0900a3f9a1c40e42a c3bf88b1b19541bc842607c9dcad26a1 - - default default] Method 'is_advsvc' is deprecated since 2023.2 release (neutron-lib 3.8.0) and will be removed once support for the old RBAC API policies will be removed from Neutron. Please use method 'is_service_role' instead.
2026-07-02 01:32:41.630 10 WARNING neutron.scheduler.dhcp_agent_scheduler [None req-3912e47c-328c-4e0e-a44a-9c7e0f7656a8 f8903537290b43a0900a3f9a1c40e42a c3bf88b1b19541bc842607c9dcad26a1 - - default default] No more DHCP agents
2026-07-02 01:32:41.636 10 WARNING neutron.api.rpc.agentnotifiers.dhcp_rpc_agent_api [None req-3912e47c-328c-4e0e-a44a-9c7e0f7656a8 f8903537290b43a0900a3f9a1c40e42a c3bf88b1b19541bc842607c9dcad26a1 - - default default] Unable to schedule network 245174db-8ea7-4dba-a4ae-bd92df3a2591: no agents available; will retry on subsequent port and subnet creation events.
2026-07-02 01:32:42.278 10 INFO neutron.db.ovn_revision_numbers_db [None req-3912e47c-328c-4e0e-a44a-9c7e0f7656a8 f8903537290b43a0900a3f9a1c40e42a c3bf88b1b19541bc842607c9dcad26a1 - - default default] Successfully bumped revision number for resource 917798f2-8781-4a2c-affe-b3ed0d3de22f (type: ports) to 2
2026-07-02 01:32:42.315 10 INFO neutron.db.ovn_revision_numbers_db [None req-3912e47c-328c-4e0e-a44a-9c7e0f7656a8 f8903537290b43a0900a3f9a1c40e42a c3bf88b1b19541bc842607c9dcad26a1 - - default default] Successfully bumped revision number for resource 076fde16-3783-474b-baca-3e878baad830 (type: subnets) to 0
2026-07-02 01:32:42.334 10 INFO neutron.wsgi [None req-3912e47c-328c-4e0e-a44a-9c7e0f7656a8 f8903537290b43a0900a3f9a1c40e42a c3bf88b1b19541bc842607c9dcad26a1 - - default default] 10.0.0.113 "POST /v2.0/subnets HTTP/1.1" status: 201 len: 801 time: 1.0508044
2026-07-02 01:32:42.344 10 WARNING neutron_lib.context [None req-6fa7b1de-0941-4535-abbb-343e849d5fe1 f8903537290b43a0900a3f9a1c40e42a c3bf88b1b19541bc842607c9dcad26a1 - - default default] Method 'is_advsvc' is deprecated since 2023.2 release (neutron-lib 3.8.0) and will be removed once support for the old RBAC API policies will be removed from Neutron. Please use method 'is_service_role' instead.
2026-07-02 01:32:42.431 10 INFO neutron.db.segments_db [None req-6fa7b1de-0941-4535-abbb-343e849d5fe1 f8903537290b43a0900a3f9a1c40e42a c3bf88b1b19541bc842607c9dcad26a1 - - default default] Added segment 46d7048d-4de9-44ac-9e5c-47a14b93099e of type geneve for network fc90001b-3a5d-41c2-b2a7-93e68582e457
2026-07-02 01:32:42.561 10 INFO neutron.db.ovn_revision_numbers_db [None req-6fa7b1de-0941-4535-abbb-343e849d5fe1 f8903537290b43a0900a3f9a1c40e42a c3bf88b1b19541bc842607c9dcad26a1 - - default default] Successfully bumped revision number for resource fc90001b-3a5d-41c2-b2a7-93e68582e457 (type: networks) to 1
2026-07-02 01:32:42.755 10 WARNING neutron.scheduler.dhcp_agent_scheduler [None req-6fa7b1de-0941-4535-abbb-343e849d5fe1 f8903537290b43a0900a3f9a1c40e42a c3bf88b1b19541bc842607c9dcad26a1 - - default default] No more DHCP agents
2026-07-02 01:32:42.756 10 WARNING neutron.api.rpc.agentnotifiers.dhcp_rpc_agent_api [None req-6fa7b1de-0941-4535-abbb-343e849d5fe1 f8903537290b43a0900a3f9a1c40e42a c3bf88b1b19541bc842607c9dcad26a1 - - default default] Unable to schedule network fc90001b-3a5d-41c2-b2a7-93e68582e457: no agents available; will retry on subsequent port and subnet creation events.
2026-07-02 01:32:42.782 9 WARNING neutron_lib.context [None req-f938466f-3234-4f9f-b5cb-cd13e1477d80 2aedfde3321c42bab0e5f0a9300dc7f4 5236bb05ff5c4cc1b34037ee70ec25b5 - - default default] Method 'is_advsvc' is deprecated since 2023.2 release (neutron-lib 3.8.0) and will be removed once support for the old RBAC API policies will be removed from Neutron. Please use method 'is_service_role' instead.
2026-07-02 01:32:42.848 10 INFO neutron.db.ovn_revision_numbers_db [None req-6fa7b1de-0941-4535-abbb-343e849d5fe1 f8903537290b43a0900a3f9a1c40e42a c3bf88b1b19541bc842607c9dcad26a1 - - default default] Successfully bumped revision number for resource 32e2b110-4121-41be-beb8-480aea6fa401 (type: ports) to 1
2026-07-02 01:32:42.869 10 INFO neutron.wsgi [None req-6fa7b1de-0941-4535-abbb-343e849d5fe1 f8903537290b43a0900a3f9a1c40e42a c3bf88b1b19541bc842607c9dcad26a1 - - default default] 10.0.0.113 "POST /v2.0/networks HTTP/1.1" status: 201 len: 831 time: 0.5304213
2026-07-02 01:32:42.879 10 WARNING neutron_lib.context [None req-44ba9619-000c-4925-9d63-c96226948c64 f8903537290b43a0900a3f9a1c40e42a c3bf88b1b19541bc842607c9dcad26a1 - - default default] Method 'is_advsvc' is deprecated since 2023.2 release (neutron-lib 3.8.0) and will be removed once support for the old RBAC API policies will be removed from Neutron. Please use method 'is_service_role' instead.
2026-07-02 01:32:42.924 9 INFO neutron.db.ovn_revision_numbers_db [None req-f938466f-3234-4f9f-b5cb-cd13e1477d80 2aedfde3321c42bab0e5f0a9300dc7f4 5236bb05ff5c4cc1b34037ee70ec25b5 - - default default] Successfully bumped revision number for resource 296435a3-7ff6-44f2-8b80-c8ba4685fe1c (type: routers) to 1
2026-07-02 01:32:42.940 9 INFO neutron.wsgi [None req-f938466f-3234-4f9f-b5cb-cd13e1477d80 2aedfde3321c42bab0e5f0a9300dc7f4 5236bb05ff5c4cc1b34037ee70ec25b5 - - default default] 10.0.0.113 "POST /v2.0/routers HTTP/1.1" status: 201 len: 769 time: 0.3260045
2026-07-02 01:32:42.953 9 WARNING neutron_lib.context [None req-ade3e1ba-a473-4abd-9689-8386544b0875 2aedfde3321c42bab0e5f0a9300dc7f4 5236bb05ff5c4cc1b34037ee70ec25b5 - - default default] Method 'is_advsvc' is deprecated since 2023.2 release (neutron-lib 3.8.0) and will be removed once support for the old RBAC API policies will be removed from Neutron. Please use method 'is_service_role' instead.
2026-07-02 01:32:43.091 9 INFO neutron.db.ovn_revision_numbers_db [None req-ade3e1ba-a473-4abd-9689-8386544b0875 2aedfde3321c42bab0e5f0a9300dc7f4 5236bb05ff5c4cc1b34037ee70ec25b5 - - default default] Successfully bumped revision number for resource e1557c40-e9c1-4c9a-b23a-c647a8a87785 (type: routers) to 1
2026-07-02 01:32:43.107 9 INFO neutron.wsgi [None req-ade3e1ba-a473-4abd-9689-8386544b0875 2aedfde3321c42bab0e5f0a9300dc7f4 5236bb05ff5c4cc1b34037ee70ec25b5 - - default default] 10.0.0.113 "POST /v2.0/routers HTTP/1.1" status: 201 len: 769 time: 0.1595986
2026-07-02 01:32:43.117 9 WARNING neutron_lib.context [None req-cf960e79-337a-4d05-a323-b1817472cfaf 2aedfde3321c42bab0e5f0a9300dc7f4 5236bb05ff5c4cc1b34037ee70ec25b5 - - default default] Method 'is_advsvc' is deprecated since 2023.2 release (neutron-lib 3.8.0) and will be removed once support for the old RBAC API policies will be removed from Neutron. Please use method 'is_service_role' instead.
2026-07-02 01:32:43.142 10 WARNING neutron.scheduler.dhcp_agent_scheduler [None req-44ba9619-000c-4925-9d63-c96226948c64 f8903537290b43a0900a3f9a1c40e42a c3bf88b1b19541bc842607c9dcad26a1 - - default default] No more DHCP agents
2026-07-02 01:32:43.143 10 WARNING neutron.api.rpc.agentnotifiers.dhcp_rpc_agent_api [None req-44ba9619-000c-4925-9d63-c96226948c64 f8903537290b43a0900a3f9a1c40e42a c3bf88b1b19541bc842607c9dcad26a1 - - default default] Unable to schedule network fc90001b-3a5d-41c2-b2a7-93e68582e457: no agents available; will retry on subsequent port and subnet creation events.
2026-07-02 01:32:43.231 9 INFO neutron.db.ovn_revision_numbers_db [None req-cf960e79-337a-4d05-a323-b1817472cfaf 2aedfde3321c42bab0e5f0a9300dc7f4 5236bb05ff5c4cc1b34037ee70ec25b5 - - default default] Successfully bumped revision number for resource 4193253a-a550-4b46-9a89-9a518989ce26 (type: routers) to 1
2026-07-02 01:32:43.248 9 INFO neutron.wsgi [None req-cf960e79-337a-4d05-a323-b1817472cfaf 2aedfde3321c42bab0e5f0a9300dc7f4 5236bb05ff5c4cc1b34037ee70ec25b5 - - default default] 10.0.0.113 "POST /v2.0/routers HTTP/1.1" status: 201 len: 769 time: 0.1358600
2026-07-02 01:32:43.260 9 WARNING neutron_lib.context [None req-1f14693d-0652-4c80-8ec2-fb5345748642 2aedfde3321c42bab0e5f0a9300dc7f4 5236bb05ff5c4cc1b34037ee70ec25b5 - - default default] Method 'is_advsvc' is deprecated since 2023.2 release (neutron-lib 3.8.0) and will be removed once support for the old RBAC API policies will be removed from Neutron. Please use method 'is_service_role' instead.
2026-07-02 01:32:43.375 9 INFO neutron.db.ovn_revision_numbers_db [None req-1f14693d-0652-4c80-8ec2-fb5345748642 2aedfde3321c42bab0e5f0a9300dc7f4 5236bb05ff5c4cc1b34037ee70ec25b5 - - default default] Successfully bumped revision number for resource 7ad93a66-b9e4-4821-82c2-74ab81d40f73 (type: routers) to 1
2026-07-02 01:32:43.389 9 INFO neutron.wsgi [None req-1f14693d-0652-4c80-8ec2-fb5345748642 2aedfde3321c42bab0e5f0a9300dc7f4 5236bb05ff5c4cc1b34037ee70ec25b5 - - default default] 10.0.0.113 "POST /v2.0/routers HTTP/1.1" status: 201 len: 769 time: 0.1341450
2026-07-02 01:32:43.400 9 WARNING neutron_lib.context [None req-e4dc2633-b4aa-4ea6-b1f8-5540cefc1ffa 2aedfde3321c42bab0e5f0a9300dc7f4 5236bb05ff5c4cc1b34037ee70ec25b5 - - default default] Method 'is_advsvc' is deprecated since 2023.2 release (neutron-lib 3.8.0) and will be removed once support for the old RBAC API policies will be removed from Neutron. Please use method 'is_service_role' instead.
2026-07-02 01:32:43.508 9 INFO neutron.db.ovn_revision_numbers_db [None req-e4dc2633-b4aa-4ea6-b1f8-5540cefc1ffa 2aedfde3321c42bab0e5f0a9300dc7f4 5236bb05ff5c4cc1b34037ee70ec25b5 - - default default] Successfully bumped revision number for resource b28fb15c-24ef-4959-8fc3-7763b77e83a5 (type: routers) to 1
2026-07-02 01:32:43.524 9 INFO neutron.wsgi [None req-e4dc2633-b4aa-4ea6-b1f8-5540cefc1ffa 2aedfde3321c42bab0e5f0a9300dc7f4 5236bb05ff5c4cc1b34037ee70ec25b5 - - default default] 10.0.0.113 "POST /v2.0/routers HTTP/1.1" status: 201 len: 769 time: 0.1293156
2026-07-02 01:32:43.589 9 INFO neutron.wsgi [None req-c57e2ac2-d99a-4d00-bd73-0c4535ba79c2 2aedfde3321c42bab0e5f0a9300dc7f4 5236bb05ff5c4cc1b34037ee70ec25b5 - - default default] 10.0.0.113 "PUT /v2.0/routers/296435a3-7ff6-44f2-8b80-c8ba4685fe1c/tags HTTP/1.1" status: 200 len: 210 time: 0.0594096
2026-07-02 01:32:43.647 10 INFO neutron.db.ovn_revision_numbers_db [None req-44ba9619-000c-4925-9d63-c96226948c64 f8903537290b43a0900a3f9a1c40e42a c3bf88b1b19541bc842607c9dcad26a1 - - default default] Successfully bumped revision number for resource 32e2b110-4121-41be-beb8-480aea6fa401 (type: ports) to 2
2026-07-02 01:32:43.688 10 INFO neutron.db.ovn_revision_numbers_db [None req-44ba9619-000c-4925-9d63-c96226948c64 f8903537290b43a0900a3f9a1c40e42a c3bf88b1b19541bc842607c9dcad26a1 - - default default] Successfully bumped revision number for resource caf824e8-9264-43b1-a78d-d7bb18ec45a9 (type: subnets) to 0
2026-07-02 01:32:43.709 10 INFO neutron.wsgi [None req-44ba9619-000c-4925-9d63-c96226948c64 f8903537290b43a0900a3f9a1c40e42a c3bf88b1b19541bc842607c9dcad26a1 - - default default] 10.0.0.113 "POST /v2.0/subnets HTTP/1.1" status: 201 len: 804 time: 0.8349204
2026-07-02 01:32:43.719 10 WARNING neutron_lib.context [None req-145136ae-b691-4794-8659-09014e5edf47 f8903537290b43a0900a3f9a1c40e42a c3bf88b1b19541bc842607c9dcad26a1 - - default default] Method 'is_advsvc' is deprecated since 2023.2 release (neutron-lib 3.8.0) and will be removed once support for the old RBAC API policies will be removed from Neutron. Please use method 'is_service_role' instead.
2026-07-02 01:32:43.812 10 INFO neutron.db.segments_db [None req-145136ae-b691-4794-8659-09014e5edf47 f8903537290b43a0900a3f9a1c40e42a c3bf88b1b19541bc842607c9dcad26a1 - - default default] Added segment 7db39d8b-f5e7-4801-aad5-62602b98372f of type geneve for network bcf2d2d9-bab6-4c88-866d-5ac4298c2ac2
2026-07-02 01:32:43.916 9 INFO neutron.wsgi [None req-5040db38-d62f-466d-94c5-c2858735b83e 2aedfde3321c42bab0e5f0a9300dc7f4 5236bb05ff5c4cc1b34037ee70ec25b5 - - default default] 10.0.0.113 "PUT /v2.0/routers/e1557c40-e9c1-4c9a-b23a-c647a8a87785/tags HTTP/1.1" status: 200 len: 218 time: 0.3220444
2026-07-02 01:32:43.963 10 INFO neutron.db.ovn_revision_numbers_db [None req-145136ae-b691-4794-8659-09014e5edf47 f8903537290b43a0900a3f9a1c40e42a c3bf88b1b19541bc842607c9dcad26a1 - - default default] Successfully bumped revision number for resource bcf2d2d9-bab6-4c88-866d-5ac4298c2ac2 (type: networks) to 1
2026-07-02 01:32:43.991 9 INFO neutron.wsgi [None req-58bd7fb3-9ab1-4ffc-a881-4edda794b397 2aedfde3321c42bab0e5f0a9300dc7f4 5236bb05ff5c4cc1b34037ee70ec25b5 - - default default] 10.0.0.113 "PUT /v2.0/routers/4193253a-a550-4b46-9a89-9a518989ce26/tags HTTP/1.1" status: 200 len: 227 time: 0.0668600
2026-07-02 01:32:44.060 9 INFO neutron.wsgi [None req-a3d2286b-9f8e-4e9c-8535-73d5c5947799 2aedfde3321c42bab0e5f0a9300dc7f4 5236bb05ff5c4cc1b34037ee70ec25b5 - - default default] 10.0.0.113 "PUT /v2.0/routers/7ad93a66-b9e4-4821-82c2-74ab81d40f73/tags HTTP/1.1" status: 200 len: 212 time: 0.0633318
2026-07-02 01:32:44.158 9 INFO neutron.wsgi [None req-dafdabf5-cc6b-4bbe-9ac4-003d1ef5d8e7 2aedfde3321c42bab0e5f0a9300dc7f4 5236bb05ff5c4cc1b34037ee70ec25b5 - - default default] 10.0.0.113 "GET /v2.0/routers?tags=red HTTP/1.1" status: 200 len: 1946 time: 0.0920491
2026-07-02 01:32:44.176 10 WARNING neutron.scheduler.dhcp_agent_scheduler [None req-145136ae-b691-4794-8659-09014e5edf47 f8903537290b43a0900a3f9a1c40e42a c3bf88b1b19541bc842607c9dcad26a1 - - default default] No more DHCP agents
2026-07-02 01:32:44.178 10 WARNING neutron.api.rpc.agentnotifiers.dhcp_rpc_agent_api [None req-145136ae-b691-4794-8659-09014e5edf47 f8903537290b43a0900a3f9a1c40e42a c3bf88b1b19541bc842607c9dcad26a1 - - default default] Unable to schedule network bcf2d2d9-bab6-4c88-866d-5ac4298c2ac2: no agents available; will retry on subsequent port and subnet creation events.
2026-07-02 01:32:44.277 10 INFO neutron.db.ovn_revision_numbers_db [None req-145136ae-b691-4794-8659-09014e5edf47 f8903537290b43a0900a3f9a1c40e42a c3bf88b1b19541bc842607c9dcad26a1 - - default default] Successfully bumped revision number for resource da6c73f4-5765-4754-87df-29acc86308ef (type: ports) to 1
2026-07-02 01:32:44.280 9 INFO neutron.wsgi [None req-2bce30fb-ab07-4d0b-84c5-b69ef9bcee86 2aedfde3321c42bab0e5f0a9300dc7f4 5236bb05ff5c4cc1b34037ee70ec25b5 - - default default] 10.0.0.113 "GET /v2.0/routers?tags=red%2Cblue HTTP/1.1" status: 200 len: 1375 time: 0.1186037
2026-07-02 01:32:44.363 10 INFO neutron.wsgi [None req-145136ae-b691-4794-8659-09014e5edf47 f8903537290b43a0900a3f9a1c40e42a c3bf88b1b19541bc842607c9dcad26a1 - - default default] 10.0.0.113 "POST /v2.0/networks HTTP/1.1" status: 201 len: 831 time: 0.6482153
2026-07-02 01:32:44.375 10 WARNING neutron_lib.context [None req-4fcdd924-cee3-42c8-95fb-9cf8bfc9c11e f8903537290b43a0900a3f9a1c40e42a c3bf88b1b19541bc842607c9dcad26a1 - - default default] Method 'is_advsvc' is deprecated since 2023.2 release (neutron-lib 3.8.0) and will be removed once support for the old RBAC API policies will be removed from Neutron. Please use method 'is_service_role' instead.
2026-07-02 01:32:44.380 10 INFO neutron.wsgi [None req-94e5fcea-16d5-440d-93d8-2f15493ee4fd 2aedfde3321c42bab0e5f0a9300dc7f4 5236bb05ff5c4cc1b34037ee70ec25b5 - - default default] 10.0.0.113 "GET /v2.0/routers?tags-any=blue HTTP/1.1" status: 200 len: 1375 time: 0.0929730
2026-07-02 01:32:44.509 9 INFO neutron.wsgi [None req-9b7029b9-44be-49d8-a22d-a8ac857eccc5 2aedfde3321c42bab0e5f0a9300dc7f4 5236bb05ff5c4cc1b34037ee70ec25b5 - - default default] 10.0.0.113 "GET /v2.0/routers?tags-any=red%2Cblue HTTP/1.1" status: 200 len: 1946 time: 0.1225495
2026-07-02 01:32:44.623 9 INFO neutron.wsgi [None req-b5001be7-01a9-41ed-af36-2f43e72abba4 2aedfde3321c42bab0e5f0a9300dc7f4 5236bb05ff5c4cc1b34037ee70ec25b5 - - default default] 10.0.0.113 "GET /v2.0/routers?not-tags=red HTTP/1.1" status: 200 len: 1347 time: 0.1080039
2026-07-02 01:32:44.724 9 INFO neutron.wsgi [None req-beb2213b-664a-4f91-b795-e6c7ae051712 2aedfde3321c42bab0e5f0a9300dc7f4 5236bb05ff5c4cc1b34037ee70ec25b5 - - default default] 10.0.0.113 "GET /v2.0/routers?not-tags=red%2Cblue HTTP/1.1" status: 200 len: 1918 time: 0.0954852
2026-07-02 01:32:44.823 9 INFO neutron.wsgi [None req-7f5962ac-1903-441b-bf34-0fef45b406b5 2aedfde3321c42bab0e5f0a9300dc7f4 5236bb05ff5c4cc1b34037ee70ec25b5 - - default default] 10.0.0.113 "GET /v2.0/routers?not-tags-any=blue HTTP/1.1" status: 200 len: 1918 time: 0.0904891
2026-07-02 01:32:44.877 9 INFO neutron.wsgi [None req-16704b79-797e-4780-a06b-5fad90b0682a 2aedfde3321c42bab0e5f0a9300dc7f4 5236bb05ff5c4cc1b34037ee70ec25b5 - - default default] 10.0.0.113 "GET /v2.0/routers?not-tags-any=red%2Cblue HTTP/1.1" status: 200 len: 1347 time: 0.0506244
2026-07-02 01:32:44.935 9 INFO neutron.wsgi [None req-29c658a7-698a-4290-883d-6bbd8cf4faa2 2aedfde3321c42bab0e5f0a9300dc7f4 5236bb05ff5c4cc1b34037ee70ec25b5 - - default default] 10.0.0.113 "GET /v2.0/routers/296435a3-7ff6-44f2-8b80-c8ba4685fe1c HTTP/1.1" status: 200 len: 775 time: 0.0516875
2026-07-02 01:32:45.026 10 WARNING neutron.scheduler.dhcp_agent_scheduler [None req-4fcdd924-cee3-42c8-95fb-9cf8bfc9c11e f8903537290b43a0900a3f9a1c40e42a c3bf88b1b19541bc842607c9dcad26a1 - - default default] No more DHCP agents
2026-07-02 01:32:45.029 10 WARNING neutron.api.rpc.agentnotifiers.dhcp_rpc_agent_api [None req-4fcdd924-cee3-42c8-95fb-9cf8bfc9c11e f8903537290b43a0900a3f9a1c40e42a c3bf88b1b19541bc842607c9dcad26a1 - - default default] Unable to schedule network bcf2d2d9-bab6-4c88-866d-5ac4298c2ac2: no agents available; will retry on subsequent port and subnet creation events.
2026-07-02 01:32:45.400 10 INFO neutron.db.ovn_revision_numbers_db [None req-eb8c205f-1076-4377-abb1-877cc663ba9d 2aedfde3321c42bab0e5f0a9300dc7f4 5236bb05ff5c4cc1b34037ee70ec25b5 - - default default] Successfully bumped revision number for resource 296435a3-7ff6-44f2-8b80-c8ba4685fe1c (type: routers) to 2
2026-07-02 01:32:45.408 10 INFO neutron.wsgi [None req-eb8c205f-1076-4377-abb1-877cc663ba9d 2aedfde3321c42bab0e5f0a9300dc7f4 5236bb05ff5c4cc1b34037ee70ec25b5 - - default default] 10.0.0.113 "PUT /v2.0/routers/296435a3-7ff6-44f2-8b80-c8ba4685fe1c HTTP/1.1" status: 200 len: 775 time: 0.4680469
2026-07-02 01:32:45.442 9 INFO neutron.wsgi [None req-34dc11e0-dc42-4860-824c-bc80290dc206 2aedfde3321c42bab0e5f0a9300dc7f4 5236bb05ff5c4cc1b34037ee70ec25b5 - - default default] 10.0.0.113 "GET /v2.0/ports?device_id=296435a3-7ff6-44f2-8b80-c8ba4685fe1c HTTP/1.1" status: 200 len: 205 time: 0.0278378
2026-07-02 01:32:45.692 9 INFO neutron.wsgi [None req-9d1e0f52-7412-4f78-b3dd-5cb665ada4b6 2aedfde3321c42bab0e5f0a9300dc7f4 5236bb05ff5c4cc1b34037ee70ec25b5 - - default default] 10.0.0.113 "DELETE /v2.0/routers/296435a3-7ff6-44f2-8b80-c8ba4685fe1c HTTP/1.1" status: 204 len: 168 time: 0.2458820
2026-07-02 01:32:45.753 10 INFO neutron.db.ovn_revision_numbers_db [None req-4fcdd924-cee3-42c8-95fb-9cf8bfc9c11e f8903537290b43a0900a3f9a1c40e42a c3bf88b1b19541bc842607c9dcad26a1 - - default default] Successfully bumped revision number for resource da6c73f4-5765-4754-87df-29acc86308ef (type: ports) to 2
2026-07-02 01:32:45.758 9 INFO neutron.wsgi [None req-a910d0e2-6db0-4aa8-a07b-14a55ebe3fe6 2aedfde3321c42bab0e5f0a9300dc7f4 5236bb05ff5c4cc1b34037ee70ec25b5 - - default default] 10.0.0.113 "GET /v2.0/routers/e1557c40-e9c1-4c9a-b23a-c647a8a87785 HTTP/1.1" status: 200 len: 783 time: 0.0620818
2026-07-02 01:32:45.791 10 INFO neutron.db.ovn_revision_numbers_db [None req-4fcdd924-cee3-42c8-95fb-9cf8bfc9c11e f8903537290b43a0900a3f9a1c40e42a c3bf88b1b19541bc842607c9dcad26a1 - - default default] Successfully bumped revision number for resource 3ec60d9b-5c35-4137-b51e-d5a861850d55 (type: subnets) to 0
2026-07-02 01:32:45.809 10 INFO neutron.wsgi [None req-4fcdd924-cee3-42c8-95fb-9cf8bfc9c11e f8903537290b43a0900a3f9a1c40e42a c3bf88b1b19541bc842607c9dcad26a1 - - default default] 10.0.0.113 "POST /v2.0/subnets HTTP/1.1" status: 201 len: 804 time: 1.4377584
2026-07-02 01:32:45.819 10 WARNING neutron_lib.context [None req-0973d4e4-142b-470a-a99a-7b51be97eb65 f8903537290b43a0900a3f9a1c40e42a c3bf88b1b19541bc842607c9dcad26a1 - - default default] Method 'is_advsvc' is deprecated since 2023.2 release (neutron-lib 3.8.0) and will be removed once support for the old RBAC API policies will be removed from Neutron. Please use method 'is_service_role' instead.
2026-07-02 01:32:45.916 10 INFO neutron.db.segments_db [None req-0973d4e4-142b-470a-a99a-7b51be97eb65 f8903537290b43a0900a3f9a1c40e42a c3bf88b1b19541bc842607c9dcad26a1 - - default default] Added segment ad746ae1-cf7f-42a6-ae78-ae159c16c1ee of type geneve for network 72dbf9c1-ad58-46e1-b5c7-5b6538417ee1
2026-07-02 01:32:46.115 10 INFO neutron.db.ovn_revision_numbers_db [None req-0973d4e4-142b-470a-a99a-7b51be97eb65 f8903537290b43a0900a3f9a1c40e42a c3bf88b1b19541bc842607c9dcad26a1 - - default default] Successfully bumped revision number for resource 72dbf9c1-ad58-46e1-b5c7-5b6538417ee1 (type: networks) to 1
2026-07-02 01:32:46.311 10 WARNING neutron.scheduler.dhcp_agent_scheduler [None req-0973d4e4-142b-470a-a99a-7b51be97eb65 f8903537290b43a0900a3f9a1c40e42a c3bf88b1b19541bc842607c9dcad26a1 - - default default] No more DHCP agents
2026-07-02 01:32:46.312 10 WARNING neutron.api.rpc.agentnotifiers.dhcp_rpc_agent_api [None req-0973d4e4-142b-470a-a99a-7b51be97eb65 f8903537290b43a0900a3f9a1c40e42a c3bf88b1b19541bc842607c9dcad26a1 - - default default] Unable to schedule network 72dbf9c1-ad58-46e1-b5c7-5b6538417ee1: no agents available; will retry on subsequent port and subnet creation events.
2026-07-02 01:32:46.407 10 INFO neutron.db.ovn_revision_numbers_db [None req-0973d4e4-142b-470a-a99a-7b51be97eb65 f8903537290b43a0900a3f9a1c40e42a c3bf88b1b19541bc842607c9dcad26a1 - - default default] Successfully bumped revision number for resource e643f0db-0082-4a56-ac17-a14137f338a9 (type: ports) to 1
2026-07-02 01:32:46.433 10 INFO neutron.wsgi [None req-0973d4e4-142b-470a-a99a-7b51be97eb65 f8903537290b43a0900a3f9a1c40e42a c3bf88b1b19541bc842607c9dcad26a1 - - default default] 10.0.0.113 "POST /v2.0/networks HTTP/1.1" status: 201 len: 830 time: 0.6179271
2026-07-02 01:32:46.443 10 WARNING neutron_lib.context [None req-42b9ec58-3c48-4a86-aee0-0cd220f586c9 f8903537290b43a0900a3f9a1c40e42a c3bf88b1b19541bc842607c9dcad26a1 - - default default] Method 'is_advsvc' is deprecated since 2023.2 release (neutron-lib 3.8.0) and will be removed once support for the old RBAC API policies will be removed from Neutron. Please use method 'is_service_role' instead.
2026-07-02 01:32:46.535 9 INFO neutron.db.ovn_revision_numbers_db [None req-02a60b0f-c7b2-44e8-81f4-3eedb41a75f3 2aedfde3321c42bab0e5f0a9300dc7f4 5236bb05ff5c4cc1b34037ee70ec25b5 - - default default] Successfully bumped revision number for resource e1557c40-e9c1-4c9a-b23a-c647a8a87785 (type: routers) to 2
2026-07-02 01:32:46.544 9 INFO neutron.wsgi [None req-02a60b0f-c7b2-44e8-81f4-3eedb41a75f3 2aedfde3321c42bab0e5f0a9300dc7f4 5236bb05ff5c4cc1b34037ee70ec25b5 - - default default] 10.0.0.113 "PUT /v2.0/routers/e1557c40-e9c1-4c9a-b23a-c647a8a87785 HTTP/1.1" status: 200 len: 783 time: 0.7812154
2026-07-02 01:32:46.579 9 INFO neutron.wsgi [None req-6b04c6b8-180e-47c9-ae70-7358c4630e3d 2aedfde3321c42bab0e5f0a9300dc7f4 5236bb05ff5c4cc1b34037ee70ec25b5 - - default default] 10.0.0.113 "GET /v2.0/ports?device_id=e1557c40-e9c1-4c9a-b23a-c647a8a87785 HTTP/1.1" status: 200 len: 205 time: 0.0239160
2026-07-02 01:32:46.729 10 WARNING neutron.scheduler.dhcp_agent_scheduler [None req-42b9ec58-3c48-4a86-aee0-0cd220f586c9 f8903537290b43a0900a3f9a1c40e42a c3bf88b1b19541bc842607c9dcad26a1 - - default default] No more DHCP agents
2026-07-02 01:32:46.732 10 WARNING neutron.api.rpc.agentnotifiers.dhcp_rpc_agent_api [None req-42b9ec58-3c48-4a86-aee0-0cd220f586c9 f8903537290b43a0900a3f9a1c40e42a c3bf88b1b19541bc842607c9dcad26a1 - - default default] Unable to schedule network 72dbf9c1-ad58-46e1-b5c7-5b6538417ee1: no agents available; will retry on subsequent port and subnet creation events.
2026-07-02 01:32:46.865 9 INFO neutron.wsgi [None req-ac86621a-d510-4acd-a7ac-8381becfd90a 2aedfde3321c42bab0e5f0a9300dc7f4 5236bb05ff5c4cc1b34037ee70ec25b5 - - default default] 10.0.0.113 "DELETE /v2.0/routers/e1557c40-e9c1-4c9a-b23a-c647a8a87785 HTTP/1.1" status: 204 len: 168 time: 0.2804835
2026-07-02 01:32:46.919 9 INFO neutron.wsgi [None req-81d0cf18-e4ab-45ec-a679-8da4c6de7be5 2aedfde3321c42bab0e5f0a9300dc7f4 5236bb05ff5c4cc1b34037ee70ec25b5 - - default default] 10.0.0.113 "GET /v2.0/routers/4193253a-a550-4b46-9a89-9a518989ce26 HTTP/1.1" status: 200 len: 792 time: 0.0488403
2026-07-02 01:32:47.250 10 INFO neutron.db.ovn_revision_numbers_db [None req-42b9ec58-3c48-4a86-aee0-0cd220f586c9 f8903537290b43a0900a3f9a1c40e42a c3bf88b1b19541bc842607c9dcad26a1 - - default default] Successfully bumped revision number for resource e643f0db-0082-4a56-ac17-a14137f338a9 (type: ports) to 2
2026-07-02 01:32:47.287 10 INFO neutron.db.ovn_revision_numbers_db [None req-42b9ec58-3c48-4a86-aee0-0cd220f586c9 f8903537290b43a0900a3f9a1c40e42a c3bf88b1b19541bc842607c9dcad26a1 - - default default] Successfully bumped revision number for resource 62a36b5e-c0d8-494c-a9f7-305a92b93bc5 (type: subnets) to 0
2026-07-02 01:32:47.309 10 INFO neutron.wsgi [None req-42b9ec58-3c48-4a86-aee0-0cd220f586c9 f8903537290b43a0900a3f9a1c40e42a c3bf88b1b19541bc842607c9dcad26a1 - - default default] 10.0.0.113 "POST /v2.0/subnets HTTP/1.1" status: 201 len: 804 time: 0.8708210
2026-07-02 01:32:47.320 10 WARNING neutron_lib.context [None req-c89de99b-5064-48b2-84ec-5151030a160c f8903537290b43a0900a3f9a1c40e42a c3bf88b1b19541bc842607c9dcad26a1 - - default default] Method 'is_advsvc' is deprecated since 2023.2 release (neutron-lib 3.8.0) and will be removed once support for the old RBAC API policies will be removed from Neutron. Please use method 'is_service_role' instead.
2026-07-02 01:32:47.411 9 INFO neutron.db.ovn_revision_numbers_db [None req-12e60caa-6848-4f3c-9fa1-97ae7c693db1 2aedfde3321c42bab0e5f0a9300dc7f4 5236bb05ff5c4cc1b34037ee70ec25b5 - - default default] Successfully bumped revision number for resource 4193253a-a550-4b46-9a89-9a518989ce26 (type: routers) to 2
2026-07-02 01:32:47.418 9 INFO neutron.wsgi [None req-12e60caa-6848-4f3c-9fa1-97ae7c693db1 2aedfde3321c42bab0e5f0a9300dc7f4 5236bb05ff5c4cc1b34037ee70ec25b5 - - default default] 10.0.0.113 "PUT /v2.0/routers/4193253a-a550-4b46-9a89-9a518989ce26 HTTP/1.1" status: 200 len: 792 time: 0.4927468
2026-07-02 01:32:47.448 9 INFO neutron.wsgi [None req-748d9021-a017-4dc4-9b96-737a44b57ec0 2aedfde3321c42bab0e5f0a9300dc7f4 5236bb05ff5c4cc1b34037ee70ec25b5 - - default default] 10.0.0.113 "GET /v2.0/ports?device_id=4193253a-a550-4b46-9a89-9a518989ce26 HTTP/1.1" status: 200 len: 205 time: 0.0255322
2026-07-02 01:32:47.590 10 INFO neutron.db.segments_db [None req-c89de99b-5064-48b2-84ec-5151030a160c f8903537290b43a0900a3f9a1c40e42a c3bf88b1b19541bc842607c9dcad26a1 - - default default] Added segment 68f52c5a-e26e-430d-9d15-a3427462bb1a of type geneve for network e4ce3c59-58a6-4a37-8478-b8f5f681f947
2026-07-02 01:32:47.722 10 INFO neutron.db.ovn_revision_numbers_db [None req-c89de99b-5064-48b2-84ec-5151030a160c f8903537290b43a0900a3f9a1c40e42a c3bf88b1b19541bc842607c9dcad26a1 - - default default] Successfully bumped revision number for resource e4ce3c59-58a6-4a37-8478-b8f5f681f947 (type: networks) to 1
2026-07-02 01:32:47.874 9 INFO neutron.wsgi [None req-b398ffb0-7889-4d09-857d-e89e493bbb60 2aedfde3321c42bab0e5f0a9300dc7f4 5236bb05ff5c4cc1b34037ee70ec25b5 - - default default] 10.0.0.113 "DELETE /v2.0/routers/4193253a-a550-4b46-9a89-9a518989ce26 HTTP/1.1" status: 204 len: 168 time: 0.4222250
2026-07-02 01:32:47.909 10 WARNING neutron.scheduler.dhcp_agent_scheduler [None req-c89de99b-5064-48b2-84ec-5151030a160c f8903537290b43a0900a3f9a1c40e42a c3bf88b1b19541bc842607c9dcad26a1 - - default default] No more DHCP agents
2026-07-02 01:32:47.911 10 WARNING neutron.api.rpc.agentnotifiers.dhcp_rpc_agent_api [None req-c89de99b-5064-48b2-84ec-5151030a160c f8903537290b43a0900a3f9a1c40e42a c3bf88b1b19541bc842607c9dcad26a1 - - default default] Unable to schedule network e4ce3c59-58a6-4a37-8478-b8f5f681f947: no agents available; will retry on subsequent port and subnet creation events.
2026-07-02 01:32:47.925 9 INFO neutron.wsgi [None req-0632b2e8-1274-4836-8c2d-0b86e5c3e06d 2aedfde3321c42bab0e5f0a9300dc7f4 5236bb05ff5c4cc1b34037ee70ec25b5 - - default default] 10.0.0.113 "GET /v2.0/routers/7ad93a66-b9e4-4821-82c2-74ab81d40f73 HTTP/1.1" status: 200 len: 777 time: 0.0467854
2026-07-02 01:32:48.023 10 INFO neutron.db.ovn_revision_numbers_db [None req-c89de99b-5064-48b2-84ec-5151030a160c f8903537290b43a0900a3f9a1c40e42a c3bf88b1b19541bc842607c9dcad26a1 - - default default] Successfully bumped revision number for resource 613218bc-1d66-43dd-bb23-028ccc578758 (type: ports) to 1
2026-07-02 01:32:48.052 10 INFO neutron.wsgi [None req-c89de99b-5064-48b2-84ec-5151030a160c f8903537290b43a0900a3f9a1c40e42a c3bf88b1b19541bc842607c9dcad26a1 - - default default] 10.0.0.113 "POST /v2.0/networks HTTP/1.1" status: 201 len: 831 time: 0.7374237
2026-07-02 01:32:48.063 10 WARNING neutron_lib.context [None req-57f62a46-f2de-4948-84bf-21a613e7c322 f8903537290b43a0900a3f9a1c40e42a c3bf88b1b19541bc842607c9dcad26a1 - - default default] Method 'is_advsvc' is deprecated since 2023.2 release (neutron-lib 3.8.0) and will be removed once support for the old RBAC API policies will be removed from Neutron. Please use method 'is_service_role' instead.
2026-07-02 01:32:48.290 10 WARNING neutron.scheduler.dhcp_agent_scheduler [None req-57f62a46-f2de-4948-84bf-21a613e7c322 f8903537290b43a0900a3f9a1c40e42a c3bf88b1b19541bc842607c9dcad26a1 - - default default] No more DHCP agents
2026-07-02 01:32:48.294 10 WARNING neutron.api.rpc.agentnotifiers.dhcp_rpc_agent_api [None req-57f62a46-f2de-4948-84bf-21a613e7c322 f8903537290b43a0900a3f9a1c40e42a c3bf88b1b19541bc842607c9dcad26a1 - - default default] Unable to schedule network e4ce3c59-58a6-4a37-8478-b8f5f681f947: no agents available; will retry on subsequent port and subnet creation events.
2026-07-02 01:32:48.317 9 INFO neutron.db.ovn_revision_numbers_db [None req-107ebcec-0dfb-4c9e-a43e-63b86da6dcc0 2aedfde3321c42bab0e5f0a9300dc7f4 5236bb05ff5c4cc1b34037ee70ec25b5 - - default default] Successfully bumped revision number for resource 7ad93a66-b9e4-4821-82c2-74ab81d40f73 (type: routers) to 2
2026-07-02 01:32:48.324 9 INFO neutron.wsgi [None req-107ebcec-0dfb-4c9e-a43e-63b86da6dcc0 2aedfde3321c42bab0e5f0a9300dc7f4 5236bb05ff5c4cc1b34037ee70ec25b5 - - default default] 10.0.0.113 "PUT /v2.0/routers/7ad93a66-b9e4-4821-82c2-74ab81d40f73 HTTP/1.1" status: 200 len: 777 time: 0.3923936
2026-07-02 01:32:48.349 10 INFO neutron.wsgi [None req-51f50e61-aabe-4f45-ab09-9baf5a510393 2aedfde3321c42bab0e5f0a9300dc7f4 5236bb05ff5c4cc1b34037ee70ec25b5 - - default default] 10.0.0.113 "GET /v2.0/ports?device_id=7ad93a66-b9e4-4821-82c2-74ab81d40f73 HTTP/1.1" status: 200 len: 205 time: 0.0216308
2026-07-02 01:32:48.671 10 INFO neutron.wsgi [None req-cd32c0ba-4d46-444e-bffa-0d6ac48b3952 2aedfde3321c42bab0e5f0a9300dc7f4 5236bb05ff5c4cc1b34037ee70ec25b5 - - default default] 10.0.0.113 "DELETE /v2.0/routers/7ad93a66-b9e4-4821-82c2-74ab81d40f73 HTTP/1.1" status: 204 len: 168 time: 0.3169744
2026-07-02 01:32:48.730 9 INFO neutron.wsgi [None req-6ddc5d4b-5642-4eaf-95b9-66587beb12dd 2aedfde3321c42bab0e5f0a9300dc7f4 5236bb05ff5c4cc1b34037ee70ec25b5 - - default default] 10.0.0.113 "GET /v2.0/routers/b28fb15c-24ef-4959-8fc3-7763b77e83a5 HTTP/1.1" status: 200 len: 770 time: 0.0529301
2026-07-02 01:32:49.021 10 INFO neutron.db.ovn_revision_numbers_db [None req-57f62a46-f2de-4948-84bf-21a613e7c322 f8903537290b43a0900a3f9a1c40e42a c3bf88b1b19541bc842607c9dcad26a1 - - default default] Successfully bumped revision number for resource 613218bc-1d66-43dd-bb23-028ccc578758 (type: ports) to 2
2026-07-02 01:32:49.053 10 INFO neutron.db.ovn_revision_numbers_db [None req-57f62a46-f2de-4948-84bf-21a613e7c322 f8903537290b43a0900a3f9a1c40e42a c3bf88b1b19541bc842607c9dcad26a1 - - default default] Successfully bumped revision number for resource d0a2eecd-6b5f-4c3c-9016-e7eec01154d1 (type: subnets) to 0
2026-07-02 01:32:49.075 10 INFO neutron.wsgi [None req-57f62a46-f2de-4948-84bf-21a613e7c322 f8903537290b43a0900a3f9a1c40e42a c3bf88b1b19541bc842607c9dcad26a1 - - default default] 10.0.0.113 "POST /v2.0/subnets HTTP/1.1" status: 201 len: 804 time: 1.0187545
2026-07-02 01:32:49.126 9 INFO neutron.wsgi [None req-45c0b62b-857b-416b-b81b-cde75ac0355f 2aedfde3321c42bab0e5f0a9300dc7f4 5236bb05ff5c4cc1b34037ee70ec25b5 - - default default] 10.0.0.113 "PUT /v2.0/routers/b28fb15c-24ef-4959-8fc3-7763b77e83a5 HTTP/1.1" status: 200 len: 770 time: 0.3901165
2026-07-02 01:32:49.149 9 INFO neutron.wsgi [None req-83bb5fe0-0cc0-4d72-ad0f-3f3d99045de4 2aedfde3321c42bab0e5f0a9300dc7f4 5236bb05ff5c4cc1b34037ee70ec25b5 - - default default] 10.0.0.113 "GET /v2.0/ports?device_id=b28fb15c-24ef-4959-8fc3-7763b77e83a5 HTTP/1.1" status: 200 len: 205 time: 0.0161521
2026-07-02 01:32:49.155 10 INFO neutron.wsgi [None req-d5b02ee1-4b8f-404b-ac38-7d5b7aa38aee f8903537290b43a0900a3f9a1c40e42a c3bf88b1b19541bc842607c9dcad26a1 - - default default] 10.0.0.113 "PUT /v2.0/subnets/076fde16-3783-474b-baca-3e878baad830/tags HTTP/1.1" status: 200 len: 210 time: 0.0653732
2026-07-02 01:32:49.229 10 INFO neutron.wsgi [None req-813b9135-3305-4b13-b937-98dda0023e52 f8903537290b43a0900a3f9a1c40e42a c3bf88b1b19541bc842607c9dcad26a1 - - default default] 10.0.0.113 "PUT /v2.0/subnets/caf824e8-9264-43b1-a78d-d7bb18ec45a9/tags HTTP/1.1" status: 200 len: 218 time: 0.0690124
2026-07-02 01:32:49.308 10 INFO neutron.wsgi [None req-91e0c624-d37c-423a-bf44-87bc58e2668c f8903537290b43a0900a3f9a1c40e42a c3bf88b1b19541bc842607c9dcad26a1 - - default default] 10.0.0.113 "PUT /v2.0/subnets/3ec60d9b-5c35-4137-b51e-d5a861850d55/tags HTTP/1.1" status: 200 len: 227 time: 0.0675881
2026-07-02 01:32:49.414 10 INFO neutron.wsgi [None req-5413da86-d54a-446b-9dac-5320b6ae7909 f8903537290b43a0900a3f9a1c40e42a c3bf88b1b19541bc842607c9dcad26a1 - - default default] 10.0.0.113 "PUT /v2.0/subnets/62a36b5e-c0d8-494c-a9f7-305a92b93bc5/tags HTTP/1.1" status: 200 len: 212 time: 0.0833168
2026-07-02 01:32:49.494 10 INFO neutron.wsgi [None req-8aa18b8c-9103-4117-a264-41246bf68180 f8903537290b43a0900a3f9a1c40e42a c3bf88b1b19541bc842607c9dcad26a1 - - default default] 10.0.0.113 "GET /v2.0/subnets?tags=red HTTP/1.1" status: 200 len: 2027 time: 0.0717943
2026-07-02 01:32:49.571 10 INFO neutron.wsgi [None req-b5bca2a4-5da6-48c3-87c3-b97371722f5f f8903537290b43a0900a3f9a1c40e42a c3bf88b1b19541bc842607c9dcad26a1 - - default default] 10.0.0.113 "GET /v2.0/subnets?tags=red%2Cblue HTTP/1.1" status: 200 len: 1430 time: 0.0695658
2026-07-02 01:32:49.621 9 INFO neutron.wsgi [None req-559ae017-5104-4a03-8032-1c31ffeab4dd 2aedfde3321c42bab0e5f0a9300dc7f4 5236bb05ff5c4cc1b34037ee70ec25b5 - - default default] 10.0.0.113 "DELETE /v2.0/routers/b28fb15c-24ef-4959-8fc3-7763b77e83a5 HTTP/1.1" status: 204 len: 168 time: 0.4646740
2026-07-02 01:32:49.636 10 INFO neutron.wsgi [None req-a8e772dc-214e-459c-91c2-9b92ef821a1a f8903537290b43a0900a3f9a1c40e42a c3bf88b1b19541bc842607c9dcad26a1 - - default default] 10.0.0.113 "GET /v2.0/subnets?tags-any=blue HTTP/1.1" status: 200 len: 1430 time: 0.0588338
2026-07-02 01:32:49.679 10 INFO neutron.wsgi [None req-ef28acbb-5077-47ac-9dd0-e0618bef8968 f8903537290b43a0900a3f9a1c40e42a c3bf88b1b19541bc842607c9dcad26a1 - - default default] 10.0.0.113 "GET /v2.0/subnets?tags-any=red%2Cblue HTTP/1.1" status: 200 len: 2027 time: 0.0386820
2026-07-02 01:32:49.744 10 INFO neutron.wsgi [None req-d5af3581-62a1-4d55-9e43-8bbbe1c8653a f8903537290b43a0900a3f9a1c40e42a c3bf88b1b19541bc842607c9dcad26a1 - - default default] 10.0.0.113 "GET /v2.0/subnets?not-tags=red HTTP/1.1" status: 200 len: 2018 time: 0.0601323
2026-07-02 01:32:49.811 10 INFO neutron.wsgi [None req-3bdd4361-1f6d-468d-9a3c-ad164831da87 f8903537290b43a0900a3f9a1c40e42a c3bf88b1b19541bc842607c9dcad26a1 - - default default] 10.0.0.113 "GET /v2.0/subnets?not-tags=red%2Cblue HTTP/1.1" status: 200 len: 2615 time: 0.0624440
2026-07-02 01:32:49.877 10 INFO neutron.wsgi [None req-0b7aebe7-f033-4a22-b399-77697d49710c f8903537290b43a0900a3f9a1c40e42a c3bf88b1b19541bc842607c9dcad26a1 - - default default] 10.0.0.113 "GET /v2.0/subnets?not-tags-any=blue HTTP/1.1" status: 200 len: 2615 time: 0.0601823
2026-07-02 01:32:49.936 10 INFO neutron.wsgi [None req-5d11de62-76ac-48e1-abae-ec028029a4c8 f8903537290b43a0900a3f9a1c40e42a c3bf88b1b19541bc842607c9dcad26a1 - - default default] 10.0.0.113 "GET /v2.0/subnets?not-tags-any=red%2Cblue HTTP/1.1" status: 200 len: 2018 time: 0.0529392
2026-07-02 01:32:50.183 10 INFO neutron.wsgi [None req-ac57d59c-4aea-47c5-9100-5311d9216680 f8903537290b43a0900a3f9a1c40e42a c3bf88b1b19541bc842607c9dcad26a1 - - default default] 10.0.0.113 "DELETE /v2.0/subnets/076fde16-3783-474b-baca-3e878baad830 HTTP/1.1" status: 204 len: 168 time: 0.2300301
2026-07-02 01:32:50.408 10 INFO neutron.wsgi [None req-0c0c2db3-31ea-4186-8b2f-3dadf1bf301a f8903537290b43a0900a3f9a1c40e42a c3bf88b1b19541bc842607c9dcad26a1 - - default default] 10.0.0.113 "DELETE /v2.0/subnets/caf824e8-9264-43b1-a78d-d7bb18ec45a9 HTTP/1.1" status: 204 len: 168 time: 0.2197101
2026-07-02 01:32:50.719 9 INFO neutron.db.ovn_revision_numbers_db [None req-c26ab52e-2d54-4033-a564-350d9ceca0e1 657d54396dd145698aabc27283434471 4d55105c14ae432b92919c20267e0451 - - default default] Successfully bumped revision number for resource 9cb2ed88-c306-4657-a473-05692442f63b (type: security_groups) to 1
2026-07-02 01:32:50.740 9 INFO neutron.db.ovn_revision_numbers_db [None req-c26ab52e-2d54-4033-a564-350d9ceca0e1 657d54396dd145698aabc27283434471 4d55105c14ae432b92919c20267e0451 - - default default] Successfully bumped revision number for resource 016e6c06-1520-40f3-bacf-d3d26c6ee30c (type: security_group_rules) to 0
2026-07-02 01:32:50.753 9 INFO neutron.db.ovn_revision_numbers_db [None req-c26ab52e-2d54-4033-a564-350d9ceca0e1 657d54396dd145698aabc27283434471 4d55105c14ae432b92919c20267e0451 - - default default] Successfully bumped revision number for resource 0c27e625-c925-413f-9af9-5215dbd5ee4f (type: security_group_rules) to 0
2026-07-02 01:32:50.766 9 INFO neutron.db.ovn_revision_numbers_db [None req-c26ab52e-2d54-4033-a564-350d9ceca0e1 657d54396dd145698aabc27283434471 4d55105c14ae432b92919c20267e0451 - - default default] Successfully bumped revision number for resource 47596bd3-81c0-4c85-bd7f-9251e3cfc128 (type: security_group_rules) to 0
2026-07-02 01:32:50.781 9 INFO neutron.db.ovn_revision_numbers_db [None req-c26ab52e-2d54-4033-a564-350d9ceca0e1 657d54396dd145698aabc27283434471 4d55105c14ae432b92919c20267e0451 - - default default] Successfully bumped revision number for resource 4f8798a7-42d1-4319-a962-69e34819dbef (type: security_group_rules) to 0
2026-07-02 01:32:50.804 9 INFO neutron.wsgi [None req-c26ab52e-2d54-4033-a564-350d9ceca0e1 657d54396dd145698aabc27283434471 4d55105c14ae432b92919c20267e0451 - - default default] 10.0.0.113 "GET /v2.0/security-groups?tenant_id=01cfe94f0f21455ca27cbf5419d2f384&name=default HTTP/1.1" status: 200 len: 3120 time: 0.3242977
2026-07-02 01:32:50.888 10 INFO neutron.wsgi [None req-2e73cf1a-67f5-48f0-b18c-0197ebda421e f8903537290b43a0900a3f9a1c40e42a c3bf88b1b19541bc842607c9dcad26a1 - - default default] 10.0.0.113 "DELETE /v2.0/subnets/3ec60d9b-5c35-4137-b51e-d5a861850d55 HTTP/1.1" status: 204 len: 168 time: 0.4751344
2026-07-02 01:32:51.073 10 INFO neutron.wsgi [None req-16b2446a-de2a-4266-9146-59ba5e9d6b44 657d54396dd145698aabc27283434471 4d55105c14ae432b92919c20267e0451 - - default default] 10.0.0.113 "DELETE /v2.0/security-groups/9cb2ed88-c306-4657-a473-05692442f63b HTTP/1.1" status: 204 len: 168 time: 0.2645445
2026-07-02 01:32:51.161 9 INFO neutron.wsgi [None req-bd14e0f7-c275-4fb0-9aac-3fc08dd3e9af f8903537290b43a0900a3f9a1c40e42a c3bf88b1b19541bc842607c9dcad26a1 - - default default] 10.0.0.113 "DELETE /v2.0/subnets/62a36b5e-c0d8-494c-a9f7-305a92b93bc5 HTTP/1.1" status: 204 len: 168 time: 0.2690055
2026-07-02 01:32:51.294 10 INFO neutron.db.ovn_revision_numbers_db [None req-9ed20588-6e6d-4982-a669-66bd8dc2eb31 657d54396dd145698aabc27283434471 4d55105c14ae432b92919c20267e0451 - - default default] Successfully bumped revision number for resource 2b0ea371-3898-4148-b146-3e18e4fadecc (type: security_groups) to 1
2026-07-02 01:32:51.308 10 INFO neutron.db.ovn_revision_numbers_db [None req-9ed20588-6e6d-4982-a669-66bd8dc2eb31 657d54396dd145698aabc27283434471 4d55105c14ae432b92919c20267e0451 - - default default] Successfully bumped revision number for resource 2c5b26fa-e9b8-41ad-995d-37d419daca1d (type: security_group_rules) to 0
2026-07-02 01:32:51.321 10 INFO neutron.db.ovn_revision_numbers_db [None req-9ed20588-6e6d-4982-a669-66bd8dc2eb31 657d54396dd145698aabc27283434471 4d55105c14ae432b92919c20267e0451 - - default default] Successfully bumped revision number for resource 61b7066c-d3d9-4187-bfa8-445fb8dd2279 (type: security_group_rules) to 0
2026-07-02 01:32:51.339 10 INFO neutron.db.ovn_revision_numbers_db [None req-9ed20588-6e6d-4982-a669-66bd8dc2eb31 657d54396dd145698aabc27283434471 4d55105c14ae432b92919c20267e0451 - - default default] Successfully bumped revision number for resource 79bdc197-06e6-4406-a1ed-71093ea05e91 (type: security_group_rules) to 0
2026-07-02 01:32:51.354 10 INFO neutron.db.ovn_revision_numbers_db [None req-9ed20588-6e6d-4982-a669-66bd8dc2eb31 657d54396dd145698aabc27283434471 4d55105c14ae432b92919c20267e0451 - - default default] Successfully bumped revision number for resource 7abc304e-feb0-4d88-ae15-26c1d0e7192f (type: security_group_rules) to 0
2026-07-02 01:32:51.378 10 INFO neutron.wsgi [None req-9ed20588-6e6d-4982-a669-66bd8dc2eb31 657d54396dd145698aabc27283434471 4d55105c14ae432b92919c20267e0451 - - default default] 10.0.0.113 "GET /v2.0/security-groups?tenant_id=5236bb05ff5c4cc1b34037ee70ec25b5&name=default HTTP/1.1" status: 200 len: 3120 time: 0.2093291
2026-07-02 01:32:51.393 9 INFO neutron.wsgi [None req-824779b2-c2a5-4bb7-87b5-a687f13aa71b f8903537290b43a0900a3f9a1c40e42a c3bf88b1b19541bc842607c9dcad26a1 - - default default] 10.0.0.113 "DELETE /v2.0/subnets/d0a2eecd-6b5f-4c3c-9016-e7eec01154d1 HTTP/1.1" status: 204 len: 168 time: 0.2255826
2026-07-02 01:32:51.603 10 INFO neutron.wsgi [None req-31905864-b158-4834-b7c6-8de1846eafec 657d54396dd145698aabc27283434471 4d55105c14ae432b92919c20267e0451 - - default default] 10.0.0.113 "DELETE /v2.0/security-groups/2b0ea371-3898-4148-b146-3e18e4fadecc HTTP/1.1" status: 204 len: 168 time: 0.2206907
2026-07-02 01:32:51.730 9 INFO neutron.services.segments.plugin [-] Segment 0df193f7-8ae1-487a-bd26-08b24f047c8c resource provider aggregate not found
2026-07-02 01:32:51.736 9 INFO neutron.services.segments.plugin [-] Segment 0df193f7-8ae1-487a-bd26-08b24f047c8c resource provider aggregate not found
2026-07-02 01:32:51.757 9 INFO neutron.wsgi [None req-e2800499-ff2c-449b-b227-584fc5b802ec f8903537290b43a0900a3f9a1c40e42a c3bf88b1b19541bc842607c9dcad26a1 - - default default] 10.0.0.113 "DELETE /v2.0/networks/245174db-8ea7-4dba-a4ae-bd92df3a2591 HTTP/1.1" status: 204 len: 168 time: 0.3607938
2026-07-02 01:32:51.758 9 INFO neutron.services.segments.plugin [-] Segment 0df193f7-8ae1-487a-bd26-08b24f047c8c resource provider not found; error: Placement Client Error (4xx): {"errors": [{"status": 404, "title": "Not Found", "detail": "The resource could not be found.\n\n No resource provider with uuid 0df193f7-8ae1-487a-bd26-08b24f047c8c found for delete ", "request_id": "req-a0aab5cf-6ea2-4a59-a151-88fc862ef0cf"}]}
2026-07-02 01:32:51.766 9 INFO neutron.services.segments.plugin [-] Segment 0df193f7-8ae1-487a-bd26-08b24f047c8c resource provider not found; error: Placement Client Error (4xx): {"errors": [{"status": 404, "title": "Not Found", "detail": "The resource could not be found.\n\n No resource provider with uuid 0df193f7-8ae1-487a-bd26-08b24f047c8c found for delete ", "request_id": "req-c4138869-ed44-44b4-9434-6a153d29fff3"}]}
2026-07-02 01:32:51.920 9 INFO neutron.db.ovn_revision_numbers_db [None req-2e0a5c0f-c1ad-48ff-9186-eeb5313fcef0 657d54396dd145698aabc27283434471 4d55105c14ae432b92919c20267e0451 - - default default] Successfully bumped revision number for resource 310ff15d-eca8-4342-9c2c-3d8557f68e3b (type: security_groups) to 1
2026-07-02 01:32:51.941 9 INFO neutron.db.ovn_revision_numbers_db [None req-2e0a5c0f-c1ad-48ff-9186-eeb5313fcef0 657d54396dd145698aabc27283434471 4d55105c14ae432b92919c20267e0451 - - default default] Successfully bumped revision number for resource 020c7317-4fc3-49fd-9000-945e15d5ab37 (type: security_group_rules) to 0
2026-07-02 01:32:51.956 9 INFO neutron.db.ovn_revision_numbers_db [None req-2e0a5c0f-c1ad-48ff-9186-eeb5313fcef0 657d54396dd145698aabc27283434471 4d55105c14ae432b92919c20267e0451 - - default default] Successfully bumped revision number for resource 7140c155-9e87-4444-8884-1434ab2a32c6 (type: security_group_rules) to 0
2026-07-02 01:32:51.986 9 INFO neutron.db.ovn_revision_numbers_db [None req-2e0a5c0f-c1ad-48ff-9186-eeb5313fcef0 657d54396dd145698aabc27283434471 4d55105c14ae432b92919c20267e0451 - - default default] Successfully bumped revision number for resource 757d7b72-ab9a-4214-885b-df0a65f1f129 (type: security_group_rules) to 0
2026-07-02 01:32:52.003 9 INFO neutron.db.ovn_revision_numbers_db [None req-2e0a5c0f-c1ad-48ff-9186-eeb5313fcef0 657d54396dd145698aabc27283434471 4d55105c14ae432b92919c20267e0451 - - default default] Successfully bumped revision number for resource 89d00212-6794-4bca-a529-c99cc7b03057 (type: security_group_rules) to 0
2026-07-02 01:32:52.025 9 INFO neutron.wsgi [None req-2e0a5c0f-c1ad-48ff-9186-eeb5313fcef0 657d54396dd145698aabc27283434471 4d55105c14ae432b92919c20267e0451 - - default default] 10.0.0.113 "GET /v2.0/security-groups?tenant_id=38030f801cf14b86858ef0f8de27dc02&name=default HTTP/1.1" status: 200 len: 3120 time: 0.2316611
2026-07-02 01:32:52.223 10 INFO neutron.services.segments.plugin [-] Segment 46d7048d-4de9-44ac-9e5c-47a14b93099e resource provider aggregate not found
2026-07-02 01:32:52.228 10 INFO neutron.services.segments.plugin [-] Segment 46d7048d-4de9-44ac-9e5c-47a14b93099e resource provider aggregate not found
2026-07-02 01:32:52.239 10 INFO neutron.wsgi [None req-ec4f1e96-accd-4ccf-893e-5ac1144e1cf8 f8903537290b43a0900a3f9a1c40e42a c3bf88b1b19541bc842607c9dcad26a1 - - default default] 10.0.0.113 "DELETE /v2.0/networks/fc90001b-3a5d-41c2-b2a7-93e68582e457 HTTP/1.1" status: 204 len: 168 time: 0.4759061
