2026-07-02 01:29:37.413 9 INFO neutron.wsgi [None req-a88d7bc3-77b3-4081-a938-9f0e0d223796 76598f7dafa040fcafa9740aa4353aee 6c9ed41568174363a3adc186266ee70a - - default default] 10.0.0.113 "DELETE /v2.0/ports/f20f6d71-f5d4-4b9a-aebe-3cdcec153f1b HTTP/1.1" status: 404 len: 333 time: 0.0288684
2026-07-02 01:29:37.439 9 INFO neutron.pecan_wsgi.hooks.translation [None req-ffcec4aa-ef89-4cd2-8dec-f0df4d1504c5 76598f7dafa040fcafa9740aa4353aee 6c9ed41568174363a3adc186266ee70a - - default default] GET failed (client error): The resource could not be found.
2026-07-02 01:29:37.441 9 INFO neutron.wsgi [None req-ffcec4aa-ef89-4cd2-8dec-f0df4d1504c5 76598f7dafa040fcafa9740aa4353aee 6c9ed41568174363a3adc186266ee70a - - default default] 10.0.0.113 "GET /v2.0/ports/f20f6d71-f5d4-4b9a-aebe-3cdcec153f1b HTTP/1.1" status: 404 len: 333 time: 0.0220604
2026-07-02 01:29:37.467 10 INFO neutron.db.ovn_revision_numbers_db [None req-7d81014b-6cd9-48b4-9576-ba2cbd78b993 - - - - - -] Successfully bumped revision number for resource 801213d0-fe90-40c4-8251-36b18b5da94f (type: ports) to 4
2026-07-02 01:29:37.545 10 INFO neutron.wsgi [None req-c4d942dc-d86f-47ad-ae1d-86b5ea2e3460 657d54396dd145698aabc27283434471 4d55105c14ae432b92919c20267e0451 - - default default] 10.0.0.113 "DELETE /v2.0/security-groups/a93e491c-7c53-4847-8741-8cf9e653d803 HTTP/1.1" status: 204 len: 168 time: 0.6222577
2026-07-02 01:29:37.643 9 INFO neutron.db.ovn_revision_numbers_db [None req-3b30eeb5-8b90-4774-b763-5ac5981a04dd f9e20f61ebcf4782af93b8ecfe7a4174 ebcc9a87d5174dfcaf74757aadf966a8 - - default default] Successfully bumped revision number for resource 35a142b8-d04e-4324-914c-0e6e9184c4bc (type: security_groups) to 1
2026-07-02 01:29:37.660 9 INFO neutron.db.ovn_revision_numbers_db [None req-3b30eeb5-8b90-4774-b763-5ac5981a04dd f9e20f61ebcf4782af93b8ecfe7a4174 ebcc9a87d5174dfcaf74757aadf966a8 - - default default] Successfully bumped revision number for resource 0602b9db-4e79-4876-8907-3b5968fe14ad (type: security_group_rules) to 0
2026-07-02 01:29:37.672 9 INFO neutron.db.ovn_revision_numbers_db [None req-3b30eeb5-8b90-4774-b763-5ac5981a04dd f9e20f61ebcf4782af93b8ecfe7a4174 ebcc9a87d5174dfcaf74757aadf966a8 - - default default] Successfully bumped revision number for resource 7eee577b-2da0-4211-8bf8-7522f58718b3 (type: security_group_rules) to 0
2026-07-02 01:29:37.693 9 INFO neutron.wsgi [None req-f189a239-31df-4794-837e-89d09c5c8bf7 76598f7dafa040fcafa9740aa4353aee 6c9ed41568174363a3adc186266ee70a - - default default] 10.0.0.113 "DELETE /v2.0/subnets/2120f408-e151-4c72-9f8b-128e999e0693 HTTP/1.1" status: 204 len: 168 time: 0.2457178
2026-07-02 01:29:37.695 9 INFO neutron.db.ovn_revision_numbers_db [None req-3b30eeb5-8b90-4774-b763-5ac5981a04dd f9e20f61ebcf4782af93b8ecfe7a4174 ebcc9a87d5174dfcaf74757aadf966a8 - - default default] Successfully bumped revision number for resource b8d8d1d8-4140-4d2b-8d8e-620b9cf4d9c7 (type: security_group_rules) to 0 /var/lib/openstack/lib/python3.10/site-packages/pycadf/identifier.py:71: UserWarning: Invalid uuid: neutron. To ensure interoperability, identifiers should be a valid uuid. warnings.warn(('Invalid uuid: %s. To ensure interoperability, '
2026-07-02 01:29:37.722 9 INFO neutron.db.ovn_revision_numbers_db [None req-3b30eeb5-8b90-4774-b763-5ac5981a04dd f9e20f61ebcf4782af93b8ecfe7a4174 ebcc9a87d5174dfcaf74757aadf966a8 - - default default] Successfully bumped revision number for resource ce6aa0f3-f37c-4483-a626-52e9495fa41b (type: security_group_rules) to 0
2026-07-02 01:29:37.762 9 INFO neutron.db.segments_db [None req-3b30eeb5-8b90-4774-b763-5ac5981a04dd f9e20f61ebcf4782af93b8ecfe7a4174 ebcc9a87d5174dfcaf74757aadf966a8 - - default default] Added segment e303f518-ef79-4481-9e70-f424d682bc7b of type geneve for network be3cfb19-68e2-40f9-8517-0f1481016a33
2026-07-02 01:29:37.824 10 INFO neutron.db.ovn_revision_numbers_db [None req-ebb0b051-fa82-48ae-9a09-ee996230aa9b 657d54396dd145698aabc27283434471 4d55105c14ae432b92919c20267e0451 - - default default] Successfully bumped revision number for resource 6cdd4863-0395-4a91-ac89-83076184f11a (type: security_groups) to 1
2026-07-02 01:29:37.838 10 INFO neutron.db.ovn_revision_numbers_db [None req-ebb0b051-fa82-48ae-9a09-ee996230aa9b 657d54396dd145698aabc27283434471 4d55105c14ae432b92919c20267e0451 - - default default] Successfully bumped revision number for resource 09cf714f-0cb3-4ad4-9261-0b0f528a6a0a (type: security_group_rules) to 0
2026-07-02 01:29:37.853 10 INFO neutron.db.ovn_revision_numbers_db [None req-ebb0b051-fa82-48ae-9a09-ee996230aa9b 657d54396dd145698aabc27283434471 4d55105c14ae432b92919c20267e0451 - - default default] Successfully bumped revision number for resource 271da81a-9dbb-4c30-813e-6fa0e35009f7 (type: security_group_rules) to 0
2026-07-02 01:29:37.865 10 INFO neutron.db.ovn_revision_numbers_db [None req-ebb0b051-fa82-48ae-9a09-ee996230aa9b 657d54396dd145698aabc27283434471 4d55105c14ae432b92919c20267e0451 - - default default] Successfully bumped revision number for resource 2a92113e-95c0-4b0a-b70d-52dd082d5a97 (type: security_group_rules) to 0
2026-07-02 01:29:37.879 10 INFO neutron.db.ovn_revision_numbers_db [None req-ebb0b051-fa82-48ae-9a09-ee996230aa9b 657d54396dd145698aabc27283434471 4d55105c14ae432b92919c20267e0451 - - default default] Successfully bumped revision number for resource f461e4c7-75d4-402f-a6de-cb399b471ec8 (type: security_group_rules) to 0
2026-07-02 01:29:37.902 10 INFO neutron.wsgi [None req-ebb0b051-fa82-48ae-9a09-ee996230aa9b 657d54396dd145698aabc27283434471 4d55105c14ae432b92919c20267e0451 - - default default] 10.0.0.113 "GET /v2.0/security-groups?tenant_id=2b4b8095bd3a49b7a582082322a81ef8&name=default HTTP/1.1" status: 200 len: 3120 time: 0.1957049
2026-07-02 01:29:37.927 9 INFO neutron.db.ovn_revision_numbers_db [None req-3b30eeb5-8b90-4774-b763-5ac5981a04dd f9e20f61ebcf4782af93b8ecfe7a4174 ebcc9a87d5174dfcaf74757aadf966a8 - - default default] Successfully bumped revision number for resource be3cfb19-68e2-40f9-8517-0f1481016a33 (type: networks) to 1
2026-07-02 01:29:38.203 9 WARNING neutron.scheduler.dhcp_agent_scheduler [None req-3b30eeb5-8b90-4774-b763-5ac5981a04dd f9e20f61ebcf4782af93b8ecfe7a4174 ebcc9a87d5174dfcaf74757aadf966a8 - - default default] No more DHCP agents
2026-07-02 01:29:38.207 9 WARNING neutron.api.rpc.agentnotifiers.dhcp_rpc_agent_api [None req-3b30eeb5-8b90-4774-b763-5ac5981a04dd f9e20f61ebcf4782af93b8ecfe7a4174 ebcc9a87d5174dfcaf74757aadf966a8 - - default default] Unable to schedule network be3cfb19-68e2-40f9-8517-0f1481016a33: no agents available; will retry on subsequent port and subnet creation events.
2026-07-02 01:29:38.207 10 INFO neutron.wsgi [None req-7f5e89e6-eff3-45ab-b918-2c2781e6fc68 657d54396dd145698aabc27283434471 4d55105c14ae432b92919c20267e0451 - - default default] 10.0.0.113 "DELETE /v2.0/security-groups/6cdd4863-0395-4a91-ac89-83076184f11a HTTP/1.1" status: 204 len: 168 time: 0.3009198
2026-07-02 01:29:38.242 9 INFO neutron.services.segments.plugin [-] Segment 8cf1487e-9c37-4942-a0a6-cd51dd48b661 resource provider aggregate not found
2026-07-02 01:29:38.259 9 INFO neutron.services.segments.plugin [-] Segment 8cf1487e-9c37-4942-a0a6-cd51dd48b661 resource provider aggregate not found
2026-07-02 01:29:38.263 9 INFO neutron.services.segments.plugin [-] Segment 8cf1487e-9c37-4942-a0a6-cd51dd48b661 resource provider not found; error: Placement Client Error (4xx): {"errors": [{"status": 404, "title": "Not Found", "detail": "The resource could not be found.\n\n No resource provider with uuid 8cf1487e-9c37-4942-a0a6-cd51dd48b661 found for delete ", "request_id": "req-d40bd25a-1ca9-42f0-9cb3-a53569c85e18"}]}
2026-07-02 01:29:38.287 9 INFO neutron.services.segments.plugin [-] Segment 8cf1487e-9c37-4942-a0a6-cd51dd48b661 resource provider not found; error: Placement Client Error (4xx): {"errors": [{"status": 404, "title": "Not Found", "detail": "The resource could not be found.\n\n No resource provider with uuid 8cf1487e-9c37-4942-a0a6-cd51dd48b661 found for delete ", "request_id": "req-fffeb348-7798-4db1-b56b-862950aecb43"}]}
2026-07-02 01:29:38.299 9 INFO neutron.wsgi [None req-154a3151-a73e-46c4-bf9e-4709a5e6efde 76598f7dafa040fcafa9740aa4353aee 6c9ed41568174363a3adc186266ee70a - - default default] 10.0.0.113 "DELETE /v2.0/networks/ae140f3c-8175-44c0-a984-b170d30e65e3 HTTP/1.1" status: 204 len: 168 time: 0.6006434
2026-07-02 01:29:38.315 10 WARNING neutron_lib.context [None req-8ad57907-ef67-4427-9315-b4c3ff7d595e 76598f7dafa040fcafa9740aa4353aee 6c9ed41568174363a3adc186266ee70a - - default default] Method 'is_advsvc' is deprecated since 2023.2 release (neutron-lib 3.8.0) and will be removed once support for the old RBAC API policies will be removed from Neutron. Please use method 'is_service_role' instead.
2026-07-02 01:29:38.326 9 INFO neutron.db.ovn_revision_numbers_db [None req-3b30eeb5-8b90-4774-b763-5ac5981a04dd f9e20f61ebcf4782af93b8ecfe7a4174 ebcc9a87d5174dfcaf74757aadf966a8 - - default default] Successfully bumped revision number for resource 607225b7-d67c-40db-97ee-ae7a34d27de5 (type: ports) to 1
2026-07-02 01:29:38.369 9 INFO neutron.wsgi [None req-3b30eeb5-8b90-4774-b763-5ac5981a04dd f9e20f61ebcf4782af93b8ecfe7a4174 ebcc9a87d5174dfcaf74757aadf966a8 - - default default] 10.0.0.113 "POST /v2.0/networks HTTP/1.1" status: 201 len: 843 time: 1.0835035
2026-07-02 01:29:38.406 10 INFO neutron.db.segments_db [None req-8ad57907-ef67-4427-9315-b4c3ff7d595e 76598f7dafa040fcafa9740aa4353aee 6c9ed41568174363a3adc186266ee70a - - default default] Added segment d0c41a4a-9d6e-4707-b11c-202256a04ac7 of type geneve for network 99e7c72a-2bd3-48bc-ab51-fc49192235f2
2026-07-02 01:29:38.407 9 WARNING neutron_lib.context [None req-ebfcfcd6-210e-495a-85af-d774e3b7e55b f9e20f61ebcf4782af93b8ecfe7a4174 ebcc9a87d5174dfcaf74757aadf966a8 - - default default] Method 'is_advsvc' is deprecated since 2023.2 release (neutron-lib 3.8.0) and will be removed once support for the old RBAC API policies will be removed from Neutron. Please use method 'is_service_role' instead.
2026-07-02 01:29:38.489 10 INFO neutron.wsgi [req-853a2768-499f-4f60-b10f-2d7a5ca652d2 req-1dc08623-5604-45cb-afc6-66ca8fb61bda 3b3b0c9fcdb94df8be1a7e266868208d 8b8984c4636045569956cb8af776fc8b - - default default] 10.0.0.227 "GET /v2.0/ports?device_id=a89a9c44-add1-4716-b5e1-e47fd9b51887 HTTP/1.1" status: 200 len: 1174 time: 0.1163762
2026-07-02 01:29:38.579 10 INFO neutron.wsgi [req-853a2768-499f-4f60-b10f-2d7a5ca652d2 req-4a649366-4ec2-4d62-ac17-9c59d53dfc9a 3b3b0c9fcdb94df8be1a7e266868208d 8b8984c4636045569956cb8af776fc8b - - default default] 10.0.0.227 "GET /v2.0/security-groups?id=fbbef5f3-0837-4426-8fa2-e0146823a7a6&fields=id&fields=name HTTP/1.1" status: 200 len: 313 time: 0.0850821
2026-07-02 01:29:38.592 10 INFO neutron.db.ovn_revision_numbers_db [None req-8ad57907-ef67-4427-9315-b4c3ff7d595e 76598f7dafa040fcafa9740aa4353aee 6c9ed41568174363a3adc186266ee70a - - default default] Successfully bumped revision number for resource 99e7c72a-2bd3-48bc-ab51-fc49192235f2 (type: networks) to 1
2026-07-02 01:29:38.665 9 WARNING neutron.scheduler.dhcp_agent_scheduler [None req-ebfcfcd6-210e-495a-85af-d774e3b7e55b f9e20f61ebcf4782af93b8ecfe7a4174 ebcc9a87d5174dfcaf74757aadf966a8 - - default default] No more DHCP agents
2026-07-02 01:29:38.666 9 WARNING neutron.api.rpc.agentnotifiers.dhcp_rpc_agent_api [None req-ebfcfcd6-210e-495a-85af-d774e3b7e55b f9e20f61ebcf4782af93b8ecfe7a4174 ebcc9a87d5174dfcaf74757aadf966a8 - - default default] Unable to schedule network be3cfb19-68e2-40f9-8517-0f1481016a33: no agents available; will retry on subsequent port and subnet creation events.
2026-07-02 01:29:38.689 10 INFO neutron.wsgi [req-e73a9ae2-5cdd-4c4d-a67b-8d6f2a67657e req-eb79cf6d-1d8e-4664-9277-cad013e45d09 3b3b0c9fcdb94df8be1a7e266868208d 8b8984c4636045569956cb8af776fc8b - - default default] 10.0.0.227 "GET /v2.0/ports?device_id=a89a9c44-add1-4716-b5e1-e47fd9b51887 HTTP/1.1" status: 200 len: 1174 time: 0.0564978
2026-07-02 01:29:38.773 10 WARNING neutron.scheduler.dhcp_agent_scheduler [None req-8ad57907-ef67-4427-9315-b4c3ff7d595e 76598f7dafa040fcafa9740aa4353aee 6c9ed41568174363a3adc186266ee70a - - default default] No more DHCP agents
2026-07-02 01:29:38.776 10 WARNING neutron.api.rpc.agentnotifiers.dhcp_rpc_agent_api [None req-8ad57907-ef67-4427-9315-b4c3ff7d595e 76598f7dafa040fcafa9740aa4353aee 6c9ed41568174363a3adc186266ee70a - - default default] Unable to schedule network 99e7c72a-2bd3-48bc-ab51-fc49192235f2: no agents available; will retry on subsequent port and subnet creation events.
2026-07-02 01:29:38.871 10 INFO neutron.db.ovn_revision_numbers_db [None req-8ad57907-ef67-4427-9315-b4c3ff7d595e 76598f7dafa040fcafa9740aa4353aee 6c9ed41568174363a3adc186266ee70a - - default default] Successfully bumped revision number for resource 3a1a88f4-959a-4ee4-a8a2-2a9783ebcb21 (type: ports) to 1
2026-07-02 01:29:38.896 10 INFO neutron.wsgi [None req-8ad57907-ef67-4427-9315-b4c3ff7d595e 76598f7dafa040fcafa9740aa4353aee 6c9ed41568174363a3adc186266ee70a - - default default] 10.0.0.113 "POST /v2.0/networks HTTP/1.1" status: 201 len: 830 time: 0.5878396
2026-07-02 01:29:38.909 10 WARNING neutron_lib.context [None req-ba790be9-d4f8-4dd8-bc5d-f3435b50aff5 76598f7dafa040fcafa9740aa4353aee 6c9ed41568174363a3adc186266ee70a - - default default] Method 'is_advsvc' is deprecated since 2023.2 release (neutron-lib 3.8.0) and will be removed once support for the old RBAC API policies will be removed from Neutron. Please use method 'is_service_role' instead.
2026-07-02 01:29:39.022 10 INFO neutron.notifiers.nova [-] Nova event matching ['req-0adecf56-3271-4c2f-a8cf-38b1e71c4a0c'] response: {'server_uuid': 'a89a9c44-add1-4716-b5e1-e47fd9b51887', 'name': 'network-vif-plugged', 'status': 'completed', 'tag': '801213d0-fe90-40c4-8251-36b18b5da94f', 'code': 200}
2026-07-02 01:29:39.158 10 WARNING neutron.scheduler.dhcp_agent_scheduler [None req-ba790be9-d4f8-4dd8-bc5d-f3435b50aff5 76598f7dafa040fcafa9740aa4353aee 6c9ed41568174363a3adc186266ee70a - - default default] No more DHCP agents
2026-07-02 01:29:39.160 10 WARNING neutron.api.rpc.agentnotifiers.dhcp_rpc_agent_api [None req-ba790be9-d4f8-4dd8-bc5d-f3435b50aff5 76598f7dafa040fcafa9740aa4353aee 6c9ed41568174363a3adc186266ee70a - - default default] Unable to schedule network 99e7c72a-2bd3-48bc-ab51-fc49192235f2: no agents available; will retry on subsequent port and subnet creation events.
2026-07-02 01:29:39.198 9 INFO neutron.wsgi [-] 10.0.0.47 "GET / HTTP/1.1" status: 200 len: 246 time: 0.0011959
2026-07-02 01:29:39.200 9 INFO neutron.wsgi [-] 10.0.0.47 "GET / HTTP/1.1" status: 200 len: 246 time: 0.0008781
2026-07-02 01:29:39.613 9 INFO neutron.db.ovn_revision_numbers_db [None req-ebfcfcd6-210e-495a-85af-d774e3b7e55b f9e20f61ebcf4782af93b8ecfe7a4174 ebcc9a87d5174dfcaf74757aadf966a8 - - default default] Successfully bumped revision number for resource 607225b7-d67c-40db-97ee-ae7a34d27de5 (type: ports) to 2
2026-07-02 01:29:39.616 9 INFO neutron.db.ovn_revision_numbers_db [None req-153e8440-e4b4-4d67-b082-3b7e6b1a0944 3b3b0c9fcdb94df8be1a7e266868208d 8b8984c4636045569956cb8af776fc8b - - default default] Successfully bumped revision number for resource c91ecfa6-8f7d-4c69-a2d8-cd28858f4bf2 (type: floatingips) to 1
2026-07-02 01:29:39.664 10 INFO neutron.db.ovn_revision_numbers_db [None req-ba790be9-d4f8-4dd8-bc5d-f3435b50aff5 76598f7dafa040fcafa9740aa4353aee 6c9ed41568174363a3adc186266ee70a - - default default] Successfully bumped revision number for resource 3a1a88f4-959a-4ee4-a8a2-2a9783ebcb21 (type: ports) to 2
2026-07-02 01:29:39.674 9 INFO neutron.db.ovn_revision_numbers_db [None req-ebfcfcd6-210e-495a-85af-d774e3b7e55b f9e20f61ebcf4782af93b8ecfe7a4174 ebcc9a87d5174dfcaf74757aadf966a8 - - default default] Successfully bumped revision number for resource 77ae8f0b-28e4-458b-89bd-d0bdbb0b1a07 (type: subnets) to 0
2026-07-02 01:29:39.690 9 INFO neutron.wsgi [None req-ebfcfcd6-210e-495a-85af-d774e3b7e55b f9e20f61ebcf4782af93b8ecfe7a4174 ebcc9a87d5174dfcaf74757aadf966a8 - - default default] 10.0.0.113 "POST /v2.0/subnets HTTP/1.1" status: 201 len: 816 time: 1.2879729
2026-07-02 01:29:39.694 10 INFO neutron.db.ovn_revision_numbers_db [None req-ba790be9-d4f8-4dd8-bc5d-f3435b50aff5 76598f7dafa040fcafa9740aa4353aee 6c9ed41568174363a3adc186266ee70a - - default default] Successfully bumped revision number for resource 6c131b4a-5878-46a8-b092-e1b41fd55890 (type: subnets) to 0
2026-07-02 01:29:39.703 10 WARNING neutron_lib.context [None req-f3c961d9-6bfd-47e2-9f02-3391edebd50e f9e20f61ebcf4782af93b8ecfe7a4174 ebcc9a87d5174dfcaf74757aadf966a8 - - default default] Method 'is_advsvc' is deprecated since 2023.2 release (neutron-lib 3.8.0) and will be removed once support for the old RBAC API policies will be removed from Neutron. Please use method 'is_service_role' instead.
2026-07-02 01:29:39.720 10 INFO neutron.wsgi [None req-ba790be9-d4f8-4dd8-bc5d-f3435b50aff5 76598f7dafa040fcafa9740aa4353aee 6c9ed41568174363a3adc186266ee70a - - default default] 10.0.0.113 "POST /v2.0/subnets HTTP/1.1" status: 201 len: 801 time: 0.8161032
2026-07-02 01:29:39.728 10 WARNING neutron_lib.context [None req-5a85de0e-5987-4305-9634-03ce0225a763 76598f7dafa040fcafa9740aa4353aee 6c9ed41568174363a3adc186266ee70a - - default default] Method 'is_advsvc' is deprecated since 2023.2 release (neutron-lib 3.8.0) and will be removed once support for the old RBAC API policies will be removed from Neutron. Please use method 'is_service_role' instead.
2026-07-02 01:29:39.758 9 INFO neutron.db.ovn_revision_numbers_db [None req-153e8440-e4b4-4d67-b082-3b7e6b1a0944 3b3b0c9fcdb94df8be1a7e266868208d 8b8984c4636045569956cb8af776fc8b - - default default] Successfully bumped revision number for resource c91ecfa6-8f7d-4c69-a2d8-cd28858f4bf2 (type: floatingips) to 2
2026-07-02 01:29:39.758 9 INFO neutron.db.l3_db [None req-153e8440-e4b4-4d67-b082-3b7e6b1a0944 3b3b0c9fcdb94df8be1a7e266868208d 8b8984c4636045569956cb8af776fc8b - - default default] Floating IP c91ecfa6-8f7d-4c69-a2d8-cd28858f4bf2 associated. External IP: 10.96.250.210, port: 801213d0-fe90-40c4-8251-36b18b5da94f.
2026-07-02 01:29:39.790 9 INFO neutron.wsgi [None req-153e8440-e4b4-4d67-b082-3b7e6b1a0944 3b3b0c9fcdb94df8be1a7e266868208d 8b8984c4636045569956cb8af776fc8b - - default default] 10.0.0.113 "PUT /v2.0/floatingips/c91ecfa6-8f7d-4c69-a2d8-cd28858f4bf2 HTTP/1.1" status: 200 len: 1050 time: 1.0916207
2026-07-02 01:29:39.825 10 INFO neutron.db.segments_db [None req-f3c961d9-6bfd-47e2-9f02-3391edebd50e f9e20f61ebcf4782af93b8ecfe7a4174 ebcc9a87d5174dfcaf74757aadf966a8 - - default default] Added segment a9c6bd23-40f6-47c2-b817-7d93ac8accbd of type geneve for network a9484b39-ae3f-40f5-bed3-4e67e99632f4
2026-07-02 01:29:39.855 9 INFO neutron.notifiers.nova [-] Nova event matching ['req-ff382b6e-2613-4f0d-ac35-288d62034790'] response: {'name': 'network-changed', 'server_uuid': 'a89a9c44-add1-4716-b5e1-e47fd9b51887', 'tag': '801213d0-fe90-40c4-8251-36b18b5da94f', 'status': 'completed', 'code': 200} /var/lib/openstack/lib/python3.10/site-packages/pycadf/identifier.py:71: UserWarning: Invalid uuid: neutron. To ensure interoperability, identifiers should be a valid uuid. warnings.warn(('Invalid uuid: %s. To ensure interoperability, '
2026-07-02 01:29:39.913 10 INFO neutron.wsgi [req-6ac62e05-6ce7-44eb-86d5-e514a92d74ed req-05da299e-610e-4d39-a154-49fa5c74c8bf 3b3b0c9fcdb94df8be1a7e266868208d 8b8984c4636045569956cb8af776fc8b - - default default] 10.0.0.227 "GET /v2.0/ports?device_id=a89a9c44-add1-4716-b5e1-e47fd9b51887 HTTP/1.1" status: 200 len: 1174 time: 0.0688303
2026-07-02 01:29:39.930 9 INFO neutron.wsgi [req-562ed96e-6899-4a96-a2eb-ec2e623c2405 req-0fbbb0de-46ab-43f5-adbf-009f956ee865 0de34a0817624ac88103cd0a8b7efde7 c08a9b9706ca494387a82307446407e4 - - ea86e87f318c4fa7864c2d1f9988028c ea86e87f318c4fa7864c2d1f9988028c] 199.204.45.227 "GET /v2.0/ports?tenant_id=8b8984c4636045569956cb8af776fc8b&device_id=a89a9c44-add1-4716-b5e1-e47fd9b51887 HTTP/1.1" status: 200 len: 1413 time: 0.0561106
2026-07-02 01:29:40.000 9 INFO neutron.wsgi [req-562ed96e-6899-4a96-a2eb-ec2e623c2405 req-6163d6c4-d1d0-427f-8b65-a4cdd792694a 0de34a0817624ac88103cd0a8b7efde7 c08a9b9706ca494387a82307446407e4 - - ea86e87f318c4fa7864c2d1f9988028c ea86e87f318c4fa7864c2d1f9988028c] 199.204.45.227 "GET /v2.0/networks?id=8449d312-cc74-4b63-8208-1031874bd8bd HTTP/1.1" status: 200 len: 967 time: 0.0648761
2026-07-02 01:29:40.054 10 INFO neutron.wsgi [req-6ac62e05-6ce7-44eb-86d5-e514a92d74ed req-eec147ca-1bb2-48eb-86bb-3e048a6e21e8 3b3b0c9fcdb94df8be1a7e266868208d 8b8984c4636045569956cb8af776fc8b - - default default] 10.0.0.227 "GET /v2.0/security-groups?id=fbbef5f3-0837-4426-8fa2-e0146823a7a6&fields=id&fields=name HTTP/1.1" status: 200 len: 313 time: 0.1303844
2026-07-02 01:29:40.056 9 INFO neutron.wsgi [req-562ed96e-6899-4a96-a2eb-ec2e623c2405 req-bd7e1274-30e1-4a7c-a84d-ca9ddf5142ac 0de34a0817624ac88103cd0a8b7efde7 c08a9b9706ca494387a82307446407e4 - - ea86e87f318c4fa7864c2d1f9988028c ea86e87f318c4fa7864c2d1f9988028c] 199.204.45.227 "GET /v2.0/floatingips?fixed_ip_address=10.100.0.14&port_id=801213d0-fe90-40c4-8251-36b18b5da94f HTTP/1.1" status: 200 len: 1060 time: 0.0500674
2026-07-02 01:29:40.073 10 INFO neutron.db.ovn_revision_numbers_db [None req-f3c961d9-6bfd-47e2-9f02-3391edebd50e f9e20f61ebcf4782af93b8ecfe7a4174 ebcc9a87d5174dfcaf74757aadf966a8 - - default default] Successfully bumped revision number for resource a9484b39-ae3f-40f5-bed3-4e67e99632f4 (type: networks) to 1
2026-07-02 01:29:40.093 9 INFO neutron.wsgi [req-562ed96e-6899-4a96-a2eb-ec2e623c2405 req-d8b9fe32-0a5f-450e-835f-0b895c174f3b 0de34a0817624ac88103cd0a8b7efde7 c08a9b9706ca494387a82307446407e4 - - ea86e87f318c4fa7864c2d1f9988028c ea86e87f318c4fa7864c2d1f9988028c] 199.204.45.227 "GET /v2.0/subnets?id=c77d4370-a37b-4f2d-89f9-11a5536f39c4 HTTP/1.1" status: 200 len: 862 time: 0.0309474
2026-07-02 01:29:40.124 9 INFO neutron.wsgi [req-562ed96e-6899-4a96-a2eb-ec2e623c2405 req-9c279e01-aef1-4203-9c52-2de3911ab531 0de34a0817624ac88103cd0a8b7efde7 c08a9b9706ca494387a82307446407e4 - - ea86e87f318c4fa7864c2d1f9988028c ea86e87f318c4fa7864c2d1f9988028c] 199.204.45.227 "GET /v2.0/ports?network_id=8449d312-cc74-4b63-8208-1031874bd8bd&device_owner=network%3Adhcp HTTP/1.1" status: 200 len: 210 time: 0.0236235
2026-07-02 01:29:40.189 9 INFO neutron.wsgi [req-562ed96e-6899-4a96-a2eb-ec2e623c2405 req-6b90b0c6-a664-4047-9bd2-97cebb6101cf 0de34a0817624ac88103cd0a8b7efde7 c08a9b9706ca494387a82307446407e4 - - ea86e87f318c4fa7864c2d1f9988028c ea86e87f318c4fa7864c2d1f9988028c] 199.204.45.227 "GET /v2.0/networks/8449d312-cc74-4b63-8208-1031874bd8bd?fields=segments HTTP/1.1" status: 200 len: 212 time: 0.0562727
2026-07-02 01:29:40.238 10 WARNING neutron.scheduler.dhcp_agent_scheduler [None req-5a85de0e-5987-4305-9634-03ce0225a763 76598f7dafa040fcafa9740aa4353aee 6c9ed41568174363a3adc186266ee70a - - default default] No more DHCP agents
2026-07-02 01:29:40.241 10 WARNING neutron.api.rpc.agentnotifiers.dhcp_rpc_agent_api [None req-5a85de0e-5987-4305-9634-03ce0225a763 76598f7dafa040fcafa9740aa4353aee 6c9ed41568174363a3adc186266ee70a - - default default] Unable to schedule network 99e7c72a-2bd3-48bc-ab51-fc49192235f2: no agents available; will retry on subsequent port and subnet creation events.
2026-07-02 01:29:40.250 9 INFO neutron.wsgi [req-562ed96e-6899-4a96-a2eb-ec2e623c2405 req-2e6189a3-9740-4e93-b829-00eb7ff828ed 0de34a0817624ac88103cd0a8b7efde7 c08a9b9706ca494387a82307446407e4 - - ea86e87f318c4fa7864c2d1f9988028c ea86e87f318c4fa7864c2d1f9988028c] 199.204.45.227 "GET /v2.0/networks/8449d312-cc74-4b63-8208-1031874bd8bd?fields=provider%3Aphysical_network&fields=provider%3Anetwork_type HTTP/1.1" status: 200 len: 277 time: 0.0561383
2026-07-02 01:29:40.306 10 WARNING neutron.scheduler.dhcp_agent_scheduler [None req-f3c961d9-6bfd-47e2-9f02-3391edebd50e f9e20f61ebcf4782af93b8ecfe7a4174 ebcc9a87d5174dfcaf74757aadf966a8 - - default default] No more DHCP agents
2026-07-02 01:29:40.309 10 WARNING neutron.api.rpc.agentnotifiers.dhcp_rpc_agent_api [None req-f3c961d9-6bfd-47e2-9f02-3391edebd50e f9e20f61ebcf4782af93b8ecfe7a4174 ebcc9a87d5174dfcaf74757aadf966a8 - - default default] Unable to schedule network a9484b39-ae3f-40f5-bed3-4e67e99632f4: no agents available; will retry on subsequent port and subnet creation events.
2026-07-02 01:29:40.371 10 INFO neutron.plugins.ml2.drivers.ovn.mech_driver.mech_driver [None req-7d81014b-6cd9-48b4-9576-ba2cbd78b993 - - - - - -] OVN reports status down for port: 801213d0-fe90-40c4-8251-36b18b5da94f
2026-07-02 01:29:40.379 10 INFO neutron.wsgi [req-6a9487bf-2934-490b-94c1-8b83fc117e94 req-d10f08fe-1fec-433d-a637-1526135de444 3b3b0c9fcdb94df8be1a7e266868208d 8b8984c4636045569956cb8af776fc8b - - default default] 10.0.0.227 "GET /v2.0/ports?device_id=a89a9c44-add1-4716-b5e1-e47fd9b51887 HTTP/1.1" status: 200 len: 1174 time: 0.0672610
2026-07-02 01:29:40.493 10 INFO neutron.db.ovn_revision_numbers_db [None req-f3c961d9-6bfd-47e2-9f02-3391edebd50e f9e20f61ebcf4782af93b8ecfe7a4174 ebcc9a87d5174dfcaf74757aadf966a8 - - default default] Successfully bumped revision number for resource 1fa338dc-a6fa-422e-8fd1-f4a3da4bc739 (type: ports) to 1
2026-07-02 01:29:40.516 10 INFO neutron.wsgi [req-6a9487bf-2934-490b-94c1-8b83fc117e94 req-e13d4c12-aa6c-4ded-8ed9-8b518f8a3a01 3b3b0c9fcdb94df8be1a7e266868208d 8b8984c4636045569956cb8af776fc8b - - default default] 10.0.0.227 "GET /v2.0/security-groups?id=fbbef5f3-0837-4426-8fa2-e0146823a7a6&fields=id&fields=name HTTP/1.1" status: 200 len: 313 time: 0.1241748
2026-07-02 01:29:40.536 10 INFO neutron.wsgi [None req-f3c961d9-6bfd-47e2-9f02-3391edebd50e f9e20f61ebcf4782af93b8ecfe7a4174 ebcc9a87d5174dfcaf74757aadf966a8 - - default default] 10.0.0.113 "POST /v2.0/networks HTTP/1.1" status: 201 len: 843 time: 0.8374784
2026-07-02 01:29:40.553 10 INFO neutron.db.ovn_revision_numbers_db [None req-5a85de0e-5987-4305-9634-03ce0225a763 76598f7dafa040fcafa9740aa4353aee 6c9ed41568174363a3adc186266ee70a - - default default] Successfully bumped revision number for resource 5dc683cc-1ef6-4043-bd9b-23d84268c061 (type: ports) to 1
2026-07-02 01:29:40.589 10 INFO neutron.wsgi [None req-5a85de0e-5987-4305-9634-03ce0225a763 76598f7dafa040fcafa9740aa4353aee 6c9ed41568174363a3adc186266ee70a - - default default] 10.0.0.113 "POST /v2.0/ports HTTP/1.1" status: 201 len: 1114 time: 0.8646970
2026-07-02 01:29:40.764 10 INFO neutron.db.ovn_revision_numbers_db [None req-7d81014b-6cd9-48b4-9576-ba2cbd78b993 - - - - - -] Successfully bumped revision number for resource 801213d0-fe90-40c4-8251-36b18b5da94f (type: ports) to 5
2026-07-02 01:29:40.828 9 INFO neutron.wsgi [req-d5cffc2b-8521-45bd-b80f-c0e91fd322c0 req-299945b8-c68d-4bb6-981d-730f237a0936 3b3b0c9fcdb94df8be1a7e266868208d 8b8984c4636045569956cb8af776fc8b - - default default] 199.204.45.227 "GET /v2.0/ports?device_id=a89a9c44-add1-4716-b5e1-e47fd9b51887 HTTP/1.1" status: 200 len: 1172 time: 0.1861465
2026-07-02 01:29:40.914 9 INFO neutron.db.ovn_revision_numbers_db [None req-134a2ac3-6fbd-4817-a28a-f9757ef5d7ea f9e20f61ebcf4782af93b8ecfe7a4174 ebcc9a87d5174dfcaf74757aadf966a8 - - default default] Successfully bumped revision number for resource a9484b39-ae3f-40f5-bed3-4e67e99632f4 (type: networks) to 2
2026-07-02 01:29:40.919 9 INFO neutron.wsgi [None req-134a2ac3-6fbd-4817-a28a-f9757ef5d7ea f9e20f61ebcf4782af93b8ecfe7a4174 ebcc9a87d5174dfcaf74757aadf966a8 - - default default] 10.0.0.113 "PUT /v2.0/networks/a9484b39-ae3f-40f5-bed3-4e67e99632f4 HTTP/1.1" status: 200 len: 792 time: 0.3781912 /var/lib/openstack/lib/python3.10/site-packages/pycadf/identifier.py:71: UserWarning: Invalid uuid: neutron. To ensure interoperability, identifiers should be a valid uuid. warnings.warn(('Invalid uuid: %s. To ensure interoperability, '
2026-07-02 01:29:40.930 10 WARNING neutron_lib.context [None req-2736cd20-e1c9-4982-8d26-f28280562b98 f9e20f61ebcf4782af93b8ecfe7a4174 ebcc9a87d5174dfcaf74757aadf966a8 - - default default] Method 'is_advsvc' is deprecated since 2023.2 release (neutron-lib 3.8.0) and will be removed once support for the old RBAC API policies will be removed from Neutron. Please use method 'is_service_role' instead.
2026-07-02 01:29:41.090 10 INFO neutron.notifiers.nova [-] Nova event matching ['req-20e7716e-48bb-458e-b2a8-a83804f34a73'] response: {'server_uuid': 'a89a9c44-add1-4716-b5e1-e47fd9b51887', 'name': 'network-vif-unplugged', 'status': 'completed', 'tag': '801213d0-fe90-40c4-8251-36b18b5da94f', 'code': 200}
2026-07-02 01:29:41.090 10 INFO neutron.notifiers.nova [-] Nova event matching ['req-20e7716e-48bb-458e-b2a8-a83804f34a73'] response: {'server_uuid': 'a89a9c44-add1-4716-b5e1-e47fd9b51887', 'name': 'network-vif-unplugged', 'status': 'completed', 'tag': '801213d0-fe90-40c4-8251-36b18b5da94f', 'code': 200}
2026-07-02 01:29:41.212 10 WARNING neutron.scheduler.dhcp_agent_scheduler [None req-2736cd20-e1c9-4982-8d26-f28280562b98 f9e20f61ebcf4782af93b8ecfe7a4174 ebcc9a87d5174dfcaf74757aadf966a8 - - default default] No more DHCP agents
2026-07-02 01:29:41.215 10 WARNING neutron.api.rpc.agentnotifiers.dhcp_rpc_agent_api [None req-2736cd20-e1c9-4982-8d26-f28280562b98 f9e20f61ebcf4782af93b8ecfe7a4174 ebcc9a87d5174dfcaf74757aadf966a8 - - default default] Unable to schedule network a9484b39-ae3f-40f5-bed3-4e67e99632f4: no agents available; will retry on subsequent port and subnet creation events.
2026-07-02 01:29:41.389 9 INFO neutron.db.l3_db [req-d5cffc2b-8521-45bd-b80f-c0e91fd322c0 req-1bb8d7a5-c830-4026-99ff-89b3823a081e 3b3b0c9fcdb94df8be1a7e266868208d 8b8984c4636045569956cb8af776fc8b - - default default] Floating IP c91ecfa6-8f7d-4c69-a2d8-cd28858f4bf2 disassociated. External IP: 10.96.250.210, port: 801213d0-fe90-40c4-8251-36b18b5da94f.
2026-07-02 01:29:41.425 9 INFO neutron.wsgi [None req-7ffa5a45-1fc6-438e-957c-8dc48858f905 76598f7dafa040fcafa9740aa4353aee 6c9ed41568174363a3adc186266ee70a - - default default] 10.0.0.113 "DELETE /v2.0/ports/5dc683cc-1ef6-4043-bd9b-23d84268c061 HTTP/1.1" status: 204 len: 168 time: 0.8298442 /var/lib/openstack/lib/python3.10/site-packages/pycadf/identifier.py:71: UserWarning: Invalid uuid: neutron. To ensure interoperability, identifiers should be a valid uuid. warnings.warn(('Invalid uuid: %s. To ensure interoperability, '
2026-07-02 01:29:41.451 9 INFO neutron.pecan_wsgi.hooks.translation [None req-d5462268-5f51-472d-bdba-5d859cd2be74 76598f7dafa040fcafa9740aa4353aee 6c9ed41568174363a3adc186266ee70a - - default default] GET failed (client error): The resource could not be found.
2026-07-02 01:29:41.452 9 INFO neutron.wsgi [None req-d5462268-5f51-472d-bdba-5d859cd2be74 76598f7dafa040fcafa9740aa4353aee 6c9ed41568174363a3adc186266ee70a - - default default] 10.0.0.113 "GET /v2.0/ports/5dc683cc-1ef6-4043-bd9b-23d84268c061 HTTP/1.1" status: 404 len: 333 time: 0.0203831
2026-07-02 01:29:41.568 9 INFO neutron.wsgi [req-d5cffc2b-8521-45bd-b80f-c0e91fd322c0 req-1bb8d7a5-c830-4026-99ff-89b3823a081e 3b3b0c9fcdb94df8be1a7e266868208d 8b8984c4636045569956cb8af776fc8b - - default default] 199.204.45.227 "DELETE /v2.0/ports/801213d0-fe90-40c4-8251-36b18b5da94f HTTP/1.1" status: 204 len: 173 time: 0.7259777
2026-07-02 01:29:41.623 10 INFO neutron.wsgi [req-9a45b8f1-9b0c-480e-9059-8fcf0fbe50c6 req-f9bbc5b8-49b8-456c-b987-2102aa06ec26 3b3b0c9fcdb94df8be1a7e266868208d 8b8984c4636045569956cb8af776fc8b - - default default] 10.0.0.227 "GET /v2.0/ports?device_id=a89a9c44-add1-4716-b5e1-e47fd9b51887 HTTP/1.1" status: 200 len: 210 time: 0.0228853
2026-07-02 01:29:41.670 9 INFO neutron.wsgi [None req-61c8bef2-2f8b-4be8-a630-e03a8131f86b 76598f7dafa040fcafa9740aa4353aee 6c9ed41568174363a3adc186266ee70a - - default default] 10.0.0.113 "DELETE /v2.0/subnets/6c131b4a-5878-46a8-b092-e1b41fd55890 HTTP/1.1" status: 204 len: 168 time: 0.2144861
2026-07-02 01:29:41.759 10 INFO neutron.db.ovn_revision_numbers_db [None req-2736cd20-e1c9-4982-8d26-f28280562b98 f9e20f61ebcf4782af93b8ecfe7a4174 ebcc9a87d5174dfcaf74757aadf966a8 - - default default] Successfully bumped revision number for resource 1fa338dc-a6fa-422e-8fd1-f4a3da4bc739 (type: ports) to 2
2026-07-02 01:29:41.798 10 INFO neutron.db.ovn_revision_numbers_db [None req-2736cd20-e1c9-4982-8d26-f28280562b98 f9e20f61ebcf4782af93b8ecfe7a4174 ebcc9a87d5174dfcaf74757aadf966a8 - - default default] Successfully bumped revision number for resource 9f503c2a-dcaf-4539-babb-ce3ad488f77e (type: subnets) to 0
2026-07-02 01:29:41.814 10 INFO neutron.wsgi [None req-2736cd20-e1c9-4982-8d26-f28280562b98 f9e20f61ebcf4782af93b8ecfe7a4174 ebcc9a87d5174dfcaf74757aadf966a8 - - default default] 10.0.0.113 "POST /v2.0/subnets HTTP/1.1" status: 201 len: 801 time: 0.8903012
2026-07-02 01:29:41.891 9 INFO neutron.notifiers.nova [-] Nova event matching ['req-044fa768-99cc-4016-bd1d-a89c920cf391'] response: {'server_uuid': 'a89a9c44-add1-4716-b5e1-e47fd9b51887', 'name': 'network-vif-deleted', 'tag': '801213d0-fe90-40c4-8251-36b18b5da94f', 'status': 'completed', 'code': 200}
2026-07-02 01:29:41.931 9 INFO neutron.db.ovn_revision_numbers_db [None req-4581f863-9509-46ab-a268-3dca9cfb0284 657d54396dd145698aabc27283434471 4d55105c14ae432b92919c20267e0451 - - default default] Successfully bumped revision number for resource 0fcd67f1-3a31-4604-a148-91cd09cc384c (type: security_groups) to 1
2026-07-02 01:29:41.963 9 INFO neutron.db.ovn_revision_numbers_db [None req-4581f863-9509-46ab-a268-3dca9cfb0284 657d54396dd145698aabc27283434471 4d55105c14ae432b92919c20267e0451 - - default default] Successfully bumped revision number for resource 1c2d95c1-012b-49c0-9b7b-4dfc247eb9a3 (type: security_group_rules) to 0
2026-07-02 01:29:42.002 9 INFO neutron.db.ovn_revision_numbers_db [None req-4581f863-9509-46ab-a268-3dca9cfb0284 657d54396dd145698aabc27283434471 4d55105c14ae432b92919c20267e0451 - - default default] Successfully bumped revision number for resource 332cfc77-051b-409b-a2eb-c8b8af6701b3 (type: security_group_rules) to 0
2026-07-02 01:29:42.019 9 INFO neutron.db.ovn_revision_numbers_db [None req-4581f863-9509-46ab-a268-3dca9cfb0284 657d54396dd145698aabc27283434471 4d55105c14ae432b92919c20267e0451 - - default default] Successfully bumped revision number for resource 4ec152e8-ede9-4109-811b-51b76769efbf (type: security_group_rules) to 0
2026-07-02 01:29:42.047 9 INFO neutron.db.ovn_revision_numbers_db [None req-4581f863-9509-46ab-a268-3dca9cfb0284 657d54396dd145698aabc27283434471 4d55105c14ae432b92919c20267e0451 - - default default] Successfully bumped revision number for resource c2683dd4-0003-4cf0-b11d-39ef311e9f7e (type: security_group_rules) to 0
2026-07-02 01:29:42.070 9 INFO neutron.wsgi [None req-4581f863-9509-46ab-a268-3dca9cfb0284 657d54396dd145698aabc27283434471 4d55105c14ae432b92919c20267e0451 - - default default] 10.0.0.113 "GET /v2.0/security-groups?tenant_id=ea8964c68cc8484284496885b245be2f&name=default HTTP/1.1" status: 200 len: 3120 time: 0.4788430
2026-07-02 01:29:42.126 9 INFO neutron.services.segments.plugin [-] Segment d0c41a4a-9d6e-4707-b11c-202256a04ac7 resource provider aggregate not found
2026-07-02 01:29:42.129 9 INFO neutron.services.segments.plugin [-] Segment d0c41a4a-9d6e-4707-b11c-202256a04ac7 resource provider aggregate not found
2026-07-02 01:29:42.140 9 INFO neutron.services.segments.plugin [-] Segment d0c41a4a-9d6e-4707-b11c-202256a04ac7 resource provider not found; error: Placement Client Error (4xx): {"errors": [{"status": 404, "title": "Not Found", "detail": "The resource could not be found.\n\n No resource provider with uuid d0c41a4a-9d6e-4707-b11c-202256a04ac7 found for delete ", "request_id": "req-b7ce4f57-6b36-4e47-b7a6-895e79be7e53"}]}
2026-07-02 01:29:42.146 9 INFO neutron.services.segments.plugin [-] Segment d0c41a4a-9d6e-4707-b11c-202256a04ac7 resource provider not found; error: Placement Client Error (4xx): {"errors": [{"status": 404, "title": "Not Found", "detail": "The resource could not be found.\n\n No resource provider with uuid d0c41a4a-9d6e-4707-b11c-202256a04ac7 found for delete ", "request_id": "req-9450a18e-f2be-4f19-a308-ab7edc704654"}]}
2026-07-02 01:29:42.161 9 INFO neutron.wsgi [None req-8c700593-e213-4c8e-a418-e8d6fe3d9ecb 76598f7dafa040fcafa9740aa4353aee 6c9ed41568174363a3adc186266ee70a - - default default] 10.0.0.113 "DELETE /v2.0/networks/99e7c72a-2bd3-48bc-ab51-fc49192235f2 HTTP/1.1" status: 204 len: 168 time: 0.4859765
2026-07-02 01:29:42.172 10 WARNING neutron_lib.context [None req-b971d149-7534-4e7c-9d1c-28500781b288 76598f7dafa040fcafa9740aa4353aee 6c9ed41568174363a3adc186266ee70a - - default default] Method 'is_advsvc' is deprecated since 2023.2 release (neutron-lib 3.8.0) and will be removed once support for the old RBAC API policies will be removed from Neutron. Please use method 'is_service_role' instead.
2026-07-02 01:29:42.177 10 INFO neutron.db.ovn_revision_numbers_db [None req-2c67056a-27b7-43d3-8656-17782c30d17e f9e20f61ebcf4782af93b8ecfe7a4174 ebcc9a87d5174dfcaf74757aadf966a8 - - default default] Successfully bumped revision number for resource 9f503c2a-dcaf-4539-babb-ce3ad488f77e (type: subnets) to 1
2026-07-02 01:29:42.180 10 INFO neutron.wsgi [None req-2c67056a-27b7-43d3-8656-17782c30d17e f9e20f61ebcf4782af93b8ecfe7a4174 ebcc9a87d5174dfcaf74757aadf966a8 - - default default] 10.0.0.113 "PUT /v2.0/subnets/9f503c2a-dcaf-4539-babb-ce3ad488f77e HTTP/1.1" status: 200 len: 806 time: 0.3614373
2026-07-02 01:29:42.377 10 INFO neutron.wsgi [None req-84a5cf86-4a65-430d-b3ff-626daf8eb2ce 657d54396dd145698aabc27283434471 4d55105c14ae432b92919c20267e0451 - - default default] 10.0.0.113 "DELETE /v2.0/security-groups/0fcd67f1-3a31-4604-a148-91cd09cc384c HTTP/1.1" status: 204 len: 168 time: 0.3010974
2026-07-02 01:29:42.441 10 WARNING neutron.scheduler.dhcp_agent_scheduler [None req-b971d149-7534-4e7c-9d1c-28500781b288 76598f7dafa040fcafa9740aa4353aee 6c9ed41568174363a3adc186266ee70a - - default default] No more DHCP agents
2026-07-02 01:29:42.444 10 WARNING neutron.api.rpc.agentnotifiers.dhcp_rpc_agent_api [None req-b971d149-7534-4e7c-9d1c-28500781b288 76598f7dafa040fcafa9740aa4353aee 6c9ed41568174363a3adc186266ee70a - - default default] Unable to schedule network 1c44fc31-efc9-4470-a313-6efbe0c5c60f: no agents available; will retry on subsequent port and subnet creation events.
2026-07-02 01:29:42.518 10 INFO neutron.db.ovn_revision_numbers_db [None req-b971d149-7534-4e7c-9d1c-28500781b288 76598f7dafa040fcafa9740aa4353aee 6c9ed41568174363a3adc186266ee70a - - default default] Successfully bumped revision number for resource d5bac722-6556-4329-be53-a34f60709f5a (type: ports) to 1
2026-07-02 01:29:42.543 10 INFO neutron.wsgi [None req-b971d149-7534-4e7c-9d1c-28500781b288 76598f7dafa040fcafa9740aa4353aee 6c9ed41568174363a3adc186266ee70a - - default default] 10.0.0.113 "POST /v2.0/ports HTTP/1.1" status: 201 len: 972 time: 0.3752308 /var/lib/openstack/lib/python3.10/site-packages/pycadf/identifier.py:71: UserWarning: Invalid uuid: neutron. To ensure interoperability, identifiers should be a valid uuid. warnings.warn(('Invalid uuid: %s. To ensure interoperability, '
2026-07-02 01:29:42.805 9 INFO neutron.wsgi [None req-f88383e9-92f7-414e-bfd5-1e6da085685a f9e20f61ebcf4782af93b8ecfe7a4174 ebcc9a87d5174dfcaf74757aadf966a8 - - default default] 10.0.0.113 "DELETE /v2.0/networks/a9484b39-ae3f-40f5-bed3-4e67e99632f4 HTTP/1.1" status: 204 len: 168 time: 0.6187446
2026-07-02 01:29:42.826 10 INFO neutron.pecan_wsgi.hooks.translation [None req-553a689b-44ea-425c-a26d-5d447f3fbdc1 f9e20f61ebcf4782af93b8ecfe7a4174 ebcc9a87d5174dfcaf74757aadf966a8 - - default default] DELETE failed (client error): The resource could not be found.
2026-07-02 01:29:42.829 10 INFO neutron.wsgi [None req-553a689b-44ea-425c-a26d-5d447f3fbdc1 f9e20f61ebcf4782af93b8ecfe7a4174 ebcc9a87d5174dfcaf74757aadf966a8 - - default default] 10.0.0.113 "DELETE /v2.0/networks/a9484b39-ae3f-40f5-bed3-4e67e99632f4 HTTP/1.1" status: 404 len: 339 time: 0.0183840
2026-07-02 01:29:42.900 9 INFO neutron.wsgi [None req-6dfa9465-8b6a-4c2b-8c3a-51db28b139ef 3b3b0c9fcdb94df8be1a7e266868208d 8b8984c4636045569956cb8af776fc8b - - default default] 10.0.0.113 "DELETE /v2.0/security-groups/fbbef5f3-0837-4426-8fa2-e0146823a7a6 HTTP/1.1" status: 204 len: 168 time: 0.1924903
2026-07-02 01:29:42.927 9 INFO neutron.api.v2.resource [None req-918f5a9b-b0d1-4412-869b-62a3bdfa9770 3b3b0c9fcdb94df8be1a7e266868208d 8b8984c4636045569956cb8af776fc8b - - default default] show failed (client error): The resource could not be found.
2026-07-02 01:29:42.929 9 INFO neutron.wsgi [None req-918f5a9b-b0d1-4412-869b-62a3bdfa9770 3b3b0c9fcdb94df8be1a7e266868208d 8b8984c4636045569956cb8af776fc8b - - default default] 10.0.0.113 "GET /v2.0/security-groups/fbbef5f3-0837-4426-8fa2-e0146823a7a6 HTTP/1.1" status: 404 len: 347 time: 0.0250046
2026-07-02 01:29:42.982 9 INFO neutron.wsgi [None req-ffcde844-48e0-4239-b2ee-c5b3d327baee f9e20f61ebcf4782af93b8ecfe7a4174 ebcc9a87d5174dfcaf74757aadf966a8 - - default default] 10.0.0.113 "GET /v2.0/networks?router%3Aexternal=True HTTP/1.1" status: 200 len: 845 time: 0.1444821 /var/lib/openstack/lib/python3.10/site-packages/pycadf/identifier.py:71: UserWarning: Invalid uuid: neutron. To ensure interoperability, identifiers should be a valid uuid. warnings.warn(('Invalid uuid: %s. To ensure interoperability, '
2026-07-02 01:29:43.012 10 INFO neutron.plugins.ml2.drivers.ovn.mech_driver.mech_driver [None req-7d81014b-6cd9-48b4-9576-ba2cbd78b993 - - - - - -] OVN reports status down for port: d5bac722-6556-4329-be53-a34f60709f5a
2026-07-02 01:29:43.054 10 INFO neutron.wsgi [None req-8bbb8385-7cdf-40ac-8f7c-2a234c018423 f9e20f61ebcf4782af93b8ecfe7a4174 ebcc9a87d5174dfcaf74757aadf966a8 - - default default] 10.0.0.113 "GET /v2.0/subnets?network_id=514028c5-2850-4a36-8421-9784637ba82f HTTP/1.1" status: 200 len: 820 time: 0.0643623
2026-07-02 01:29:43.064 10 INFO neutron.wsgi [None req-e75b3eac-adc0-45ef-8f07-1c878cd8e33a f9e20f61ebcf4782af93b8ecfe7a4174 ebcc9a87d5174dfcaf74757aadf966a8 - - default default] 10.0.0.113 "GET /v2.0/extensions HTTP/1.1" status: 200 len: 18678 time: 0.0048521
2026-07-02 01:29:43.065 10 INFO neutron.db.ovn_revision_numbers_db [None req-b1a0cb81-ad5b-470c-b4be-d28031aaca63 76598f7dafa040fcafa9740aa4353aee 6c9ed41568174363a3adc186266ee70a - - default default] Successfully bumped revision number for resource d5bac722-6556-4329-be53-a34f60709f5a (type: ports) to 2
2026-07-02 01:29:43.106 10 INFO neutron.wsgi [None req-b1a0cb81-ad5b-470c-b4be-d28031aaca63 76598f7dafa040fcafa9740aa4353aee 6c9ed41568174363a3adc186266ee70a - - default default] 10.0.0.113 "PUT /v2.0/ports/d5bac722-6556-4329-be53-a34f60709f5a HTTP/1.1" status: 200 len: 946 time: 0.5586884
2026-07-02 01:29:43.160 10 INFO neutron.wsgi [None req-adbfc91e-0e3e-4eeb-ab2f-606cedf2541b f9e20f61ebcf4782af93b8ecfe7a4174 ebcc9a87d5174dfcaf74757aadf966a8 - - default default] 10.0.0.113 "GET /v2.0/networks HTTP/1.1" status: 200 len: 1504 time: 0.0928605
2026-07-02 01:29:43.208 10 INFO neutron.wsgi [None req-b85ae7e9-0325-468a-8bcd-1fea09aa6faf f9e20f61ebcf4782af93b8ecfe7a4174 ebcc9a87d5174dfcaf74757aadf966a8 - - default default] 10.0.0.113 "GET /v2.0/subnets HTTP/1.1" status: 200 len: 1428 time: 0.0399270
2026-07-02 01:29:43.283 10 INFO neutron.wsgi [None req-ae193907-932b-441a-80fb-4e25da2083ec f9e20f61ebcf4782af93b8ecfe7a4174 ebcc9a87d5174dfcaf74757aadf966a8 - - default default] 10.0.0.113 "GET /v2.0/networks/be3cfb19-68e2-40f9-8517-0f1481016a33 HTTP/1.1" status: 200 len: 863 time: 0.0677564
2026-07-02 01:29:43.340 10 INFO neutron.wsgi [None req-c94628cf-cd16-4002-afad-b23b725fbad3 f9e20f61ebcf4782af93b8ecfe7a4174 ebcc9a87d5174dfcaf74757aadf966a8 - - default default] 10.0.0.113 "GET /v2.0/subnets/77ae8f0b-28e4-458b-89bd-d0bdbb0b1a07 HTTP/1.1" status: 200 len: 811 time: 0.0511494
2026-07-02 01:29:43.361 10 INFO neutron.pecan_wsgi.hooks.translation [None req-1be3f9fa-ff35-45c8-b4eb-b6456a4efcf3 f9e20f61ebcf4782af93b8ecfe7a4174 ebcc9a87d5174dfcaf74757aadf966a8 - - default default] DELETE failed (client error): The resource could not be found.
2026-07-02 01:29:43.363 10 INFO neutron.wsgi [None req-1be3f9fa-ff35-45c8-b4eb-b6456a4efcf3 f9e20f61ebcf4782af93b8ecfe7a4174 ebcc9a87d5174dfcaf74757aadf966a8 - - default default] 10.0.0.113 "DELETE /v2.0/subnets/9f503c2a-dcaf-4539-babb-ce3ad488f77e HTTP/1.1" status: 404 len: 337 time: 0.0182540
2026-07-02 01:29:43.381 9 INFO neutron.pecan_wsgi.hooks.translation [None req-95b8a54f-cace-4c6b-900a-e1fd68d07b00 f9e20f61ebcf4782af93b8ecfe7a4174 ebcc9a87d5174dfcaf74757aadf966a8 - - default default] DELETE failed (client error): The resource could not be found.
2026-07-02 01:29:43.383 9 INFO neutron.wsgi [None req-95b8a54f-cace-4c6b-900a-e1fd68d07b00 f9e20f61ebcf4782af93b8ecfe7a4174 ebcc9a87d5174dfcaf74757aadf966a8 - - default default] 10.0.0.113 "DELETE /v2.0/networks/a9484b39-ae3f-40f5-bed3-4e67e99632f4 HTTP/1.1" status: 404 len: 339 time: 0.0160244
2026-07-02 01:29:43.465 10 INFO neutron.wsgi [None req-d1f0c4f1-db56-45d0-89ef-02940b2556f7 76598f7dafa040fcafa9740aa4353aee 6c9ed41568174363a3adc186266ee70a - - default default] 10.0.0.113 "DELETE /v2.0/ports/d5bac722-6556-4329-be53-a34f60709f5a HTTP/1.1" status: 204 len: 168 time: 0.3524795
2026-07-02 01:29:43.509 10 INFO neutron.wsgi [None req-d042eded-ef9b-449f-9432-9f9ecc9ee452 76598f7dafa040fcafa9740aa4353aee 6c9ed41568174363a3adc186266ee70a - - default default] 10.0.0.113 "GET /v2.0/ports HTTP/1.1" status: 200 len: 1726 time: 0.0398455
2026-07-02 01:29:43.529 10 INFO neutron.pecan_wsgi.hooks.translation [None req-9d183d85-06b7-4561-95e6-6fa2f424208f 76598f7dafa040fcafa9740aa4353aee 6c9ed41568174363a3adc186266ee70a - - default default] GET failed (client error): The resource could not be found.
2026-07-02 01:29:43.531 10 INFO neutron.wsgi [None req-9d183d85-06b7-4561-95e6-6fa2f424208f 76598f7dafa040fcafa9740aa4353aee 6c9ed41568174363a3adc186266ee70a - - default default] 10.0.0.113 "GET /v2.0/ports/d5bac722-6556-4329-be53-a34f60709f5a HTTP/1.1" status: 404 len: 333 time: 0.0174043
2026-07-02 01:29:43.579 10 INFO neutron.wsgi [None req-9c8143fb-b675-4ecb-bec0-8ad56245a6a6 76598f7dafa040fcafa9740aa4353aee 6c9ed41568174363a3adc186266ee70a - - default default] 10.0.0.113 "GET /v2.0/ports HTTP/1.1" status: 200 len: 1726 time: 0.0433908
2026-07-02 01:29:43.623 10 INFO neutron.wsgi [None req-523f06e4-934c-4f60-be38-23f3c34ddec2 76598f7dafa040fcafa9740aa4353aee 6c9ed41568174363a3adc186266ee70a - - default default] 10.0.0.113 "GET /v2.0/ports/36220926-d1d1-450c-9b4a-50b4b88e16ce HTTP/1.1" status: 200 len: 966 time: 0.0376477
2026-07-02 01:29:43.625 9 INFO neutron.wsgi [None req-823ecbab-26c0-4238-aa64-37c4b3a96981 f9e20f61ebcf4782af93b8ecfe7a4174 ebcc9a87d5174dfcaf74757aadf966a8 - - default default] 10.0.0.113 "DELETE /v2.0/subnets/77ae8f0b-28e4-458b-89bd-d0bdbb0b1a07 HTTP/1.1" status: 204 len: 168 time: 0.2367463
2026-07-02 01:29:43.648 9 INFO neutron.pecan_wsgi.hooks.translation [None req-eba6bade-6f19-461c-91da-9386453635d7 76598f7dafa040fcafa9740aa4353aee 6c9ed41568174363a3adc186266ee70a - - default default] DELETE failed (client error): The resource could not be found.
2026-07-02 01:29:43.650 9 INFO neutron.wsgi [None req-eba6bade-6f19-461c-91da-9386453635d7 76598f7dafa040fcafa9740aa4353aee 6c9ed41568174363a3adc186266ee70a - - default default] 10.0.0.113 "DELETE /v2.0/ports/5dc683cc-1ef6-4043-bd9b-23d84268c061 HTTP/1.1" status: 404 len: 333 time: 0.0182691
2026-07-02 01:29:43.654 9 INFO neutron.wsgi [None req-14d6e051-432b-4ef1-af07-54490e8c9f2a 3b3b0c9fcdb94df8be1a7e266868208d 8b8984c4636045569956cb8af776fc8b - - default default] 10.0.0.113 "DELETE /v2.0/floatingips/c91ecfa6-8f7d-4c69-a2d8-cd28858f4bf2 HTTP/1.1" status: 204 len: 168 time: 0.7219775
2026-07-02 01:29:43.670 9 INFO neutron.pecan_wsgi.hooks.translation [None req-9a8aea7f-4a85-46e5-9ee7-15f7c6a40483 76598f7dafa040fcafa9740aa4353aee 6c9ed41568174363a3adc186266ee70a - - default default] DELETE failed (client error): The resource could not be found.
2026-07-02 01:29:43.673 9 INFO neutron.wsgi [None req-9a8aea7f-4a85-46e5-9ee7-15f7c6a40483 76598f7dafa040fcafa9740aa4353aee 6c9ed41568174363a3adc186266ee70a - - default default] 10.0.0.113 "DELETE /v2.0/subnets/6c131b4a-5878-46a8-b092-e1b41fd55890 HTTP/1.1" status: 404 len: 337 time: 0.0162380
2026-07-02 01:29:43.691 9 INFO neutron.pecan_wsgi.hooks.translation [None req-0f4ae35c-24ef-495b-ab50-91e64e438734 76598f7dafa040fcafa9740aa4353aee 6c9ed41568174363a3adc186266ee70a - - default default] DELETE failed (client error): The resource could not be found.
2026-07-02 01:29:43.694 9 INFO neutron.wsgi [None req-0f4ae35c-24ef-495b-ab50-91e64e438734 76598f7dafa040fcafa9740aa4353aee 6c9ed41568174363a3adc186266ee70a - - default default] 10.0.0.113 "DELETE /v2.0/subnets/2120f408-e151-4c72-9f8b-128e999e0693 HTTP/1.1" status: 404 len: 337 time: 0.0175683
2026-07-02 01:29:43.980 9 INFO neutron.wsgi [None req-cf995a04-b473-4ccc-9705-8656ff04f461 76598f7dafa040fcafa9740aa4353aee 6c9ed41568174363a3adc186266ee70a - - default default] 10.0.0.113 "DELETE /v2.0/ports/36220926-d1d1-450c-9b4a-50b4b88e16ce HTTP/1.1" status: 204 len: 168 time: 0.2829397
2026-07-02 01:29:44.195 9 INFO neutron.services.segments.plugin [-] Segment a9c6bd23-40f6-47c2-b817-7d93ac8accbd resource provider aggregate not found
2026-07-02 01:29:44.198 9 INFO neutron.services.segments.plugin [-] Segment a9c6bd23-40f6-47c2-b817-7d93ac8accbd resource provider aggregate not found
2026-07-02 01:29:44.210 9 INFO neutron.services.segments.plugin [-] Segment a9c6bd23-40f6-47c2-b817-7d93ac8accbd resource provider not found; error: Placement Client Error (4xx): {"errors": [{"status": 404, "title": "Not Found", "detail": "The resource could not be found.\n\n No resource provider with uuid a9c6bd23-40f6-47c2-b817-7d93ac8accbd found for delete ", "request_id": "req-4a985bee-ac88-4ba9-9ad0-146eca623506"}]}
