2026-07-02 01:29:02.119 9 INFO neutron.db.ovn_revision_numbers_db [None req-aca6db4a-f563-4edb-b5f7-ff1bc6325730 657d54396dd145698aabc27283434471 4d55105c14ae432b92919c20267e0451 - - default default] Successfully bumped revision number for resource 07f2f428-b093-409d-befc-0b407fd0413c (type: security_group_rules) to 0
2026-07-02 01:29:02.136 9 INFO neutron.db.ovn_revision_numbers_db [None req-aca6db4a-f563-4edb-b5f7-ff1bc6325730 657d54396dd145698aabc27283434471 4d55105c14ae432b92919c20267e0451 - - default default] Successfully bumped revision number for resource 80f1bfdb-438f-4574-a7a1-ea7a89e1c8dc (type: security_group_rules) to 0
2026-07-02 01:29:02.150 9 INFO neutron.db.ovn_revision_numbers_db [None req-aca6db4a-f563-4edb-b5f7-ff1bc6325730 657d54396dd145698aabc27283434471 4d55105c14ae432b92919c20267e0451 - - default default] Successfully bumped revision number for resource edeeccd2-b69a-4b1f-a688-f06cf8b44724 (type: security_group_rules) to 0
2026-07-02 01:29:02.162 9 INFO neutron.db.ovn_revision_numbers_db [None req-aca6db4a-f563-4edb-b5f7-ff1bc6325730 657d54396dd145698aabc27283434471 4d55105c14ae432b92919c20267e0451 - - default default] Successfully bumped revision number for resource f5adaeeb-a772-46c6-bb4b-d0ff5e906fd4 (type: security_group_rules) to 0
2026-07-02 01:29:02.184 9 INFO neutron.wsgi [None req-aca6db4a-f563-4edb-b5f7-ff1bc6325730 657d54396dd145698aabc27283434471 4d55105c14ae432b92919c20267e0451 - - default default] 10.0.0.113 "GET /v2.0/security-groups?tenant_id=3eb3b328f37e4bf8880f30df54b125a4&name=default HTTP/1.1" status: 200 len: 3120 time: 0.3927448
2026-07-02 01:29:02.379 10 INFO neutron.wsgi [None req-801538fb-372a-4bc9-b48a-7dbba9cf5e9c 657d54396dd145698aabc27283434471 4d55105c14ae432b92919c20267e0451 - - default default] 10.0.0.113 "DELETE /v2.0/security-groups/77bfdf59-55bc-450e-b91f-adb1f58d8018 HTTP/1.1" status: 204 len: 168 time: 0.1907244
2026-07-02 01:29:02.490 9 INFO neutron.wsgi [req-08fb46cf-5aea-4ee4-802f-2a6cf9ee9b68 req-33a4a731-0479-4f0f-a40c-b06f538a0a89 0de34a0817624ac88103cd0a8b7efde7 c08a9b9706ca494387a82307446407e4 - - ea86e87f318c4fa7864c2d1f9988028c ea86e87f318c4fa7864c2d1f9988028c] 10.0.0.84 "GET /v2.0/ports?device_id=295c428c-a1e1-4629-9a4e-3fc441c10011 HTTP/1.1" status: 200 len: 1409 time: 0.2057850
2026-07-02 01:29:02.535 9 INFO neutron.wsgi [req-08fb46cf-5aea-4ee4-802f-2a6cf9ee9b68 req-1149c3f8-f7ce-43c5-bd6a-9b2ce4169d15 0de34a0817624ac88103cd0a8b7efde7 c08a9b9706ca494387a82307446407e4 - - ea86e87f318c4fa7864c2d1f9988028c ea86e87f318c4fa7864c2d1f9988028c] 10.0.0.84 "GET /v2.0/security-groups?id=4ce12c92-f66a-4c1e-9f03-c4ac1bbdaa10&fields=id&fields=name HTTP/1.1" status: 200 len: 313 time: 0.0391598
2026-07-02 01:29:02.590 10 INFO neutron.db.ovn_revision_numbers_db [None req-84cd8f00-9107-4e9d-9e9d-9a7110318cb1 657d54396dd145698aabc27283434471 4d55105c14ae432b92919c20267e0451 - - default default] Successfully bumped revision number for resource 65bcc752-7542-44ea-b8fe-9a16a8cc3d5d (type: security_groups) to 1
2026-07-02 01:29:02.602 10 INFO neutron.db.ovn_revision_numbers_db [None req-84cd8f00-9107-4e9d-9e9d-9a7110318cb1 657d54396dd145698aabc27283434471 4d55105c14ae432b92919c20267e0451 - - default default] Successfully bumped revision number for resource 1068358a-88c6-4db5-b86b-7feeb6e535fa (type: security_group_rules) to 0
2026-07-02 01:29:02.616 10 INFO neutron.db.ovn_revision_numbers_db [None req-84cd8f00-9107-4e9d-9e9d-9a7110318cb1 657d54396dd145698aabc27283434471 4d55105c14ae432b92919c20267e0451 - - default default] Successfully bumped revision number for resource 1b590d82-5c66-45ec-9244-9500c483830a (type: security_group_rules) to 0
2026-07-02 01:29:02.631 10 INFO neutron.db.ovn_revision_numbers_db [None req-84cd8f00-9107-4e9d-9e9d-9a7110318cb1 657d54396dd145698aabc27283434471 4d55105c14ae432b92919c20267e0451 - - default default] Successfully bumped revision number for resource 1cf19f00-b557-4063-9606-b8ba6d783591 (type: security_group_rules) to 0
2026-07-02 01:29:02.646 10 INFO neutron.db.ovn_revision_numbers_db [None req-84cd8f00-9107-4e9d-9e9d-9a7110318cb1 657d54396dd145698aabc27283434471 4d55105c14ae432b92919c20267e0451 - - default default] Successfully bumped revision number for resource 7806e3c5-6daf-4b1e-aa56-ed30a061883d (type: security_group_rules) to 0
2026-07-02 01:29:02.672 10 INFO neutron.wsgi [None req-84cd8f00-9107-4e9d-9e9d-9a7110318cb1 657d54396dd145698aabc27283434471 4d55105c14ae432b92919c20267e0451 - - default default] 10.0.0.113 "GET /v2.0/security-groups?tenant_id=9cea7266292c4574a36133e783d904ea&name=default HTTP/1.1" status: 200 len: 3120 time: 0.2006123
2026-07-02 01:29:02.876 10 INFO neutron.wsgi [None req-f060ea11-37ce-4616-9e3e-8be0e6578a4f 657d54396dd145698aabc27283434471 4d55105c14ae432b92919c20267e0451 - - default default] 10.0.0.113 "DELETE /v2.0/security-groups/65bcc752-7542-44ea-b8fe-9a16a8cc3d5d HTTP/1.1" status: 204 len: 168 time: 0.1994486
2026-07-02 01:29:03.649 10 INFO neutron.db.ovn_revision_numbers_db [None req-2f030bea-32d8-402a-a906-669debdfdf19 657d54396dd145698aabc27283434471 4d55105c14ae432b92919c20267e0451 - - default default] Successfully bumped revision number for resource d2c44480-8dde-4b8c-b9a0-2b33ecf4bfd2 (type: security_groups) to 1
2026-07-02 01:29:03.674 10 INFO neutron.db.ovn_revision_numbers_db [None req-2f030bea-32d8-402a-a906-669debdfdf19 657d54396dd145698aabc27283434471 4d55105c14ae432b92919c20267e0451 - - default default] Successfully bumped revision number for resource 4d25de7f-2785-4089-a249-fe5f03ee049a (type: security_group_rules) to 0
2026-07-02 01:29:03.686 10 INFO neutron.db.ovn_revision_numbers_db [None req-bddb0e41-f43a-47c0-beff-4af81bfe8965 657d54396dd145698aabc27283434471 4d55105c14ae432b92919c20267e0451 - - default default] Successfully bumped revision number for resource 1de82c41-7f16-43a1-8d03-5311f4e2b5f8 (type: security_groups) to 1
2026-07-02 01:29:03.687 10 INFO neutron.db.ovn_revision_numbers_db [None req-2f030bea-32d8-402a-a906-669debdfdf19 657d54396dd145698aabc27283434471 4d55105c14ae432b92919c20267e0451 - - default default] Successfully bumped revision number for resource 5c223149-05f2-45d7-bb79-ea9dca6df432 (type: security_group_rules) to 0
2026-07-02 01:29:03.704 10 INFO neutron.db.ovn_revision_numbers_db [None req-2f030bea-32d8-402a-a906-669debdfdf19 657d54396dd145698aabc27283434471 4d55105c14ae432b92919c20267e0451 - - default default] Successfully bumped revision number for resource 9568c52d-9330-4c9c-9bd6-fe609425445e (type: security_group_rules) to 0
2026-07-02 01:29:03.705 10 INFO neutron.db.ovn_revision_numbers_db [None req-bddb0e41-f43a-47c0-beff-4af81bfe8965 657d54396dd145698aabc27283434471 4d55105c14ae432b92919c20267e0451 - - default default] Successfully bumped revision number for resource 04160827-0c39-4e7b-9cc8-e14edcb6740a (type: security_group_rules) to 0
2026-07-02 01:29:03.720 10 INFO neutron.db.ovn_revision_numbers_db [None req-2f030bea-32d8-402a-a906-669debdfdf19 657d54396dd145698aabc27283434471 4d55105c14ae432b92919c20267e0451 - - default default] Successfully bumped revision number for resource cfe2fc4b-a23a-4b16-889b-aea48f47b893 (type: security_group_rules) to 0
2026-07-02 01:29:03.724 10 INFO neutron.db.ovn_revision_numbers_db [None req-bddb0e41-f43a-47c0-beff-4af81bfe8965 657d54396dd145698aabc27283434471 4d55105c14ae432b92919c20267e0451 - - default default] Successfully bumped revision number for resource 14d1ebdb-4c70-4377-99d2-0bf2d6639ff0 (type: security_group_rules) to 0
2026-07-02 01:29:03.747 10 INFO neutron.db.ovn_revision_numbers_db [None req-bddb0e41-f43a-47c0-beff-4af81bfe8965 657d54396dd145698aabc27283434471 4d55105c14ae432b92919c20267e0451 - - default default] Successfully bumped revision number for resource 97aa4193-7d02-43e0-bfb6-28dfa9988146 (type: security_group_rules) to 0
2026-07-02 01:29:03.764 10 INFO neutron.db.segments_db [None req-2f030bea-32d8-402a-a906-669debdfdf19 657d54396dd145698aabc27283434471 4d55105c14ae432b92919c20267e0451 - - default default] Added segment 9cefbaec-b42e-4548-ac93-ea2cc499a975 of type geneve for network 751f1bfa-4309-4f0d-9a7e-70f051d82958
2026-07-02 01:29:03.765 10 INFO neutron.db.ovn_revision_numbers_db [None req-bddb0e41-f43a-47c0-beff-4af81bfe8965 657d54396dd145698aabc27283434471 4d55105c14ae432b92919c20267e0451 - - default default] Successfully bumped revision number for resource d75bc603-557d-416b-9b79-25182bff844d (type: security_group_rules) to 0
2026-07-02 01:29:03.790 10 INFO neutron.wsgi [None req-bddb0e41-f43a-47c0-beff-4af81bfe8965 657d54396dd145698aabc27283434471 4d55105c14ae432b92919c20267e0451 - - default default] 10.0.0.113 "GET /v2.0/security-groups?tenant_id=3a421363be004f1c828a9541210b9aae&name=default HTTP/1.1" status: 200 len: 3120 time: 0.3308249
2026-07-02 01:29:03.900 10 INFO neutron.db.ovn_revision_numbers_db [None req-2f030bea-32d8-402a-a906-669debdfdf19 657d54396dd145698aabc27283434471 4d55105c14ae432b92919c20267e0451 - - default default] Successfully bumped revision number for resource 751f1bfa-4309-4f0d-9a7e-70f051d82958 (type: networks) to 1
2026-07-02 01:29:04.021 9 INFO neutron.wsgi [None req-ba647828-2d3b-476a-8e72-1d6373a17a27 657d54396dd145698aabc27283434471 4d55105c14ae432b92919c20267e0451 - - default default] 10.0.0.113 "DELETE /v2.0/security-groups/1de82c41-7f16-43a1-8d03-5311f4e2b5f8 HTTP/1.1" status: 204 len: 168 time: 0.2259605
2026-07-02 01:29:04.100 10 WARNING neutron.scheduler.dhcp_agent_scheduler [None req-2f030bea-32d8-402a-a906-669debdfdf19 657d54396dd145698aabc27283434471 4d55105c14ae432b92919c20267e0451 - - default default] No more DHCP agents
2026-07-02 01:29:04.103 10 WARNING neutron.api.rpc.agentnotifiers.dhcp_rpc_agent_api [None req-2f030bea-32d8-402a-a906-669debdfdf19 657d54396dd145698aabc27283434471 4d55105c14ae432b92919c20267e0451 - - default default] Unable to schedule network 751f1bfa-4309-4f0d-9a7e-70f051d82958: no agents available; will retry on subsequent port and subnet creation events.
2026-07-02 01:29:04.173 10 INFO neutron.db.ovn_revision_numbers_db [None req-2f030bea-32d8-402a-a906-669debdfdf19 657d54396dd145698aabc27283434471 4d55105c14ae432b92919c20267e0451 - - default default] Successfully bumped revision number for resource 8cc647f2-8cf4-4f48-b3e8-ae694c235479 (type: ports) to 1
2026-07-02 01:29:04.195 10 INFO neutron.wsgi [None req-2f030bea-32d8-402a-a906-669debdfdf19 657d54396dd145698aabc27283434471 4d55105c14ae432b92919c20267e0451 - - default default] 10.0.0.113 "POST /v2.0/networks HTTP/1.1" status: 201 len: 946 time: 0.8240697
2026-07-02 01:29:04.332 10 WARNING neutron.scheduler.dhcp_agent_scheduler [None req-30244e5b-5996-4cd7-bdf8-ee703dc76d87 657d54396dd145698aabc27283434471 4d55105c14ae432b92919c20267e0451 - - default default] No more DHCP agents
2026-07-02 01:29:04.338 10 WARNING neutron.api.rpc.agentnotifiers.dhcp_rpc_agent_api [None req-30244e5b-5996-4cd7-bdf8-ee703dc76d87 657d54396dd145698aabc27283434471 4d55105c14ae432b92919c20267e0451 - - default default] Unable to schedule network 751f1bfa-4309-4f0d-9a7e-70f051d82958: no agents available; will retry on subsequent port and subnet creation events.
2026-07-02 01:29:04.789 10 INFO neutron.db.ovn_revision_numbers_db [None req-30244e5b-5996-4cd7-bdf8-ee703dc76d87 657d54396dd145698aabc27283434471 4d55105c14ae432b92919c20267e0451 - - default default] Successfully bumped revision number for resource 8cc647f2-8cf4-4f48-b3e8-ae694c235479 (type: ports) to 2
2026-07-02 01:29:04.822 10 INFO neutron.db.ovn_revision_numbers_db [None req-30244e5b-5996-4cd7-bdf8-ee703dc76d87 657d54396dd145698aabc27283434471 4d55105c14ae432b92919c20267e0451 - - default default] Successfully bumped revision number for resource 38038a0c-c5de-4e58-9e24-f451fa6f0c86 (type: subnets) to 0
2026-07-02 01:29:04.836 10 INFO neutron.wsgi [None req-30244e5b-5996-4cd7-bdf8-ee703dc76d87 657d54396dd145698aabc27283434471 4d55105c14ae432b92919c20267e0451 - - default default] 10.0.0.113 "POST /v2.0/subnets HTTP/1.1" status: 201 len: 866 time: 0.6370573
2026-07-02 01:29:05.527 10 WARNING neutron.scheduler.dhcp_agent_scheduler [None req-d72df23e-2004-4855-96d6-f8c65f51d7b4 657d54396dd145698aabc27283434471 4d55105c14ae432b92919c20267e0451 - - default default] No more DHCP agents
2026-07-02 01:29:05.530 10 WARNING neutron.api.rpc.agentnotifiers.dhcp_rpc_agent_api [None req-d72df23e-2004-4855-96d6-f8c65f51d7b4 657d54396dd145698aabc27283434471 4d55105c14ae432b92919c20267e0451 - - default default] Unable to schedule network 514028c5-2850-4a36-8421-9784637ba82f: no agents available; will retry on subsequent port and subnet creation events.
2026-07-02 01:29:05.664 10 INFO neutron.db.ovn_revision_numbers_db [None req-d72df23e-2004-4855-96d6-f8c65f51d7b4 657d54396dd145698aabc27283434471 4d55105c14ae432b92919c20267e0451 - - default default] Successfully bumped revision number for resource 986438ee-1e42-4e09-ae91-ae63c755c333 (type: ports) to 1
2026-07-02 01:29:05.798 9 WARNING neutron_lib.context [None req-ae2222a9-99a4-4cc2-8fb9-745301fab3f5 5064746669aa4d4f81c237ab875de12e 6855649024274883b0ac0cc711abba10 - - default default] Method 'is_advsvc' is deprecated since 2023.2 release (neutron-lib 3.8.0) and will be removed once support for the old RBAC API policies will be removed from Neutron. Please use method 'is_service_role' instead.
2026-07-02 01:29:05.799 9 WARNING neutron_lib.context [None req-ae2222a9-99a4-4cc2-8fb9-745301fab3f5 5064746669aa4d4f81c237ab875de12e 6855649024274883b0ac0cc711abba10 - - default default] Method 'is_advsvc' is deprecated since 2023.2 release (neutron-lib 3.8.0) and will be removed once support for the old RBAC API policies will be removed from Neutron. Please use method 'is_service_role' instead.
2026-07-02 01:29:05.952 9 INFO neutron.db.ovn_revision_numbers_db [None req-ae2222a9-99a4-4cc2-8fb9-745301fab3f5 5064746669aa4d4f81c237ab875de12e 6855649024274883b0ac0cc711abba10 - - default default] Successfully bumped revision number for resource f34e8708-2c37-4f2e-a40e-d7527786064f (type: security_groups) to 1
2026-07-02 01:29:05.976 9 INFO neutron.db.ovn_revision_numbers_db [None req-ae2222a9-99a4-4cc2-8fb9-745301fab3f5 5064746669aa4d4f81c237ab875de12e 6855649024274883b0ac0cc711abba10 - - default default] Successfully bumped revision number for resource 37b4d780-1b3d-4b08-90f5-76bea309fa17 (type: security_group_rules) to 0
2026-07-02 01:29:05.991 9 INFO neutron.db.ovn_revision_numbers_db [None req-ae2222a9-99a4-4cc2-8fb9-745301fab3f5 5064746669aa4d4f81c237ab875de12e 6855649024274883b0ac0cc711abba10 - - default default] Successfully bumped revision number for resource 5355c6f1-97a5-44f0-ae4e-1584370456e9 (type: security_group_rules) to 0
2026-07-02 01:29:06.011 9 INFO neutron.db.ovn_revision_numbers_db [None req-ae2222a9-99a4-4cc2-8fb9-745301fab3f5 5064746669aa4d4f81c237ab875de12e 6855649024274883b0ac0cc711abba10 - - default default] Successfully bumped revision number for resource 83708467-aabe-4484-a7ed-082de75fc354 (type: security_group_rules) to 0
2026-07-02 01:29:06.027 9 INFO neutron.db.ovn_revision_numbers_db [None req-ae2222a9-99a4-4cc2-8fb9-745301fab3f5 5064746669aa4d4f81c237ab875de12e 6855649024274883b0ac0cc711abba10 - - default default] Successfully bumped revision number for resource fc398f60-2b6c-4e77-9997-fcc57dceca85 (type: security_group_rules) to 0
2026-07-02 01:29:06.109 9 INFO neutron.db.segments_db [None req-ae2222a9-99a4-4cc2-8fb9-745301fab3f5 5064746669aa4d4f81c237ab875de12e 6855649024274883b0ac0cc711abba10 - - default default] Added segment ba8deb52-6cbd-456c-a8ca-faf93122f111 of type geneve for network b6f6f46e-9e74-4865-8897-5ba5fc580ea8
2026-07-02 01:29:06.222 9 INFO neutron.db.segments_db [None req-ae2222a9-99a4-4cc2-8fb9-745301fab3f5 5064746669aa4d4f81c237ab875de12e 6855649024274883b0ac0cc711abba10 - - default default] Added segment deb63206-56cb-4c5b-8ffc-e9e80be60640 of type geneve for network c9095890-ec81-4fb4-b61c-1177fd65b9d0
2026-07-02 01:29:06.345 10 INFO neutron.plugins.ml2.drivers.ovn.mech_driver.ovsdb.commands [None req-1318c413-9e25-4ab4-a7ce-bba4004843f0 - - - - - -] Schedule LRP lrp-986438ee-1e42-4e09-ae91-ae63c755c333 on gateway 38a806e2-f822-4121-bdbd-5ac3ee37f34a with priority 1
2026-07-02 01:29:06.352 10 INFO neutron.plugins.ml2.drivers.ovn.mech_driver.mech_driver [None req-7d81014b-6cd9-48b4-9576-ba2cbd78b993 - - - - - -] OVN reports status up for port: 986438ee-1e42-4e09-ae91-ae63c755c333
2026-07-02 01:29:06.372 10 INFO neutron.plugins.ml2.plugin [None req-7d81014b-6cd9-48b4-9576-ba2cbd78b993 - - - - - -] Attempt 1 to provision port 986438ee-1e42-4e09-ae91-ae63c755c333
2026-07-02 01:29:06.379 9 INFO neutron.plugins.ml2.drivers.ovn.mech_driver.ovsdb.ovsdb_monitor [None req-0d55c961-68a1-414e-8592-4fbd65f37b85 - - - - - -] Router 6392c4e8-3db9-4187-b093-4e0ced4e2b76 is bound to host instance
2026-07-02 01:29:06.413 9 INFO neutron.db.ovn_revision_numbers_db [None req-ae2222a9-99a4-4cc2-8fb9-745301fab3f5 5064746669aa4d4f81c237ab875de12e 6855649024274883b0ac0cc711abba10 - - default default] Successfully bumped revision number for resource b6f6f46e-9e74-4865-8897-5ba5fc580ea8 (type: networks) to 1
2026-07-02 01:29:06.415 10 INFO neutron.db.ovn_revision_numbers_db [None req-d72df23e-2004-4855-96d6-f8c65f51d7b4 657d54396dd145698aabc27283434471 4d55105c14ae432b92919c20267e0451 - - default default] Successfully bumped revision number for resource 986438ee-1e42-4e09-ae91-ae63c755c333 (type: router_ports) to 1
2026-07-02 01:29:06.500 10 INFO neutron.db.ovn_revision_numbers_db [None req-d72df23e-2004-4855-96d6-f8c65f51d7b4 657d54396dd145698aabc27283434471 4d55105c14ae432b92919c20267e0451 - - default default] Successfully bumped revision number for resource 6392c4e8-3db9-4187-b093-4e0ced4e2b76 (type: routers) to 2
2026-07-02 01:29:06.519 10 INFO neutron.wsgi [None req-d72df23e-2004-4855-96d6-f8c65f51d7b4 657d54396dd145698aabc27283434471 4d55105c14ae432b92919c20267e0451 - - default default] 10.0.0.113 "POST /v2.0/routers HTTP/1.1" status: 201 len: 1168 time: 1.6775172
2026-07-02 01:29:06.662 9 WARNING neutron.scheduler.dhcp_agent_scheduler [None req-ae2222a9-99a4-4cc2-8fb9-745301fab3f5 5064746669aa4d4f81c237ab875de12e 6855649024274883b0ac0cc711abba10 - - default default] No more DHCP agents
2026-07-02 01:29:06.668 9 WARNING neutron.api.rpc.agentnotifiers.dhcp_rpc_agent_api [None req-ae2222a9-99a4-4cc2-8fb9-745301fab3f5 5064746669aa4d4f81c237ab875de12e 6855649024274883b0ac0cc711abba10 - - default default] Unable to schedule network b6f6f46e-9e74-4865-8897-5ba5fc580ea8: no agents available; will retry on subsequent port and subnet creation events.
2026-07-02 01:29:06.782 9 INFO neutron.db.ovn_revision_numbers_db [None req-ae2222a9-99a4-4cc2-8fb9-745301fab3f5 5064746669aa4d4f81c237ab875de12e 6855649024274883b0ac0cc711abba10 - - default default] Successfully bumped revision number for resource 95273986-27d8-466d-bfaa-76feb3b091a0 (type: ports) to 1
2026-07-02 01:29:06.845 10 INFO neutron.db.ovn_revision_numbers_db [None req-26dddeb4-262d-433e-9f8d-2c377ea939d7 657d54396dd145698aabc27283434471 4d55105c14ae432b92919c20267e0451 - - default default] Successfully bumped revision number for resource 55fd0a4b-9d4a-4501-b5c3-6f31cd58d702 (type: security_groups) to 1
2026-07-02 01:29:06.874 10 INFO neutron.db.ovn_revision_numbers_db [None req-26dddeb4-262d-433e-9f8d-2c377ea939d7 657d54396dd145698aabc27283434471 4d55105c14ae432b92919c20267e0451 - - default default] Successfully bumped revision number for resource 2e4b5e4d-b6e1-4dad-bc9e-fb726452ce60 (type: security_group_rules) to 0
2026-07-02 01:29:06.900 10 INFO neutron.wsgi [req-55e65948-710b-4937-ae26-ccae05aa935f req-dbe79e09-a778-4eae-9ab0-e288a7557441 26943602047142068c7655ea6b2d92b6 be0ac863839d43f78c29a950309230c1 - - default default] 10.0.0.227 "GET /v2.0/ports?device_id=295c428c-a1e1-4629-9a4e-3fc441c10011 HTTP/1.1" status: 200 len: 1170 time: 0.1262715
2026-07-02 01:29:06.904 9 INFO neutron.db.ovn_revision_numbers_db [None req-ae2222a9-99a4-4cc2-8fb9-745301fab3f5 5064746669aa4d4f81c237ab875de12e 6855649024274883b0ac0cc711abba10 - - default default] Successfully bumped revision number for resource c9095890-ec81-4fb4-b61c-1177fd65b9d0 (type: networks) to 1
2026-07-02 01:29:06.907 10 INFO neutron.db.ovn_revision_numbers_db [None req-26dddeb4-262d-433e-9f8d-2c377ea939d7 657d54396dd145698aabc27283434471 4d55105c14ae432b92919c20267e0451 - - default default] Successfully bumped revision number for resource 67b08242-a8f2-4b81-8823-b69e0025b3f9 (type: security_group_rules) to 0
2026-07-02 01:29:06.936 10 INFO neutron.db.ovn_revision_numbers_db [None req-26dddeb4-262d-433e-9f8d-2c377ea939d7 657d54396dd145698aabc27283434471 4d55105c14ae432b92919c20267e0451 - - default default] Successfully bumped revision number for resource 72316cd6-d63f-473e-8e06-264de93bb514 (type: security_group_rules) to 0
2026-07-02 01:29:06.966 10 INFO neutron.db.ovn_revision_numbers_db [None req-26dddeb4-262d-433e-9f8d-2c377ea939d7 657d54396dd145698aabc27283434471 4d55105c14ae432b92919c20267e0451 - - default default] Successfully bumped revision number for resource b185f878-36ee-4ccd-a222-36c1a9a4c44f (type: security_group_rules) to 0
2026-07-02 01:29:06.983 10 INFO neutron.wsgi [None req-26dddeb4-262d-433e-9f8d-2c377ea939d7 657d54396dd145698aabc27283434471 4d55105c14ae432b92919c20267e0451 - - default default] 10.0.0.113 "GET /v2.0/security-groups?tenant_id=78aa805abcef44fead2943e3e6e0e8c8&name=default HTTP/1.1" status: 200 len: 3120 time: 0.4314377
2026-07-02 01:29:07.073 10 INFO neutron.wsgi [req-25461457-e875-47b6-bfa6-dbe5f74e1ead req-779c1c9a-bf30-4192-aed1-624f7b2140b2 26943602047142068c7655ea6b2d92b6 be0ac863839d43f78c29a950309230c1 - - default default] 10.0.0.227 "GET /v2.0/ports/d0bf40c9-c573-4f76-a059-8621cf815aee HTTP/1.1" status: 200 len: 1167 time: 0.0867023
2026-07-02 01:29:07.147 9 WARNING neutron.scheduler.dhcp_agent_scheduler [None req-ae2222a9-99a4-4cc2-8fb9-745301fab3f5 5064746669aa4d4f81c237ab875de12e 6855649024274883b0ac0cc711abba10 - - default default] No more DHCP agents
2026-07-02 01:29:07.148 9 WARNING neutron.api.rpc.agentnotifiers.dhcp_rpc_agent_api [None req-ae2222a9-99a4-4cc2-8fb9-745301fab3f5 5064746669aa4d4f81c237ab875de12e 6855649024274883b0ac0cc711abba10 - - default default] Unable to schedule network c9095890-ec81-4fb4-b61c-1177fd65b9d0: no agents available; will retry on subsequent port and subnet creation events.
2026-07-02 01:29:07.317 9 INFO neutron.wsgi [req-1ff0cb32-8eb4-43ec-a1d7-223b052f5e60 req-29eae9d1-605a-454a-9a74-f3b779a4b32e 26943602047142068c7655ea6b2d92b6 be0ac863839d43f78c29a950309230c1 - - default default] 199.204.45.227 "GET /v2.0/subnets?network_id=bdad0543-02f9-4259-86f7-e021111a38c0 HTTP/1.1" status: 200 len: 859 time: 0.0975730
2026-07-02 01:29:07.322 9 INFO neutron.db.ovn_revision_numbers_db [None req-ae2222a9-99a4-4cc2-8fb9-745301fab3f5 5064746669aa4d4f81c237ab875de12e 6855649024274883b0ac0cc711abba10 - - default default] Successfully bumped revision number for resource f205cd24-6125-4e98-83c7-e2dc43c9ed7b (type: ports) to 1
2026-07-02 01:29:07.392 10 WARNING neutron.scheduler.dhcp_agent_scheduler [None req-03e422e1-f099-49f8-9a01-d68364bbc09f 657d54396dd145698aabc27283434471 4d55105c14ae432b92919c20267e0451 - - default default] No more DHCP agents
2026-07-02 01:29:07.395 10 WARNING neutron.api.rpc.agentnotifiers.dhcp_rpc_agent_api [None req-03e422e1-f099-49f8-9a01-d68364bbc09f 657d54396dd145698aabc27283434471 4d55105c14ae432b92919c20267e0451 - - default default] Unable to schedule network 751f1bfa-4309-4f0d-9a7e-70f051d82958: no agents available; will retry on subsequent port and subnet creation events.
2026-07-02 01:29:07.531 10 INFO neutron.db.ovn_revision_numbers_db [None req-03e422e1-f099-49f8-9a01-d68364bbc09f 657d54396dd145698aabc27283434471 4d55105c14ae432b92919c20267e0451 - - default default] Successfully bumped revision number for resource b6b853d1-c56b-40ac-b386-558a3c062893 (type: ports) to 1
2026-07-02 01:29:07.536 10 INFO neutron.wsgi [None req-9e5385f2-8f9a-4dad-b831-0a6a9485d636 657d54396dd145698aabc27283434471 4d55105c14ae432b92919c20267e0451 - - default default] 10.0.0.113 "DELETE /v2.0/security-groups/55fd0a4b-9d4a-4501-b5c3-6f31cd58d702 HTTP/1.1" status: 204 len: 168 time: 0.5378625
2026-07-02 01:29:07.577 9 INFO neutron.wsgi [None req-ae2222a9-99a4-4cc2-8fb9-745301fab3f5 5064746669aa4d4f81c237ab875de12e 6855649024274883b0ac0cc711abba10 - - default default] 10.0.0.113 "POST /v2.0/networks HTTP/1.1" status: 201 len: 1446 time: 1.8889987
2026-07-02 01:29:07.701 9 INFO neutron.wsgi [req-1ff0cb32-8eb4-43ec-a1d7-223b052f5e60 req-d2362142-60a6-4daf-ad07-24a57e93b8e2 26943602047142068c7655ea6b2d92b6 be0ac863839d43f78c29a950309230c1 - - default default] 199.204.45.227 "GET /v2.0/ports?device_id=295c428c-a1e1-4629-9a4e-3fc441c10011&device_owner=compute%3Anova&network_id=bdad0543-02f9-4259-86f7-e021111a38c0 HTTP/1.1" status: 200 len: 1170 time: 0.3808656
2026-07-02 01:29:07.713 9 INFO neutron.wsgi [None req-e14f4b26-15eb-4d6a-a834-f1118e077aa7 5064746669aa4d4f81c237ab875de12e 6855649024274883b0ac0cc711abba10 - - default default] 10.0.0.113 "GET /v2.0/networks HTTP/1.1" status: 200 len: 2052 time: 0.1294756
2026-07-02 01:29:07.720 9 INFO neutron.db.ovn_revision_numbers_db [None req-0d55c961-68a1-414e-8592-4fbd65f37b85 - - - - - -] Successfully bumped revision number for resource 986438ee-1e42-4e09-ae91-ae63c755c333 (type: ports) to 1
2026-07-02 01:29:07.798 10 INFO neutron.db.ovn_revision_numbers_db [None req-8a0b5d0a-c5db-42c2-a336-76125c41d7e6 657d54396dd145698aabc27283434471 4d55105c14ae432b92919c20267e0451 - - default default] Successfully bumped revision number for resource c3578030-bb25-4c5d-a4d8-24db331789ad (type: security_groups) to 1
2026-07-02 01:29:07.815 10 INFO neutron.db.ovn_revision_numbers_db [None req-8a0b5d0a-c5db-42c2-a336-76125c41d7e6 657d54396dd145698aabc27283434471 4d55105c14ae432b92919c20267e0451 - - default default] Successfully bumped revision number for resource 2188b6f7-ff09-43f2-b2b2-46b487515c5b (type: security_group_rules) to 0
2026-07-02 01:29:07.841 10 INFO neutron.db.ovn_revision_numbers_db [None req-8a0b5d0a-c5db-42c2-a336-76125c41d7e6 657d54396dd145698aabc27283434471 4d55105c14ae432b92919c20267e0451 - - default default] Successfully bumped revision number for resource 836ad9d8-25b0-46bf-be07-426238215925 (type: security_group_rules) to 0
2026-07-02 01:29:07.858 10 INFO neutron.db.ovn_revision_numbers_db [None req-8a0b5d0a-c5db-42c2-a336-76125c41d7e6 657d54396dd145698aabc27283434471 4d55105c14ae432b92919c20267e0451 - - default default] Successfully bumped revision number for resource 86be6fc8-7b7e-4b3b-9926-35f3585cba25 (type: security_group_rules) to 0
2026-07-02 01:29:07.883 10 INFO neutron.db.ovn_revision_numbers_db [None req-8a0b5d0a-c5db-42c2-a336-76125c41d7e6 657d54396dd145698aabc27283434471 4d55105c14ae432b92919c20267e0451 - - default default] Successfully bumped revision number for resource f464e031-b8ca-493d-ab65-c019f015eaa4 (type: security_group_rules) to 0
2026-07-02 01:29:07.928 10 INFO neutron.wsgi [None req-8a0b5d0a-c5db-42c2-a336-76125c41d7e6 657d54396dd145698aabc27283434471 4d55105c14ae432b92919c20267e0451 - - default default] 10.0.0.113 "GET /v2.0/security-groups?tenant_id=08b71e1e7bb844a698372f82f3e9f581&name=default HTTP/1.1" status: 200 len: 3120 time: 0.3031023
2026-07-02 01:29:08.123 10 ERROR ovsdbapp.backend.ovs_idl.command [None req-03e422e1-f099-49f8-9a01-d68364bbc09f 657d54396dd145698aabc27283434471 4d55105c14ae432b92919c20267e0451 - - default default] Error executing command (DbGetCommand): ovsdbapp.backend.ovs_idl.idlutils.RowNotFound: Cannot find Logical_Router_Port with name=lrp-b6b853d1-c56b-40ac-b386-558a3c062893
2026-07-02 01:29:08.123 10 ERROR ovsdbapp.backend.ovs_idl.command
Traceback (most recent call last):
2026-07-02 01:29:08.123 10 ERROR ovsdbapp.backend.ovs_idl.command
File "/var/lib/openstack/lib/python3.10/site-packages/ovsdbapp/backend/ovs_idl/command.py", line 47, in execute
2026-07-02 01:29:08.123 10 ERROR ovsdbapp.backend.ovs_idl.command self.run_idl(None)
2026-07-02 01:29:08.123 10 ERROR ovsdbapp.backend.ovs_idl.command
File "/var/lib/openstack/lib/python3.10/site-packages/ovsdbapp/backend/ovs_idl/command.py", line 235, in run_idl
2026-07-02 01:29:08.123 10 ERROR ovsdbapp.backend.ovs_idl.command record = self.api.lookup(self.table, self.record)
2026-07-02 01:29:08.123 10 ERROR ovsdbapp.backend.ovs_idl.command
File "/var/lib/openstack/lib/python3.10/site-packages/ovsdbapp/backend/ovs_idl/__init__.py", line 184, in lookup
2026-07-02 01:29:08.123 10 ERROR ovsdbapp.backend.ovs_idl.command return self._lookup(table, record)
2026-07-02 01:29:08.123 10 ERROR ovsdbapp.backend.ovs_idl.command
File "/var/lib/openstack/lib/python3.10/site-packages/ovsdbapp/backend/ovs_idl/__init__.py", line 235, in _lookup
2026-07-02 01:29:08.123 10 ERROR ovsdbapp.backend.ovs_idl.command row = idlutils.row_by_value(self, rl.table, rl.column, record)
2026-07-02 01:29:08.123 10 ERROR ovsdbapp.backend.ovs_idl.command
File "/var/lib/openstack/lib/python3.10/site-packages/ovsdbapp/backend/ovs_idl/idlutils.py", line 114, in row_by_value
2026-07-02 01:29:08.123 10 ERROR ovsdbapp.backend.ovs_idl.command raise RowNotFound(table=table, col=column, match=match)
2026-07-02 01:29:08.123 10 ERROR ovsdbapp.backend.ovs_idl.command ovsdbapp.backend.ovs_idl.idlutils.RowNotFound: Cannot find Logical_Router_Port with name=lrp-b6b853d1-c56b-40ac-b386-558a3c062893
2026-07-02 01:29:08.123 10 ERROR ovsdbapp.backend.ovs_idl.command 
2026-07-02 01:29:08.123 10 ERROR neutron_lib.callbacks.manager [None req-03e422e1-f099-49f8-9a01-d68364bbc09f 657d54396dd145698aabc27283434471 4d55105c14ae432b92919c20267e0451 - - default default] Error during notification for neutron.services.ovn_l3.plugin.OVNL3RouterPlugin._port_update-8776781122269 port, after_update: ovsdbapp.backend.ovs_idl.idlutils.RowNotFound: Cannot find Logical_Router_Port with name=lrp-b6b853d1-c56b-40ac-b386-558a3c062893
2026-07-02 01:29:08.123 10 ERROR neutron_lib.callbacks.manager
Traceback (most recent call last):
2026-07-02 01:29:08.123 10 ERROR neutron_lib.callbacks.manager
File "/var/lib/openstack/lib/python3.10/site-packages/neutron_lib/callbacks/manager.py", line 189, in _notify_loop
2026-07-02 01:29:08.123 10 ERROR neutron_lib.callbacks.manager callback.method(resource, event, trigger, payload=payload)
2026-07-02 01:29:08.123 10 ERROR neutron_lib.callbacks.manager
File "/var/lib/openstack/lib/python3.10/site-packages/neutron/services/ovn_l3/plugin.py", line 391, in _port_update
2026-07-02 01:29:08.123 10 ERROR neutron_lib.callbacks.manager l3plugin._ovn_client.update_router_port(context,
2026-07-02 01:29:08.123 10 ERROR neutron_lib.callbacks.manager
File "/var/lib/openstack/lib/python3.10/site-packages/neutron/plugins/ml2/drivers/ovn/mech_driver/ovsdb/ovn_client.py", line 1878, in update_router_port
2026-07-02 01:29:08.123 10 ERROR neutron_lib.callbacks.manager self._update_lrouter_port(context, port, if_exists=if_exists,
2026-07-02 01:29:08.123 10 ERROR neutron_lib.callbacks.manager
File "/var/lib/openstack/lib/python3.10/site-packages/neutron/plugins/ml2/drivers/ovn/mech_driver/ovsdb/ovn_client.py", line 1855, in _update_lrouter_port
2026-07-02 01:29:08.123 10 ERROR neutron_lib.callbacks.manager external_ids = self._nb_idl.db_get(
2026-07-02 01:29:08.123 10 ERROR neutron_lib.callbacks.manager
File "/var/lib/openstack/lib/python3.10/site-packages/ovsdbapp/backend/ovs_idl/command.py", line 47, in execute
2026-07-02 01:29:08.123 10 ERROR neutron_lib.callbacks.manager self.run_idl(None)
2026-07-02 01:29:08.123 10 ERROR neutron_lib.callbacks.manager
File "/var/lib/openstack/lib/python3.10/site-packages/ovsdbapp/backend/ovs_idl/command.py", line 235, in run_idl
2026-07-02 01:29:08.123 10 ERROR neutron_lib.callbacks.manager record = self.api.lookup(self.table, self.record)
2026-07-02 01:29:08.123 10 ERROR neutron_lib.callbacks.manager
File "/var/lib/openstack/lib/python3.10/site-packages/ovsdbapp/backend/ovs_idl/__init__.py", line 184, in lookup
2026-07-02 01:29:08.123 10 ERROR neutron_lib.callbacks.manager return self._lookup(table, record)
2026-07-02 01:29:08.123 10 ERROR neutron_lib.callbacks.manager
File "/var/lib/openstack/lib/python3.10/site-packages/ovsdbapp/backend/ovs_idl/__init__.py", line 235, in _lookup
2026-07-02 01:29:08.123 10 ERROR neutron_lib.callbacks.manager row = idlutils.row_by_value(self, rl.table, rl.column, record)
2026-07-02 01:29:08.123 10 ERROR neutron_lib.callbacks.manager
File "/var/lib/openstack/lib/python3.10/site-packages/ovsdbapp/backend/ovs_idl/idlutils.py", line 114, in row_by_value
2026-07-02 01:29:08.123 10 ERROR neutron_lib.callbacks.manager raise RowNotFound(table=table, col=column, match=match)
2026-07-02 01:29:08.123 10 ERROR neutron_lib.callbacks.manager ovsdbapp.backend.ovs_idl.idlutils.RowNotFound: Cannot find Logical_Router_Port with name=lrp-b6b853d1-c56b-40ac-b386-558a3c062893
2026-07-02 01:29:08.123 10 ERROR neutron_lib.callbacks.manager 
2026-07-02 01:29:08.280 10 INFO neutron.wsgi [None req-575f2eba-35eb-4501-915a-001d92c6c839 657d54396dd145698aabc27283434471 4d55105c14ae432b92919c20267e0451 - - default default] 10.0.0.113 "DELETE /v2.0/security-groups/c3578030-bb25-4c5d-a4d8-24db331789ad HTTP/1.1" status: 204 len: 168 time: 0.3440688
2026-07-02 01:29:08.311 9 INFO neutron.plugins.ml2.drivers.ovn.mech_driver.mech_driver [None req-f7934daa-2dc1-400f-bdb4-e997f356e14e - - - - - -] OVN reports status up for port: b6b853d1-c56b-40ac-b386-558a3c062893
2026-07-02 01:29:08.331 9 INFO neutron.plugins.ml2.plugin [None req-f7934daa-2dc1-400f-bdb4-e997f356e14e - - - - - -] Attempt 1 to provision port b6b853d1-c56b-40ac-b386-558a3c062893
2026-07-02 01:29:08.334 10 INFO neutron.db.ovn_revision_numbers_db [None req-03e422e1-f099-49f8-9a01-d68364bbc09f 657d54396dd145698aabc27283434471 4d55105c14ae432b92919c20267e0451 - - default default] Successfully bumped revision number for resource b6b853d1-c56b-40ac-b386-558a3c062893 (type: ports) to 1
2026-07-02 01:29:08.379 9 INFO neutron.services.segments.plugin [-] Segment ba8deb52-6cbd-456c-a8ca-faf93122f111 resource provider aggregate not found
2026-07-02 01:29:08.385 9 INFO neutron.services.segments.plugin [-] Segment ba8deb52-6cbd-456c-a8ca-faf93122f111 resource provider aggregate not found
2026-07-02 01:29:08.390 10 WARNING neutron.scheduler.dhcp_agent_scheduler [None req-03e422e1-f099-49f8-9a01-d68364bbc09f 657d54396dd145698aabc27283434471 4d55105c14ae432b92919c20267e0451 - - default default] No more DHCP agents
2026-07-02 01:29:08.391 10 WARNING neutron.api.rpc.agentnotifiers.dhcp_rpc_agent_api [None req-03e422e1-f099-49f8-9a01-d68364bbc09f 657d54396dd145698aabc27283434471 4d55105c14ae432b92919c20267e0451 - - default default] Unable to schedule network 751f1bfa-4309-4f0d-9a7e-70f051d82958: no agents available; will retry on subsequent port and subnet creation events.
2026-07-02 01:29:08.403 9 INFO neutron.services.segments.plugin [-] Segment ba8deb52-6cbd-456c-a8ca-faf93122f111 resource provider not found; error: Placement Client Error (4xx): {"errors": [{"status": 404, "title": "Not Found", "detail": "The resource could not be found.\n\n No resource provider with uuid ba8deb52-6cbd-456c-a8ca-faf93122f111 found for delete ", "request_id": "req-ab75648d-8daf-4f6c-a253-bf1de24e76d9"}]}
2026-07-02 01:29:08.405 9 INFO neutron.services.segments.plugin [-] Segment ba8deb52-6cbd-456c-a8ca-faf93122f111 resource provider not found; error: Placement Client Error (4xx): {"errors": [{"status": 404, "title": "Not Found", "detail": "The resource could not be found.\n\n No resource provider with uuid ba8deb52-6cbd-456c-a8ca-faf93122f111 found for delete ", "request_id": "req-8a240936-aef8-4692-a43c-f9fdcf64ca2d"}]}
2026-07-02 01:29:08.641 9 INFO neutron.wsgi [None req-4161c6ab-8f2d-40da-963f-17615ffc56db 5064746669aa4d4f81c237ab875de12e 6855649024274883b0ac0cc711abba10 - - default default] 10.0.0.113 "DELETE /v2.0/networks/b6f6f46e-9e74-4865-8897-5ba5fc580ea8 HTTP/1.1" status: 204 len: 168 time: 0.9196882
2026-07-02 01:29:08.683 9 INFO neutron.db.ovn_revision_numbers_db [None req-0d55c961-68a1-414e-8592-4fbd65f37b85 - - - - - -] Successfully bumped revision number for resource 986438ee-1e42-4e09-ae91-ae63c755c333 (type: router_ports) to 3
2026-07-02 01:29:08.793 9 INFO neutron.db.ovn_revision_numbers_db [req-1ff0cb32-8eb4-43ec-a1d7-223b052f5e60 req-45f4d5f2-7a27-42cf-a897-dc0c98c073f3 26943602047142068c7655ea6b2d92b6 be0ac863839d43f78c29a950309230c1 - - default default] Successfully bumped revision number for resource d0bf40c9-c573-4f76-a059-8621cf815aee (type: ports) to 5
2026-07-02 01:29:08.811 9 INFO neutron.wsgi [req-1ff0cb32-8eb4-43ec-a1d7-223b052f5e60 req-45f4d5f2-7a27-42cf-a897-dc0c98c073f3 26943602047142068c7655ea6b2d92b6 be0ac863839d43f78c29a950309230c1 - - default default] 199.204.45.227 "PUT /v2.0/ports/d0bf40c9-c573-4f76-a059-8621cf815aee HTTP/1.1" status: 200 len: 1345 time: 1.1050932 /var/lib/openstack/lib/python3.10/site-packages/pycadf/identifier.py:71: UserWarning: Invalid uuid: neutron. To ensure interoperability, identifiers should be a valid uuid. warnings.warn(('Invalid uuid: %s. To ensure interoperability, '
2026-07-02 01:29:08.858 9 INFO neutron.notifiers.nova [-] Nova event matching ['req-2a6e229c-2b99-4226-a88f-4d3dca32c157'] response: {'name': 'network-changed', 'server_uuid': '295c428c-a1e1-4629-9a4e-3fc441c10011', 'tag': 'd0bf40c9-c573-4f76-a059-8621cf815aee', 'status': 'completed', 'code': 200}
2026-07-02 01:29:08.884 9 INFO neutron.wsgi [req-1ff0cb32-8eb4-43ec-a1d7-223b052f5e60 req-f1dea27d-b3f8-4e50-825c-1f880bdf5f92 0de34a0817624ac88103cd0a8b7efde7 c08a9b9706ca494387a82307446407e4 - - ea86e87f318c4fa7864c2d1f9988028c ea86e87f318c4fa7864c2d1f9988028c] 199.204.45.227 "GET /v2.0/ports?tenant_id=be0ac863839d43f78c29a950309230c1&device_id=295c428c-a1e1-4629-9a4e-3fc441c10011 HTTP/1.1" status: 200 len: 1586 time: 0.0478680
2026-07-02 01:29:08.990 9 INFO neutron.wsgi [req-1ff0cb32-8eb4-43ec-a1d7-223b052f5e60 req-e71c47e0-726e-4e19-9264-aad398279d3c 0de34a0817624ac88103cd0a8b7efde7 c08a9b9706ca494387a82307446407e4 - - ea86e87f318c4fa7864c2d1f9988028c ea86e87f318c4fa7864c2d1f9988028c] 199.204.45.227 "GET /v2.0/networks?id=bdad0543-02f9-4259-86f7-e021111a38c0 HTTP/1.1" status: 200 len: 982 time: 0.0998120
2026-07-02 01:29:09.088 10 INFO neutron.db.ovn_revision_numbers_db [None req-03e422e1-f099-49f8-9a01-d68364bbc09f 657d54396dd145698aabc27283434471 4d55105c14ae432b92919c20267e0451 - - default default] Successfully bumped revision number for resource b6b853d1-c56b-40ac-b386-558a3c062893 (type: router_ports) to 1
2026-07-02 01:29:09.091 9 INFO neutron.wsgi [req-1ff0cb32-8eb4-43ec-a1d7-223b052f5e60 req-4cf24fdf-cb27-4486-816e-94878537bf7b 0de34a0817624ac88103cd0a8b7efde7 c08a9b9706ca494387a82307446407e4 - - ea86e87f318c4fa7864c2d1f9988028c ea86e87f318c4fa7864c2d1f9988028c] 199.204.45.227 "GET /v2.0/floatingips?fixed_ip_address=10.100.0.5&port_id=d0bf40c9-c573-4f76-a059-8621cf815aee HTTP/1.1" status: 200 len: 1059 time: 0.0809319
2026-07-02 01:29:09.094 10 INFO neutron.wsgi [None req-03e422e1-f099-49f8-9a01-d68364bbc09f 657d54396dd145698aabc27283434471 4d55105c14ae432b92919c20267e0451 - - default default] 10.0.0.113 "PUT /v2.0/routers/6392c4e8-3db9-4187-b093-4e0ced4e2b76/add_router_interface HTTP/1.1" status: 200 len: 503 time: 2.5713096
2026-07-02 01:29:09.105 9 INFO neutron.db.ovn_revision_numbers_db [None req-0d55c961-68a1-414e-8592-4fbd65f37b85 - - - - - -] Successfully bumped revision number for resource 986438ee-1e42-4e09-ae91-ae63c755c333 (type: ports) to 2
2026-07-02 01:29:09.121 9 INFO neutron.wsgi [req-1ff0cb32-8eb4-43ec-a1d7-223b052f5e60 req-0b0b34fe-adf1-4b23-a0d2-0e529d901b35 0de34a0817624ac88103cd0a8b7efde7 c08a9b9706ca494387a82307446407e4 - - ea86e87f318c4fa7864c2d1f9988028c ea86e87f318c4fa7864c2d1f9988028c] 199.204.45.227 "GET /v2.0/floatingips?fixed_ip_address=10.100.0.7&port_id=d0bf40c9-c573-4f76-a059-8621cf815aee HTTP/1.1" status: 200 len: 217 time: 0.0256155
2026-07-02 01:29:09.182 9 INFO neutron.wsgi [req-1ff0cb32-8eb4-43ec-a1d7-223b052f5e60 req-abf99cd8-185b-4493-80d1-0366bc120e5a 0de34a0817624ac88103cd0a8b7efde7 c08a9b9706ca494387a82307446407e4 - - ea86e87f318c4fa7864c2d1f9988028c ea86e87f318c4fa7864c2d1f9988028c] 199.204.45.227 "GET /v2.0/subnets?id=3b40a8a2-c743-418b-8f89-92881aa18791 HTTP/1.1" status: 200 len: 877 time: 0.0570416
2026-07-02 01:29:09.198 10 INFO neutron.wsgi [-] 10.0.0.47 "GET / HTTP/1.1" status: 200 len: 246 time: 0.0012996
2026-07-02 01:29:09.199 10 INFO neutron.wsgi [-] 10.0.0.47 "GET / HTTP/1.1" status: 200 len: 246 time: 0.0008419
2026-07-02 01:29:09.220 9 INFO neutron.wsgi [req-1ff0cb32-8eb4-43ec-a1d7-223b052f5e60 req-0f6518a3-2273-4cb4-91bb-a5c486c3ec0b 0de34a0817624ac88103cd0a8b7efde7 c08a9b9706ca494387a82307446407e4 - - ea86e87f318c4fa7864c2d1f9988028c ea86e87f318c4fa7864c2d1f9988028c] 199.204.45.227 "GET /v2.0/ports?network_id=bdad0543-02f9-4259-86f7-e021111a38c0&device_owner=network%3Adhcp HTTP/1.1" status: 200 len: 210 time: 0.0270932
2026-07-02 01:29:09.255 10 INFO neutron.wsgi [None req-f4498463-0131-4f06-8b37-4e7321a7bcb6 5064746669aa4d4f81c237ab875de12e 6855649024274883b0ac0cc711abba10 - - default default] 10.0.0.113 "DELETE /v2.0/networks/c9095890-ec81-4fb4-b61c-1177fd65b9d0 HTTP/1.1" status: 204 len: 168 time: 0.6066933
2026-07-02 01:29:09.302 9 INFO neutron.db.ovn_revision_numbers_db [None req-f7934daa-2dc1-400f-bdb4-e997f356e14e - - - - - -] Successfully bumped revision number for resource b6b853d1-c56b-40ac-b386-558a3c062893 (type: ports) to 2
2026-07-02 01:29:09.331 9 INFO neutron.wsgi [req-1ff0cb32-8eb4-43ec-a1d7-223b052f5e60 req-7eed0281-f5e2-40cd-8ea9-99e251cbaf72 0de34a0817624ac88103cd0a8b7efde7 c08a9b9706ca494387a82307446407e4 - - ea86e87f318c4fa7864c2d1f9988028c ea86e87f318c4fa7864c2d1f9988028c] 199.204.45.227 "GET /v2.0/networks/bdad0543-02f9-4259-86f7-e021111a38c0?fields=segments HTTP/1.1" status: 200 len: 212 time: 0.1010013
2026-07-02 01:29:09.347 10 INFO neutron.wsgi [None req-34abee30-fbdf-49ac-ba53-c317135a6d51 5064746669aa4d4f81c237ab875de12e 6855649024274883b0ac0cc711abba10 - - default default] 10.0.0.113 "GET /v2.0/networks HTTP/1.1" status: 200 len: 845 time: 0.0848434
2026-07-02 01:29:09.359 10 WARNING neutron_lib.context [None req-2a7e7358-19ba-47af-89b0-bde76873e397 5064746669aa4d4f81c237ab875de12e 6855649024274883b0ac0cc711abba10 - - default default] Method 'is_advsvc' is deprecated since 2023.2 release (neutron-lib 3.8.0) and will be removed once support for the old RBAC API policies will be removed from Neutron. Please use method 'is_service_role' instead.
2026-07-02 01:29:09.437 10 INFO neutron.db.segments_db [None req-2a7e7358-19ba-47af-89b0-bde76873e397 5064746669aa4d4f81c237ab875de12e 6855649024274883b0ac0cc711abba10 - - default default] Added segment da8fe114-d08b-4094-aaa6-352c6d573c65 of type geneve for network 1c09402b-b8d7-4213-a9a3-fa19b7df6da3
2026-07-02 01:29:09.453 9 INFO neutron.wsgi [req-1ff0cb32-8eb4-43ec-a1d7-223b052f5e60 req-71adfbd4-fe50-487c-b4b1-62c09d766731 0de34a0817624ac88103cd0a8b7efde7 c08a9b9706ca494387a82307446407e4 - - ea86e87f318c4fa7864c2d1f9988028c ea86e87f318c4fa7864c2d1f9988028c] 199.204.45.227 "GET /v2.0/networks/bdad0543-02f9-4259-86f7-e021111a38c0?fields=provider%3Aphysical_network&fields=provider%3Anetwork_type HTTP/1.1" status: 200 len: 277 time: 0.1145766
2026-07-02 01:29:09.519 9 INFO neutron.db.ovn_revision_numbers_db [None req-f7934daa-2dc1-400f-bdb4-e997f356e14e - - - - - -] Successfully bumped revision number for resource b6b853d1-c56b-40ac-b386-558a3c062893 (type: router_ports) to 2
2026-07-02 01:29:09.576 10 INFO neutron.db.ovn_revision_numbers_db [None req-2a7e7358-19ba-47af-89b0-bde76873e397 5064746669aa4d4f81c237ab875de12e 6855649024274883b0ac0cc711abba10 - - default default] Successfully bumped revision number for resource 1c09402b-b8d7-4213-a9a3-fa19b7df6da3 (type: networks) to 1
2026-07-02 01:29:09.582 9 INFO neutron.wsgi [req-0fc4cef3-b8ec-4499-a8a8-35a9e7ed3563 req-86e17f13-75f8-4652-958b-2076b3daa4cd 0de34a0817624ac88103cd0a8b7efde7 c08a9b9706ca494387a82307446407e4 - - ea86e87f318c4fa7864c2d1f9988028c ea86e87f318c4fa7864c2d1f9988028c] 199.204.45.227 "GET /v2.0/ports?tenant_id=be0ac863839d43f78c29a950309230c1&device_id=295c428c-a1e1-4629-9a4e-3fc441c10011 HTTP/1.1" status: 200 len: 1586 time: 0.0471127
2026-07-02 01:29:09.743 10 WARNING neutron_lib.context [None req-9b5d8dd0-6924-4bda-b46d-86bd7410f0f2 09c774863dfe48c0a2230fe9388b4101 5f93ba9dd2794d20970e91fe31974827 - - default default] Method 'is_advsvc' is deprecated since 2023.2 release (neutron-lib 3.8.0) and will be removed once support for the old RBAC API policies will be removed from Neutron. Please use method 'is_service_role' instead.
2026-07-02 01:29:09.844 9 INFO neutron.wsgi [req-0fc4cef3-b8ec-4499-a8a8-35a9e7ed3563 req-86cbcc7e-75fc-4e2f-8ae2-159617eaa251 0de34a0817624ac88103cd0a8b7efde7 c08a9b9706ca494387a82307446407e4 - - ea86e87f318c4fa7864c2d1f9988028c ea86e87f318c4fa7864c2d1f9988028c] 199.204.45.227 "GET /v2.0/networks?id=bdad0543-02f9-4259-86f7-e021111a38c0 HTTP/1.1" status: 200 len: 982 time: 0.2535212
2026-07-02 01:29:09.911 9 INFO neutron.wsgi [req-0fc4cef3-b8ec-4499-a8a8-35a9e7ed3563 req-d43a286f-9c8c-4145-af78-65974f858a7b 0de34a0817624ac88103cd0a8b7efde7 c08a9b9706ca494387a82307446407e4 - - ea86e87f318c4fa7864c2d1f9988028c ea86e87f318c4fa7864c2d1f9988028c] 199.204.45.227 "GET /v2.0/floatingips?fixed_ip_address=10.100.0.5&port_id=d0bf40c9-c573-4f76-a059-8621cf815aee HTTP/1.1" status: 200 len: 1059 time: 0.0611846
2026-07-02 01:29:09.918 10 INFO neutron.services.segments.plugin [-] Segment deb63206-56cb-4c5b-8ffc-e9e80be60640 resource provider aggregate not found
2026-07-02 01:29:09.936 10 INFO neutron.services.segments.plugin [-] Segment deb63206-56cb-4c5b-8ffc-e9e80be60640 resource provider aggregate not found
2026-07-02 01:29:09.958 9 INFO neutron.wsgi [req-0fc4cef3-b8ec-4499-a8a8-35a9e7ed3563 req-f7e8b44f-a73a-428e-a82b-de3a26ff7025 0de34a0817624ac88103cd0a8b7efde7 c08a9b9706ca494387a82307446407e4 - - ea86e87f318c4fa7864c2d1f9988028c ea86e87f318c4fa7864c2d1f9988028c] 199.204.45.227 "GET /v2.0/floatingips?fixed_ip_address=10.100.0.7&port_id=d0bf40c9-c573-4f76-a059-8621cf815aee HTTP/1.1" status: 200 len: 217 time: 0.0370708
2026-07-02 01:29:09.961 9 INFO neutron.db.ovn_revision_numbers_db [None req-0d55c961-68a1-414e-8592-4fbd65f37b85 - - - - - -] Successfully bumped revision number for resource 986438ee-1e42-4e09-ae91-ae63c755c333 (type: ports) to 4
2026-07-02 01:29:09.961 10 INFO neutron.services.segments.plugin [-] Segment deb63206-56cb-4c5b-8ffc-e9e80be60640 resource provider not found; error: Placement Client Error (4xx): {"errors": [{"status": 404, "title": "Not Found", "detail": "The resource could not be found.\n\n No resource provider with uuid deb63206-56cb-4c5b-8ffc-e9e80be60640 found for delete ", "request_id": "req-a0b2e20e-5eab-44a9-baeb-698945e145ea"}]}
2026-07-02 01:29:09.965 10 INFO neutron.services.segments.plugin [-] Segment deb63206-56cb-4c5b-8ffc-e9e80be60640 resource provider not found; error: Placement Client Error (4xx): {"errors": [{"status": 404, "title": "Not Found", "detail": "The resource could not be found.\n\n No resource provider with uuid deb63206-56cb-4c5b-8ffc-e9e80be60640 found for delete ", "request_id": "req-65de3327-e861-48a9-923f-48629eca673b"}]}
2026-07-02 01:29:10.004 10 WARNING neutron.scheduler.dhcp_agent_scheduler [None req-2a7e7358-19ba-47af-89b0-bde76873e397 5064746669aa4d4f81c237ab875de12e 6855649024274883b0ac0cc711abba10 - - default default] No more DHCP agents
2026-07-02 01:29:10.007 10 WARNING neutron.api.rpc.agentnotifiers.dhcp_rpc_agent_api [None req-2a7e7358-19ba-47af-89b0-bde76873e397 5064746669aa4d4f81c237ab875de12e 6855649024274883b0ac0cc711abba10 - - default default] Unable to schedule network 1c09402b-b8d7-4213-a9a3-fa19b7df6da3: no agents available; will retry on subsequent port and subnet creation events.
2026-07-02 01:29:10.033 9 INFO neutron.wsgi [req-0fc4cef3-b8ec-4499-a8a8-35a9e7ed3563 req-91bca855-2bf4-4fd5-a34b-4d3dcdc8e6de 0de34a0817624ac88103cd0a8b7efde7 c08a9b9706ca494387a82307446407e4 - - ea86e87f318c4fa7864c2d1f9988028c ea86e87f318c4fa7864c2d1f9988028c] 199.204.45.227 "GET /v2.0/subnets?id=3b40a8a2-c743-418b-8f89-92881aa18791 HTTP/1.1" status: 200 len: 877 time: 0.0675707
2026-07-02 01:29:10.088 9 INFO neutron.wsgi [req-0fc4cef3-b8ec-4499-a8a8-35a9e7ed3563 req-4d8d2a40-8375-48aa-abc6-864a505af302 0de34a0817624ac88103cd0a8b7efde7 c08a9b9706ca494387a82307446407e4 - - ea86e87f318c4fa7864c2d1f9988028c ea86e87f318c4fa7864c2d1f9988028c] 199.204.45.227 "GET /v2.0/ports?network_id=bdad0543-02f9-4259-86f7-e021111a38c0&device_owner=network%3Adhcp HTTP/1.1" status: 200 len: 210 time: 0.0496895
2026-07-02 01:29:10.107 10 INFO neutron.db.ovn_revision_numbers_db [None req-2a7e7358-19ba-47af-89b0-bde76873e397 5064746669aa4d4f81c237ab875de12e 6855649024274883b0ac0cc711abba10 - - default default] Successfully bumped revision number for resource a35f5a6c-5e06-498d-869a-e24d8838e042 (type: ports) to 1
2026-07-02 01:29:10.126 10 INFO neutron.db.ovn_revision_numbers_db [None req-9b5d8dd0-6924-4bda-b46d-86bd7410f0f2 09c774863dfe48c0a2230fe9388b4101 5f93ba9dd2794d20970e91fe31974827 - - default default] Successfully bumped revision number for resource 9f4b0e99-d067-4f9f-bfa1-ab3b928eb442 (type: security_groups) to 1
2026-07-02 01:29:10.131 10 INFO neutron.wsgi [None req-2a7e7358-19ba-47af-89b0-bde76873e397 5064746669aa4d4f81c237ab875de12e 6855649024274883b0ac0cc711abba10 - - default default] 10.0.0.113 "POST /v2.0/networks HTTP/1.1" status: 201 len: 849 time: 0.7777236
2026-07-02 01:29:10.140 10 INFO neutron.db.ovn_revision_numbers_db [None req-9b5d8dd0-6924-4bda-b46d-86bd7410f0f2 09c774863dfe48c0a2230fe9388b4101 5f93ba9dd2794d20970e91fe31974827 - - default default] Successfully bumped revision number for resource 1c01861b-4ba3-49a2-b869-a7527babbba6 (type: security_group_rules) to 0
