2026-07-02 01:29:10.142 9 WARNING neutron_lib.context [None req-7d7b39c7-1e42-4c5b-bd09-453ad14593e3 5064746669aa4d4f81c237ab875de12e 6855649024274883b0ac0cc711abba10 - - default default] Method 'is_advsvc' is deprecated since 2023.2 release (neutron-lib 3.8.0) and will be removed once support for the old RBAC API policies will be removed from Neutron. Please use method 'is_service_role' instead.
2026-07-02 01:29:10.154 10 INFO neutron.db.ovn_revision_numbers_db [None req-9b5d8dd0-6924-4bda-b46d-86bd7410f0f2 09c774863dfe48c0a2230fe9388b4101 5f93ba9dd2794d20970e91fe31974827 - - default default] Successfully bumped revision number for resource 70b8100f-df9f-4cb6-a116-adc97762b29d (type: security_group_rules) to 0
2026-07-02 01:29:10.163 10 WARNING neutron_lib.context [None req-63e540a9-2914-4962-9465-c23716140bb0 e70eb07d3658482da18d979c59216ce0 32b73c26350041c6b9e4ced39d784117 - - default default] Method 'is_advsvc' is deprecated since 2023.2 release (neutron-lib 3.8.0) and will be removed once support for the old RBAC API policies will be removed from Neutron. Please use method 'is_service_role' instead.
2026-07-02 01:29:10.164 10 WARNING neutron_lib.context [None req-63e540a9-2914-4962-9465-c23716140bb0 e70eb07d3658482da18d979c59216ce0 32b73c26350041c6b9e4ced39d784117 - - default default] Method 'is_advsvc' is deprecated since 2023.2 release (neutron-lib 3.8.0) and will be removed once support for the old RBAC API policies will be removed from Neutron. Please use method 'is_service_role' instead.
2026-07-02 01:29:10.174 9 INFO neutron.wsgi [req-0fc4cef3-b8ec-4499-a8a8-35a9e7ed3563 req-f8cbea32-9df0-4050-8811-102257d98dae 0de34a0817624ac88103cd0a8b7efde7 c08a9b9706ca494387a82307446407e4 - - ea86e87f318c4fa7864c2d1f9988028c ea86e87f318c4fa7864c2d1f9988028c] 199.204.45.227 "GET /v2.0/networks/bdad0543-02f9-4259-86f7-e021111a38c0?fields=segments HTTP/1.1" status: 200 len: 212 time: 0.0805893
2026-07-02 01:29:10.187 10 INFO neutron.wsgi [None req-9b5d8dd0-6924-4bda-b46d-86bd7410f0f2 09c774863dfe48c0a2230fe9388b4101 5f93ba9dd2794d20970e91fe31974827 - - default default] 10.0.0.113 "POST /v2.0/security-groups HTTP/1.1" status: 201 len: 1859 time: 0.4483793
2026-07-02 01:29:10.200 10 WARNING neutron_lib.context [None req-28c342b7-0579-4473-a5c1-1c9b4b26a27f 09c774863dfe48c0a2230fe9388b4101 5f93ba9dd2794d20970e91fe31974827 - - default default] Method 'is_advsvc' is deprecated since 2023.2 release (neutron-lib 3.8.0) and will be removed once support for the old RBAC API policies will be removed from Neutron. Please use method 'is_service_role' instead.
2026-07-02 01:29:10.278 9 INFO neutron.wsgi [req-0fc4cef3-b8ec-4499-a8a8-35a9e7ed3563 req-b7ab9e7e-b778-4505-af89-aa24caf66b86 0de34a0817624ac88103cd0a8b7efde7 c08a9b9706ca494387a82307446407e4 - - ea86e87f318c4fa7864c2d1f9988028c ea86e87f318c4fa7864c2d1f9988028c] 199.204.45.227 "GET /v2.0/networks/bdad0543-02f9-4259-86f7-e021111a38c0?fields=provider%3Aphysical_network&fields=provider%3Anetwork_type HTTP/1.1" status: 200 len: 277 time: 0.0972464
2026-07-02 01:29:10.290 9 INFO neutron.db.segments_db [None req-7d7b39c7-1e42-4c5b-bd09-453ad14593e3 5064746669aa4d4f81c237ab875de12e 6855649024274883b0ac0cc711abba10 - - default default] Added segment 312c088c-5314-4ff5-868b-4612feb5ad75 of type geneve for network f70fcbd3-eaed-46b4-b7d2-4eb3d9562589
2026-07-02 01:29:10.345 10 INFO neutron.db.ovn_revision_numbers_db [None req-28c342b7-0579-4473-a5c1-1c9b4b26a27f 09c774863dfe48c0a2230fe9388b4101 5f93ba9dd2794d20970e91fe31974827 - - default default] Successfully bumped revision number for resource 3a27d0c5-10d4-49ff-97a6-74d939985b33 (type: security_group_rules) to 0
2026-07-02 01:29:10.349 10 INFO neutron.db.ovn_revision_numbers_db [None req-63e540a9-2914-4962-9465-c23716140bb0 e70eb07d3658482da18d979c59216ce0 32b73c26350041c6b9e4ced39d784117 - - default default] Successfully bumped revision number for resource 3358d42e-cd3f-44ca-b1b5-81366a04877c (type: security_groups) to 1
2026-07-02 01:29:10.368 10 INFO neutron.db.ovn_revision_numbers_db [None req-63e540a9-2914-4962-9465-c23716140bb0 e70eb07d3658482da18d979c59216ce0 32b73c26350041c6b9e4ced39d784117 - - default default] Successfully bumped revision number for resource 7922ebde-116d-43ea-b215-da27f9e56ed2 (type: security_group_rules) to 0
2026-07-02 01:29:10.373 10 INFO neutron.wsgi [None req-28c342b7-0579-4473-a5c1-1c9b4b26a27f 09c774863dfe48c0a2230fe9388b4101 5f93ba9dd2794d20970e91fe31974827 - - default default] 10.0.0.113 "POST /v2.0/security-group-rules HTTP/1.1" status: 201 len: 796 time: 0.1776431
2026-07-02 01:29:10.375 9 INFO neutron.db.ovn_revision_numbers_db [None req-0d55c961-68a1-414e-8592-4fbd65f37b85 - - - - - -] Successfully bumped revision number for resource 986438ee-1e42-4e09-ae91-ae63c755c333 (type: router_ports) to 4
2026-07-02 01:29:10.387 10 WARNING neutron_lib.context [None req-5ad631e5-441b-4246-9f81-7cfb5691eb9a 09c774863dfe48c0a2230fe9388b4101 5f93ba9dd2794d20970e91fe31974827 - - default default] Method 'is_advsvc' is deprecated since 2023.2 release (neutron-lib 3.8.0) and will be removed once support for the old RBAC API policies will be removed from Neutron. Please use method 'is_service_role' instead.
2026-07-02 01:29:10.397 10 INFO neutron.db.ovn_revision_numbers_db [None req-63e540a9-2914-4962-9465-c23716140bb0 e70eb07d3658482da18d979c59216ce0 32b73c26350041c6b9e4ced39d784117 - - default default] Successfully bumped revision number for resource 7a724dda-aa48-46f1-87e8-fc8675e10766 (type: security_group_rules) to 0
2026-07-02 01:29:10.417 10 INFO neutron.db.ovn_revision_numbers_db [None req-63e540a9-2914-4962-9465-c23716140bb0 e70eb07d3658482da18d979c59216ce0 32b73c26350041c6b9e4ced39d784117 - - default default] Successfully bumped revision number for resource a312b6a0-6a76-419a-ac16-69edff2a204e (type: security_group_rules) to 0
2026-07-02 01:29:10.444 10 INFO neutron.db.ovn_revision_numbers_db [None req-63e540a9-2914-4962-9465-c23716140bb0 e70eb07d3658482da18d979c59216ce0 32b73c26350041c6b9e4ced39d784117 - - default default] Successfully bumped revision number for resource a62be588-05d3-458e-b5a3-4ff9b6a0f77c (type: security_group_rules) to 0
2026-07-02 01:29:10.453 9 INFO neutron.db.ovn_revision_numbers_db [None req-7d7b39c7-1e42-4c5b-bd09-453ad14593e3 5064746669aa4d4f81c237ab875de12e 6855649024274883b0ac0cc711abba10 - - default default] Successfully bumped revision number for resource f70fcbd3-eaed-46b4-b7d2-4eb3d9562589 (type: networks) to 1
2026-07-02 01:29:10.480 10 INFO neutron.wsgi [req-338f6180-240c-4f8d-9c3d-73573275ed45 req-26b718cf-7fe8-429d-b4ac-a1e92bb0cd29 26943602047142068c7655ea6b2d92b6 be0ac863839d43f78c29a950309230c1 - - default default] 10.0.0.227 "GET /v2.0/ports?device_id=295c428c-a1e1-4629-9a4e-3fc441c10011 HTTP/1.1" status: 200 len: 1348 time: 0.0592277
2026-07-02 01:29:10.538 10 INFO neutron.wsgi [req-338f6180-240c-4f8d-9c3d-73573275ed45 req-afd4ad22-6702-477b-bf38-30c0cf311ee5 26943602047142068c7655ea6b2d92b6 be0ac863839d43f78c29a950309230c1 - - default default] 10.0.0.227 "GET /v2.0/security-groups?id=4ce12c92-f66a-4c1e-9f03-c4ac1bbdaa10&fields=id&fields=name HTTP/1.1" status: 200 len: 313 time: 0.0488043
2026-07-02 01:29:10.545 10 INFO neutron.db.segments_db [None req-63e540a9-2914-4962-9465-c23716140bb0 e70eb07d3658482da18d979c59216ce0 32b73c26350041c6b9e4ced39d784117 - - default default] Added segment d38b3ee3-7fa3-4f69-b997-4bb4af42ce3c of type geneve for network e04b7fff-70ef-4b27-b39a-0ad0e095583c
2026-07-02 01:29:10.568 10 INFO neutron.db.ovn_revision_numbers_db [None req-5ad631e5-441b-4246-9f81-7cfb5691eb9a 09c774863dfe48c0a2230fe9388b4101 5f93ba9dd2794d20970e91fe31974827 - - default default] Successfully bumped revision number for resource 053ca969-ec12-4d9b-8ff7-7d346e4e68c6 (type: security_group_rules) to 0
2026-07-02 01:29:10.608 10 INFO neutron.wsgi [None req-5ad631e5-441b-4246-9f81-7cfb5691eb9a 09c774863dfe48c0a2230fe9388b4101 5f93ba9dd2794d20970e91fe31974827 - - default default] 10.0.0.113 "POST /v2.0/security-group-rules HTTP/1.1" status: 201 len: 801 time: 0.2262540
2026-07-02 01:29:10.619 10 WARNING neutron_lib.context [None req-d8de103e-6a96-43d3-8fcc-f70cae02f567 09c774863dfe48c0a2230fe9388b4101 5f93ba9dd2794d20970e91fe31974827 - - default default] Method 'is_advsvc' is deprecated since 2023.2 release (neutron-lib 3.8.0) and will be removed once support for the old RBAC API policies will be removed from Neutron. Please use method 'is_service_role' instead.
2026-07-02 01:29:10.627 9 WARNING neutron.scheduler.dhcp_agent_scheduler [None req-7d7b39c7-1e42-4c5b-bd09-453ad14593e3 5064746669aa4d4f81c237ab875de12e 6855649024274883b0ac0cc711abba10 - - default default] No more DHCP agents
2026-07-02 01:29:10.636 9 WARNING neutron.api.rpc.agentnotifiers.dhcp_rpc_agent_api [None req-7d7b39c7-1e42-4c5b-bd09-453ad14593e3 5064746669aa4d4f81c237ab875de12e 6855649024274883b0ac0cc711abba10 - - default default] Unable to schedule network f70fcbd3-eaed-46b4-b7d2-4eb3d9562589: no agents available; will retry on subsequent port and subnet creation events.
2026-07-02 01:29:10.678 10 INFO neutron.db.segments_db [None req-63e540a9-2914-4962-9465-c23716140bb0 e70eb07d3658482da18d979c59216ce0 32b73c26350041c6b9e4ced39d784117 - - default default] Added segment 079b06a2-7eea-41ae-91b0-69f19f935f03 of type geneve for network df1a1a7c-c45b-4230-9e21-236766f5a72c
2026-07-02 01:29:10.711 9 INFO neutron.wsgi [req-1d9d2097-dfa9-4e93-9d88-e3664cbd50c4 req-d177de9f-c659-46db-ae13-177f91d0089d 26943602047142068c7655ea6b2d92b6 be0ac863839d43f78c29a950309230c1 - - default default] 199.204.45.227 "GET /v2.0/ports?device_id=295c428c-a1e1-4629-9a4e-3fc441c10011&device_owner=compute%3Anova&fixed_ips=ip_address%3D10.100.0.7 HTTP/1.1" status: 200 len: 1348 time: 0.0845757
2026-07-02 01:29:10.769 9 INFO neutron.db.ovn_revision_numbers_db [None req-7d7b39c7-1e42-4c5b-bd09-453ad14593e3 5064746669aa4d4f81c237ab875de12e 6855649024274883b0ac0cc711abba10 - - default default] Successfully bumped revision number for resource 5d3526d2-d76b-42b3-88a8-673963ff2498 (type: ports) to 1
2026-07-02 01:29:10.813 9 INFO neutron.wsgi [None req-7d7b39c7-1e42-4c5b-bd09-453ad14593e3 5064746669aa4d4f81c237ab875de12e 6855649024274883b0ac0cc711abba10 - - default default] 10.0.0.113 "POST /v2.0/networks HTTP/1.1" status: 201 len: 848 time: 0.6760306
2026-07-02 01:29:10.824 9 WARNING neutron_lib.context [None req-6a102a13-0b92-48fd-9f54-e860c0cac4d2 5064746669aa4d4f81c237ab875de12e 6855649024274883b0ac0cc711abba10 - - default default] Method 'is_advsvc' is deprecated since 2023.2 release (neutron-lib 3.8.0) and will be removed once support for the old RBAC API policies will be removed from Neutron. Please use method 'is_service_role' instead.
2026-07-02 01:29:10.877 9 WARNING neutron_lib.context [None req-6a102a13-0b92-48fd-9f54-e860c0cac4d2 5064746669aa4d4f81c237ab875de12e 6855649024274883b0ac0cc711abba10 - - default default] Method 'is_advsvc' is deprecated since 2023.2 release (neutron-lib 3.8.0) and will be removed once support for the old RBAC API policies will be removed from Neutron. Please use method 'is_service_role' instead.
2026-07-02 01:29:10.879 10 INFO neutron.db.ovn_revision_numbers_db [None req-63e540a9-2914-4962-9465-c23716140bb0 e70eb07d3658482da18d979c59216ce0 32b73c26350041c6b9e4ced39d784117 - - default default] Successfully bumped revision number for resource e04b7fff-70ef-4b27-b39a-0ad0e095583c (type: networks) to 1
2026-07-02 01:29:11.010 10 WARNING neutron.scheduler.dhcp_agent_scheduler [None req-d8de103e-6a96-43d3-8fcc-f70cae02f567 09c774863dfe48c0a2230fe9388b4101 5f93ba9dd2794d20970e91fe31974827 - - default default] No more DHCP agents
2026-07-02 01:29:11.016 10 WARNING neutron.api.rpc.agentnotifiers.dhcp_rpc_agent_api [None req-d8de103e-6a96-43d3-8fcc-f70cae02f567 09c774863dfe48c0a2230fe9388b4101 5f93ba9dd2794d20970e91fe31974827 - - default default] Unable to schedule network 514028c5-2850-4a36-8421-9784637ba82f: no agents available; will retry on subsequent port and subnet creation events.
2026-07-02 01:29:11.131 10 WARNING neutron.scheduler.dhcp_agent_scheduler [None req-63e540a9-2914-4962-9465-c23716140bb0 e70eb07d3658482da18d979c59216ce0 32b73c26350041c6b9e4ced39d784117 - - default default] No more DHCP agents
2026-07-02 01:29:11.132 10 WARNING neutron.api.rpc.agentnotifiers.dhcp_rpc_agent_api [None req-63e540a9-2914-4962-9465-c23716140bb0 e70eb07d3658482da18d979c59216ce0 32b73c26350041c6b9e4ced39d784117 - - default default] Unable to schedule network e04b7fff-70ef-4b27-b39a-0ad0e095583c: no agents available; will retry on subsequent port and subnet creation events.
2026-07-02 01:29:11.278 10 INFO neutron.db.ovn_revision_numbers_db [None req-63e540a9-2914-4962-9465-c23716140bb0 e70eb07d3658482da18d979c59216ce0 32b73c26350041c6b9e4ced39d784117 - - default default] Successfully bumped revision number for resource 77693da7-1f0a-480d-9c30-d8a45f6f61bc (type: ports) to 1
2026-07-02 01:29:11.362 10 INFO neutron.db.ovn_revision_numbers_db [None req-63e540a9-2914-4962-9465-c23716140bb0 e70eb07d3658482da18d979c59216ce0 32b73c26350041c6b9e4ced39d784117 - - default default] Successfully bumped revision number for resource df1a1a7c-c45b-4230-9e21-236766f5a72c (type: networks) to 1
2026-07-02 01:29:11.460 10 INFO neutron.wsgi [None req-d8de103e-6a96-43d3-8fcc-f70cae02f567 09c774863dfe48c0a2230fe9388b4101 5f93ba9dd2794d20970e91fe31974827 - - default default] 10.0.0.113 "POST /v2.0/floatingips HTTP/1.1" status: 201 len: 751 time: 0.8450162
2026-07-02 01:29:11.590 9 INFO neutron.db.ovn_revision_numbers_db [req-1d9d2097-dfa9-4e93-9d88-e3664cbd50c4 req-a8468766-dfdb-497a-9b93-91503684508c 26943602047142068c7655ea6b2d92b6 be0ac863839d43f78c29a950309230c1 - - default default] Successfully bumped revision number for resource d0bf40c9-c573-4f76-a059-8621cf815aee (type: ports) to 6
2026-07-02 01:29:11.602 9 INFO neutron.wsgi [req-1d9d2097-dfa9-4e93-9d88-e3664cbd50c4 req-a8468766-dfdb-497a-9b93-91503684508c 26943602047142068c7655ea6b2d92b6 be0ac863839d43f78c29a950309230c1 - - default default] 199.204.45.227 "PUT /v2.0/ports/d0bf40c9-c573-4f76-a059-8621cf815aee HTTP/1.1" status: 200 len: 1167 time: 0.8863294
2026-07-02 01:29:11.615 10 WARNING neutron.scheduler.dhcp_agent_scheduler [None req-63e540a9-2914-4962-9465-c23716140bb0 e70eb07d3658482da18d979c59216ce0 32b73c26350041c6b9e4ced39d784117 - - default default] No more DHCP agents
2026-07-02 01:29:11.618 10 WARNING neutron.api.rpc.agentnotifiers.dhcp_rpc_agent_api [None req-63e540a9-2914-4962-9465-c23716140bb0 e70eb07d3658482da18d979c59216ce0 32b73c26350041c6b9e4ced39d784117 - - default default] Unable to schedule network df1a1a7c-c45b-4230-9e21-236766f5a72c: no agents available; will retry on subsequent port and subnet creation events. /var/lib/openstack/lib/python3.10/site-packages/pycadf/identifier.py:71: UserWarning: Invalid uuid: neutron. To ensure interoperability, identifiers should be a valid uuid. warnings.warn(('Invalid uuid: %s. To ensure interoperability, '
2026-07-02 01:29:11.643 9 INFO neutron.notifiers.nova [-] Nova event matching ['req-074c7bd5-7f7d-42ba-9df7-3730c63b601a'] response: {'name': 'network-changed', 'server_uuid': '295c428c-a1e1-4629-9a4e-3fc441c10011', 'tag': 'd0bf40c9-c573-4f76-a059-8621cf815aee', 'status': 'completed', 'code': 200}
2026-07-02 01:29:11.662 9 INFO neutron.wsgi [req-1d9d2097-dfa9-4e93-9d88-e3664cbd50c4 req-c228d36c-a443-4e2b-9fe9-59005adf5ce5 0de34a0817624ac88103cd0a8b7efde7 c08a9b9706ca494387a82307446407e4 - - ea86e87f318c4fa7864c2d1f9988028c ea86e87f318c4fa7864c2d1f9988028c] 199.204.45.227 "GET /v2.0/ports?tenant_id=be0ac863839d43f78c29a950309230c1&device_id=295c428c-a1e1-4629-9a4e-3fc441c10011 HTTP/1.1" status: 200 len: 1409 time: 0.0395932
2026-07-02 01:29:11.709 10 INFO neutron.db.ovn_revision_numbers_db [None req-63e540a9-2914-4962-9465-c23716140bb0 e70eb07d3658482da18d979c59216ce0 32b73c26350041c6b9e4ced39d784117 - - default default] Successfully bumped revision number for resource 92452125-1b82-421d-9c1d-a443dd5e259f (type: ports) to 1
2026-07-02 01:29:11.738 10 INFO neutron.wsgi [None req-63e540a9-2914-4962-9465-c23716140bb0 e70eb07d3658482da18d979c59216ce0 32b73c26350041c6b9e4ced39d784117 - - default default] 10.0.0.113 "POST /v2.0/networks HTTP/1.1" status: 201 len: 1442 time: 1.6152391
2026-07-02 01:29:11.746 9 INFO neutron.wsgi [req-1d9d2097-dfa9-4e93-9d88-e3664cbd50c4 req-ae56375c-5151-4d01-bfa7-c1eee47dcb20 0de34a0817624ac88103cd0a8b7efde7 c08a9b9706ca494387a82307446407e4 - - ea86e87f318c4fa7864c2d1f9988028c ea86e87f318c4fa7864c2d1f9988028c] 199.204.45.227 "GET /v2.0/networks?id=bdad0543-02f9-4259-86f7-e021111a38c0 HTTP/1.1" status: 200 len: 982 time: 0.0676668 /var/lib/openstack/lib/python3.10/site-packages/pycadf/identifier.py:71: UserWarning: Invalid uuid: neutron. To ensure interoperability, identifiers should be a valid uuid. warnings.warn(('Invalid uuid: %s. To ensure interoperability, '
2026-07-02 01:29:11.782 9 WARNING neutron.scheduler.dhcp_agent_scheduler [None req-6a102a13-0b92-48fd-9f54-e860c0cac4d2 5064746669aa4d4f81c237ab875de12e 6855649024274883b0ac0cc711abba10 - - default default] No more DHCP agents
2026-07-02 01:29:11.786 9 WARNING neutron.api.rpc.agentnotifiers.dhcp_rpc_agent_api [None req-6a102a13-0b92-48fd-9f54-e860c0cac4d2 5064746669aa4d4f81c237ab875de12e 6855649024274883b0ac0cc711abba10 - - default default] Unable to schedule network 1c09402b-b8d7-4213-a9a3-fa19b7df6da3: no agents available; will retry on subsequent port and subnet creation events.
2026-07-02 01:29:11.819 9 INFO neutron.wsgi [req-1d9d2097-dfa9-4e93-9d88-e3664cbd50c4 req-2dd2f3f0-6a23-4cbb-9e6b-4b9089f8e419 0de34a0817624ac88103cd0a8b7efde7 c08a9b9706ca494387a82307446407e4 - - ea86e87f318c4fa7864c2d1f9988028c ea86e87f318c4fa7864c2d1f9988028c] 199.204.45.227 "GET /v2.0/floatingips?fixed_ip_address=10.100.0.5&port_id=d0bf40c9-c573-4f76-a059-8621cf815aee HTTP/1.1" status: 200 len: 1059 time: 0.0576808
2026-07-02 01:29:11.825 10 INFO neutron.wsgi [None req-18fced8e-f074-46bf-bb1d-abfba3815c7e e70eb07d3658482da18d979c59216ce0 32b73c26350041c6b9e4ced39d784117 - - default default] 10.0.0.113 "GET /v2.0/networks HTTP/1.1" status: 200 len: 2048 time: 0.0792825 /var/lib/openstack/lib/python3.10/site-packages/pycadf/identifier.py:71: UserWarning: Invalid uuid: neutron. To ensure interoperability, identifiers should be a valid uuid. warnings.warn(('Invalid uuid: %s. To ensure interoperability, '
2026-07-02 01:29:11.868 9 INFO neutron.wsgi [req-1d9d2097-dfa9-4e93-9d88-e3664cbd50c4 req-8bc40c5d-b46c-41cb-96d5-10fcd8010e18 0de34a0817624ac88103cd0a8b7efde7 c08a9b9706ca494387a82307446407e4 - - ea86e87f318c4fa7864c2d1f9988028c ea86e87f318c4fa7864c2d1f9988028c] 199.204.45.227 "GET /v2.0/subnets?id=3b40a8a2-c743-418b-8f89-92881aa18791 HTTP/1.1" status: 200 len: 877 time: 0.0440986
2026-07-02 01:29:11.891 9 INFO neutron.wsgi [req-1d9d2097-dfa9-4e93-9d88-e3664cbd50c4 req-312b13eb-b092-4915-a426-184775af7de6 0de34a0817624ac88103cd0a8b7efde7 c08a9b9706ca494387a82307446407e4 - - ea86e87f318c4fa7864c2d1f9988028c ea86e87f318c4fa7864c2d1f9988028c] 199.204.45.227 "GET /v2.0/ports?network_id=bdad0543-02f9-4259-86f7-e021111a38c0&device_owner=network%3Adhcp HTTP/1.1" status: 200 len: 210 time: 0.0183032
2026-07-02 01:29:11.898 9 INFO neutron.db.ovn_revision_numbers_db [None req-6a102a13-0b92-48fd-9f54-e860c0cac4d2 5064746669aa4d4f81c237ab875de12e 6855649024274883b0ac0cc711abba10 - - default default] Successfully bumped revision number for resource ed54516e-5b51-4f35-bef4-39e9d35c068e (type: ports) to 1
2026-07-02 01:29:11.948 9 WARNING neutron.scheduler.dhcp_agent_scheduler [None req-6a102a13-0b92-48fd-9f54-e860c0cac4d2 5064746669aa4d4f81c237ab875de12e 6855649024274883b0ac0cc711abba10 - - default default] No more DHCP agents
2026-07-02 01:29:11.952 9 WARNING neutron.api.rpc.agentnotifiers.dhcp_rpc_agent_api [None req-6a102a13-0b92-48fd-9f54-e860c0cac4d2 5064746669aa4d4f81c237ab875de12e 6855649024274883b0ac0cc711abba10 - - default default] Unable to schedule network f70fcbd3-eaed-46b4-b7d2-4eb3d9562589: no agents available; will retry on subsequent port and subnet creation events.
2026-07-02 01:29:11.961 10 INFO neutron.wsgi [req-cf600ce7-f0f1-4f5f-8f59-64666147938f req-cc83f74a-7321-40d3-8091-f35d3c0d2269 09c774863dfe48c0a2230fe9388b4101 5f93ba9dd2794d20970e91fe31974827 - - default default] 10.0.0.227 "GET /v2.0/security-groups?name=tempest-securitygroup--59813031&fields=id&tenant_id=5f93ba9dd2794d20970e91fe31974827 HTTP/1.1" status: 200 len: 267 time: 0.0440164
2026-07-02 01:29:11.992 9 INFO neutron.wsgi [req-1d9d2097-dfa9-4e93-9d88-e3664cbd50c4 req-21e9c935-1ae0-4188-8f30-a937ddf9a107 0de34a0817624ac88103cd0a8b7efde7 c08a9b9706ca494387a82307446407e4 - - ea86e87f318c4fa7864c2d1f9988028c ea86e87f318c4fa7864c2d1f9988028c] 199.204.45.227 "GET /v2.0/networks/bdad0543-02f9-4259-86f7-e021111a38c0?fields=segments HTTP/1.1" status: 200 len: 212 time: 0.0903270 /var/lib/openstack/lib/python3.10/site-packages/pycadf/identifier.py:71: UserWarning: Invalid uuid: neutron. To ensure interoperability, identifiers should be a valid uuid. warnings.warn(('Invalid uuid: %s. To ensure interoperability, '
2026-07-02 01:29:12.050 10 INFO neutron.wsgi [req-cf600ce7-f0f1-4f5f-8f59-64666147938f req-6aa74d2f-2f9b-435a-bd2e-29cd55b6136d 09c774863dfe48c0a2230fe9388b4101 5f93ba9dd2794d20970e91fe31974827 - - default default] 10.0.0.227 "GET /v2.0/networks?id=751f1bfa-4309-4f0d-9a7e-70f051d82958 HTTP/1.1" status: 200 len: 875 time: 0.0821764
2026-07-02 01:29:12.067 9 INFO neutron.wsgi [req-1d9d2097-dfa9-4e93-9d88-e3664cbd50c4 req-1faaf086-fd13-418d-afc6-2f1753202aa6 0de34a0817624ac88103cd0a8b7efde7 c08a9b9706ca494387a82307446407e4 - - ea86e87f318c4fa7864c2d1f9988028c ea86e87f318c4fa7864c2d1f9988028c] 199.204.45.227 "GET /v2.0/networks/bdad0543-02f9-4259-86f7-e021111a38c0?fields=provider%3Aphysical_network&fields=provider%3Anetwork_type HTTP/1.1" status: 200 len: 277 time: 0.0656891
2026-07-02 01:29:12.068 9 INFO neutron.db.ovn_revision_numbers_db [None req-6a102a13-0b92-48fd-9f54-e860c0cac4d2 5064746669aa4d4f81c237ab875de12e 6855649024274883b0ac0cc711abba10 - - default default] Successfully bumped revision number for resource a0b29cf8-3c0c-4641-b51e-f4ba0af66e1f (type: ports) to 1
2026-07-02 01:29:12.075 10 INFO neutron.wsgi [req-cf600ce7-f0f1-4f5f-8f59-64666147938f req-fc4d1668-c0b6-462a-866a-e748e9fc7bdd 09c774863dfe48c0a2230fe9388b4101 5f93ba9dd2794d20970e91fe31974827 - - default default] 10.0.0.227 "GET /v2.0/quotas/5f93ba9dd2794d20970e91fe31974827 HTTP/1.1" status: 200 len: 491 time: 0.0086637
2026-07-02 01:29:12.089 9 INFO neutron.wsgi [None req-6a102a13-0b92-48fd-9f54-e860c0cac4d2 5064746669aa4d4f81c237ab875de12e 6855649024274883b0ac0cc711abba10 - - default default] 10.0.0.113 "POST /v2.0/ports HTTP/1.1" status: 201 len: 1706 time: 1.2717977
2026-07-02 01:29:12.158 9 INFO neutron.wsgi [req-3ea66706-e8d3-45e8-9287-c14bbb042c22 req-4067d3d0-3b84-4179-8d8a-bc78017ac589 0de34a0817624ac88103cd0a8b7efde7 c08a9b9706ca494387a82307446407e4 - - ea86e87f318c4fa7864c2d1f9988028c ea86e87f318c4fa7864c2d1f9988028c] 199.204.45.227 "GET /v2.0/ports?tenant_id=be0ac863839d43f78c29a950309230c1&device_id=295c428c-a1e1-4629-9a4e-3fc441c10011 HTTP/1.1" status: 200 len: 1409 time: 0.0513031
2026-07-02 01:29:12.218 9 INFO neutron.wsgi [req-3ea66706-e8d3-45e8-9287-c14bbb042c22 req-3135ae34-45de-49fd-8207-d5727512224f 0de34a0817624ac88103cd0a8b7efde7 c08a9b9706ca494387a82307446407e4 - - ea86e87f318c4fa7864c2d1f9988028c ea86e87f318c4fa7864c2d1f9988028c] 199.204.45.227 "GET /v2.0/networks?id=bdad0543-02f9-4259-86f7-e021111a38c0 HTTP/1.1" status: 200 len: 982 time: 0.0549612
2026-07-02 01:29:12.262 10 INFO neutron.wsgi [req-cf600ce7-f0f1-4f5f-8f59-64666147938f req-6b3e514a-6628-4a51-be77-4e7b9f85744d 09c774863dfe48c0a2230fe9388b4101 5f93ba9dd2794d20970e91fe31974827 - - default default] 10.0.0.227 "GET /v2.0/ports?tenant_id=5f93ba9dd2794d20970e91fe31974827&fields=id HTTP/1.1" status: 200 len: 302 time: 0.1782532
2026-07-02 01:29:12.265 9 INFO neutron.wsgi [req-3ea66706-e8d3-45e8-9287-c14bbb042c22 req-20899e7b-3225-4c19-a546-427cb12e5aed 0de34a0817624ac88103cd0a8b7efde7 c08a9b9706ca494387a82307446407e4 - - ea86e87f318c4fa7864c2d1f9988028c ea86e87f318c4fa7864c2d1f9988028c] 199.204.45.227 "GET /v2.0/floatingips?fixed_ip_address=10.100.0.5&port_id=d0bf40c9-c573-4f76-a059-8621cf815aee HTTP/1.1" status: 200 len: 1059 time: 0.0411367
2026-07-02 01:29:12.280 10 INFO neutron.wsgi [None req-4d84310c-1afb-4f9e-acdc-e6d7824e8ef6 5064746669aa4d4f81c237ab875de12e 6855649024274883b0ac0cc711abba10 - - default default] 10.0.0.113 "GET /v2.0/ports HTTP/1.1" status: 200 len: 3213 time: 0.1853950
2026-07-02 01:29:12.304 9 INFO neutron.wsgi [req-3ea66706-e8d3-45e8-9287-c14bbb042c22 req-1455a14c-6877-4308-b7e0-13153bb95391 0de34a0817624ac88103cd0a8b7efde7 c08a9b9706ca494387a82307446407e4 - - ea86e87f318c4fa7864c2d1f9988028c ea86e87f318c4fa7864c2d1f9988028c] 199.204.45.227 "GET /v2.0/subnets?id=3b40a8a2-c743-418b-8f89-92881aa18791 HTTP/1.1" status: 200 len: 877 time: 0.0314717
2026-07-02 01:29:12.327 9 INFO neutron.wsgi [req-3ea66706-e8d3-45e8-9287-c14bbb042c22 req-dde1beb1-e35d-4023-857b-b4f2c73a37fc 0de34a0817624ac88103cd0a8b7efde7 c08a9b9706ca494387a82307446407e4 - - ea86e87f318c4fa7864c2d1f9988028c ea86e87f318c4fa7864c2d1f9988028c] 199.204.45.227 "GET /v2.0/ports?network_id=bdad0543-02f9-4259-86f7-e021111a38c0&device_owner=network%3Adhcp HTTP/1.1" status: 200 len: 210 time: 0.0170529
2026-07-02 01:29:12.367 10 INFO neutron.services.segments.plugin [-] Segment d38b3ee3-7fa3-4f69-b997-4bb4af42ce3c resource provider aggregate not found
2026-07-02 01:29:12.379 10 INFO neutron.services.segments.plugin [-] Segment d38b3ee3-7fa3-4f69-b997-4bb4af42ce3c resource provider aggregate not found
2026-07-02 01:29:12.389 10 INFO neutron.services.segments.plugin [-] Segment d38b3ee3-7fa3-4f69-b997-4bb4af42ce3c resource provider not found; error: Placement Client Error (4xx): {"errors": [{"status": 404, "title": "Not Found", "detail": "The resource could not be found.\n\n No resource provider with uuid d38b3ee3-7fa3-4f69-b997-4bb4af42ce3c found for delete ", "request_id": "req-888f68f9-4266-43ee-854f-b646cb4da7a3"}]}
2026-07-02 01:29:12.393 9 INFO neutron.wsgi [req-3ea66706-e8d3-45e8-9287-c14bbb042c22 req-cd4990a9-e88f-41e5-9470-486e4ca7959e 0de34a0817624ac88103cd0a8b7efde7 c08a9b9706ca494387a82307446407e4 - - ea86e87f318c4fa7864c2d1f9988028c ea86e87f318c4fa7864c2d1f9988028c] 199.204.45.227 "GET /v2.0/networks/bdad0543-02f9-4259-86f7-e021111a38c0?fields=segments HTTP/1.1" status: 200 len: 212 time: 0.0599546
2026-07-02 01:29:12.397 10 INFO neutron.services.segments.plugin [-] Segment d38b3ee3-7fa3-4f69-b997-4bb4af42ce3c resource provider not found; error: Placement Client Error (4xx): {"errors": [{"status": 404, "title": "Not Found", "detail": "The resource could not be found.\n\n No resource provider with uuid d38b3ee3-7fa3-4f69-b997-4bb4af42ce3c found for delete ", "request_id": "req-74d5aa81-4464-409f-ad81-75c20b526d29"}]}
2026-07-02 01:29:12.415 10 INFO neutron.wsgi [None req-098b9dcf-ce2d-4d44-ad80-06a12d34c40f e70eb07d3658482da18d979c59216ce0 32b73c26350041c6b9e4ced39d784117 - - default default] 10.0.0.113 "DELETE /v2.0/networks/e04b7fff-70ef-4b27-b39a-0ad0e095583c HTTP/1.1" status: 204 len: 168 time: 0.5848105
2026-07-02 01:29:12.473 9 INFO neutron.wsgi [req-3ea66706-e8d3-45e8-9287-c14bbb042c22 req-d1d5c65f-01fc-4e08-a70c-062efcfe2be3 0de34a0817624ac88103cd0a8b7efde7 c08a9b9706ca494387a82307446407e4 - - ea86e87f318c4fa7864c2d1f9988028c ea86e87f318c4fa7864c2d1f9988028c] 199.204.45.227 "GET /v2.0/networks/bdad0543-02f9-4259-86f7-e021111a38c0?fields=provider%3Aphysical_network&fields=provider%3Anetwork_type HTTP/1.1" status: 200 len: 277 time: 0.0732701
2026-07-02 01:29:12.572 10 INFO neutron.wsgi [None req-9cd6d5d7-fb68-4c88-97dd-25a312ff5fb4 5064746669aa4d4f81c237ab875de12e 6855649024274883b0ac0cc711abba10 - - default default] 10.0.0.113 "DELETE /v2.0/ports/ed54516e-5b51-4f35-bef4-39e9d35c068e HTTP/1.1" status: 204 len: 168 time: 0.2835672
2026-07-02 01:29:12.634 10 INFO neutron.wsgi [req-cf600ce7-f0f1-4f5f-8f59-64666147938f req-4152e855-ba76-4797-9e8c-c380af12dc3d 0de34a0817624ac88103cd0a8b7efde7 c08a9b9706ca494387a82307446407e4 - - ea86e87f318c4fa7864c2d1f9988028c ea86e87f318c4fa7864c2d1f9988028c] 10.0.0.227 "GET /v2.0/extensions HTTP/1.1" status: 200 len: 18683 time: 0.0384085
2026-07-02 01:29:12.705 10 INFO neutron.wsgi [req-cf600ce7-f0f1-4f5f-8f59-64666147938f req-94847feb-20e6-4654-bc0f-70baba8ff98c 0de34a0817624ac88103cd0a8b7efde7 c08a9b9706ca494387a82307446407e4 - - ea86e87f318c4fa7864c2d1f9988028c ea86e87f318c4fa7864c2d1f9988028c] 10.0.0.227 "GET /v2.0/networks/751f1bfa-4309-4f0d-9a7e-70f051d82958?fields=segments HTTP/1.1" status: 200 len: 212 time: 0.0634580
2026-07-02 01:29:12.771 10 INFO neutron.wsgi [req-cf600ce7-f0f1-4f5f-8f59-64666147938f req-bdbf0d68-c8ee-47f4-a520-e9c5a72ec7e7 0de34a0817624ac88103cd0a8b7efde7 c08a9b9706ca494387a82307446407e4 - - ea86e87f318c4fa7864c2d1f9988028c ea86e87f318c4fa7864c2d1f9988028c] 10.0.0.227 "GET /v2.0/networks/751f1bfa-4309-4f0d-9a7e-70f051d82958?fields=provider%3Aphysical_network&fields=provider%3Anetwork_type HTTP/1.1" status: 200 len: 277 time: 0.0598793
2026-07-02 01:29:12.856 9 INFO neutron.services.segments.plugin [-] Segment 079b06a2-7eea-41ae-91b0-69f19f935f03 resource provider aggregate not found
2026-07-02 01:29:12.860 9 INFO neutron.services.segments.plugin [-] Segment 079b06a2-7eea-41ae-91b0-69f19f935f03 resource provider aggregate not found
2026-07-02 01:29:12.880 9 INFO neutron.services.segments.plugin [-] Segment 079b06a2-7eea-41ae-91b0-69f19f935f03 resource provider not found; error: Placement Client Error (4xx): {"errors": [{"status": 404, "title": "Not Found", "detail": "The resource could not be found.\n\n No resource provider with uuid 079b06a2-7eea-41ae-91b0-69f19f935f03 found for delete ", "request_id": "req-a47a160f-7d07-4b8a-bf3b-18ccbdfaba76"}]}
2026-07-02 01:29:12.882 9 INFO neutron.services.segments.plugin [-] Segment 079b06a2-7eea-41ae-91b0-69f19f935f03 resource provider not found; error: Placement Client Error (4xx): {"errors": [{"status": 404, "title": "Not Found", "detail": "The resource could not be found.\n\n No resource provider with uuid 079b06a2-7eea-41ae-91b0-69f19f935f03 found for delete ", "request_id": "req-43effcba-16e3-4a12-a391-4c8700d85e09"}]}
2026-07-02 01:29:12.890 9 INFO neutron.wsgi [None req-075d0f44-962d-41a1-8067-6ebcf59c1b5d e70eb07d3658482da18d979c59216ce0 32b73c26350041c6b9e4ced39d784117 - - default default] 10.0.0.113 "DELETE /v2.0/networks/df1a1a7c-c45b-4230-9e21-236766f5a72c HTTP/1.1" status: 204 len: 168 time: 0.4682527
2026-07-02 01:29:12.952 9 INFO neutron.wsgi [None req-3ca779ec-122d-42f1-a2b6-408c66fad18f 5064746669aa4d4f81c237ab875de12e 6855649024274883b0ac0cc711abba10 - - default default] 10.0.0.113 "DELETE /v2.0/ports/a0b29cf8-3c0c-4641-b51e-f4ba0af66e1f HTTP/1.1" status: 204 len: 168 time: 0.3749094
2026-07-02 01:29:13.015 10 INFO neutron.wsgi [None req-f1bc98da-1c0d-487d-8cd6-7f335832b809 e70eb07d3658482da18d979c59216ce0 32b73c26350041c6b9e4ced39d784117 - - default default] 10.0.0.113 "GET /v2.0/networks HTTP/1.1" status: 200 len: 845 time: 0.1209764
2026-07-02 01:29:13.023 10 INFO neutron.wsgi [req-624ff054-54ab-41a4-b848-4b03b033f2b0 req-17373fa7-52bd-41b6-a857-01245e5198a2 09c774863dfe48c0a2230fe9388b4101 5f93ba9dd2794d20970e91fe31974827 - - default default] 10.0.0.227 "GET /v2.0/ports?device_id=14fe47f2-2203-4e8e-a9a6-84eb0bafed83 HTTP/1.1" status: 200 len: 210 time: 0.0358679
2026-07-02 01:29:13.029 9 WARNING neutron_lib.context [None req-17ebb86e-168b-4188-a69a-006349eda39f e70eb07d3658482da18d979c59216ce0 32b73c26350041c6b9e4ced39d784117 - - default default] Method 'is_advsvc' is deprecated since 2023.2 release (neutron-lib 3.8.0) and will be removed once support for the old RBAC API policies will be removed from Neutron. Please use method 'is_service_role' instead.
2026-07-02 01:29:13.045 10 INFO neutron.wsgi [req-34946cf0-a1d1-4298-849c-329a73256411 req-b373241b-fc2f-4344-8514-d2b9be7f292b 26943602047142068c7655ea6b2d92b6 be0ac863839d43f78c29a950309230c1 - - default default] 10.0.0.227 "GET /v2.0/ports?device_id=295c428c-a1e1-4629-9a4e-3fc441c10011 HTTP/1.1" status: 200 len: 1170 time: 0.1229594
2026-07-02 01:29:13.063 9 INFO neutron.wsgi [None req-adb96b57-1d4d-468f-b44b-8757bc29383b 5064746669aa4d4f81c237ab875de12e 6855649024274883b0ac0cc711abba10 - - default default] 10.0.0.113 "GET /v2.0/ports HTTP/1.1" status: 200 len: 1718 time: 0.1034610
2026-07-02 01:29:13.073 9 WARNING neutron_lib.context [None req-d7e7ff35-a3ac-4633-8b2a-cb240776493f 5064746669aa4d4f81c237ab875de12e 6855649024274883b0ac0cc711abba10 - - default default] Method 'is_advsvc' is deprecated since 2023.2 release (neutron-lib 3.8.0) and will be removed once support for the old RBAC API policies will be removed from Neutron. Please use method 'is_service_role' instead.
2026-07-02 01:29:13.109 10 INFO neutron.wsgi [req-34946cf0-a1d1-4298-849c-329a73256411 req-f59dd315-b43d-4da9-8a09-b7cf183e7668 26943602047142068c7655ea6b2d92b6 be0ac863839d43f78c29a950309230c1 - - default default] 10.0.0.227 "GET /v2.0/security-groups?id=4ce12c92-f66a-4c1e-9f03-c4ac1bbdaa10&fields=id&fields=name HTTP/1.1" status: 200 len: 313 time: 0.0559955
2026-07-02 01:29:13.139 9 INFO neutron.db.segments_db [None req-17ebb86e-168b-4188-a69a-006349eda39f e70eb07d3658482da18d979c59216ce0 32b73c26350041c6b9e4ced39d784117 - - default default] Added segment 56622518-b4a0-470d-a2eb-33b7ebf924e6 of type geneve for network 3e07ca0f-69f5-43a2-8059-0f98169ef1a1
2026-07-02 01:29:13.196 9 INFO neutron.db.segments_db [None req-d7e7ff35-a3ac-4633-8b2a-cb240776493f 5064746669aa4d4f81c237ab875de12e 6855649024274883b0ac0cc711abba10 - - default default] Added segment 4f1d74b6-6122-47c6-ac68-87f2e884aaef of type geneve for network cf4c2885-afa2-4878-9433-31674daa91fa
2026-07-02 01:29:13.363 9 INFO neutron.db.ovn_revision_numbers_db [None req-17ebb86e-168b-4188-a69a-006349eda39f e70eb07d3658482da18d979c59216ce0 32b73c26350041c6b9e4ced39d784117 - - default default] Successfully bumped revision number for resource 3e07ca0f-69f5-43a2-8059-0f98169ef1a1 (type: networks) to 1
2026-07-02 01:29:13.429 9 INFO neutron.wsgi [req-d78cec25-f988-4c74-84c0-ae5907df5c81 req-239509fc-907f-4786-b4c1-242b2a7de70d 26943602047142068c7655ea6b2d92b6 be0ac863839d43f78c29a950309230c1 - - default default] 199.204.45.227 "GET /v2.0/ports?device_id=295c428c-a1e1-4629-9a4e-3fc441c10011 HTTP/1.1" status: 200 len: 1170 time: 0.2043138
2026-07-02 01:29:13.464 9 INFO neutron.db.ovn_revision_numbers_db [None req-d7e7ff35-a3ac-4633-8b2a-cb240776493f 5064746669aa4d4f81c237ab875de12e 6855649024274883b0ac0cc711abba10 - - default default] Successfully bumped revision number for resource cf4c2885-afa2-4878-9433-31674daa91fa (type: networks) to 1
2026-07-02 01:29:13.735 9 WARNING neutron.scheduler.dhcp_agent_scheduler [None req-17ebb86e-168b-4188-a69a-006349eda39f e70eb07d3658482da18d979c59216ce0 32b73c26350041c6b9e4ced39d784117 - - default default] No more DHCP agents
2026-07-02 01:29:13.735 10 INFO neutron.wsgi [req-cf600ce7-f0f1-4f5f-8f59-64666147938f req-2e5234c0-f830-49d3-b5d3-98bf96487c58 09c774863dfe48c0a2230fe9388b4101 5f93ba9dd2794d20970e91fe31974827 - - default default] 199.204.45.227 "GET /v2.0/networks?id=751f1bfa-4309-4f0d-9a7e-70f051d82958 HTTP/1.1" status: 200 len: 875 time: 0.0855834
2026-07-02 01:29:13.740 9 WARNING neutron.api.rpc.agentnotifiers.dhcp_rpc_agent_api [None req-17ebb86e-168b-4188-a69a-006349eda39f e70eb07d3658482da18d979c59216ce0 32b73c26350041c6b9e4ced39d784117 - - default default] Unable to schedule network 3e07ca0f-69f5-43a2-8059-0f98169ef1a1: no agents available; will retry on subsequent port and subnet creation events.
2026-07-02 01:29:13.782 10 INFO neutron.wsgi [req-cf600ce7-f0f1-4f5f-8f59-64666147938f req-1d82d212-2ec1-4108-b714-d6542797314c 09c774863dfe48c0a2230fe9388b4101 5f93ba9dd2794d20970e91fe31974827 - - default default] 199.204.45.227 "GET /v2.0/security-groups?fields=id&fields=name&tenant_id=5f93ba9dd2794d20970e91fe31974827 HTTP/1.1" status: 200 len: 378 time: 0.0390513
2026-07-02 01:29:13.792 10 WARNING neutron_lib.context [req-cf600ce7-f0f1-4f5f-8f59-64666147938f req-c66ca34c-42ca-4361-9a86-6b2012006743 09c774863dfe48c0a2230fe9388b4101 5f93ba9dd2794d20970e91fe31974827 - - default default] Method 'is_advsvc' is deprecated since 2023.2 release (neutron-lib 3.8.0) and will be removed once support for the old RBAC API policies will be removed from Neutron. Please use method 'is_service_role' instead.
2026-07-02 01:29:13.810 9 WARNING neutron.scheduler.dhcp_agent_scheduler [None req-d7e7ff35-a3ac-4633-8b2a-cb240776493f 5064746669aa4d4f81c237ab875de12e 6855649024274883b0ac0cc711abba10 - - default default] No more DHCP agents
2026-07-02 01:29:13.818 9 WARNING neutron.api.rpc.agentnotifiers.dhcp_rpc_agent_api [None req-d7e7ff35-a3ac-4633-8b2a-cb240776493f 5064746669aa4d4f81c237ab875de12e 6855649024274883b0ac0cc711abba10 - - default default] Unable to schedule network cf4c2885-afa2-4878-9433-31674daa91fa: no agents available; will retry on subsequent port and subnet creation events.
2026-07-02 01:29:13.914 9 INFO neutron.db.ovn_revision_numbers_db [None req-17ebb86e-168b-4188-a69a-006349eda39f e70eb07d3658482da18d979c59216ce0 32b73c26350041c6b9e4ced39d784117 - - default default] Successfully bumped revision number for resource d9099444-6a41-433d-ab77-92cfe79d2b2f (type: ports) to 1
2026-07-02 01:29:14.160 9 INFO neutron.wsgi [None req-17ebb86e-168b-4188-a69a-006349eda39f e70eb07d3658482da18d979c59216ce0 32b73c26350041c6b9e4ced39d784117 - - default default] 10.0.0.113 "POST /v2.0/networks HTTP/1.1" status: 201 len: 853 time: 1.1368659
2026-07-02 01:29:14.170 9 WARNING neutron_lib.context [None req-94a24ee9-6cb2-4e49-858a-243b3eecadb5 e70eb07d3658482da18d979c59216ce0 32b73c26350041c6b9e4ced39d784117 - - default default] Method 'is_advsvc' is deprecated since 2023.2 release (neutron-lib 3.8.0) and will be removed once support for the old RBAC API policies will be removed from Neutron. Please use method 'is_service_role' instead.
2026-07-02 01:29:14.180 9 INFO neutron.db.ovn_revision_numbers_db [None req-d7e7ff35-a3ac-4633-8b2a-cb240776493f 5064746669aa4d4f81c237ab875de12e 6855649024274883b0ac0cc711abba10 - - default default] Successfully bumped revision number for resource e9d33782-feb5-4cb1-b712-4bff592e40c5 (type: ports) to 1
2026-07-02 01:29:14.223 9 INFO neutron.wsgi [None req-d7e7ff35-a3ac-4633-8b2a-cb240776493f 5064746669aa4d4f81c237ab875de12e 6855649024274883b0ac0cc711abba10 - - default default] 10.0.0.113 "POST /v2.0/networks HTTP/1.1" status: 201 len: 849 time: 1.1540532
2026-07-02 01:29:14.245 9 WARNING neutron_lib.context [None req-70a533da-3e8f-4007-8be5-b7ae761c867a 5064746669aa4d4f81c237ab875de12e 6855649024274883b0ac0cc711abba10 - - default default] Method 'is_advsvc' is deprecated since 2023.2 release (neutron-lib 3.8.0) and will be removed once support for the old RBAC API policies will be removed from Neutron. Please use method 'is_service_role' instead.
2026-07-02 01:29:14.261 9 INFO neutron.db.l3_db [req-d78cec25-f988-4c74-84c0-ae5907df5c81 req-358e1d30-1f66-49d1-a5e6-a2f4f633d6eb 26943602047142068c7655ea6b2d92b6 be0ac863839d43f78c29a950309230c1 - - default default] Floating IP 7aa6663e-6238-4cad-8e04-72bfa20afd95 disassociated. External IP: 10.96.250.213, port: d0bf40c9-c573-4f76-a059-8621cf815aee.
2026-07-02 01:29:14.301 10 INFO neutron.wsgi [req-3c1d7c36-28a0-48a8-8f36-909ac4c34f23 req-453964a1-2d7d-4e99-8f49-35eb8005f2bb 09c774863dfe48c0a2230fe9388b4101 5f93ba9dd2794d20970e91fe31974827 - - default default] 10.0.0.227 "GET /v2.0/ports?device_id=14fe47f2-2203-4e8e-a9a6-84eb0bafed83 HTTP/1.1" status: 200 len: 210 time: 0.2042067
2026-07-02 01:29:14.307 9 INFO neutron.db.segments_db [None req-94a24ee9-6cb2-4e49-858a-243b3eecadb5 e70eb07d3658482da18d979c59216ce0 32b73c26350041c6b9e4ced39d784117 - - default default] Added segment f82cdaa3-c862-43ec-a0e0-4c3fa73b1ee1 of type geneve for network b69f21a3-95d5-4b0c-a6fe-16a406654c5e
2026-07-02 01:29:14.321 10 INFO neutron.wsgi [req-2a07dd4a-27e7-4c7c-8a35-0cb4d925eeda req-d34eacd7-c1ff-407e-a374-1706b1bc4fff 26943602047142068c7655ea6b2d92b6 be0ac863839d43f78c29a950309230c1 - - default default] 10.0.0.227 "GET /v2.0/ports?device_id=295c428c-a1e1-4629-9a4e-3fc441c10011 HTTP/1.1" status: 200 len: 1170 time: 0.0494728 /var/lib/openstack/lib/python3.10/site-packages/pycadf/identifier.py:71: UserWarning: Invalid uuid: neutron. To ensure interoperability, identifiers should be a valid uuid. warnings.warn(('Invalid uuid: %s. To ensure interoperability, '
2026-07-02 01:29:14.359 10 WARNING neutron.scheduler.dhcp_agent_scheduler [req-cf600ce7-f0f1-4f5f-8f59-64666147938f req-c66ca34c-42ca-4361-9a86-6b2012006743 09c774863dfe48c0a2230fe9388b4101 5f93ba9dd2794d20970e91fe31974827 - - default default] No more DHCP agents
2026-07-02 01:29:14.362 10 WARNING neutron.api.rpc.agentnotifiers.dhcp_rpc_agent_api [req-cf600ce7-f0f1-4f5f-8f59-64666147938f req-c66ca34c-42ca-4361-9a86-6b2012006743 09c774863dfe48c0a2230fe9388b4101 5f93ba9dd2794d20970e91fe31974827 - - default default] Unable to schedule network 751f1bfa-4309-4f0d-9a7e-70f051d82958: no agents available; will retry on subsequent port and subnet creation events.
2026-07-02 01:29:14.384 9 INFO neutron.db.segments_db [None req-70a533da-3e8f-4007-8be5-b7ae761c867a 5064746669aa4d4f81c237ab875de12e 6855649024274883b0ac0cc711abba10 - - default default] Added segment 7736e717-0fd1-4cc2-a713-9c1d2c650850 of type geneve for network 7b0d6d90-60b6-494b-8f38-f397d499a0f5
2026-07-02 01:29:14.389 10 INFO neutron.wsgi [req-2a07dd4a-27e7-4c7c-8a35-0cb4d925eeda req-f2da28c9-3e7e-4114-a551-2aa9069c0a01 26943602047142068c7655ea6b2d92b6 be0ac863839d43f78c29a950309230c1 - - default default] 10.0.0.227 "GET /v2.0/security-groups?id=4ce12c92-f66a-4c1e-9f03-c4ac1bbdaa10&fields=id&fields=name HTTP/1.1" status: 200 len: 313 time: 0.0546465
2026-07-02 01:29:14.510 9 INFO neutron.db.ovn_revision_numbers_db [None req-94a24ee9-6cb2-4e49-858a-243b3eecadb5 e70eb07d3658482da18d979c59216ce0 32b73c26350041c6b9e4ced39d784117 - - default default] Successfully bumped revision number for resource b69f21a3-95d5-4b0c-a6fe-16a406654c5e (type: networks) to 1
2026-07-02 01:29:14.517 9 INFO neutron.wsgi [req-d78cec25-f988-4c74-84c0-ae5907df5c81 req-358e1d30-1f66-49d1-a5e6-a2f4f633d6eb 26943602047142068c7655ea6b2d92b6 be0ac863839d43f78c29a950309230c1 - - default default] 199.204.45.227 "DELETE /v2.0/ports/d0bf40c9-c573-4f76-a059-8621cf815aee HTTP/1.1" status: 204 len: 173 time: 1.0832388
2026-07-02 01:29:14.535 10 INFO neutron.db.ovn_revision_numbers_db [req-cf600ce7-f0f1-4f5f-8f59-64666147938f req-c66ca34c-42ca-4361-9a86-6b2012006743 09c774863dfe48c0a2230fe9388b4101 5f93ba9dd2794d20970e91fe31974827 - - default default] Successfully bumped revision number for resource f46baf17-54ef-4e3e-847f-33b69e23af3e (type: ports) to 1
2026-07-02 01:29:14.550 9 INFO neutron.notifiers.nova [-] Nova event matching ['req-79fae507-746e-44b7-b4e6-b18ad6ea0147'] response: {'server_uuid': '295c428c-a1e1-4629-9a4e-3fc441c10011', 'name': 'network-vif-deleted', 'tag': 'd0bf40c9-c573-4f76-a059-8621cf815aee', 'status': 'completed', 'code': 200}
2026-07-02 01:29:14.569 10 INFO neutron.wsgi [req-cf600ce7-f0f1-4f5f-8f59-64666147938f req-c66ca34c-42ca-4361-9a86-6b2012006743 09c774863dfe48c0a2230fe9388b4101 5f93ba9dd2794d20970e91fe31974827 - - default default] 199.204.45.227 "POST /v2.0/ports HTTP/1.1" status: 201 len: 1158 time: 0.7820716 /var/lib/openstack/lib/python3.10/site-packages/pycadf/identifier.py:71: UserWarning: Invalid uuid: neutron. To ensure interoperability, identifiers should be a valid uuid. warnings.warn(('Invalid uuid: %s. To ensure interoperability, '
2026-07-02 01:29:14.622 9 INFO neutron.db.ovn_revision_numbers_db [None req-70a533da-3e8f-4007-8be5-b7ae761c867a 5064746669aa4d4f81c237ab875de12e 6855649024274883b0ac0cc711abba10 - - default default] Successfully bumped revision number for resource 7b0d6d90-60b6-494b-8f38-f397d499a0f5 (type: networks) to 1
2026-07-02 01:29:14.808 9 WARNING neutron.scheduler.dhcp_agent_scheduler [None req-94a24ee9-6cb2-4e49-858a-243b3eecadb5 e70eb07d3658482da18d979c59216ce0 32b73c26350041c6b9e4ced39d784117 - - default default] No more DHCP agents
2026-07-02 01:29:14.811 9 WARNING neutron.api.rpc.agentnotifiers.dhcp_rpc_agent_api [None req-94a24ee9-6cb2-4e49-858a-243b3eecadb5 e70eb07d3658482da18d979c59216ce0 32b73c26350041c6b9e4ced39d784117 - - default default] Unable to schedule network b69f21a3-95d5-4b0c-a6fe-16a406654c5e: no agents available; will retry on subsequent port and subnet creation events.
2026-07-02 01:29:14.882 9 WARNING neutron.scheduler.dhcp_agent_scheduler [None req-70a533da-3e8f-4007-8be5-b7ae761c867a 5064746669aa4d4f81c237ab875de12e 6855649024274883b0ac0cc711abba10 - - default default] No more DHCP agents
2026-07-02 01:29:14.886 9 WARNING neutron.api.rpc.agentnotifiers.dhcp_rpc_agent_api [None req-70a533da-3e8f-4007-8be5-b7ae761c867a 5064746669aa4d4f81c237ab875de12e 6855649024274883b0ac0cc711abba10 - - default default] Unable to schedule network 7b0d6d90-60b6-494b-8f38-f397d499a0f5: no agents available; will retry on subsequent port and subnet creation events.
2026-07-02 01:29:14.956 9 INFO neutron.db.ovn_revision_numbers_db [None req-94a24ee9-6cb2-4e49-858a-243b3eecadb5 e70eb07d3658482da18d979c59216ce0 32b73c26350041c6b9e4ced39d784117 - - default default] Successfully bumped revision number for resource c387fc31-230c-4636-95fa-8f44b9d694ab (type: ports) to 1
2026-07-02 01:29:14.978 9 WARNING neutron.plugins.ml2.drivers.ovn.mech_driver.ovsdb.ovn_client [None req-f7934daa-2dc1-400f-bdb4-e997f356e14e - - - - - -] No hosting information found for port b6b853d1-c56b-40ac-b386-558a3c062893: RuntimeError: No hosting information found for port b6b853d1-c56b-40ac-b386-558a3c062893
2026-07-02 01:29:14.979 9 INFO neutron.plugins.ml2.drivers.ovn.mech_driver.mech_driver [None req-f7934daa-2dc1-400f-bdb4-e997f356e14e - - - - - -] OVN reports status down for port: d0bf40c9-c573-4f76-a059-8621cf815aee
2026-07-02 01:29:14.998 10 INFO neutron.db.ovn_revision_numbers_db [req-cf600ce7-f0f1-4f5f-8f59-64666147938f req-a1a02edd-2c71-4152-8c3a-4925b6c6dcfd 0de34a0817624ac88103cd0a8b7efde7 c08a9b9706ca494387a82307446407e4 - - ea86e87f318c4fa7864c2d1f9988028c ea86e87f318c4fa7864c2d1f9988028c] Successfully bumped revision number for resource f46baf17-54ef-4e3e-847f-33b69e23af3e (type: ports) to 2
2026-07-02 01:29:15.041 9 INFO neutron.wsgi [None req-94a24ee9-6cb2-4e49-858a-243b3eecadb5 e70eb07d3658482da18d979c59216ce0 32b73c26350041c6b9e4ced39d784117 - - default default] 10.0.0.113 "POST /v2.0/networks HTTP/1.1" status: 201 len: 853 time: 0.8757331 /var/lib/openstack/lib/python3.10/site-packages/pycadf/identifier.py:71: UserWarning: Invalid uuid: neutron. To ensure interoperability, identifiers should be a valid uuid. warnings.warn(('Invalid uuid: %s. To ensure interoperability, '
2026-07-02 01:29:15.053 10 WARNING neutron_lib.context [None req-9c94ed4e-bd2c-45b1-9796-f88033bcdca0 e70eb07d3658482da18d979c59216ce0 32b73c26350041c6b9e4ced39d784117 - - default default] Method 'is_advsvc' is deprecated since 2023.2 release (neutron-lib 3.8.0) and will be removed once support for the old RBAC API policies will be removed from Neutron. Please use method 'is_service_role' instead.
2026-07-02 01:29:15.063 9 INFO neutron.db.ovn_revision_numbers_db [None req-70a533da-3e8f-4007-8be5-b7ae761c867a 5064746669aa4d4f81c237ab875de12e 6855649024274883b0ac0cc711abba10 - - default default] Successfully bumped revision number for resource 14042d40-438c-4634-bc84-033337268c99 (type: ports) to 1
2026-07-02 01:29:15.086 9 INFO neutron.wsgi [None req-70a533da-3e8f-4007-8be5-b7ae761c867a 5064746669aa4d4f81c237ab875de12e 6855649024274883b0ac0cc711abba10 - - default default] 10.0.0.113 "POST /v2.0/networks HTTP/1.1" status: 201 len: 849 time: 0.8462219
2026-07-02 01:29:15.105 10 WARNING neutron_lib.context [None req-9c94ed4e-bd2c-45b1-9796-f88033bcdca0 e70eb07d3658482da18d979c59216ce0 32b73c26350041c6b9e4ced39d784117 - - default default] Method 'is_advsvc' is deprecated since 2023.2 release (neutron-lib 3.8.0) and will be removed once support for the old RBAC API policies will be removed from Neutron. Please use method 'is_service_role' instead. /var/lib/openstack/lib/python3.10/site-packages/pycadf/identifier.py:71: UserWarning: Invalid uuid: neutron. To ensure interoperability, identifiers should be a valid uuid. warnings.warn(('Invalid uuid: %s. To ensure interoperability, '
2026-07-02 01:29:15.125 9 WARNING neutron_lib.context [None req-904f83b4-19a6-4889-801d-7957fa7abc64 5064746669aa4d4f81c237ab875de12e 6855649024274883b0ac0cc711abba10 - - default default] Method 'is_advsvc' is deprecated since 2023.2 release (neutron-lib 3.8.0) and will be removed once support for the old RBAC API policies will be removed from Neutron. Please use method 'is_service_role' instead.
2026-07-02 01:29:15.168 9 WARNING neutron_lib.context [None req-904f83b4-19a6-4889-801d-7957fa7abc64 5064746669aa4d4f81c237ab875de12e 6855649024274883b0ac0cc711abba10 - - default default] Method 'is_advsvc' is deprecated since 2023.2 release (neutron-lib 3.8.0) and will be removed once support for the old RBAC API policies will be removed from Neutron. Please use method 'is_service_role' instead.
2026-07-02 01:29:15.317 10 INFO neutron.db.ovn_revision_numbers_db [req-cf600ce7-f0f1-4f5f-8f59-64666147938f req-a1a02edd-2c71-4152-8c3a-4925b6c6dcfd 0de34a0817624ac88103cd0a8b7efde7 c08a9b9706ca494387a82307446407e4 - - ea86e87f318c4fa7864c2d1f9988028c ea86e87f318c4fa7864c2d1f9988028c] Successfully bumped revision number for resource f46baf17-54ef-4e3e-847f-33b69e23af3e (type: ports) to 2
