2026-04-22 21:48:03.144 7 INFO placement.requestlog [req-650bdf9c-5125-4df1-92e3-d16c479e1b5d req-fda7d221-376a-4074-bb08-b06d9e6da7dd 734ca2f67f104c59874f54b6cb4b94c4 32c177814e7f4f22b15d31fea30b232c - - 31010350a3994d5c9eb8e33495c71ead 31010350a3994d5c9eb8e33495c71ead] 199.204.45.74 "GET /resource_providers/2e7e786e-300f-4407-b934-2d429f289dd6/allocations" status: 200 len: 54 microversion: 1.0 [pid: 7|app: 0|req: 291/581] 199.204.45.74 () {32 vars in 856 bytes} [Wed Apr 22 21:48:03 2026] GET /resource_providers/2e7e786e-300f-4407-b934-2d429f289dd6/allocations => generated 54 bytes in 132 msecs (HTTP/1.1 200) 6 headers in 223 bytes (1 switches on core 0)
2026-04-22 21:48:03.171 8 INFO placement.requestlog [req-650bdf9c-5125-4df1-92e3-d16c479e1b5d req-302c0552-65f8-4e50-938a-396e13985e20 734ca2f67f104c59874f54b6cb4b94c4 32c177814e7f4f22b15d31fea30b232c - - 31010350a3994d5c9eb8e33495c71ead 31010350a3994d5c9eb8e33495c71ead] 199.204.45.74 "GET /resource_providers?in_tree=2e7e786e-300f-4407-b934-2d429f289dd6" status: 200 len: 797 microversion: 1.14 [pid: 8|app: 0|req: 291/582] 199.204.45.74 () {34 vars in 891 bytes} [Wed Apr 22 21:48:03 2026] GET /resource_providers?in_tree=2e7e786e-300f-4407-b934-2d429f289dd6 => generated 797 bytes in 20 msecs (HTTP/1.1 200) 6 headers in 225 bytes (1 switches on core 0)
2026-04-22 21:48:03.191 7 INFO placement.requestlog [req-650bdf9c-5125-4df1-92e3-d16c479e1b5d req-20e3ac93-db6d-4eac-8b12-6e717fe98fd1 734ca2f67f104c59874f54b6cb4b94c4 32c177814e7f4f22b15d31fea30b232c - - 31010350a3994d5c9eb8e33495c71ead 31010350a3994d5c9eb8e33495c71ead] 199.204.45.74 "GET /resource_providers/2e7e786e-300f-4407-b934-2d429f289dd6/inventories" status: 200 len: 400 microversion: 1.0 [pid: 7|app: 0|req: 292/583] 199.204.45.74 () {32 vars in 856 bytes} [Wed Apr 22 21:48:03 2026] GET /resource_providers/2e7e786e-300f-4407-b934-2d429f289dd6/inventories => generated 400 bytes in 12 msecs (HTTP/1.1 200) 6 headers in 224 bytes (1 switches on core 0)
2026-04-22 21:48:03.212 8 INFO placement.requestlog [req-650bdf9c-5125-4df1-92e3-d16c479e1b5d req-a0e05706-fa6c-4bed-9855-caf90682fa85 734ca2f67f104c59874f54b6cb4b94c4 32c177814e7f4f22b15d31fea30b232c - - 31010350a3994d5c9eb8e33495c71ead 31010350a3994d5c9eb8e33495c71ead] 199.204.45.74 "GET /resource_providers/2e7e786e-300f-4407-b934-2d429f289dd6/aggregates" status: 200 len: 53 microversion: 1.19 [pid: 8|app: 0|req: 292/584] 199.204.45.74 () {34 vars in 898 bytes} [Wed Apr 22 21:48:03 2026] GET /resource_providers/2e7e786e-300f-4407-b934-2d429f289dd6/aggregates => generated 53 bytes in 15 msecs (HTTP/1.1 200) 8 headers in 295 bytes (1 switches on core 0)
2026-04-22 21:48:03.242 7 INFO placement.requestlog [req-650bdf9c-5125-4df1-92e3-d16c479e1b5d req-03fbe5ba-25fa-4fb4-afbb-ab7cd2b70c63 734ca2f67f104c59874f54b6cb4b94c4 32c177814e7f4f22b15d31fea30b232c - - 31010350a3994d5c9eb8e33495c71ead 31010350a3994d5c9eb8e33495c71ead] 199.204.45.74 "GET /resource_providers/2e7e786e-300f-4407-b934-2d429f289dd6/traits" status: 200 len: 2316 microversion: 1.6 [pid: 7|app: 0|req: 293/585] 199.204.45.74 () {34 vars in 889 bytes} [Wed Apr 22 21:48:03 2026] GET /resource_providers/2e7e786e-300f-4407-b934-2d429f289dd6/traits => generated 2316 bytes in 24 msecs (HTTP/1.1 200) 6 headers in 225 bytes (1 switches on core 0)
2026-04-22 21:48:03.268 8 INFO placement.requestlog [req-650bdf9c-5125-4df1-92e3-d16c479e1b5d req-63f1aa93-a6ba-4f90-9d6d-df366b247a47 734ca2f67f104c59874f54b6cb4b94c4 32c177814e7f4f22b15d31fea30b232c - - 31010350a3994d5c9eb8e33495c71ead 31010350a3994d5c9eb8e33495c71ead] 199.204.45.74 "GET /resource_providers/2e7e786e-300f-4407-b934-2d429f289dd6/allocations" status: 200 len: 54 microversion: 1.0 [pid: 8|app: 0|req: 293/586] 199.204.45.74 () {32 vars in 856 bytes} [Wed Apr 22 21:48:03 2026] GET /resource_providers/2e7e786e-300f-4407-b934-2d429f289dd6/allocations => generated 54 bytes in 20 msecs (HTTP/1.1 200) 6 headers in 223 bytes (1 switches on core 0)
2026-04-22 21:48:09.877 8 INFO placement.requestlog [None req-7dc97ee1-ad21-479b-9581-82e274b7a38e - - - - - -] 10.0.0.49 "GET /" status: 200 len: 136 microversion: 1.0
2026-04-22 21:48:09.878 7 INFO placement.requestlog [None req-78469e5a-721a-42f1-ac28-7ceaf0334876 - - - - - -] 10.0.0.49 "GET /" status: 200 len: 136 microversion: 1.0
2026-04-22 21:48:12.148 8 INFO placement.requestlog [req-6cb8e64c-743c-45e6-a166-1fb87d2c8690 req-45b97f7f-8652-462e-83e2-6518ef094be1 734ca2f67f104c59874f54b6cb4b94c4 32c177814e7f4f22b15d31fea30b232c - - 31010350a3994d5c9eb8e33495c71ead 31010350a3994d5c9eb8e33495c71ead] 10.0.0.27 "GET /allocation_candidates?limit=1000&resources=DISK_GB%3A1%2CMEMORY_MB%3A512%2CVCPU%3A1&root_required=%21COMPUTE_STATUS_DISABLED" status: 200 len: 2781 microversion: 1.36 [pid: 8|app: 0|req: 295/589] 10.0.0.27 () {34 vars in 1011 bytes} [Wed Apr 22 21:48:11 2026] GET /allocation_candidates?limit=1000&resources=DISK_GB%3A1%2CMEMORY_MB%3A512%2CVCPU%3A1&root_required=%21COMPUTE_STATUS_DISABLED => generated 2781 bytes in 190 msecs (HTTP/1.1 200) 8 headers in 297 bytes (1 switches on core 0)
2026-04-22 21:48:12.195 7 INFO placement.requestlog [req-6cb8e64c-743c-45e6-a166-1fb87d2c8690 req-4a893e33-bbdb-4b5d-83ae-c9da8d6593ec 734ca2f67f104c59874f54b6cb4b94c4 32c177814e7f4f22b15d31fea30b232c - - 31010350a3994d5c9eb8e33495c71ead 31010350a3994d5c9eb8e33495c71ead] 10.0.0.27 "GET /allocations/7b29f51b-f5a1-44a9-807a-6fdbd6a0e3cb" status: 200 len: 19 microversion: 1.28 [pid: 7|app: 0|req: 295/590] 10.0.0.27 () {34 vars in 860 bytes} [Wed Apr 22 21:48:12 2026] GET /allocations/7b29f51b-f5a1-44a9-807a-6fdbd6a0e3cb => generated 19 bytes in 8 msecs (HTTP/1.1 200) 8 headers in 295 bytes (1 switches on core 0)
2026-04-22 21:48:12.301 8 INFO placement.requestlog [req-6cb8e64c-743c-45e6-a166-1fb87d2c8690 req-f0250e3b-4245-4e28-bfdd-4c6f7eb068e5 734ca2f67f104c59874f54b6cb4b94c4 32c177814e7f4f22b15d31fea30b232c - - 31010350a3994d5c9eb8e33495c71ead 31010350a3994d5c9eb8e33495c71ead] 10.0.0.27 "PUT /allocations/7b29f51b-f5a1-44a9-807a-6fdbd6a0e3cb" status: 204 len: 0 microversion: 1.36 [pid: 8|app: 0|req: 296/591] 10.0.0.27 () {38 vars in 913 bytes} [Wed Apr 22 21:48:12 2026] PUT /allocations/7b29f51b-f5a1-44a9-807a-6fdbd6a0e3cb => generated 0 bytes in 101 msecs (HTTP/1.1 204) 5 headers in 199 bytes (1 switches on core 0)
2026-04-22 21:48:12.875 7 INFO placement.requestlog [req-40a1165a-2c78-4eaf-ba57-68e390ec8e2e req-ec65e835-a8ed-4757-a9b7-e01629f16ada 734ca2f67f104c59874f54b6cb4b94c4 32c177814e7f4f22b15d31fea30b232c - - 31010350a3994d5c9eb8e33495c71ead 31010350a3994d5c9eb8e33495c71ead] 10.0.0.27 "GET /allocation_candidates?limit=1000&resources=DISK_GB%3A1%2CMEMORY_MB%3A512%2CVCPU%3A1&root_required=%21COMPUTE_STATUS_DISABLED" status: 200 len: 2783 microversion: 1.36 [pid: 7|app: 0|req: 296/592] 10.0.0.27 () {34 vars in 1011 bytes} [Wed Apr 22 21:48:12 2026] GET /allocation_candidates?limit=1000&resources=DISK_GB%3A1%2CMEMORY_MB%3A512%2CVCPU%3A1&root_required=%21COMPUTE_STATUS_DISABLED => generated 2783 bytes in 58 msecs (HTTP/1.1 200) 8 headers in 297 bytes (1 switches on core 0)
2026-04-22 21:48:12.920 8 INFO placement.requestlog [req-40a1165a-2c78-4eaf-ba57-68e390ec8e2e req-ac2a1d00-5bce-4227-be63-3c9fa9c4ffa5 734ca2f67f104c59874f54b6cb4b94c4 32c177814e7f4f22b15d31fea30b232c - - 31010350a3994d5c9eb8e33495c71ead 31010350a3994d5c9eb8e33495c71ead] 10.0.0.27 "GET /allocations/49bba87a-4adf-4060-ad2a-56369f7aba43" status: 200 len: 19 microversion: 1.28 [pid: 8|app: 0|req: 297/593] 10.0.0.27 () {34 vars in 860 bytes} [Wed Apr 22 21:48:12 2026] GET /allocations/49bba87a-4adf-4060-ad2a-56369f7aba43 => generated 19 bytes in 14 msecs (HTTP/1.1 200) 8 headers in 295 bytes (1 switches on core 0)
2026-04-22 21:48:13.027 7 INFO placement.requestlog [req-40a1165a-2c78-4eaf-ba57-68e390ec8e2e req-4226d805-e794-4f03-a91f-9a73795db6dc 734ca2f67f104c59874f54b6cb4b94c4 32c177814e7f4f22b15d31fea30b232c - - 31010350a3994d5c9eb8e33495c71ead 31010350a3994d5c9eb8e33495c71ead] 10.0.0.27 "PUT /allocations/49bba87a-4adf-4060-ad2a-56369f7aba43" status: 204 len: 0 microversion: 1.36 [pid: 7|app: 0|req: 297/594] 10.0.0.27 () {38 vars in 913 bytes} [Wed Apr 22 21:48:12 2026] PUT /allocations/49bba87a-4adf-4060-ad2a-56369f7aba43 => generated 0 bytes in 99 msecs (HTTP/1.1 204) 5 headers in 199 bytes (1 switches on core 0)
2026-04-22 21:48:13.835 8 INFO placement.requestlog [req-6cb8e64c-743c-45e6-a166-1fb87d2c8690 req-1e9cfd0e-72f2-493a-ba6e-775f9b0e0950 734ca2f67f104c59874f54b6cb4b94c4 32c177814e7f4f22b15d31fea30b232c - - 31010350a3994d5c9eb8e33495c71ead 31010350a3994d5c9eb8e33495c71ead] 199.204.45.74 "GET /allocations/7b29f51b-f5a1-44a9-807a-6fdbd6a0e3cb" status: 200 len: 257 microversion: 1.28 [pid: 8|app: 0|req: 298/595] 199.204.45.74 () {34 vars in 862 bytes} [Wed Apr 22 21:48:13 2026] GET /allocations/7b29f51b-f5a1-44a9-807a-6fdbd6a0e3cb => generated 257 bytes in 15 msecs (HTTP/1.1 200) 8 headers in 296 bytes (1 switches on core 0)
2026-04-22 21:48:14.664 7 INFO placement.requestlog [req-40a1165a-2c78-4eaf-ba57-68e390ec8e2e req-b4680a83-3e34-4240-825c-61e986dea0f0 734ca2f67f104c59874f54b6cb4b94c4 32c177814e7f4f22b15d31fea30b232c - - 31010350a3994d5c9eb8e33495c71ead 31010350a3994d5c9eb8e33495c71ead] 199.204.45.74 "GET /allocations/49bba87a-4adf-4060-ad2a-56369f7aba43" status: 200 len: 257 microversion: 1.28 [pid: 7|app: 0|req: 298/596] 199.204.45.74 () {34 vars in 862 bytes} [Wed Apr 22 21:48:14 2026] GET /allocations/49bba87a-4adf-4060-ad2a-56369f7aba43 => generated 257 bytes in 12 msecs (HTTP/1.1 200) 8 headers in 296 bytes (1 switches on core 0)
2026-04-22 21:48:14.883 8 INFO placement.requestlog [req-6cb8e64c-743c-45e6-a166-1fb87d2c8690 req-59afbfc6-5fed-4a81-a027-e8fd291a40b3 734ca2f67f104c59874f54b6cb4b94c4 32c177814e7f4f22b15d31fea30b232c - - 31010350a3994d5c9eb8e33495c71ead 31010350a3994d5c9eb8e33495c71ead] 199.204.45.74 "GET /resource_providers/2e7e786e-300f-4407-b934-2d429f289dd6/allocations" status: 200 len: 252 microversion: 1.0 [pid: 8|app: 0|req: 299/597] 199.204.45.74 () {32 vars in 856 bytes} [Wed Apr 22 21:48:14 2026] GET /resource_providers/2e7e786e-300f-4407-b934-2d429f289dd6/allocations => generated 252 bytes in 15 msecs (HTTP/1.1 200) 6 headers in 224 bytes (1 switches on core 0)
2026-04-22 21:48:14.900 7 INFO placement.requestlog [req-6cb8e64c-743c-45e6-a166-1fb87d2c8690 req-c04cefab-8398-41bf-b00f-ab94889f83db 734ca2f67f104c59874f54b6cb4b94c4 32c177814e7f4f22b15d31fea30b232c - - 31010350a3994d5c9eb8e33495c71ead 31010350a3994d5c9eb8e33495c71ead] 199.204.45.74 "GET /allocations/7b29f51b-f5a1-44a9-807a-6fdbd6a0e3cb" status: 200 len: 257 microversion: 1.28 [pid: 7|app: 0|req: 299/598] 199.204.45.74 () {34 vars in 862 bytes} [Wed Apr 22 21:48:14 2026] GET /allocations/7b29f51b-f5a1-44a9-807a-6fdbd6a0e3cb => generated 257 bytes in 11 msecs (HTTP/1.1 200) 8 headers in 296 bytes (1 switches on core 0)
2026-04-22 21:48:14.923 8 INFO placement.requestlog [req-6cb8e64c-743c-45e6-a166-1fb87d2c8690 req-ebcaf91a-64a7-4c93-b14c-081a48e85b44 734ca2f67f104c59874f54b6cb4b94c4 32c177814e7f4f22b15d31fea30b232c - - 31010350a3994d5c9eb8e33495c71ead 31010350a3994d5c9eb8e33495c71ead] 199.204.45.74 "GET /allocations/49bba87a-4adf-4060-ad2a-56369f7aba43" status: 200 len: 257 microversion: 1.28 [pid: 8|app: 0|req: 300/599] 199.204.45.74 () {34 vars in 862 bytes} [Wed Apr 22 21:48:14 2026] GET /allocations/49bba87a-4adf-4060-ad2a-56369f7aba43 => generated 257 bytes in 19 msecs (HTTP/1.1 200) 8 headers in 296 bytes (1 switches on core 0)
2026-04-22 21:48:15.124 8 INFO placement.requestlog [None req-6f4a3eb2-d28a-408e-84bd-f810ef007a31 08ebabc27a594bd580504afe26300d33 32c177814e7f4f22b15d31fea30b232c - - 31010350a3994d5c9eb8e33495c71ead 31010350a3994d5c9eb8e33495c71ead] 10.0.0.129 "GET /resource_providers/118582d1-95ba-449f-b610-41b16b1841d4/aggregates" status: 404 len: 235 microversion: 1.1 [pid: 8|app: 0|req: 301/600] 10.0.0.129 () {32 vars in 816 bytes} [Wed Apr 22 21:48:15 2026] GET /resource_providers/118582d1-95ba-449f-b610-41b16b1841d4/aggregates => generated 235 bytes in 59 msecs (HTTP/1.1 404) 5 headers in 202 bytes (1 switches on core 0)
2026-04-22 21:48:15.144 8 INFO placement.requestlog [None req-dbe678db-849d-4c29-8443-848195c8ee85 08ebabc27a594bd580504afe26300d33 32c177814e7f4f22b15d31fea30b232c - - 31010350a3994d5c9eb8e33495c71ead 31010350a3994d5c9eb8e33495c71ead] 10.0.0.129 "DELETE /resource_providers/118582d1-95ba-449f-b610-41b16b1841d4" status: 404 len: 246 microversion: 1.1 [pid: 8|app: 0|req: 302/601] 10.0.0.129 () {34 vars in 816 bytes} [Wed Apr 22 21:48:15 2026] DELETE /resource_providers/118582d1-95ba-449f-b610-41b16b1841d4 => generated 246 bytes in 9 msecs (HTTP/1.1 404) 6 headers in 231 bytes (1 switches on core 0)
2026-04-22 21:48:15.245 7 INFO placement.requestlog [None req-ff1b4a3a-cb50-4915-a101-4f3cf69059bb 08ebabc27a594bd580504afe26300d33 32c177814e7f4f22b15d31fea30b232c - - 31010350a3994d5c9eb8e33495c71ead 31010350a3994d5c9eb8e33495c71ead] 10.0.0.129 "GET /resource_providers/118582d1-95ba-449f-b610-41b16b1841d4/aggregates" status: 404 len: 235 microversion: 1.1 [pid: 7|app: 0|req: 300/602] 10.0.0.129 () {32 vars in 816 bytes} [Wed Apr 22 21:48:15 2026] GET /resource_providers/118582d1-95ba-449f-b610-41b16b1841d4/aggregates => generated 235 bytes in 181 msecs (HTTP/1.1 404) 5 headers in 202 bytes (1 switches on core 0)
2026-04-22 21:48:15.261 8 INFO placement.requestlog [None req-742ab773-0f26-4f98-a9c5-cdc3092ba513 08ebabc27a594bd580504afe26300d33 32c177814e7f4f22b15d31fea30b232c - - 31010350a3994d5c9eb8e33495c71ead 31010350a3994d5c9eb8e33495c71ead] 10.0.0.129 "DELETE /resource_providers/118582d1-95ba-449f-b610-41b16b1841d4" status: 404 len: 246 microversion: 1.1 [pid: 8|app: 0|req: 303/603] 10.0.0.129 () {34 vars in 816 bytes} [Wed Apr 22 21:48:15 2026] DELETE /resource_providers/118582d1-95ba-449f-b610-41b16b1841d4 => generated 246 bytes in 7 msecs (HTTP/1.1 404) 6 headers in 231 bytes (1 switches on core 0)
2026-04-22 21:48:16.992 7 INFO placement.requestlog [req-40a1165a-2c78-4eaf-ba57-68e390ec8e2e req-38baef4c-db9d-436e-a226-f2dc9ddb86ac 734ca2f67f104c59874f54b6cb4b94c4 32c177814e7f4f22b15d31fea30b232c - - 31010350a3994d5c9eb8e33495c71ead 31010350a3994d5c9eb8e33495c71ead] 199.204.45.74 "GET /resource_providers/2e7e786e-300f-4407-b934-2d429f289dd6/allocations" status: 200 len: 252 microversion: 1.0 [pid: 7|app: 0|req: 301/604] 199.204.45.74 () {32 vars in 856 bytes} [Wed Apr 22 21:48:16 2026] GET /resource_providers/2e7e786e-300f-4407-b934-2d429f289dd6/allocations => generated 252 bytes in 19 msecs (HTTP/1.1 200) 6 headers in 224 bytes (1 switches on core 0)
2026-04-22 21:48:17.006 8 INFO placement.requestlog [req-40a1165a-2c78-4eaf-ba57-68e390ec8e2e req-d3cad6a8-1e9c-41b7-827f-37ad0d0d0e52 734ca2f67f104c59874f54b6cb4b94c4 32c177814e7f4f22b15d31fea30b232c - - 31010350a3994d5c9eb8e33495c71ead 31010350a3994d5c9eb8e33495c71ead] 199.204.45.74 "GET /allocations/7b29f51b-f5a1-44a9-807a-6fdbd6a0e3cb" status: 200 len: 257 microversion: 1.28 [pid: 8|app: 0|req: 304/605] 199.204.45.74 () {34 vars in 862 bytes} [Wed Apr 22 21:48:16 2026] GET /allocations/7b29f51b-f5a1-44a9-807a-6fdbd6a0e3cb => generated 257 bytes in 10 msecs (HTTP/1.1 200) 8 headers in 296 bytes (1 switches on core 0)
2026-04-22 21:48:17.020 7 INFO placement.requestlog [req-40a1165a-2c78-4eaf-ba57-68e390ec8e2e req-6b6c0d89-1878-48d4-bbe9-eb493eba7bce 734ca2f67f104c59874f54b6cb4b94c4 32c177814e7f4f22b15d31fea30b232c - - 31010350a3994d5c9eb8e33495c71ead 31010350a3994d5c9eb8e33495c71ead] 199.204.45.74 "GET /allocations/49bba87a-4adf-4060-ad2a-56369f7aba43" status: 200 len: 257 microversion: 1.28 [pid: 7|app: 0|req: 302/606] 199.204.45.74 () {34 vars in 862 bytes} [Wed Apr 22 21:48:17 2026] GET /allocations/49bba87a-4adf-4060-ad2a-56369f7aba43 => generated 257 bytes in 11 msecs (HTTP/1.1 200) 8 headers in 296 bytes (1 switches on core 0)
2026-04-22 21:48:17.164 8 INFO placement.requestlog [None req-889fa2ea-567c-409c-b098-b05899a8ce50 08ebabc27a594bd580504afe26300d33 32c177814e7f4f22b15d31fea30b232c - - 31010350a3994d5c9eb8e33495c71ead 31010350a3994d5c9eb8e33495c71ead] 10.0.0.129 "GET /resource_providers/39952c61-6cfe-48b1-93d9-e7f9efcbcf1a/aggregates" status: 404 len: 235 microversion: 1.1 [pid: 8|app: 0|req: 305/607] 10.0.0.129 () {32 vars in 816 bytes} [Wed Apr 22 21:48:17 2026] GET /resource_providers/39952c61-6cfe-48b1-93d9-e7f9efcbcf1a/aggregates => generated 235 bytes in 10 msecs (HTTP/1.1 404) 5 headers in 202 bytes (1 switches on core 0)
2026-04-22 21:48:17.191 7 INFO placement.requestlog [None req-2ef17283-fbe5-4f15-9bb2-b561b72171b9 08ebabc27a594bd580504afe26300d33 32c177814e7f4f22b15d31fea30b232c - - 31010350a3994d5c9eb8e33495c71ead 31010350a3994d5c9eb8e33495c71ead] 10.0.0.129 "DELETE /resource_providers/39952c61-6cfe-48b1-93d9-e7f9efcbcf1a" status: 404 len: 246 microversion: 1.1 [pid: 7|app: 0|req: 303/608] 10.0.0.129 () {34 vars in 816 bytes} [Wed Apr 22 21:48:17 2026] DELETE /resource_providers/39952c61-6cfe-48b1-93d9-e7f9efcbcf1a => generated 246 bytes in 12 msecs (HTTP/1.1 404) 6 headers in 231 bytes (1 switches on core 0)
2026-04-22 21:48:17.209 8 INFO placement.requestlog [None req-3af870ec-efca-4a83-8857-c655000b426f 08ebabc27a594bd580504afe26300d33 32c177814e7f4f22b15d31fea30b232c - - 31010350a3994d5c9eb8e33495c71ead 31010350a3994d5c9eb8e33495c71ead] 10.0.0.129 "GET /resource_providers/b4eb66e3-dc0c-4b94-b1c1-023a4e0d7242/aggregates" status: 404 len: 235 microversion: 1.1 [pid: 8|app: 0|req: 306/609] 10.0.0.129 () {32 vars in 816 bytes} [Wed Apr 22 21:48:17 2026] GET /resource_providers/b4eb66e3-dc0c-4b94-b1c1-023a4e0d7242/aggregates => generated 235 bytes in 8 msecs (HTTP/1.1 404) 5 headers in 202 bytes (1 switches on core 0)
2026-04-22 21:48:17.230 7 INFO placement.requestlog [None req-663e2201-c8ec-4dee-8a72-9fd1150442fe 08ebabc27a594bd580504afe26300d33 32c177814e7f4f22b15d31fea30b232c - - 31010350a3994d5c9eb8e33495c71ead 31010350a3994d5c9eb8e33495c71ead] 10.0.0.129 "DELETE /resource_providers/b4eb66e3-dc0c-4b94-b1c1-023a4e0d7242" status: 404 len: 246 microversion: 1.1 [pid: 7|app: 0|req: 304/610] 10.0.0.129 () {34 vars in 816 bytes} [Wed Apr 22 21:48:17 2026] DELETE /resource_providers/b4eb66e3-dc0c-4b94-b1c1-023a4e0d7242 => generated 246 bytes in 10 msecs (HTTP/1.1 404) 6 headers in 231 bytes (1 switches on core 0)
2026-04-22 21:48:17.253 8 INFO placement.requestlog [None req-0e544942-6f7e-4128-b0ec-7ea5714b7380 08ebabc27a594bd580504afe26300d33 32c177814e7f4f22b15d31fea30b232c - - 31010350a3994d5c9eb8e33495c71ead 31010350a3994d5c9eb8e33495c71ead] 10.0.0.129 "GET /resource_providers/5b2ee860-3c48-4d28-a1d0-dcb7a3a8d4b1/aggregates" status: 404 len: 235 microversion: 1.1 [pid: 8|app: 0|req: 307/611] 10.0.0.129 () {32 vars in 816 bytes} [Wed Apr 22 21:48:17 2026] GET /resource_providers/5b2ee860-3c48-4d28-a1d0-dcb7a3a8d4b1/aggregates => generated 235 bytes in 11 msecs (HTTP/1.1 404) 5 headers in 202 bytes (1 switches on core 0)
2026-04-22 21:48:17.285 7 INFO placement.requestlog [None req-cdcb5a7e-5f86-4861-b06d-3bd0450c6767 08ebabc27a594bd580504afe26300d33 32c177814e7f4f22b15d31fea30b232c - - 31010350a3994d5c9eb8e33495c71ead 31010350a3994d5c9eb8e33495c71ead] 10.0.0.129 "DELETE /resource_providers/5b2ee860-3c48-4d28-a1d0-dcb7a3a8d4b1" status: 404 len: 246 microversion: 1.1 [pid: 7|app: 0|req: 305/612] 10.0.0.129 () {34 vars in 816 bytes} [Wed Apr 22 21:48:17 2026] DELETE /resource_providers/5b2ee860-3c48-4d28-a1d0-dcb7a3a8d4b1 => generated 246 bytes in 8 msecs (HTTP/1.1 404) 6 headers in 231 bytes (1 switches on core 0)
2026-04-22 21:48:17.291 8 INFO placement.requestlog [None req-50f8982e-e685-41ee-950a-5896ad88435b 08ebabc27a594bd580504afe26300d33 32c177814e7f4f22b15d31fea30b232c - - 31010350a3994d5c9eb8e33495c71ead 31010350a3994d5c9eb8e33495c71ead] 10.0.0.129 "GET /resource_providers/39952c61-6cfe-48b1-93d9-e7f9efcbcf1a/aggregates" status: 404 len: 235 microversion: 1.1 [pid: 8|app: 0|req: 308/613] 10.0.0.129 () {32 vars in 816 bytes} [Wed Apr 22 21:48:17 2026] GET /resource_providers/39952c61-6cfe-48b1-93d9-e7f9efcbcf1a/aggregates => generated 235 bytes in 14 msecs (HTTP/1.1 404) 5 headers in 202 bytes (1 switches on core 0)
2026-04-22 21:48:17.320 7 INFO placement.requestlog [None req-3f5be281-17c1-4bb2-bd09-6d0d228440a9 08ebabc27a594bd580504afe26300d33 32c177814e7f4f22b15d31fea30b232c - - 31010350a3994d5c9eb8e33495c71ead 31010350a3994d5c9eb8e33495c71ead] 10.0.0.129 "DELETE /resource_providers/39952c61-6cfe-48b1-93d9-e7f9efcbcf1a" status: 404 len: 246 microversion: 1.1 [pid: 7|app: 0|req: 306/614] 10.0.0.129 () {34 vars in 816 bytes} [Wed Apr 22 21:48:17 2026] DELETE /resource_providers/39952c61-6cfe-48b1-93d9-e7f9efcbcf1a => generated 246 bytes in 9 msecs (HTTP/1.1 404) 6 headers in 231 bytes (1 switches on core 0)
2026-04-22 21:48:17.340 8 INFO placement.requestlog [None req-3723bf92-fe63-4b3b-aab7-ec3f9f6f8aff 08ebabc27a594bd580504afe26300d33 32c177814e7f4f22b15d31fea30b232c - - 31010350a3994d5c9eb8e33495c71ead 31010350a3994d5c9eb8e33495c71ead] 10.0.0.129 "GET /resource_providers/b4eb66e3-dc0c-4b94-b1c1-023a4e0d7242/aggregates" status: 404 len: 235 microversion: 1.1 [pid: 8|app: 0|req: 309/615] 10.0.0.129 () {32 vars in 816 bytes} [Wed Apr 22 21:48:17 2026] GET /resource_providers/b4eb66e3-dc0c-4b94-b1c1-023a4e0d7242/aggregates => generated 235 bytes in 10 msecs (HTTP/1.1 404) 5 headers in 202 bytes (1 switches on core 0)
2026-04-22 21:48:17.357 7 INFO placement.requestlog [None req-d3c6e0bc-acd3-4946-bf59-451badc90ec6 08ebabc27a594bd580504afe26300d33 32c177814e7f4f22b15d31fea30b232c - - 31010350a3994d5c9eb8e33495c71ead 31010350a3994d5c9eb8e33495c71ead] 10.0.0.129 "DELETE /resource_providers/b4eb66e3-dc0c-4b94-b1c1-023a4e0d7242" status: 404 len: 246 microversion: 1.1 [pid: 7|app: 0|req: 307/616] 10.0.0.129 () {34 vars in 816 bytes} [Wed Apr 22 21:48:17 2026] DELETE /resource_providers/b4eb66e3-dc0c-4b94-b1c1-023a4e0d7242 => generated 246 bytes in 7 msecs (HTTP/1.1 404) 6 headers in 231 bytes (1 switches on core 0)
2026-04-22 21:48:17.383 8 INFO placement.requestlog [None req-357630d8-edf5-4919-82f9-d9cd20bfbf46 08ebabc27a594bd580504afe26300d33 32c177814e7f4f22b15d31fea30b232c - - 31010350a3994d5c9eb8e33495c71ead 31010350a3994d5c9eb8e33495c71ead] 10.0.0.129 "GET /resource_providers/5b2ee860-3c48-4d28-a1d0-dcb7a3a8d4b1/aggregates" status: 404 len: 235 microversion: 1.1 [pid: 8|app: 0|req: 310/617] 10.0.0.129 () {32 vars in 816 bytes} [Wed Apr 22 21:48:17 2026] GET /resource_providers/5b2ee860-3c48-4d28-a1d0-dcb7a3a8d4b1/aggregates => generated 235 bytes in 8 msecs (HTTP/1.1 404) 5 headers in 202 bytes (1 switches on core 0)
2026-04-22 21:48:17.404 7 INFO placement.requestlog [None req-2d46fc45-eff9-442a-bb5b-07a03f85be8b 08ebabc27a594bd580504afe26300d33 32c177814e7f4f22b15d31fea30b232c - - 31010350a3994d5c9eb8e33495c71ead 31010350a3994d5c9eb8e33495c71ead] 10.0.0.129 "DELETE /resource_providers/5b2ee860-3c48-4d28-a1d0-dcb7a3a8d4b1" status: 404 len: 246 microversion: 1.1 [pid: 7|app: 0|req: 308/618] 10.0.0.129 () {34 vars in 816 bytes} [Wed Apr 22 21:48:17 2026] DELETE /resource_providers/5b2ee860-3c48-4d28-a1d0-dcb7a3a8d4b1 => generated 246 bytes in 8 msecs (HTTP/1.1 404) 6 headers in 231 bytes (1 switches on core 0)
2026-04-22 21:48:19.878 7 INFO placement.requestlog [None req-084379ab-126a-4ba3-b0b7-d3851d783c32 - - - - - -] 10.0.0.49 "GET /" status: 200 len: 136 microversion: 1.0
2026-04-22 21:48:19.878 8 INFO placement.requestlog [None req-08bafb2d-a504-431d-9099-57da1d13a95e - - - - - -] 10.0.0.49 "GET /" status: 200 len: 136 microversion: 1.0
2026-04-22 21:48:23.392 8 INFO placement.requestlog [req-9315f395-23e5-48a9-b6d6-0659d71c0a9c req-725befc0-747b-40d9-8456-8e719cd6901d 734ca2f67f104c59874f54b6cb4b94c4 32c177814e7f4f22b15d31fea30b232c - - 31010350a3994d5c9eb8e33495c71ead 31010350a3994d5c9eb8e33495c71ead] 10.0.0.27 "GET /allocation_candidates?limit=1000&resources=DISK_GB%3A1%2CMEMORY_MB%3A512%2CVCPU%3A1&root_required=%21COMPUTE_STATUS_DISABLED" status: 200 len: 2784 microversion: 1.36 [pid: 8|app: 0|req: 312/621] 10.0.0.27 () {34 vars in 1011 bytes} [Wed Apr 22 21:48:23 2026] GET /allocation_candidates?limit=1000&resources=DISK_GB%3A1%2CMEMORY_MB%3A512%2CVCPU%3A1&root_required=%21COMPUTE_STATUS_DISABLED => generated 2784 bytes in 58 msecs (HTTP/1.1 200) 8 headers in 297 bytes (1 switches on core 0)
2026-04-22 21:48:23.442 7 INFO placement.requestlog [req-9315f395-23e5-48a9-b6d6-0659d71c0a9c req-f0f165e3-0cc8-4bd9-9af6-14d0822ee8e8 734ca2f67f104c59874f54b6cb4b94c4 32c177814e7f4f22b15d31fea30b232c - - 31010350a3994d5c9eb8e33495c71ead 31010350a3994d5c9eb8e33495c71ead] 10.0.0.27 "GET /allocations/0bc2207c-8014-447c-875a-2aeddf6fb4a1" status: 200 len: 19 microversion: 1.28 [pid: 7|app: 0|req: 310/622] 10.0.0.27 () {34 vars in 860 bytes} [Wed Apr 22 21:48:23 2026] GET /allocations/0bc2207c-8014-447c-875a-2aeddf6fb4a1 => generated 19 bytes in 16 msecs (HTTP/1.1 200) 8 headers in 295 bytes (1 switches on core 0)
2026-04-22 21:48:23.531 8 INFO placement.requestlog [req-9315f395-23e5-48a9-b6d6-0659d71c0a9c req-476acd55-a2a2-4ad8-8eaa-527ec27fab5e 734ca2f67f104c59874f54b6cb4b94c4 32c177814e7f4f22b15d31fea30b232c - - 31010350a3994d5c9eb8e33495c71ead 31010350a3994d5c9eb8e33495c71ead] 10.0.0.27 "PUT /allocations/0bc2207c-8014-447c-875a-2aeddf6fb4a1" status: 204 len: 0 microversion: 1.36 [pid: 8|app: 0|req: 313/623] 10.0.0.27 () {38 vars in 913 bytes} [Wed Apr 22 21:48:23 2026] PUT /allocations/0bc2207c-8014-447c-875a-2aeddf6fb4a1 => generated 0 bytes in 82 msecs (HTTP/1.1 204) 5 headers in 199 bytes (1 switches on core 0)
2026-04-22 21:48:24.997 7 INFO placement.requestlog [req-9315f395-23e5-48a9-b6d6-0659d71c0a9c req-afc1f044-ba89-40bb-af03-3ecbddfab246 734ca2f67f104c59874f54b6cb4b94c4 32c177814e7f4f22b15d31fea30b232c - - 31010350a3994d5c9eb8e33495c71ead 31010350a3994d5c9eb8e33495c71ead] 199.204.45.74 "GET /allocations/0bc2207c-8014-447c-875a-2aeddf6fb4a1" status: 200 len: 257 microversion: 1.28 [pid: 7|app: 0|req: 311/624] 199.204.45.74 () {34 vars in 862 bytes} [Wed Apr 22 21:48:24 2026] GET /allocations/0bc2207c-8014-447c-875a-2aeddf6fb4a1 => generated 257 bytes in 28 msecs (HTTP/1.1 200) 8 headers in 296 bytes (1 switches on core 0)
2026-04-22 21:48:26.043 8 INFO placement.requestlog [req-9315f395-23e5-48a9-b6d6-0659d71c0a9c req-a162ea69-27cc-4757-9cbd-cd3bae8badc2 734ca2f67f104c59874f54b6cb4b94c4 32c177814e7f4f22b15d31fea30b232c - - 31010350a3994d5c9eb8e33495c71ead 31010350a3994d5c9eb8e33495c71ead] 199.204.45.74 "GET /resource_providers/2e7e786e-300f-4407-b934-2d429f289dd6/allocations" status: 200 len: 352 microversion: 1.0 [pid: 8|app: 0|req: 314/625] 199.204.45.74 () {32 vars in 856 bytes} [Wed Apr 22 21:48:26 2026] GET /resource_providers/2e7e786e-300f-4407-b934-2d429f289dd6/allocations => generated 352 bytes in 18 msecs (HTTP/1.1 200) 6 headers in 224 bytes (1 switches on core 0)
2026-04-22 21:48:26.065 7 INFO placement.requestlog [req-9315f395-23e5-48a9-b6d6-0659d71c0a9c req-6de97d44-79c0-4725-99d6-0484ddeb3887 734ca2f67f104c59874f54b6cb4b94c4 32c177814e7f4f22b15d31fea30b232c - - 31010350a3994d5c9eb8e33495c71ead 31010350a3994d5c9eb8e33495c71ead] 199.204.45.74 "GET /allocations/7b29f51b-f5a1-44a9-807a-6fdbd6a0e3cb" status: 200 len: 257 microversion: 1.28 [pid: 7|app: 0|req: 312/626] 199.204.45.74 () {34 vars in 862 bytes} [Wed Apr 22 21:48:26 2026] GET /allocations/7b29f51b-f5a1-44a9-807a-6fdbd6a0e3cb => generated 257 bytes in 13 msecs (HTTP/1.1 200) 8 headers in 296 bytes (1 switches on core 0)
2026-04-22 21:48:26.081 8 INFO placement.requestlog [req-9315f395-23e5-48a9-b6d6-0659d71c0a9c req-5989f391-98fb-405e-8e9b-6bdc5daa8ac4 734ca2f67f104c59874f54b6cb4b94c4 32c177814e7f4f22b15d31fea30b232c - - 31010350a3994d5c9eb8e33495c71ead 31010350a3994d5c9eb8e33495c71ead] 199.204.45.74 "GET /allocations/49bba87a-4adf-4060-ad2a-56369f7aba43" status: 200 len: 257 microversion: 1.28 [pid: 8|app: 0|req: 315/627] 199.204.45.74 () {34 vars in 862 bytes} [Wed Apr 22 21:48:26 2026] GET /allocations/49bba87a-4adf-4060-ad2a-56369f7aba43 => generated 257 bytes in 9 msecs (HTTP/1.1 200) 8 headers in 296 bytes (1 switches on core 0)
2026-04-22 21:48:26.099 7 INFO placement.requestlog [req-9315f395-23e5-48a9-b6d6-0659d71c0a9c req-812e2c5c-c648-447d-bccd-2df282f4f51c 734ca2f67f104c59874f54b6cb4b94c4 32c177814e7f4f22b15d31fea30b232c - - 31010350a3994d5c9eb8e33495c71ead 31010350a3994d5c9eb8e33495c71ead] 199.204.45.74 "GET /allocations/0bc2207c-8014-447c-875a-2aeddf6fb4a1" status: 200 len: 257 microversion: 1.28 [pid: 7|app: 0|req: 313/628] 199.204.45.74 () {34 vars in 862 bytes} [Wed Apr 22 21:48:26 2026] GET /allocations/0bc2207c-8014-447c-875a-2aeddf6fb4a1 => generated 257 bytes in 11 msecs (HTTP/1.1 200) 8 headers in 296 bytes (1 switches on core 0)
2026-04-22 21:48:29.879 8 INFO placement.requestlog [None req-f4157c13-e9ac-4827-9f4e-e0aa3ee22a2d - - - - - -] 10.0.0.49 "GET /" status: 200 len: 136 microversion: 1.0
2026-04-22 21:48:29.879 7 INFO placement.requestlog [None req-6d031bea-3b56-4cec-ab5a-f4e4bf3abe7a - - - - - -] 10.0.0.49 "GET /" status: 200 len: 136 microversion: 1.0
2026-04-22 21:48:38.053 8 INFO placement.requestlog [req-5c21d690-5dc9-426a-88da-8bfe723b3d37 req-5c6a0ee5-cf25-411c-81db-9133af33648e 734ca2f67f104c59874f54b6cb4b94c4 32c177814e7f4f22b15d31fea30b232c - - 31010350a3994d5c9eb8e33495c71ead 31010350a3994d5c9eb8e33495c71ead] 199.204.45.74 "GET /resource_providers/2e7e786e-300f-4407-b934-2d429f289dd6/allocations" status: 200 len: 352 microversion: 1.0 [pid: 8|app: 0|req: 317/631] 199.204.45.74 () {32 vars in 856 bytes} [Wed Apr 22 21:48:38 2026] GET /resource_providers/2e7e786e-300f-4407-b934-2d429f289dd6/allocations => generated 352 bytes in 17 msecs (HTTP/1.1 200) 6 headers in 224 bytes (1 switches on core 0)
2026-04-22 21:48:38.071 7 INFO placement.requestlog [req-5c21d690-5dc9-426a-88da-8bfe723b3d37 req-bb4f3bd4-f5fd-43e8-94fc-c78e97d7c283 734ca2f67f104c59874f54b6cb4b94c4 32c177814e7f4f22b15d31fea30b232c - - 31010350a3994d5c9eb8e33495c71ead 31010350a3994d5c9eb8e33495c71ead] 199.204.45.74 "GET /allocations/7b29f51b-f5a1-44a9-807a-6fdbd6a0e3cb" status: 200 len: 257 microversion: 1.28 [pid: 7|app: 0|req: 315/632] 199.204.45.74 () {34 vars in 862 bytes} [Wed Apr 22 21:48:38 2026] GET /allocations/7b29f51b-f5a1-44a9-807a-6fdbd6a0e3cb => generated 257 bytes in 11 msecs (HTTP/1.1 200) 8 headers in 296 bytes (1 switches on core 0)
2026-04-22 21:48:38.084 8 INFO placement.requestlog [req-5c21d690-5dc9-426a-88da-8bfe723b3d37 req-06a72e7e-9aa6-4b26-95b4-4fa4668774e7 734ca2f67f104c59874f54b6cb4b94c4 32c177814e7f4f22b15d31fea30b232c - - 31010350a3994d5c9eb8e33495c71ead 31010350a3994d5c9eb8e33495c71ead] 199.204.45.74 "GET /allocations/49bba87a-4adf-4060-ad2a-56369f7aba43" status: 200 len: 257 microversion: 1.28 [pid: 8|app: 0|req: 318/633] 199.204.45.74 () {34 vars in 862 bytes} [Wed Apr 22 21:48:38 2026] GET /allocations/49bba87a-4adf-4060-ad2a-56369f7aba43 => generated 257 bytes in 8 msecs (HTTP/1.1 200) 8 headers in 296 bytes (1 switches on core 0)
2026-04-22 21:48:38.106 7 INFO placement.requestlog [req-5c21d690-5dc9-426a-88da-8bfe723b3d37 req-328d487e-631f-477e-97dd-fb669c3b32e7 734ca2f67f104c59874f54b6cb4b94c4 32c177814e7f4f22b15d31fea30b232c - - 31010350a3994d5c9eb8e33495c71ead 31010350a3994d5c9eb8e33495c71ead] 199.204.45.74 "GET /allocations/0bc2207c-8014-447c-875a-2aeddf6fb4a1" status: 200 len: 257 microversion: 1.28 [pid: 7|app: 0|req: 316/634] 199.204.45.74 () {34 vars in 862 bytes} [Wed Apr 22 21:48:38 2026] GET /allocations/0bc2207c-8014-447c-875a-2aeddf6fb4a1 => generated 257 bytes in 15 msecs (HTTP/1.1 200) 8 headers in 296 bytes (1 switches on core 0)
2026-04-22 21:48:39.153 8 INFO placement.requestlog [req-5c21d690-5dc9-426a-88da-8bfe723b3d37 req-8774668b-7f86-466c-98ed-6aeb8599bcf4 734ca2f67f104c59874f54b6cb4b94c4 32c177814e7f4f22b15d31fea30b232c - - 31010350a3994d5c9eb8e33495c71ead 31010350a3994d5c9eb8e33495c71ead] 199.204.45.74 "DELETE /allocations/49bba87a-4adf-4060-ad2a-56369f7aba43" status: 204 len: 0 microversion: 1.0 [pid: 8|app: 0|req: 319/635] 199.204.45.74 () {34 vars in 840 bytes} [Wed Apr 22 21:48:39 2026] DELETE /allocations/49bba87a-4adf-4060-ad2a-56369f7aba43 => generated 0 bytes in 21 msecs (HTTP/1.1 204) 5 headers in 198 bytes (1 switches on core 0)
2026-04-22 21:48:39.878 7 INFO placement.requestlog [None req-12ebdb7e-7159-4c2d-bbe7-bf09f82b5c99 - - - - - -] 10.0.0.49 "GET /" status: 200 len: 136 microversion: 1.0
2026-04-22 21:48:39.878 8 INFO placement.requestlog [None req-e1b8b1ec-9875-4b30-ae6f-6967eff59d2a - - - - - -] 10.0.0.49 "GET /" status: 200 len: 136 microversion: 1.0
2026-04-22 21:48:41.995 8 INFO placement.requestlog [None req-e6139595-2ae6-42be-9262-0152c2d44832 08ebabc27a594bd580504afe26300d33 32c177814e7f4f22b15d31fea30b232c - - 31010350a3994d5c9eb8e33495c71ead 31010350a3994d5c9eb8e33495c71ead] 10.0.0.129 "GET /resource_providers/87c03f29-c97b-4073-a8fa-ecbc78fa69e2/aggregates" status: 404 len: 235 microversion: 1.1 [pid: 8|app: 0|req: 321/638] 10.0.0.129 () {32 vars in 816 bytes} [Wed Apr 22 21:48:41 2026] GET /resource_providers/87c03f29-c97b-4073-a8fa-ecbc78fa69e2/aggregates => generated 235 bytes in 99 msecs (HTTP/1.1 404) 5 headers in 202 bytes (1 switches on core 0)
2026-04-22 21:48:42.030 7 INFO placement.requestlog [None req-f9df0b43-4eca-4fd6-9bcb-75c573e94c48 08ebabc27a594bd580504afe26300d33 32c177814e7f4f22b15d31fea30b232c - - 31010350a3994d5c9eb8e33495c71ead 31010350a3994d5c9eb8e33495c71ead] 10.0.0.129 "GET /resource_providers/87c03f29-c97b-4073-a8fa-ecbc78fa69e2/aggregates" status: 404 len: 235 microversion: 1.1 [pid: 7|app: 0|req: 318/639] 10.0.0.129 () {32 vars in 816 bytes} [Wed Apr 22 21:48:41 2026] GET /resource_providers/87c03f29-c97b-4073-a8fa-ecbc78fa69e2/aggregates => generated 235 bytes in 133 msecs (HTTP/1.1 404) 5 headers in 202 bytes (1 switches on core 0)
2026-04-22 21:48:42.031 8 INFO placement.requestlog [None req-ba927fe1-b572-4a12-aa34-2ddc748fc3c8 08ebabc27a594bd580504afe26300d33 32c177814e7f4f22b15d31fea30b232c - - 31010350a3994d5c9eb8e33495c71ead 31010350a3994d5c9eb8e33495c71ead] 10.0.0.129 "DELETE /resource_providers/87c03f29-c97b-4073-a8fa-ecbc78fa69e2" status: 404 len: 246 microversion: 1.1 [pid: 8|app: 0|req: 322/640] 10.0.0.129 () {34 vars in 816 bytes} [Wed Apr 22 21:48:42 2026] DELETE /resource_providers/87c03f29-c97b-4073-a8fa-ecbc78fa69e2 => generated 246 bytes in 14 msecs (HTTP/1.1 404) 6 headers in 231 bytes (1 switches on core 0)
2026-04-22 21:48:42.047 7 INFO placement.requestlog [None req-ba484be7-d6b3-4de6-924a-5c1e1b8df0f4 08ebabc27a594bd580504afe26300d33 32c177814e7f4f22b15d31fea30b232c - - 31010350a3994d5c9eb8e33495c71ead 31010350a3994d5c9eb8e33495c71ead] 10.0.0.129 "DELETE /resource_providers/87c03f29-c97b-4073-a8fa-ecbc78fa69e2" status: 404 len: 246 microversion: 1.1 [pid: 7|app: 0|req: 319/641] 10.0.0.129 () {34 vars in 816 bytes} [Wed Apr 22 21:48:42 2026] DELETE /resource_providers/87c03f29-c97b-4073-a8fa-ecbc78fa69e2 => generated 246 bytes in 8 msecs (HTTP/1.1 404) 6 headers in 231 bytes (1 switches on core 0)
2026-04-22 21:48:44.058 8 INFO placement.requestlog [None req-8c0dcfbc-083b-4beb-8800-7487d4f8a439 08ebabc27a594bd580504afe26300d33 32c177814e7f4f22b15d31fea30b232c - - 31010350a3994d5c9eb8e33495c71ead 31010350a3994d5c9eb8e33495c71ead] 10.0.0.129 "GET /resource_providers/f652620d-a24a-42df-aa24-d2902aa4d5de/aggregates" status: 404 len: 235 microversion: 1.1 [pid: 8|app: 0|req: 323/642] 10.0.0.129 () {32 vars in 816 bytes} [Wed Apr 22 21:48:44 2026] GET /resource_providers/f652620d-a24a-42df-aa24-d2902aa4d5de/aggregates => generated 235 bytes in 13 msecs (HTTP/1.1 404) 5 headers in 202 bytes (1 switches on core 0)
2026-04-22 21:48:44.068 7 INFO placement.requestlog [None req-59068b9b-3001-437b-a2b2-8f2fd8067e06 08ebabc27a594bd580504afe26300d33 32c177814e7f4f22b15d31fea30b232c - - 31010350a3994d5c9eb8e33495c71ead 31010350a3994d5c9eb8e33495c71ead] 10.0.0.129 "GET /resource_providers/f652620d-a24a-42df-aa24-d2902aa4d5de/aggregates" status: 404 len: 235 microversion: 1.1 [pid: 7|app: 0|req: 320/643] 10.0.0.129 () {32 vars in 816 bytes} [Wed Apr 22 21:48:44 2026] GET /resource_providers/f652620d-a24a-42df-aa24-d2902aa4d5de/aggregates => generated 235 bytes in 14 msecs (HTTP/1.1 404) 5 headers in 202 bytes (1 switches on core 0)
2026-04-22 21:48:44.070 8 INFO placement.requestlog [None req-dc86e4e4-bd10-4245-b6b3-9f55b13dee4f 08ebabc27a594bd580504afe26300d33 32c177814e7f4f22b15d31fea30b232c - - 31010350a3994d5c9eb8e33495c71ead 31010350a3994d5c9eb8e33495c71ead] 10.0.0.129 "DELETE /resource_providers/f652620d-a24a-42df-aa24-d2902aa4d5de" status: 404 len: 246 microversion: 1.1 [pid: 8|app: 0|req: 324/644] 10.0.0.129 () {34 vars in 816 bytes} [Wed Apr 22 21:48:44 2026] DELETE /resource_providers/f652620d-a24a-42df-aa24-d2902aa4d5de => generated 246 bytes in 6 msecs (HTTP/1.1 404) 6 headers in 231 bytes (1 switches on core 0)
2026-04-22 21:48:44.086 7 INFO placement.requestlog [None req-9e244997-e296-4eae-8c35-c444d9a2189e 08ebabc27a594bd580504afe26300d33 32c177814e7f4f22b15d31fea30b232c - - 31010350a3994d5c9eb8e33495c71ead 31010350a3994d5c9eb8e33495c71ead] 10.0.0.129 "DELETE /resource_providers/f652620d-a24a-42df-aa24-d2902aa4d5de" status: 404 len: 246 microversion: 1.1 [pid: 7|app: 0|req: 321/645] 10.0.0.129 () {34 vars in 816 bytes} [Wed Apr 22 21:48:44 2026] DELETE /resource_providers/f652620d-a24a-42df-aa24-d2902aa4d5de => generated 246 bytes in 11 msecs (HTTP/1.1 404) 6 headers in 231 bytes (1 switches on core 0)
2026-04-22 21:48:49.878 8 INFO placement.requestlog [None req-eb02cb10-ed73-4a99-bbe0-6fee87a4ba5f - - - - - -] 10.0.0.49 "GET /" status: 200 len: 136 microversion: 1.0
2026-04-22 21:48:49.878 7 INFO placement.requestlog [None req-0e75ac43-53d9-400d-b87a-30b833bb94fc - - - - - -] 10.0.0.49 "GET /" status: 200 len: 136 microversion: 1.0
2026-04-22 21:48:50.854 7 INFO placement.requestlog [None req-8705c47a-d42d-4fa7-b5cd-8f75d4e28c2f 08ebabc27a594bd580504afe26300d33 32c177814e7f4f22b15d31fea30b232c - - 31010350a3994d5c9eb8e33495c71ead 31010350a3994d5c9eb8e33495c71ead] 10.0.0.129 "GET /resource_providers/4df270fd-76d7-4714-a0a2-2fa6fe5e9a6c/aggregates" status: 404 len: 235 microversion: 1.1 [pid: 7|app: 0|req: 323/648] 10.0.0.129 () {32 vars in 816 bytes} [Wed Apr 22 21:48:50 2026] GET /resource_providers/4df270fd-76d7-4714-a0a2-2fa6fe5e9a6c/aggregates => generated 235 bytes in 11 msecs (HTTP/1.1 404) 5 headers in 202 bytes (1 switches on core 0)
2026-04-22 21:48:50.860 8 INFO placement.requestlog [None req-027bce61-d1af-40fb-94d3-a022fdb6b27f 08ebabc27a594bd580504afe26300d33 32c177814e7f4f22b15d31fea30b232c - - 31010350a3994d5c9eb8e33495c71ead 31010350a3994d5c9eb8e33495c71ead] 10.0.0.129 "GET /resource_providers/4df270fd-76d7-4714-a0a2-2fa6fe5e9a6c/aggregates" status: 404 len: 235 microversion: 1.1 [pid: 8|app: 0|req: 326/649] 10.0.0.129 () {32 vars in 816 bytes} [Wed Apr 22 21:48:50 2026] GET /resource_providers/4df270fd-76d7-4714-a0a2-2fa6fe5e9a6c/aggregates => generated 235 bytes in 11 msecs (HTTP/1.1 404) 5 headers in 202 bytes (1 switches on core 0)
2026-04-22 21:48:50.877 7 INFO placement.requestlog [None req-b8fee95e-b73f-405a-8ef5-57e31bcb38c7 08ebabc27a594bd580504afe26300d33 32c177814e7f4f22b15d31fea30b232c - - 31010350a3994d5c9eb8e33495c71ead 31010350a3994d5c9eb8e33495c71ead] 10.0.0.129 "DELETE /resource_providers/4df270fd-76d7-4714-a0a2-2fa6fe5e9a6c" status: 404 len: 246 microversion: 1.1 [pid: 7|app: 0|req: 324/650] 10.0.0.129 () {34 vars in 816 bytes} [Wed Apr 22 21:48:50 2026] DELETE /resource_providers/4df270fd-76d7-4714-a0a2-2fa6fe5e9a6c => generated 246 bytes in 8 msecs (HTTP/1.1 404) 6 headers in 231 bytes (1 switches on core 0)
2026-04-22 21:48:50.883 8 INFO placement.requestlog [None req-ed41094a-3668-4cdc-b90d-2d0c3da14e5e 08ebabc27a594bd580504afe26300d33 32c177814e7f4f22b15d31fea30b232c - - 31010350a3994d5c9eb8e33495c71ead 31010350a3994d5c9eb8e33495c71ead] 10.0.0.129 "DELETE /resource_providers/4df270fd-76d7-4714-a0a2-2fa6fe5e9a6c" status: 404 len: 246 microversion: 1.1 [pid: 8|app: 0|req: 327/651] 10.0.0.129 () {34 vars in 816 bytes} [Wed Apr 22 21:48:50 2026] DELETE /resource_providers/4df270fd-76d7-4714-a0a2-2fa6fe5e9a6c => generated 246 bytes in 10 msecs (HTTP/1.1 404) 6 headers in 231 bytes (1 switches on core 0)
2026-04-22 21:48:52.895 7 INFO placement.requestlog [None req-bd0b40e1-733c-4914-b42b-0a53e8c8ab85 08ebabc27a594bd580504afe26300d33 32c177814e7f4f22b15d31fea30b232c - - 31010350a3994d5c9eb8e33495c71ead 31010350a3994d5c9eb8e33495c71ead] 10.0.0.129 "GET /resource_providers/be9e90a1-0bcd-4700-a2d6-885e4a2ef36c/aggregates" status: 404 len: 235 microversion: 1.1 [pid: 7|app: 0|req: 325/652] 10.0.0.129 () {32 vars in 816 bytes} [Wed Apr 22 21:48:52 2026] GET /resource_providers/be9e90a1-0bcd-4700-a2d6-885e4a2ef36c/aggregates => generated 235 bytes in 10 msecs (HTTP/1.1 404) 5 headers in 202 bytes (1 switches on core 0)
2026-04-22 21:48:52.903 8 INFO placement.requestlog [None req-6393d4e8-60cc-449e-a20d-ca57bd5059c6 08ebabc27a594bd580504afe26300d33 32c177814e7f4f22b15d31fea30b232c - - 31010350a3994d5c9eb8e33495c71ead 31010350a3994d5c9eb8e33495c71ead] 10.0.0.129 "GET /resource_providers/be9e90a1-0bcd-4700-a2d6-885e4a2ef36c/aggregates" status: 404 len: 235 microversion: 1.1 [pid: 8|app: 0|req: 328/653] 10.0.0.129 () {32 vars in 816 bytes} [Wed Apr 22 21:48:52 2026] GET /resource_providers/be9e90a1-0bcd-4700-a2d6-885e4a2ef36c/aggregates => generated 235 bytes in 10 msecs (HTTP/1.1 404) 5 headers in 202 bytes (1 switches on core 0)
2026-04-22 21:48:52.910 7 INFO placement.requestlog [None req-fa9f9c41-6fa3-4e75-b974-d6cd1f509ca7 08ebabc27a594bd580504afe26300d33 32c177814e7f4f22b15d31fea30b232c - - 31010350a3994d5c9eb8e33495c71ead 31010350a3994d5c9eb8e33495c71ead] 10.0.0.129 "DELETE /resource_providers/be9e90a1-0bcd-4700-a2d6-885e4a2ef36c" status: 404 len: 246 microversion: 1.1 [pid: 7|app: 0|req: 326/654] 10.0.0.129 () {34 vars in 816 bytes} [Wed Apr 22 21:48:52 2026] DELETE /resource_providers/be9e90a1-0bcd-4700-a2d6-885e4a2ef36c => generated 246 bytes in 8 msecs (HTTP/1.1 404) 6 headers in 231 bytes (1 switches on core 0)
2026-04-22 21:48:52.918 8 INFO placement.requestlog [None req-58e7062a-26d1-4f58-a1d5-494e30c49e0b 08ebabc27a594bd580504afe26300d33 32c177814e7f4f22b15d31fea30b232c - - 31010350a3994d5c9eb8e33495c71ead 31010350a3994d5c9eb8e33495c71ead] 10.0.0.129 "DELETE /resource_providers/be9e90a1-0bcd-4700-a2d6-885e4a2ef36c" status: 404 len: 246 microversion: 1.1 [pid: 8|app: 0|req: 329/655] 10.0.0.129 () {34 vars in 816 bytes} [Wed Apr 22 21:48:52 2026] DELETE /resource_providers/be9e90a1-0bcd-4700-a2d6-885e4a2ef36c => generated 246 bytes in 8 msecs (HTTP/1.1 404) 6 headers in 231 bytes (1 switches on core 0)
2026-04-22 21:48:54.282 7 INFO placement.requestlog [None req-8aa6e359-b023-4137-8e83-c66850a9a803 08ebabc27a594bd580504afe26300d33 32c177814e7f4f22b15d31fea30b232c - - 31010350a3994d5c9eb8e33495c71ead 31010350a3994d5c9eb8e33495c71ead] 10.0.0.129 "GET /resource_providers/40d32c23-7bbd-456b-98db-ecd4bf2185db/aggregates" status: 404 len: 235 microversion: 1.1 [pid: 7|app: 0|req: 327/656] 10.0.0.129 () {32 vars in 816 bytes} [Wed Apr 22 21:48:54 2026] GET /resource_providers/40d32c23-7bbd-456b-98db-ecd4bf2185db/aggregates => generated 235 bytes in 8 msecs (HTTP/1.1 404) 5 headers in 202 bytes (1 switches on core 0)
2026-04-22 21:48:54.284 8 INFO placement.requestlog [None req-70c484be-95cd-4cdb-8679-a639a53d80bf 08ebabc27a594bd580504afe26300d33 32c177814e7f4f22b15d31fea30b232c - - 31010350a3994d5c9eb8e33495c71ead 31010350a3994d5c9eb8e33495c71ead] 10.0.0.129 "GET /resource_providers/40d32c23-7bbd-456b-98db-ecd4bf2185db/aggregates" status: 404 len: 235 microversion: 1.1 [pid: 8|app: 0|req: 330/657] 10.0.0.129 () {32 vars in 816 bytes} [Wed Apr 22 21:48:54 2026] GET /resource_providers/40d32c23-7bbd-456b-98db-ecd4bf2185db/aggregates => generated 235 bytes in 10 msecs (HTTP/1.1 404) 5 headers in 202 bytes (1 switches on core 0)
2026-04-22 21:48:54.307 7 INFO placement.requestlog [None req-61ced524-7e76-457b-8ece-748dde777f2b 08ebabc27a594bd580504afe26300d33 32c177814e7f4f22b15d31fea30b232c - - 31010350a3994d5c9eb8e33495c71ead 31010350a3994d5c9eb8e33495c71ead] 10.0.0.129 "DELETE /resource_providers/40d32c23-7bbd-456b-98db-ecd4bf2185db" status: 404 len: 246 microversion: 1.1 [pid: 7|app: 0|req: 328/658] 10.0.0.129 () {34 vars in 816 bytes} [Wed Apr 22 21:48:54 2026] DELETE /resource_providers/40d32c23-7bbd-456b-98db-ecd4bf2185db => generated 246 bytes in 8 msecs (HTTP/1.1 404) 6 headers in 231 bytes (1 switches on core 0)
2026-04-22 21:48:54.308 8 INFO placement.requestlog [None req-8c00d117-1213-4f80-b62f-d8ebad91f5ae 08ebabc27a594bd580504afe26300d33 32c177814e7f4f22b15d31fea30b232c - - 31010350a3994d5c9eb8e33495c71ead 31010350a3994d5c9eb8e33495c71ead] 10.0.0.129 "DELETE /resource_providers/40d32c23-7bbd-456b-98db-ecd4bf2185db" status: 404 len: 246 microversion: 1.1 [pid: 8|app: 0|req: 331/659] 10.0.0.129 () {34 vars in 816 bytes} [Wed Apr 22 21:48:54 2026] DELETE /resource_providers/40d32c23-7bbd-456b-98db-ecd4bf2185db => generated 246 bytes in 9 msecs (HTTP/1.1 404) 6 headers in 231 bytes (1 switches on core 0)
2026-04-22 21:48:54.935 7 INFO placement.requestlog [None req-0768d78b-a357-4c24-97c4-874cd67d7344 08ebabc27a594bd580504afe26300d33 32c177814e7f4f22b15d31fea30b232c - - 31010350a3994d5c9eb8e33495c71ead 31010350a3994d5c9eb8e33495c71ead] 10.0.0.129 "GET /resource_providers/253ed24e-5214-46d3-b640-6d208e2e9099/aggregates" status: 404 len: 235 microversion: 1.1 [pid: 7|app: 0|req: 329/660] 10.0.0.129 () {32 vars in 816 bytes} [Wed Apr 22 21:48:54 2026] GET /resource_providers/253ed24e-5214-46d3-b640-6d208e2e9099/aggregates => generated 235 bytes in 10 msecs (HTTP/1.1 404) 5 headers in 202 bytes (1 switches on core 0)
2026-04-22 21:48:54.938 8 INFO placement.requestlog [None req-ee549006-447d-4c95-bb66-7dfa47c6589c 08ebabc27a594bd580504afe26300d33 32c177814e7f4f22b15d31fea30b232c - - 31010350a3994d5c9eb8e33495c71ead 31010350a3994d5c9eb8e33495c71ead] 10.0.0.129 "GET /resource_providers/253ed24e-5214-46d3-b640-6d208e2e9099/aggregates" status: 404 len: 235 microversion: 1.1 [pid: 8|app: 0|req: 332/661] 10.0.0.129 () {32 vars in 816 bytes} [Wed Apr 22 21:48:54 2026] GET /resource_providers/253ed24e-5214-46d3-b640-6d208e2e9099/aggregates => generated 235 bytes in 10 msecs (HTTP/1.1 404) 5 headers in 202 bytes (1 switches on core 0)
2026-04-22 21:48:54.957 7 INFO placement.requestlog [None req-d255ee84-d2de-432d-a6b5-9e622db6e0fd 08ebabc27a594bd580504afe26300d33 32c177814e7f4f22b15d31fea30b232c - - 31010350a3994d5c9eb8e33495c71ead 31010350a3994d5c9eb8e33495c71ead] 10.0.0.129 "DELETE /resource_providers/253ed24e-5214-46d3-b640-6d208e2e9099" status: 404 len: 246 microversion: 1.1 [pid: 7|app: 0|req: 330/662] 10.0.0.129 () {34 vars in 816 bytes} [Wed Apr 22 21:48:54 2026] DELETE /resource_providers/253ed24e-5214-46d3-b640-6d208e2e9099 => generated 246 bytes in 15 msecs (HTTP/1.1 404) 6 headers in 231 bytes (1 switches on core 0)
2026-04-22 21:48:54.962 8 INFO placement.requestlog [None req-45609079-becf-4ea5-889e-2f84256d95dd 08ebabc27a594bd580504afe26300d33 32c177814e7f4f22b15d31fea30b232c - - 31010350a3994d5c9eb8e33495c71ead 31010350a3994d5c9eb8e33495c71ead] 10.0.0.129 "DELETE /resource_providers/253ed24e-5214-46d3-b640-6d208e2e9099" status: 404 len: 246 microversion: 1.1 [pid: 8|app: 0|req: 333/663] 10.0.0.129 () {34 vars in 816 bytes} [Wed Apr 22 21:48:54 2026] DELETE /resource_providers/253ed24e-5214-46d3-b640-6d208e2e9099 => generated 246 bytes in 8 msecs (HTTP/1.1 404) 6 headers in 231 bytes (1 switches on core 0)
2026-04-22 21:48:57.686 7 INFO placement.requestlog [None req-468d36bc-e3c4-4a9c-9f46-7f9b9920caa2 08ebabc27a594bd580504afe26300d33 32c177814e7f4f22b15d31fea30b232c - - 31010350a3994d5c9eb8e33495c71ead 31010350a3994d5c9eb8e33495c71ead] 10.0.0.129 "GET /resource_providers/0c3f2a08-9f93-4b66-90ef-697db6b4a10a/aggregates" status: 404 len: 235 microversion: 1.1 [pid: 7|app: 0|req: 331/664] 10.0.0.129 () {32 vars in 816 bytes} [Wed Apr 22 21:48:57 2026] GET /resource_providers/0c3f2a08-9f93-4b66-90ef-697db6b4a10a/aggregates => generated 235 bytes in 7 msecs (HTTP/1.1 404) 5 headers in 202 bytes (1 switches on core 0)
2026-04-22 21:48:57.689 8 INFO placement.requestlog [None req-76b412b5-cccb-434a-a918-40297ae5e39c 08ebabc27a594bd580504afe26300d33 32c177814e7f4f22b15d31fea30b232c - - 31010350a3994d5c9eb8e33495c71ead 31010350a3994d5c9eb8e33495c71ead] 10.0.0.129 "GET /resource_providers/0c3f2a08-9f93-4b66-90ef-697db6b4a10a/aggregates" status: 404 len: 235 microversion: 1.1 [pid: 8|app: 0|req: 334/665] 10.0.0.129 () {32 vars in 816 bytes} [Wed Apr 22 21:48:57 2026] GET /resource_providers/0c3f2a08-9f93-4b66-90ef-697db6b4a10a/aggregates => generated 235 bytes in 9 msecs (HTTP/1.1 404) 5 headers in 202 bytes (1 switches on core 0)
2026-04-22 21:48:57.707 7 INFO placement.requestlog [None req-d7e1091a-6341-4d22-a4a2-c8407dec5b62 08ebabc27a594bd580504afe26300d33 32c177814e7f4f22b15d31fea30b232c - - 31010350a3994d5c9eb8e33495c71ead 31010350a3994d5c9eb8e33495c71ead] 10.0.0.129 "DELETE /resource_providers/0c3f2a08-9f93-4b66-90ef-697db6b4a10a" status: 404 len: 246 microversion: 1.1 [pid: 7|app: 0|req: 332/666] 10.0.0.129 () {34 vars in 816 bytes} [Wed Apr 22 21:48:57 2026] DELETE /resource_providers/0c3f2a08-9f93-4b66-90ef-697db6b4a10a => generated 246 bytes in 14 msecs (HTTP/1.1 404) 6 headers in 231 bytes (1 switches on core 0)
