Jun 28 15:18:51.038099 np0000183268 devstack@neutron-api.service[103041]: DEBUG neutron_lib.callbacks.manager [None req-0f7032fd-8ca1-444e-945e-8c3820b77c3c None None] Subscribe: > router_interface after_delete 55550000, False {{(pid=103041) subscribe /opt/stack/data/venv/lib/python3.12/site-packages/neutron_lib/callbacks/manager.py:52}}
Jun 28 15:18:51.038200 np0000183268 devstack@neutron-api.service[103041]: DEBUG neutron_lib.callbacks.manager [None req-0f7032fd-8ca1-444e-945e-8c3820b77c3c None None] Subscribe: > router after_create 55550000, False {{(pid=103041) subscribe /opt/stack/data/venv/lib/python3.12/site-packages/neutron_lib/callbacks/manager.py:52}}
Jun 28 15:18:51.038300 np0000183268 devstack@neutron-api.service[103041]: DEBUG neutron_lib.callbacks.manager [None req-0f7032fd-8ca1-444e-945e-8c3820b77c3c None None] Subscribe: > router precommit_create 55550000, False {{(pid=103041) subscribe /opt/stack/data/venv/lib/python3.12/site-packages/neutron_lib/callbacks/manager.py:52}}
Jun 28 15:18:51.038398 np0000183268 devstack@neutron-api.service[103041]: DEBUG neutron_lib.callbacks.manager [None req-0f7032fd-8ca1-444e-945e-8c3820b77c3c None None] Subscribe: > router after_delete 55550000, False {{(pid=103041) subscribe /opt/stack/data/venv/lib/python3.12/site-packages/neutron_lib/callbacks/manager.py:52}}
Jun 28 15:18:51.038497 np0000183268 devstack@neutron-api.service[103041]: DEBUG neutron_lib.callbacks.manager [None req-0f7032fd-8ca1-444e-945e-8c3820b77c3c None None] Subscribe: > router after_update 55550000, False {{(pid=103041) subscribe /opt/stack/data/venv/lib/python3.12/site-packages/neutron_lib/callbacks/manager.py:52}}
Jun 28 15:18:51.038608 np0000183268 devstack@neutron-api.service[103041]: DEBUG neutron.services.service_base [None req-0f7032fd-8ca1-444e-945e-8c3820b77c3c None None] Loaded 'neutron.services.ovn_l3.service_providers.ovn.OvnDriver' provider for service L3_ROUTER_NAT {{(pid=103041) load_drivers /opt/stack/neutron/neutron/services/service_base.py:49}}
Jun 28 15:18:51.038724 np0000183268 devstack@neutron-api.service[103041]: DEBUG neutron_lib.callbacks.manager [None req-0f7032fd-8ca1-444e-945e-8c3820b77c3c None None] Subscribe: > process after_init 55550001, True {{(pid=103041) subscribe /opt/stack/data/venv/lib/python3.12/site-packages/neutron_lib/callbacks/manager.py:52}}
Jun 28 15:18:51.038842 np0000183268 devstack@neutron-api.service[103041]: DEBUG neutron.manager [None req-0f7032fd-8ca1-444e-945e-8c3820b77c3c None None] Successfully loaded L3_ROUTER_NAT plugin. Description: L3 Router Service Plugin for basic L3 forwarding using OVN {{(pid=103041) _create_and_add_service_plugin /opt/stack/neutron/neutron/manager.py:236}}
Jun 28 15:18:51.038929 np0000183268 devstack@neutron-api.service[103041]: INFO neutron.manager [None req-0f7032fd-8ca1-444e-945e-8c3820b77c3c None None] Loading Plugin: auto_allocate
Jun 28 15:18:51.039795 np0000183268 devstack@neutron-api.service[103041]: DEBUG neutron_lib.callbacks.manager [None req-0f7032fd-8ca1-444e-945e-8c3820b77c3c None None] Subscribe: network precommit_update 55550000, False {{(pid=103041) subscribe /opt/stack/data/venv/lib/python3.12/site-packages/neutron_lib/callbacks/manager.py:52}}
Jun 28 15:18:51.039913 np0000183268 devstack@neutron-api.service[103041]: DEBUG neutron_lib.callbacks.manager [None req-0f7032fd-8ca1-444e-945e-8c3820b77c3c None None] Subscribe: network precommit_create 55550000, False {{(pid=103041) subscribe /opt/stack/data/venv/lib/python3.12/site-packages/neutron_lib/callbacks/manager.py:52}}
Jun 28 15:18:51.040109 np0000183268 devstack@neutron-api.service[103041]: DEBUG neutron.manager [None req-0f7032fd-8ca1-444e-945e-8c3820b77c3c None None] Successfully loaded auto-allocated-topology plugin. Description: Auto Allocated Topology - aka get me a network. {{(pid=103041) _create_and_add_service_plugin /opt/stack/neutron/neutron/manager.py:236}}
Jun 28 15:18:51.040202 np0000183268 devstack@neutron-api.service[103041]: INFO neutron.manager [None req-0f7032fd-8ca1-444e-945e-8c3820b77c3c None None] Loading Plugin: tag
Jun 28 15:18:51.042736 np0000183268 devstack@neutron-api.service[103041]: DEBUG neutron.manager [None req-0f7032fd-8ca1-444e-945e-8c3820b77c3c None None] Successfully loaded TAG plugin. Description: Tag support {{(pid=103041) _create_and_add_service_plugin /opt/stack/neutron/neutron/manager.py:236}}
Jun 28 15:18:51.042834 np0000183268 devstack@neutron-api.service[103041]: INFO neutron.manager [None req-0f7032fd-8ca1-444e-945e-8c3820b77c3c None None] Loading Plugin: timestamp
Jun 28 15:18:51.044004 np0000183268 devstack@neutron-api.service[103041]: DEBUG neutron.manager [None req-0f7032fd-8ca1-444e-945e-8c3820b77c3c None None] Successfully loaded timestamp plugin. Description: Adds timestamps to Neutron resources with standard attributes {{(pid=103041) _create_and_add_service_plugin /opt/stack/neutron/neutron/manager.py:236}}
Jun 28 15:18:51.044102 np0000183268 devstack@neutron-api.service[103041]: INFO neutron.manager [None req-0f7032fd-8ca1-444e-945e-8c3820b77c3c None None] Loading Plugin: network_ip_availability
Jun 28 15:18:51.044252 np0000183268 devstack@neutron-api.service[103039]: INFO neutron.plugins.ml2.drivers.type_vlan [None req-5d49f1a9-acb4-4ec0-9854-8746183ec7e3 None None] VlanTypeDriver initialization complete
Jun 28 15:18:51.044433 np0000183268 devstack@neutron-api.service[103039]: INFO neutron.plugins.ml2.managers [None req-5d49f1a9-acb4-4ec0-9854-8746183ec7e3 None None] Initializing extension driver 'port_security'
Jun 28 15:18:51.044548 np0000183268 devstack@neutron-api.service[103039]: INFO neutron.plugins.ml2.extensions.port_security [None req-5d49f1a9-acb4-4ec0-9854-8746183ec7e3 None None] PortSecurityExtensionDriver initialization complete
Jun 28 15:18:51.044548 np0000183268 devstack@neutron-api.service[103039]: INFO neutron.plugins.ml2.managers [None req-5d49f1a9-acb4-4ec0-9854-8746183ec7e3 None None] Initializing extension driver 'qos'
Jun 28 15:18:51.044798 np0000183268 devstack@neutron-api.service[103039]: DEBUG neutron.plugins.ml2.extensions.qos [None req-5d49f1a9-acb4-4ec0-9854-8746183ec7e3 None None] QosExtensionDriver initialization complete {{(pid=103039) initialize /opt/stack/neutron/neutron/plugins/ml2/extensions/qos.py:31}}
Jun 28 15:18:51.044798 np0000183268 devstack@neutron-api.service[103039]: INFO neutron.plugins.ml2.managers [None req-5d49f1a9-acb4-4ec0-9854-8746183ec7e3 None None] Initializing mechanism driver 'ovn'
Jun 28 15:18:51.044908 np0000183268 devstack@neutron-api.service[103039]: INFO neutron.plugins.ml2.drivers.ovn.mech_driver.mech_driver [None req-5d49f1a9-acb4-4ec0-9854-8746183ec7e3 None None] Starting OVNMechanismDriver
Jun 28 15:18:51.045592 np0000183268 devstack@neutron-api.service[103041]: DEBUG neutron.manager [None req-0f7032fd-8ca1-444e-945e-8c3820b77c3c None None] Successfully loaded network-ip-availability plugin. Description: Provides IP availability data for each network and subnet. {{(pid=103041) _create_and_add_service_plugin /opt/stack/neutron/neutron/manager.py:236}}
Jun 28 15:18:51.045687 np0000183268 devstack@neutron-api.service[103041]: INFO neutron.manager [None req-0f7032fd-8ca1-444e-945e-8c3820b77c3c None None] Loading Plugin: flavors
Jun 28 15:18:51.046415 np0000183268 devstack@neutron-api.service[103039]: DEBUG neutron_lib.callbacks.manager [None req-5d49f1a9-acb4-4ec0-9854-8746183ec7e3 None None] Subscribe: > process before_spawn 55550000, False {{(pid=103039) subscribe /opt/stack/data/venv/lib/python3.12/site-packages/neutron_lib/callbacks/manager.py:52}}
Jun 28 15:18:51.046454 np0000183268 devstack@neutron-api.service[103041]: DEBUG neutron.manager [None req-0f7032fd-8ca1-444e-945e-8c3820b77c3c None None] Successfully loaded FLAVORS plugin. Description: Neutron Flavors and Service Profiles manager plugin {{(pid=103041) _create_and_add_service_plugin /opt/stack/neutron/neutron/manager.py:236}}
Jun 28 15:18:51.046511 np0000183268 devstack@neutron-api.service[103039]: DEBUG neutron_lib.callbacks.manager [None req-5d49f1a9-acb4-4ec0-9854-8746183ec7e3 None None] Subscribe: > process after_init 55550000, True {{(pid=103039) subscribe /opt/stack/data/venv/lib/python3.12/site-packages/neutron_lib/callbacks/manager.py:52}}
Jun 28 15:18:51.046540 np0000183268 devstack@neutron-api.service[103041]: INFO neutron.manager [None req-0f7032fd-8ca1-444e-945e-8c3820b77c3c None None] Loading Plugin: revisions
Jun 28 15:18:51.046618 np0000183268 devstack@neutron-api.service[103039]: DEBUG neutron_lib.callbacks.manager [None req-5d49f1a9-acb4-4ec0-9854-8746183ec7e3 None None] Subscribe: > segment after_create 55550000, False {{(pid=103039) subscribe /opt/stack/data/venv/lib/python3.12/site-packages/neutron_lib/callbacks/manager.py:52}}
Jun 28 15:18:51.046734 np0000183268 devstack@neutron-api.service[103039]: DEBUG neutron_lib.callbacks.manager [None req-5d49f1a9-acb4-4ec0-9854-8746183ec7e3 None None] Subscribe: > segment after_create 55550000, False {{(pid=103039) subscribe /opt/stack/data/venv/lib/python3.12/site-packages/neutron_lib/callbacks/manager.py:52}}
Jun 28 15:18:51.046819 np0000183268 devstack@neutron-api.service[103039]: DEBUG neutron_lib.callbacks.manager [None req-5d49f1a9-acb4-4ec0-9854-8746183ec7e3 None None] Subscribe: > segment after_delete 55550000, False {{(pid=103039) subscribe /opt/stack/data/venv/lib/python3.12/site-packages/neutron_lib/callbacks/manager.py:52}}
Jun 28 15:18:51.046915 np0000183268 devstack@neutron-api.service[103039]: DEBUG neutron_lib.callbacks.manager [None req-5d49f1a9-acb4-4ec0-9854-8746183ec7e3 None None] Subscribe: > allowed_address_pair before_create 55550000, False {{(pid=103039) subscribe /opt/stack/data/venv/lib/python3.12/site-packages/neutron_lib/callbacks/manager.py:52}}
Jun 28 15:18:51.047038 np0000183268 devstack@neutron-api.service[103039]: DEBUG neutron_lib.callbacks.manager [None req-5d49f1a9-acb4-4ec0-9854-8746183ec7e3 None None] Subscribe: > security_group precommit_create 55550000, False {{(pid=103039) subscribe /opt/stack/data/venv/lib/python3.12/site-packages/neutron_lib/callbacks/manager.py:52}}
Jun 28 15:18:51.047168 np0000183268 devstack@neutron-api.service[103039]: DEBUG neutron_lib.callbacks.manager [None req-5d49f1a9-acb4-4ec0-9854-8746183ec7e3 None None] Subscribe: > security_group after_update 55550000, False {{(pid=103039) subscribe /opt/stack/data/venv/lib/python3.12/site-packages/neutron_lib/callbacks/manager.py:52}}
Jun 28 15:18:51.047254 np0000183268 devstack@neutron-api.service[103039]: DEBUG neutron_lib.callbacks.manager [None req-5d49f1a9-acb4-4ec0-9854-8746183ec7e3 None None] Subscribe: > security_group after_create 55550000, False {{(pid=103039) subscribe /opt/stack/data/venv/lib/python3.12/site-packages/neutron_lib/callbacks/manager.py:52}}
Jun 28 15:18:51.047340 np0000183268 devstack@neutron-api.service[103039]: DEBUG neutron_lib.callbacks.manager [None req-5d49f1a9-acb4-4ec0-9854-8746183ec7e3 None None] Subscribe: > security_group precommit_delete 55550000, False {{(pid=103039) subscribe /opt/stack/data/venv/lib/python3.12/site-packages/neutron_lib/callbacks/manager.py:52}}
Jun 28 15:18:51.047436 np0000183268 devstack@neutron-api.service[103039]: DEBUG neutron_lib.callbacks.manager [None req-5d49f1a9-acb4-4ec0-9854-8746183ec7e3 None None] Subscribe: > security_group after_delete 55550000, False {{(pid=103039) subscribe /opt/stack/data/venv/lib/python3.12/site-packages/neutron_lib/callbacks/manager.py:52}}
Jun 28 15:18:51.047479 np0000183268 devstack@neutron-api.service[103041]: DEBUG neutron.manager [None req-0f7032fd-8ca1-444e-945e-8c3820b77c3c None None] Successfully loaded revision_plugin plugin. Description: Adds revision numbers to resources. {{(pid=103041) _create_and_add_service_plugin /opt/stack/neutron/neutron/manager.py:236}}
Jun 28 15:18:51.047547 np0000183268 devstack@neutron-api.service[103039]: DEBUG neutron_lib.callbacks.manager [None req-5d49f1a9-acb4-4ec0-9854-8746183ec7e3 None None] Subscribe: > security_group_rule precommit_create 55550000, False {{(pid=103039) subscribe /opt/stack/data/venv/lib/python3.12/site-packages/neutron_lib/callbacks/manager.py:52}}
Jun 28 15:18:51.047608 np0000183268 devstack@neutron-api.service[103041]: DEBUG oslo_concurrency.lockutils [None req-0f7032fd-8ca1-444e-945e-8c3820b77c3c None None] Lock "manager" "released" by "neutron.manager.NeutronManager._create_instance" :: held 4.425s {{(pid=103041) inner /opt/stack/data/venv/lib/python3.12/site-packages/oslo_concurrency/lockutils.py:543}}
Jun 28 15:18:51.047639 np0000183268 devstack@neutron-api.service[103039]: DEBUG neutron_lib.callbacks.manager [None req-5d49f1a9-acb4-4ec0-9854-8746183ec7e3 None None] Subscribe: > security_group_rule after_create 55550000, False {{(pid=103039) subscribe /opt/stack/data/venv/lib/python3.12/site-packages/neutron_lib/callbacks/manager.py:52}}
Jun 28 15:18:51.047752 np0000183268 devstack@neutron-api.service[103039]: DEBUG neutron_lib.callbacks.manager [None req-5d49f1a9-acb4-4ec0-9854-8746183ec7e3 None None] Subscribe: > security_group_rule before_delete 55550000, False {{(pid=103039) subscribe /opt/stack/data/venv/lib/python3.12/site-packages/neutron_lib/callbacks/manager.py:52}}
Jun 28 15:18:51.047794 np0000183268 devstack@neutron-api.service[103041]: DEBUG neutron.api.extensions [None req-0f7032fd-8ca1-444e-945e-8c3820b77c3c None None] get_extension_paths = OrderedDict({'/opt/stack/neutron/neutron/extensions': 1}) {{(pid=103041) get_extensions_path /opt/stack/neutron/neutron/api/extensions.py:640}}
Jun 28 15:18:51.047829 np0000183268 devstack@neutron-api.service[103039]: DEBUG neutron_lib.callbacks.manager [None req-5d49f1a9-acb4-4ec0-9854-8746183ec7e3 None None] Subscribe: > address_group after_create 55550000, False {{(pid=103039) subscribe /opt/stack/data/venv/lib/python3.12/site-packages/neutron_lib/callbacks/manager.py:52}}
Jun 28 15:18:51.047914 np0000183268 devstack@neutron-api.service[103041]: INFO neutron.api.extensions [None req-0f7032fd-8ca1-444e-945e-8c3820b77c3c None None] Initializing extension manager.
Jun 28 15:18:51.047942 np0000183268 devstack@neutron-api.service[103039]: DEBUG neutron_lib.callbacks.manager [None req-5d49f1a9-acb4-4ec0-9854-8746183ec7e3 None None] Subscribe: > address_group after_update 55550000, False {{(pid=103039) subscribe /opt/stack/data/venv/lib/python3.12/site-packages/neutron_lib/callbacks/manager.py:52}}
Jun 28 15:18:51.048061 np0000183268 devstack@neutron-api.service[103039]: DEBUG neutron_lib.callbacks.manager [None req-5d49f1a9-acb4-4ec0-9854-8746183ec7e3 None None] Subscribe: > address_group after_delete 55550000, False {{(pid=103039) subscribe /opt/stack/data/venv/lib/python3.12/site-packages/neutron_lib/callbacks/manager.py:52}}
Jun 28 15:18:51.048157 np0000183268 devstack@neutron-api.service[103041]: DEBUG neutron.api.extensions [None req-0f7032fd-8ca1-444e-945e-8c3820b77c3c None None] Loading extension file: __init__.py {{(pid=103041) _load_all_extensions_from_path /opt/stack/neutron/neutron/api/extensions.py:449}}
Jun 28 15:18:51.048242 np0000183268 devstack@neutron-api.service[103039]: DEBUG neutron_lib.callbacks.manager [None req-5d49f1a9-acb4-4ec0-9854-8746183ec7e3 None None] Subscribe: > qos_plugin after_init 55550000, False {{(pid=103039) subscribe /opt/stack/data/venv/lib/python3.12/site-packages/neutron_lib/callbacks/manager.py:52}}
Jun 28 15:18:51.048279 np0000183268 devstack@neutron-api.service[103041]: DEBUG neutron.api.extensions [None req-0f7032fd-8ca1-444e-945e-8c3820b77c3c None None] Loading extension file: __pycache__ {{(pid=103041) _load_all_extensions_from_path /opt/stack/neutron/neutron/api/extensions.py:449}}
Jun 28 15:18:51.048339 np0000183268 devstack@neutron-api.service[103041]: DEBUG neutron.api.extensions [None req-0f7032fd-8ca1-444e-945e-8c3820b77c3c None None] Loading extension file: aap_reject_multicast.py {{(pid=103041) _load_all_extensions_from_path /opt/stack/neutron/neutron/api/extensions.py:449}}
Jun 28 15:18:51.048413 np0000183268 devstack@neutron-api.service[103039]: DEBUG neutron_lib.callbacks.manager [None req-5d49f1a9-acb4-4ec0-9854-8746183ec7e3 None None] Subscribe: > trunk_plugin after_init 55550000, False {{(pid=103039) subscribe /opt/stack/data/venv/lib/python3.12/site-packages/neutron_lib/callbacks/manager.py:52}}
Jun 28 15:18:51.048601 np0000183268 devstack@neutron-api.service[103041]: DEBUG neutron.api.extensions [None req-0f7032fd-8ca1-444e-945e-8c3820b77c3c None None] Ext name="Allowed address pairs reject multicast extension" alias="aap-reject-multicast" description="Reject multicast addresses in Allowed Address Pairs" updated="2026-04-01T00:00:00-00:00" {{(pid=103041) _check_extension /opt/stack/neutron/neutron/api/extensions.py:415}}
Jun 28 15:18:51.048653 np0000183268 devstack@neutron-api.service[103039]: DEBUG neutron_lib.callbacks.manager [None req-5d49f1a9-acb4-4ec0-9854-8746183ec7e3 None None] Subscribe: > logging-plugin after_init 55550000, False {{(pid=103039) subscribe /opt/stack/data/venv/lib/python3.12/site-packages/neutron_lib/callbacks/manager.py:52}}
Jun 28 15:18:51.048842 np0000183268 devstack@neutron-api.service[103041]: INFO neutron.api.extensions [None req-0f7032fd-8ca1-444e-945e-8c3820b77c3c None None] Extension aap-reject-multicast not supported by any of loaded plugins
Jun 28 15:18:51.048936 np0000183268 devstack@neutron-api.service[103041]: DEBUG neutron.api.extensions [None req-0f7032fd-8ca1-444e-945e-8c3820b77c3c None None] Loading extension file: address_group.py {{(pid=103041) _load_all_extensions_from_path /opt/stack/neutron/neutron/api/extensions.py:449}}
Jun 28 15:18:51.049036 np0000183268 devstack@neutron-api.service[103039]: INFO neutron.services.logapi.drivers.ovn.driver [None req-5d49f1a9-acb4-4ec0-9854-8746183ec7e3 None None] OVN logging driver registered
Jun 28 15:18:51.049157 np0000183268 devstack@neutron-api.service[103039]: DEBUG neutron_lib.callbacks.manager [None req-5d49f1a9-acb4-4ec0-9854-8746183ec7e3 None None] Subscribe: ._register_pvlan_driver at 0x728c8c00b380> pvlan_plugin before_spawn 55550000, False {{(pid=103039) subscribe /opt/stack/data/venv/lib/python3.12/site-packages/neutron_lib/callbacks/manager.py:52}}
Jun 28 15:18:51.049243 np0000183268 devstack@neutron-api.service[103039]: DEBUG neutron_lib.callbacks.manager [None req-5d49f1a9-acb4-4ec0-9854-8746183ec7e3 None None] Subscribe: process after_init 55550000, False {{(pid=103039) subscribe /opt/stack/data/venv/lib/python3.12/site-packages/neutron_lib/callbacks/manager.py:52}}
Jun 28 15:18:51.049275 np0000183268 devstack@neutron-api.service[103041]: DEBUG neutron.api.extensions [None req-0f7032fd-8ca1-444e-945e-8c3820b77c3c None None] Ext name="Address group" alias="address-group" description="Support address group" updated="2020-07-15T10:00:00-00:00" {{(pid=103041) _check_extension /opt/stack/neutron/neutron/api/extensions.py:415}}
Jun 28 15:18:51.049433 np0000183268 devstack@neutron-api.service[103041]: INFO neutron.api.extensions [None req-0f7032fd-8ca1-444e-945e-8c3820b77c3c None None] Loaded extension: address-group
Jun 28 15:18:51.049524 np0000183268 devstack@neutron-api.service[103041]: DEBUG neutron.api.extensions [None req-0f7032fd-8ca1-444e-945e-8c3820b77c3c None None] Loading extension file: address_scope.py {{(pid=103041) _load_all_extensions_from_path /opt/stack/neutron/neutron/api/extensions.py:449}}
Jun 28 15:18:51.049844 np0000183268 devstack@neutron-api.service[103041]: DEBUG neutron.api.extensions [None req-0f7032fd-8ca1-444e-945e-8c3820b77c3c None None] Ext name="Address scope" alias="address-scope" description="Address scopes extension." updated="2015-07-26T10:00:00-00:00" {{(pid=103041) _check_extension /opt/stack/neutron/neutron/api/extensions.py:415}}
Jun 28 15:18:51.050023 np0000183268 devstack@neutron-api.service[103041]: INFO neutron.api.extensions [None req-0f7032fd-8ca1-444e-945e-8c3820b77c3c None None] Loaded extension: address-scope
Jun 28 15:18:51.050113 np0000183268 devstack@neutron-api.service[103041]: DEBUG neutron.api.extensions [None req-0f7032fd-8ca1-444e-945e-8c3820b77c3c None None] Loading extension file: admin_state_down_before_update.py {{(pid=103041) _load_all_extensions_from_path /opt/stack/neutron/neutron/api/extensions.py:449}}
Jun 28 15:18:51.050317 np0000183268 devstack@neutron-api.service[103041]: DEBUG neutron.api.extensions [None req-0f7032fd-8ca1-444e-945e-8c3820b77c3c None None] Ext name="Enforce Router's Admin State Down Before Update Extension" alias="router-admin-state-down-before-update" description="Ensure that the admin state of a router is DOWN (admin_state_up=False) before updating the distributed attribute" updated="2019-07-02T15:56:00" {{(pid=103041) _check_extension /opt/stack/neutron/neutron/api/extensions.py:415}}
Jun 28 15:18:51.050491 np0000183268 devstack@neutron-api.service[103041]: INFO neutron.api.extensions [None req-0f7032fd-8ca1-444e-945e-8c3820b77c3c None None] Extension router-admin-state-down-before-update not supported by any of loaded plugins
Jun 28 15:18:51.050581 np0000183268 devstack@neutron-api.service[103041]: DEBUG neutron.api.extensions [None req-0f7032fd-8ca1-444e-945e-8c3820b77c3c None None] Loading extension file: agent.py {{(pid=103041) _load_all_extensions_from_path /opt/stack/neutron/neutron/api/extensions.py:449}}
Jun 28 15:18:51.050632 np0000183268 devstack@neutron-api.service[103039]: DEBUG neutron.plugins.ml2.plugin [None req-5d49f1a9-acb4-4ec0-9854-8746183ec7e3 None None] neutron.plugins.ml2.plugin.Ml2Plugin method _start_rpc_notifiers called with arguments () {} {{(pid=103039) wrapper /opt/stack/data/venv/lib/python3.12/site-packages/oslo_log/helpers.py:77}}
Jun 28 15:18:51.050864 np0000183268 devstack@neutron-api.service[103041]: DEBUG neutron.api.extensions [None req-0f7032fd-8ca1-444e-945e-8c3820b77c3c None None] Ext name="agent" alias="agent" description="The agent management extension." updated="2013-02-03T10:00:00-00:00" {{(pid=103041) _check_extension /opt/stack/neutron/neutron/api/extensions.py:415}}
Jun 28 15:18:51.050891 np0000183268 devstack@neutron-api.service[103039]: DEBUG neutron_lib.callbacks.manager [None req-5d49f1a9-acb4-4ec0-9854-8746183ec7e3 None None] Subscribe: > port after_create 55550000, False {{(pid=103039) subscribe /opt/stack/data/venv/lib/python3.12/site-packages/neutron_lib/callbacks/manager.py:52}}
Jun 28 15:18:51.051003 np0000183268 devstack@neutron-api.service[103039]: DEBUG neutron_lib.callbacks.manager [None req-5d49f1a9-acb4-4ec0-9854-8746183ec7e3 None None] Subscribe: > port after_update 55550000, False {{(pid=103039) subscribe /opt/stack/data/venv/lib/python3.12/site-packages/neutron_lib/callbacks/manager.py:52}}
Jun 28 15:18:51.051054 np0000183268 devstack@neutron-api.service[103041]: INFO neutron.api.extensions [None req-0f7032fd-8ca1-444e-945e-8c3820b77c3c None None] Loaded extension: agent
Jun 28 15:18:51.051111 np0000183268 devstack@neutron-api.service[103039]: DEBUG neutron_lib.callbacks.manager [None req-5d49f1a9-acb4-4ec0-9854-8746183ec7e3 None None] Subscribe: > port after_delete 55550000, False {{(pid=103039) subscribe /opt/stack/data/venv/lib/python3.12/site-packages/neutron_lib/callbacks/manager.py:52}}
Jun 28 15:18:51.051140 np0000183268 devstack@neutron-api.service[103041]: DEBUG neutron.api.extensions [None req-0f7032fd-8ca1-444e-945e-8c3820b77c3c None None] Loading extension file: agent_resources_synced.py {{(pid=103041) _load_all_extensions_from_path /opt/stack/neutron/neutron/api/extensions.py:449}}
Jun 28 15:18:51.051192 np0000183268 devstack@neutron-api.service[103039]: DEBUG neutron_lib.callbacks.manager [None req-5d49f1a9-acb4-4ec0-9854-8746183ec7e3 None None] Subscribe: > subnet after_create 55550000, False {{(pid=103039) subscribe /opt/stack/data/venv/lib/python3.12/site-packages/neutron_lib/callbacks/manager.py:52}}
Jun 28 15:18:51.051296 np0000183268 devstack@neutron-api.service[103039]: DEBUG neutron_lib.callbacks.manager [None req-5d49f1a9-acb4-4ec0-9854-8746183ec7e3 None None] Subscribe: > subnet after_update 55550000, False {{(pid=103039) subscribe /opt/stack/data/venv/lib/python3.12/site-packages/neutron_lib/callbacks/manager.py:52}}
Jun 28 15:18:51.051371 np0000183268 devstack@neutron-api.service[103041]: DEBUG neutron.api.extensions [None req-0f7032fd-8ca1-444e-945e-8c3820b77c3c None None] Ext name="Agent's Resource View Synced to Placement" alias="agent-resources-synced" description="Stores success/failure of last sync to Placement" updated="2018-12-19T00:00:00-00:00" {{(pid=103041) _check_extension /opt/stack/neutron/neutron/api/extensions.py:415}}
Jun 28 15:18:51.051406 np0000183268 devstack@neutron-api.service[103039]: DEBUG neutron_lib.callbacks.manager [None req-5d49f1a9-acb4-4ec0-9854-8746183ec7e3 None None] Subscribe: > subnet after_delete 55550000, False {{(pid=103039) subscribe /opt/stack/data/venv/lib/python3.12/site-packages/neutron_lib/callbacks/manager.py:52}}
Jun 28 15:18:51.051505 np0000183268 devstack@neutron-api.service[103039]: DEBUG neutron_lib.callbacks.manager [None req-5d49f1a9-acb4-4ec0-9854-8746183ec7e3 None None] Subscribe: > network after_create 55550000, False {{(pid=103039) subscribe /opt/stack/data/venv/lib/python3.12/site-packages/neutron_lib/callbacks/manager.py:52}}
Jun 28 15:18:51.051532 np0000183268 devstack@neutron-api.service[103041]: INFO neutron.api.extensions [None req-0f7032fd-8ca1-444e-945e-8c3820b77c3c None None] Extension agent-resources-synced not supported by any of loaded plugins
Jun 28 15:18:51.051607 np0000183268 devstack@neutron-api.service[103039]: DEBUG neutron_lib.callbacks.manager [None req-5d49f1a9-acb4-4ec0-9854-8746183ec7e3 None None] Subscribe: > network after_update 55550000, False {{(pid=103039) subscribe /opt/stack/data/venv/lib/python3.12/site-packages/neutron_lib/callbacks/manager.py:52}}
Jun 28 15:18:51.051637 np0000183268 devstack@neutron-api.service[103041]: DEBUG neutron.api.extensions [None req-0f7032fd-8ca1-444e-945e-8c3820b77c3c None None] Loading extension file: agent_sort_key.py {{(pid=103041) _load_all_extensions_from_path /opt/stack/neutron/neutron/api/extensions.py:449}}
Jun 28 15:18:51.051690 np0000183268 devstack@neutron-api.service[103039]: DEBUG neutron_lib.callbacks.manager [None req-5d49f1a9-acb4-4ec0-9854-8746183ec7e3 None None] Subscribe: > network after_delete 55550000, False {{(pid=103039) subscribe /opt/stack/data/venv/lib/python3.12/site-packages/neutron_lib/callbacks/manager.py:52}}
Jun 28 15:18:51.051774 np0000183268 devstack@neutron-api.service[103039]: DEBUG neutron_lib.callbacks.manager [None req-5d49f1a9-acb4-4ec0-9854-8746183ec7e3 None None] Subscribe: > security_group after_create 55550000, False {{(pid=103039) subscribe /opt/stack/data/venv/lib/python3.12/site-packages/neutron_lib/callbacks/manager.py:52}}
Jun 28 15:18:51.051864 np0000183268 devstack@neutron-api.service[103041]: DEBUG neutron.api.extensions [None req-0f7032fd-8ca1-444e-945e-8c3820b77c3c None None] Ext name="Agents Sort Key" alias="agent_sort_key" description="Enabling the keyword sort_key for sorting in agents." updated="2013-02-03T10:00:00-00:00" {{(pid=103041) _check_extension /opt/stack/neutron/neutron/api/extensions.py:415}}
Jun 28 15:18:51.051893 np0000183268 devstack@neutron-api.service[103039]: DEBUG neutron_lib.callbacks.manager [None req-5d49f1a9-acb4-4ec0-9854-8746183ec7e3 None None] Subscribe: > security_group after_update 55550000, False {{(pid=103039) subscribe /opt/stack/data/venv/lib/python3.12/site-packages/neutron_lib/callbacks/manager.py:52}}
Jun 28 15:18:51.051962 np0000183268 devstack@neutron-api.service[103039]: DEBUG neutron_lib.callbacks.manager [None req-5d49f1a9-acb4-4ec0-9854-8746183ec7e3 None None] Subscribe: > security_group after_delete 55550000, False {{(pid=103039) subscribe /opt/stack/data/venv/lib/python3.12/site-packages/neutron_lib/callbacks/manager.py:52}}
Jun 28 15:18:51.052039 np0000183268 devstack@neutron-api.service[103041]: INFO neutron.api.extensions [None req-0f7032fd-8ca1-444e-945e-8c3820b77c3c None None] Extension agent_sort_key not supported by any of loaded plugins
Jun 28 15:18:51.052079 np0000183268 devstack@neutron-api.service[103039]: DEBUG neutron_lib.callbacks.manager [None req-5d49f1a9-acb4-4ec0-9854-8746183ec7e3 None None] Subscribe: > security_group_rule after_create 55550000, False {{(pid=103039) subscribe /opt/stack/data/venv/lib/python3.12/site-packages/neutron_lib/callbacks/manager.py:52}}
Jun 28 15:18:51.052150 np0000183268 devstack@neutron-api.service[103041]: DEBUG neutron.api.extensions [None req-0f7032fd-8ca1-444e-945e-8c3820b77c3c None None] Loading extension file: allowedaddresspairs.py {{(pid=103041) _load_all_extensions_from_path /opt/stack/neutron/neutron/api/extensions.py:449}}
Jun 28 15:18:51.052179 np0000183268 devstack@neutron-api.service[103039]: DEBUG neutron_lib.callbacks.manager [None req-5d49f1a9-acb4-4ec0-9854-8746183ec7e3 None None] Subscribe: > security_group_rule after_update 55550000, False {{(pid=103039) subscribe /opt/stack/data/venv/lib/python3.12/site-packages/neutron_lib/callbacks/manager.py:52}}
Jun 28 15:18:51.052265 np0000183268 devstack@neutron-api.service[103039]: DEBUG neutron_lib.callbacks.manager [None req-5d49f1a9-acb4-4ec0-9854-8746183ec7e3 None None] Subscribe: > security_group_rule after_delete 55550000, False {{(pid=103039) subscribe /opt/stack/data/venv/lib/python3.12/site-packages/neutron_lib/callbacks/manager.py:52}}
Jun 28 15:18:51.052364 np0000183268 devstack@neutron-api.service[103039]: DEBUG neutron_lib.callbacks.manager [None req-5d49f1a9-acb4-4ec0-9854-8746183ec7e3 None None] Subscribe: > address_group after_create 55550000, False {{(pid=103039) subscribe /opt/stack/data/venv/lib/python3.12/site-packages/neutron_lib/callbacks/manager.py:52}}
Jun 28 15:18:51.052463 np0000183268 devstack@neutron-api.service[103039]: DEBUG neutron_lib.callbacks.manager [None req-5d49f1a9-acb4-4ec0-9854-8746183ec7e3 None None] Subscribe: > address_group after_update 55550000, False {{(pid=103039) subscribe /opt/stack/data/venv/lib/python3.12/site-packages/neutron_lib/callbacks/manager.py:52}}
Jun 28 15:18:51.052559 np0000183268 devstack@neutron-api.service[103039]: DEBUG neutron_lib.callbacks.manager [None req-5d49f1a9-acb4-4ec0-9854-8746183ec7e3 None None] Subscribe: > address_group after_delete 55550000, False {{(pid=103039) subscribe /opt/stack/data/venv/lib/python3.12/site-packages/neutron_lib/callbacks/manager.py:52}}
Jun 28 15:18:51.052712 np0000183268 devstack@neutron-api.service[103039]: DEBUG neutron.plugins.ml2.ovo_rpc [None req-5d49f1a9-acb4-4ec0-9854-8746183ec7e3 None None] ML2 OVO RPC backend initialized. {{(pid=103039) __init__ /opt/stack/neutron/neutron/plugins/ml2/ovo_rpc.py:117}}
Jun 28 15:18:51.052762 np0000183268 devstack@neutron-api.service[103041]: DEBUG neutron.api.extensions [None req-0f7032fd-8ca1-444e-945e-8c3820b77c3c None None] Ext name="Allowed Address Pairs" alias="allowed-address-pairs" description="Provides allowed address pairs" updated="2013-07-23T10:00:00-00:00" {{(pid=103041) _check_extension /opt/stack/neutron/neutron/api/extensions.py:415}}
Jun 28 15:18:51.052966 np0000183268 devstack@neutron-api.service[103041]: INFO neutron.api.extensions [None req-0f7032fd-8ca1-444e-945e-8c3820b77c3c None None] Loaded extension: allowed-address-pairs
Jun 28 15:18:51.053052 np0000183268 devstack@neutron-api.service[103041]: DEBUG neutron.api.extensions [None req-0f7032fd-8ca1-444e-945e-8c3820b77c3c None None] Loading extension file: auto_allocated_topology.py {{(pid=103041) _load_all_extensions_from_path /opt/stack/neutron/neutron/api/extensions.py:449}}
Jun 28 15:18:51.053294 np0000183268 devstack@neutron-api.service[103041]: DEBUG neutron.api.extensions [None req-0f7032fd-8ca1-444e-945e-8c3820b77c3c None None] Ext name="Auto Allocated Topology Services" alias="auto-allocated-topology" description="Auto Allocated Topology Services." updated="2016-01-01T00:00:00-00:00" {{(pid=103041) _check_extension /opt/stack/neutron/neutron/api/extensions.py:415}}
Jun 28 15:18:51.053407 np0000183268 devstack@neutron-api.service[103039]: INFO neutron.quota [None req-5d49f1a9-acb4-4ec0-9854-8746183ec7e3 None None] Loaded quota_driver: .
Jun 28 15:18:51.053489 np0000183268 devstack@neutron-api.service[103041]: INFO neutron.api.extensions [None req-0f7032fd-8ca1-444e-945e-8c3820b77c3c None None] Loaded extension: auto-allocated-topology
Jun 28 15:18:51.053513 np0000183268 devstack@neutron-api.service[103039]: INFO neutron.plugins.ml2.plugin [None req-5d49f1a9-acb4-4ec0-9854-8746183ec7e3 None None] Modular L2 Plugin initialization complete
Jun 28 15:18:51.053576 np0000183268 devstack@neutron-api.service[103041]: DEBUG neutron.api.extensions [None req-0f7032fd-8ca1-444e-945e-8c3820b77c3c None None] Loading extension file: availability_zone.py {{(pid=103041) _load_all_extensions_from_path /opt/stack/neutron/neutron/api/extensions.py:449}}
Jun 28 15:18:51.053655 np0000183268 devstack@neutron-api.service[103039]: DEBUG neutron.manager [None req-5d49f1a9-acb4-4ec0-9854-8746183ec7e3 None None] Loading services supported by the core plugin {{(pid=103039) _load_services_from_core_plugin /opt/stack/neutron/neutron/manager.py:167}}
Jun 28 15:18:51.053735 np0000183268 devstack@neutron-api.service[103039]: INFO neutron.plugins.ml2.managers [None req-5d49f1a9-acb4-4ec0-9854-8746183ec7e3 None None] Got port-security extension from driver 'port_security'
Jun 28 15:18:51.053918 np0000183268 devstack@neutron-api.service[103041]: DEBUG neutron.api.extensions [None req-0f7032fd-8ca1-444e-945e-8c3820b77c3c None None] Ext name="Availability Zone" alias="availability_zone" description="The availability zone extension." updated="2015-01-01T10:00:00-00:00" {{(pid=103041) _check_extension /opt/stack/neutron/neutron/api/extensions.py:415}}
Jun 28 15:18:51.054015 np0000183268 devstack@neutron-api.service[103039]: DEBUG neutron.manager [None req-5d49f1a9-acb4-4ec0-9854-8746183ec7e3 None None] Loading service plugins: ['ovn-router', 'auto_allocate', 'tag', 'timestamp', 'network_ip_availability', 'flavors', 'revisions'] {{(pid=103039) _load_service_plugins /opt/stack/neutron/neutron/manager.py:192}}
Jun 28 15:18:51.054092 np0000183268 devstack@neutron-api.service[103039]: INFO neutron.manager [None req-5d49f1a9-acb4-4ec0-9854-8746183ec7e3 None None] Loading Plugin: ovn-router
Jun 28 15:18:51.054156 np0000183268 devstack@neutron-api.service[103041]: INFO neutron.api.extensions [None req-0f7032fd-8ca1-444e-945e-8c3820b77c3c None None] Loaded extension: availability_zone
Jun 28 15:18:51.054212 np0000183268 devstack@neutron-api.service[103041]: DEBUG neutron.api.extensions [None req-0f7032fd-8ca1-444e-945e-8c3820b77c3c None None] Loading extension file: availability_zone_filter.py {{(pid=103041) _load_all_extensions_from_path /opt/stack/neutron/neutron/api/extensions.py:449}}
Jun 28 15:18:51.054452 np0000183268 devstack@neutron-api.service[103041]: DEBUG neutron.api.extensions [None req-0f7032fd-8ca1-444e-945e-8c3820b77c3c None None] Ext name="Availability Zone Filter Extension" alias="availability_zone_filter" description="Add filter parameters to AvailabilityZone resource" updated="2018-06-22T10:00:00-00:00" {{(pid=103041) _check_extension /opt/stack/neutron/neutron/api/extensions.py:415}}
Jun 28 15:18:51.054612 np0000183268 devstack@neutron-api.service[103041]: INFO neutron.api.extensions [None req-0f7032fd-8ca1-444e-945e-8c3820b77c3c None None] Extension availability_zone_filter not supported by any of loaded plugins
Jun 28 15:18:51.054695 np0000183268 devstack@neutron-api.service[103041]: DEBUG neutron.api.extensions [None req-0f7032fd-8ca1-444e-945e-8c3820b77c3c None None] Loading extension file: data_plane_status.py {{(pid=103041) _load_all_extensions_from_path /opt/stack/neutron/neutron/api/extensions.py:449}}
Jun 28 15:18:51.054900 np0000183268 devstack@neutron-api.service[103041]: DEBUG neutron.api.extensions [None req-0f7032fd-8ca1-444e-945e-8c3820b77c3c None None] Ext name="Port data plane status extension" alias="data-plane-status" description="Expose status of underlying data plane" updated="2017-01-24T10:00:00-00:00" {{(pid=103041) _check_extension /opt/stack/neutron/neutron/api/extensions.py:415}}
Jun 28 15:18:51.055088 np0000183268 devstack@neutron-api.service[103041]: INFO neutron.api.extensions [None req-0f7032fd-8ca1-444e-945e-8c3820b77c3c None None] Extension data-plane-status not supported by any of loaded plugins
Jun 28 15:18:51.055219 np0000183268 devstack@neutron-api.service[103041]: DEBUG neutron.api.extensions [None req-0f7032fd-8ca1-444e-945e-8c3820b77c3c None None] Loading extension file: default_subnetpools.py {{(pid=103041) _load_all_extensions_from_path /opt/stack/neutron/neutron/api/extensions.py:449}}
Jun 28 15:18:51.055401 np0000183268 devstack@neutron-api.service[103041]: DEBUG neutron.api.extensions [None req-0f7032fd-8ca1-444e-945e-8c3820b77c3c None None] Ext name="Default Subnetpools" alias="default-subnetpools" description="Provides ability to mark and use a subnetpool as the default." updated="2016-02-18T18:00:00-00:00" {{(pid=103041) _check_extension /opt/stack/neutron/neutron/api/extensions.py:415}}
Jun 28 15:18:51.055570 np0000183268 devstack@neutron-api.service[103041]: INFO neutron.api.extensions [None req-0f7032fd-8ca1-444e-945e-8c3820b77c3c None None] Loaded extension: default-subnetpools
Jun 28 15:18:51.055660 np0000183268 devstack@neutron-api.service[103041]: DEBUG neutron.api.extensions [None req-0f7032fd-8ca1-444e-945e-8c3820b77c3c None None] Loading extension file: dhcpagentscheduler.py {{(pid=103041) _load_all_extensions_from_path /opt/stack/neutron/neutron/api/extensions.py:449}}
Jun 28 15:18:51.056031 np0000183268 devstack@neutron-api.service[103041]: DEBUG neutron.api.extensions [None req-0f7032fd-8ca1-444e-945e-8c3820b77c3c None None] Ext name="DHCP Agent Scheduler" alias="dhcp_agent_scheduler" description="Schedule networks among dhcp agents" updated="2013-02-07T10:00:00-00:00" {{(pid=103041) _check_extension /opt/stack/neutron/neutron/api/extensions.py:415}}
Jun 28 15:18:51.056207 np0000183268 devstack@neutron-api.service[103041]: INFO neutron.api.extensions [None req-0f7032fd-8ca1-444e-945e-8c3820b77c3c None None] Loaded extension: dhcp_agent_scheduler
Jun 28 15:18:51.056297 np0000183268 devstack@neutron-api.service[103041]: DEBUG neutron.api.extensions [None req-0f7032fd-8ca1-444e-945e-8c3820b77c3c None None] Loading extension file: dns.py {{(pid=103041) _load_all_extensions_from_path /opt/stack/neutron/neutron/api/extensions.py:449}}
Jun 28 15:18:51.056515 np0000183268 devstack@neutron-api.service[103041]: DEBUG neutron.api.extensions [None req-0f7032fd-8ca1-444e-945e-8c3820b77c3c None None] Ext name="DNS Integration" alias="dns-integration" description="Provides integration with DNS." updated="2015-08-15T18:00:00-00:00" {{(pid=103041) _check_extension /opt/stack/neutron/neutron/api/extensions.py:415}}
Jun 28 15:18:51.056702 np0000183268 devstack@neutron-api.service[103041]: INFO neutron.api.extensions [None req-0f7032fd-8ca1-444e-945e-8c3820b77c3c None None] Loaded extension: dns-integration
Jun 28 15:18:51.056791 np0000183268 devstack@neutron-api.service[103041]: DEBUG neutron.api.extensions [None req-0f7032fd-8ca1-444e-945e-8c3820b77c3c None None] Loading extension file: dns_domain_ports.py {{(pid=103041) _load_all_extensions_from_path /opt/stack/neutron/neutron/api/extensions.py:449}}
Jun 28 15:18:51.057052 np0000183268 devstack@neutron-api.service[103041]: DEBUG neutron.api.extensions [None req-0f7032fd-8ca1-444e-945e-8c3820b77c3c None None] Ext name="dns_domain for ports" alias="dns-domain-ports" description="Allows the DNS domain to be specified for a network port." updated="2017-04-24T10:00:00-00:00" {{(pid=103041) _check_extension /opt/stack/neutron/neutron/api/extensions.py:415}}
Jun 28 15:18:51.057229 np0000183268 devstack@neutron-api.service[103041]: INFO neutron.api.extensions [None req-0f7032fd-8ca1-444e-945e-8c3820b77c3c None None] Loaded extension: dns-domain-ports
Jun 28 15:18:51.057315 np0000183268 devstack@neutron-api.service[103041]: DEBUG neutron.api.extensions [None req-0f7032fd-8ca1-444e-945e-8c3820b77c3c None None] Loading extension file: dns_integration_domain_keywords.py {{(pid=103041) _load_all_extensions_from_path /opt/stack/neutron/neutron/api/extensions.py:449}}
Jun 28 15:18:51.057505 np0000183268 devstack@neutron-api.service[103041]: DEBUG neutron.api.extensions [None req-0f7032fd-8ca1-444e-945e-8c3820b77c3c None None] Ext name="DNS domain names with keywords allowed" alias="dns-integration-domain-keywords" description="Allows to use keywords like , , and as DNS domain name" updated="2020-06-15T18:00:00-00:00" {{(pid=103041) _check_extension /opt/stack/neutron/neutron/api/extensions.py:415}}
Jun 28 15:18:51.057674 np0000183268 devstack@neutron-api.service[103041]: INFO neutron.api.extensions [None req-0f7032fd-8ca1-444e-945e-8c3820b77c3c None None] Loaded extension: dns-integration-domain-keywords
Jun 28 15:18:51.057765 np0000183268 devstack@neutron-api.service[103041]: DEBUG neutron.api.extensions [None req-0f7032fd-8ca1-444e-945e-8c3820b77c3c None None] Loading extension file: dvr.py {{(pid=103041) _load_all_extensions_from_path /opt/stack/neutron/neutron/api/extensions.py:449}}
Jun 28 15:18:51.058031 np0000183268 devstack@neutron-api.service[103041]: DEBUG neutron.api.extensions [None req-0f7032fd-8ca1-444e-945e-8c3820b77c3c None None] Ext name="Distributed Virtual Router" alias="dvr" description="Enables configuration of Distributed Virtual Routers." updated="2014-06-1T10:00:00-00:00" {{(pid=103041) _check_extension /opt/stack/neutron/neutron/api/extensions.py:415}}
Jun 28 15:18:51.058199 np0000183268 devstack@neutron-api.service[103041]: INFO neutron.api.extensions [None req-0f7032fd-8ca1-444e-945e-8c3820b77c3c None None] Extension dvr not supported by any of loaded plugins
Jun 28 15:18:51.058289 np0000183268 devstack@neutron-api.service[103041]: DEBUG neutron.api.extensions [None req-0f7032fd-8ca1-444e-945e-8c3820b77c3c None None] Loading extension file: ecmp_routes.py {{(pid=103041) _load_all_extensions_from_path /opt/stack/neutron/neutron/api/extensions.py:449}}
Jun 28 15:18:51.058513 np0000183268 devstack@neutron-api.service[103041]: DEBUG neutron.api.extensions [None req-0f7032fd-8ca1-444e-945e-8c3820b77c3c None None] Ext name="Equal Cost Multipath Routing" alias="ecmp_routes" description="Allows traffic to reach thesame destination via multiple different links " updated="2020-11-26T18:00:00-00:00" {{(pid=103041) _check_extension /opt/stack/neutron/neutron/api/extensions.py:415}}
Jun 28 15:18:51.058576 np0000183268 devstack@neutron-api.service[103040]: INFO neutron.plugins.ml2.drivers.type_vlan [None req-cf8e3dd3-d17d-4e5d-a333-dc634c84f7c9 None None] VlanTypeDriver initialization complete
Jun 28 15:18:51.058765 np0000183268 devstack@neutron-api.service[103041]: INFO neutron.api.extensions [None req-0f7032fd-8ca1-444e-945e-8c3820b77c3c None None] Extension ecmp_routes not supported by any of loaded plugins
Jun 28 15:18:51.058868 np0000183268 devstack@neutron-api.service[103040]: INFO neutron.plugins.ml2.managers [None req-cf8e3dd3-d17d-4e5d-a333-dc634c84f7c9 None None] Initializing extension driver 'port_security'
Jun 28 15:18:51.058923 np0000183268 devstack@neutron-api.service[103041]: DEBUG neutron.api.extensions [None req-0f7032fd-8ca1-444e-945e-8c3820b77c3c None None] Loading extension file: empty_string_filtering.py {{(pid=103041) _load_all_extensions_from_path /opt/stack/neutron/neutron/api/extensions.py:449}}
Jun 28 15:18:51.059005 np0000183268 devstack@neutron-api.service[103040]: INFO neutron.plugins.ml2.extensions.port_security [None req-cf8e3dd3-d17d-4e5d-a333-dc634c84f7c9 None None] PortSecurityExtensionDriver initialization complete
Jun 28 15:18:51.059005 np0000183268 devstack@neutron-api.service[103040]: INFO neutron.plugins.ml2.managers [None req-cf8e3dd3-d17d-4e5d-a333-dc634c84f7c9 None None] Initializing extension driver 'qos'
Jun 28 15:18:51.059005 np0000183268 devstack@neutron-api.service[103040]: DEBUG neutron.plugins.ml2.extensions.qos [None req-cf8e3dd3-d17d-4e5d-a333-dc634c84f7c9 None None] QosExtensionDriver initialization complete {{(pid=103040) initialize /opt/stack/neutron/neutron/plugins/ml2/extensions/qos.py:31}}
Jun 28 15:18:51.059076 np0000183268 devstack@neutron-api.service[103041]: DEBUG neutron.api.extensions [None req-0f7032fd-8ca1-444e-945e-8c3820b77c3c None None] Ext name="Empty String Filtering Extension" alias="empty-string-filtering" description="Allow filtering by attributes with empty string value" updated="2018-05-01T10:00:00-00:00" {{(pid=103041) _check_extension /opt/stack/neutron/neutron/api/extensions.py:415}}
Jun 28 15:18:51.059160 np0000183268 devstack@neutron-api.service[103040]: INFO neutron.plugins.ml2.managers [None req-cf8e3dd3-d17d-4e5d-a333-dc634c84f7c9 None None] Initializing mechanism driver 'ovn'
Jun 28 15:18:51.059192 np0000183268 devstack@neutron-api.service[103041]: INFO neutron.api.extensions [None req-0f7032fd-8ca1-444e-945e-8c3820b77c3c None None] Loaded extension: empty-string-filtering
Jun 28 15:18:51.059253 np0000183268 devstack@neutron-api.service[103040]: INFO neutron.plugins.ml2.drivers.ovn.mech_driver.mech_driver [None req-cf8e3dd3-d17d-4e5d-a333-dc634c84f7c9 None None] Starting OVNMechanismDriver
Jun 28 15:18:51.059308 np0000183268 devstack@neutron-api.service[103041]: DEBUG neutron.api.extensions [None req-0f7032fd-8ca1-444e-945e-8c3820b77c3c None None] Loading extension file: evpn.py {{(pid=103041) _load_all_extensions_from_path /opt/stack/neutron/neutron/api/extensions.py:449}}
Jun 28 15:18:51.059472 np0000183268 devstack@neutron-api.service[103041]: DEBUG neutron.api.extensions [None req-0f7032fd-8ca1-444e-945e-8c3820b77c3c None None] Ext name="EVPN" alias="evpn" description="Router extension to support EVPN Type-5 route advertisement" updated="2026-04-28T00:00:00-00:00" {{(pid=103041) _check_extension /opt/stack/neutron/neutron/api/extensions.py:415}}
Jun 28 15:18:51.059638 np0000183268 devstack@neutron-api.service[103041]: INFO neutron.api.extensions [None req-0f7032fd-8ca1-444e-945e-8c3820b77c3c None None] Extension evpn not supported by any of loaded plugins
Jun 28 15:18:51.059728 np0000183268 devstack@neutron-api.service[103041]: DEBUG neutron.api.extensions [None req-0f7032fd-8ca1-444e-945e-8c3820b77c3c None None] Loading extension file: expose_l3_conntrack_helper.py {{(pid=103041) _load_all_extensions_from_path /opt/stack/neutron/neutron/api/extensions.py:449}}
Jun 28 15:18:51.059949 np0000183268 devstack@neutron-api.service[103041]: DEBUG neutron.api.extensions [None req-0f7032fd-8ca1-444e-945e-8c3820b77c3c None None] Ext name="Expose CT target rules for conntrack helper" alias="expose-l3-conntrack-helper" description="Expose allow adding CT target rules for conntrack helper" updated="2019-04-04T10:00:00-00:00" {{(pid=103041) _check_extension /opt/stack/neutron/neutron/api/extensions.py:415}}
Jun 28 15:18:51.060140 np0000183268 devstack@neutron-api.service[103041]: INFO neutron.api.extensions [None req-0f7032fd-8ca1-444e-945e-8c3820b77c3c None None] Extension expose-l3-conntrack-helper not supported by any of loaded plugins
Jun 28 15:18:51.060237 np0000183268 devstack@neutron-api.service[103041]: DEBUG neutron.api.extensions [None req-0f7032fd-8ca1-444e-945e-8c3820b77c3c None None] Loading extension file: expose_port_forwarding_in_fip.py {{(pid=103041) _load_all_extensions_from_path /opt/stack/neutron/neutron/api/extensions.py:449}}
Jun 28 15:18:51.060438 np0000183268 devstack@neutron-api.service[103041]: DEBUG neutron.api.extensions [None req-0f7032fd-8ca1-444e-945e-8c3820b77c3c None None] Ext name="Expose Floating IP port forwardings" alias="expose-port-forwarding-in-fip" description="Expose port forwarding fields in floating IP response" updated="2018-06-28T16:00:00-00:00" {{(pid=103041) _check_extension /opt/stack/neutron/neutron/api/extensions.py:415}}
Jun 28 15:18:51.060606 np0000183268 devstack@neutron-api.service[103041]: INFO neutron.api.extensions [None req-0f7032fd-8ca1-444e-945e-8c3820b77c3c None None] Extension expose-port-forwarding-in-fip not supported by any of loaded plugins
Jun 28 15:18:51.060717 np0000183268 devstack@neutron-api.service[103040]: DEBUG neutron_lib.callbacks.manager [None req-cf8e3dd3-d17d-4e5d-a333-dc634c84f7c9 None None] Subscribe: > process before_spawn 55550000, False {{(pid=103040) subscribe /opt/stack/data/venv/lib/python3.12/site-packages/neutron_lib/callbacks/manager.py:52}}
Jun 28 15:18:51.060779 np0000183268 devstack@neutron-api.service[103041]: DEBUG neutron.api.extensions [None req-0f7032fd-8ca1-444e-945e-8c3820b77c3c None None] Loading extension file: external_net.py {{(pid=103041) _load_all_extensions_from_path /opt/stack/neutron/neutron/api/extensions.py:449}}
Jun 28 15:18:51.060853 np0000183268 devstack@neutron-api.service[103040]: DEBUG neutron_lib.callbacks.manager [None req-cf8e3dd3-d17d-4e5d-a333-dc634c84f7c9 None None] Subscribe: > process after_init 55550000, True {{(pid=103040) subscribe /opt/stack/data/venv/lib/python3.12/site-packages/neutron_lib/callbacks/manager.py:52}}
Jun 28 15:18:51.060951 np0000183268 devstack@neutron-api.service[103041]: DEBUG neutron.api.extensions [None req-0f7032fd-8ca1-444e-945e-8c3820b77c3c None None] Ext name="Neutron external network" alias="external-net" description="Adds external network attribute to network resource." updated="2013-01-14T10:00:00-00:00" {{(pid=103041) _check_extension /opt/stack/neutron/neutron/api/extensions.py:415}}
Jun 28 15:18:51.060998 np0000183268 devstack@neutron-api.service[103040]: DEBUG neutron_lib.callbacks.manager [None req-cf8e3dd3-d17d-4e5d-a333-dc634c84f7c9 None None] Subscribe: > segment after_create 55550000, False {{(pid=103040) subscribe /opt/stack/data/venv/lib/python3.12/site-packages/neutron_lib/callbacks/manager.py:52}}
