Jun 28 15:19:30.288617 np0000183268 nova-conductor[110495]: DEBUG cotyledon.oslo_config_glue [-] vnc.server_proxyclient_address = 127.0.0.1 {{(pid=110495) log_opt_values /opt/stack/data/venv/lib/python3.12/site-packages/oslo_config/cfg.py:3253}}
Jun 28 15:19:30.288617 np0000183268 nova-conductor[110495]: DEBUG cotyledon.oslo_config_glue [-] vnc.vencrypt_ca_certs = None {{(pid=110495) log_opt_values /opt/stack/data/venv/lib/python3.12/site-packages/oslo_config/cfg.py:3253}}
Jun 28 15:19:30.288617 np0000183268 nova-conductor[110495]: DEBUG cotyledon.oslo_config_glue [-] vnc.vencrypt_client_cert = None {{(pid=110495) log_opt_values /opt/stack/data/venv/lib/python3.12/site-packages/oslo_config/cfg.py:3253}}
Jun 28 15:19:30.288617 np0000183268 nova-conductor[110495]: DEBUG cotyledon.oslo_config_glue [-] vnc.vencrypt_client_key = None {{(pid=110495) log_opt_values /opt/stack/data/venv/lib/python3.12/site-packages/oslo_config/cfg.py:3253}}
Jun 28 15:19:30.288807 np0000183268 nova-conductor[110495]: DEBUG cotyledon.oslo_config_glue [-] workarounds.disable_compute_service_check_for_ffu = False {{(pid=110495) log_opt_values /opt/stack/data/venv/lib/python3.12/site-packages/oslo_config/cfg.py:3253}}
Jun 28 15:19:30.288807 np0000183268 nova-conductor[110495]: DEBUG cotyledon.oslo_config_glue [-] workarounds.disable_deep_image_inspection = False {{(pid=110495) log_opt_values /opt/stack/data/venv/lib/python3.12/site-packages/oslo_config/cfg.py:3253}}
Jun 28 15:19:30.288807 np0000183268 nova-conductor[110495]: DEBUG cotyledon.oslo_config_glue [-] workarounds.disable_fallback_pcpu_query = False {{(pid=110495) log_opt_values /opt/stack/data/venv/lib/python3.12/site-packages/oslo_config/cfg.py:3253}}
Jun 28 15:19:30.288807 np0000183268 nova-conductor[110495]: DEBUG cotyledon.oslo_config_glue [-] workarounds.disable_group_policy_check_upcall = False {{(pid=110495) log_opt_values /opt/stack/data/venv/lib/python3.12/site-packages/oslo_config/cfg.py:3253}}
Jun 28 15:19:30.288807 np0000183268 nova-conductor[110495]: DEBUG cotyledon.oslo_config_glue [-] workarounds.disable_libvirt_livesnapshot = False {{(pid=110495) log_opt_values /opt/stack/data/venv/lib/python3.12/site-packages/oslo_config/cfg.py:3253}}
Jun 28 15:19:30.288807 np0000183268 nova-conductor[110495]: DEBUG cotyledon.oslo_config_glue [-] workarounds.disable_rootwrap = False {{(pid=110495) log_opt_values /opt/stack/data/venv/lib/python3.12/site-packages/oslo_config/cfg.py:3253}}
Jun 28 15:19:30.288807 np0000183268 nova-conductor[110495]: DEBUG cotyledon.oslo_config_glue [-] workarounds.enable_numa_live_migration = False {{(pid=110495) log_opt_values /opt/stack/data/venv/lib/python3.12/site-packages/oslo_config/cfg.py:3253}}
Jun 28 15:19:30.288807 np0000183268 nova-conductor[110495]: DEBUG cotyledon.oslo_config_glue [-] workarounds.enable_qemu_monitor_announce_self = False {{(pid=110495) log_opt_values /opt/stack/data/venv/lib/python3.12/site-packages/oslo_config/cfg.py:3253}}
Jun 28 15:19:30.288807 np0000183268 nova-conductor[110495]: DEBUG cotyledon.oslo_config_glue [-] workarounds.ensure_libvirt_rbd_instance_dir_cleanup = False {{(pid=110495) log_opt_values /opt/stack/data/venv/lib/python3.12/site-packages/oslo_config/cfg.py:3253}}
Jun 28 15:19:30.289043 np0000183268 nova-conductor[110495]: DEBUG cotyledon.oslo_config_glue [-] workarounds.handle_virt_lifecycle_events = True {{(pid=110495) log_opt_values /opt/stack/data/venv/lib/python3.12/site-packages/oslo_config/cfg.py:3253}}
Jun 28 15:19:30.289043 np0000183268 nova-conductor[110495]: DEBUG cotyledon.oslo_config_glue [-] workarounds.libvirt_disable_apic = False {{(pid=110495) log_opt_values /opt/stack/data/venv/lib/python3.12/site-packages/oslo_config/cfg.py:3253}}
Jun 28 15:19:30.289043 np0000183268 nova-conductor[110495]: DEBUG cotyledon.oslo_config_glue [-] workarounds.never_download_image_if_on_rbd = False {{(pid=110495) log_opt_values /opt/stack/data/venv/lib/python3.12/site-packages/oslo_config/cfg.py:3253}}
Jun 28 15:19:30.289043 np0000183268 nova-conductor[110495]: DEBUG cotyledon.oslo_config_glue [-] workarounds.qemu_monitor_announce_self_count = 3 {{(pid=110495) log_opt_values /opt/stack/data/venv/lib/python3.12/site-packages/oslo_config/cfg.py:3253}}
Jun 28 15:19:30.289043 np0000183268 nova-conductor[110495]: DEBUG cotyledon.oslo_config_glue [-] workarounds.qemu_monitor_announce_self_interval = 1 {{(pid=110495) log_opt_values /opt/stack/data/venv/lib/python3.12/site-packages/oslo_config/cfg.py:3253}}
Jun 28 15:19:30.289043 np0000183268 nova-conductor[110495]: DEBUG cotyledon.oslo_config_glue [-] workarounds.reserve_disk_resource_for_image_cache = False {{(pid=110495) log_opt_values /opt/stack/data/venv/lib/python3.12/site-packages/oslo_config/cfg.py:3253}}
Jun 28 15:19:30.289043 np0000183268 nova-conductor[110495]: DEBUG cotyledon.oslo_config_glue [-] workarounds.skip_cpu_compare_at_startup = False {{(pid=110495) log_opt_values /opt/stack/data/venv/lib/python3.12/site-packages/oslo_config/cfg.py:3253}}
Jun 28 15:19:30.289043 np0000183268 nova-conductor[110495]: DEBUG cotyledon.oslo_config_glue [-] workarounds.skip_cpu_compare_on_dest = False {{(pid=110495) log_opt_values /opt/stack/data/venv/lib/python3.12/site-packages/oslo_config/cfg.py:3253}}
Jun 28 15:19:30.289043 np0000183268 nova-conductor[110495]: DEBUG cotyledon.oslo_config_glue [-] workarounds.skip_hypervisor_version_check_on_lm = False {{(pid=110495) log_opt_values /opt/stack/data/venv/lib/python3.12/site-packages/oslo_config/cfg.py:3253}}
Jun 28 15:19:30.289244 np0000183268 nova-conductor[110495]: DEBUG cotyledon.oslo_config_glue [-] workarounds.skip_reserve_in_use_ironic_nodes = False {{(pid=110495) log_opt_values /opt/stack/data/venv/lib/python3.12/site-packages/oslo_config/cfg.py:3253}}
Jun 28 15:19:30.289244 np0000183268 nova-conductor[110495]: DEBUG cotyledon.oslo_config_glue [-] workarounds.unified_limits_count_pcpu_as_vcpu = False {{(pid=110495) log_opt_values /opt/stack/data/venv/lib/python3.12/site-packages/oslo_config/cfg.py:3253}}
Jun 28 15:19:30.289244 np0000183268 nova-conductor[110495]: DEBUG cotyledon.oslo_config_glue [-] workarounds.wait_for_vif_plugged_event_during_hard_reboot = [] {{(pid=110495) log_opt_values /opt/stack/data/venv/lib/python3.12/site-packages/oslo_config/cfg.py:3253}}
Jun 28 15:19:30.289244 np0000183268 nova-conductor[110495]: DEBUG cotyledon.oslo_config_glue [-] wsgi.api_paste_config = /etc/nova/api-paste.ini {{(pid=110495) log_opt_values /opt/stack/data/venv/lib/python3.12/site-packages/oslo_config/cfg.py:3253}}
Jun 28 15:19:30.289244 np0000183268 nova-conductor[110495]: DEBUG cotyledon.oslo_config_glue [-] wsgi.secure_proxy_ssl_header = None {{(pid=110495) log_opt_values /opt/stack/data/venv/lib/python3.12/site-packages/oslo_config/cfg.py:3253}}
Jun 28 15:19:30.289244 np0000183268 nova-conductor[110495]: DEBUG cotyledon.oslo_config_glue [-] zvm.ca_file = None {{(pid=110495) log_opt_values /opt/stack/data/venv/lib/python3.12/site-packages/oslo_config/cfg.py:3253}}
Jun 28 15:19:30.289244 np0000183268 nova-conductor[110495]: DEBUG cotyledon.oslo_config_glue [-] zvm.cloud_connector_url = None {{(pid=110495) log_opt_values /opt/stack/data/venv/lib/python3.12/site-packages/oslo_config/cfg.py:3253}}
Jun 28 15:19:30.289244 np0000183268 nova-conductor[110495]: DEBUG cotyledon.oslo_config_glue [-] zvm.image_tmp_path = /opt/stack/data/nova/images {{(pid=110495) log_opt_values /opt/stack/data/venv/lib/python3.12/site-packages/oslo_config/cfg.py:3253}}
Jun 28 15:19:30.289244 np0000183268 nova-conductor[110495]: DEBUG cotyledon.oslo_config_glue [-] zvm.reachable_timeout = 300 {{(pid=110495) log_opt_values /opt/stack/data/venv/lib/python3.12/site-packages/oslo_config/cfg.py:3253}}
Jun 28 15:19:30.289433 np0000183268 nova-conductor[110495]: DEBUG cotyledon.oslo_config_glue [-] oslo_versionedobjects.fatal_exception_format_errors = False {{(pid=110495) log_opt_values /opt/stack/data/venv/lib/python3.12/site-packages/oslo_config/cfg.py:3253}}
Jun 28 15:19:30.289433 np0000183268 nova-conductor[110495]: DEBUG cotyledon.oslo_config_glue [-] oslo_middleware.http_basic_auth_user_file = /etc/htpasswd {{(pid=110495) log_opt_values /opt/stack/data/venv/lib/python3.12/site-packages/oslo_config/cfg.py:3253}}
Jun 28 15:19:30.289433 np0000183268 nova-conductor[110495]: DEBUG cotyledon.oslo_config_glue [-] profiler.connection_string = messaging:// {{(pid=110495) log_opt_values /opt/stack/data/venv/lib/python3.12/site-packages/oslo_config/cfg.py:3253}}
Jun 28 15:19:30.289433 np0000183268 nova-conductor[110495]: DEBUG cotyledon.oslo_config_glue [-] profiler.enabled = False {{(pid=110495) log_opt_values /opt/stack/data/venv/lib/python3.12/site-packages/oslo_config/cfg.py:3253}}
Jun 28 15:19:30.289433 np0000183268 nova-conductor[110495]: DEBUG cotyledon.oslo_config_glue [-] profiler.es_doc_type = notification {{(pid=110495) log_opt_values /opt/stack/data/venv/lib/python3.12/site-packages/oslo_config/cfg.py:3253}}
Jun 28 15:19:30.289433 np0000183268 nova-conductor[110495]: DEBUG cotyledon.oslo_config_glue [-] profiler.es_scroll_size = 10000 {{(pid=110495) log_opt_values /opt/stack/data/venv/lib/python3.12/site-packages/oslo_config/cfg.py:3253}}
Jun 28 15:19:30.289433 np0000183268 nova-conductor[110495]: DEBUG cotyledon.oslo_config_glue [-] profiler.es_scroll_time = 2m {{(pid=110495) log_opt_values /opt/stack/data/venv/lib/python3.12/site-packages/oslo_config/cfg.py:3253}}
Jun 28 15:19:30.289433 np0000183268 nova-conductor[110495]: DEBUG cotyledon.oslo_config_glue [-] profiler.filter_error_trace = False {{(pid=110495) log_opt_values /opt/stack/data/venv/lib/python3.12/site-packages/oslo_config/cfg.py:3253}}
Jun 28 15:19:30.289433 np0000183268 nova-conductor[110495]: DEBUG cotyledon.oslo_config_glue [-] profiler.hmac_keys = **** {{(pid=110495) log_opt_values /opt/stack/data/venv/lib/python3.12/site-packages/oslo_config/cfg.py:3253}}
Jun 28 15:19:30.289632 np0000183268 nova-conductor[110495]: DEBUG cotyledon.oslo_config_glue [-] profiler.sentinel_service_name = mymaster {{(pid=110495) log_opt_values /opt/stack/data/venv/lib/python3.12/site-packages/oslo_config/cfg.py:3253}}
Jun 28 15:19:30.289632 np0000183268 nova-conductor[110495]: DEBUG cotyledon.oslo_config_glue [-] profiler.socket_timeout = 0.1 {{(pid=110495) log_opt_values /opt/stack/data/venv/lib/python3.12/site-packages/oslo_config/cfg.py:3253}}
Jun 28 15:19:30.289632 np0000183268 nova-conductor[110495]: DEBUG cotyledon.oslo_config_glue [-] profiler.trace_requests = False {{(pid=110495) log_opt_values /opt/stack/data/venv/lib/python3.12/site-packages/oslo_config/cfg.py:3253}}
Jun 28 15:19:30.289632 np0000183268 nova-conductor[110495]: DEBUG cotyledon.oslo_config_glue [-] profiler.trace_sqlalchemy = False {{(pid=110495) log_opt_values /opt/stack/data/venv/lib/python3.12/site-packages/oslo_config/cfg.py:3253}}
Jun 28 15:19:30.289632 np0000183268 nova-conductor[110495]: DEBUG cotyledon.oslo_config_glue [-] profiler_jaeger.process_tags = {} {{(pid=110495) log_opt_values /opt/stack/data/venv/lib/python3.12/site-packages/oslo_config/cfg.py:3253}}
Jun 28 15:19:30.289632 np0000183268 nova-conductor[110495]: DEBUG cotyledon.oslo_config_glue [-] profiler_jaeger.service_name_prefix = None {{(pid=110495) log_opt_values /opt/stack/data/venv/lib/python3.12/site-packages/oslo_config/cfg.py:3253}}
Jun 28 15:19:30.289632 np0000183268 nova-conductor[110495]: DEBUG cotyledon.oslo_config_glue [-] profiler_otlp.service_name_prefix = None {{(pid=110495) log_opt_values /opt/stack/data/venv/lib/python3.12/site-packages/oslo_config/cfg.py:3253}}
Jun 28 15:19:30.289632 np0000183268 nova-conductor[110495]: DEBUG cotyledon.oslo_config_glue [-] oslo_messaging_rabbit.amqp_auto_delete = False {{(pid=110495) log_opt_values /opt/stack/data/venv/lib/python3.12/site-packages/oslo_config/cfg.py:3253}}
Jun 28 15:19:30.289632 np0000183268 nova-conductor[110495]: DEBUG cotyledon.oslo_config_glue [-] oslo_messaging_rabbit.amqp_durable_queues = False {{(pid=110495) log_opt_values /opt/stack/data/venv/lib/python3.12/site-packages/oslo_config/cfg.py:3253}}
Jun 28 15:19:30.289833 np0000183268 nova-conductor[110495]: DEBUG cotyledon.oslo_config_glue [-] oslo_messaging_rabbit.conn_pool_min_size = 2 {{(pid=110495) log_opt_values /opt/stack/data/venv/lib/python3.12/site-packages/oslo_config/cfg.py:3253}}
Jun 28 15:19:30.289833 np0000183268 nova-conductor[110495]: DEBUG cotyledon.oslo_config_glue [-] oslo_messaging_rabbit.conn_pool_ttl = 1200 {{(pid=110495) log_opt_values /opt/stack/data/venv/lib/python3.12/site-packages/oslo_config/cfg.py:3253}}
Jun 28 15:19:30.289833 np0000183268 nova-conductor[110495]: DEBUG cotyledon.oslo_config_glue [-] oslo_messaging_rabbit.direct_mandatory_flag = True {{(pid=110495) log_opt_values /opt/stack/data/venv/lib/python3.12/site-packages/oslo_config/cfg.py:3253}}
Jun 28 15:19:30.289833 np0000183268 nova-conductor[110495]: DEBUG cotyledon.oslo_config_glue [-] oslo_messaging_rabbit.enable_cancel_on_failover = False {{(pid=110495) log_opt_values /opt/stack/data/venv/lib/python3.12/site-packages/oslo_config/cfg.py:3253}}
Jun 28 15:19:30.289833 np0000183268 nova-conductor[110495]: DEBUG cotyledon.oslo_config_glue [-] oslo_messaging_rabbit.heartbeat_rate = 3 {{(pid=110495) log_opt_values /opt/stack/data/venv/lib/python3.12/site-packages/oslo_config/cfg.py:3253}}
Jun 28 15:19:30.289833 np0000183268 nova-conductor[110495]: DEBUG cotyledon.oslo_config_glue [-] oslo_messaging_rabbit.heartbeat_timeout_threshold = 60 {{(pid=110495) log_opt_values /opt/stack/data/venv/lib/python3.12/site-packages/oslo_config/cfg.py:3253}}
Jun 28 15:19:30.289833 np0000183268 nova-conductor[110495]: DEBUG cotyledon.oslo_config_glue [-] oslo_messaging_rabbit.hostname = np0000183268 {{(pid=110495) log_opt_values /opt/stack/data/venv/lib/python3.12/site-packages/oslo_config/cfg.py:3253}}
Jun 28 15:19:30.289833 np0000183268 nova-conductor[110495]: DEBUG cotyledon.oslo_config_glue [-] oslo_messaging_rabbit.kombu_compression = None {{(pid=110495) log_opt_values /opt/stack/data/venv/lib/python3.12/site-packages/oslo_config/cfg.py:3253}}
Jun 28 15:19:30.289833 np0000183268 nova-conductor[110495]: DEBUG cotyledon.oslo_config_glue [-] oslo_messaging_rabbit.kombu_failover_strategy = round-robin {{(pid=110495) log_opt_values /opt/stack/data/venv/lib/python3.12/site-packages/oslo_config/cfg.py:3253}}
Jun 28 15:19:30.290069 np0000183268 nova-conductor[110495]: DEBUG cotyledon.oslo_config_glue [-] oslo_messaging_rabbit.kombu_missing_consumer_retry_timeout = 60 {{(pid=110495) log_opt_values /opt/stack/data/venv/lib/python3.12/site-packages/oslo_config/cfg.py:3253}}
Jun 28 15:19:30.290069 np0000183268 nova-conductor[110495]: DEBUG cotyledon.oslo_config_glue [-] oslo_messaging_rabbit.kombu_reconnect_delay = 1.0 {{(pid=110495) log_opt_values /opt/stack/data/venv/lib/python3.12/site-packages/oslo_config/cfg.py:3253}}
Jun 28 15:19:30.290069 np0000183268 nova-conductor[110495]: DEBUG cotyledon.oslo_config_glue [-] oslo_messaging_rabbit.kombu_reconnect_splay = 0.0 {{(pid=110495) log_opt_values /opt/stack/data/venv/lib/python3.12/site-packages/oslo_config/cfg.py:3253}}
Jun 28 15:19:30.290069 np0000183268 nova-conductor[110495]: DEBUG cotyledon.oslo_config_glue [-] oslo_messaging_rabbit.processname = nova-conductor {{(pid=110495) log_opt_values /opt/stack/data/venv/lib/python3.12/site-packages/oslo_config/cfg.py:3253}}
Jun 28 15:19:30.290069 np0000183268 nova-conductor[110495]: DEBUG cotyledon.oslo_config_glue [-] oslo_messaging_rabbit.rabbit_ha_queues = False {{(pid=110495) log_opt_values /opt/stack/data/venv/lib/python3.12/site-packages/oslo_config/cfg.py:3253}}
Jun 28 15:19:30.290069 np0000183268 nova-conductor[110495]: DEBUG cotyledon.oslo_config_glue [-] oslo_messaging_rabbit.rabbit_interval_max = 30 {{(pid=110495) log_opt_values /opt/stack/data/venv/lib/python3.12/site-packages/oslo_config/cfg.py:3253}}
Jun 28 15:19:30.290069 np0000183268 nova-conductor[110495]: DEBUG cotyledon.oslo_config_glue [-] oslo_messaging_rabbit.rabbit_login_method = AMQPLAIN {{(pid=110495) log_opt_values /opt/stack/data/venv/lib/python3.12/site-packages/oslo_config/cfg.py:3253}}
Jun 28 15:19:30.290069 np0000183268 nova-conductor[110495]: DEBUG cotyledon.oslo_config_glue [-] oslo_messaging_rabbit.rabbit_qos_prefetch_count = 0 {{(pid=110495) log_opt_values /opt/stack/data/venv/lib/python3.12/site-packages/oslo_config/cfg.py:3253}}
Jun 28 15:19:30.290236 np0000183268 nova-conductor[110495]: DEBUG cotyledon.oslo_config_glue [-] oslo_messaging_rabbit.rabbit_quorum_delivery_limit = 0 {{(pid=110495) log_opt_values /opt/stack/data/venv/lib/python3.12/site-packages/oslo_config/cfg.py:3253}}
Jun 28 15:19:30.290236 np0000183268 nova-conductor[110495]: DEBUG cotyledon.oslo_config_glue [-] oslo_messaging_rabbit.rabbit_quorum_max_memory_bytes = 0 {{(pid=110495) log_opt_values /opt/stack/data/venv/lib/python3.12/site-packages/oslo_config/cfg.py:3253}}
Jun 28 15:19:30.290236 np0000183268 nova-conductor[110495]: DEBUG cotyledon.oslo_config_glue [-] oslo_messaging_rabbit.rabbit_quorum_max_memory_length = 0 {{(pid=110495) log_opt_values /opt/stack/data/venv/lib/python3.12/site-packages/oslo_config/cfg.py:3253}}
Jun 28 15:19:30.290236 np0000183268 nova-conductor[110495]: DEBUG cotyledon.oslo_config_glue [-] oslo_messaging_rabbit.rabbit_quorum_queue = False {{(pid=110495) log_opt_values /opt/stack/data/venv/lib/python3.12/site-packages/oslo_config/cfg.py:3253}}
Jun 28 15:19:30.290236 np0000183268 nova-conductor[110495]: DEBUG cotyledon.oslo_config_glue [-] oslo_messaging_rabbit.rabbit_retry_backoff = 2 {{(pid=110495) log_opt_values /opt/stack/data/venv/lib/python3.12/site-packages/oslo_config/cfg.py:3253}}
Jun 28 15:19:30.290236 np0000183268 nova-conductor[110495]: DEBUG cotyledon.oslo_config_glue [-] oslo_messaging_rabbit.rabbit_retry_interval = 1 {{(pid=110495) log_opt_values /opt/stack/data/venv/lib/python3.12/site-packages/oslo_config/cfg.py:3253}}
Jun 28 15:19:30.290236 np0000183268 nova-conductor[110495]: DEBUG cotyledon.oslo_config_glue [-] oslo_messaging_rabbit.rabbit_stream_fanout = False {{(pid=110495) log_opt_values /opt/stack/data/venv/lib/python3.12/site-packages/oslo_config/cfg.py:3253}}
Jun 28 15:19:30.290236 np0000183268 nova-conductor[110495]: DEBUG cotyledon.oslo_config_glue [-] oslo_messaging_rabbit.rabbit_transient_queues_ttl = 1800 {{(pid=110495) log_opt_values /opt/stack/data/venv/lib/python3.12/site-packages/oslo_config/cfg.py:3253}}
Jun 28 15:19:30.290403 np0000183268 nova-conductor[110495]: DEBUG cotyledon.oslo_config_glue [-] oslo_messaging_rabbit.rabbit_transient_quorum_queue = False {{(pid=110495) log_opt_values /opt/stack/data/venv/lib/python3.12/site-packages/oslo_config/cfg.py:3253}}
Jun 28 15:19:30.290403 np0000183268 nova-conductor[110495]: DEBUG cotyledon.oslo_config_glue [-] oslo_messaging_rabbit.rpc_conn_pool_size = 30 {{(pid=110495) log_opt_values /opt/stack/data/venv/lib/python3.12/site-packages/oslo_config/cfg.py:3253}}
Jun 28 15:19:30.290403 np0000183268 nova-conductor[110495]: DEBUG cotyledon.oslo_config_glue [-] oslo_messaging_rabbit.ssl = False {{(pid=110495) log_opt_values /opt/stack/data/venv/lib/python3.12/site-packages/oslo_config/cfg.py:3253}}
Jun 28 15:19:30.290403 np0000183268 nova-conductor[110495]: DEBUG cotyledon.oslo_config_glue [-] oslo_messaging_rabbit.ssl_ca_file = {{(pid=110495) log_opt_values /opt/stack/data/venv/lib/python3.12/site-packages/oslo_config/cfg.py:3253}}
Jun 28 15:19:30.290403 np0000183268 nova-conductor[110495]: DEBUG cotyledon.oslo_config_glue [-] oslo_messaging_rabbit.ssl_cert_file = {{(pid=110495) log_opt_values /opt/stack/data/venv/lib/python3.12/site-packages/oslo_config/cfg.py:3253}}
Jun 28 15:19:30.290403 np0000183268 nova-conductor[110495]: DEBUG cotyledon.oslo_config_glue [-] oslo_messaging_rabbit.ssl_enforce_fips_mode = False {{(pid=110495) log_opt_values /opt/stack/data/venv/lib/python3.12/site-packages/oslo_config/cfg.py:3253}}
Jun 28 15:19:30.290403 np0000183268 nova-conductor[110495]: DEBUG cotyledon.oslo_config_glue [-] oslo_messaging_rabbit.ssl_enforce_hostname_verification = True {{(pid=110495) log_opt_values /opt/stack/data/venv/lib/python3.12/site-packages/oslo_config/cfg.py:3253}}
Jun 28 15:19:30.290403 np0000183268 nova-conductor[110495]: DEBUG cotyledon.oslo_config_glue [-] oslo_messaging_rabbit.ssl_key_file = {{(pid=110495) log_opt_values /opt/stack/data/venv/lib/python3.12/site-packages/oslo_config/cfg.py:3253}}
Jun 28 15:19:30.290403 np0000183268 nova-conductor[110495]: DEBUG cotyledon.oslo_config_glue [-] oslo_messaging_rabbit.ssl_version = {{(pid=110495) log_opt_values /opt/stack/data/venv/lib/python3.12/site-packages/oslo_config/cfg.py:3253}}
Jun 28 15:19:30.290609 np0000183268 nova-conductor[110495]: DEBUG cotyledon.oslo_config_glue [-] oslo_messaging_rabbit.use_queue_manager = False {{(pid=110495) log_opt_values /opt/stack/data/venv/lib/python3.12/site-packages/oslo_config/cfg.py:3253}}
Jun 28 15:19:30.290609 np0000183268 nova-conductor[110495]: DEBUG cotyledon.oslo_config_glue [-] oslo_messaging_notifications.driver = ['messagingv2'] {{(pid=110495) log_opt_values /opt/stack/data/venv/lib/python3.12/site-packages/oslo_config/cfg.py:3253}}
Jun 28 15:19:30.290609 np0000183268 nova-conductor[110495]: DEBUG cotyledon.oslo_config_glue [-] oslo_messaging_notifications.retry = -1 {{(pid=110495) log_opt_values /opt/stack/data/venv/lib/python3.12/site-packages/oslo_config/cfg.py:3253}}
Jun 28 15:19:30.290609 np0000183268 nova-conductor[110495]: DEBUG cotyledon.oslo_config_glue [-] oslo_messaging_notifications.topics = ['notifications'] {{(pid=110495) log_opt_values /opt/stack/data/venv/lib/python3.12/site-packages/oslo_config/cfg.py:3253}}
Jun 28 15:19:30.290609 np0000183268 nova-conductor[110495]: DEBUG cotyledon.oslo_config_glue [-] oslo_messaging_notifications.transport_url = **** {{(pid=110495) log_opt_values /opt/stack/data/venv/lib/python3.12/site-packages/oslo_config/cfg.py:3253}}
Jun 28 15:19:30.290609 np0000183268 nova-conductor[110495]: DEBUG cotyledon.oslo_config_glue [-] oslo_limit.auth_section = None {{(pid=110495) log_opt_values /opt/stack/data/venv/lib/python3.12/site-packages/oslo_config/cfg.py:3253}}
Jun 28 15:19:30.290609 np0000183268 nova-conductor[110495]: DEBUG cotyledon.oslo_config_glue [-] oslo_limit.auth_type = None {{(pid=110495) log_opt_values /opt/stack/data/venv/lib/python3.12/site-packages/oslo_config/cfg.py:3253}}
Jun 28 15:19:30.290609 np0000183268 nova-conductor[110495]: DEBUG cotyledon.oslo_config_glue [-] oslo_limit.cafile = None {{(pid=110495) log_opt_values /opt/stack/data/venv/lib/python3.12/site-packages/oslo_config/cfg.py:3253}}
Jun 28 15:19:30.290609 np0000183268 nova-conductor[110495]: DEBUG cotyledon.oslo_config_glue [-] oslo_limit.certfile = None {{(pid=110495) log_opt_values /opt/stack/data/venv/lib/python3.12/site-packages/oslo_config/cfg.py:3253}}
Jun 28 15:19:30.290816 np0000183268 nova-conductor[110495]: DEBUG cotyledon.oslo_config_glue [-] oslo_limit.collect_timing = False {{(pid=110495) log_opt_values /opt/stack/data/venv/lib/python3.12/site-packages/oslo_config/cfg.py:3253}}
Jun 28 15:19:30.290816 np0000183268 nova-conductor[110495]: DEBUG cotyledon.oslo_config_glue [-] oslo_limit.connect_retries = None {{(pid=110495) log_opt_values /opt/stack/data/venv/lib/python3.12/site-packages/oslo_config/cfg.py:3253}}
Jun 28 15:19:30.290816 np0000183268 nova-conductor[110495]: DEBUG cotyledon.oslo_config_glue [-] oslo_limit.connect_retry_delay = None {{(pid=110495) log_opt_values /opt/stack/data/venv/lib/python3.12/site-packages/oslo_config/cfg.py:3253}}
Jun 28 15:19:30.290816 np0000183268 nova-conductor[110495]: DEBUG cotyledon.oslo_config_glue [-] oslo_limit.endpoint_id = None {{(pid=110495) log_opt_values /opt/stack/data/venv/lib/python3.12/site-packages/oslo_config/cfg.py:3253}}
Jun 28 15:19:30.290816 np0000183268 nova-conductor[110495]: DEBUG cotyledon.oslo_config_glue [-] oslo_limit.endpoint_interface = public {{(pid=110495) log_opt_values /opt/stack/data/venv/lib/python3.12/site-packages/oslo_config/cfg.py:3253}}
Jun 28 15:19:30.290816 np0000183268 nova-conductor[110495]: DEBUG cotyledon.oslo_config_glue [-] oslo_limit.endpoint_override = None {{(pid=110495) log_opt_values /opt/stack/data/venv/lib/python3.12/site-packages/oslo_config/cfg.py:3253}}
Jun 28 15:19:30.290816 np0000183268 nova-conductor[110495]: DEBUG cotyledon.oslo_config_glue [-] oslo_limit.endpoint_region_name = None {{(pid=110495) log_opt_values /opt/stack/data/venv/lib/python3.12/site-packages/oslo_config/cfg.py:3253}}
Jun 28 15:19:30.290816 np0000183268 nova-conductor[110495]: DEBUG cotyledon.oslo_config_glue [-] oslo_limit.endpoint_service_name = None {{(pid=110495) log_opt_values /opt/stack/data/venv/lib/python3.12/site-packages/oslo_config/cfg.py:3253}}
Jun 28 15:19:30.290816 np0000183268 nova-conductor[110495]: DEBUG cotyledon.oslo_config_glue [-] oslo_limit.endpoint_service_type = None {{(pid=110495) log_opt_values /opt/stack/data/venv/lib/python3.12/site-packages/oslo_config/cfg.py:3253}}
Jun 28 15:19:30.291052 np0000183268 nova-conductor[110495]: DEBUG cotyledon.oslo_config_glue [-] oslo_limit.insecure = False {{(pid=110495) log_opt_values /opt/stack/data/venv/lib/python3.12/site-packages/oslo_config/cfg.py:3253}}
Jun 28 15:19:30.291052 np0000183268 nova-conductor[110495]: DEBUG cotyledon.oslo_config_glue [-] oslo_limit.keyfile = None {{(pid=110495) log_opt_values /opt/stack/data/venv/lib/python3.12/site-packages/oslo_config/cfg.py:3253}}
Jun 28 15:19:30.291052 np0000183268 nova-conductor[110495]: DEBUG cotyledon.oslo_config_glue [-] oslo_limit.max_version = None {{(pid=110495) log_opt_values /opt/stack/data/venv/lib/python3.12/site-packages/oslo_config/cfg.py:3253}}
Jun 28 15:19:30.291052 np0000183268 nova-conductor[110495]: DEBUG cotyledon.oslo_config_glue [-] oslo_limit.min_version = None {{(pid=110495) log_opt_values /opt/stack/data/venv/lib/python3.12/site-packages/oslo_config/cfg.py:3253}}
Jun 28 15:19:30.291052 np0000183268 nova-conductor[110495]: DEBUG cotyledon.oslo_config_glue [-] oslo_limit.region_name = None {{(pid=110495) log_opt_values /opt/stack/data/venv/lib/python3.12/site-packages/oslo_config/cfg.py:3253}}
Jun 28 15:19:30.291052 np0000183268 nova-conductor[110495]: DEBUG cotyledon.oslo_config_glue [-] oslo_limit.retriable_status_codes = None {{(pid=110495) log_opt_values /opt/stack/data/venv/lib/python3.12/site-packages/oslo_config/cfg.py:3253}}
Jun 28 15:19:30.291052 np0000183268 nova-conductor[110495]: DEBUG cotyledon.oslo_config_glue [-] oslo_limit.service_name = None {{(pid=110495) log_opt_values /opt/stack/data/venv/lib/python3.12/site-packages/oslo_config/cfg.py:3253}}
Jun 28 15:19:30.291052 np0000183268 nova-conductor[110495]: DEBUG cotyledon.oslo_config_glue [-] oslo_limit.service_type = None {{(pid=110495) log_opt_values /opt/stack/data/venv/lib/python3.12/site-packages/oslo_config/cfg.py:3253}}
Jun 28 15:19:30.291052 np0000183268 nova-conductor[110495]: DEBUG cotyledon.oslo_config_glue [-] oslo_limit.split_loggers = False {{(pid=110495) log_opt_values /opt/stack/data/venv/lib/python3.12/site-packages/oslo_config/cfg.py:3253}}
Jun 28 15:19:30.291255 np0000183268 nova-conductor[110495]: DEBUG cotyledon.oslo_config_glue [-] oslo_limit.status_code_retries = None {{(pid=110495) log_opt_values /opt/stack/data/venv/lib/python3.12/site-packages/oslo_config/cfg.py:3253}}
Jun 28 15:19:30.291255 np0000183268 nova-conductor[110495]: DEBUG cotyledon.oslo_config_glue [-] oslo_limit.status_code_retry_delay = None {{(pid=110495) log_opt_values /opt/stack/data/venv/lib/python3.12/site-packages/oslo_config/cfg.py:3253}}
Jun 28 15:19:30.291255 np0000183268 nova-conductor[110495]: DEBUG cotyledon.oslo_config_glue [-] oslo_limit.timeout = None {{(pid=110495) log_opt_values /opt/stack/data/venv/lib/python3.12/site-packages/oslo_config/cfg.py:3253}}
Jun 28 15:19:30.291255 np0000183268 nova-conductor[110495]: DEBUG cotyledon.oslo_config_glue [-] oslo_limit.valid_interfaces = None {{(pid=110495) log_opt_values /opt/stack/data/venv/lib/python3.12/site-packages/oslo_config/cfg.py:3253}}
Jun 28 15:19:30.291255 np0000183268 nova-conductor[110495]: DEBUG cotyledon.oslo_config_glue [-] oslo_limit.version = None {{(pid=110495) log_opt_values /opt/stack/data/venv/lib/python3.12/site-packages/oslo_config/cfg.py:3253}}
Jun 28 15:19:30.291255 np0000183268 nova-conductor[110495]: DEBUG cotyledon.oslo_config_glue [-] oslo_reports.file_event_handler = None {{(pid=110495) log_opt_values /opt/stack/data/venv/lib/python3.12/site-packages/oslo_config/cfg.py:3253}}
Jun 28 15:19:30.291255 np0000183268 nova-conductor[110495]: DEBUG cotyledon.oslo_config_glue [-] oslo_reports.file_event_handler_interval = 1 {{(pid=110495) log_opt_values /opt/stack/data/venv/lib/python3.12/site-packages/oslo_config/cfg.py:3253}}
Jun 28 15:19:30.291255 np0000183268 nova-conductor[110495]: DEBUG cotyledon.oslo_config_glue [-] oslo_reports.log_dir = None {{(pid=110495) log_opt_values /opt/stack/data/venv/lib/python3.12/site-packages/oslo_config/cfg.py:3253}}
Jun 28 15:19:30.291255 np0000183268 nova-conductor[110495]: DEBUG cotyledon.oslo_config_glue [-] ******************************************************************************** {{(pid=110495) log_opt_values /opt/stack/data/venv/lib/python3.12/site-packages/oslo_config/cfg.py:3260}}
Jun 28 15:19:30.291472 np0000183268 nova-conductor[110495]: DEBUG cotyledon._service_worker [-] Run service ServiceWrapper(3) [110495] {{(pid=110495) wait_forever /opt/stack/data/venv/lib/python3.12/site-packages/cotyledon/_service_worker.py:218}}
Jun 28 15:19:30.291472 np0000183268 nova-conductor[110495]: INFO nova.service [-] Starting conductor node (version 33.1.0)
Jun 28 15:19:30.291520 np0000183268 nova-conductor[110468]: DEBUG oslo_db.sqlalchemy.engines [None req-f02f2ab6-ae3f-4315-b0ee-e0ffae778c4a None None] MySQL server mode set to STRICT_TRANS_TABLES,STRICT_ALL_TABLES,NO_ZERO_IN_DATE,NO_ZERO_DATE,ERROR_FOR_DIVISION_BY_ZERO,TRADITIONAL,NO_ENGINE_SUBSTITUTION {{(pid=110468) _check_effective_sql_mode /opt/stack/data/venv/lib/python3.12/site-packages/oslo_db/sqlalchemy/engines.py:325}}
Jun 28 15:19:30.291556 np0000183268 nova-conductor[110495]: INFO dbcounter [None req-64f5d775-d069-4c6f-959b-b0ee07386708 None None] Registered counter for database nova_cell0
Jun 28 15:19:30.291584 np0000183268 nova-conductor[110468]: DEBUG dbcounter [-] [110468] Writer thread running {{(pid=110468) stat_writer /opt/stack/data/venv/lib/python3.12/site-packages/dbcounter.py:102}}
Jun 28 15:19:30.291612 np0000183268 nova-conductor[110476]: DEBUG oslo_db.sqlalchemy.engines [None req-7e6b3737-ed4d-47a6-876b-4991cc41149b None None] MySQL server mode set to STRICT_TRANS_TABLES,STRICT_ALL_TABLES,NO_ZERO_IN_DATE,NO_ZERO_DATE,ERROR_FOR_DIVISION_BY_ZERO,TRADITIONAL,NO_ENGINE_SUBSTITUTION {{(pid=110476) _check_effective_sql_mode /opt/stack/data/venv/lib/python3.12/site-packages/oslo_db/sqlalchemy/engines.py:325}}
Jun 28 15:19:30.291639 np0000183268 nova-conductor[110468]: DEBUG nova.service [None req-f02f2ab6-ae3f-4315-b0ee-e0ffae778c4a None None] Creating RPC server for service: nova-conductor on topic: conductor {{(pid=110468) start /opt/stack/nova/nova/service.py:196}}
Jun 28 15:19:30.291663 np0000183268 nova-conductor[110476]: DEBUG dbcounter [-] [110476] Writer thread running {{(pid=110476) stat_writer /opt/stack/data/venv/lib/python3.12/site-packages/dbcounter.py:102}}
Jun 28 15:19:30.291687 np0000183268 nova-conductor[110483]: DEBUG oslo_db.sqlalchemy.engines [None req-b9b08e13-56b6-42e9-a93d-c7812b5d4fa0 None None] MySQL server mode set to STRICT_TRANS_TABLES,STRICT_ALL_TABLES,NO_ZERO_IN_DATE,NO_ZERO_DATE,ERROR_FOR_DIVISION_BY_ZERO,TRADITIONAL,NO_ENGINE_SUBSTITUTION {{(pid=110483) _check_effective_sql_mode /opt/stack/data/venv/lib/python3.12/site-packages/oslo_db/sqlalchemy/engines.py:325}}
Jun 28 15:19:30.291714 np0000183268 nova-conductor[110476]: DEBUG nova.service [None req-7e6b3737-ed4d-47a6-876b-4991cc41149b None None] Creating RPC server for service: nova-conductor on topic: conductor {{(pid=110476) start /opt/stack/nova/nova/service.py:196}}
Jun 28 15:19:30.299500 np0000183268 nova-conductor[110483]: DEBUG dbcounter [-] [110483] Writer thread running {{(pid=110483) stat_writer /opt/stack/data/venv/lib/python3.12/site-packages/dbcounter.py:102}}
Jun 28 15:19:30.304101 np0000183268 nova-conductor[110483]: DEBUG nova.service [None req-b9b08e13-56b6-42e9-a93d-c7812b5d4fa0 None None] Creating RPC server for service: nova-conductor on topic: conductor {{(pid=110483) start /opt/stack/nova/nova/service.py:196}}
Jun 28 15:19:30.305757 np0000183268 nova-conductor[110468]: DEBUG nova.service [None req-f02f2ab6-ae3f-4315-b0ee-e0ffae778c4a None None] Join ServiceGroup membership for this service conductor {{(pid=110468) start /opt/stack/nova/nova/service.py:222}}
Jun 28 15:19:30.306071 np0000183268 nova-conductor[110468]: DEBUG nova.servicegroup.drivers.db [None req-f02f2ab6-ae3f-4315-b0ee-e0ffae778c4a None None] DB_Driver: join new ServiceGroup member np0000183268 to the conductor group, service = {{(pid=110468) join /opt/stack/nova/nova/servicegroup/drivers/db.py:44}}
Jun 28 15:19:30.309579 np0000183268 nova-conductor[110495]: DEBUG oslo_db.sqlalchemy.engines [None req-64f5d775-d069-4c6f-959b-b0ee07386708 None None] MySQL server mode set to STRICT_TRANS_TABLES,STRICT_ALL_TABLES,NO_ZERO_IN_DATE,NO_ZERO_DATE,ERROR_FOR_DIVISION_BY_ZERO,TRADITIONAL,NO_ENGINE_SUBSTITUTION {{(pid=110495) _check_effective_sql_mode /opt/stack/data/venv/lib/python3.12/site-packages/oslo_db/sqlalchemy/engines.py:325}}
Jun 28 15:19:30.312389 np0000183268 nova-conductor[110476]: DEBUG nova.service [None req-7e6b3737-ed4d-47a6-876b-4991cc41149b None None] Join ServiceGroup membership for this service conductor {{(pid=110476) start /opt/stack/nova/nova/service.py:222}}
Jun 28 15:19:30.312670 np0000183268 nova-conductor[110476]: DEBUG nova.servicegroup.drivers.db [None req-7e6b3737-ed4d-47a6-876b-4991cc41149b None None] DB_Driver: join new ServiceGroup member np0000183268 to the conductor group, service = {{(pid=110476) join /opt/stack/nova/nova/servicegroup/drivers/db.py:44}}
Jun 28 15:19:30.323314 np0000183268 nova-conductor[110495]: DEBUG dbcounter [-] [110495] Writer thread running {{(pid=110495) stat_writer /opt/stack/data/venv/lib/python3.12/site-packages/dbcounter.py:102}}
Jun 28 15:19:30.326235 np0000183268 nova-conductor[110495]: DEBUG nova.service [None req-64f5d775-d069-4c6f-959b-b0ee07386708 None None] Creating RPC server for service: nova-conductor on topic: conductor {{(pid=110495) start /opt/stack/nova/nova/service.py:196}}
Jun 28 15:19:30.327271 np0000183268 nova-conductor[110483]: DEBUG nova.service [None req-b9b08e13-56b6-42e9-a93d-c7812b5d4fa0 None None] Join ServiceGroup membership for this service conductor {{(pid=110483) start /opt/stack/nova/nova/service.py:222}}
Jun 28 15:19:30.327752 np0000183268 nova-conductor[110483]: DEBUG nova.servicegroup.drivers.db [None req-b9b08e13-56b6-42e9-a93d-c7812b5d4fa0 None None] DB_Driver: join new ServiceGroup member np0000183268 to the conductor group, service = {{(pid=110483) join /opt/stack/nova/nova/servicegroup/drivers/db.py:44}}
Jun 28 15:19:30.345079 np0000183268 nova-conductor[110495]: DEBUG nova.service [None req-64f5d775-d069-4c6f-959b-b0ee07386708 None None] Join ServiceGroup membership for this service conductor {{(pid=110495) start /opt/stack/nova/nova/service.py:222}}
Jun 28 15:19:30.345294 np0000183268 nova-conductor[110495]: DEBUG nova.servicegroup.drivers.db [None req-64f5d775-d069-4c6f-959b-b0ee07386708 None None] DB_Driver: join new ServiceGroup member np0000183268 to the conductor group, service = {{(pid=110495) join /opt/stack/nova/nova/servicegroup/drivers/db.py:44}}
Jun 28 15:19:33.316004 np0000183268 nova-conductor[110476]: DEBUG oslo.service.backend._threading.loopingcall [None req-3cefe7c4-dc34-4429-82b7-f01ea70c5ac7 None None] Dynamic interval looping call 'nova.service.Service.periodic_tasks' sleeping for 60.00 seconds {{(pid=110476) _run_loop /opt/stack/data/venv/lib/python3.12/site-packages/oslo_service/backend/_threading/loopingcall.py:125}}
Jun 28 15:19:35.325585 np0000183268 nova-conductor[110468]: DEBUG oslo.service.backend._threading.loopingcall [-] Fixed interval looping call 'nova.servicegroup.drivers.db.DbDriver._report_state' sleeping for 119.98 seconds {{(pid=110468) _run_loop /opt/stack/data/venv/lib/python3.12/site-packages/oslo_service/backend/_threading/loopingcall.py:125}}
Jun 28 15:19:35.331400 np0000183268 nova-conductor[110476]: DEBUG oslo.service.backend._threading.loopingcall [-] Fixed interval looping call 'nova.servicegroup.drivers.db.DbDriver._report_state' sleeping for 119.98 seconds {{(pid=110476) _run_loop /opt/stack/data/venv/lib/python3.12/site-packages/oslo_service/backend/_threading/loopingcall.py:125}}
Jun 28 15:19:35.343670 np0000183268 nova-conductor[110483]: DEBUG oslo.service.backend._threading.loopingcall [-] Fixed interval looping call 'nova.servicegroup.drivers.db.DbDriver._report_state' sleeping for 119.99 seconds {{(pid=110483) _run_loop /opt/stack/data/venv/lib/python3.12/site-packages/oslo_service/backend/_threading/loopingcall.py:125}}
Jun 28 15:19:35.360420 np0000183268 nova-conductor[110495]: DEBUG oslo.service.backend._threading.loopingcall [-] Fixed interval looping call 'nova.servicegroup.drivers.db.DbDriver._report_state' sleeping for 119.99 seconds {{(pid=110495) _run_loop /opt/stack/data/venv/lib/python3.12/site-packages/oslo_service/backend/_threading/loopingcall.py:125}}
Jun 28 15:19:38.853227 np0000183268 nova-conductor[109722]: DEBUG dbcounter [-] [109722] Writing DB stats nova_api:SELECT=1 {{(pid=109722) stat_writer /opt/stack/data/venv/lib/python3.12/site-packages/dbcounter.py:115}}
Jun 28 15:19:39.003560 np0000183268 nova-conductor[109722]: DEBUG dbcounter [-] [109722] Writing DB stats nova_cell0:SELECT=1 {{(pid=109722) stat_writer /opt/stack/data/venv/lib/python3.12/site-packages/dbcounter.py:115}}
Jun 28 15:19:39.004399 np0000183268 nova-conductor[109722]: DEBUG dbcounter [-] [109722] Writing DB stats nova_cell1:SELECT=1 {{(pid=109722) stat_writer /opt/stack/data/venv/lib/python3.12/site-packages/dbcounter.py:115}}
Jun 28 15:19:45.322062 np0000183268 nova-conductor[110468]: DEBUG dbcounter [-] [110468] Writing DB stats nova_cell0:SELECT=4,nova_cell0:INSERT=1,nova_cell0:UPDATE=1 {{(pid=110468) stat_writer /opt/stack/data/venv/lib/python3.12/site-packages/dbcounter.py:115}}
Jun 28 15:19:45.331200 np0000183268 nova-conductor[110476]: DEBUG dbcounter [-] [110476] Writing DB stats nova_cell0:SELECT=3,nova_cell0:UPDATE=1 {{(pid=110476) stat_writer /opt/stack/data/venv/lib/python3.12/site-packages/dbcounter.py:115}}
Jun 28 15:19:45.342072 np0000183268 nova-conductor[110483]: DEBUG dbcounter [-] [110483] Writing DB stats nova_cell0:SELECT=3 {{(pid=110483) stat_writer /opt/stack/data/venv/lib/python3.12/site-packages/dbcounter.py:115}}
Jun 28 15:19:45.356957 np0000183268 nova-conductor[110495]: DEBUG dbcounter [-] [110495] Writing DB stats nova_cell0:SELECT=3 {{(pid=110495) stat_writer /opt/stack/data/venv/lib/python3.12/site-packages/dbcounter.py:115}}
Jun 28 15:19:54.308279 np0000183268 nova-conductor[110468]: DEBUG oslo.service.backend._threading.loopingcall [None req-6aa651f1-302f-49d1-b242-4c5e97d25929 None None] Dynamic interval looping call 'nova.service.Service.periodic_tasks' sleeping for 60.00 seconds {{(pid=110468) _run_loop /opt/stack/data/venv/lib/python3.12/site-packages/oslo_service/backend/_threading/loopingcall.py:125}}
Jun 28 15:19:58.347954 np0000183268 nova-conductor[110495]: DEBUG oslo.service.backend._threading.loopingcall [None req-ea10487f-dfe1-443a-8f76-52335239e81b None None] Dynamic interval looping call 'nova.service.Service.periodic_tasks' sleeping for 60.00 seconds {{(pid=110495) _run_loop /opt/stack/data/venv/lib/python3.12/site-packages/oslo_service/backend/_threading/loopingcall.py:125}}
Jun 28 15:20:17.330910 np0000183268 nova-conductor[110483]: DEBUG oslo.service.backend._threading.loopingcall [None req-e72334e5-4c65-4787-9af8-9b6dbb23c37d None None] Dynamic interval looping call 'nova.service.Service.periodic_tasks' sleeping for 60.00 seconds {{(pid=110483) _run_loop /opt/stack/data/venv/lib/python3.12/site-packages/oslo_service/backend/_threading/loopingcall.py:125}}
Jun 28 15:20:33.316800 np0000183268 nova-conductor[110476]: DEBUG oslo.service.backend._threading.loopingcall [None req-3cefe7c4-dc34-4429-82b7-f01ea70c5ac7 None None] Dynamic interval looping call 'nova.service.Service.periodic_tasks' sleeping for 60.00 seconds {{(pid=110476) _run_loop /opt/stack/data/venv/lib/python3.12/site-packages/oslo_service/backend/_threading/loopingcall.py:125}}
Jun 28 15:20:54.308953 np0000183268 nova-conductor[110468]: DEBUG oslo.service.backend._threading.loopingcall [None req-6aa651f1-302f-49d1-b242-4c5e97d25929 None None] Dynamic interval looping call 'nova.service.Service.periodic_tasks' sleeping for 60.00 seconds {{(pid=110468) _run_loop /opt/stack/data/venv/lib/python3.12/site-packages/oslo_service/backend/_threading/loopingcall.py:125}}
Jun 28 15:20:58.348623 np0000183268 nova-conductor[110495]: DEBUG oslo.service.backend._threading.loopingcall [None req-ea10487f-dfe1-443a-8f76-52335239e81b None None] Dynamic interval looping call 'nova.service.Service.periodic_tasks' sleeping for 60.00 seconds {{(pid=110495) _run_loop /opt/stack/data/venv/lib/python3.12/site-packages/oslo_service/backend/_threading/loopingcall.py:125}}
Jun 28 15:21:17.331660 np0000183268 nova-conductor[110483]: DEBUG oslo.service.backend._threading.loopingcall [None req-e72334e5-4c65-4787-9af8-9b6dbb23c37d None None] Dynamic interval looping call 'nova.service.Service.periodic_tasks' sleeping for 60.00 seconds {{(pid=110483) _run_loop /opt/stack/data/venv/lib/python3.12/site-packages/oslo_service/backend/_threading/loopingcall.py:125}}
Jun 28 15:21:33.317578 np0000183268 nova-conductor[110476]: DEBUG oslo.service.backend._threading.loopingcall [None req-3cefe7c4-dc34-4429-82b7-f01ea70c5ac7 None None] Dynamic interval looping call 'nova.service.Service.periodic_tasks' sleeping for 60.00 seconds {{(pid=110476) _run_loop /opt/stack/data/venv/lib/python3.12/site-packages/oslo_service/backend/_threading/loopingcall.py:125}}
Jun 28 15:21:35.318090 np0000183268 nova-conductor[110468]: DEBUG oslo.service.backend._threading.loopingcall [-] Fixed interval looping call 'nova.servicegroup.drivers.db.DbDriver._report_state' sleeping for 119.99 seconds {{(pid=110468) _run_loop /opt/stack/data/venv/lib/python3.12/site-packages/oslo_service/backend/_threading/loopingcall.py:125}}
Jun 28 15:21:35.318764 np0000183268 nova-conductor[110476]: DEBUG oslo.service.backend._threading.loopingcall [-] Fixed interval looping call 'nova.servicegroup.drivers.db.DbDriver._report_state' sleeping for 119.99 seconds {{(pid=110476) _run_loop /opt/stack/data/venv/lib/python3.12/site-packages/oslo_service/backend/_threading/loopingcall.py:125}}
Jun 28 15:21:35.340809 np0000183268 nova-conductor[110483]: DEBUG oslo.service.backend._threading.loopingcall [-] Fixed interval looping call 'nova.servicegroup.drivers.db.DbDriver._report_state' sleeping for 119.99 seconds {{(pid=110483) _run_loop /opt/stack/data/venv/lib/python3.12/site-packages/oslo_service/backend/_threading/loopingcall.py:125}}
Jun 28 15:21:35.358313 np0000183268 nova-conductor[110495]: DEBUG oslo.service.backend._threading.loopingcall [-] Fixed interval looping call 'nova.servicegroup.drivers.db.DbDriver._report_state' sleeping for 119.99 seconds {{(pid=110495) _run_loop /opt/stack/data/venv/lib/python3.12/site-packages/oslo_service/backend/_threading/loopingcall.py:125}}
Jun 28 15:21:45.313256 np0000183268 nova-conductor[110468]: DEBUG dbcounter [-] [110468] Writing DB stats nova_cell0:SELECT=1,nova_cell0:UPDATE=1 {{(pid=110468) stat_writer /opt/stack/data/venv/lib/python3.12/site-packages/dbcounter.py:115}}
Jun 28 15:21:45.619223 np0000183268 nova-conductor[110476]: DEBUG dbcounter [-] [110476] Writing DB stats nova_cell0:SELECT=1,nova_cell0:UPDATE=1 {{(pid=110476) stat_writer /opt/stack/data/venv/lib/python3.12/site-packages/dbcounter.py:115}}
Jun 28 15:21:45.620284 np0000183268 nova-conductor[110483]: DEBUG dbcounter [-] [110483] Writing DB stats nova_cell0:SELECT=1 {{(pid=110483) stat_writer /opt/stack/data/venv/lib/python3.12/site-packages/dbcounter.py:115}}
Jun 28 15:21:45.621674 np0000183268 nova-conductor[110495]: DEBUG dbcounter [-] [110495] Writing DB stats nova_cell0:SELECT=1 {{(pid=110495) stat_writer /opt/stack/data/venv/lib/python3.12/site-packages/dbcounter.py:115}}
Jun 28 15:21:54.310455 np0000183268 nova-conductor[110468]: DEBUG oslo.service.backend._threading.loopingcall [None req-6aa651f1-302f-49d1-b242-4c5e97d25929 None None] Dynamic interval looping call 'nova.service.Service.periodic_tasks' sleeping for 60.00 seconds {{(pid=110468) _run_loop /opt/stack/data/venv/lib/python3.12/site-packages/oslo_service/backend/_threading/loopingcall.py:125}}
Jun 28 15:21:58.349362 np0000183268 nova-conductor[110495]: DEBUG oslo.service.backend._threading.loopingcall [None req-ea10487f-dfe1-443a-8f76-52335239e81b None None] Dynamic interval looping call 'nova.service.Service.periodic_tasks' sleeping for 60.00 seconds {{(pid=110495) _run_loop /opt/stack/data/venv/lib/python3.12/site-packages/oslo_service/backend/_threading/loopingcall.py:125}}
Jun 28 15:22:17.332365 np0000183268 nova-conductor[110483]: DEBUG oslo.service.backend._threading.loopingcall [None req-e72334e5-4c65-4787-9af8-9b6dbb23c37d None None] Dynamic interval looping call 'nova.service.Service.periodic_tasks' sleeping for 60.00 seconds {{(pid=110483) _run_loop /opt/stack/data/venv/lib/python3.12/site-packages/oslo_service/backend/_threading/loopingcall.py:125}}
Jun 28 15:22:33.318220 np0000183268 nova-conductor[110476]: DEBUG oslo.service.backend._threading.loopingcall [None req-3cefe7c4-dc34-4429-82b7-f01ea70c5ac7 None None] Dynamic interval looping call 'nova.service.Service.periodic_tasks' sleeping for 60.00 seconds {{(pid=110476) _run_loop /opt/stack/data/venv/lib/python3.12/site-packages/oslo_service/backend/_threading/loopingcall.py:125}}
Jun 28 15:22:54.311208 np0000183268 nova-conductor[110468]: DEBUG oslo.service.backend._threading.loopingcall [None req-6aa651f1-302f-49d1-b242-4c5e97d25929 None None] Dynamic interval looping call 'nova.service.Service.periodic_tasks' sleeping for 60.00 seconds {{(pid=110468) _run_loop /opt/stack/data/venv/lib/python3.12/site-packages/oslo_service/backend/_threading/loopingcall.py:125}}
Jun 28 15:22:58.350090 np0000183268 nova-conductor[110495]: DEBUG oslo.service.backend._threading.loopingcall [None req-ea10487f-dfe1-443a-8f76-52335239e81b None None] Dynamic interval looping call 'nova.service.Service.periodic_tasks' sleeping for 60.00 seconds {{(pid=110495) _run_loop /opt/stack/data/venv/lib/python3.12/site-packages/oslo_service/backend/_threading/loopingcall.py:125}}
Jun 28 15:23:17.333223 np0000183268 nova-conductor[110483]: DEBUG oslo.service.backend._threading.loopingcall [None req-e72334e5-4c65-4787-9af8-9b6dbb23c37d None None] Dynamic interval looping call 'nova.service.Service.periodic_tasks' sleeping for 60.00 seconds {{(pid=110483) _run_loop /opt/stack/data/venv/lib/python3.12/site-packages/oslo_service/backend/_threading/loopingcall.py:125}}
Jun 28 15:23:27.441877 np0000183268 nova-conductor[110468]: INFO nova.utils [None req-3b8d625f-9035-4bb1-8bc1-a1d091b00d5d demo demo] The cell worker thread pool ForkProcess-1.cell_worker is initialized
Jun 28 15:23:27.442440 np0000183268 nova-conductor[110468]: DEBUG oslo_concurrency.lockutils [None req-3b8d625f-9035-4bb1-8bc1-a1d091b00d5d demo demo] Acquiring lock "58ce55d6-89fa-4cb0-be31-f0144344577d" by "nova.context.set_target_cell..get_or_set_cached_cell_and_set_connections" {{(pid=110468) inner /opt/stack/data/venv/lib/python3.12/site-packages/oslo_concurrency/lockutils.py:511}}
Jun 28 15:23:27.442612 np0000183268 nova-conductor[110468]: DEBUG oslo_concurrency.lockutils [None req-3b8d625f-9035-4bb1-8bc1-a1d091b00d5d demo demo] Lock "58ce55d6-89fa-4cb0-be31-f0144344577d" acquired by "nova.context.set_target_cell..get_or_set_cached_cell_and_set_connections" :: waited 0.000s {{(pid=110468) inner /opt/stack/data/venv/lib/python3.12/site-packages/oslo_concurrency/lockutils.py:524}}
Jun 28 15:23:27.445178 np0000183268 nova-conductor[110468]: DEBUG oslo_concurrency.lockutils [None req-3b8d625f-9035-4bb1-8bc1-a1d091b00d5d demo demo] Lock "58ce55d6-89fa-4cb0-be31-f0144344577d" "released" by "nova.context.set_target_cell..get_or_set_cached_cell_and_set_connections" :: held 0.002s {{(pid=110468) inner /opt/stack/data/venv/lib/python3.12/site-packages/oslo_concurrency/lockutils.py:543}}
Jun 28 15:23:27.450747 np0000183268 nova-conductor[110468]: INFO dbcounter [None req-3b8d625f-9035-4bb1-8bc1-a1d091b00d5d demo demo] Registered counter for database nova_cell1
Jun 28 15:23:27.499248 np0000183268 nova-conductor[110468]: DEBUG oslo_db.sqlalchemy.engines [None req-3b8d625f-9035-4bb1-8bc1-a1d091b00d5d demo demo] MySQL server mode set to STRICT_TRANS_TABLES,STRICT_ALL_TABLES,NO_ZERO_IN_DATE,NO_ZERO_DATE,ERROR_FOR_DIVISION_BY_ZERO,TRADITIONAL,NO_ENGINE_SUBSTITUTION {{(pid=110468) _check_effective_sql_mode /opt/stack/data/venv/lib/python3.12/site-packages/oslo_db/sqlalchemy/engines.py:325}}
Jun 28 15:23:27.506136 np0000183268 nova-conductor[110468]: DEBUG oslo_db.sqlalchemy.engines [None req-3b8d625f-9035-4bb1-8bc1-a1d091b00d5d demo demo] Parent process 109722 forked (110468) with an open database connection, which is being discarded and recreated. {{(pid=110468) checkout /opt/stack/data/venv/lib/python3.12/site-packages/oslo_db/sqlalchemy/engines.py:402}}
Jun 28 15:23:27.546636 np0000183268 nova-conductor[110468]: DEBUG dbcounter [-] [110468] Writer thread running {{(pid=110468) stat_writer /opt/stack/data/venv/lib/python3.12/site-packages/dbcounter.py:102}}
