2026-04-23 01:21:18.371 8 INFO cinder.api.openstack.wsgi [req-9ff3d64d-130d-4177-b46b-b65aec014ec0 req-82136552-fbdd-4087-b823-7615a481ebee ed1f47a950a94426b0613bfb333d373a 85c2022da5284216bb76fced587ba6c6 - - default default] http://cinder-api.openstack.svc.cluster.local:8776/v3/85c2022da5284216bb76fced587ba6c6/attachments/e7040903-1aef-4953-a559-cad0a3c3a2e7/action returned with HTTP 204 [pid: 8|app: 0|req: 330/659] 199.204.45.23 () {40 vars in 1147 bytes} [Thu Apr 23 01:21:18 2026] POST /v3/85c2022da5284216bb76fced587ba6c6/attachments/e7040903-1aef-4953-a559-cad0a3c3a2e7/action => generated 0 bytes in 117 msecs (HTTP/1.1 204) 7 headers in 292 bytes (1 switches on core 0) /var/lib/openstack/lib/python3.10/site-packages/pycadf/identifier.py:71: UserWarning: Invalid uuid: cinderv3. To ensure interoperability, identifiers should be a valid uuid. warnings.warn(('Invalid uuid: %s. To ensure interoperability, '
2026-04-23 01:21:27.120 7 INFO cinder.api.openstack.wsgi [req-0bbd4b29-d71a-4401-b3bc-1a6804d48cc6 req-de131bb1-a071-4bc4-af02-a5b5d3a20040 ed1f47a950a94426b0613bfb333d373a 85c2022da5284216bb76fced587ba6c6 - - default default] DELETE http://cinder-api.openstack.svc.cluster.local:8776/v3/85c2022da5284216bb76fced587ba6c6/attachments/e7040903-1aef-4953-a559-cad0a3c3a2e7 /var/lib/openstack/lib/python3.10/site-packages/oslo_context/context.py:100: DeprecationWarning: Policy enforcement is depending on the value of is_admin. This key is deprecated. Please update your policy file to use the standard policy values. warnings.warn('Policy enforcement is depending on the value of '
2026-04-23 01:21:27.209 7 INFO cinder.api.openstack.wsgi [req-0bbd4b29-d71a-4401-b3bc-1a6804d48cc6 req-de131bb1-a071-4bc4-af02-a5b5d3a20040 ed1f47a950a94426b0613bfb333d373a 85c2022da5284216bb76fced587ba6c6 - - default default] http://cinder-api.openstack.svc.cluster.local:8776/v3/85c2022da5284216bb76fced587ba6c6/attachments/e7040903-1aef-4953-a559-cad0a3c3a2e7 returned with HTTP 200 [pid: 7|app: 0|req: 330/660] 199.204.45.23 () {38 vars in 1102 bytes} [Thu Apr 23 01:21:27 2026] DELETE /v3/85c2022da5284216bb76fced587ba6c6/attachments/e7040903-1aef-4953-a559-cad0a3c3a2e7 => generated 19 bytes in 98 msecs (HTTP/1.1 200) 7 headers in 285 bytes (1 switches on core 0) /var/lib/openstack/lib/python3.10/site-packages/pycadf/identifier.py:71: UserWarning: Invalid uuid: cinderv3. To ensure interoperability, identifiers should be a valid uuid. warnings.warn(('Invalid uuid: %s. To ensure interoperability, '
2026-04-23 01:21:27.227 8 INFO cinder.api.openstack.wsgi [req-0bbd4b29-d71a-4401-b3bc-1a6804d48cc6 req-ba5c8f18-6294-4c45-beb0-f9a70db91fa8 ed1f47a950a94426b0613bfb333d373a 85c2022da5284216bb76fced587ba6c6 - - default default] DELETE http://cinder-api.openstack.svc.cluster.local:8776/v3/85c2022da5284216bb76fced587ba6c6/volumes/22ea2712-fe8c-42f3-8e2b-9c9e21fc3e86
2026-04-23 01:21:27.227 8 INFO cinder.api.v3.volumes [req-0bbd4b29-d71a-4401-b3bc-1a6804d48cc6 req-ba5c8f18-6294-4c45-beb0-f9a70db91fa8 ed1f47a950a94426b0613bfb333d373a 85c2022da5284216bb76fced587ba6c6 - - default default] Delete volume with id: 22ea2712-fe8c-42f3-8e2b-9c9e21fc3e86  /var/lib/openstack/lib/python3.10/site-packages/oslo_context/context.py:100: DeprecationWarning: Policy enforcement is depending on the value of is_admin. This key is deprecated. Please update your policy file to use the standard policy values. warnings.warn('Policy enforcement is depending on the value of '
2026-04-23 01:21:27.240 8 INFO cinder.volume.api [req-0bbd4b29-d71a-4401-b3bc-1a6804d48cc6 req-ba5c8f18-6294-4c45-beb0-f9a70db91fa8 ed1f47a950a94426b0613bfb333d373a 85c2022da5284216bb76fced587ba6c6 - - default default] Volume info retrieved successfully.
2026-04-23 01:21:27.271 8 INFO cinder.volume.api [req-0bbd4b29-d71a-4401-b3bc-1a6804d48cc6 req-ba5c8f18-6294-4c45-beb0-f9a70db91fa8 ed1f47a950a94426b0613bfb333d373a 85c2022da5284216bb76fced587ba6c6 - - default default] Delete volume request issued successfully.
2026-04-23 01:21:27.272 8 INFO cinder.api.openstack.wsgi [req-0bbd4b29-d71a-4401-b3bc-1a6804d48cc6 req-ba5c8f18-6294-4c45-beb0-f9a70db91fa8 ed1f47a950a94426b0613bfb333d373a 85c2022da5284216bb76fced587ba6c6 - - default default] http://cinder-api.openstack.svc.cluster.local:8776/v3/85c2022da5284216bb76fced587ba6c6/volumes/22ea2712-fe8c-42f3-8e2b-9c9e21fc3e86 returned with HTTP 202 [pid: 8|app: 0|req: 331/661] 199.204.45.23 () {36 vars in 1053 bytes} [Thu Apr 23 01:21:27 2026] DELETE /v3/85c2022da5284216bb76fced587ba6c6/volumes/22ea2712-fe8c-42f3-8e2b-9c9e21fc3e86 => generated 0 bytes in 52 msecs (HTTP/1.1 202) 6 headers in 233 bytes (1 switches on core 0)
2026-04-23 01:21:28.172 8 INFO cinder.api.openstack.wsgi [req-0bbd4b29-d71a-4401-b3bc-1a6804d48cc6 req-ba5c8f18-6294-4c45-beb0-f9a70db91fa8 ed1f47a950a94426b0613bfb333d373a 85c2022da5284216bb76fced587ba6c6 - - default default] GET http://10.0.0.80:8776/
2026-04-23 01:21:28.173 7 INFO cinder.api.openstack.wsgi [req-0bbd4b29-d71a-4401-b3bc-1a6804d48cc6 req-de131bb1-a071-4bc4-af02-a5b5d3a20040 ed1f47a950a94426b0613bfb333d373a 85c2022da5284216bb76fced587ba6c6 - - default default] GET http://10.0.0.80:8776/
2026-04-23 01:21:28.173 8 INFO cinder.api.openstack.wsgi [req-0bbd4b29-d71a-4401-b3bc-1a6804d48cc6 req-ba5c8f18-6294-4c45-beb0-f9a70db91fa8 ed1f47a950a94426b0613bfb333d373a 85c2022da5284216bb76fced587ba6c6 - - default default] http://10.0.0.80:8776/ returned with HTTP 300
2026-04-23 01:21:28.175 7 INFO cinder.api.openstack.wsgi [req-0bbd4b29-d71a-4401-b3bc-1a6804d48cc6 req-de131bb1-a071-4bc4-af02-a5b5d3a20040 ed1f47a950a94426b0613bfb333d373a 85c2022da5284216bb76fced587ba6c6 - - default default] http://10.0.0.80:8776/ returned with HTTP 300
2026-04-23 01:21:38.171 8 INFO cinder.api.openstack.wsgi [req-0bbd4b29-d71a-4401-b3bc-1a6804d48cc6 req-ba5c8f18-6294-4c45-beb0-f9a70db91fa8 ed1f47a950a94426b0613bfb333d373a 85c2022da5284216bb76fced587ba6c6 - - default default] GET http://10.0.0.80:8776/
2026-04-23 01:21:38.171 7 INFO cinder.api.openstack.wsgi [req-0bbd4b29-d71a-4401-b3bc-1a6804d48cc6 req-de131bb1-a071-4bc4-af02-a5b5d3a20040 ed1f47a950a94426b0613bfb333d373a 85c2022da5284216bb76fced587ba6c6 - - default default] GET http://10.0.0.80:8776/
2026-04-23 01:21:38.172 8 INFO cinder.api.openstack.wsgi [req-0bbd4b29-d71a-4401-b3bc-1a6804d48cc6 req-ba5c8f18-6294-4c45-beb0-f9a70db91fa8 ed1f47a950a94426b0613bfb333d373a 85c2022da5284216bb76fced587ba6c6 - - default default] http://10.0.0.80:8776/ returned with HTTP 300
2026-04-23 01:21:38.172 7 INFO cinder.api.openstack.wsgi [req-0bbd4b29-d71a-4401-b3bc-1a6804d48cc6 req-de131bb1-a071-4bc4-af02-a5b5d3a20040 ed1f47a950a94426b0613bfb333d373a 85c2022da5284216bb76fced587ba6c6 - - default default] http://10.0.0.80:8776/ returned with HTTP 300
2026-04-23 01:21:48.172 8 INFO cinder.api.openstack.wsgi [req-0bbd4b29-d71a-4401-b3bc-1a6804d48cc6 req-ba5c8f18-6294-4c45-beb0-f9a70db91fa8 ed1f47a950a94426b0613bfb333d373a 85c2022da5284216bb76fced587ba6c6 - - default default] GET http://10.0.0.80:8776/
2026-04-23 01:21:48.172 7 INFO cinder.api.openstack.wsgi [req-0bbd4b29-d71a-4401-b3bc-1a6804d48cc6 req-de131bb1-a071-4bc4-af02-a5b5d3a20040 ed1f47a950a94426b0613bfb333d373a 85c2022da5284216bb76fced587ba6c6 - - default default] GET http://10.0.0.80:8776/
2026-04-23 01:21:48.174 7 INFO cinder.api.openstack.wsgi [req-0bbd4b29-d71a-4401-b3bc-1a6804d48cc6 req-de131bb1-a071-4bc4-af02-a5b5d3a20040 ed1f47a950a94426b0613bfb333d373a 85c2022da5284216bb76fced587ba6c6 - - default default] http://10.0.0.80:8776/ returned with HTTP 300
2026-04-23 01:21:48.174 8 INFO cinder.api.openstack.wsgi [req-0bbd4b29-d71a-4401-b3bc-1a6804d48cc6 req-ba5c8f18-6294-4c45-beb0-f9a70db91fa8 ed1f47a950a94426b0613bfb333d373a 85c2022da5284216bb76fced587ba6c6 - - default default] http://10.0.0.80:8776/ returned with HTTP 300
2026-04-23 01:21:58.172 7 INFO cinder.api.openstack.wsgi [req-0bbd4b29-d71a-4401-b3bc-1a6804d48cc6 req-de131bb1-a071-4bc4-af02-a5b5d3a20040 ed1f47a950a94426b0613bfb333d373a 85c2022da5284216bb76fced587ba6c6 - - default default] GET http://10.0.0.80:8776/
2026-04-23 01:21:58.173 7 INFO cinder.api.openstack.wsgi [req-0bbd4b29-d71a-4401-b3bc-1a6804d48cc6 req-de131bb1-a071-4bc4-af02-a5b5d3a20040 ed1f47a950a94426b0613bfb333d373a 85c2022da5284216bb76fced587ba6c6 - - default default] http://10.0.0.80:8776/ returned with HTTP 300
2026-04-23 01:21:58.175 8 INFO cinder.api.openstack.wsgi [req-0bbd4b29-d71a-4401-b3bc-1a6804d48cc6 req-ba5c8f18-6294-4c45-beb0-f9a70db91fa8 ed1f47a950a94426b0613bfb333d373a 85c2022da5284216bb76fced587ba6c6 - - default default] GET http://10.0.0.80:8776/
2026-04-23 01:21:58.175 8 INFO cinder.api.openstack.wsgi [req-0bbd4b29-d71a-4401-b3bc-1a6804d48cc6 req-ba5c8f18-6294-4c45-beb0-f9a70db91fa8 ed1f47a950a94426b0613bfb333d373a 85c2022da5284216bb76fced587ba6c6 - - default default] http://10.0.0.80:8776/ returned with HTTP 300
2026-04-23 01:22:08.172 8 INFO cinder.api.openstack.wsgi [req-0bbd4b29-d71a-4401-b3bc-1a6804d48cc6 req-ba5c8f18-6294-4c45-beb0-f9a70db91fa8 ed1f47a950a94426b0613bfb333d373a 85c2022da5284216bb76fced587ba6c6 - - default default] GET http://10.0.0.80:8776/
2026-04-23 01:22:08.172 7 INFO cinder.api.openstack.wsgi [req-0bbd4b29-d71a-4401-b3bc-1a6804d48cc6 req-de131bb1-a071-4bc4-af02-a5b5d3a20040 ed1f47a950a94426b0613bfb333d373a 85c2022da5284216bb76fced587ba6c6 - - default default] GET http://10.0.0.80:8776/
2026-04-23 01:22:08.173 8 INFO cinder.api.openstack.wsgi [req-0bbd4b29-d71a-4401-b3bc-1a6804d48cc6 req-ba5c8f18-6294-4c45-beb0-f9a70db91fa8 ed1f47a950a94426b0613bfb333d373a 85c2022da5284216bb76fced587ba6c6 - - default default] http://10.0.0.80:8776/ returned with HTTP 300
2026-04-23 01:22:08.173 7 INFO cinder.api.openstack.wsgi [req-0bbd4b29-d71a-4401-b3bc-1a6804d48cc6 req-de131bb1-a071-4bc4-af02-a5b5d3a20040 ed1f47a950a94426b0613bfb333d373a 85c2022da5284216bb76fced587ba6c6 - - default default] http://10.0.0.80:8776/ returned with HTTP 300 /var/lib/openstack/lib/python3.10/site-packages/pycadf/identifier.py:71: UserWarning: Invalid uuid: cinderv3. To ensure interoperability, identifiers should be a valid uuid. warnings.warn(('Invalid uuid: %s. To ensure interoperability, '
2026-04-23 01:22:09.563 8 INFO cinder.api.openstack.wsgi [req-4f3b3ac0-e2df-468b-b78c-1de3276f5e35 req-e74bc633-cda8-4506-b9de-5fb94d9166a2 ad9050c4bc66416390d6e78db5b8a52e bc25708f4e8a4bb0ab560c2c67bd31d0 - - default default] GET http://cinder-api.openstack.svc.cluster.local:8776/v3/bc25708f4e8a4bb0ab560c2c67bd31d0/attachments?instance_id=2b64d71f-ec20-4d7c-b77c-74a526f32641
2026-04-23 01:22:09.595 8 INFO cinder.api.openstack.wsgi [req-4f3b3ac0-e2df-468b-b78c-1de3276f5e35 req-e74bc633-cda8-4506-b9de-5fb94d9166a2 ad9050c4bc66416390d6e78db5b8a52e bc25708f4e8a4bb0ab560c2c67bd31d0 - - default default] http://cinder-api.openstack.svc.cluster.local:8776/v3/bc25708f4e8a4bb0ab560c2c67bd31d0/attachments?instance_id=2b64d71f-ec20-4d7c-b77c-74a526f32641 returned with HTTP 200 [pid: 8|app: 0|req: 337/672] 199.204.45.23 () {36 vars in 1103 bytes} [Thu Apr 23 01:22:09 2026] GET /v3/bc25708f4e8a4bb0ab560c2c67bd31d0/attachments?instance_id=2b64d71f-ec20-4d7c-b77c-74a526f32641 => generated 19 bytes in 46 msecs (HTTP/1.1 200) 7 headers in 285 bytes (1 switches on core 0) /var/lib/openstack/lib/python3.10/site-packages/pycadf/identifier.py:71: UserWarning: Invalid uuid: cinderv3. To ensure interoperability, identifiers should be a valid uuid. warnings.warn(('Invalid uuid: %s. To ensure interoperability, '
2026-04-23 01:22:16.483 7 INFO cinder.api.openstack.wsgi [None req-6baccc72-389c-4cfc-be58-3941c39a9515 5773867c93e945ffb0d714c63af5581a 9d4242857c51467b95c3368ff9161c2d - - default default] GET http://cinder-api.openstack.svc.cluster.local:8776/v3/9d4242857c51467b95c3368ff9161c2d/volumes/detail?all_tenants=true /var/lib/openstack/lib/python3.10/site-packages/oslo_context/context.py:100: DeprecationWarning: Policy enforcement is depending on the value of is_admin. This key is deprecated. Please update your policy file to use the standard policy values. warnings.warn('Policy enforcement is depending on the value of '
2026-04-23 01:22:16.494 7 INFO cinder.volume.api [None req-6baccc72-389c-4cfc-be58-3941c39a9515 5773867c93e945ffb0d714c63af5581a 9d4242857c51467b95c3368ff9161c2d - - default default] Get all volumes completed successfully.
2026-04-23 01:22:16.496 7 INFO cinder.api.openstack.wsgi [None req-6baccc72-389c-4cfc-be58-3941c39a9515 5773867c93e945ffb0d714c63af5581a 9d4242857c51467b95c3368ff9161c2d - - default default] http://cinder-api.openstack.svc.cluster.local:8776/v3/9d4242857c51467b95c3368ff9161c2d/volumes/detail?all_tenants=true returned with HTTP 200 [pid: 7|app: 0|req: 336/673] 10.0.0.81 () {28 vars in 683 bytes} [Thu Apr 23 01:22:16 2026] GET /v3/9d4242857c51467b95c3368ff9161c2d/volumes/detail?all_tenants=true => generated 15 bytes in 161 msecs (HTTP/1.1 200) 7 headers in 284 bytes (1 switches on core 0)
2026-04-23 01:22:16.516 8 INFO cinder.api.openstack.wsgi [None req-08d4e403-c0fe-4c36-bf42-90f71e9523fd 5773867c93e945ffb0d714c63af5581a 9d4242857c51467b95c3368ff9161c2d - - default default] GET http://cinder-api.openstack.svc.cluster.local:8776/v3/9d4242857c51467b95c3368ff9161c2d/os-services
2026-04-23 01:22:16.522 8 INFO cinder.api.openstack.wsgi [None req-08d4e403-c0fe-4c36-bf42-90f71e9523fd 5773867c93e945ffb0d714c63af5581a 9d4242857c51467b95c3368ff9161c2d - - default default] http://cinder-api.openstack.svc.cluster.local:8776/v3/9d4242857c51467b95c3368ff9161c2d/os-services returned with HTTP 200 [pid: 8|app: 0|req: 338/674] 10.0.0.81 () {28 vars in 644 bytes} [Thu Apr 23 01:22:16 2026] GET /v3/9d4242857c51467b95c3368ff9161c2d/os-services => generated 646 bytes in 13 msecs (HTTP/1.1 200) 7 headers in 285 bytes (1 switches on core 0)
2026-04-23 01:22:16.536 7 INFO cinder.api.openstack.wsgi [None req-f6abd69c-b3fc-4752-a217-19673b9e85bc 5773867c93e945ffb0d714c63af5581a 9d4242857c51467b95c3368ff9161c2d - - default default] GET http://cinder-api.openstack.svc.cluster.local:8776/v3/9d4242857c51467b95c3368ff9161c2d/scheduler-stats/get_pools?detail=true
2026-04-23 01:22:16.550 7 INFO cinder.api.openstack.wsgi [None req-f6abd69c-b3fc-4752-a217-19673b9e85bc 5773867c93e945ffb0d714c63af5581a 9d4242857c51467b95c3368ff9161c2d - - default default] http://cinder-api.openstack.svc.cluster.local:8776/v3/9d4242857c51467b95c3368ff9161c2d/scheduler-stats/get_pools?detail=true returned with HTTP 200 [pid: 7|app: 0|req: 337/675] 10.0.0.81 () {28 vars in 695 bytes} [Thu Apr 23 01:22:16 2026] GET /v3/9d4242857c51467b95c3368ff9161c2d/scheduler-stats/get_pools?detail=true => generated 670 bytes in 25 msecs (HTTP/1.1 200) 7 headers in 285 bytes (1 switches on core 0)
2026-04-23 01:22:16.560 8 INFO cinder.api.openstack.wsgi [None req-851e7f9d-3fb0-4373-a9cf-ff559c5603e1 5773867c93e945ffb0d714c63af5581a 9d4242857c51467b95c3368ff9161c2d - - default default] GET http://cinder-api.openstack.svc.cluster.local:8776/v3/9d4242857c51467b95c3368ff9161c2d/volumes/detail?all_tenants=true
2026-04-23 01:22:16.569 8 INFO cinder.volume.api [None req-851e7f9d-3fb0-4373-a9cf-ff559c5603e1 5773867c93e945ffb0d714c63af5581a 9d4242857c51467b95c3368ff9161c2d - - default default] Get all volumes completed successfully.
2026-04-23 01:22:16.571 8 INFO cinder.api.openstack.wsgi [None req-851e7f9d-3fb0-4373-a9cf-ff559c5603e1 5773867c93e945ffb0d714c63af5581a 9d4242857c51467b95c3368ff9161c2d - - default default] http://cinder-api.openstack.svc.cluster.local:8776/v3/9d4242857c51467b95c3368ff9161c2d/volumes/detail?all_tenants=true returned with HTTP 200 [pid: 8|app: 0|req: 339/676] 10.0.0.81 () {28 vars in 683 bytes} [Thu Apr 23 01:22:16 2026] GET /v3/9d4242857c51467b95c3368ff9161c2d/volumes/detail?all_tenants=true => generated 15 bytes in 16 msecs (HTTP/1.1 200) 7 headers in 284 bytes (1 switches on core 0)
2026-04-23 01:22:16.625 7 INFO cinder.api.openstack.wsgi [None req-2f70eb19-85a0-43d4-b215-7705566654d1 5773867c93e945ffb0d714c63af5581a 9d4242857c51467b95c3368ff9161c2d - - default default] GET http://cinder-api.openstack.svc.cluster.local:8776/v3/9d4242857c51467b95c3368ff9161c2d/os-quota-sets/8d2463c291094529b86b296fc2b6d54a?usage=true
2026-04-23 01:22:16.654 7 INFO cinder.api.openstack.wsgi [None req-2f70eb19-85a0-43d4-b215-7705566654d1 5773867c93e945ffb0d714c63af5581a 9d4242857c51467b95c3368ff9161c2d - - default default] http://cinder-api.openstack.svc.cluster.local:8776/v3/9d4242857c51467b95c3368ff9161c2d/os-quota-sets/8d2463c291094529b86b296fc2b6d54a?usage=true returned with HTTP 200 [pid: 7|app: 0|req: 338/677] 10.0.0.81 () {28 vars in 735 bytes} [Thu Apr 23 01:22:16 2026] GET /v3/9d4242857c51467b95c3368ff9161c2d/os-quota-sets/8d2463c291094529b86b296fc2b6d54a?usage=true => generated 847 bytes in 39 msecs (HTTP/1.1 200) 7 headers in 285 bytes (1 switches on core 0)
2026-04-23 01:22:16.676 8 INFO cinder.api.openstack.wsgi [None req-66b0323c-5cfa-4c41-8470-b40290fde5ec 5773867c93e945ffb0d714c63af5581a 9d4242857c51467b95c3368ff9161c2d - - default default] GET http://cinder-api.openstack.svc.cluster.local:8776/v3/9d4242857c51467b95c3368ff9161c2d/os-quota-sets/9d4242857c51467b95c3368ff9161c2d?usage=true
2026-04-23 01:22:16.716 8 INFO cinder.api.openstack.wsgi [None req-66b0323c-5cfa-4c41-8470-b40290fde5ec 5773867c93e945ffb0d714c63af5581a 9d4242857c51467b95c3368ff9161c2d - - default default] http://cinder-api.openstack.svc.cluster.local:8776/v3/9d4242857c51467b95c3368ff9161c2d/os-quota-sets/9d4242857c51467b95c3368ff9161c2d?usage=true returned with HTTP 200 [pid: 8|app: 0|req: 340/678] 10.0.0.81 () {28 vars in 735 bytes} [Thu Apr 23 01:22:16 2026] GET /v3/9d4242857c51467b95c3368ff9161c2d/os-quota-sets/9d4242857c51467b95c3368ff9161c2d?usage=true => generated 845 bytes in 49 msecs (HTTP/1.1 200) 7 headers in 285 bytes (1 switches on core 0)
2026-04-23 01:22:16.734 7 INFO cinder.api.openstack.wsgi [None req-e676caee-24e2-4770-bc96-1538b95644a4 5773867c93e945ffb0d714c63af5581a 9d4242857c51467b95c3368ff9161c2d - - default default] GET http://cinder-api.openstack.svc.cluster.local:8776/v3/9d4242857c51467b95c3368ff9161c2d/os-quota-sets/a3a4ffa996274b878abdc1316f3bf3c2?usage=true
2026-04-23 01:22:16.786 7 INFO cinder.api.openstack.wsgi [None req-e676caee-24e2-4770-bc96-1538b95644a4 5773867c93e945ffb0d714c63af5581a 9d4242857c51467b95c3368ff9161c2d - - default default] http://cinder-api.openstack.svc.cluster.local:8776/v3/9d4242857c51467b95c3368ff9161c2d/os-quota-sets/a3a4ffa996274b878abdc1316f3bf3c2?usage=true returned with HTTP 200 [pid: 7|app: 0|req: 339/679] 10.0.0.81 () {28 vars in 735 bytes} [Thu Apr 23 01:22:16 2026] GET /v3/9d4242857c51467b95c3368ff9161c2d/os-quota-sets/a3a4ffa996274b878abdc1316f3bf3c2?usage=true => generated 847 bytes in 64 msecs (HTTP/1.1 200) 7 headers in 285 bytes (1 switches on core 0)
2026-04-23 01:22:16.809 8 INFO cinder.api.openstack.wsgi [None req-e915415f-ecbd-4f10-8daf-e0385efac99f 5773867c93e945ffb0d714c63af5581a 9d4242857c51467b95c3368ff9161c2d - - default default] GET http://cinder-api.openstack.svc.cluster.local:8776/v3/9d4242857c51467b95c3368ff9161c2d/os-quota-sets/a77e73755e44430181b853d0aead10ef?usage=true
2026-04-23 01:22:16.847 8 INFO cinder.api.openstack.wsgi [None req-e915415f-ecbd-4f10-8daf-e0385efac99f 5773867c93e945ffb0d714c63af5581a 9d4242857c51467b95c3368ff9161c2d - - default default] http://cinder-api.openstack.svc.cluster.local:8776/v3/9d4242857c51467b95c3368ff9161c2d/os-quota-sets/a77e73755e44430181b853d0aead10ef?usage=true returned with HTTP 200 [pid: 8|app: 0|req: 341/680] 10.0.0.81 () {28 vars in 735 bytes} [Thu Apr 23 01:22:16 2026] GET /v3/9d4242857c51467b95c3368ff9161c2d/os-quota-sets/a77e73755e44430181b853d0aead10ef?usage=true => generated 847 bytes in 56 msecs (HTTP/1.1 200) 7 headers in 285 bytes (1 switches on core 0)
2026-04-23 01:22:16.867 7 INFO cinder.api.openstack.wsgi [None req-925e10ab-83d1-464f-ad8a-8e3ec162f432 5773867c93e945ffb0d714c63af5581a 9d4242857c51467b95c3368ff9161c2d - - default default] GET http://cinder-api.openstack.svc.cluster.local:8776/v3/9d4242857c51467b95c3368ff9161c2d/os-quota-sets/bc25708f4e8a4bb0ab560c2c67bd31d0?usage=true
2026-04-23 01:22:16.891 8 INFO cinder.api.openstack.wsgi [None req-e915415f-ecbd-4f10-8daf-e0385efac99f 5773867c93e945ffb0d714c63af5581a 9d4242857c51467b95c3368ff9161c2d - - default default] GET http://cinder-api.openstack.svc.cluster.local:8776/
2026-04-23 01:22:16.893 8 INFO cinder.api.openstack.wsgi [None req-e915415f-ecbd-4f10-8daf-e0385efac99f 5773867c93e945ffb0d714c63af5581a 9d4242857c51467b95c3368ff9161c2d - - default default] http://cinder-api.openstack.svc.cluster.local:8776/ returned with HTTP 300 [pid: 8|app: 0|req: 342/681] 10.0.0.38 () {28 vars in 375 bytes} [Thu Apr 23 01:22:16 2026] GET / => generated 411 bytes in 3 msecs (HTTP/1.1 300) 5 headers in 169 bytes (1 switches on core 0)
2026-04-23 01:22:16.906 8 INFO cinder.api.openstack.wsgi [None req-b9b523c9-a681-44ca-bd89-8b6170ec06f7 0ca18ef5cfda46f89548823890568f04 8d2463c291094529b86b296fc2b6d54a - - default default] GET http://cinder-api.openstack.svc.cluster.local:8776/v3/8d2463c291094529b86b296fc2b6d54a/limits?tenant_id=8d2463c291094529b86b296fc2b6d54a
2026-04-23 01:22:16.919 7 INFO cinder.api.openstack.wsgi [None req-925e10ab-83d1-464f-ad8a-8e3ec162f432 5773867c93e945ffb0d714c63af5581a 9d4242857c51467b95c3368ff9161c2d - - default default] http://cinder-api.openstack.svc.cluster.local:8776/v3/9d4242857c51467b95c3368ff9161c2d/os-quota-sets/bc25708f4e8a4bb0ab560c2c67bd31d0?usage=true returned with HTTP 200 [pid: 7|app: 0|req: 340/682] 10.0.0.81 () {28 vars in 735 bytes} [Thu Apr 23 01:22:16 2026] GET /v3/9d4242857c51467b95c3368ff9161c2d/os-quota-sets/bc25708f4e8a4bb0ab560c2c67bd31d0?usage=true => generated 847 bytes in 63 msecs (HTTP/1.1 200) 7 headers in 285 bytes (1 switches on core 0)
2026-04-23 01:22:16.932 7 INFO cinder.api.openstack.wsgi [None req-e6e86351-4d1b-4257-8897-79dc1ffd9cc1 5773867c93e945ffb0d714c63af5581a 9d4242857c51467b95c3368ff9161c2d - - default default] GET http://cinder-api.openstack.svc.cluster.local:8776/v3/9d4242857c51467b95c3368ff9161c2d/os-quota-sets/da206052495a4a3f964532ffdf3cba3a?usage=true
2026-04-23 01:22:16.939 8 INFO cinder.api.openstack.wsgi [None req-b9b523c9-a681-44ca-bd89-8b6170ec06f7 0ca18ef5cfda46f89548823890568f04 8d2463c291094529b86b296fc2b6d54a - - default default] http://cinder-api.openstack.svc.cluster.local:8776/v3/8d2463c291094529b86b296fc2b6d54a/limits?tenant_id=8d2463c291094529b86b296fc2b6d54a returned with HTTP 200 [pid: 8|app: 0|req: 343/683] 10.0.0.38 () {34 vars in 878 bytes} [Thu Apr 23 01:22:16 2026] GET /v3/8d2463c291094529b86b296fc2b6d54a/limits?tenant_id=8d2463c291094529b86b296fc2b6d54a => generated 302 bytes in 42 msecs (HTTP/1.1 200) 7 headers in 286 bytes (1 switches on core 0)
2026-04-23 01:22:16.963 7 INFO cinder.api.openstack.wsgi [None req-e6e86351-4d1b-4257-8897-79dc1ffd9cc1 5773867c93e945ffb0d714c63af5581a 9d4242857c51467b95c3368ff9161c2d - - default default] http://cinder-api.openstack.svc.cluster.local:8776/v3/9d4242857c51467b95c3368ff9161c2d/os-quota-sets/da206052495a4a3f964532ffdf3cba3a?usage=true returned with HTTP 200 [pid: 7|app: 0|req: 341/684] 10.0.0.81 () {28 vars in 735 bytes} [Thu Apr 23 01:22:16 2026] GET /v3/9d4242857c51467b95c3368ff9161c2d/os-quota-sets/da206052495a4a3f964532ffdf3cba3a?usage=true => generated 845 bytes in 39 msecs (HTTP/1.1 200) 7 headers in 285 bytes (1 switches on core 0)
2026-04-23 01:22:16.976 8 INFO cinder.api.openstack.wsgi [None req-69c6cf8a-f740-4fd1-adbf-5cd5f4d59d39 5773867c93e945ffb0d714c63af5581a 9d4242857c51467b95c3368ff9161c2d - - default default] GET http://cinder-api.openstack.svc.cluster.local:8776/v3/9d4242857c51467b95c3368ff9161c2d/snapshots?all_tenants=true
2026-04-23 01:22:16.981 8 INFO cinder.volume.api [None req-69c6cf8a-f740-4fd1-adbf-5cd5f4d59d39 5773867c93e945ffb0d714c63af5581a 9d4242857c51467b95c3368ff9161c2d - - default default] Get all snapshots completed successfully.
2026-04-23 01:22:16.982 8 INFO cinder.api.openstack.wsgi [None req-69c6cf8a-f740-4fd1-adbf-5cd5f4d59d39 5773867c93e945ffb0d714c63af5581a 9d4242857c51467b95c3368ff9161c2d - - default default] http://cinder-api.openstack.svc.cluster.local:8776/v3/9d4242857c51467b95c3368ff9161c2d/snapshots?all_tenants=true returned with HTTP 200 [pid: 8|app: 0|req: 344/685] 10.0.0.81 () {28 vars in 673 bytes} [Thu Apr 23 01:22:16 2026] GET /v3/9d4242857c51467b95c3368ff9161c2d/snapshots?all_tenants=true => generated 17 bytes in 14 msecs (HTTP/1.1 200) 7 headers in 284 bytes (1 switches on core 0)
2026-04-23 01:22:18.172 7 INFO cinder.api.openstack.wsgi [None req-e6e86351-4d1b-4257-8897-79dc1ffd9cc1 5773867c93e945ffb0d714c63af5581a 9d4242857c51467b95c3368ff9161c2d - - default default] GET http://10.0.0.80:8776/
2026-04-23 01:22:18.172 8 INFO cinder.api.openstack.wsgi [None req-69c6cf8a-f740-4fd1-adbf-5cd5f4d59d39 5773867c93e945ffb0d714c63af5581a 9d4242857c51467b95c3368ff9161c2d - - default default] GET http://10.0.0.80:8776/
2026-04-23 01:22:18.174 8 INFO cinder.api.openstack.wsgi [None req-69c6cf8a-f740-4fd1-adbf-5cd5f4d59d39 5773867c93e945ffb0d714c63af5581a 9d4242857c51467b95c3368ff9161c2d - - default default] http://10.0.0.80:8776/ returned with HTTP 300
2026-04-23 01:22:18.174 7 INFO cinder.api.openstack.wsgi [None req-e6e86351-4d1b-4257-8897-79dc1ffd9cc1 5773867c93e945ffb0d714c63af5581a 9d4242857c51467b95c3368ff9161c2d - - default default] http://10.0.0.80:8776/ returned with HTTP 300
2026-04-23 01:22:18.768 8 INFO cinder.api.openstack.wsgi [None req-69c6cf8a-f740-4fd1-adbf-5cd5f4d59d39 5773867c93e945ffb0d714c63af5581a 9d4242857c51467b95c3368ff9161c2d - - default default] GET http://cinder-api.openstack.svc.cluster.local:8776/
2026-04-23 01:22:18.768 8 INFO cinder.api.openstack.wsgi [None req-69c6cf8a-f740-4fd1-adbf-5cd5f4d59d39 5773867c93e945ffb0d714c63af5581a 9d4242857c51467b95c3368ff9161c2d - - default default] http://cinder-api.openstack.svc.cluster.local:8776/ returned with HTTP 300 [pid: 8|app: 0|req: 346/688] 10.0.0.38 () {28 vars in 375 bytes} [Thu Apr 23 01:22:18 2026] GET / => generated 411 bytes in 1 msecs (HTTP/1.1 300) 5 headers in 169 bytes (1 switches on core 0)
2026-04-23 01:22:18.774 7 INFO cinder.api.openstack.wsgi [None req-e6e86351-4d1b-4257-8897-79dc1ffd9cc1 5773867c93e945ffb0d714c63af5581a 9d4242857c51467b95c3368ff9161c2d - - default default] GET http://cinder-api.openstack.svc.cluster.local:8776/
2026-04-23 01:22:18.775 7 INFO cinder.api.openstack.wsgi [None req-e6e86351-4d1b-4257-8897-79dc1ffd9cc1 5773867c93e945ffb0d714c63af5581a 9d4242857c51467b95c3368ff9161c2d - - default default] http://cinder-api.openstack.svc.cluster.local:8776/ returned with HTTP 300 [pid: 7|app: 0|req: 343/689] 10.0.0.38 () {28 vars in 375 bytes} [Thu Apr 23 01:22:18 2026] GET / => generated 411 bytes in 2 msecs (HTTP/1.1 300) 5 headers in 169 bytes (1 switches on core 0)
2026-04-23 01:22:19.454 8 INFO cinder.api.openstack.wsgi [None req-69c6cf8a-f740-4fd1-adbf-5cd5f4d59d39 5773867c93e945ffb0d714c63af5581a 9d4242857c51467b95c3368ff9161c2d - - default default] GET http://cinder-api.openstack.svc.cluster.local:8776/
2026-04-23 01:22:19.455 8 INFO cinder.api.openstack.wsgi [None req-69c6cf8a-f740-4fd1-adbf-5cd5f4d59d39 5773867c93e945ffb0d714c63af5581a 9d4242857c51467b95c3368ff9161c2d - - default default] http://cinder-api.openstack.svc.cluster.local:8776/ returned with HTTP 300 [pid: 8|app: 0|req: 347/690] 10.0.0.38 () {28 vars in 375 bytes} [Thu Apr 23 01:22:19 2026] GET / => generated 411 bytes in 2 msecs (HTTP/1.1 300) 5 headers in 169 bytes (1 switches on core 0)
2026-04-23 01:22:19.473 7 INFO cinder.api.openstack.wsgi [None req-51da200e-8df9-4d55-85a2-6316a7748ad4 0ca18ef5cfda46f89548823890568f04 8d2463c291094529b86b296fc2b6d54a - - default default] GET http://cinder-api.openstack.svc.cluster.local:8776/v3/8d2463c291094529b86b296fc2b6d54a/limits?tenant_id=8d2463c291094529b86b296fc2b6d54a
2026-04-23 01:22:19.514 7 INFO cinder.api.openstack.wsgi [None req-51da200e-8df9-4d55-85a2-6316a7748ad4 0ca18ef5cfda46f89548823890568f04 8d2463c291094529b86b296fc2b6d54a - - default default] http://cinder-api.openstack.svc.cluster.local:8776/v3/8d2463c291094529b86b296fc2b6d54a/limits?tenant_id=8d2463c291094529b86b296fc2b6d54a returned with HTTP 200 [pid: 7|app: 0|req: 344/691] 10.0.0.38 () {34 vars in 878 bytes} [Thu Apr 23 01:22:19 2026] GET /v3/8d2463c291094529b86b296fc2b6d54a/limits?tenant_id=8d2463c291094529b86b296fc2b6d54a => generated 302 bytes in 51 msecs (HTTP/1.1 200) 7 headers in 286 bytes (1 switches on core 0)
2026-04-23 01:22:21.338 8 INFO cinder.api.openstack.wsgi [None req-69c6cf8a-f740-4fd1-adbf-5cd5f4d59d39 5773867c93e945ffb0d714c63af5581a 9d4242857c51467b95c3368ff9161c2d - - default default] GET http://cinder-api.openstack.svc.cluster.local:8776/
2026-04-23 01:22:21.339 8 INFO cinder.api.openstack.wsgi [None req-69c6cf8a-f740-4fd1-adbf-5cd5f4d59d39 5773867c93e945ffb0d714c63af5581a 9d4242857c51467b95c3368ff9161c2d - - default default] http://cinder-api.openstack.svc.cluster.local:8776/ returned with HTTP 300 [pid: 8|app: 0|req: 348/692] 10.0.0.38 () {28 vars in 375 bytes} [Thu Apr 23 01:22:21 2026] GET / => generated 411 bytes in 2 msecs (HTTP/1.1 300) 5 headers in 169 bytes (1 switches on core 0)
2026-04-23 01:22:21.349 7 INFO cinder.api.openstack.wsgi [None req-51da200e-8df9-4d55-85a2-6316a7748ad4 0ca18ef5cfda46f89548823890568f04 8d2463c291094529b86b296fc2b6d54a - - default default] GET http://cinder-api.openstack.svc.cluster.local:8776/
2026-04-23 01:22:21.350 7 INFO cinder.api.openstack.wsgi [None req-51da200e-8df9-4d55-85a2-6316a7748ad4 0ca18ef5cfda46f89548823890568f04 8d2463c291094529b86b296fc2b6d54a - - default default] http://cinder-api.openstack.svc.cluster.local:8776/ returned with HTTP 300 [pid: 7|app: 0|req: 345/693] 10.0.0.38 () {28 vars in 375 bytes} [Thu Apr 23 01:22:21 2026] GET / => generated 411 bytes in 3 msecs (HTTP/1.1 300) 5 headers in 169 bytes (1 switches on core 0)
2026-04-23 01:22:28.172 7 INFO cinder.api.openstack.wsgi [None req-51da200e-8df9-4d55-85a2-6316a7748ad4 0ca18ef5cfda46f89548823890568f04 8d2463c291094529b86b296fc2b6d54a - - default default] GET http://10.0.0.80:8776/
2026-04-23 01:22:28.172 8 INFO cinder.api.openstack.wsgi [None req-69c6cf8a-f740-4fd1-adbf-5cd5f4d59d39 5773867c93e945ffb0d714c63af5581a 9d4242857c51467b95c3368ff9161c2d - - default default] GET http://10.0.0.80:8776/
2026-04-23 01:22:28.173 7 INFO cinder.api.openstack.wsgi [None req-51da200e-8df9-4d55-85a2-6316a7748ad4 0ca18ef5cfda46f89548823890568f04 8d2463c291094529b86b296fc2b6d54a - - default default] http://10.0.0.80:8776/ returned with HTTP 300
2026-04-23 01:22:28.173 8 INFO cinder.api.openstack.wsgi [None req-69c6cf8a-f740-4fd1-adbf-5cd5f4d59d39 5773867c93e945ffb0d714c63af5581a 9d4242857c51467b95c3368ff9161c2d - - default default] http://10.0.0.80:8776/ returned with HTTP 300
2026-04-23 01:22:38.172 7 INFO cinder.api.openstack.wsgi [None req-51da200e-8df9-4d55-85a2-6316a7748ad4 0ca18ef5cfda46f89548823890568f04 8d2463c291094529b86b296fc2b6d54a - - default default] GET http://10.0.0.80:8776/
2026-04-23 01:22:38.173 8 INFO cinder.api.openstack.wsgi [None req-69c6cf8a-f740-4fd1-adbf-5cd5f4d59d39 5773867c93e945ffb0d714c63af5581a 9d4242857c51467b95c3368ff9161c2d - - default default] GET http://10.0.0.80:8776/
2026-04-23 01:22:38.173 7 INFO cinder.api.openstack.wsgi [None req-51da200e-8df9-4d55-85a2-6316a7748ad4 0ca18ef5cfda46f89548823890568f04 8d2463c291094529b86b296fc2b6d54a - - default default] http://10.0.0.80:8776/ returned with HTTP 300
2026-04-23 01:22:38.174 8 INFO cinder.api.openstack.wsgi [None req-69c6cf8a-f740-4fd1-adbf-5cd5f4d59d39 5773867c93e945ffb0d714c63af5581a 9d4242857c51467b95c3368ff9161c2d - - default default] http://10.0.0.80:8776/ returned with HTTP 300
2026-04-23 01:22:46.342 7 INFO cinder.api.openstack.wsgi [None req-1b1ffc72-0eaa-493b-b5eb-3fdffa1889da 70e28b001cb34274b9bad564a359dd83 0440fbaaf9564c3696c44742af64f80c - - default default] GET http://cinder-api.openstack.svc.cluster.local:8776/v3/0440fbaaf9564c3696c44742af64f80c/volumes
2026-04-23 01:22:46.384 7 INFO cinder.volume.api [None req-1b1ffc72-0eaa-493b-b5eb-3fdffa1889da 70e28b001cb34274b9bad564a359dd83 0440fbaaf9564c3696c44742af64f80c - - default default] Get all volumes completed successfully.
2026-04-23 01:22:46.385 7 INFO cinder.api.openstack.wsgi [None req-1b1ffc72-0eaa-493b-b5eb-3fdffa1889da 70e28b001cb34274b9bad564a359dd83 0440fbaaf9564c3696c44742af64f80c - - default default] http://cinder-api.openstack.svc.cluster.local:8776/v3/0440fbaaf9564c3696c44742af64f80c/volumes returned with HTTP 200 [pid: 7|app: 0|req: 348/698] 10.0.0.128 () {32 vars in 701 bytes} [Thu Apr 23 01:22:46 2026] GET /v3/0440fbaaf9564c3696c44742af64f80c/volumes => generated 15 bytes in 270 msecs (HTTP/1.1 200) 7 headers in 284 bytes (1 switches on core 0)
2026-04-23 01:22:46.401 8 INFO cinder.api.openstack.wsgi [None req-46c8e5a4-5057-464f-a0d3-a41fff8f1f0f 70e28b001cb34274b9bad564a359dd83 0440fbaaf9564c3696c44742af64f80c - - default default] POST http://cinder-api.openstack.svc.cluster.local:8776/v3/0440fbaaf9564c3696c44742af64f80c/volumes
2026-04-23 01:22:46.404 8 INFO cinder.api.v3.volumes [None req-46c8e5a4-5057-464f-a0d3-a41fff8f1f0f 70e28b001cb34274b9bad564a359dd83 0440fbaaf9564c3696c44742af64f80c - - default default] Create volume of 1 GB
2026-04-23 01:22:46.415 8 INFO cinder.volume.api [None req-46c8e5a4-5057-464f-a0d3-a41fff8f1f0f 70e28b001cb34274b9bad564a359dd83 0440fbaaf9564c3696c44742af64f80c - - default default] Availability Zones retrieved successfully.
2026-04-23 01:22:46.602 8 INFO cinder.volume.api [None req-46c8e5a4-5057-464f-a0d3-a41fff8f1f0f 70e28b001cb34274b9bad564a359dd83 0440fbaaf9564c3696c44742af64f80c - - default default] Create volume request issued successfully.
2026-04-23 01:22:46.603 8 INFO cinder.api.openstack.wsgi [None req-46c8e5a4-5057-464f-a0d3-a41fff8f1f0f 70e28b001cb34274b9bad564a359dd83 0440fbaaf9564c3696c44742af64f80c - - default default] http://cinder-api.openstack.svc.cluster.local:8776/v3/0440fbaaf9564c3696c44742af64f80c/volumes returned with HTTP 202 [pid: 8|app: 0|req: 351/699] 10.0.0.128 () {34 vars in 723 bytes} [Thu Apr 23 01:22:46 2026] POST /v3/0440fbaaf9564c3696c44742af64f80c/volumes => generated 875 bytes in 209 msecs (HTTP/1.1 202) 7 headers in 291 bytes (1 switches on core 0)
2026-04-23 01:22:46.634 7 INFO cinder.api.openstack.wsgi [None req-ce6ac964-72da-4787-8a8e-1fcb2fcec046 70e28b001cb34274b9bad564a359dd83 0440fbaaf9564c3696c44742af64f80c - - default default] GET http://cinder-api.openstack.svc.cluster.local:8776/v3/0440fbaaf9564c3696c44742af64f80c/volumes/c21b6d32-aa04-4701-a6d2-79ddd245a501 /var/lib/openstack/lib/python3.10/site-packages/oslo_context/context.py:100: DeprecationWarning: Policy enforcement is depending on the value of is_admin. This key is deprecated. Please update your policy file to use the standard policy values. warnings.warn('Policy enforcement is depending on the value of '
2026-04-23 01:22:46.651 7 INFO cinder.volume.api [None req-ce6ac964-72da-4787-8a8e-1fcb2fcec046 70e28b001cb34274b9bad564a359dd83 0440fbaaf9564c3696c44742af64f80c - - default default] Volume info retrieved successfully.
2026-04-23 01:22:46.657 7 INFO cinder.api.openstack.wsgi [None req-ce6ac964-72da-4787-8a8e-1fcb2fcec046 70e28b001cb34274b9bad564a359dd83 0440fbaaf9564c3696c44742af64f80c - - default default] http://cinder-api.openstack.svc.cluster.local:8776/v3/0440fbaaf9564c3696c44742af64f80c/volumes/c21b6d32-aa04-4701-a6d2-79ddd245a501 returned with HTTP 200 [pid: 7|app: 0|req: 349/700] 10.0.0.128 () {32 vars in 775 bytes} [Thu Apr 23 01:22:46 2026] GET /v3/0440fbaaf9564c3696c44742af64f80c/volumes/c21b6d32-aa04-4701-a6d2-79ddd245a501 => generated 943 bytes in 32 msecs (HTTP/1.1 200) 7 headers in 285 bytes (1 switches on core 0) /var/lib/openstack/lib/python3.10/site-packages/pycadf/identifier.py:71: UserWarning: Invalid uuid: cinderv3. To ensure interoperability, identifiers should be a valid uuid. warnings.warn(('Invalid uuid: %s. To ensure interoperability, '
2026-04-23 01:22:47.686 8 INFO cinder.api.openstack.wsgi [None req-4ef92e08-fc00-4540-95d6-65b91c94e6f6 70e28b001cb34274b9bad564a359dd83 0440fbaaf9564c3696c44742af64f80c - - default default] GET http://cinder-api.openstack.svc.cluster.local:8776/v3/0440fbaaf9564c3696c44742af64f80c/volumes/c21b6d32-aa04-4701-a6d2-79ddd245a501 /var/lib/openstack/lib/python3.10/site-packages/oslo_context/context.py:100: DeprecationWarning: Policy enforcement is depending on the value of is_admin. This key is deprecated. Please update your policy file to use the standard policy values. warnings.warn('Policy enforcement is depending on the value of '
2026-04-23 01:22:47.707 8 INFO cinder.volume.api [None req-4ef92e08-fc00-4540-95d6-65b91c94e6f6 70e28b001cb34274b9bad564a359dd83 0440fbaaf9564c3696c44742af64f80c - - default default] Volume info retrieved successfully.
2026-04-23 01:22:47.712 8 INFO cinder.api.openstack.wsgi [None req-4ef92e08-fc00-4540-95d6-65b91c94e6f6 70e28b001cb34274b9bad564a359dd83 0440fbaaf9564c3696c44742af64f80c - - default default] http://cinder-api.openstack.svc.cluster.local:8776/v3/0440fbaaf9564c3696c44742af64f80c/volumes/c21b6d32-aa04-4701-a6d2-79ddd245a501 returned with HTTP 200 [pid: 8|app: 0|req: 352/701] 10.0.0.128 () {32 vars in 775 bytes} [Thu Apr 23 01:22:47 2026] GET /v3/0440fbaaf9564c3696c44742af64f80c/volumes/c21b6d32-aa04-4701-a6d2-79ddd245a501 => generated 968 bytes in 35 msecs (HTTP/1.1 200) 7 headers in 285 bytes (1 switches on core 0) /var/lib/openstack/lib/python3.10/site-packages/pycadf/identifier.py:71: UserWarning: Invalid uuid: cinderv3. To ensure interoperability, identifiers should be a valid uuid. warnings.warn(('Invalid uuid: %s. To ensure interoperability, '
2026-04-23 01:22:47.730 7 INFO cinder.api.openstack.wsgi [None req-fa61bce4-e2a7-4e31-944f-52917d5759f5 70e28b001cb34274b9bad564a359dd83 0440fbaaf9564c3696c44742af64f80c - - default default] GET http://cinder-api.openstack.svc.cluster.local:8776/v3/0440fbaaf9564c3696c44742af64f80c/volumes/c21b6d32-aa04-4701-a6d2-79ddd245a501 /var/lib/openstack/lib/python3.10/site-packages/oslo_context/context.py:100: DeprecationWarning: Policy enforcement is depending on the value of is_admin. This key is deprecated. Please update your policy file to use the standard policy values. warnings.warn('Policy enforcement is depending on the value of '
2026-04-23 01:22:47.746 7 INFO cinder.volume.api [None req-fa61bce4-e2a7-4e31-944f-52917d5759f5 70e28b001cb34274b9bad564a359dd83 0440fbaaf9564c3696c44742af64f80c - - default default] Volume info retrieved successfully.
2026-04-23 01:22:47.751 7 INFO cinder.api.openstack.wsgi [None req-fa61bce4-e2a7-4e31-944f-52917d5759f5 70e28b001cb34274b9bad564a359dd83 0440fbaaf9564c3696c44742af64f80c - - default default] http://cinder-api.openstack.svc.cluster.local:8776/v3/0440fbaaf9564c3696c44742af64f80c/volumes/c21b6d32-aa04-4701-a6d2-79ddd245a501 returned with HTTP 200 [pid: 7|app: 0|req: 350/702] 10.0.0.128 () {32 vars in 775 bytes} [Thu Apr 23 01:22:47 2026] GET /v3/0440fbaaf9564c3696c44742af64f80c/volumes/c21b6d32-aa04-4701-a6d2-79ddd245a501 => generated 968 bytes in 27 msecs (HTTP/1.1 200) 7 headers in 285 bytes (1 switches on core 0) /var/lib/openstack/lib/python3.10/site-packages/pycadf/identifier.py:71: UserWarning: Invalid uuid: cinderv3. To ensure interoperability, identifiers should be a valid uuid. warnings.warn(('Invalid uuid: %s. To ensure interoperability, '
2026-04-23 01:22:47.774 8 INFO cinder.api.openstack.wsgi [None req-77ad1866-5e11-4823-986b-5a9976aaf4a8 70e28b001cb34274b9bad564a359dd83 0440fbaaf9564c3696c44742af64f80c - - default default] POST http://cinder-api.openstack.svc.cluster.local:8776/v3/0440fbaaf9564c3696c44742af64f80c/volumes
2026-04-23 01:22:47.775 8 INFO cinder.api.v3.volumes [None req-77ad1866-5e11-4823-986b-5a9976aaf4a8 70e28b001cb34274b9bad564a359dd83 0440fbaaf9564c3696c44742af64f80c - - default default] Create volume of 1 GB
2026-04-23 01:22:47.780 8 INFO cinder.volume.api [None req-77ad1866-5e11-4823-986b-5a9976aaf4a8 70e28b001cb34274b9bad564a359dd83 0440fbaaf9564c3696c44742af64f80c - - default default] Availability Zones retrieved successfully.
2026-04-23 01:22:47.905 8 INFO cinder.volume.api [None req-77ad1866-5e11-4823-986b-5a9976aaf4a8 70e28b001cb34274b9bad564a359dd83 0440fbaaf9564c3696c44742af64f80c - - default default] Create volume request issued successfully.
2026-04-23 01:22:47.907 8 INFO cinder.api.openstack.wsgi [None req-77ad1866-5e11-4823-986b-5a9976aaf4a8 70e28b001cb34274b9bad564a359dd83 0440fbaaf9564c3696c44742af64f80c - - default default] http://cinder-api.openstack.svc.cluster.local:8776/v3/0440fbaaf9564c3696c44742af64f80c/volumes returned with HTTP 202 [pid: 8|app: 0|req: 353/703] 10.0.0.128 () {34 vars in 723 bytes} [Thu Apr 23 01:22:47 2026] POST /v3/0440fbaaf9564c3696c44742af64f80c/volumes => generated 876 bytes in 143 msecs (HTTP/1.1 202) 7 headers in 291 bytes (1 switches on core 0) /var/lib/openstack/lib/python3.10/site-packages/pycadf/identifier.py:71: UserWarning: Invalid uuid: cinderv3. To ensure interoperability, identifiers should be a valid uuid. warnings.warn(('Invalid uuid: %s. To ensure interoperability, '
2026-04-23 01:22:47.926 7 INFO cinder.api.openstack.wsgi [None req-95cda05a-8008-4e91-8078-66aeecbf9aed 70e28b001cb34274b9bad564a359dd83 0440fbaaf9564c3696c44742af64f80c - - default default] GET http://cinder-api.openstack.svc.cluster.local:8776/v3/0440fbaaf9564c3696c44742af64f80c/volumes/76424ff9-cd37-4592-b469-b885460a04b3 /var/lib/openstack/lib/python3.10/site-packages/oslo_context/context.py:100: DeprecationWarning: Policy enforcement is depending on the value of is_admin. This key is deprecated. Please update your policy file to use the standard policy values. warnings.warn('Policy enforcement is depending on the value of '
2026-04-23 01:22:47.940 7 INFO cinder.volume.api [None req-95cda05a-8008-4e91-8078-66aeecbf9aed 70e28b001cb34274b9bad564a359dd83 0440fbaaf9564c3696c44742af64f80c - - default default] Volume info retrieved successfully.
2026-04-23 01:22:47.944 7 INFO cinder.api.openstack.wsgi [None req-95cda05a-8008-4e91-8078-66aeecbf9aed 70e28b001cb34274b9bad564a359dd83 0440fbaaf9564c3696c44742af64f80c - - default default] http://cinder-api.openstack.svc.cluster.local:8776/v3/0440fbaaf9564c3696c44742af64f80c/volumes/76424ff9-cd37-4592-b469-b885460a04b3 returned with HTTP 200 [pid: 7|app: 0|req: 351/704] 10.0.0.128 () {32 vars in 775 bytes} [Thu Apr 23 01:22:47 2026] GET /v3/0440fbaaf9564c3696c44742af64f80c/volumes/76424ff9-cd37-4592-b469-b885460a04b3 => generated 944 bytes in 23 msecs (HTTP/1.1 200) 7 headers in 285 bytes (1 switches on core 0)
2026-04-23 01:22:48.172 7 INFO cinder.api.openstack.wsgi [None req-95cda05a-8008-4e91-8078-66aeecbf9aed 70e28b001cb34274b9bad564a359dd83 0440fbaaf9564c3696c44742af64f80c - - default default] GET http://10.0.0.80:8776/
2026-04-23 01:22:48.172 8 INFO cinder.api.openstack.wsgi [None req-77ad1866-5e11-4823-986b-5a9976aaf4a8 70e28b001cb34274b9bad564a359dd83 0440fbaaf9564c3696c44742af64f80c - - default default] GET http://10.0.0.80:8776/
2026-04-23 01:22:48.173 8 INFO cinder.api.openstack.wsgi [None req-77ad1866-5e11-4823-986b-5a9976aaf4a8 70e28b001cb34274b9bad564a359dd83 0440fbaaf9564c3696c44742af64f80c - - default default] http://10.0.0.80:8776/ returned with HTTP 300
2026-04-23 01:22:48.173 7 INFO cinder.api.openstack.wsgi [None req-95cda05a-8008-4e91-8078-66aeecbf9aed 70e28b001cb34274b9bad564a359dd83 0440fbaaf9564c3696c44742af64f80c - - default default] http://10.0.0.80:8776/ returned with HTTP 300 /var/lib/openstack/lib/python3.10/site-packages/pycadf/identifier.py:71: UserWarning: Invalid uuid: cinderv3. To ensure interoperability, identifiers should be a valid uuid. warnings.warn(('Invalid uuid: %s. To ensure interoperability, '
2026-04-23 01:22:48.973 8 INFO cinder.api.openstack.wsgi [None req-2cd6265f-713e-4f49-8389-ad151326d9ab 70e28b001cb34274b9bad564a359dd83 0440fbaaf9564c3696c44742af64f80c - - default default] GET http://cinder-api.openstack.svc.cluster.local:8776/v3/0440fbaaf9564c3696c44742af64f80c/volumes/76424ff9-cd37-4592-b469-b885460a04b3 /var/lib/openstack/lib/python3.10/site-packages/oslo_context/context.py:100: DeprecationWarning: Policy enforcement is depending on the value of is_admin. This key is deprecated. Please update your policy file to use the standard policy values. warnings.warn('Policy enforcement is depending on the value of '
2026-04-23 01:22:48.997 8 INFO cinder.volume.api [None req-2cd6265f-713e-4f49-8389-ad151326d9ab 70e28b001cb34274b9bad564a359dd83 0440fbaaf9564c3696c44742af64f80c - - default default] Volume info retrieved successfully.
2026-04-23 01:22:49.005 8 INFO cinder.api.openstack.wsgi [None req-2cd6265f-713e-4f49-8389-ad151326d9ab 70e28b001cb34274b9bad564a359dd83 0440fbaaf9564c3696c44742af64f80c - - default default] http://cinder-api.openstack.svc.cluster.local:8776/v3/0440fbaaf9564c3696c44742af64f80c/volumes/76424ff9-cd37-4592-b469-b885460a04b3 returned with HTTP 200 [pid: 8|app: 0|req: 355/707] 10.0.0.128 () {32 vars in 775 bytes} [Thu Apr 23 01:22:48 2026] GET /v3/0440fbaaf9564c3696c44742af64f80c/volumes/76424ff9-cd37-4592-b469-b885460a04b3 => generated 969 bytes in 44 msecs (HTTP/1.1 200) 7 headers in 285 bytes (1 switches on core 0) /var/lib/openstack/lib/python3.10/site-packages/pycadf/identifier.py:71: UserWarning: Invalid uuid: cinderv3. To ensure interoperability, identifiers should be a valid uuid. warnings.warn(('Invalid uuid: %s. To ensure interoperability, '
2026-04-23 01:22:49.025 7 INFO cinder.api.openstack.wsgi [None req-61abc29e-f8a6-43c5-9781-6966124936a2 70e28b001cb34274b9bad564a359dd83 0440fbaaf9564c3696c44742af64f80c - - default default] GET http://cinder-api.openstack.svc.cluster.local:8776/v3/0440fbaaf9564c3696c44742af64f80c/volumes/76424ff9-cd37-4592-b469-b885460a04b3 /var/lib/openstack/lib/python3.10/site-packages/oslo_context/context.py:100: DeprecationWarning: Policy enforcement is depending on the value of is_admin. This key is deprecated. Please update your policy file to use the standard policy values. warnings.warn('Policy enforcement is depending on the value of '
2026-04-23 01:22:49.041 7 INFO cinder.volume.api [None req-61abc29e-f8a6-43c5-9781-6966124936a2 70e28b001cb34274b9bad564a359dd83 0440fbaaf9564c3696c44742af64f80c - - default default] Volume info retrieved successfully.
2026-04-23 01:22:49.048 7 INFO cinder.api.openstack.wsgi [None req-61abc29e-f8a6-43c5-9781-6966124936a2 70e28b001cb34274b9bad564a359dd83 0440fbaaf9564c3696c44742af64f80c - - default default] http://cinder-api.openstack.svc.cluster.local:8776/v3/0440fbaaf9564c3696c44742af64f80c/volumes/76424ff9-cd37-4592-b469-b885460a04b3 returned with HTTP 200 [pid: 7|app: 0|req: 353/708] 10.0.0.128 () {32 vars in 775 bytes} [Thu Apr 23 01:22:49 2026] GET /v3/0440fbaaf9564c3696c44742af64f80c/volumes/76424ff9-cd37-4592-b469-b885460a04b3 => generated 969 bytes in 29 msecs (HTTP/1.1 200) 7 headers in 285 bytes (1 switches on core 0) /var/lib/openstack/lib/python3.10/site-packages/pycadf/identifier.py:71: UserWarning: Invalid uuid: cinderv3. To ensure interoperability, identifiers should be a valid uuid. warnings.warn(('Invalid uuid: %s. To ensure interoperability, '
2026-04-23 01:22:49.067 8 INFO cinder.api.openstack.wsgi [None req-76ba2861-d278-4435-9225-e6906720d5c7 70e28b001cb34274b9bad564a359dd83 0440fbaaf9564c3696c44742af64f80c - - default default] POST http://cinder-api.openstack.svc.cluster.local:8776/v3/0440fbaaf9564c3696c44742af64f80c/volumes
2026-04-23 01:22:49.069 8 INFO cinder.api.v3.volumes [None req-76ba2861-d278-4435-9225-e6906720d5c7 70e28b001cb34274b9bad564a359dd83 0440fbaaf9564c3696c44742af64f80c - - default default] Create volume of 1 GB
2026-04-23 01:22:49.075 8 INFO cinder.volume.api [None req-76ba2861-d278-4435-9225-e6906720d5c7 70e28b001cb34274b9bad564a359dd83 0440fbaaf9564c3696c44742af64f80c - - default default] Availability Zones retrieved successfully.
2026-04-23 01:22:49.204 8 INFO cinder.volume.api [None req-76ba2861-d278-4435-9225-e6906720d5c7 70e28b001cb34274b9bad564a359dd83 0440fbaaf9564c3696c44742af64f80c - - default default] Create volume request issued successfully.
2026-04-23 01:22:49.205 8 INFO cinder.api.openstack.wsgi [None req-76ba2861-d278-4435-9225-e6906720d5c7 70e28b001cb34274b9bad564a359dd83 0440fbaaf9564c3696c44742af64f80c - - default default] http://cinder-api.openstack.svc.cluster.local:8776/v3/0440fbaaf9564c3696c44742af64f80c/volumes returned with HTTP 202 [pid: 8|app: 0|req: 356/709] 10.0.0.128 () {34 vars in 723 bytes} [Thu Apr 23 01:22:49 2026] POST /v3/0440fbaaf9564c3696c44742af64f80c/volumes => generated 876 bytes in 146 msecs (HTTP/1.1 202) 7 headers in 291 bytes (1 switches on core 0) /var/lib/openstack/lib/python3.10/site-packages/pycadf/identifier.py:71: UserWarning: Invalid uuid: cinderv3. To ensure interoperability, identifiers should be a valid uuid. warnings.warn(('Invalid uuid: %s. To ensure interoperability, '
2026-04-23 01:22:49.227 7 INFO cinder.api.openstack.wsgi [None req-3509b4c8-6da7-4c71-b293-ae6dcd1e4205 70e28b001cb34274b9bad564a359dd83 0440fbaaf9564c3696c44742af64f80c - - default default] GET http://cinder-api.openstack.svc.cluster.local:8776/v3/0440fbaaf9564c3696c44742af64f80c/volumes/3c267507-e230-4698-9cc5-c7e56a342e9f /var/lib/openstack/lib/python3.10/site-packages/oslo_context/context.py:100: DeprecationWarning: Policy enforcement is depending on the value of is_admin. This key is deprecated. Please update your policy file to use the standard policy values. warnings.warn('Policy enforcement is depending on the value of '
2026-04-23 01:22:49.243 7 INFO cinder.volume.api [None req-3509b4c8-6da7-4c71-b293-ae6dcd1e4205 70e28b001cb34274b9bad564a359dd83 0440fbaaf9564c3696c44742af64f80c - - default default] Volume info retrieved successfully.
