2026-04-23 01:28:21.224 8 INFO placement.requestlog [req-22aaf7c2-7bdf-4eae-a578-f989b78bab8e req-e6d903b1-07aa-4f92-b1f4-c2f8ea2ba3fb 6f746d3eafaf430eaadeb996ee855132 434c52c271df47cf938a34dbc3ad05a3 - - 1aaf39911e524cf8a4d86f572088f256 1aaf39911e524cf8a4d86f572088f256] 199.204.45.155 "GET /resource_providers?in_tree=e6e88018-1a14-45fb-b00e-ccdfaf38a8a8" status: 200 len: 797 microversion: 1.14 [pid: 8|app: 0|req: 297/594] 199.204.45.155 () {34 vars in 892 bytes} [Thu Apr 23 01:28:21 2026] GET /resource_providers?in_tree=e6e88018-1a14-45fb-b00e-ccdfaf38a8a8 => generated 797 bytes in 19 msecs (HTTP/1.1 200) 6 headers in 225 bytes (1 switches on core 0)
2026-04-23 01:28:21.251 7 INFO placement.requestlog [req-22aaf7c2-7bdf-4eae-a578-f989b78bab8e req-80285045-7b13-402b-b6e9-7e2df6f101f6 6f746d3eafaf430eaadeb996ee855132 434c52c271df47cf938a34dbc3ad05a3 - - 1aaf39911e524cf8a4d86f572088f256 1aaf39911e524cf8a4d86f572088f256] 199.204.45.155 "GET /resource_providers/e6e88018-1a14-45fb-b00e-ccdfaf38a8a8/inventories" status: 200 len: 400 microversion: 1.0 [pid: 7|app: 0|req: 298/595] 199.204.45.155 () {32 vars in 857 bytes} [Thu Apr 23 01:28:21 2026] GET /resource_providers/e6e88018-1a14-45fb-b00e-ccdfaf38a8a8/inventories => generated 400 bytes in 16 msecs (HTTP/1.1 200) 6 headers in 224 bytes (1 switches on core 0)
2026-04-23 01:28:21.273 8 INFO placement.requestlog [req-22aaf7c2-7bdf-4eae-a578-f989b78bab8e req-740a9d68-0ba2-46f3-8eeb-a9d99673ead2 6f746d3eafaf430eaadeb996ee855132 434c52c271df47cf938a34dbc3ad05a3 - - 1aaf39911e524cf8a4d86f572088f256 1aaf39911e524cf8a4d86f572088f256] 199.204.45.155 "GET /resource_providers/e6e88018-1a14-45fb-b00e-ccdfaf38a8a8/aggregates" status: 200 len: 53 microversion: 1.19 [pid: 8|app: 0|req: 298/596] 199.204.45.155 () {34 vars in 899 bytes} [Thu Apr 23 01:28:21 2026] GET /resource_providers/e6e88018-1a14-45fb-b00e-ccdfaf38a8a8/aggregates => generated 53 bytes in 14 msecs (HTTP/1.1 200) 8 headers in 295 bytes (1 switches on core 0)
2026-04-23 01:28:21.305 7 INFO placement.requestlog [req-22aaf7c2-7bdf-4eae-a578-f989b78bab8e req-73fc3989-b8ed-43e9-b5fd-654f82026c08 6f746d3eafaf430eaadeb996ee855132 434c52c271df47cf938a34dbc3ad05a3 - - 1aaf39911e524cf8a4d86f572088f256 1aaf39911e524cf8a4d86f572088f256] 199.204.45.155 "GET /resource_providers/e6e88018-1a14-45fb-b00e-ccdfaf38a8a8/traits" status: 200 len: 1723 microversion: 1.6 [pid: 7|app: 0|req: 299/597] 199.204.45.155 () {34 vars in 890 bytes} [Thu Apr 23 01:28:21 2026] GET /resource_providers/e6e88018-1a14-45fb-b00e-ccdfaf38a8a8/traits => generated 1723 bytes in 19 msecs (HTTP/1.1 200) 6 headers in 225 bytes (1 switches on core 0)
2026-04-23 01:28:21.328 8 INFO placement.requestlog [req-22aaf7c2-7bdf-4eae-a578-f989b78bab8e req-41f0ab13-f482-4c1a-bda9-c201313c2e68 6f746d3eafaf430eaadeb996ee855132 434c52c271df47cf938a34dbc3ad05a3 - - 1aaf39911e524cf8a4d86f572088f256 1aaf39911e524cf8a4d86f572088f256] 199.204.45.155 "GET /resource_providers/e6e88018-1a14-45fb-b00e-ccdfaf38a8a8/allocations" status: 200 len: 54 microversion: 1.0 [pid: 8|app: 0|req: 299/598] 199.204.45.155 () {32 vars in 857 bytes} [Thu Apr 23 01:28:21 2026] GET /resource_providers/e6e88018-1a14-45fb-b00e-ccdfaf38a8a8/allocations => generated 54 bytes in 14 msecs (HTTP/1.1 200) 6 headers in 223 bytes (1 switches on core 0)
2026-04-23 01:28:27.835 8 INFO placement.requestlog [None req-b96ce459-38aa-4be3-90df-eaa0ebd54eee - - - - - -] 10.0.0.87 "GET /" status: 200 len: 136 microversion: 1.0
2026-04-23 01:28:27.835 7 INFO placement.requestlog [None req-272ca7e2-f203-49cf-8be1-a3fa927de7e8 - - - - - -] 10.0.0.87 "GET /" status: 200 len: 136 microversion: 1.0
2026-04-23 01:28:37.834 7 INFO placement.requestlog [None req-fe64d472-8ba0-489b-b91c-e28d3563810f - - - - - -] 10.0.0.87 "GET /" status: 200 len: 136 microversion: 1.0
2026-04-23 01:28:37.834 8 INFO placement.requestlog [None req-838f21ed-923c-4a03-854e-0a9758e02ab8 - - - - - -] 10.0.0.87 "GET /" status: 200 len: 136 microversion: 1.0
2026-04-23 01:28:47.833 7 INFO placement.requestlog [None req-0e790d4a-8e40-4fb5-809d-bc29972199b5 - - - - - -] 10.0.0.87 "GET /" status: 200 len: 136 microversion: 1.0
2026-04-23 01:28:47.834 8 INFO placement.requestlog [None req-7c238ae8-c07f-4b18-a6da-acad026d8919 - - - - - -] 10.0.0.87 "GET /" status: 200 len: 136 microversion: 1.0
2026-04-23 01:28:57.834 7 INFO placement.requestlog [None req-3cfbae58-6a45-4f07-97ee-cc740f7f271c - - - - - -] 10.0.0.87 "GET /" status: 200 len: 136 microversion: 1.0
2026-04-23 01:28:57.835 8 INFO placement.requestlog [None req-25cb886f-ffe9-43bf-ae6f-15e54d81251c - - - - - -] 10.0.0.87 "GET /" status: 200 len: 136 microversion: 1.0
2026-04-23 01:29:07.833 8 INFO placement.requestlog [None req-c830b48b-b50a-457d-a434-8129a1618253 - - - - - -] 10.0.0.87 "GET /" status: 200 len: 136 microversion: 1.0
2026-04-23 01:29:07.834 7 INFO placement.requestlog [None req-b92d118d-482f-4f93-9056-17836199a947 - - - - - -] 10.0.0.87 "GET /" status: 200 len: 136 microversion: 1.0
2026-04-23 01:29:17.834 8 INFO placement.requestlog [None req-5af05715-61e2-4fd3-875e-0814cea93284 - - - - - -] 10.0.0.87 "GET /" status: 200 len: 136 microversion: 1.0
2026-04-23 01:29:17.835 7 INFO placement.requestlog [None req-3e645a58-14b4-429f-b1f6-bac5a7fdb1b7 - - - - - -] 10.0.0.87 "GET /" status: 200 len: 136 microversion: 1.0
2026-04-23 01:29:22.240 7 INFO placement.requestlog [req-9539f333-47d5-4aea-8bda-e90664c687f1 req-c1f336f9-9738-40ee-9803-a51bbebdfae7 6f746d3eafaf430eaadeb996ee855132 434c52c271df47cf938a34dbc3ad05a3 - - 1aaf39911e524cf8a4d86f572088f256 1aaf39911e524cf8a4d86f572088f256] 199.204.45.155 "GET /resource_providers/e6e88018-1a14-45fb-b00e-ccdfaf38a8a8/allocations" status: 200 len: 54 microversion: 1.0 [pid: 7|app: 0|req: 306/611] 199.204.45.155 () {32 vars in 857 bytes} [Thu Apr 23 01:29:22 2026] GET /resource_providers/e6e88018-1a14-45fb-b00e-ccdfaf38a8a8/allocations => generated 54 bytes in 19 msecs (HTTP/1.1 200) 6 headers in 223 bytes (1 switches on core 0)
2026-04-23 01:29:22.271 8 INFO placement.requestlog [req-9539f333-47d5-4aea-8bda-e90664c687f1 req-c18ecc75-2b26-4e6e-84fb-aa0d575ea77b 6f746d3eafaf430eaadeb996ee855132 434c52c271df47cf938a34dbc3ad05a3 - - 1aaf39911e524cf8a4d86f572088f256 1aaf39911e524cf8a4d86f572088f256] 199.204.45.155 "GET /resource_providers/e6e88018-1a14-45fb-b00e-ccdfaf38a8a8/allocations" status: 200 len: 54 microversion: 1.0 [pid: 8|app: 0|req: 306/612] 199.204.45.155 () {32 vars in 857 bytes} [Thu Apr 23 01:29:22 2026] GET /resource_providers/e6e88018-1a14-45fb-b00e-ccdfaf38a8a8/allocations => generated 54 bytes in 20 msecs (HTTP/1.1 200) 6 headers in 223 bytes (1 switches on core 0)
2026-04-23 01:29:27.834 8 INFO placement.requestlog [None req-bc642ce8-25e1-4281-a3a0-36d43b0f20c3 - - - - - -] 10.0.0.87 "GET /" status: 200 len: 136 microversion: 1.0
2026-04-23 01:29:27.834 7 INFO placement.requestlog [None req-811b0da5-e3c5-4a2b-bd63-dea023610070 - - - - - -] 10.0.0.87 "GET /" status: 200 len: 136 microversion: 1.0
2026-04-23 01:29:34.302 7 INFO placement.requestlog [req-146fc091-7f10-4f54-910d-307312494012 req-98dc6ad7-0419-411d-a432-4c4fe4a894b8 6f746d3eafaf430eaadeb996ee855132 434c52c271df47cf938a34dbc3ad05a3 - - 1aaf39911e524cf8a4d86f572088f256 1aaf39911e524cf8a4d86f572088f256] 10.0.0.194 "GET /allocation_candidates?limit=1000&resources=DISK_GB%3A1%2CMEMORY_MB%3A512%2CVCPU%3A1&root_required=%21COMPUTE_STATUS_DISABLED" status: 200 len: 2188 microversion: 1.36 [pid: 7|app: 0|req: 308/615] 10.0.0.194 () {34 vars in 1012 bytes} [Thu Apr 23 01:29:34 2026] GET /allocation_candidates?limit=1000&resources=DISK_GB%3A1%2CMEMORY_MB%3A512%2CVCPU%3A1&root_required=%21COMPUTE_STATUS_DISABLED => generated 2188 bytes in 160 msecs (HTTP/1.1 200) 8 headers in 297 bytes (1 switches on core 0)
2026-04-23 01:29:34.342 8 INFO placement.requestlog [req-146fc091-7f10-4f54-910d-307312494012 req-e29754b1-45ab-4a05-804b-16d8354dc6e3 6f746d3eafaf430eaadeb996ee855132 434c52c271df47cf938a34dbc3ad05a3 - - 1aaf39911e524cf8a4d86f572088f256 1aaf39911e524cf8a4d86f572088f256] 10.0.0.194 "GET /allocations/3befbb7f-02fd-4782-9c46-811da6f46adc" status: 200 len: 19 microversion: 1.28 [pid: 8|app: 0|req: 308/616] 10.0.0.194 () {34 vars in 861 bytes} [Thu Apr 23 01:29:34 2026] GET /allocations/3befbb7f-02fd-4782-9c46-811da6f46adc => generated 19 bytes in 15 msecs (HTTP/1.1 200) 8 headers in 295 bytes (1 switches on core 0)
2026-04-23 01:29:34.411 7 INFO placement.requestlog [req-146fc091-7f10-4f54-910d-307312494012 req-eee60986-9338-42de-805e-7ec225f5fc69 6f746d3eafaf430eaadeb996ee855132 434c52c271df47cf938a34dbc3ad05a3 - - 1aaf39911e524cf8a4d86f572088f256 1aaf39911e524cf8a4d86f572088f256] 10.0.0.194 "PUT /allocations/3befbb7f-02fd-4782-9c46-811da6f46adc" status: 204 len: 0 microversion: 1.36 [pid: 7|app: 0|req: 309/617] 10.0.0.194 () {38 vars in 914 bytes} [Thu Apr 23 01:29:34 2026] PUT /allocations/3befbb7f-02fd-4782-9c46-811da6f46adc => generated 0 bytes in 61 msecs (HTTP/1.1 204) 5 headers in 199 bytes (1 switches on core 0)
2026-04-23 01:29:34.871 8 INFO placement.requestlog [req-146fc091-7f10-4f54-910d-307312494012 req-cd8a3575-bd55-433f-bdce-d59d07fc4455 6f746d3eafaf430eaadeb996ee855132 434c52c271df47cf938a34dbc3ad05a3 - - 1aaf39911e524cf8a4d86f572088f256 1aaf39911e524cf8a4d86f572088f256] 199.204.45.155 "GET /allocations/3befbb7f-02fd-4782-9c46-811da6f46adc" status: 200 len: 257 microversion: 1.28 [pid: 8|app: 0|req: 309/618] 199.204.45.155 () {34 vars in 863 bytes} [Thu Apr 23 01:29:34 2026] GET /allocations/3befbb7f-02fd-4782-9c46-811da6f46adc => generated 257 bytes in 13 msecs (HTTP/1.1 200) 8 headers in 296 bytes (1 switches on core 0)
2026-04-23 01:29:35.022 7 INFO placement.requestlog [req-146fc091-7f10-4f54-910d-307312494012 req-8ca09601-1b18-4a4d-9efe-558d99d87377 6f746d3eafaf430eaadeb996ee855132 434c52c271df47cf938a34dbc3ad05a3 - - 1aaf39911e524cf8a4d86f572088f256 1aaf39911e524cf8a4d86f572088f256] 199.204.45.155 "GET /resource_providers/e6e88018-1a14-45fb-b00e-ccdfaf38a8a8/allocations" status: 200 len: 152 microversion: 1.0 [pid: 7|app: 0|req: 310/619] 199.204.45.155 () {32 vars in 857 bytes} [Thu Apr 23 01:29:35 2026] GET /resource_providers/e6e88018-1a14-45fb-b00e-ccdfaf38a8a8/allocations => generated 152 bytes in 17 msecs (HTTP/1.1 200) 6 headers in 224 bytes (1 switches on core 0)
2026-04-23 01:29:35.047 8 INFO placement.requestlog [req-146fc091-7f10-4f54-910d-307312494012 req-b6ceb83b-f21b-4511-a71e-85d9df61cd38 6f746d3eafaf430eaadeb996ee855132 434c52c271df47cf938a34dbc3ad05a3 - - 1aaf39911e524cf8a4d86f572088f256 1aaf39911e524cf8a4d86f572088f256] 199.204.45.155 "GET /allocations/3befbb7f-02fd-4782-9c46-811da6f46adc" status: 200 len: 257 microversion: 1.28 [pid: 8|app: 0|req: 310/620] 199.204.45.155 () {34 vars in 863 bytes} [Thu Apr 23 01:29:35 2026] GET /allocations/3befbb7f-02fd-4782-9c46-811da6f46adc => generated 257 bytes in 17 msecs (HTTP/1.1 200) 8 headers in 296 bytes (1 switches on core 0)
2026-04-23 01:29:36.968 7 INFO placement.requestlog [None req-6a0b3450-8486-4c1f-89a7-45e2b70dcead 670f2b3f99184349923129a61236afa2 434c52c271df47cf938a34dbc3ad05a3 - - 1aaf39911e524cf8a4d86f572088f256 1aaf39911e524cf8a4d86f572088f256] 10.0.0.225 "GET /resource_providers/f0345874-13e4-4c3f-85f3-45a4c2eb26c8/aggregates" status: 404 len: 235 microversion: 1.1 [pid: 7|app: 0|req: 311/621] 10.0.0.225 () {32 vars in 825 bytes} [Thu Apr 23 01:29:36 2026] GET /resource_providers/f0345874-13e4-4c3f-85f3-45a4c2eb26c8/aggregates => generated 235 bytes in 164 msecs (HTTP/1.1 404) 5 headers in 202 bytes (1 switches on core 0)
2026-04-23 01:29:36.995 7 INFO placement.requestlog [None req-2ef205c7-d5bf-4df3-b262-b4fe8c8101a1 670f2b3f99184349923129a61236afa2 434c52c271df47cf938a34dbc3ad05a3 - - 1aaf39911e524cf8a4d86f572088f256 1aaf39911e524cf8a4d86f572088f256] 10.0.0.225 "DELETE /resource_providers/f0345874-13e4-4c3f-85f3-45a4c2eb26c8" status: 404 len: 246 microversion: 1.1
2026-04-23 01:29:36.995 8 INFO placement.requestlog [None req-d9e089a6-502c-4694-80c1-538dc93d0d59 670f2b3f99184349923129a61236afa2 434c52c271df47cf938a34dbc3ad05a3 - - 1aaf39911e524cf8a4d86f572088f256 1aaf39911e524cf8a4d86f572088f256] 10.0.0.225 "GET /resource_providers/f0345874-13e4-4c3f-85f3-45a4c2eb26c8/aggregates" status: 404 len: 235 microversion: 1.1 [pid: 7|app: 0|req: 312/622] 10.0.0.225 () {34 vars in 825 bytes} [Thu Apr 23 01:29:36 2026] DELETE /resource_providers/f0345874-13e4-4c3f-85f3-45a4c2eb26c8 => generated 246 bytes in 13 msecs (HTTP/1.1 404) 6 headers in 231 bytes (1 switches on core 0) [pid: 8|app: 0|req: 311/623] 10.0.0.225 () {32 vars in 825 bytes} [Thu Apr 23 01:29:36 2026] GET /resource_providers/f0345874-13e4-4c3f-85f3-45a4c2eb26c8/aggregates => generated 235 bytes in 187 msecs (HTTP/1.1 404) 5 headers in 202 bytes (1 switches on core 0)
2026-04-23 01:29:37.019 7 INFO placement.requestlog [None req-96d15f58-5a12-4251-afd7-05f2fbdd605c 670f2b3f99184349923129a61236afa2 434c52c271df47cf938a34dbc3ad05a3 - - 1aaf39911e524cf8a4d86f572088f256 1aaf39911e524cf8a4d86f572088f256] 10.0.0.225 "DELETE /resource_providers/f0345874-13e4-4c3f-85f3-45a4c2eb26c8" status: 404 len: 246 microversion: 1.1 [pid: 7|app: 0|req: 313/624] 10.0.0.225 () {34 vars in 825 bytes} [Thu Apr 23 01:29:37 2026] DELETE /resource_providers/f0345874-13e4-4c3f-85f3-45a4c2eb26c8 => generated 246 bytes in 9 msecs (HTTP/1.1 404) 6 headers in 231 bytes (1 switches on core 0)
2026-04-23 01:29:37.571 8 INFO placement.requestlog [req-b459da46-8440-431a-bedf-6749f8a23254 req-8fdfc605-7db2-4fd7-b5b7-7ff5a166eb78 6f746d3eafaf430eaadeb996ee855132 434c52c271df47cf938a34dbc3ad05a3 - - 1aaf39911e524cf8a4d86f572088f256 1aaf39911e524cf8a4d86f572088f256] 10.0.0.194 "GET /allocation_candidates?limit=1000&resources=DISK_GB%3A1%2CMEMORY_MB%3A512%2CVCPU%3A1&root_required=%21COMPUTE_STATUS_DISABLED" status: 200 len: 2190 microversion: 1.36 [pid: 8|app: 0|req: 312/625] 10.0.0.194 () {34 vars in 1012 bytes} [Thu Apr 23 01:29:37 2026] GET /allocation_candidates?limit=1000&resources=DISK_GB%3A1%2CMEMORY_MB%3A512%2CVCPU%3A1&root_required=%21COMPUTE_STATUS_DISABLED => generated 2190 bytes in 67 msecs (HTTP/1.1 200) 8 headers in 297 bytes (1 switches on core 0)
2026-04-23 01:29:37.605 7 INFO placement.requestlog [req-b459da46-8440-431a-bedf-6749f8a23254 req-06feffce-2986-4bf5-a10b-a77e1c10d202 6f746d3eafaf430eaadeb996ee855132 434c52c271df47cf938a34dbc3ad05a3 - - 1aaf39911e524cf8a4d86f572088f256 1aaf39911e524cf8a4d86f572088f256] 10.0.0.194 "GET /allocations/415df558-84c2-4a03-af73-3c3555113230" status: 200 len: 19 microversion: 1.28 [pid: 7|app: 0|req: 314/626] 10.0.0.194 () {34 vars in 861 bytes} [Thu Apr 23 01:29:37 2026] GET /allocations/415df558-84c2-4a03-af73-3c3555113230 => generated 19 bytes in 9 msecs (HTTP/1.1 200) 8 headers in 295 bytes (1 switches on core 0)
2026-04-23 01:29:37.773 8 INFO placement.requestlog [req-b459da46-8440-431a-bedf-6749f8a23254 req-1bf52400-7d4a-4bd9-9fb4-2acda288e614 6f746d3eafaf430eaadeb996ee855132 434c52c271df47cf938a34dbc3ad05a3 - - 1aaf39911e524cf8a4d86f572088f256 1aaf39911e524cf8a4d86f572088f256] 10.0.0.194 "PUT /allocations/415df558-84c2-4a03-af73-3c3555113230" status: 204 len: 0 microversion: 1.36 [pid: 8|app: 0|req: 313/627] 10.0.0.194 () {38 vars in 914 bytes} [Thu Apr 23 01:29:37 2026] PUT /allocations/415df558-84c2-4a03-af73-3c3555113230 => generated 0 bytes in 159 msecs (HTTP/1.1 204) 5 headers in 199 bytes (1 switches on core 0)
2026-04-23 01:29:37.834 7 INFO placement.requestlog [None req-9e6a3c12-406a-41c6-8176-1148464cee19 - - - - - -] 10.0.0.87 "GET /" status: 200 len: 136 microversion: 1.0
2026-04-23 01:29:37.834 8 INFO placement.requestlog [None req-bb62eda7-2bfa-4792-9ac7-367733a83bcc - - - - - -] 10.0.0.87 "GET /" status: 200 len: 136 microversion: 1.0
2026-04-23 01:29:38.332 7 INFO placement.requestlog [req-b459da46-8440-431a-bedf-6749f8a23254 req-202bc4f6-46aa-4184-b709-47f736a8b518 6f746d3eafaf430eaadeb996ee855132 434c52c271df47cf938a34dbc3ad05a3 - - 1aaf39911e524cf8a4d86f572088f256 1aaf39911e524cf8a4d86f572088f256] 199.204.45.155 "GET /allocations/415df558-84c2-4a03-af73-3c3555113230" status: 200 len: 257 microversion: 1.28 [pid: 7|app: 0|req: 316/630] 199.204.45.155 () {34 vars in 863 bytes} [Thu Apr 23 01:29:38 2026] GET /allocations/415df558-84c2-4a03-af73-3c3555113230 => generated 257 bytes in 14 msecs (HTTP/1.1 200) 8 headers in 296 bytes (1 switches on core 0)
2026-04-23 01:29:38.442 8 INFO placement.requestlog [req-b459da46-8440-431a-bedf-6749f8a23254 req-33d93012-141e-4da8-af8c-4b7ba21dcf13 6f746d3eafaf430eaadeb996ee855132 434c52c271df47cf938a34dbc3ad05a3 - - 1aaf39911e524cf8a4d86f572088f256 1aaf39911e524cf8a4d86f572088f256] 199.204.45.155 "GET /resource_providers/e6e88018-1a14-45fb-b00e-ccdfaf38a8a8/allocations" status: 200 len: 252 microversion: 1.0 [pid: 8|app: 0|req: 315/631] 199.204.45.155 () {32 vars in 857 bytes} [Thu Apr 23 01:29:38 2026] GET /resource_providers/e6e88018-1a14-45fb-b00e-ccdfaf38a8a8/allocations => generated 252 bytes in 22 msecs (HTTP/1.1 200) 6 headers in 224 bytes (1 switches on core 0)
2026-04-23 01:29:38.463 7 INFO placement.requestlog [req-b459da46-8440-431a-bedf-6749f8a23254 req-a16b048f-e077-4c2a-a968-b97fbdea0ec7 6f746d3eafaf430eaadeb996ee855132 434c52c271df47cf938a34dbc3ad05a3 - - 1aaf39911e524cf8a4d86f572088f256 1aaf39911e524cf8a4d86f572088f256] 199.204.45.155 "GET /allocations/3befbb7f-02fd-4782-9c46-811da6f46adc" status: 200 len: 257 microversion: 1.28 [pid: 7|app: 0|req: 317/632] 199.204.45.155 () {34 vars in 863 bytes} [Thu Apr 23 01:29:38 2026] GET /allocations/3befbb7f-02fd-4782-9c46-811da6f46adc => generated 257 bytes in 14 msecs (HTTP/1.1 200) 8 headers in 296 bytes (1 switches on core 0)
2026-04-23 01:29:38.482 8 INFO placement.requestlog [req-b459da46-8440-431a-bedf-6749f8a23254 req-6b381a40-7cdd-466d-9db2-330e38fb0d48 6f746d3eafaf430eaadeb996ee855132 434c52c271df47cf938a34dbc3ad05a3 - - 1aaf39911e524cf8a4d86f572088f256 1aaf39911e524cf8a4d86f572088f256] 199.204.45.155 "GET /allocations/415df558-84c2-4a03-af73-3c3555113230" status: 200 len: 257 microversion: 1.28 [pid: 8|app: 0|req: 316/633] 199.204.45.155 () {34 vars in 863 bytes} [Thu Apr 23 01:29:38 2026] GET /allocations/415df558-84c2-4a03-af73-3c3555113230 => generated 257 bytes in 12 msecs (HTTP/1.1 200) 8 headers in 296 bytes (1 switches on core 0)
2026-04-23 01:29:39.051 8 INFO placement.requestlog [None req-7c26696e-6eb3-4561-a7f3-b2a555be6fc5 670f2b3f99184349923129a61236afa2 434c52c271df47cf938a34dbc3ad05a3 - - 1aaf39911e524cf8a4d86f572088f256 1aaf39911e524cf8a4d86f572088f256] 10.0.0.225 "GET /resource_providers/9dc9de6d-eb65-49ab-b64c-9d7c9b05e6f6/aggregates" status: 404 len: 235 microversion: 1.1 [pid: 8|app: 0|req: 317/634] 10.0.0.225 () {32 vars in 825 bytes} [Thu Apr 23 01:29:39 2026] GET /resource_providers/9dc9de6d-eb65-49ab-b64c-9d7c9b05e6f6/aggregates => generated 235 bytes in 20 msecs (HTTP/1.1 404) 5 headers in 202 bytes (1 switches on core 0)
2026-04-23 01:29:39.054 7 INFO placement.requestlog [None req-1da184ed-88ea-4104-85e9-175656106117 670f2b3f99184349923129a61236afa2 434c52c271df47cf938a34dbc3ad05a3 - - 1aaf39911e524cf8a4d86f572088f256 1aaf39911e524cf8a4d86f572088f256] 10.0.0.225 "GET /resource_providers/9dc9de6d-eb65-49ab-b64c-9d7c9b05e6f6/aggregates" status: 404 len: 235 microversion: 1.1 [pid: 7|app: 0|req: 318/635] 10.0.0.225 () {32 vars in 825 bytes} [Thu Apr 23 01:29:39 2026] GET /resource_providers/9dc9de6d-eb65-49ab-b64c-9d7c9b05e6f6/aggregates => generated 235 bytes in 38 msecs (HTTP/1.1 404) 5 headers in 202 bytes (1 switches on core 0)
2026-04-23 01:29:39.083 8 INFO placement.requestlog [None req-320a53e9-5ab0-49bc-a586-22c098b8bdc2 670f2b3f99184349923129a61236afa2 434c52c271df47cf938a34dbc3ad05a3 - - 1aaf39911e524cf8a4d86f572088f256 1aaf39911e524cf8a4d86f572088f256] 10.0.0.225 "DELETE /resource_providers/9dc9de6d-eb65-49ab-b64c-9d7c9b05e6f6" status: 404 len: 246 microversion: 1.1 [pid: 8|app: 0|req: 318/636] 10.0.0.225 () {34 vars in 825 bytes} [Thu Apr 23 01:29:39 2026] DELETE /resource_providers/9dc9de6d-eb65-49ab-b64c-9d7c9b05e6f6 => generated 246 bytes in 14 msecs (HTTP/1.1 404) 6 headers in 231 bytes (1 switches on core 0)
2026-04-23 01:29:39.085 7 INFO placement.requestlog [None req-fcd5e8a5-fe7f-4daa-b4e9-cab3212b371c 670f2b3f99184349923129a61236afa2 434c52c271df47cf938a34dbc3ad05a3 - - 1aaf39911e524cf8a4d86f572088f256 1aaf39911e524cf8a4d86f572088f256] 10.0.0.225 "DELETE /resource_providers/9dc9de6d-eb65-49ab-b64c-9d7c9b05e6f6" status: 404 len: 246 microversion: 1.1 [pid: 7|app: 0|req: 319/637] 10.0.0.225 () {34 vars in 825 bytes} [Thu Apr 23 01:29:39 2026] DELETE /resource_providers/9dc9de6d-eb65-49ab-b64c-9d7c9b05e6f6 => generated 246 bytes in 14 msecs (HTTP/1.1 404) 6 headers in 231 bytes (1 switches on core 0)
2026-04-23 01:29:47.834 7 INFO placement.requestlog [None req-d598f03e-5c03-4bb2-a217-6733cbedb07f - - - - - -] 10.0.0.87 "GET /" status: 200 len: 136 microversion: 1.0
2026-04-23 01:29:47.835 8 INFO placement.requestlog [None req-dba4bfde-f052-4d00-bfff-486eb512b189 - - - - - -] 10.0.0.87 "GET /" status: 200 len: 136 microversion: 1.0
2026-04-23 01:29:50.115 7 INFO placement.requestlog [req-33623462-b8d9-4b2f-8611-80a1a2175faf req-c99d7f8c-cbe5-491a-9084-cb3f18e198af 6f746d3eafaf430eaadeb996ee855132 434c52c271df47cf938a34dbc3ad05a3 - - 1aaf39911e524cf8a4d86f572088f256 1aaf39911e524cf8a4d86f572088f256] 199.204.45.155 "GET /resource_providers/e6e88018-1a14-45fb-b00e-ccdfaf38a8a8/allocations" status: 200 len: 252 microversion: 1.0 [pid: 7|app: 0|req: 321/640] 199.204.45.155 () {32 vars in 857 bytes} [Thu Apr 23 01:29:50 2026] GET /resource_providers/e6e88018-1a14-45fb-b00e-ccdfaf38a8a8/allocations => generated 252 bytes in 15 msecs (HTTP/1.1 200) 6 headers in 224 bytes (1 switches on core 0)
2026-04-23 01:29:50.141 8 INFO placement.requestlog [req-33623462-b8d9-4b2f-8611-80a1a2175faf req-db51eb37-fbdc-4905-bd26-2b2bb494edea 6f746d3eafaf430eaadeb996ee855132 434c52c271df47cf938a34dbc3ad05a3 - - 1aaf39911e524cf8a4d86f572088f256 1aaf39911e524cf8a4d86f572088f256] 199.204.45.155 "GET /allocations/3befbb7f-02fd-4782-9c46-811da6f46adc" status: 200 len: 257 microversion: 1.28 [pid: 8|app: 0|req: 320/641] 199.204.45.155 () {34 vars in 863 bytes} [Thu Apr 23 01:29:50 2026] GET /allocations/3befbb7f-02fd-4782-9c46-811da6f46adc => generated 257 bytes in 18 msecs (HTTP/1.1 200) 8 headers in 296 bytes (1 switches on core 0)
2026-04-23 01:29:50.168 7 INFO placement.requestlog [req-33623462-b8d9-4b2f-8611-80a1a2175faf req-952fa8a9-2dcb-466e-a7fb-31d0d98da919 6f746d3eafaf430eaadeb996ee855132 434c52c271df47cf938a34dbc3ad05a3 - - 1aaf39911e524cf8a4d86f572088f256 1aaf39911e524cf8a4d86f572088f256] 199.204.45.155 "GET /allocations/415df558-84c2-4a03-af73-3c3555113230" status: 200 len: 257 microversion: 1.28 [pid: 7|app: 0|req: 322/642] 199.204.45.155 () {34 vars in 863 bytes} [Thu Apr 23 01:29:50 2026] GET /allocations/415df558-84c2-4a03-af73-3c3555113230 => generated 257 bytes in 19 msecs (HTTP/1.1 200) 8 headers in 296 bytes (1 switches on core 0)
2026-04-23 01:29:50.309 8 INFO placement.requestlog [req-33623462-b8d9-4b2f-8611-80a1a2175faf req-7c9f3e57-f601-4047-8473-673b1930627a 6f746d3eafaf430eaadeb996ee855132 434c52c271df47cf938a34dbc3ad05a3 - - 1aaf39911e524cf8a4d86f572088f256 1aaf39911e524cf8a4d86f572088f256] 199.204.45.155 "DELETE /allocations/415df558-84c2-4a03-af73-3c3555113230" status: 204 len: 0 microversion: 1.0 [pid: 8|app: 0|req: 321/643] 199.204.45.155 () {34 vars in 841 bytes} [Thu Apr 23 01:29:50 2026] DELETE /allocations/415df558-84c2-4a03-af73-3c3555113230 => generated 0 bytes in 32 msecs (HTTP/1.1 204) 5 headers in 198 bytes (1 switches on core 0)
2026-04-23 01:29:54.375 7 INFO placement.requestlog [None req-283afa9c-d689-4553-8ad4-1a86710f6b72 670f2b3f99184349923129a61236afa2 434c52c271df47cf938a34dbc3ad05a3 - - 1aaf39911e524cf8a4d86f572088f256 1aaf39911e524cf8a4d86f572088f256] 10.0.0.225 "GET /resource_providers/6220ca18-7dc4-4e91-90a6-38192e189c7f/aggregates" status: 404 len: 235 microversion: 1.1 [pid: 7|app: 0|req: 323/644] 10.0.0.225 () {32 vars in 825 bytes} [Thu Apr 23 01:29:54 2026] GET /resource_providers/6220ca18-7dc4-4e91-90a6-38192e189c7f/aggregates => generated 235 bytes in 11 msecs (HTTP/1.1 404) 5 headers in 202 bytes (1 switches on core 0)
2026-04-23 01:29:54.377 8 INFO placement.requestlog [None req-77e5f10c-f99f-40b6-96c7-5c41116df6cf 670f2b3f99184349923129a61236afa2 434c52c271df47cf938a34dbc3ad05a3 - - 1aaf39911e524cf8a4d86f572088f256 1aaf39911e524cf8a4d86f572088f256] 10.0.0.225 "GET /resource_providers/6220ca18-7dc4-4e91-90a6-38192e189c7f/aggregates" status: 404 len: 235 microversion: 1.1 [pid: 8|app: 0|req: 322/645] 10.0.0.225 () {32 vars in 825 bytes} [Thu Apr 23 01:29:54 2026] GET /resource_providers/6220ca18-7dc4-4e91-90a6-38192e189c7f/aggregates => generated 235 bytes in 14 msecs (HTTP/1.1 404) 5 headers in 202 bytes (1 switches on core 0)
2026-04-23 01:29:54.388 7 INFO placement.requestlog [None req-639b5a52-7cde-49c6-aeea-e459816e31b4 670f2b3f99184349923129a61236afa2 434c52c271df47cf938a34dbc3ad05a3 - - 1aaf39911e524cf8a4d86f572088f256 1aaf39911e524cf8a4d86f572088f256] 10.0.0.225 "DELETE /resource_providers/6220ca18-7dc4-4e91-90a6-38192e189c7f" status: 404 len: 246 microversion: 1.1 [pid: 7|app: 0|req: 324/646] 10.0.0.225 () {34 vars in 825 bytes} [Thu Apr 23 01:29:54 2026] DELETE /resource_providers/6220ca18-7dc4-4e91-90a6-38192e189c7f => generated 246 bytes in 8 msecs (HTTP/1.1 404) 6 headers in 231 bytes (1 switches on core 0)
2026-04-23 01:29:54.397 8 INFO placement.requestlog [None req-f9513089-afd8-48be-9544-7ee2cb25aeab 670f2b3f99184349923129a61236afa2 434c52c271df47cf938a34dbc3ad05a3 - - 1aaf39911e524cf8a4d86f572088f256 1aaf39911e524cf8a4d86f572088f256] 10.0.0.225 "DELETE /resource_providers/6220ca18-7dc4-4e91-90a6-38192e189c7f" status: 404 len: 246 microversion: 1.1 [pid: 8|app: 0|req: 323/647] 10.0.0.225 () {34 vars in 825 bytes} [Thu Apr 23 01:29:54 2026] DELETE /resource_providers/6220ca18-7dc4-4e91-90a6-38192e189c7f => generated 246 bytes in 8 msecs (HTTP/1.1 404) 6 headers in 231 bytes (1 switches on core 0)
2026-04-23 01:29:57.789 7 INFO placement.requestlog [req-bf0d4ce8-fcd1-4bd6-9eef-76b7cc1dbe9c req-ee555ed8-67d2-4e47-b687-26d1692ae77a 6f746d3eafaf430eaadeb996ee855132 434c52c271df47cf938a34dbc3ad05a3 - - 1aaf39911e524cf8a4d86f572088f256 1aaf39911e524cf8a4d86f572088f256] 10.0.0.194 "GET /allocation_candidates?limit=1000&resources=MEMORY_MB%3A512%2CVCPU%3A1&root_required=%21COMPUTE_STATUS_DISABLED" status: 200 len: 2176 microversion: 1.36 [pid: 7|app: 0|req: 325/648] 10.0.0.194 () {34 vars in 984 bytes} [Thu Apr 23 01:29:57 2026] GET /allocation_candidates?limit=1000&resources=MEMORY_MB%3A512%2CVCPU%3A1&root_required=%21COMPUTE_STATUS_DISABLED => generated 2176 bytes in 45 msecs (HTTP/1.1 200) 8 headers in 297 bytes (1 switches on core 0)
2026-04-23 01:29:57.833 8 INFO placement.requestlog [None req-38753026-a55a-48fd-90b5-82db136f91ab - - - - - -] 10.0.0.87 "GET /" status: 200 len: 136 microversion: 1.0
2026-04-23 01:29:57.834 7 INFO placement.requestlog [None req-2fa5436f-6ac4-4eba-b9fb-dc3ee4f24986 - - - - - -] 10.0.0.87 "GET /" status: 200 len: 136 microversion: 1.0
2026-04-23 01:29:57.844 8 INFO placement.requestlog [req-bf0d4ce8-fcd1-4bd6-9eef-76b7cc1dbe9c req-d55f24f1-b484-4bf6-a0df-441c88858d28 6f746d3eafaf430eaadeb996ee855132 434c52c271df47cf938a34dbc3ad05a3 - - 1aaf39911e524cf8a4d86f572088f256 1aaf39911e524cf8a4d86f572088f256] 10.0.0.194 "GET /allocations/5c2fd98b-3839-4c3c-8917-8664d7286a52" status: 200 len: 19 microversion: 1.28 [pid: 8|app: 0|req: 325/651] 10.0.0.194 () {34 vars in 861 bytes} [Thu Apr 23 01:29:57 2026] GET /allocations/5c2fd98b-3839-4c3c-8917-8664d7286a52 => generated 19 bytes in 9 msecs (HTTP/1.1 200) 8 headers in 295 bytes (1 switches on core 0)
2026-04-23 01:29:57.991 7 INFO placement.requestlog [req-bf0d4ce8-fcd1-4bd6-9eef-76b7cc1dbe9c req-4575d072-e7a4-4949-b9b3-fdf8e0bce172 6f746d3eafaf430eaadeb996ee855132 434c52c271df47cf938a34dbc3ad05a3 - - 1aaf39911e524cf8a4d86f572088f256 1aaf39911e524cf8a4d86f572088f256] 10.0.0.194 "PUT /allocations/5c2fd98b-3839-4c3c-8917-8664d7286a52" status: 204 len: 0 microversion: 1.36 [pid: 7|app: 0|req: 327/652] 10.0.0.194 () {38 vars in 914 bytes} [Thu Apr 23 01:29:57 2026] PUT /allocations/5c2fd98b-3839-4c3c-8917-8664d7286a52 => generated 0 bytes in 138 msecs (HTTP/1.1 204) 5 headers in 199 bytes (1 switches on core 0)
2026-04-23 01:29:58.257 8 INFO placement.requestlog [req-bf0d4ce8-fcd1-4bd6-9eef-76b7cc1dbe9c req-79083956-138f-45e9-ad6a-b331efa49ba0 6f746d3eafaf430eaadeb996ee855132 434c52c271df47cf938a34dbc3ad05a3 - - 1aaf39911e524cf8a4d86f572088f256 1aaf39911e524cf8a4d86f572088f256] 199.204.45.155 "GET /allocations/5c2fd98b-3839-4c3c-8917-8664d7286a52" status: 200 len: 243 microversion: 1.28 [pid: 8|app: 0|req: 326/653] 199.204.45.155 () {34 vars in 863 bytes} [Thu Apr 23 01:29:58 2026] GET /allocations/5c2fd98b-3839-4c3c-8917-8664d7286a52 => generated 243 bytes in 16 msecs (HTTP/1.1 200) 8 headers in 296 bytes (1 switches on core 0)
2026-04-23 01:29:58.367 7 INFO placement.requestlog [req-bf0d4ce8-fcd1-4bd6-9eef-76b7cc1dbe9c req-f18ca622-836c-450e-889a-d6993305455f 6f746d3eafaf430eaadeb996ee855132 434c52c271df47cf938a34dbc3ad05a3 - - 1aaf39911e524cf8a4d86f572088f256 1aaf39911e524cf8a4d86f572088f256] 199.204.45.155 "GET /resource_providers/e6e88018-1a14-45fb-b00e-ccdfaf38a8a8/allocations" status: 200 len: 238 microversion: 1.0 [pid: 7|app: 0|req: 328/654] 199.204.45.155 () {32 vars in 857 bytes} [Thu Apr 23 01:29:58 2026] GET /resource_providers/e6e88018-1a14-45fb-b00e-ccdfaf38a8a8/allocations => generated 238 bytes in 21 msecs (HTTP/1.1 200) 6 headers in 224 bytes (1 switches on core 0)
2026-04-23 01:29:58.393 8 INFO placement.requestlog [req-bf0d4ce8-fcd1-4bd6-9eef-76b7cc1dbe9c req-9707ae85-7493-4fd6-90f9-c4ef9439a676 6f746d3eafaf430eaadeb996ee855132 434c52c271df47cf938a34dbc3ad05a3 - - 1aaf39911e524cf8a4d86f572088f256 1aaf39911e524cf8a4d86f572088f256] 199.204.45.155 "GET /allocations/3befbb7f-02fd-4782-9c46-811da6f46adc" status: 200 len: 257 microversion: 1.28 [pid: 8|app: 0|req: 327/655] 199.204.45.155 () {34 vars in 863 bytes} [Thu Apr 23 01:29:58 2026] GET /allocations/3befbb7f-02fd-4782-9c46-811da6f46adc => generated 257 bytes in 18 msecs (HTTP/1.1 200) 8 headers in 296 bytes (1 switches on core 0)
2026-04-23 01:29:58.413 7 INFO placement.requestlog [req-bf0d4ce8-fcd1-4bd6-9eef-76b7cc1dbe9c req-3c683242-b037-49dc-aecb-5b528dcffe87 6f746d3eafaf430eaadeb996ee855132 434c52c271df47cf938a34dbc3ad05a3 - - 1aaf39911e524cf8a4d86f572088f256 1aaf39911e524cf8a4d86f572088f256] 199.204.45.155 "GET /allocations/5c2fd98b-3839-4c3c-8917-8664d7286a52" status: 200 len: 243 microversion: 1.28 [pid: 7|app: 0|req: 329/656] 199.204.45.155 () {34 vars in 863 bytes} [Thu Apr 23 01:29:58 2026] GET /allocations/5c2fd98b-3839-4c3c-8917-8664d7286a52 => generated 243 bytes in 9 msecs (HTTP/1.1 200) 8 headers in 296 bytes (1 switches on core 0)
2026-04-23 01:30:06.619 8 INFO placement.requestlog [req-9f5dcb45-5cfb-46cc-8253-a29acb4a6e93 req-cdba146c-8902-4160-851c-5692bb5a8741 6f746d3eafaf430eaadeb996ee855132 434c52c271df47cf938a34dbc3ad05a3 - - 1aaf39911e524cf8a4d86f572088f256 1aaf39911e524cf8a4d86f572088f256] 10.0.0.194 "GET /allocation_candidates?limit=1000&resources=DISK_GB%3A1%2CMEMORY_MB%3A512%2CVCPU%3A1&root_required=%21COMPUTE_STATUS_DISABLED" status: 200 len: 2191 microversion: 1.36 [pid: 8|app: 0|req: 328/657] 10.0.0.194 () {34 vars in 1012 bytes} [Thu Apr 23 01:30:06 2026] GET /allocation_candidates?limit=1000&resources=DISK_GB%3A1%2CMEMORY_MB%3A512%2CVCPU%3A1&root_required=%21COMPUTE_STATUS_DISABLED => generated 2191 bytes in 49 msecs (HTTP/1.1 200) 8 headers in 297 bytes (1 switches on core 0)
2026-04-23 01:30:06.655 7 INFO placement.requestlog [req-9f5dcb45-5cfb-46cc-8253-a29acb4a6e93 req-864b75b6-c5cc-4ecc-bc08-d1f1ece0db17 6f746d3eafaf430eaadeb996ee855132 434c52c271df47cf938a34dbc3ad05a3 - - 1aaf39911e524cf8a4d86f572088f256 1aaf39911e524cf8a4d86f572088f256] 10.0.0.194 "GET /allocations/fc7f2ae8-c414-4f78-80c1-cac64cb772a7" status: 200 len: 19 microversion: 1.28 [pid: 7|app: 0|req: 330/658] 10.0.0.194 () {34 vars in 861 bytes} [Thu Apr 23 01:30:06 2026] GET /allocations/fc7f2ae8-c414-4f78-80c1-cac64cb772a7 => generated 19 bytes in 11 msecs (HTTP/1.1 200) 8 headers in 295 bytes (1 switches on core 0)
2026-04-23 01:30:06.768 8 INFO placement.requestlog [req-9f5dcb45-5cfb-46cc-8253-a29acb4a6e93 req-19649c43-b507-4e15-a6d6-834b7bb0cd9a 6f746d3eafaf430eaadeb996ee855132 434c52c271df47cf938a34dbc3ad05a3 - - 1aaf39911e524cf8a4d86f572088f256 1aaf39911e524cf8a4d86f572088f256] 10.0.0.194 "PUT /allocations/fc7f2ae8-c414-4f78-80c1-cac64cb772a7" status: 204 len: 0 microversion: 1.36 [pid: 8|app: 0|req: 329/659] 10.0.0.194 () {38 vars in 914 bytes} [Thu Apr 23 01:30:06 2026] PUT /allocations/fc7f2ae8-c414-4f78-80c1-cac64cb772a7 => generated 0 bytes in 103 msecs (HTTP/1.1 204) 5 headers in 199 bytes (1 switches on core 0)
2026-04-23 01:30:07.233 7 INFO placement.requestlog [req-9f5dcb45-5cfb-46cc-8253-a29acb4a6e93 req-6662986d-0066-4de1-87b0-975bc0b8419c 6f746d3eafaf430eaadeb996ee855132 434c52c271df47cf938a34dbc3ad05a3 - - 1aaf39911e524cf8a4d86f572088f256 1aaf39911e524cf8a4d86f572088f256] 199.204.45.155 "GET /allocations/fc7f2ae8-c414-4f78-80c1-cac64cb772a7" status: 200 len: 257 microversion: 1.28 [pid: 7|app: 0|req: 331/660] 199.204.45.155 () {34 vars in 863 bytes} [Thu Apr 23 01:30:07 2026] GET /allocations/fc7f2ae8-c414-4f78-80c1-cac64cb772a7 => generated 257 bytes in 20 msecs (HTTP/1.1 200) 8 headers in 296 bytes (1 switches on core 0)
2026-04-23 01:30:07.354 8 INFO placement.requestlog [req-9f5dcb45-5cfb-46cc-8253-a29acb4a6e93 req-05cbc384-cdeb-4b8c-b309-fe1170cb7f57 6f746d3eafaf430eaadeb996ee855132 434c52c271df47cf938a34dbc3ad05a3 - - 1aaf39911e524cf8a4d86f572088f256 1aaf39911e524cf8a4d86f572088f256] 199.204.45.155 "GET /resource_providers/e6e88018-1a14-45fb-b00e-ccdfaf38a8a8/allocations" status: 200 len: 338 microversion: 1.0 [pid: 8|app: 0|req: 330/661] 199.204.45.155 () {32 vars in 857 bytes} [Thu Apr 23 01:30:07 2026] GET /resource_providers/e6e88018-1a14-45fb-b00e-ccdfaf38a8a8/allocations => generated 338 bytes in 26 msecs (HTTP/1.1 200) 6 headers in 224 bytes (1 switches on core 0)
2026-04-23 01:30:07.384 7 INFO placement.requestlog [req-9f5dcb45-5cfb-46cc-8253-a29acb4a6e93 req-3c86dc58-e0bb-4fd9-b23d-e4790706927a 6f746d3eafaf430eaadeb996ee855132 434c52c271df47cf938a34dbc3ad05a3 - - 1aaf39911e524cf8a4d86f572088f256 1aaf39911e524cf8a4d86f572088f256] 199.204.45.155 "GET /allocations/3befbb7f-02fd-4782-9c46-811da6f46adc" status: 200 len: 257 microversion: 1.28 [pid: 7|app: 0|req: 332/662] 199.204.45.155 () {34 vars in 863 bytes} [Thu Apr 23 01:30:07 2026] GET /allocations/3befbb7f-02fd-4782-9c46-811da6f46adc => generated 257 bytes in 20 msecs (HTTP/1.1 200) 8 headers in 296 bytes (1 switches on core 0)
2026-04-23 01:30:07.403 8 INFO placement.requestlog [req-9f5dcb45-5cfb-46cc-8253-a29acb4a6e93 req-9add2d55-8d93-47a5-946d-26b15eb78fee 6f746d3eafaf430eaadeb996ee855132 434c52c271df47cf938a34dbc3ad05a3 - - 1aaf39911e524cf8a4d86f572088f256 1aaf39911e524cf8a4d86f572088f256] 199.204.45.155 "GET /allocations/5c2fd98b-3839-4c3c-8917-8664d7286a52" status: 200 len: 243 microversion: 1.28 [pid: 8|app: 0|req: 331/663] 199.204.45.155 () {34 vars in 863 bytes} [Thu Apr 23 01:30:07 2026] GET /allocations/5c2fd98b-3839-4c3c-8917-8664d7286a52 => generated 243 bytes in 11 msecs (HTTP/1.1 200) 8 headers in 296 bytes (1 switches on core 0)
2026-04-23 01:30:07.424 7 INFO placement.requestlog [req-9f5dcb45-5cfb-46cc-8253-a29acb4a6e93 req-1a6e03b4-bc8f-4391-9bf2-e5dd0b720955 6f746d3eafaf430eaadeb996ee855132 434c52c271df47cf938a34dbc3ad05a3 - - 1aaf39911e524cf8a4d86f572088f256 1aaf39911e524cf8a4d86f572088f256] 199.204.45.155 "GET /allocations/fc7f2ae8-c414-4f78-80c1-cac64cb772a7" status: 200 len: 257 microversion: 1.28 [pid: 7|app: 0|req: 333/664] 199.204.45.155 () {34 vars in 863 bytes} [Thu Apr 23 01:30:07 2026] GET /allocations/fc7f2ae8-c414-4f78-80c1-cac64cb772a7 => generated 257 bytes in 13 msecs (HTTP/1.1 200) 8 headers in 296 bytes (1 switches on core 0)
2026-04-23 01:30:07.835 7 INFO placement.requestlog [None req-fd8bc5e9-8d1b-4275-83b2-fed6a787dd46 - - - - - -] 10.0.0.87 "GET /" status: 200 len: 136 microversion: 1.0
2026-04-23 01:30:07.835 8 INFO placement.requestlog [None req-cb1030ce-96a8-46e9-a469-b6e6f5e7219e - - - - - -] 10.0.0.87 "GET /" status: 200 len: 136 microversion: 1.0
2026-04-23 01:30:08.003 7 INFO placement.requestlog [req-71c9dae2-2499-4b65-ab7c-b88d554e8959 req-1eea74be-1ae7-45cf-afd4-73b00adf3401 6f746d3eafaf430eaadeb996ee855132 434c52c271df47cf938a34dbc3ad05a3 - - 1aaf39911e524cf8a4d86f572088f256 1aaf39911e524cf8a4d86f572088f256] 199.204.45.155 "GET /resource_providers/e6e88018-1a14-45fb-b00e-ccdfaf38a8a8/allocations" status: 200 len: 338 microversion: 1.0 [pid: 7|app: 0|req: 335/667] 199.204.45.155 () {32 vars in 857 bytes} [Thu Apr 23 01:30:07 2026] GET /resource_providers/e6e88018-1a14-45fb-b00e-ccdfaf38a8a8/allocations => generated 338 bytes in 20 msecs (HTTP/1.1 200) 6 headers in 224 bytes (1 switches on core 0)
2026-04-23 01:30:08.036 8 INFO placement.requestlog [req-71c9dae2-2499-4b65-ab7c-b88d554e8959 req-3600c19b-5f13-4c26-aa81-aabdef46accf 6f746d3eafaf430eaadeb996ee855132 434c52c271df47cf938a34dbc3ad05a3 - - 1aaf39911e524cf8a4d86f572088f256 1aaf39911e524cf8a4d86f572088f256] 199.204.45.155 "GET /allocations/3befbb7f-02fd-4782-9c46-811da6f46adc" status: 200 len: 257 microversion: 1.28 [pid: 8|app: 0|req: 333/668] 199.204.45.155 () {34 vars in 863 bytes} [Thu Apr 23 01:30:08 2026] GET /allocations/3befbb7f-02fd-4782-9c46-811da6f46adc => generated 257 bytes in 20 msecs (HTTP/1.1 200) 8 headers in 296 bytes (1 switches on core 0)
2026-04-23 01:30:08.066 7 INFO placement.requestlog [req-71c9dae2-2499-4b65-ab7c-b88d554e8959 req-12e6a8c4-0c6d-4a00-840c-7237a99d9cff 6f746d3eafaf430eaadeb996ee855132 434c52c271df47cf938a34dbc3ad05a3 - - 1aaf39911e524cf8a4d86f572088f256 1aaf39911e524cf8a4d86f572088f256] 199.204.45.155 "GET /allocations/5c2fd98b-3839-4c3c-8917-8664d7286a52" status: 200 len: 243 microversion: 1.28 [pid: 7|app: 0|req: 336/669] 199.204.45.155 () {34 vars in 863 bytes} [Thu Apr 23 01:30:08 2026] GET /allocations/5c2fd98b-3839-4c3c-8917-8664d7286a52 => generated 243 bytes in 22 msecs (HTTP/1.1 200) 8 headers in 296 bytes (1 switches on core 0)
2026-04-23 01:30:08.087 8 INFO placement.requestlog [req-71c9dae2-2499-4b65-ab7c-b88d554e8959 req-30c02bdb-5a8e-401f-9e11-db9dfe6fc316 6f746d3eafaf430eaadeb996ee855132 434c52c271df47cf938a34dbc3ad05a3 - - 1aaf39911e524cf8a4d86f572088f256 1aaf39911e524cf8a4d86f572088f256] 199.204.45.155 "GET /allocations/fc7f2ae8-c414-4f78-80c1-cac64cb772a7" status: 200 len: 257 microversion: 1.28 [pid: 8|app: 0|req: 334/670] 199.204.45.155 () {34 vars in 863 bytes} [Thu Apr 23 01:30:08 2026] GET /allocations/fc7f2ae8-c414-4f78-80c1-cac64cb772a7 => generated 257 bytes in 16 msecs (HTTP/1.1 200) 8 headers in 296 bytes (1 switches on core 0)
2026-04-23 01:30:08.227 7 INFO placement.requestlog [req-71c9dae2-2499-4b65-ab7c-b88d554e8959 req-cf129304-84d1-4f43-add8-f42c39577507 6f746d3eafaf430eaadeb996ee855132 434c52c271df47cf938a34dbc3ad05a3 - - 1aaf39911e524cf8a4d86f572088f256 1aaf39911e524cf8a4d86f572088f256] 199.204.45.155 "DELETE /allocations/5c2fd98b-3839-4c3c-8917-8664d7286a52" status: 204 len: 0 microversion: 1.0 [pid: 7|app: 0|req: 337/671] 199.204.45.155 () {34 vars in 841 bytes} [Thu Apr 23 01:30:08 2026] DELETE /allocations/5c2fd98b-3839-4c3c-8917-8664d7286a52 => generated 0 bytes in 52 msecs (HTTP/1.1 204) 5 headers in 198 bytes (1 switches on core 0)
2026-04-23 01:30:08.230 8 INFO placement.requestlog [req-60d5f9e3-52cb-4215-a66e-20221dedb91b req-fc3bf4f8-b2af-40e0-9071-d37387262ee1 6f746d3eafaf430eaadeb996ee855132 434c52c271df47cf938a34dbc3ad05a3 - - 1aaf39911e524cf8a4d86f572088f256 1aaf39911e524cf8a4d86f572088f256] 199.204.45.155 "GET /resource_providers/e6e88018-1a14-45fb-b00e-ccdfaf38a8a8/allocations" status: 200 len: 252 microversion: 1.0 [pid: 8|app: 0|req: 335/672] 199.204.45.155 () {32 vars in 857 bytes} [Thu Apr 23 01:30:08 2026] GET /resource_providers/e6e88018-1a14-45fb-b00e-ccdfaf38a8a8/allocations => generated 252 bytes in 24 msecs (HTTP/1.1 200) 6 headers in 224 bytes (1 switches on core 0)
2026-04-23 01:30:08.253 7 INFO placement.requestlog [req-60d5f9e3-52cb-4215-a66e-20221dedb91b req-4a807dc7-0732-4522-9ae9-6d9fa28f5113 6f746d3eafaf430eaadeb996ee855132 434c52c271df47cf938a34dbc3ad05a3 - - 1aaf39911e524cf8a4d86f572088f256 1aaf39911e524cf8a4d86f572088f256] 199.204.45.155 "GET /allocations/3befbb7f-02fd-4782-9c46-811da6f46adc" status: 200 len: 257 microversion: 1.28 [pid: 7|app: 0|req: 338/673] 199.204.45.155 () {34 vars in 863 bytes} [Thu Apr 23 01:30:08 2026] GET /allocations/3befbb7f-02fd-4782-9c46-811da6f46adc => generated 257 bytes in 14 msecs (HTTP/1.1 200) 8 headers in 296 bytes (1 switches on core 0)
2026-04-23 01:30:08.274 8 INFO placement.requestlog [req-60d5f9e3-52cb-4215-a66e-20221dedb91b req-c7625c4e-a98d-4554-8851-c689c73ffbf1 6f746d3eafaf430eaadeb996ee855132 434c52c271df47cf938a34dbc3ad05a3 - - 1aaf39911e524cf8a4d86f572088f256 1aaf39911e524cf8a4d86f572088f256] 199.204.45.155 "GET /allocations/fc7f2ae8-c414-4f78-80c1-cac64cb772a7" status: 200 len: 257 microversion: 1.28 [pid: 8|app: 0|req: 336/674] 199.204.45.155 () {34 vars in 863 bytes} [Thu Apr 23 01:30:08 2026] GET /allocations/fc7f2ae8-c414-4f78-80c1-cac64cb772a7 => generated 257 bytes in 11 msecs (HTTP/1.1 200) 8 headers in 296 bytes (1 switches on core 0)
2026-04-23 01:30:08.500 7 INFO placement.requestlog [req-60d5f9e3-52cb-4215-a66e-20221dedb91b req-066ce43b-0bd9-40fe-bbd0-504b74cf2623 6f746d3eafaf430eaadeb996ee855132 434c52c271df47cf938a34dbc3ad05a3 - - 1aaf39911e524cf8a4d86f572088f256 1aaf39911e524cf8a4d86f572088f256] 199.204.45.155 "DELETE /allocations/3befbb7f-02fd-4782-9c46-811da6f46adc" status: 204 len: 0 microversion: 1.0 [pid: 7|app: 0|req: 339/675] 199.204.45.155 () {34 vars in 841 bytes} [Thu Apr 23 01:30:08 2026] DELETE /allocations/3befbb7f-02fd-4782-9c46-811da6f46adc => generated 0 bytes in 32 msecs (HTTP/1.1 204) 5 headers in 198 bytes (1 switches on core 0)
2026-04-23 01:30:13.247 8 INFO placement.requestlog [None req-5bae28b9-0601-4bb4-b87a-a9801af6bcd6 670f2b3f99184349923129a61236afa2 434c52c271df47cf938a34dbc3ad05a3 - - 1aaf39911e524cf8a4d86f572088f256 1aaf39911e524cf8a4d86f572088f256] 10.0.0.225 "GET /resource_providers/6f88a21f-6768-4fc3-8343-c15306eb642e/aggregates" status: 404 len: 235 microversion: 1.1 [pid: 8|app: 0|req: 337/676] 10.0.0.225 () {32 vars in 825 bytes} [Thu Apr 23 01:30:13 2026] GET /resource_providers/6f88a21f-6768-4fc3-8343-c15306eb642e/aggregates => generated 235 bytes in 187 msecs (HTTP/1.1 404) 5 headers in 202 bytes (1 switches on core 0)
2026-04-23 01:30:13.259 7 INFO placement.requestlog [None req-a122907c-ad9b-43ba-b9a7-2c26d1c74adf 670f2b3f99184349923129a61236afa2 434c52c271df47cf938a34dbc3ad05a3 - - 1aaf39911e524cf8a4d86f572088f256 1aaf39911e524cf8a4d86f572088f256] 10.0.0.225 "GET /resource_providers/6f88a21f-6768-4fc3-8343-c15306eb642e/aggregates" status: 404 len: 235 microversion: 1.1 [pid: 7|app: 0|req: 340/677] 10.0.0.225 () {32 vars in 825 bytes} [Thu Apr 23 01:30:13 2026] GET /resource_providers/6f88a21f-6768-4fc3-8343-c15306eb642e/aggregates => generated 235 bytes in 168 msecs (HTTP/1.1 404) 5 headers in 202 bytes (1 switches on core 0)
2026-04-23 01:30:13.275 7 INFO placement.requestlog [None req-dae726ef-d700-4a66-b331-9c4376ac339d 670f2b3f99184349923129a61236afa2 434c52c271df47cf938a34dbc3ad05a3 - - 1aaf39911e524cf8a4d86f572088f256 1aaf39911e524cf8a4d86f572088f256] 10.0.0.225 "DELETE /resource_providers/6f88a21f-6768-4fc3-8343-c15306eb642e" status: 404 len: 246 microversion: 1.1 [pid: 7|app: 0|req: 341/678] 10.0.0.225 () {34 vars in 825 bytes} [Thu Apr 23 01:30:13 2026] DELETE /resource_providers/6f88a21f-6768-4fc3-8343-c15306eb642e => generated 246 bytes in 9 msecs (HTTP/1.1 404) 6 headers in 231 bytes (1 switches on core 0)
2026-04-23 01:30:13.276 8 INFO placement.requestlog [None req-159340ab-a056-4fe3-910f-716031eefdca 670f2b3f99184349923129a61236afa2 434c52c271df47cf938a34dbc3ad05a3 - - 1aaf39911e524cf8a4d86f572088f256 1aaf39911e524cf8a4d86f572088f256] 10.0.0.225 "DELETE /resource_providers/6f88a21f-6768-4fc3-8343-c15306eb642e" status: 404 len: 246 microversion: 1.1 [pid: 8|app: 0|req: 338/679] 10.0.0.225 () {34 vars in 825 bytes} [Thu Apr 23 01:30:13 2026] DELETE /resource_providers/6f88a21f-6768-4fc3-8343-c15306eb642e => generated 246 bytes in 10 msecs (HTTP/1.1 404) 6 headers in 231 bytes (1 switches on core 0)
2026-04-23 01:30:13.767 7 INFO placement.requestlog [None req-877cfa60-dc54-495c-afbf-e0bc5a63090b 670f2b3f99184349923129a61236afa2 434c52c271df47cf938a34dbc3ad05a3 - - 1aaf39911e524cf8a4d86f572088f256 1aaf39911e524cf8a4d86f572088f256] 10.0.0.225 "GET /resource_providers/0009b845-4b22-4595-85bc-c2fbbf061756/aggregates" status: 404 len: 235 microversion: 1.1 [pid: 7|app: 0|req: 342/680] 10.0.0.225 () {32 vars in 825 bytes} [Thu Apr 23 01:30:13 2026] GET /resource_providers/0009b845-4b22-4595-85bc-c2fbbf061756/aggregates => generated 235 bytes in 11 msecs (HTTP/1.1 404) 5 headers in 202 bytes (1 switches on core 0)
2026-04-23 01:30:13.771 8 INFO placement.requestlog [None req-5a31115a-9455-4702-85a6-c637b5c2bd70 670f2b3f99184349923129a61236afa2 434c52c271df47cf938a34dbc3ad05a3 - - 1aaf39911e524cf8a4d86f572088f256 1aaf39911e524cf8a4d86f572088f256] 10.0.0.225 "GET /resource_providers/0009b845-4b22-4595-85bc-c2fbbf061756/aggregates" status: 404 len: 235 microversion: 1.1 [pid: 8|app: 0|req: 339/681] 10.0.0.225 () {32 vars in 825 bytes} [Thu Apr 23 01:30:13 2026] GET /resource_providers/0009b845-4b22-4595-85bc-c2fbbf061756/aggregates => generated 235 bytes in 11 msecs (HTTP/1.1 404) 5 headers in 202 bytes (1 switches on core 0)
2026-04-23 01:30:13.803 7 INFO placement.requestlog [None req-339d358d-c30d-4b62-baae-3325d897f876 670f2b3f99184349923129a61236afa2 434c52c271df47cf938a34dbc3ad05a3 - - 1aaf39911e524cf8a4d86f572088f256 1aaf39911e524cf8a4d86f572088f256] 10.0.0.225 "DELETE /resource_providers/0009b845-4b22-4595-85bc-c2fbbf061756" status: 404 len: 246 microversion: 1.1 [pid: 7|app: 0|req: 343/682] 10.0.0.225 () {34 vars in 825 bytes} [Thu Apr 23 01:30:13 2026] DELETE /resource_providers/0009b845-4b22-4595-85bc-c2fbbf061756 => generated 246 bytes in 14 msecs (HTTP/1.1 404) 6 headers in 231 bytes (1 switches on core 0)
2026-04-23 01:30:13.804 8 INFO placement.requestlog [None req-5c6a3cab-a78f-4343-98d4-dbbc150ea1ac 670f2b3f99184349923129a61236afa2 434c52c271df47cf938a34dbc3ad05a3 - - 1aaf39911e524cf8a4d86f572088f256 1aaf39911e524cf8a4d86f572088f256] 10.0.0.225 "DELETE /resource_providers/0009b845-4b22-4595-85bc-c2fbbf061756" status: 404 len: 246 microversion: 1.1 [pid: 8|app: 0|req: 340/683] 10.0.0.225 () {34 vars in 825 bytes} [Thu Apr 23 01:30:13 2026] DELETE /resource_providers/0009b845-4b22-4595-85bc-c2fbbf061756 => generated 246 bytes in 14 msecs (HTTP/1.1 404) 6 headers in 231 bytes (1 switches on core 0)
2026-04-23 01:30:15.308 7 INFO placement.requestlog [None req-f01b0a03-e6bb-4945-89fd-e9ce1d814bd4 670f2b3f99184349923129a61236afa2 434c52c271df47cf938a34dbc3ad05a3 - - 1aaf39911e524cf8a4d86f572088f256 1aaf39911e524cf8a4d86f572088f256] 10.0.0.225 "GET /resource_providers/40a9dce3-e047-409d-acf3-038da6170b73/aggregates" status: 404 len: 235 microversion: 1.1 [pid: 7|app: 0|req: 344/684] 10.0.0.225 () {32 vars in 825 bytes} [Thu Apr 23 01:30:15 2026] GET /resource_providers/40a9dce3-e047-409d-acf3-038da6170b73/aggregates => generated 235 bytes in 11 msecs (HTTP/1.1 404) 5 headers in 202 bytes (1 switches on core 0)
2026-04-23 01:30:15.313 8 INFO placement.requestlog [None req-234a43cd-66cb-4610-9d44-367e61fa0bfe 670f2b3f99184349923129a61236afa2 434c52c271df47cf938a34dbc3ad05a3 - - 1aaf39911e524cf8a4d86f572088f256 1aaf39911e524cf8a4d86f572088f256] 10.0.0.225 "GET /resource_providers/40a9dce3-e047-409d-acf3-038da6170b73/aggregates" status: 404 len: 235 microversion: 1.1 [pid: 8|app: 0|req: 341/685] 10.0.0.225 () {32 vars in 825 bytes} [Thu Apr 23 01:30:15 2026] GET /resource_providers/40a9dce3-e047-409d-acf3-038da6170b73/aggregates => generated 235 bytes in 12 msecs (HTTP/1.1 404) 5 headers in 202 bytes (1 switches on core 0)
2026-04-23 01:30:15.322 7 INFO placement.requestlog [None req-67b5a676-296d-48d1-965d-329f7c602522 670f2b3f99184349923129a61236afa2 434c52c271df47cf938a34dbc3ad05a3 - - 1aaf39911e524cf8a4d86f572088f256 1aaf39911e524cf8a4d86f572088f256] 10.0.0.225 "DELETE /resource_providers/40a9dce3-e047-409d-acf3-038da6170b73" status: 404 len: 246 microversion: 1.1 [pid: 7|app: 0|req: 345/686] 10.0.0.225 () {34 vars in 825 bytes} [Thu Apr 23 01:30:15 2026] DELETE /resource_providers/40a9dce3-e047-409d-acf3-038da6170b73 => generated 246 bytes in 7 msecs (HTTP/1.1 404) 6 headers in 231 bytes (1 switches on core 0)
2026-04-23 01:30:15.332 8 INFO placement.requestlog [None req-3f0bdaa2-e4d9-4e42-b268-07c3a7080372 670f2b3f99184349923129a61236afa2 434c52c271df47cf938a34dbc3ad05a3 - - 1aaf39911e524cf8a4d86f572088f256 1aaf39911e524cf8a4d86f572088f256] 10.0.0.225 "DELETE /resource_providers/40a9dce3-e047-409d-acf3-038da6170b73" status: 404 len: 246 microversion: 1.1 [pid: 8|app: 0|req: 342/687] 10.0.0.225 () {34 vars in 825 bytes} [Thu Apr 23 01:30:15 2026] DELETE /resource_providers/40a9dce3-e047-409d-acf3-038da6170b73 => generated 246 bytes in 12 msecs (HTTP/1.1 404) 6 headers in 231 bytes (1 switches on core 0)
