2026-04-23 01:34:02.443 9 INFO neutron.wsgi [req-ae525018-d0cc-48b6-92b3-15c94cb2595f req-b211fa98-5a6b-42a1-880d-97accf4924f5 670f2b3f99184349923129a61236afa2 434c52c271df47cf938a34dbc3ad05a3 - - 1aaf39911e524cf8a4d86f572088f256 1aaf39911e524cf8a4d86f572088f256] 199.204.45.155 "GET /v2.0/floatingips?fixed_ip_address=10.2.2.213&port_id=43dd96de-d16e-47d9-8e70-eb3b6eefaf94 HTTP/1.1" status: 200 len: 217 time: 0.2629704
2026-04-23 01:34:02.465 9 INFO neutron.plugins.ml2.plugin [None req-bc603fbf-d939-4bd9-9bc0-7f9b21ed1414 - - - - - -] Attempt 1 to provision port 43dd96de-d16e-47d9-8e70-eb3b6eefaf94
2026-04-23 01:34:02.468 9 INFO neutron.wsgi [req-ae525018-d0cc-48b6-92b3-15c94cb2595f req-74a17352-b0e1-47db-b7e1-d9e32918fdee 670f2b3f99184349923129a61236afa2 434c52c271df47cf938a34dbc3ad05a3 - - 1aaf39911e524cf8a4d86f572088f256 1aaf39911e524cf8a4d86f572088f256] 199.204.45.155 "GET /v2.0/floatingips?fixed_ip_address=fd77%3A1457%3A4cf0%3A26a8%3A%3A3ba&port_id=43dd96de-d16e-47d9-8e70-eb3b6eefaf94 HTTP/1.1" status: 200 len: 217 time: 0.0195353
2026-04-23 01:34:02.519 9 INFO neutron.wsgi [req-ae525018-d0cc-48b6-92b3-15c94cb2595f req-9439c9e7-9078-4cdb-ab1c-5b7aa5ebebc9 670f2b3f99184349923129a61236afa2 434c52c271df47cf938a34dbc3ad05a3 - - 1aaf39911e524cf8a4d86f572088f256 1aaf39911e524cf8a4d86f572088f256] 199.204.45.155 "GET /v2.0/subnets?id=9718bde7-a965-4f90-a770-5d8d24a74338&id=e1ae902a-524b-4b2e-bb2f-78d48c6e37c5 HTTP/1.1" status: 200 len: 1566 time: 0.0448425
2026-04-23 01:34:02.549 9 INFO neutron.wsgi [req-ae525018-d0cc-48b6-92b3-15c94cb2595f req-2163ea7d-699d-4a40-8fc0-e283f631d3a9 670f2b3f99184349923129a61236afa2 434c52c271df47cf938a34dbc3ad05a3 - - 1aaf39911e524cf8a4d86f572088f256 1aaf39911e524cf8a4d86f572088f256] 199.204.45.155 "GET /v2.0/ports?network_id=d6d38c33-6798-40c1-b988-57409f0a0f28&device_owner=network%3Adhcp HTTP/1.1" status: 200 len: 210 time: 0.0240805
2026-04-23 01:34:02.569 9 INFO neutron.wsgi [req-ae525018-d0cc-48b6-92b3-15c94cb2595f req-1a9332fb-bd51-4427-af82-ff007158a9dd 670f2b3f99184349923129a61236afa2 434c52c271df47cf938a34dbc3ad05a3 - - 1aaf39911e524cf8a4d86f572088f256 1aaf39911e524cf8a4d86f572088f256] 199.204.45.155 "GET /v2.0/ports?network_id=d6d38c33-6798-40c1-b988-57409f0a0f28&device_owner=network%3Adhcp HTTP/1.1" status: 200 len: 210 time: 0.0155780
2026-04-23 01:34:02.599 10 INFO neutron.db.ovn_revision_numbers_db [None req-345c4271-1d5e-4a30-9185-39439c0f40ce bf4043cc0f434387877d79221075a19a 6162cc77efe94e49b38ec87dcb9d6fc9 - - default default] Successfully bumped revision number for resource 5a1a20a4-0924-40e5-b6c7-cf557ccf9f1f (type: security_groups) to 1
2026-04-23 01:34:02.612 10 INFO neutron.db.ovn_revision_numbers_db [None req-345c4271-1d5e-4a30-9185-39439c0f40ce bf4043cc0f434387877d79221075a19a 6162cc77efe94e49b38ec87dcb9d6fc9 - - default default] Successfully bumped revision number for resource 5cb019d3-fe2a-4c62-b268-8ecb1247f12c (type: security_group_rules) to 0
2026-04-23 01:34:02.624 10 INFO neutron.db.ovn_revision_numbers_db [None req-345c4271-1d5e-4a30-9185-39439c0f40ce bf4043cc0f434387877d79221075a19a 6162cc77efe94e49b38ec87dcb9d6fc9 - - default default] Successfully bumped revision number for resource 90d37462-2ae1-4ff8-a323-90f1386de3ea (type: security_group_rules) to 0
2026-04-23 01:34:02.636 10 INFO neutron.db.ovn_revision_numbers_db [None req-345c4271-1d5e-4a30-9185-39439c0f40ce bf4043cc0f434387877d79221075a19a 6162cc77efe94e49b38ec87dcb9d6fc9 - - default default] Successfully bumped revision number for resource adfe6ca0-9c00-4755-b839-deb112e8909b (type: security_group_rules) to 0
2026-04-23 01:34:02.645 9 INFO neutron.wsgi [req-ae525018-d0cc-48b6-92b3-15c94cb2595f req-67fc0464-2011-4fba-b91c-51e098275a31 670f2b3f99184349923129a61236afa2 434c52c271df47cf938a34dbc3ad05a3 - - 1aaf39911e524cf8a4d86f572088f256 1aaf39911e524cf8a4d86f572088f256] 199.204.45.155 "GET /v2.0/networks/d6d38c33-6798-40c1-b988-57409f0a0f28?fields=segments HTTP/1.1" status: 200 len: 212 time: 0.0677950
2026-04-23 01:34:02.653 10 INFO neutron.db.ovn_revision_numbers_db [None req-345c4271-1d5e-4a30-9185-39439c0f40ce bf4043cc0f434387877d79221075a19a 6162cc77efe94e49b38ec87dcb9d6fc9 - - default default] Successfully bumped revision number for resource e2198370-cbe6-4fa0-9784-e274004c9f4d (type: security_group_rules) to 0
2026-04-23 01:34:02.678 10 INFO neutron.wsgi [None req-345c4271-1d5e-4a30-9185-39439c0f40ce bf4043cc0f434387877d79221075a19a 6162cc77efe94e49b38ec87dcb9d6fc9 - - default default] 10.0.0.114 "GET /v2.0/security-groups?tenant_id=f9d8cab1dd894ec8834d8ee5c5a4f6f3&name=default HTTP/1.1" status: 200 len: 3000 time: 0.1883821
2026-04-23 01:34:02.722 9 INFO neutron.wsgi [req-ae525018-d0cc-48b6-92b3-15c94cb2595f req-bcb899a9-6312-42b1-8e2d-23eb6243a085 670f2b3f99184349923129a61236afa2 434c52c271df47cf938a34dbc3ad05a3 - - 1aaf39911e524cf8a4d86f572088f256 1aaf39911e524cf8a4d86f572088f256] 199.204.45.155 "GET /v2.0/networks/d6d38c33-6798-40c1-b988-57409f0a0f28?fields=provider%3Aphysical_network&fields=provider%3Anetwork_type HTTP/1.1" status: 200 len: 277 time: 0.0673635
2026-04-23 01:34:02.817 9 INFO neutron.db.ovn_revision_numbers_db [None req-bc603fbf-d939-4bd9-9bc0-7f9b21ed1414 - - - - - -] Successfully bumped revision number for resource 43dd96de-d16e-47d9-8e70-eb3b6eefaf94 (type: ports) to 4
2026-04-23 01:34:02.878 10 INFO neutron.wsgi [None req-0e19a9a1-f430-4f86-9c1d-797bdc41a52c bf4043cc0f434387877d79221075a19a 6162cc77efe94e49b38ec87dcb9d6fc9 - - default default] 10.0.0.114 "DELETE /v2.0/security-groups/5a1a20a4-0924-40e5-b6c7-cf557ccf9f1f HTTP/1.1" status: 204 len: 168 time: 0.1948955
2026-04-23 01:34:02.973 9 INFO neutron.wsgi [-] 10.0.0.87 "GET / HTTP/1.1" status: 200 len: 247 time: 0.0018988
2026-04-23 01:34:02.974 10 INFO neutron.wsgi [-] 10.0.0.87 "GET / HTTP/1.1" status: 200 len: 247 time: 0.0027246 /var/lib/openstack/lib/python3.10/site-packages/pycadf/identifier.py:71: UserWarning: Invalid uuid: neutron. To ensure interoperability, identifiers should be a valid uuid. warnings.warn(('Invalid uuid: %s. To ensure interoperability, '
2026-04-23 01:34:03.132 9 INFO neutron.db.ovn_revision_numbers_db [None req-0b497350-0929-4f1c-bce8-6b98a7ab0c7c bf4043cc0f434387877d79221075a19a 6162cc77efe94e49b38ec87dcb9d6fc9 - - default default] Successfully bumped revision number for resource 66172e9b-ff99-43ee-8478-c985a58415d1 (type: security_groups) to 1
2026-04-23 01:34:03.146 9 INFO neutron.db.ovn_revision_numbers_db [None req-0b497350-0929-4f1c-bce8-6b98a7ab0c7c bf4043cc0f434387877d79221075a19a 6162cc77efe94e49b38ec87dcb9d6fc9 - - default default] Successfully bumped revision number for resource 2bf5360c-86ea-47af-96f6-8a297c18353f (type: security_group_rules) to 0
2026-04-23 01:34:03.159 9 INFO neutron.db.ovn_revision_numbers_db [None req-0b497350-0929-4f1c-bce8-6b98a7ab0c7c bf4043cc0f434387877d79221075a19a 6162cc77efe94e49b38ec87dcb9d6fc9 - - default default] Successfully bumped revision number for resource e75ee8a4-ddc2-4bc0-8176-85253b97c6c1 (type: security_group_rules) to 0
2026-04-23 01:34:03.173 9 INFO neutron.db.ovn_revision_numbers_db [None req-0b497350-0929-4f1c-bce8-6b98a7ab0c7c bf4043cc0f434387877d79221075a19a 6162cc77efe94e49b38ec87dcb9d6fc9 - - default default] Successfully bumped revision number for resource eab97924-c381-47f5-a36f-87e6885e8f17 (type: security_group_rules) to 0
2026-04-23 01:34:03.185 9 INFO neutron.db.ovn_revision_numbers_db [None req-0b497350-0929-4f1c-bce8-6b98a7ab0c7c bf4043cc0f434387877d79221075a19a 6162cc77efe94e49b38ec87dcb9d6fc9 - - default default] Successfully bumped revision number for resource fa5f2cf1-770a-4fad-94bb-2b3eb5f99df6 (type: security_group_rules) to 0
2026-04-23 01:34:03.206 9 INFO neutron.wsgi [None req-0b497350-0929-4f1c-bce8-6b98a7ab0c7c bf4043cc0f434387877d79221075a19a 6162cc77efe94e49b38ec87dcb9d6fc9 - - default default] 10.0.0.114 "GET /v2.0/security-groups?tenant_id=5fc12a6402494a909eae24b61bb0ac10&name=default HTTP/1.1" status: 200 len: 3000 time: 0.1790679
2026-04-23 01:34:03.389 9 INFO neutron.wsgi [None req-c48d9101-0686-46fd-9873-9427aec25c05 bf4043cc0f434387877d79221075a19a 6162cc77efe94e49b38ec87dcb9d6fc9 - - default default] 10.0.0.114 "DELETE /v2.0/security-groups/66172e9b-ff99-43ee-8478-c985a58415d1 HTTP/1.1" status: 204 len: 168 time: 0.1782558
2026-04-23 01:34:03.727 9 INFO neutron.notifiers.nova [-] Nova event matching ['req-885e17e3-b0f8-4b50-8655-bb377344c634'] response: {'server_uuid': 'a5d22b7e-87fc-47ba-a4c6-5de4875ea592', 'name': 'network-vif-plugged', 'status': 'completed', 'tag': '43dd96de-d16e-47d9-8e70-eb3b6eefaf94', 'code': 200}
2026-04-23 01:34:03.728 9 INFO neutron.notifiers.nova [-] Nova event matching ['req-885e17e3-b0f8-4b50-8655-bb377344c634'] response: {'server_uuid': 'a5d22b7e-87fc-47ba-a4c6-5de4875ea592', 'name': 'network-vif-plugged', 'status': 'completed', 'tag': '43dd96de-d16e-47d9-8e70-eb3b6eefaf94', 'code': 200}
2026-04-23 01:34:04.818 10 INFO neutron.wsgi [req-c508af0e-7f9e-45fc-a273-a5d641e2915b req-25022251-ee14-4b58-b6c9-0fdab0218487 0d68a7ef19e846eb853221d16520fc47 9238fa47deea4da4895793b2ebd7fe03 - - default default] 10.0.0.164 "GET /v2.0/ports?device_id=a5d22b7e-87fc-47ba-a4c6-5de4875ea592 HTTP/1.1" status: 200 len: 1404 time: 0.1082001
2026-04-23 01:34:04.869 10 INFO neutron.wsgi [req-c508af0e-7f9e-45fc-a273-a5d641e2915b req-bd6ecac3-337e-4fbf-b328-1b1c8810e9d2 0d68a7ef19e846eb853221d16520fc47 9238fa47deea4da4895793b2ebd7fe03 - - default default] 10.0.0.164 "GET /v2.0/security-groups?id=a43ddf66-cb5b-4cbe-93cf-1666f7df02c5&fields=id&fields=name HTTP/1.1" status: 200 len: 310 time: 0.0421779
2026-04-23 01:34:04.970 10 INFO neutron.wsgi [None req-891a6e9d-8831-4330-9349-b20c33aa0630 0d68a7ef19e846eb853221d16520fc47 9238fa47deea4da4895793b2ebd7fe03 - - default default] 10.0.0.114 "GET /v2.0/ports?network_id=d6d38c33-6798-40c1-b988-57409f0a0f28&mac_address=fa%3A16%3A3e%3A7b%3A96%3A80 HTTP/1.1" status: 200 len: 1399 time: 0.0645747
2026-04-23 01:34:04.982 10 WARNING neutron_lib.context [None req-7c841c87-8ac9-45df-9359-8fa92daafd82 0d68a7ef19e846eb853221d16520fc47 9238fa47deea4da4895793b2ebd7fe03 - - default default] Method 'is_advsvc' is deprecated since 2023.2 release (neutron-lib 3.8.0) and will be removed once support for the old RBAC API policies will be removed from Neutron. Please use method 'is_service_role' instead.
2026-04-23 01:34:05.247 10 WARNING neutron.scheduler.dhcp_agent_scheduler [None req-7c841c87-8ac9-45df-9359-8fa92daafd82 0d68a7ef19e846eb853221d16520fc47 9238fa47deea4da4895793b2ebd7fe03 - - default default] No more DHCP agents
2026-04-23 01:34:05.249 10 WARNING neutron.api.rpc.agentnotifiers.dhcp_rpc_agent_api [None req-7c841c87-8ac9-45df-9359-8fa92daafd82 0d68a7ef19e846eb853221d16520fc47 9238fa47deea4da4895793b2ebd7fe03 - - default default] Unable to schedule network 060f2c82-7e0f-4cad-934b-6728ac842465: no agents available; will retry on subsequent port and subnet creation events.
2026-04-23 01:34:05.720 10 INFO neutron.db.l3_db [None req-7c841c87-8ac9-45df-9359-8fa92daafd82 0d68a7ef19e846eb853221d16520fc47 9238fa47deea4da4895793b2ebd7fe03 - - default default] Floating IP 3d611921-a155-4c47-8405-1abd1cf66662 associated. External IP: 10.96.250.220, port: 43dd96de-d16e-47d9-8e70-eb3b6eefaf94.
2026-04-23 01:34:06.004 10 INFO neutron.db.ovn_revision_numbers_db [None req-7c841c87-8ac9-45df-9359-8fa92daafd82 0d68a7ef19e846eb853221d16520fc47 9238fa47deea4da4895793b2ebd7fe03 - - default default] Successfully bumped revision number for resource 3d611921-a155-4c47-8405-1abd1cf66662 (type: floatingips) to 0
2026-04-23 01:34:06.149 10 INFO neutron.db.ovn_revision_numbers_db [None req-7c841c87-8ac9-45df-9359-8fa92daafd82 0d68a7ef19e846eb853221d16520fc47 9238fa47deea4da4895793b2ebd7fe03 - - default default] Successfully bumped revision number for resource 3d611921-a155-4c47-8405-1abd1cf66662 (type: floatingips) to 1
2026-04-23 01:34:06.185 10 INFO neutron.wsgi [None req-7c841c87-8ac9-45df-9359-8fa92daafd82 0d68a7ef19e846eb853221d16520fc47 9238fa47deea4da4895793b2ebd7fe03 - - default default] 10.0.0.114 "POST /v2.0/floatingips HTTP/1.1" status: 201 len: 1054 time: 1.2104971
2026-04-23 01:34:06.230 10 INFO neutron.notifiers.nova [-] Nova event matching ['req-a58ad41a-4f81-4f81-b2f5-b728388b2de3'] response: {'name': 'network-changed', 'server_uuid': 'a5d22b7e-87fc-47ba-a4c6-5de4875ea592', 'tag': '43dd96de-d16e-47d9-8e70-eb3b6eefaf94', 'status': 'completed', 'code': 200}
2026-04-23 01:34:06.291 9 INFO neutron.wsgi [req-8a4deceb-659b-46e5-92fd-389b409de71e req-77693b13-948c-4f71-babb-49905115a11f 670f2b3f99184349923129a61236afa2 434c52c271df47cf938a34dbc3ad05a3 - - 1aaf39911e524cf8a4d86f572088f256 1aaf39911e524cf8a4d86f572088f256] 199.204.45.155 "GET /v2.0/ports?tenant_id=9238fa47deea4da4895793b2ebd7fe03&device_id=a5d22b7e-87fc-47ba-a4c6-5de4875ea592 HTTP/1.1" status: 200 len: 1642 time: 0.0375922
2026-04-23 01:34:06.349 9 INFO neutron.wsgi [req-8a4deceb-659b-46e5-92fd-389b409de71e req-13ae9be4-2fa9-41e0-9bd9-4b77921518db 670f2b3f99184349923129a61236afa2 434c52c271df47cf938a34dbc3ad05a3 - - 1aaf39911e524cf8a4d86f572088f256 1aaf39911e524cf8a4d86f572088f256] 199.204.45.155 "GET /v2.0/networks?id=d6d38c33-6798-40c1-b988-57409f0a0f28 HTTP/1.1" status: 200 len: 1003 time: 0.0531390
2026-04-23 01:34:06.426 9 INFO neutron.wsgi [req-8a4deceb-659b-46e5-92fd-389b409de71e req-a830be9e-c65e-4656-893e-77933ce383fb 670f2b3f99184349923129a61236afa2 434c52c271df47cf938a34dbc3ad05a3 - - 1aaf39911e524cf8a4d86f572088f256 1aaf39911e524cf8a4d86f572088f256] 199.204.45.155 "GET /v2.0/floatingips?fixed_ip_address=10.2.2.213&port_id=43dd96de-d16e-47d9-8e70-eb3b6eefaf94 HTTP/1.1" status: 200 len: 1059 time: 0.0697002 /var/lib/openstack/lib/python3.10/site-packages/pycadf/identifier.py:71: UserWarning: Invalid uuid: neutron. To ensure interoperability, identifiers should be a valid uuid. warnings.warn(('Invalid uuid: %s. To ensure interoperability, '
2026-04-23 01:34:06.468 9 INFO neutron.wsgi [req-8a4deceb-659b-46e5-92fd-389b409de71e req-0885cac4-c61b-47d3-a9ee-ee331557b4ca 670f2b3f99184349923129a61236afa2 434c52c271df47cf938a34dbc3ad05a3 - - 1aaf39911e524cf8a4d86f572088f256 1aaf39911e524cf8a4d86f572088f256] 199.204.45.155 "GET /v2.0/floatingips?fixed_ip_address=fd77%3A1457%3A4cf0%3A26a8%3A%3A3ba&port_id=43dd96de-d16e-47d9-8e70-eb3b6eefaf94 HTTP/1.1" status: 200 len: 217 time: 0.0308971
2026-04-23 01:34:06.492 10 INFO neutron.wsgi [req-1788d2bf-12ee-4eb4-a439-b946160e7da7 req-01ce7484-e03d-4695-90d2-7f5804119ce3 670f2b3f99184349923129a61236afa2 434c52c271df47cf938a34dbc3ad05a3 - - 1aaf39911e524cf8a4d86f572088f256 1aaf39911e524cf8a4d86f572088f256] 10.0.0.167 "GET /v2.0/ports?device_id=59ab6c8f-feff-4729-9bcc-9c957ce78534 HTTP/1.1" status: 200 len: 1638 time: 0.0591297
2026-04-23 01:34:06.529 9 INFO neutron.wsgi [req-8a4deceb-659b-46e5-92fd-389b409de71e req-cac2a5dc-7a5e-46f9-b705-4d59dc1d7921 670f2b3f99184349923129a61236afa2 434c52c271df47cf938a34dbc3ad05a3 - - 1aaf39911e524cf8a4d86f572088f256 1aaf39911e524cf8a4d86f572088f256] 199.204.45.155 "GET /v2.0/subnets?id=9718bde7-a965-4f90-a770-5d8d24a74338&id=e1ae902a-524b-4b2e-bb2f-78d48c6e37c5 HTTP/1.1" status: 200 len: 1566 time: 0.0572367
2026-04-23 01:34:06.546 10 INFO neutron.wsgi [req-1788d2bf-12ee-4eb4-a439-b946160e7da7 req-05fccb61-c700-4589-bcf6-120b529ab434 670f2b3f99184349923129a61236afa2 434c52c271df47cf938a34dbc3ad05a3 - - 1aaf39911e524cf8a4d86f572088f256 1aaf39911e524cf8a4d86f572088f256] 10.0.0.167 "GET /v2.0/security-groups?id=a43ddf66-cb5b-4cbe-93cf-1666f7df02c5&fields=id&fields=name HTTP/1.1" status: 200 len: 310 time: 0.0449700
2026-04-23 01:34:06.562 9 INFO neutron.wsgi [req-8a4deceb-659b-46e5-92fd-389b409de71e req-ab6299af-7881-405a-9791-8a1fe09cb749 670f2b3f99184349923129a61236afa2 434c52c271df47cf938a34dbc3ad05a3 - - 1aaf39911e524cf8a4d86f572088f256 1aaf39911e524cf8a4d86f572088f256] 199.204.45.155 "GET /v2.0/ports?network_id=d6d38c33-6798-40c1-b988-57409f0a0f28&device_owner=network%3Adhcp HTTP/1.1" status: 200 len: 210 time: 0.0248671
2026-04-23 01:34:06.593 9 INFO neutron.wsgi [req-8a4deceb-659b-46e5-92fd-389b409de71e req-220585a5-ef5d-4fc5-90c2-e8b44b8fdd0b 670f2b3f99184349923129a61236afa2 434c52c271df47cf938a34dbc3ad05a3 - - 1aaf39911e524cf8a4d86f572088f256 1aaf39911e524cf8a4d86f572088f256] 199.204.45.155 "GET /v2.0/ports?network_id=d6d38c33-6798-40c1-b988-57409f0a0f28&device_owner=network%3Adhcp HTTP/1.1" status: 200 len: 210 time: 0.0224631
2026-04-23 01:34:06.693 9 INFO neutron.wsgi [req-8a4deceb-659b-46e5-92fd-389b409de71e req-0f71a5cf-56f4-441b-8bf9-030c24b62c2a 670f2b3f99184349923129a61236afa2 434c52c271df47cf938a34dbc3ad05a3 - - 1aaf39911e524cf8a4d86f572088f256 1aaf39911e524cf8a4d86f572088f256] 199.204.45.155 "GET /v2.0/networks/d6d38c33-6798-40c1-b988-57409f0a0f28?fields=segments HTTP/1.1" status: 200 len: 212 time: 0.0922728
2026-04-23 01:34:06.758 9 INFO neutron.wsgi [req-8a4deceb-659b-46e5-92fd-389b409de71e req-5b714672-0431-472c-a6b3-6e2f96cdcd69 670f2b3f99184349923129a61236afa2 434c52c271df47cf938a34dbc3ad05a3 - - 1aaf39911e524cf8a4d86f572088f256 1aaf39911e524cf8a4d86f572088f256] 199.204.45.155 "GET /v2.0/networks/d6d38c33-6798-40c1-b988-57409f0a0f28?fields=provider%3Aphysical_network&fields=provider%3Anetwork_type HTTP/1.1" status: 200 len: 277 time: 0.0574429
2026-04-23 01:34:07.918 9 WARNING neutron_lib.context [None req-37018352-5033-430a-ae5f-2e1219875246 c539acebbaf0484bba4794f8f9e5f8bf d51e61df3c564d5bbec8fc9c6ea869f6 - - default default] Method 'is_advsvc' is deprecated since 2023.2 release (neutron-lib 3.8.0) and will be removed once support for the old RBAC API policies will be removed from Neutron. Please use method 'is_service_role' instead.
2026-04-23 01:34:07.967 9 INFO neutron.wsgi [None req-37018352-5033-430a-ae5f-2e1219875246 c539acebbaf0484bba4794f8f9e5f8bf d51e61df3c564d5bbec8fc9c6ea869f6 - - default default] 10.0.0.114 "POST /v2.0/subnetpools HTTP/1.1" status: 201 len: 715 time: 0.2127287
2026-04-23 01:34:07.977 9 WARNING neutron_lib.context [None req-c2c34575-2bbd-4dce-92dd-8dbd839c9c70 c539acebbaf0484bba4794f8f9e5f8bf d51e61df3c564d5bbec8fc9c6ea869f6 - - default default] Method 'is_advsvc' is deprecated since 2023.2 release (neutron-lib 3.8.0) and will be removed once support for the old RBAC API policies will be removed from Neutron. Please use method 'is_service_role' instead.
2026-04-23 01:34:08.020 9 INFO neutron.wsgi [None req-c2c34575-2bbd-4dce-92dd-8dbd839c9c70 c539acebbaf0484bba4794f8f9e5f8bf d51e61df3c564d5bbec8fc9c6ea869f6 - - default default] 10.0.0.114 "POST /v2.0/subnetpools HTTP/1.1" status: 201 len: 715 time: 0.0479255
2026-04-23 01:34:08.030 10 WARNING neutron_lib.context [None req-22083387-71bf-48a1-b604-35294db2d5c2 c539acebbaf0484bba4794f8f9e5f8bf d51e61df3c564d5bbec8fc9c6ea869f6 - - default default] Method 'is_advsvc' is deprecated since 2023.2 release (neutron-lib 3.8.0) and will be removed once support for the old RBAC API policies will be removed from Neutron. Please use method 'is_service_role' instead.
2026-04-23 01:34:08.086 10 INFO neutron.wsgi [None req-22083387-71bf-48a1-b604-35294db2d5c2 c539acebbaf0484bba4794f8f9e5f8bf d51e61df3c564d5bbec8fc9c6ea869f6 - - default default] 10.0.0.114 "POST /v2.0/subnetpools HTTP/1.1" status: 201 len: 715 time: 0.0608575
2026-04-23 01:34:08.095 10 WARNING neutron_lib.context [None req-c6ef56e5-ab17-47c0-8fcc-60f538f68686 c539acebbaf0484bba4794f8f9e5f8bf d51e61df3c564d5bbec8fc9c6ea869f6 - - default default] Method 'is_advsvc' is deprecated since 2023.2 release (neutron-lib 3.8.0) and will be removed once support for the old RBAC API policies will be removed from Neutron. Please use method 'is_service_role' instead.
2026-04-23 01:34:08.137 10 INFO neutron.wsgi [None req-c6ef56e5-ab17-47c0-8fcc-60f538f68686 c539acebbaf0484bba4794f8f9e5f8bf d51e61df3c564d5bbec8fc9c6ea869f6 - - default default] 10.0.0.114 "POST /v2.0/subnetpools HTTP/1.1" status: 201 len: 715 time: 0.0464804
2026-04-23 01:34:08.147 10 WARNING neutron_lib.context [None req-e500f908-9180-42c3-bd54-9d51e592e62b c539acebbaf0484bba4794f8f9e5f8bf d51e61df3c564d5bbec8fc9c6ea869f6 - - default default] Method 'is_advsvc' is deprecated since 2023.2 release (neutron-lib 3.8.0) and will be removed once support for the old RBAC API policies will be removed from Neutron. Please use method 'is_service_role' instead.
2026-04-23 01:34:08.198 10 INFO neutron.wsgi [None req-e500f908-9180-42c3-bd54-9d51e592e62b c539acebbaf0484bba4794f8f9e5f8bf d51e61df3c564d5bbec8fc9c6ea869f6 - - default default] 10.0.0.114 "POST /v2.0/subnetpools HTTP/1.1" status: 201 len: 715 time: 0.0556555
2026-04-23 01:34:08.252 9 INFO neutron.wsgi [None req-f3ea9bc1-db99-4116-93fd-22178e51973e c539acebbaf0484bba4794f8f9e5f8bf d51e61df3c564d5bbec8fc9c6ea869f6 - - default default] 10.0.0.114 "PUT /v2.0/subnetpools/14f58c0e-40ea-4174-82ec-da665e88cbe4/tags HTTP/1.1" status: 200 len: 210 time: 0.0478218
2026-04-23 01:34:08.294 9 INFO neutron.wsgi [None req-123ddc79-dd1b-4462-abfa-d51353ba3119 c539acebbaf0484bba4794f8f9e5f8bf d51e61df3c564d5bbec8fc9c6ea869f6 - - default default] 10.0.0.114 "PUT /v2.0/subnetpools/6a45505a-e2b3-410d-a421-765c546bd685/tags HTTP/1.1" status: 200 len: 218 time: 0.0357339
2026-04-23 01:34:08.354 9 INFO neutron.wsgi [None req-ac716ccd-29b7-4b5c-952c-5998254c938d c539acebbaf0484bba4794f8f9e5f8bf d51e61df3c564d5bbec8fc9c6ea869f6 - - default default] 10.0.0.114 "PUT /v2.0/subnetpools/ab2e9445-6be9-4a2b-9417-b16ef68f0991/tags HTTP/1.1" status: 200 len: 227 time: 0.0549848
2026-04-23 01:34:08.387 9 INFO neutron.wsgi [None req-99942b5e-f895-49bf-9b2c-1564cad1b03c c539acebbaf0484bba4794f8f9e5f8bf d51e61df3c564d5bbec8fc9c6ea869f6 - - default default] 10.0.0.114 "PUT /v2.0/subnetpools/4acfbb10-13ba-4a55-965d-a331872240e1/tags HTTP/1.1" status: 200 len: 212 time: 0.0290329
2026-04-23 01:34:08.432 9 INFO neutron.wsgi [None req-7581bd6f-ec63-4d07-8ed4-fa311767b08f c539acebbaf0484bba4794f8f9e5f8bf d51e61df3c564d5bbec8fc9c6ea869f6 - - default default] 10.0.0.114 "GET /v2.0/subnetpools?tags=red HTTP/1.1" status: 200 len: 1758 time: 0.0397933
2026-04-23 01:34:08.479 10 INFO neutron.wsgi [None req-dbedf8e2-9ef4-41be-b1e6-11fdc4116999 c539acebbaf0484bba4794f8f9e5f8bf d51e61df3c564d5bbec8fc9c6ea869f6 - - default default] 10.0.0.114 "GET /v2.0/subnetpools?tags=red%2Cblue HTTP/1.1" status: 200 len: 1251 time: 0.0399694
2026-04-23 01:34:08.508 10 INFO neutron.wsgi [None req-5044bb5b-0d4b-4f1e-945f-03e71ab7c717 c539acebbaf0484bba4794f8f9e5f8bf d51e61df3c564d5bbec8fc9c6ea869f6 - - default default] 10.0.0.114 "GET /v2.0/subnetpools?tags-any=blue HTTP/1.1" status: 200 len: 1251 time: 0.0252078
2026-04-23 01:34:08.535 10 INFO neutron.wsgi [None req-6747ea96-5ceb-4d3f-966b-e78650b2cd4e c539acebbaf0484bba4794f8f9e5f8bf d51e61df3c564d5bbec8fc9c6ea869f6 - - default default] 10.0.0.114 "GET /v2.0/subnetpools?tags-any=red%2Cblue HTTP/1.1" status: 200 len: 1758 time: 0.0217919
2026-04-23 01:34:08.565 10 INFO neutron.wsgi [None req-df897a08-845f-4cc7-8fa0-178e18f56590 c539acebbaf0484bba4794f8f9e5f8bf d51e61df3c564d5bbec8fc9c6ea869f6 - - default default] 10.0.0.114 "GET /v2.0/subnetpools?not-tags=red HTTP/1.1" status: 200 len: 1223 time: 0.0265379
2026-04-23 01:34:08.600 10 INFO neutron.wsgi [None req-e3df27e4-7e89-41d6-b943-71f63430f504 c539acebbaf0484bba4794f8f9e5f8bf d51e61df3c564d5bbec8fc9c6ea869f6 - - default default] 10.0.0.114 "GET /v2.0/subnetpools?not-tags=red%2Cblue HTTP/1.1" status: 200 len: 1730 time: 0.0294168
2026-04-23 01:34:08.627 10 INFO neutron.wsgi [None req-38d7e39b-7aa7-4e38-9cdd-7a1755a5f458 c539acebbaf0484bba4794f8f9e5f8bf d51e61df3c564d5bbec8fc9c6ea869f6 - - default default] 10.0.0.114 "GET /v2.0/subnetpools?not-tags-any=blue HTTP/1.1" status: 200 len: 1730 time: 0.0232265
2026-04-23 01:34:08.653 10 INFO neutron.wsgi [None req-37ff938c-f558-4d43-bf4d-5e74d1b814fb c539acebbaf0484bba4794f8f9e5f8bf d51e61df3c564d5bbec8fc9c6ea869f6 - - default default] 10.0.0.114 "GET /v2.0/subnetpools?not-tags-any=red%2Cblue HTTP/1.1" status: 200 len: 1223 time: 0.0211208
2026-04-23 01:34:08.722 10 INFO neutron.wsgi [None req-305e8daa-81c0-45ad-adee-d66d32526914 c539acebbaf0484bba4794f8f9e5f8bf d51e61df3c564d5bbec8fc9c6ea869f6 - - default default] 10.0.0.114 "DELETE /v2.0/subnetpools/14f58c0e-40ea-4174-82ec-da665e88cbe4 HTTP/1.1" status: 204 len: 168 time: 0.0617359
2026-04-23 01:34:08.784 10 INFO neutron.wsgi [None req-4c1485fe-05de-4a0c-b61a-e5c1bf6db786 c539acebbaf0484bba4794f8f9e5f8bf d51e61df3c564d5bbec8fc9c6ea869f6 - - default default] 10.0.0.114 "DELETE /v2.0/subnetpools/6a45505a-e2b3-410d-a421-765c546bd685 HTTP/1.1" status: 204 len: 168 time: 0.0571098
2026-04-23 01:34:08.851 10 INFO neutron.wsgi [None req-799d094e-8da6-40b1-9a75-ce72c1dbf0ac c539acebbaf0484bba4794f8f9e5f8bf d51e61df3c564d5bbec8fc9c6ea869f6 - - default default] 10.0.0.114 "DELETE /v2.0/subnetpools/ab2e9445-6be9-4a2b-9417-b16ef68f0991 HTTP/1.1" status: 204 len: 168 time: 0.0619655
2026-04-23 01:34:08.916 10 INFO neutron.wsgi [None req-cb681b24-c0ea-40df-b259-9887d251f37a c539acebbaf0484bba4794f8f9e5f8bf d51e61df3c564d5bbec8fc9c6ea869f6 - - default default] 10.0.0.114 "DELETE /v2.0/subnetpools/4acfbb10-13ba-4a55-965d-a331872240e1 HTTP/1.1" status: 204 len: 168 time: 0.0598168
2026-04-23 01:34:08.980 10 INFO neutron.wsgi [None req-47f9f8a0-223a-4e77-b4a1-885e59d8c90f c539acebbaf0484bba4794f8f9e5f8bf d51e61df3c564d5bbec8fc9c6ea869f6 - - default default] 10.0.0.114 "DELETE /v2.0/subnetpools/a92c87e2-591d-46b9-908a-5bf4927dff42 HTTP/1.1" status: 204 len: 168 time: 0.0579045
2026-04-23 01:34:10.119 10 INFO neutron.db.ovn_revision_numbers_db [None req-f9220fe7-9fa6-41e4-a87d-953b1252405a bf4043cc0f434387877d79221075a19a 6162cc77efe94e49b38ec87dcb9d6fc9 - - default default] Successfully bumped revision number for resource 304e3b1f-74f4-4b94-861c-61e95fe9b13e (type: security_groups) to 1
2026-04-23 01:34:10.131 10 INFO neutron.db.ovn_revision_numbers_db [None req-f9220fe7-9fa6-41e4-a87d-953b1252405a bf4043cc0f434387877d79221075a19a 6162cc77efe94e49b38ec87dcb9d6fc9 - - default default] Successfully bumped revision number for resource 41f74cb3-9580-4d39-9720-1fbd3215f88d (type: security_group_rules) to 0
2026-04-23 01:34:10.145 10 INFO neutron.db.ovn_revision_numbers_db [None req-f9220fe7-9fa6-41e4-a87d-953b1252405a bf4043cc0f434387877d79221075a19a 6162cc77efe94e49b38ec87dcb9d6fc9 - - default default] Successfully bumped revision number for resource 7dc58e5b-09f8-4944-8766-50357883b7e7 (type: security_group_rules) to 0
2026-04-23 01:34:10.160 10 INFO neutron.db.ovn_revision_numbers_db [None req-f9220fe7-9fa6-41e4-a87d-953b1252405a bf4043cc0f434387877d79221075a19a 6162cc77efe94e49b38ec87dcb9d6fc9 - - default default] Successfully bumped revision number for resource 958e34cc-1198-4e53-9fbb-4d8c3f51b8d9 (type: security_group_rules) to 0
2026-04-23 01:34:10.175 10 INFO neutron.db.ovn_revision_numbers_db [None req-f9220fe7-9fa6-41e4-a87d-953b1252405a bf4043cc0f434387877d79221075a19a 6162cc77efe94e49b38ec87dcb9d6fc9 - - default default] Successfully bumped revision number for resource b3eb6649-274e-450e-8702-2df6a7194527 (type: security_group_rules) to 0
2026-04-23 01:34:10.202 10 INFO neutron.wsgi [None req-f9220fe7-9fa6-41e4-a87d-953b1252405a bf4043cc0f434387877d79221075a19a 6162cc77efe94e49b38ec87dcb9d6fc9 - - default default] 10.0.0.114 "GET /v2.0/security-groups?tenant_id=8dc4208156514fb286faa5d42af93d99&name=default HTTP/1.1" status: 200 len: 3000 time: 0.3867078
2026-04-23 01:34:10.389 10 INFO neutron.wsgi [None req-802799c5-61c8-42ce-8831-b0dec91ee19c bf4043cc0f434387877d79221075a19a 6162cc77efe94e49b38ec87dcb9d6fc9 - - default default] 10.0.0.114 "DELETE /v2.0/security-groups/304e3b1f-74f4-4b94-861c-61e95fe9b13e HTTP/1.1" status: 204 len: 168 time: 0.1806374
2026-04-23 01:34:10.620 10 INFO neutron.db.ovn_revision_numbers_db [None req-466c87dd-af5c-4c9b-8465-888ab1d9396b bf4043cc0f434387877d79221075a19a 6162cc77efe94e49b38ec87dcb9d6fc9 - - default default] Successfully bumped revision number for resource 3e29a523-4602-451f-aa3c-aa6bfc21f686 (type: security_groups) to 1
2026-04-23 01:34:10.633 10 INFO neutron.db.ovn_revision_numbers_db [None req-466c87dd-af5c-4c9b-8465-888ab1d9396b bf4043cc0f434387877d79221075a19a 6162cc77efe94e49b38ec87dcb9d6fc9 - - default default] Successfully bumped revision number for resource 14c3ad4c-b9a4-43c6-982b-6e4aaa769ed3 (type: security_group_rules) to 0
2026-04-23 01:34:10.650 10 INFO neutron.db.ovn_revision_numbers_db [None req-466c87dd-af5c-4c9b-8465-888ab1d9396b bf4043cc0f434387877d79221075a19a 6162cc77efe94e49b38ec87dcb9d6fc9 - - default default] Successfully bumped revision number for resource 23b87da1-28a0-42be-a507-d166e3c5f955 (type: security_group_rules) to 0
2026-04-23 01:34:10.666 10 INFO neutron.db.ovn_revision_numbers_db [None req-466c87dd-af5c-4c9b-8465-888ab1d9396b bf4043cc0f434387877d79221075a19a 6162cc77efe94e49b38ec87dcb9d6fc9 - - default default] Successfully bumped revision number for resource 314f69d1-1b91-4a6f-abb5-02767efcf461 (type: security_group_rules) to 0
2026-04-23 01:34:10.685 10 INFO neutron.db.ovn_revision_numbers_db [None req-466c87dd-af5c-4c9b-8465-888ab1d9396b bf4043cc0f434387877d79221075a19a 6162cc77efe94e49b38ec87dcb9d6fc9 - - default default] Successfully bumped revision number for resource affe0df2-9335-4363-bdd6-12650f0f285b (type: security_group_rules) to 0
2026-04-23 01:34:10.710 10 INFO neutron.wsgi [None req-466c87dd-af5c-4c9b-8465-888ab1d9396b bf4043cc0f434387877d79221075a19a 6162cc77efe94e49b38ec87dcb9d6fc9 - - default default] 10.0.0.114 "GET /v2.0/security-groups?tenant_id=7615b9b74b43486b9549c2159faf8fff&name=default HTTP/1.1" status: 200 len: 3000 time: 0.2252171
2026-04-23 01:34:11.106 10 INFO neutron.wsgi [None req-22e99cdc-d2d5-4c95-9295-507b8d9673d0 bf4043cc0f434387877d79221075a19a 6162cc77efe94e49b38ec87dcb9d6fc9 - - default default] 10.0.0.114 "DELETE /v2.0/security-groups/3e29a523-4602-451f-aa3c-aa6bfc21f686 HTTP/1.1" status: 204 len: 168 time: 0.3906519
2026-04-23 01:34:11.386 9 INFO neutron.db.ovn_revision_numbers_db [None req-40279f54-03d1-4cc5-8ab9-f52fcbe16b7e bf4043cc0f434387877d79221075a19a 6162cc77efe94e49b38ec87dcb9d6fc9 - - default default] Successfully bumped revision number for resource 9372c793-f506-4167-9263-6c988597afd4 (type: security_groups) to 1
2026-04-23 01:34:11.405 9 INFO neutron.db.ovn_revision_numbers_db [None req-40279f54-03d1-4cc5-8ab9-f52fcbe16b7e bf4043cc0f434387877d79221075a19a 6162cc77efe94e49b38ec87dcb9d6fc9 - - default default] Successfully bumped revision number for resource 13da873e-d1f5-4a7c-b1f3-96b730fee7dd (type: security_group_rules) to 0
2026-04-23 01:34:11.424 9 INFO neutron.db.ovn_revision_numbers_db [None req-40279f54-03d1-4cc5-8ab9-f52fcbe16b7e bf4043cc0f434387877d79221075a19a 6162cc77efe94e49b38ec87dcb9d6fc9 - - default default] Successfully bumped revision number for resource 874a6d50-e35b-4431-9010-a7cffe7fe427 (type: security_group_rules) to 0
2026-04-23 01:34:11.439 9 INFO neutron.db.ovn_revision_numbers_db [None req-40279f54-03d1-4cc5-8ab9-f52fcbe16b7e bf4043cc0f434387877d79221075a19a 6162cc77efe94e49b38ec87dcb9d6fc9 - - default default] Successfully bumped revision number for resource 945a87dc-8957-4b99-b5e6-aeb85f3cc756 (type: security_group_rules) to 0
2026-04-23 01:34:11.455 9 INFO neutron.db.ovn_revision_numbers_db [None req-40279f54-03d1-4cc5-8ab9-f52fcbe16b7e bf4043cc0f434387877d79221075a19a 6162cc77efe94e49b38ec87dcb9d6fc9 - - default default] Successfully bumped revision number for resource 9fb3d9ea-ba0f-43ce-ac6e-8507c456028b (type: security_group_rules) to 0
2026-04-23 01:34:11.479 9 INFO neutron.wsgi [None req-40279f54-03d1-4cc5-8ab9-f52fcbe16b7e bf4043cc0f434387877d79221075a19a 6162cc77efe94e49b38ec87dcb9d6fc9 - - default default] 10.0.0.114 "GET /v2.0/security-groups?tenant_id=d51e61df3c564d5bbec8fc9c6ea869f6&name=default HTTP/1.1" status: 200 len: 3000 time: 0.2173514
2026-04-23 01:34:11.697 9 INFO neutron.wsgi [None req-04d8627e-d546-4a89-b2f1-caf3b16e186a bf4043cc0f434387877d79221075a19a 6162cc77efe94e49b38ec87dcb9d6fc9 - - default default] 10.0.0.114 "DELETE /v2.0/security-groups/9372c793-f506-4167-9263-6c988597afd4 HTTP/1.1" status: 204 len: 168 time: 0.2134879
2026-04-23 01:34:14.924 10 INFO neutron.wsgi [None req-8c126a9a-5acc-4e29-b939-5ab3b103f111 c9146d49b4fd4fe9b4158065fca4c941 259aec8eaadb481c907259de2cfd85b2 - - default default] 10.0.0.114 "POST /v2.0/qos/policies HTTP/1.1" status: 201 len: 558 time: 0.2010024
2026-04-23 01:34:14.955 9 INFO neutron.wsgi [None req-0f7aef95-55d7-45ac-ab31-d7f8d07f3968 c9146d49b4fd4fe9b4158065fca4c941 259aec8eaadb481c907259de2cfd85b2 - - default default] 10.0.0.114 "PUT /v2.0/policies/02e2257f-f8a8-4e97-81d3-3289b8fd5a1d/tags HTTP/1.1" status: 200 len: 218 time: 0.0242598
2026-04-23 01:34:14.979 9 INFO neutron.wsgi [None req-7ccf9279-9dd9-41b9-a93e-167eafcf7701 c9146d49b4fd4fe9b4158065fca4c941 259aec8eaadb481c907259de2cfd85b2 - - default default] 10.0.0.114 "GET /v2.0/policies/02e2257f-f8a8-4e97-81d3-3289b8fd5a1d/tags HTTP/1.1" status: 200 len: 218 time: 0.0160005
2026-04-23 01:34:15.011 9 INFO neutron.wsgi [None req-4018cc38-e880-4d0e-9dfd-c12a3c7e353c c9146d49b4fd4fe9b4158065fca4c941 259aec8eaadb481c907259de2cfd85b2 - - default default] 10.0.0.114 "PUT /v2.0/policies/02e2257f-f8a8-4e97-81d3-3289b8fd5a1d/tags/green HTTP/1.1" status: 201 len: 201 time: 0.0268035
2026-04-23 01:34:15.033 10 INFO neutron.wsgi [None req-48288bd7-dbff-4471-8798-15bebb579fae c9146d49b4fd4fe9b4158065fca4c941 259aec8eaadb481c907259de2cfd85b2 - - default default] 10.0.0.114 "GET /v2.0/policies/02e2257f-f8a8-4e97-81d3-3289b8fd5a1d/tags HTTP/1.1" status: 200 len: 227 time: 0.0170813
2026-04-23 01:34:15.060 10 INFO neutron.wsgi [None req-b645afc8-710f-4ff0-af5c-01697228d889 c9146d49b4fd4fe9b4158065fca4c941 259aec8eaadb481c907259de2cfd85b2 - - default default] 10.0.0.114 "PUT /v2.0/policies/02e2257f-f8a8-4e97-81d3-3289b8fd5a1d/tags/red HTTP/1.1" status: 201 len: 201 time: 0.0208578
2026-04-23 01:34:15.079 10 INFO neutron.wsgi [None req-b528d4a0-9796-4a7d-bbae-1814c441c717 c9146d49b4fd4fe9b4158065fca4c941 259aec8eaadb481c907259de2cfd85b2 - - default default] 10.0.0.114 "GET /v2.0/policies/02e2257f-f8a8-4e97-81d3-3289b8fd5a1d/tags HTTP/1.1" status: 200 len: 227 time: 0.0148551
2026-04-23 01:34:15.122 10 INFO neutron.wsgi [None req-55de2746-b048-44f9-930c-d9fc44645035 c9146d49b4fd4fe9b4158065fca4c941 259aec8eaadb481c907259de2cfd85b2 - - default default] 10.0.0.114 "PUT /v2.0/policies/02e2257f-f8a8-4e97-81d3-3289b8fd5a1d/tags/black.or.white HTTP/1.1" status: 201 len: 201 time: 0.0373697
2026-04-23 01:34:15.147 10 INFO neutron.wsgi [None req-2f3ccc0c-79d3-4a54-8ba6-2e90d2761787 c9146d49b4fd4fe9b4158065fca4c941 259aec8eaadb481c907259de2cfd85b2 - - default default] 10.0.0.114 "GET /v2.0/policies/02e2257f-f8a8-4e97-81d3-3289b8fd5a1d/tags HTTP/1.1" status: 200 len: 245 time: 0.0182965
2026-04-23 01:34:15.183 10 INFO neutron.wsgi [None req-a37cc9fb-8e7b-4a5a-bd54-98b437fbef3d c9146d49b4fd4fe9b4158065fca4c941 259aec8eaadb481c907259de2cfd85b2 - - default default] 10.0.0.114 "PUT /v2.0/policies/02e2257f-f8a8-4e97-81d3-3289b8fd5a1d/tags HTTP/1.1" status: 200 len: 230 time: 0.0318272
2026-04-23 01:34:15.206 10 INFO neutron.wsgi [None req-63c7810a-22e0-44d5-847e-f8921a42aa69 c9146d49b4fd4fe9b4158065fca4c941 259aec8eaadb481c907259de2cfd85b2 - - default default] 10.0.0.114 "GET /v2.0/policies/02e2257f-f8a8-4e97-81d3-3289b8fd5a1d/tags HTTP/1.1" status: 200 len: 230 time: 0.0180905
2026-04-23 01:34:15.227 10 INFO neutron.wsgi [None req-d9e6293c-0061-419d-a01d-7b2af2362251 c9146d49b4fd4fe9b4158065fca4c941 259aec8eaadb481c907259de2cfd85b2 - - default default] 10.0.0.114 "GET /v2.0/policies/02e2257f-f8a8-4e97-81d3-3289b8fd5a1d/tags/red HTTP/1.1" status: 204 len: 168 time: 0.0167134
2026-04-23 01:34:15.246 10 INFO neutron.api.v2.resource [None req-ef4747a8-a756-478a-9e33-192ba6c50951 c9146d49b4fd4fe9b4158065fca4c941 259aec8eaadb481c907259de2cfd85b2 - - default default] show failed (client error): The resource could not be found.
2026-04-23 01:34:15.247 10 INFO neutron.wsgi [None req-ef4747a8-a756-478a-9e33-192ba6c50951 c9146d49b4fd4fe9b4158065fca4c941 259aec8eaadb481c907259de2cfd85b2 - - default default] 10.0.0.114 "GET /v2.0/policies/02e2257f-f8a8-4e97-81d3-3289b8fd5a1d/tags/green HTTP/1.1" status: 404 len: 299 time: 0.0152309
2026-04-23 01:34:15.282 10 INFO neutron.wsgi [None req-b2dd9c2b-7612-49b9-bb54-eff6fdf2a327 c9146d49b4fd4fe9b4158065fca4c941 259aec8eaadb481c907259de2cfd85b2 - - default default] 10.0.0.114 "DELETE /v2.0/policies/02e2257f-f8a8-4e97-81d3-3289b8fd5a1d/tags/red HTTP/1.1" status: 204 len: 168 time: 0.0300713
2026-04-23 01:34:15.303 10 INFO neutron.wsgi [None req-bfc81065-9365-4e5b-9637-a63d0f9acebd c9146d49b4fd4fe9b4158065fca4c941 259aec8eaadb481c907259de2cfd85b2 - - default default] 10.0.0.114 "GET /v2.0/policies/02e2257f-f8a8-4e97-81d3-3289b8fd5a1d/tags HTTP/1.1" status: 200 len: 223 time: 0.0175073
2026-04-23 01:34:15.327 10 INFO neutron.api.v2.resource [None req-a96c6404-8f52-44c1-a137-3e0534ea6eeb c9146d49b4fd4fe9b4158065fca4c941 259aec8eaadb481c907259de2cfd85b2 - - default default] delete failed (client error): The resource could not be found.
2026-04-23 01:34:15.329 10 INFO neutron.wsgi [None req-a96c6404-8f52-44c1-a137-3e0534ea6eeb c9146d49b4fd4fe9b4158065fca4c941 259aec8eaadb481c907259de2cfd85b2 - - default default] 10.0.0.114 "DELETE /v2.0/policies/02e2257f-f8a8-4e97-81d3-3289b8fd5a1d/tags/green HTTP/1.1" status: 404 len: 299 time: 0.0213084
2026-04-23 01:34:15.361 10 INFO neutron.wsgi [None req-9889e9af-b4de-4d91-baff-2667e8f71ced c9146d49b4fd4fe9b4158065fca4c941 259aec8eaadb481c907259de2cfd85b2 - - default default] 10.0.0.114 "DELETE /v2.0/policies/02e2257f-f8a8-4e97-81d3-3289b8fd5a1d/tags HTTP/1.1" status: 204 len: 168 time: 0.0285079
2026-04-23 01:34:15.387 9 INFO neutron.wsgi [None req-2b40781b-3754-4019-b7b4-b7d223deef1e c9146d49b4fd4fe9b4158065fca4c941 259aec8eaadb481c907259de2cfd85b2 - - default default] 10.0.0.114 "GET /v2.0/policies/02e2257f-f8a8-4e97-81d3-3289b8fd5a1d/tags HTTP/1.1" status: 200 len: 205 time: 0.0205843
2026-04-23 01:34:15.447 9 INFO neutron.wsgi [None req-c32f83f2-fb73-423e-ae04-463202169f2c c9146d49b4fd4fe9b4158065fca4c941 259aec8eaadb481c907259de2cfd85b2 - - default default] 10.0.0.114 "DELETE /v2.0/qos/policies/02e2257f-f8a8-4e97-81d3-3289b8fd5a1d HTTP/1.1" status: 204 len: 168 time: 0.0527663
2026-04-23 01:34:16.258 10 INFO neutron.wsgi [req-e89ff449-c14c-4aa3-a367-f1b3f9546efe req-43930a54-64f7-4e75-887e-cc0803222483 670f2b3f99184349923129a61236afa2 434c52c271df47cf938a34dbc3ad05a3 - - 1aaf39911e524cf8a4d86f572088f256 1aaf39911e524cf8a4d86f572088f256] 10.0.0.167 "GET /v2.0/ports?device_id=a5d22b7e-87fc-47ba-a4c6-5de4875ea592 HTTP/1.1" status: 200 len: 1642 time: 0.0510063
2026-04-23 01:34:16.310 10 INFO neutron.wsgi [req-e89ff449-c14c-4aa3-a367-f1b3f9546efe req-b75cd9cd-e61e-439f-bed3-43d05b4d2d28 670f2b3f99184349923129a61236afa2 434c52c271df47cf938a34dbc3ad05a3 - - 1aaf39911e524cf8a4d86f572088f256 1aaf39911e524cf8a4d86f572088f256] 10.0.0.167 "GET /v2.0/security-groups?id=a43ddf66-cb5b-4cbe-93cf-1666f7df02c5&fields=id&fields=name HTTP/1.1" status: 200 len: 310 time: 0.0448709
2026-04-23 01:34:16.377 10 INFO neutron.db.ovn_revision_numbers_db [None req-c99c8092-b6b3-4924-90c0-d4bee0a0d419 bf4043cc0f434387877d79221075a19a 6162cc77efe94e49b38ec87dcb9d6fc9 - - default default] Successfully bumped revision number for resource b29f0195-7dbc-4b3c-ace0-95de7cbb810e (type: security_groups) to 1
2026-04-23 01:34:16.393 10 INFO neutron.db.ovn_revision_numbers_db [None req-c99c8092-b6b3-4924-90c0-d4bee0a0d419 bf4043cc0f434387877d79221075a19a 6162cc77efe94e49b38ec87dcb9d6fc9 - - default default] Successfully bumped revision number for resource 088f7b51-3694-4d6d-bde3-5225355b0fdd (type: security_group_rules) to 0
2026-04-23 01:34:16.409 10 INFO neutron.db.ovn_revision_numbers_db [None req-c99c8092-b6b3-4924-90c0-d4bee0a0d419 bf4043cc0f434387877d79221075a19a 6162cc77efe94e49b38ec87dcb9d6fc9 - - default default] Successfully bumped revision number for resource 3185b31f-ff3d-4837-ac8c-96332874fb48 (type: security_group_rules) to 0
2026-04-23 01:34:16.426 10 INFO neutron.db.ovn_revision_numbers_db [None req-c99c8092-b6b3-4924-90c0-d4bee0a0d419 bf4043cc0f434387877d79221075a19a 6162cc77efe94e49b38ec87dcb9d6fc9 - - default default] Successfully bumped revision number for resource ae4024b4-6af2-4237-ba3a-7f32f74bf782 (type: security_group_rules) to 0
2026-04-23 01:34:16.441 10 INFO neutron.db.ovn_revision_numbers_db [None req-c99c8092-b6b3-4924-90c0-d4bee0a0d419 bf4043cc0f434387877d79221075a19a 6162cc77efe94e49b38ec87dcb9d6fc9 - - default default] Successfully bumped revision number for resource db23df4d-db23-4891-9c8d-aae982b5de37 (type: security_group_rules) to 0
2026-04-23 01:34:16.470 10 INFO neutron.wsgi [None req-c99c8092-b6b3-4924-90c0-d4bee0a0d419 bf4043cc0f434387877d79221075a19a 6162cc77efe94e49b38ec87dcb9d6fc9 - - default default] 10.0.0.114 "GET /v2.0/security-groups?tenant_id=20d8a14add7347c8adb654e2293ab051&name=default HTTP/1.1" status: 200 len: 3000 time: 0.3701227
2026-04-23 01:34:16.715 10 INFO neutron.wsgi [None req-1a3d6c40-e425-4627-9b46-6a7235cdde9b bf4043cc0f434387877d79221075a19a 6162cc77efe94e49b38ec87dcb9d6fc9 - - default default] 10.0.0.114 "DELETE /v2.0/security-groups/b29f0195-7dbc-4b3c-ace0-95de7cbb810e HTTP/1.1" status: 204 len: 168 time: 0.2396176
2026-04-23 01:34:16.918 9 INFO neutron.db.ovn_revision_numbers_db [None req-95cf6246-f990-4e0d-9502-2c131ac64886 bf4043cc0f434387877d79221075a19a 6162cc77efe94e49b38ec87dcb9d6fc9 - - default default] Successfully bumped revision number for resource a80dbd3d-ff19-41ef-b632-f2f0362e40ca (type: security_groups) to 1
2026-04-23 01:34:16.936 9 INFO neutron.db.ovn_revision_numbers_db [None req-95cf6246-f990-4e0d-9502-2c131ac64886 bf4043cc0f434387877d79221075a19a 6162cc77efe94e49b38ec87dcb9d6fc9 - - default default] Successfully bumped revision number for resource 2032892d-2991-462d-a1df-ce037eba340b (type: security_group_rules) to 0
2026-04-23 01:34:16.949 9 INFO neutron.db.ovn_revision_numbers_db [None req-95cf6246-f990-4e0d-9502-2c131ac64886 bf4043cc0f434387877d79221075a19a 6162cc77efe94e49b38ec87dcb9d6fc9 - - default default] Successfully bumped revision number for resource 5ce6049c-d5e5-44fc-8ad3-6da4e141e52f (type: security_group_rules) to 0
2026-04-23 01:34:16.962 9 INFO neutron.db.ovn_revision_numbers_db [None req-95cf6246-f990-4e0d-9502-2c131ac64886 bf4043cc0f434387877d79221075a19a 6162cc77efe94e49b38ec87dcb9d6fc9 - - default default] Successfully bumped revision number for resource cbc1f0e2-40c5-4ce2-9a98-420b36a44280 (type: security_group_rules) to 0
2026-04-23 01:34:16.975 9 INFO neutron.db.ovn_revision_numbers_db [None req-95cf6246-f990-4e0d-9502-2c131ac64886 bf4043cc0f434387877d79221075a19a 6162cc77efe94e49b38ec87dcb9d6fc9 - - default default] Successfully bumped revision number for resource ef828670-5ff6-415b-a5a7-429a7f9f3004 (type: security_group_rules) to 0
2026-04-23 01:34:16.997 9 INFO neutron.wsgi [None req-95cf6246-f990-4e0d-9502-2c131ac64886 bf4043cc0f434387877d79221075a19a 6162cc77efe94e49b38ec87dcb9d6fc9 - - default default] 10.0.0.114 "GET /v2.0/security-groups?tenant_id=259aec8eaadb481c907259de2cfd85b2&name=default HTTP/1.1" status: 200 len: 3000 time: 0.1876414
2026-04-23 01:34:17.198 9 INFO neutron.wsgi [None req-5b8ab7ca-0a10-4af1-91fc-e9f73c43c0fe bf4043cc0f434387877d79221075a19a 6162cc77efe94e49b38ec87dcb9d6fc9 - - default default] 10.0.0.114 "DELETE /v2.0/security-groups/a80dbd3d-ff19-41ef-b632-f2f0362e40ca HTTP/1.1" status: 204 len: 168 time: 0.1964383
2026-04-23 01:34:17.975 9 INFO neutron.wsgi [-] 10.0.0.87 "GET / HTTP/1.1" status: 200 len: 247 time: 0.0028236
2026-04-23 01:34:17.976 10 INFO neutron.wsgi [-] 10.0.0.87 "GET / HTTP/1.1" status: 200 len: 247 time: 0.0032737
2026-04-23 01:34:20.711 9 WARNING neutron_lib.context [None req-ff7966c5-097a-4315-a1c5-a7278ca7b6f3 49329293ac4d41d4b1c956593366c1e3 752b91903a444c719429ff9827774f68 - - default default] Method 'is_advsvc' is deprecated since 2023.2 release (neutron-lib 3.8.0) and will be removed once support for the old RBAC API policies will be removed from Neutron. Please use method 'is_service_role' instead.
2026-04-23 01:34:20.835 9 INFO neutron.db.ovn_revision_numbers_db [None req-ff7966c5-097a-4315-a1c5-a7278ca7b6f3 49329293ac4d41d4b1c956593366c1e3 752b91903a444c719429ff9827774f68 - - default default] Successfully bumped revision number for resource 39e28df8-b88d-448f-b52a-3652940b1f52 (type: security_groups) to 1
2026-04-23 01:34:20.852 9 INFO neutron.db.ovn_revision_numbers_db [None req-ff7966c5-097a-4315-a1c5-a7278ca7b6f3 49329293ac4d41d4b1c956593366c1e3 752b91903a444c719429ff9827774f68 - - default default] Successfully bumped revision number for resource 05617bd9-12f3-4517-b7f6-64ff115a9d63 (type: security_group_rules) to 0
2026-04-23 01:34:20.866 9 INFO neutron.db.ovn_revision_numbers_db [None req-ff7966c5-097a-4315-a1c5-a7278ca7b6f3 49329293ac4d41d4b1c956593366c1e3 752b91903a444c719429ff9827774f68 - - default default] Successfully bumped revision number for resource 677b314d-89d1-4c09-954f-f7ab8e722fd0 (type: security_group_rules) to 0
2026-04-23 01:34:20.881 9 INFO neutron.db.ovn_revision_numbers_db [None req-ff7966c5-097a-4315-a1c5-a7278ca7b6f3 49329293ac4d41d4b1c956593366c1e3 752b91903a444c719429ff9827774f68 - - default default] Successfully bumped revision number for resource c9e2dc7a-30bd-46de-9149-d3bd078b79c7 (type: security_group_rules) to 0
2026-04-23 01:34:20.900 9 INFO neutron.db.ovn_revision_numbers_db [None req-ff7966c5-097a-4315-a1c5-a7278ca7b6f3 49329293ac4d41d4b1c956593366c1e3 752b91903a444c719429ff9827774f68 - - default default] Successfully bumped revision number for resource e674ed9e-79ad-423e-946a-deac04e7705b (type: security_group_rules) to 0
2026-04-23 01:34:20.951 9 INFO neutron.db.segments_db [None req-ff7966c5-097a-4315-a1c5-a7278ca7b6f3 49329293ac4d41d4b1c956593366c1e3 752b91903a444c719429ff9827774f68 - - default default] Added segment 2c04e6e9-9da3-48db-8c7b-77b3f33c9a35 of type geneve for network 17b9f410-ba0d-4149-8089-6edc6f607fdb
2026-04-23 01:34:21.102 9 INFO neutron.db.ovn_revision_numbers_db [None req-ff7966c5-097a-4315-a1c5-a7278ca7b6f3 49329293ac4d41d4b1c956593366c1e3 752b91903a444c719429ff9827774f68 - - default default] Successfully bumped revision number for resource 17b9f410-ba0d-4149-8089-6edc6f607fdb (type: networks) to 1
2026-04-23 01:34:21.297 9 WARNING neutron.scheduler.dhcp_agent_scheduler [None req-ff7966c5-097a-4315-a1c5-a7278ca7b6f3 49329293ac4d41d4b1c956593366c1e3 752b91903a444c719429ff9827774f68 - - default default] No more DHCP agents
2026-04-23 01:34:21.299 9 WARNING neutron.api.rpc.agentnotifiers.dhcp_rpc_agent_api [None req-ff7966c5-097a-4315-a1c5-a7278ca7b6f3 49329293ac4d41d4b1c956593366c1e3 752b91903a444c719429ff9827774f68 - - default default] Unable to schedule network 17b9f410-ba0d-4149-8089-6edc6f607fdb: no agents available; will retry on subsequent port and subnet creation events.
2026-04-23 01:34:21.384 9 INFO neutron.db.ovn_revision_numbers_db [None req-ff7966c5-097a-4315-a1c5-a7278ca7b6f3 49329293ac4d41d4b1c956593366c1e3 752b91903a444c719429ff9827774f68 - - default default] Successfully bumped revision number for resource a562ad52-5819-47b9-b9da-f24685e0b3ec (type: ports) to 1
2026-04-23 01:34:21.407 9 INFO neutron.wsgi [None req-ff7966c5-097a-4315-a1c5-a7278ca7b6f3 49329293ac4d41d4b1c956593366c1e3 752b91903a444c719429ff9827774f68 - - default default] 10.0.0.114 "POST /v2.0/networks HTTP/1.1" status: 201 len: 831 time: 0.8854442
2026-04-23 01:34:21.416 9 WARNING neutron_lib.context [None req-36181129-6d92-4149-bf76-2cd805aebc7b 49329293ac4d41d4b1c956593366c1e3 752b91903a444c719429ff9827774f68 - - default default] Method 'is_advsvc' is deprecated since 2023.2 release (neutron-lib 3.8.0) and will be removed once support for the old RBAC API policies will be removed from Neutron. Please use method 'is_service_role' instead.
2026-04-23 01:34:21.499 9 INFO neutron.db.segments_db [None req-36181129-6d92-4149-bf76-2cd805aebc7b 49329293ac4d41d4b1c956593366c1e3 752b91903a444c719429ff9827774f68 - - default default] Added segment c535f088-0f23-4b9b-b535-d08f9f9a78f1 of type geneve for network 0757e426-bb40-449d-bf83-2629088981c1
2026-04-23 01:34:21.646 9 INFO neutron.db.ovn_revision_numbers_db [None req-36181129-6d92-4149-bf76-2cd805aebc7b 49329293ac4d41d4b1c956593366c1e3 752b91903a444c719429ff9827774f68 - - default default] Successfully bumped revision number for resource 0757e426-bb40-449d-bf83-2629088981c1 (type: networks) to 1
2026-04-23 01:34:21.816 9 WARNING neutron.scheduler.dhcp_agent_scheduler [None req-36181129-6d92-4149-bf76-2cd805aebc7b 49329293ac4d41d4b1c956593366c1e3 752b91903a444c719429ff9827774f68 - - default default] No more DHCP agents
2026-04-23 01:34:21.818 9 WARNING neutron.api.rpc.agentnotifiers.dhcp_rpc_agent_api [None req-36181129-6d92-4149-bf76-2cd805aebc7b 49329293ac4d41d4b1c956593366c1e3 752b91903a444c719429ff9827774f68 - - default default] Unable to schedule network 0757e426-bb40-449d-bf83-2629088981c1: no agents available; will retry on subsequent port and subnet creation events.
2026-04-23 01:34:21.889 9 INFO neutron.db.ovn_revision_numbers_db [None req-36181129-6d92-4149-bf76-2cd805aebc7b 49329293ac4d41d4b1c956593366c1e3 752b91903a444c719429ff9827774f68 - - default default] Successfully bumped revision number for resource 43e0d02c-2e65-42f1-83a4-40279ff7b87f (type: ports) to 1
2026-04-23 01:34:21.908 9 INFO neutron.wsgi [None req-36181129-6d92-4149-bf76-2cd805aebc7b 49329293ac4d41d4b1c956593366c1e3 752b91903a444c719429ff9827774f68 - - default default] 10.0.0.114 "POST /v2.0/networks HTTP/1.1" status: 201 len: 831 time: 0.4970293
