2026-04-23 01:31:17.222 10 INFO neutron.db.ovn_revision_numbers_db [None req-b4246aec-207f-44ee-afa3-86ef2578bf2d - - - - - -] Successfully bumped revision number for resource 5d94babd-89ae-486c-9186-957236dac10b (type: ports) to 3
2026-04-23 01:31:17.385 10 INFO neutron.db.ovn_revision_numbers_db [None req-b4246aec-207f-44ee-afa3-86ef2578bf2d - - - - - -] Successfully bumped revision number for resource 5d94babd-89ae-486c-9186-957236dac10b (type: router_ports) to 3
2026-04-23 01:31:17.418 9 WARNING neutron.scheduler.dhcp_agent_scheduler [None req-c8abb667-6e4e-44dd-a3df-3ae2e483c681 f598c37854e244fbbe26ebcf99c60929 dba6069e29834d48bf71fe250abf78c3 - - default default] No more DHCP agents
2026-04-23 01:31:17.422 9 WARNING neutron.api.rpc.agentnotifiers.dhcp_rpc_agent_api [None req-c8abb667-6e4e-44dd-a3df-3ae2e483c681 f598c37854e244fbbe26ebcf99c60929 dba6069e29834d48bf71fe250abf78c3 - - default default] Unable to schedule network 199a01e6-1e32-4fbc-ae4b-fc7d3a57ed35: no agents available; will retry on subsequent port and subnet creation events.
2026-04-23 01:31:17.507 9 INFO neutron.db.ovn_revision_numbers_db [None req-c8abb667-6e4e-44dd-a3df-3ae2e483c681 f598c37854e244fbbe26ebcf99c60929 dba6069e29834d48bf71fe250abf78c3 - - default default] Successfully bumped revision number for resource 18c3e8ec-e420-4201-aaf4-46750b4692bc (type: ports) to 1
2026-04-23 01:31:17.510 10 INFO neutron.wsgi [None req-a6aa6fa5-4a55-4a70-84fc-ad5e4f662ed4 bf4043cc0f434387877d79221075a19a 6162cc77efe94e49b38ec87dcb9d6fc9 - - default default] 10.0.0.114 "DELETE /v2.0/security-groups/975f021f-a591-4bf2-8e8c-056c549042ec HTTP/1.1" status: 204 len: 168 time: 0.4075096
2026-04-23 01:31:17.583 9 INFO neutron.db.ovn_revision_numbers_db [None req-c8abb667-6e4e-44dd-a3df-3ae2e483c681 f598c37854e244fbbe26ebcf99c60929 dba6069e29834d48bf71fe250abf78c3 - - default default] Successfully bumped revision number for resource d8dbb69f-d68b-4c22-990a-82932bb48e7e (type: networks) to 1
2026-04-23 01:31:17.632 10 INFO neutron.db.ovn_revision_numbers_db [None req-adf0ceae-1ba3-406e-aff9-442e2ce288fa 6cbb01a18d1f4b82ad85bb5548dfb8b3 48cbdbc819844530bf75ca857975cf67 - - default default] Successfully bumped revision number for resource 5d94babd-89ae-486c-9186-957236dac10b (type: ports) to 3
2026-04-23 01:31:17.707 10 WARNING neutron.scheduler.dhcp_agent_scheduler [None req-adf0ceae-1ba3-406e-aff9-442e2ce288fa 6cbb01a18d1f4b82ad85bb5548dfb8b3 48cbdbc819844530bf75ca857975cf67 - - default default] No more DHCP agents
2026-04-23 01:31:17.708 10 WARNING neutron.api.rpc.agentnotifiers.dhcp_rpc_agent_api [None req-adf0ceae-1ba3-406e-aff9-442e2ce288fa 6cbb01a18d1f4b82ad85bb5548dfb8b3 48cbdbc819844530bf75ca857975cf67 - - default default] Unable to schedule network 451a9a8f-7090-48e2-bcde-b519accedc1b: no agents available; will retry on subsequent port and subnet creation events.
2026-04-23 01:31:17.786 9 WARNING neutron.scheduler.dhcp_agent_scheduler [None req-c8abb667-6e4e-44dd-a3df-3ae2e483c681 f598c37854e244fbbe26ebcf99c60929 dba6069e29834d48bf71fe250abf78c3 - - default default] No more DHCP agents
2026-04-23 01:31:17.788 9 WARNING neutron.api.rpc.agentnotifiers.dhcp_rpc_agent_api [None req-c8abb667-6e4e-44dd-a3df-3ae2e483c681 f598c37854e244fbbe26ebcf99c60929 dba6069e29834d48bf71fe250abf78c3 - - default default] Unable to schedule network d8dbb69f-d68b-4c22-990a-82932bb48e7e: no agents available; will retry on subsequent port and subnet creation events.
2026-04-23 01:31:17.827 10 INFO neutron.db.ovn_revision_numbers_db [None req-adf0ceae-1ba3-406e-aff9-442e2ce288fa 6cbb01a18d1f4b82ad85bb5548dfb8b3 48cbdbc819844530bf75ca857975cf67 - - default default] Successfully bumped revision number for resource 5d94babd-89ae-486c-9186-957236dac10b (type: router_ports) to 3
2026-04-23 01:31:17.829 10 INFO neutron.wsgi [None req-adf0ceae-1ba3-406e-aff9-442e2ce288fa 6cbb01a18d1f4b82ad85bb5548dfb8b3 48cbdbc819844530bf75ca857975cf67 - - default default] 10.0.0.114 "PUT /v2.0/routers/af68c276-f5ee-4231-ba53-7ce7bf216dd1/add_router_interface HTTP/1.1" status: 200 len: 503 time: 1.6315830 /var/lib/openstack/lib/python3.10/site-packages/pycadf/identifier.py:71: UserWarning: Invalid uuid: neutron. To ensure interoperability, identifiers should be a valid uuid. warnings.warn(('Invalid uuid: %s. To ensure interoperability, '
2026-04-23 01:31:17.877 9 INFO neutron.db.ovn_revision_numbers_db [None req-c8abb667-6e4e-44dd-a3df-3ae2e483c681 f598c37854e244fbbe26ebcf99c60929 dba6069e29834d48bf71fe250abf78c3 - - default default] Successfully bumped revision number for resource 44a55d54-2e2f-4140-99f4-423bcfe2b4ea (type: ports) to 1
2026-04-23 01:31:17.901 9 INFO neutron.wsgi [None req-c8abb667-6e4e-44dd-a3df-3ae2e483c681 f598c37854e244fbbe26ebcf99c60929 dba6069e29834d48bf71fe250abf78c3 - - default default] 10.0.0.114 "POST /v2.0/networks HTTP/1.1" status: 201 len: 1446 time: 1.4505296
2026-04-23 01:31:17.918 10 INFO neutron.wsgi [None req-87068006-f86b-4d3c-9bf5-e07f7d3eb104 6cbb01a18d1f4b82ad85bb5548dfb8b3 48cbdbc819844530bf75ca857975cf67 - - default default] 10.0.0.114 "GET /v2.0/ports/5d94babd-89ae-486c-9186-957236dac10b HTTP/1.1" status: 200 len: 1221 time: 0.0783422
2026-04-23 01:31:17.973 10 INFO neutron.wsgi [-] 10.0.0.87 "GET / HTTP/1.1" status: 200 len: 247 time: 0.0011818
2026-04-23 01:31:17.973 9 INFO neutron.wsgi [-] 10.0.0.87 "GET / HTTP/1.1" status: 200 len: 247 time: 0.0015912
2026-04-23 01:31:18.012 9 INFO neutron.wsgi [None req-5a07f889-718a-4ffd-98e8-202e4a408a6e f598c37854e244fbbe26ebcf99c60929 dba6069e29834d48bf71fe250abf78c3 - - default default] 10.0.0.114 "GET /v2.0/networks HTTP/1.1" status: 200 len: 2052 time: 0.1051397
2026-04-23 01:31:18.368 9 INFO neutron.services.segments.plugin [-] Segment a268fd01-5d66-4362-8e30-12e693480b4a resource provider aggregate not found
2026-04-23 01:31:18.372 9 INFO neutron.services.segments.plugin [-] Segment a268fd01-5d66-4362-8e30-12e693480b4a resource provider aggregate not found
2026-04-23 01:31:18.386 9 INFO neutron.services.segments.plugin [-] Segment a268fd01-5d66-4362-8e30-12e693480b4a resource provider not found; error: Placement Client Error (4xx): {"errors": [{"status": 404, "title": "Not Found", "detail": "The resource could not be found.\n\n No resource provider with uuid a268fd01-5d66-4362-8e30-12e693480b4a found for delete ", "request_id": "req-0a9c6193-ecf6-46fe-ba59-a6bbff26ff3d"}]}
2026-04-23 01:31:18.389 9 INFO neutron.services.segments.plugin [-] Segment a268fd01-5d66-4362-8e30-12e693480b4a resource provider not found; error: Placement Client Error (4xx): {"errors": [{"status": 404, "title": "Not Found", "detail": "The resource could not be found.\n\n No resource provider with uuid a268fd01-5d66-4362-8e30-12e693480b4a found for delete ", "request_id": "req-121da5a5-357a-44c6-af8e-d27823babe46"}]}
2026-04-23 01:31:18.408 9 INFO neutron.wsgi [None req-e2767b92-66d9-4a13-a48a-da923e9697bd f598c37854e244fbbe26ebcf99c60929 dba6069e29834d48bf71fe250abf78c3 - - default default] 10.0.0.114 "DELETE /v2.0/networks/199a01e6-1e32-4fbc-ae4b-fc7d3a57ed35 HTTP/1.1" status: 204 len: 168 time: 0.3906002 /var/lib/openstack/lib/python3.10/site-packages/pycadf/identifier.py:71: UserWarning: Invalid uuid: neutron. To ensure interoperability, identifiers should be a valid uuid. warnings.warn(('Invalid uuid: %s. To ensure interoperability, '
2026-04-23 01:31:18.938 10 INFO neutron.services.segments.plugin [-] Segment a49c13fb-bd28-443f-ac81-fe375e9c0917 resource provider aggregate not found
2026-04-23 01:31:18.943 10 INFO neutron.services.segments.plugin [-] Segment a49c13fb-bd28-443f-ac81-fe375e9c0917 resource provider aggregate not found
2026-04-23 01:31:18.989 10 INFO neutron.services.segments.plugin [-] Segment a49c13fb-bd28-443f-ac81-fe375e9c0917 resource provider not found; error: Placement Client Error (4xx): {"errors": [{"status": 404, "title": "Not Found", "detail": "The resource could not be found.\n\n No resource provider with uuid a49c13fb-bd28-443f-ac81-fe375e9c0917 found for delete ", "request_id": "req-dc8da9ea-f0a8-4457-8f80-0c0e7308e8db"}]}
2026-04-23 01:31:18.991 10 INFO neutron.services.segments.plugin [-] Segment a49c13fb-bd28-443f-ac81-fe375e9c0917 resource provider not found; error: Placement Client Error (4xx): {"errors": [{"status": 404, "title": "Not Found", "detail": "The resource could not be found.\n\n No resource provider with uuid a49c13fb-bd28-443f-ac81-fe375e9c0917 found for delete ", "request_id": "req-e65f349b-60c3-4455-a7ea-d937f18e974d"}]}
2026-04-23 01:31:19.002 10 INFO neutron.wsgi [None req-c8b0e42f-7ff2-4c49-85cd-d0e82beb9df5 6cbb01a18d1f4b82ad85bb5548dfb8b3 48cbdbc819844530bf75ca857975cf67 - - default default] 10.0.0.114 "PUT /v2.0/routers/af68c276-f5ee-4231-ba53-7ce7bf216dd1/remove_router_interface HTTP/1.1" status: 200 len: 503 time: 1.0794275
2026-04-23 01:31:19.026 10 INFO neutron.wsgi [None req-ac7aaa12-be9c-4b5d-9fe0-8b1fd0184f1d f598c37854e244fbbe26ebcf99c60929 dba6069e29834d48bf71fe250abf78c3 - - default default] 10.0.0.114 "DELETE /v2.0/networks/d8dbb69f-d68b-4c22-990a-82932bb48e7e HTTP/1.1" status: 204 len: 168 time: 0.6107566
2026-04-23 01:31:19.111 9 INFO neutron.api.v2.resource [None req-5e91a2ac-b8eb-4c1b-b6b5-30b5447c8e05 6cbb01a18d1f4b82ad85bb5548dfb8b3 48cbdbc819844530bf75ca857975cf67 - - default default] remove_router_interface failed (client error): The resource could not be found.
2026-04-23 01:31:19.112 9 INFO neutron.wsgi [None req-5e91a2ac-b8eb-4c1b-b6b5-30b5447c8e05 6cbb01a18d1f4b82ad85bb5548dfb8b3 48cbdbc819844530bf75ca857975cf67 - - default default] 10.0.0.114 "PUT /v2.0/routers/af68c276-f5ee-4231-ba53-7ce7bf216dd1/remove_router_interface HTTP/1.1" status: 404 len: 398 time: 0.1032434
2026-04-23 01:31:19.140 9 INFO neutron.wsgi [None req-420b665a-86b9-4c09-beb8-a0cb3f9625f6 6cbb01a18d1f4b82ad85bb5548dfb8b3 48cbdbc819844530bf75ca857975cf67 - - default default] 10.0.0.114 "GET /v2.0/ports?device_id=af68c276-f5ee-4231-ba53-7ce7bf216dd1 HTTP/1.1" status: 200 len: 205 time: 0.0229156
2026-04-23 01:31:19.147 9 INFO neutron.wsgi [None req-9cda3239-98b9-4864-8761-88b72416b056 f598c37854e244fbbe26ebcf99c60929 dba6069e29834d48bf71fe250abf78c3 - - default default] 10.0.0.114 "GET /v2.0/networks HTTP/1.1" status: 200 len: 845 time: 0.1145492 /var/lib/openstack/lib/python3.10/site-packages/pycadf/identifier.py:71: UserWarning: Invalid uuid: neutron. To ensure interoperability, identifiers should be a valid uuid. warnings.warn(('Invalid uuid: %s. To ensure interoperability, '
2026-04-23 01:31:19.162 9 WARNING neutron_lib.context [None req-4e450a39-3d41-4c08-9631-8c2041820cc3 f598c37854e244fbbe26ebcf99c60929 dba6069e29834d48bf71fe250abf78c3 - - default default] Method 'is_advsvc' is deprecated since 2023.2 release (neutron-lib 3.8.0) and will be removed once support for the old RBAC API policies will be removed from Neutron. Please use method 'is_service_role' instead.
2026-04-23 01:31:19.239 9 INFO neutron.db.segments_db [None req-4e450a39-3d41-4c08-9631-8c2041820cc3 f598c37854e244fbbe26ebcf99c60929 dba6069e29834d48bf71fe250abf78c3 - - default default] Added segment 2522ba9d-cac2-4459-af61-b64053576569 of type geneve for network 737feb36-d33e-4742-83f3-35ff829a2fe5
2026-04-23 01:31:19.395 9 INFO neutron.db.ovn_revision_numbers_db [None req-4e450a39-3d41-4c08-9631-8c2041820cc3 f598c37854e244fbbe26ebcf99c60929 dba6069e29834d48bf71fe250abf78c3 - - default default] Successfully bumped revision number for resource 737feb36-d33e-4742-83f3-35ff829a2fe5 (type: networks) to 1
2026-04-23 01:31:19.443 10 INFO neutron.wsgi [None req-67d399ed-d6ff-4c90-a65a-6d3768b694e1 6cbb01a18d1f4b82ad85bb5548dfb8b3 48cbdbc819844530bf75ca857975cf67 - - default default] 10.0.0.114 "DELETE /v2.0/routers/af68c276-f5ee-4231-ba53-7ce7bf216dd1 HTTP/1.1" status: 204 len: 168 time: 0.2962692
2026-04-23 01:31:19.591 9 WARNING neutron.scheduler.dhcp_agent_scheduler [None req-4e450a39-3d41-4c08-9631-8c2041820cc3 f598c37854e244fbbe26ebcf99c60929 dba6069e29834d48bf71fe250abf78c3 - - default default] No more DHCP agents
2026-04-23 01:31:19.594 9 WARNING neutron.api.rpc.agentnotifiers.dhcp_rpc_agent_api [None req-4e450a39-3d41-4c08-9631-8c2041820cc3 f598c37854e244fbbe26ebcf99c60929 dba6069e29834d48bf71fe250abf78c3 - - default default] Unable to schedule network 737feb36-d33e-4742-83f3-35ff829a2fe5: no agents available; will retry on subsequent port and subnet creation events.
2026-04-23 01:31:19.639 10 INFO neutron.wsgi [None req-9fbd33c0-d4e6-4c07-9fd4-71e45a6a8b6a 6cbb01a18d1f4b82ad85bb5548dfb8b3 48cbdbc819844530bf75ca857975cf67 - - default default] 10.0.0.114 "DELETE /v2.0/subnets/68306b9e-c4b5-4f00-9941-b0d9e346ef24 HTTP/1.1" status: 204 len: 168 time: 0.1929469
2026-04-23 01:31:19.683 9 INFO neutron.db.ovn_revision_numbers_db [None req-4e450a39-3d41-4c08-9631-8c2041820cc3 f598c37854e244fbbe26ebcf99c60929 dba6069e29834d48bf71fe250abf78c3 - - default default] Successfully bumped revision number for resource d46a76de-a9a8-414a-a4d6-7681bdf021b0 (type: ports) to 1
2026-04-23 01:31:19.726 9 INFO neutron.wsgi [None req-4e450a39-3d41-4c08-9631-8c2041820cc3 f598c37854e244fbbe26ebcf99c60929 dba6069e29834d48bf71fe250abf78c3 - - default default] 10.0.0.114 "POST /v2.0/networks HTTP/1.1" status: 201 len: 852 time: 0.5695348
2026-04-23 01:31:19.737 9 WARNING neutron_lib.context [None req-927c0367-ad9d-4a5f-b079-3f2dd82d94a0 f598c37854e244fbbe26ebcf99c60929 dba6069e29834d48bf71fe250abf78c3 - - default default] Method 'is_advsvc' is deprecated since 2023.2 release (neutron-lib 3.8.0) and will be removed once support for the old RBAC API policies will be removed from Neutron. Please use method 'is_service_role' instead.
2026-04-23 01:31:19.820 9 INFO neutron.db.segments_db [None req-927c0367-ad9d-4a5f-b079-3f2dd82d94a0 f598c37854e244fbbe26ebcf99c60929 dba6069e29834d48bf71fe250abf78c3 - - default default] Added segment f6f0a1e4-e3b3-429f-b4af-2b1417e6cdc4 of type geneve for network 62e32865-bf5d-403e-8e36-d1ece626e899
2026-04-23 01:31:19.980 9 INFO neutron.db.ovn_revision_numbers_db [None req-927c0367-ad9d-4a5f-b079-3f2dd82d94a0 f598c37854e244fbbe26ebcf99c60929 dba6069e29834d48bf71fe250abf78c3 - - default default] Successfully bumped revision number for resource 62e32865-bf5d-403e-8e36-d1ece626e899 (type: networks) to 1
2026-04-23 01:31:20.099 10 INFO neutron.wsgi [None req-74bf47a3-b3fb-4565-8c50-0b16dd4fd9f7 6cbb01a18d1f4b82ad85bb5548dfb8b3 48cbdbc819844530bf75ca857975cf67 - - default default] 10.0.0.114 "DELETE /v2.0/networks/451a9a8f-7090-48e2-bcde-b519accedc1b HTTP/1.1" status: 204 len: 168 time: 0.4472518
2026-04-23 01:31:20.108 10 WARNING neutron_lib.context [None req-8e68bb49-0be7-4d42-9358-5bbb54c67465 6cbb01a18d1f4b82ad85bb5548dfb8b3 48cbdbc819844530bf75ca857975cf67 - - default default] Method 'is_advsvc' is deprecated since 2023.2 release (neutron-lib 3.8.0) and will be removed once support for the old RBAC API policies will be removed from Neutron. Please use method 'is_service_role' instead.
2026-04-23 01:31:20.150 9 WARNING neutron.scheduler.dhcp_agent_scheduler [None req-927c0367-ad9d-4a5f-b079-3f2dd82d94a0 f598c37854e244fbbe26ebcf99c60929 dba6069e29834d48bf71fe250abf78c3 - - default default] No more DHCP agents
2026-04-23 01:31:20.152 9 WARNING neutron.api.rpc.agentnotifiers.dhcp_rpc_agent_api [None req-927c0367-ad9d-4a5f-b079-3f2dd82d94a0 f598c37854e244fbbe26ebcf99c60929 dba6069e29834d48bf71fe250abf78c3 - - default default] Unable to schedule network 62e32865-bf5d-403e-8e36-d1ece626e899: no agents available; will retry on subsequent port and subnet creation events.
2026-04-23 01:31:20.194 10 INFO neutron.db.segments_db [None req-8e68bb49-0be7-4d42-9358-5bbb54c67465 6cbb01a18d1f4b82ad85bb5548dfb8b3 48cbdbc819844530bf75ca857975cf67 - - default default] Added segment d4065b44-5285-4549-a0b3-779df7b47626 of type geneve for network 36a1cce3-dcce-4c8e-8110-b3ed955a39ad
2026-04-23 01:31:20.237 9 INFO neutron.db.ovn_revision_numbers_db [None req-927c0367-ad9d-4a5f-b079-3f2dd82d94a0 f598c37854e244fbbe26ebcf99c60929 dba6069e29834d48bf71fe250abf78c3 - - default default] Successfully bumped revision number for resource 1ecb7db7-a2fb-4954-8eca-14a35c3cf4ea (type: ports) to 1
2026-04-23 01:31:20.258 9 INFO neutron.wsgi [None req-927c0367-ad9d-4a5f-b079-3f2dd82d94a0 f598c37854e244fbbe26ebcf99c60929 dba6069e29834d48bf71fe250abf78c3 - - default default] 10.0.0.114 "POST /v2.0/networks HTTP/1.1" status: 201 len: 853 time: 0.5265813
2026-04-23 01:31:20.271 9 WARNING neutron_lib.context [None req-1233eefb-97f6-435e-8f45-3de787c5947e f598c37854e244fbbe26ebcf99c60929 dba6069e29834d48bf71fe250abf78c3 - - default default] Method 'is_advsvc' is deprecated since 2023.2 release (neutron-lib 3.8.0) and will be removed once support for the old RBAC API policies will be removed from Neutron. Please use method 'is_service_role' instead.
2026-04-23 01:31:20.325 9 WARNING neutron_lib.context [None req-1233eefb-97f6-435e-8f45-3de787c5947e f598c37854e244fbbe26ebcf99c60929 dba6069e29834d48bf71fe250abf78c3 - - default default] Method 'is_advsvc' is deprecated since 2023.2 release (neutron-lib 3.8.0) and will be removed once support for the old RBAC API policies will be removed from Neutron. Please use method 'is_service_role' instead.
2026-04-23 01:31:20.376 10 INFO neutron.db.ovn_revision_numbers_db [None req-8e68bb49-0be7-4d42-9358-5bbb54c67465 6cbb01a18d1f4b82ad85bb5548dfb8b3 48cbdbc819844530bf75ca857975cf67 - - default default] Successfully bumped revision number for resource 36a1cce3-dcce-4c8e-8110-b3ed955a39ad (type: networks) to 1
2026-04-23 01:31:20.610 10 WARNING neutron.scheduler.dhcp_agent_scheduler [None req-8e68bb49-0be7-4d42-9358-5bbb54c67465 6cbb01a18d1f4b82ad85bb5548dfb8b3 48cbdbc819844530bf75ca857975cf67 - - default default] No more DHCP agents
2026-04-23 01:31:20.613 10 WARNING neutron.api.rpc.agentnotifiers.dhcp_rpc_agent_api [None req-8e68bb49-0be7-4d42-9358-5bbb54c67465 6cbb01a18d1f4b82ad85bb5548dfb8b3 48cbdbc819844530bf75ca857975cf67 - - default default] Unable to schedule network 36a1cce3-dcce-4c8e-8110-b3ed955a39ad: no agents available; will retry on subsequent port and subnet creation events.
2026-04-23 01:31:20.708 10 INFO neutron.db.ovn_revision_numbers_db [None req-8e68bb49-0be7-4d42-9358-5bbb54c67465 6cbb01a18d1f4b82ad85bb5548dfb8b3 48cbdbc819844530bf75ca857975cf67 - - default default] Successfully bumped revision number for resource 6ef4d32a-f5b6-43bd-99cf-be08f7a731ce (type: ports) to 1
2026-04-23 01:31:20.725 10 INFO neutron.wsgi [None req-8e68bb49-0be7-4d42-9358-5bbb54c67465 6cbb01a18d1f4b82ad85bb5548dfb8b3 48cbdbc819844530bf75ca857975cf67 - - default default] 10.0.0.114 "POST /v2.0/networks HTTP/1.1" status: 201 len: 832 time: 0.6205785
2026-04-23 01:31:20.750 10 WARNING neutron_lib.context [None req-a03daa58-3949-498f-876e-7e86ce97e6d9 6cbb01a18d1f4b82ad85bb5548dfb8b3 48cbdbc819844530bf75ca857975cf67 - - default default] Method 'is_advsvc' is deprecated since 2023.2 release (neutron-lib 3.8.0) and will be removed once support for the old RBAC API policies will be removed from Neutron. Please use method 'is_service_role' instead.
2026-04-23 01:31:20.750 9 WARNING neutron.scheduler.dhcp_agent_scheduler [None req-1233eefb-97f6-435e-8f45-3de787c5947e f598c37854e244fbbe26ebcf99c60929 dba6069e29834d48bf71fe250abf78c3 - - default default] No more DHCP agents
2026-04-23 01:31:20.754 9 WARNING neutron.api.rpc.agentnotifiers.dhcp_rpc_agent_api [None req-1233eefb-97f6-435e-8f45-3de787c5947e f598c37854e244fbbe26ebcf99c60929 dba6069e29834d48bf71fe250abf78c3 - - default default] Unable to schedule network 737feb36-d33e-4742-83f3-35ff829a2fe5: no agents available; will retry on subsequent port and subnet creation events.
2026-04-23 01:31:20.851 9 INFO neutron.db.ovn_revision_numbers_db [None req-1233eefb-97f6-435e-8f45-3de787c5947e f598c37854e244fbbe26ebcf99c60929 dba6069e29834d48bf71fe250abf78c3 - - default default] Successfully bumped revision number for resource 1882cf91-b401-4d55-b1df-9e2173f52801 (type: ports) to 1 /var/lib/openstack/lib/python3.10/site-packages/pycadf/identifier.py:71: UserWarning: Invalid uuid: neutron. To ensure interoperability, identifiers should be a valid uuid. warnings.warn(('Invalid uuid: %s. To ensure interoperability, '
2026-04-23 01:31:20.885 9 WARNING neutron.scheduler.dhcp_agent_scheduler [None req-1233eefb-97f6-435e-8f45-3de787c5947e f598c37854e244fbbe26ebcf99c60929 dba6069e29834d48bf71fe250abf78c3 - - default default] No more DHCP agents
2026-04-23 01:31:20.889 9 WARNING neutron.api.rpc.agentnotifiers.dhcp_rpc_agent_api [None req-1233eefb-97f6-435e-8f45-3de787c5947e f598c37854e244fbbe26ebcf99c60929 dba6069e29834d48bf71fe250abf78c3 - - default default] Unable to schedule network 62e32865-bf5d-403e-8e36-d1ece626e899: no agents available; will retry on subsequent port and subnet creation events.
2026-04-23 01:31:20.988 9 INFO neutron.db.ovn_revision_numbers_db [None req-1233eefb-97f6-435e-8f45-3de787c5947e f598c37854e244fbbe26ebcf99c60929 dba6069e29834d48bf71fe250abf78c3 - - default default] Successfully bumped revision number for resource 9ae3cd49-7d83-4143-b7bd-69a330e9140b (type: ports) to 1
2026-04-23 01:31:21.027 10 INFO neutron.services.segments.plugin [-] Segment c7c9917c-a12d-4f18-8477-8442d6519cb9 resource provider aggregate not found
2026-04-23 01:31:21.033 10 INFO neutron.services.segments.plugin [-] Segment c7c9917c-a12d-4f18-8477-8442d6519cb9 resource provider aggregate not found
2026-04-23 01:31:21.033 9 INFO neutron.wsgi [None req-1233eefb-97f6-435e-8f45-3de787c5947e f598c37854e244fbbe26ebcf99c60929 dba6069e29834d48bf71fe250abf78c3 - - default default] 10.0.0.114 "POST /v2.0/ports HTTP/1.1" status: 201 len: 1706 time: 0.7680202
2026-04-23 01:31:21.034 9 INFO neutron.db.ovn_revision_numbers_db [None req-b701089e-9dec-4ff7-bf56-0dff7b3db468 bf4043cc0f434387877d79221075a19a 6162cc77efe94e49b38ec87dcb9d6fc9 - - default default] Successfully bumped revision number for resource 7f451d5f-b7dd-459f-ad17-fb3871f2a432 (type: security_groups) to 1
2026-04-23 01:31:21.041 10 WARNING neutron.scheduler.dhcp_agent_scheduler [None req-a03daa58-3949-498f-876e-7e86ce97e6d9 6cbb01a18d1f4b82ad85bb5548dfb8b3 48cbdbc819844530bf75ca857975cf67 - - default default] No more DHCP agents
2026-04-23 01:31:21.042 10 INFO neutron.services.segments.plugin [-] Segment c7c9917c-a12d-4f18-8477-8442d6519cb9 resource provider not found; error: Placement Client Error (4xx): {"errors": [{"status": 404, "title": "Not Found", "detail": "The resource could not be found.\n\n No resource provider with uuid c7c9917c-a12d-4f18-8477-8442d6519cb9 found for delete ", "request_id": "req-7806ce29-afb7-46d7-9ce3-b14702cea377"}]} /var/lib/openstack/lib/python3.10/site-packages/pycadf/identifier.py:71: UserWarning: Invalid uuid: neutron. To ensure interoperability, identifiers should be a valid uuid. warnings.warn(('Invalid uuid: %s. To ensure interoperability, '
2026-04-23 01:31:21.044 10 WARNING neutron.api.rpc.agentnotifiers.dhcp_rpc_agent_api [None req-a03daa58-3949-498f-876e-7e86ce97e6d9 6cbb01a18d1f4b82ad85bb5548dfb8b3 48cbdbc819844530bf75ca857975cf67 - - default default] Unable to schedule network 36a1cce3-dcce-4c8e-8110-b3ed955a39ad: no agents available; will retry on subsequent port and subnet creation events.
2026-04-23 01:31:21.048 10 INFO neutron.services.segments.plugin [-] Segment c7c9917c-a12d-4f18-8477-8442d6519cb9 resource provider not found; error: Placement Client Error (4xx): {"errors": [{"status": 404, "title": "Not Found", "detail": "The resource could not be found.\n\n No resource provider with uuid c7c9917c-a12d-4f18-8477-8442d6519cb9 found for delete ", "request_id": "req-05bad5de-0b4a-4a6c-9d9a-e2bed4a8b99b"}]}
2026-04-23 01:31:21.075 9 INFO neutron.db.ovn_revision_numbers_db [None req-b701089e-9dec-4ff7-bf56-0dff7b3db468 bf4043cc0f434387877d79221075a19a 6162cc77efe94e49b38ec87dcb9d6fc9 - - default default] Successfully bumped revision number for resource 0bb0db2c-8732-45b6-b606-3c1380d8c82d (type: security_group_rules) to 0
2026-04-23 01:31:21.078 10 INFO neutron.db.ovn_revision_numbers_db [None req-a03daa58-3949-498f-876e-7e86ce97e6d9 6cbb01a18d1f4b82ad85bb5548dfb8b3 48cbdbc819844530bf75ca857975cf67 - - default default] Successfully bumped revision number for resource 3717d573-e86f-41b7-8814-7f89bb1e0dd4 (type: subnets) to 0
2026-04-23 01:31:21.095 10 INFO neutron.wsgi [None req-a03daa58-3949-498f-876e-7e86ce97e6d9 6cbb01a18d1f4b82ad85bb5548dfb8b3 48cbdbc819844530bf75ca857975cf67 - - default default] 10.0.0.114 "POST /v2.0/subnets HTTP/1.1" status: 201 len: 821 time: 0.3486705
2026-04-23 01:31:21.101 9 INFO neutron.db.ovn_revision_numbers_db [None req-b701089e-9dec-4ff7-bf56-0dff7b3db468 bf4043cc0f434387877d79221075a19a 6162cc77efe94e49b38ec87dcb9d6fc9 - - default default] Successfully bumped revision number for resource 4a0b3064-3a74-4f6b-a06f-408042989516 (type: security_group_rules) to 0
2026-04-23 01:31:21.105 10 WARNING neutron_lib.context [None req-24b73278-f3d7-472e-bead-aa8c756282f9 6cbb01a18d1f4b82ad85bb5548dfb8b3 48cbdbc819844530bf75ca857975cf67 - - default default] Method 'is_advsvc' is deprecated since 2023.2 release (neutron-lib 3.8.0) and will be removed once support for the old RBAC API policies will be removed from Neutron. Please use method 'is_service_role' instead.
2026-04-23 01:31:21.127 9 INFO neutron.db.ovn_revision_numbers_db [None req-b701089e-9dec-4ff7-bf56-0dff7b3db468 bf4043cc0f434387877d79221075a19a 6162cc77efe94e49b38ec87dcb9d6fc9 - - default default] Successfully bumped revision number for resource 9938fcbe-6b09-44b7-b9ea-9675cd6cf2d6 (type: security_group_rules) to 0
2026-04-23 01:31:21.148 9 INFO neutron.db.ovn_revision_numbers_db [None req-b701089e-9dec-4ff7-bf56-0dff7b3db468 bf4043cc0f434387877d79221075a19a 6162cc77efe94e49b38ec87dcb9d6fc9 - - default default] Successfully bumped revision number for resource a5b374db-19cd-4058-a19d-bcf7da744784 (type: security_group_rules) to 0
2026-04-23 01:31:21.269 10 INFO neutron.db.ovn_revision_numbers_db [None req-24b73278-f3d7-472e-bead-aa8c756282f9 6cbb01a18d1f4b82ad85bb5548dfb8b3 48cbdbc819844530bf75ca857975cf67 - - default default] Successfully bumped revision number for resource 83741473-140e-4b9f-aa77-8010cb306e34 (type: routers) to 1
2026-04-23 01:31:21.287 10 WARNING neutron_lib.context [None req-fc60bb41-5f80-4916-b8f4-72768283347f 730fedb9e2124229bd344de7b8c389da a4eab3921eb94013b335b7a5e7ad6b74 - - default default] Method 'is_advsvc' is deprecated since 2023.2 release (neutron-lib 3.8.0) and will be removed once support for the old RBAC API policies will be removed from Neutron. Please use method 'is_service_role' instead.
2026-04-23 01:31:21.295 10 INFO neutron.wsgi [None req-24b73278-f3d7-472e-bead-aa8c756282f9 6cbb01a18d1f4b82ad85bb5548dfb8b3 48cbdbc819844530bf75ca857975cf67 - - default default] 10.0.0.114 "POST /v2.0/routers HTTP/1.1" status: 201 len: 691 time: 0.1949914
2026-04-23 01:31:21.442 9 INFO neutron.wsgi [None req-2d8340eb-e09b-49ad-9926-6c10aae08a5f f598c37854e244fbbe26ebcf99c60929 dba6069e29834d48bf71fe250abf78c3 - - default default] 10.0.0.114 "GET /v2.0/ports HTTP/1.1" status: 200 len: 3213 time: 0.4026895
2026-04-23 01:31:21.444 9 INFO neutron.wsgi [None req-b701089e-9dec-4ff7-bf56-0dff7b3db468 bf4043cc0f434387877d79221075a19a 6162cc77efe94e49b38ec87dcb9d6fc9 - - default default] 10.0.0.114 "GET /v2.0/security-groups?tenant_id=b7520d6f337d49e98325dece1652fbd4&name=default HTTP/1.1" status: 200 len: 2996 time: 0.7827771
2026-04-23 01:31:21.552 10 INFO neutron.db.ovn_revision_numbers_db [None req-fc60bb41-5f80-4916-b8f4-72768283347f 730fedb9e2124229bd344de7b8c389da a4eab3921eb94013b335b7a5e7ad6b74 - - default default] Successfully bumped revision number for resource a0264006-a981-4508-ae11-ab29d22c222c (type: routers) to 1
2026-04-23 01:31:21.591 10 INFO neutron.wsgi [None req-fc60bb41-5f80-4916-b8f4-72768283347f 730fedb9e2124229bd344de7b8c389da a4eab3921eb94013b335b7a5e7ad6b74 - - default default] 10.0.0.114 "POST /v2.0/routers HTTP/1.1" status: 201 len: 654 time: 0.3561888
2026-04-23 01:31:21.653 9 INFO neutron.wsgi [None req-82bb6b85-5fdf-40e6-87dc-92cb92a8acf4 730fedb9e2124229bd344de7b8c389da a4eab3921eb94013b335b7a5e7ad6b74 - - default default] 10.0.0.114 "PUT /v2.0/routers/a0264006-a981-4508-ae11-ab29d22c222c/tags HTTP/1.1" status: 200 len: 218 time: 0.0552547
2026-04-23 01:31:21.666 9 INFO neutron.wsgi [None req-25233e5a-b2a1-4306-825a-46dd3f1c58fa bf4043cc0f434387877d79221075a19a 6162cc77efe94e49b38ec87dcb9d6fc9 - - default default] 10.0.0.114 "DELETE /v2.0/security-groups/7f451d5f-b7dd-459f-ad17-fb3871f2a432 HTTP/1.1" status: 204 len: 168 time: 0.2173202
2026-04-23 01:31:21.720 9 INFO neutron.wsgi [None req-d00fbd6a-243a-495a-b378-06debdb211fb 730fedb9e2124229bd344de7b8c389da a4eab3921eb94013b335b7a5e7ad6b74 - - default default] 10.0.0.114 "GET /v2.0/routers/a0264006-a981-4508-ae11-ab29d22c222c/tags HTTP/1.1" status: 200 len: 218 time: 0.0635669
2026-04-23 01:31:21.806 9 INFO neutron.wsgi [None req-1a4a055f-d376-490f-96ea-44339765efb0 730fedb9e2124229bd344de7b8c389da a4eab3921eb94013b335b7a5e7ad6b74 - - default default] 10.0.0.114 "PUT /v2.0/routers/a0264006-a981-4508-ae11-ab29d22c222c/tags/green HTTP/1.1" status: 201 len: 201 time: 0.0757215
2026-04-23 01:31:21.861 9 INFO neutron.wsgi [None req-f97f2551-1df0-455c-84c2-bae88d932d36 730fedb9e2124229bd344de7b8c389da a4eab3921eb94013b335b7a5e7ad6b74 - - default default] 10.0.0.114 "GET /v2.0/routers/a0264006-a981-4508-ae11-ab29d22c222c/tags HTTP/1.1" status: 200 len: 227 time: 0.0496509
2026-04-23 01:31:21.915 9 INFO neutron.wsgi [None req-a26502f7-a744-4d38-9521-c1e1ebdc85be 730fedb9e2124229bd344de7b8c389da a4eab3921eb94013b335b7a5e7ad6b74 - - default default] 10.0.0.114 "PUT /v2.0/routers/a0264006-a981-4508-ae11-ab29d22c222c/tags/red HTTP/1.1" status: 201 len: 201 time: 0.0498135
2026-04-23 01:31:21.972 9 INFO neutron.wsgi [None req-d3e15e71-6e9a-48b1-9f0d-88ead01f5e06 730fedb9e2124229bd344de7b8c389da a4eab3921eb94013b335b7a5e7ad6b74 - - default default] 10.0.0.114 "GET /v2.0/routers/a0264006-a981-4508-ae11-ab29d22c222c/tags HTTP/1.1" status: 200 len: 227 time: 0.0521886
2026-04-23 01:31:21.973 9 INFO neutron.db.ovn_revision_numbers_db [None req-84330681-4189-4ce9-abca-1f4556641e6a bf4043cc0f434387877d79221075a19a 6162cc77efe94e49b38ec87dcb9d6fc9 - - default default] Successfully bumped revision number for resource 2d33c401-86e7-49ca-953b-9eb772ce7dd4 (type: security_groups) to 1
2026-04-23 01:31:21.984 9 INFO neutron.db.ovn_revision_numbers_db [None req-84330681-4189-4ce9-abca-1f4556641e6a bf4043cc0f434387877d79221075a19a 6162cc77efe94e49b38ec87dcb9d6fc9 - - default default] Successfully bumped revision number for resource 078b8909-e0a0-4400-8b04-4189bdbd72f8 (type: security_group_rules) to 0
2026-04-23 01:31:21.997 9 INFO neutron.db.ovn_revision_numbers_db [None req-84330681-4189-4ce9-abca-1f4556641e6a bf4043cc0f434387877d79221075a19a 6162cc77efe94e49b38ec87dcb9d6fc9 - - default default] Successfully bumped revision number for resource 6a8c6b7a-534a-4a10-9603-47fac59121d6 (type: security_group_rules) to 0
2026-04-23 01:31:22.014 9 INFO neutron.db.ovn_revision_numbers_db [None req-84330681-4189-4ce9-abca-1f4556641e6a bf4043cc0f434387877d79221075a19a 6162cc77efe94e49b38ec87dcb9d6fc9 - - default default] Successfully bumped revision number for resource 73572d89-a9ed-457b-8105-7e58ec32c8f8 (type: security_group_rules) to 0
2026-04-23 01:31:22.028 9 INFO neutron.db.ovn_revision_numbers_db [None req-84330681-4189-4ce9-abca-1f4556641e6a bf4043cc0f434387877d79221075a19a 6162cc77efe94e49b38ec87dcb9d6fc9 - - default default] Successfully bumped revision number for resource 785cd2cf-4bc8-4081-9bf9-678abdf69bc3 (type: security_group_rules) to 0
2026-04-23 01:31:22.053 9 INFO neutron.wsgi [None req-84330681-4189-4ce9-abca-1f4556641e6a bf4043cc0f434387877d79221075a19a 6162cc77efe94e49b38ec87dcb9d6fc9 - - default default] 10.0.0.114 "GET /v2.0/security-groups?tenant_id=84cbb66fcca54f7295f5182a57d11425&name=default HTTP/1.1" status: 200 len: 2996 time: 0.2717428
2026-04-23 01:31:22.079 10 INFO neutron.wsgi [None req-347a0517-a483-49e4-baac-478b81a7eff3 730fedb9e2124229bd344de7b8c389da a4eab3921eb94013b335b7a5e7ad6b74 - - default default] 10.0.0.114 "PUT /v2.0/routers/a0264006-a981-4508-ae11-ab29d22c222c/tags/black.or.white HTTP/1.1" status: 201 len: 201 time: 0.1018467
2026-04-23 01:31:22.119 10 INFO neutron.wsgi [None req-8defb43b-18da-4ed5-8e27-844f6db1fc87 f598c37854e244fbbe26ebcf99c60929 dba6069e29834d48bf71fe250abf78c3 - - default default] 10.0.0.114 "DELETE /v2.0/ports/1882cf91-b401-4d55-b1df-9e2173f52801 HTTP/1.1" status: 204 len: 168 time: 0.6677151
2026-04-23 01:31:22.134 9 INFO neutron.wsgi [None req-d5e4f212-1882-4189-911c-c61dd7f8bafe 730fedb9e2124229bd344de7b8c389da a4eab3921eb94013b335b7a5e7ad6b74 - - default default] 10.0.0.114 "GET /v2.0/routers/a0264006-a981-4508-ae11-ab29d22c222c/tags HTTP/1.1" status: 200 len: 245 time: 0.0496509
2026-04-23 01:31:22.151 10 WARNING neutron.scheduler.dhcp_agent_scheduler [None req-4ff7bda5-0a1b-4d13-8670-a322bbd9ff47 6cbb01a18d1f4b82ad85bb5548dfb8b3 48cbdbc819844530bf75ca857975cf67 - - default default] No more DHCP agents
2026-04-23 01:31:22.156 10 WARNING neutron.api.rpc.agentnotifiers.dhcp_rpc_agent_api [None req-4ff7bda5-0a1b-4d13-8670-a322bbd9ff47 6cbb01a18d1f4b82ad85bb5548dfb8b3 48cbdbc819844530bf75ca857975cf67 - - default default] Unable to schedule network 36a1cce3-dcce-4c8e-8110-b3ed955a39ad: no agents available; will retry on subsequent port and subnet creation events.
2026-04-23 01:31:22.209 9 INFO neutron.wsgi [None req-a6fbd168-05af-436c-b835-27ad606b417e 730fedb9e2124229bd344de7b8c389da a4eab3921eb94013b335b7a5e7ad6b74 - - default default] 10.0.0.114 "PUT /v2.0/routers/a0264006-a981-4508-ae11-ab29d22c222c/tags HTTP/1.1" status: 200 len: 230 time: 0.0708616
2026-04-23 01:31:22.224 10 WARNING neutron.plugins.ml2.drivers.ovn.mech_driver.ovsdb.ovn_client [None req-b4246aec-207f-44ee-afa3-86ef2578bf2d - - - - - -] No port found with ID 5d94babd-89ae-486c-9186-957236dac10b: RuntimeError: No port found with ID 5d94babd-89ae-486c-9186-957236dac10b
2026-04-23 01:31:22.267 9 INFO neutron.wsgi [None req-d57fa1d2-1db1-4224-9345-7df6a664f1dc 730fedb9e2124229bd344de7b8c389da a4eab3921eb94013b335b7a5e7ad6b74 - - default default] 10.0.0.114 "GET /v2.0/routers/a0264006-a981-4508-ae11-ab29d22c222c/tags HTTP/1.1" status: 200 len: 230 time: 0.0539057
2026-04-23 01:31:22.345 9 INFO neutron.wsgi [None req-c78bd05c-8910-4dd9-9c79-c64815e4fe83 bf4043cc0f434387877d79221075a19a 6162cc77efe94e49b38ec87dcb9d6fc9 - - default default] 10.0.0.114 "DELETE /v2.0/security-groups/2d33c401-86e7-49ca-953b-9eb772ce7dd4 HTTP/1.1" status: 204 len: 168 time: 0.2844763
2026-04-23 01:31:22.369 10 INFO neutron.wsgi [None req-ddf5e5c5-8ae5-467a-bba0-6aafb0f95c17 730fedb9e2124229bd344de7b8c389da a4eab3921eb94013b335b7a5e7ad6b74 - - default default] 10.0.0.114 "GET /v2.0/routers/a0264006-a981-4508-ae11-ab29d22c222c/tags/red HTTP/1.1" status: 204 len: 168 time: 0.0873356
2026-04-23 01:31:22.399 10 INFO neutron.db.ovn_revision_numbers_db [None req-4ff7bda5-0a1b-4d13-8670-a322bbd9ff47 6cbb01a18d1f4b82ad85bb5548dfb8b3 48cbdbc819844530bf75ca857975cf67 - - default default] Successfully bumped revision number for resource a5145ab9-d75e-4404-9ba1-3e0f83ba2948 (type: ports) to 1
2026-04-23 01:31:22.421 9 INFO neutron.api.v2.resource [None req-fc684457-93cc-4777-ae01-661c391587be 730fedb9e2124229bd344de7b8c389da a4eab3921eb94013b335b7a5e7ad6b74 - - default default] show failed (client error): The resource could not be found.
2026-04-23 01:31:22.423 9 INFO neutron.wsgi [None req-fc684457-93cc-4777-ae01-661c391587be 730fedb9e2124229bd344de7b8c389da a4eab3921eb94013b335b7a5e7ad6b74 - - default default] 10.0.0.114 "GET /v2.0/routers/a0264006-a981-4508-ae11-ab29d22c222c/tags/green HTTP/1.1" status: 404 len: 299 time: 0.0497997
2026-04-23 01:31:22.505 9 INFO neutron.wsgi [None req-1bb6e7a7-44ba-451a-86c1-f226f19b51d1 730fedb9e2124229bd344de7b8c389da a4eab3921eb94013b335b7a5e7ad6b74 - - default default] 10.0.0.114 "DELETE /v2.0/routers/a0264006-a981-4508-ae11-ab29d22c222c/tags/red HTTP/1.1" status: 204 len: 168 time: 0.0776112
2026-04-23 01:31:22.520 10 INFO neutron.wsgi [None req-276a3b55-6a66-44a0-a7ec-3242477a4fa3 f598c37854e244fbbe26ebcf99c60929 dba6069e29834d48bf71fe250abf78c3 - - default default] 10.0.0.114 "DELETE /v2.0/ports/9ae3cd49-7d83-4143-b7bd-69a330e9140b HTTP/1.1" status: 204 len: 168 time: 0.3946822
2026-04-23 01:31:22.566 9 INFO neutron.wsgi [None req-b7b121d7-c55d-477e-936d-3ad942057512 730fedb9e2124229bd344de7b8c389da a4eab3921eb94013b335b7a5e7ad6b74 - - default default] 10.0.0.114 "GET /v2.0/routers/a0264006-a981-4508-ae11-ab29d22c222c/tags HTTP/1.1" status: 200 len: 223 time: 0.0563939
2026-04-23 01:31:22.618 9 INFO neutron.api.v2.resource [None req-6dd51d78-334c-48ac-9cc6-7713adb9c079 730fedb9e2124229bd344de7b8c389da a4eab3921eb94013b335b7a5e7ad6b74 - - default default] delete failed (client error): The resource could not be found.
2026-04-23 01:31:22.619 9 INFO neutron.wsgi [None req-6dd51d78-334c-48ac-9cc6-7713adb9c079 730fedb9e2124229bd344de7b8c389da a4eab3921eb94013b335b7a5e7ad6b74 - - default default] 10.0.0.114 "DELETE /v2.0/routers/a0264006-a981-4508-ae11-ab29d22c222c/tags/green HTTP/1.1" status: 404 len: 299 time: 0.0489683
2026-04-23 01:31:22.701 9 INFO neutron.wsgi [None req-56114716-bf0a-492e-be8d-5d8d610fc19a 730fedb9e2124229bd344de7b8c389da a4eab3921eb94013b335b7a5e7ad6b74 - - default default] 10.0.0.114 "DELETE /v2.0/routers/a0264006-a981-4508-ae11-ab29d22c222c/tags HTTP/1.1" status: 204 len: 168 time: 0.0739431
2026-04-23 01:31:22.745 10 INFO neutron.wsgi [None req-ea4774a0-6dea-4901-8766-50abcefcfec0 f598c37854e244fbbe26ebcf99c60929 dba6069e29834d48bf71fe250abf78c3 - - default default] 10.0.0.114 "GET /v2.0/ports HTTP/1.1" status: 200 len: 1718 time: 0.2183311
2026-04-23 01:31:22.753 9 INFO neutron.wsgi [None req-85b9a1c0-819d-41a5-8558-ffa2ae697837 730fedb9e2124229bd344de7b8c389da a4eab3921eb94013b335b7a5e7ad6b74 - - default default] 10.0.0.114 "GET /v2.0/routers/a0264006-a981-4508-ae11-ab29d22c222c/tags HTTP/1.1" status: 200 len: 205 time: 0.0479112
2026-04-23 01:31:22.757 10 WARNING neutron_lib.context [None req-948c7bde-7cf5-4b29-a6fa-767d39cb63c9 f598c37854e244fbbe26ebcf99c60929 dba6069e29834d48bf71fe250abf78c3 - - default default] Method 'is_advsvc' is deprecated since 2023.2 release (neutron-lib 3.8.0) and will be removed once support for the old RBAC API policies will be removed from Neutron. Please use method 'is_service_role' instead.
2026-04-23 01:31:22.805 9 INFO neutron.wsgi [None req-db6b59ce-72c9-4f53-8e24-a0c3fd53fc64 730fedb9e2124229bd344de7b8c389da a4eab3921eb94013b335b7a5e7ad6b74 - - default default] 10.0.0.114 "GET /v2.0/routers/a0264006-a981-4508-ae11-ab29d22c222c HTTP/1.1" status: 200 len: 655 time: 0.0461273
2026-04-23 01:31:22.876 10 INFO neutron.db.segments_db [None req-948c7bde-7cf5-4b29-a6fa-767d39cb63c9 f598c37854e244fbbe26ebcf99c60929 dba6069e29834d48bf71fe250abf78c3 - - default default] Added segment 95be63b9-089e-47f4-9def-976ebbc90fa4 of type geneve for network 102b5d73-ea40-429d-8c63-65bef65ea9a5
2026-04-23 01:31:22.876 10 INFO neutron.plugins.ml2.drivers.ovn.mech_driver.mech_driver [None req-b4246aec-207f-44ee-afa3-86ef2578bf2d - - - - - -] OVN reports status up for port: a5145ab9-d75e-4404-9ba1-3e0f83ba2948
2026-04-23 01:31:22.898 10 INFO neutron.plugins.ml2.plugin [None req-b4246aec-207f-44ee-afa3-86ef2578bf2d - - - - - -] Attempt 1 to provision port a5145ab9-d75e-4404-9ba1-3e0f83ba2948
2026-04-23 01:31:22.945 10 INFO neutron.db.ovn_revision_numbers_db [None req-4ff7bda5-0a1b-4d13-8670-a322bbd9ff47 6cbb01a18d1f4b82ad85bb5548dfb8b3 48cbdbc819844530bf75ca857975cf67 - - default default] Successfully bumped revision number for resource a5145ab9-d75e-4404-9ba1-3e0f83ba2948 (type: router_ports) to 1
2026-04-23 01:31:23.169 10 INFO neutron.db.ovn_revision_numbers_db [None req-948c7bde-7cf5-4b29-a6fa-767d39cb63c9 f598c37854e244fbbe26ebcf99c60929 dba6069e29834d48bf71fe250abf78c3 - - default default] Successfully bumped revision number for resource 102b5d73-ea40-429d-8c63-65bef65ea9a5 (type: networks) to 1
2026-04-23 01:31:23.210 10 INFO neutron.db.ovn_revision_numbers_db [None req-4ff7bda5-0a1b-4d13-8670-a322bbd9ff47 6cbb01a18d1f4b82ad85bb5548dfb8b3 48cbdbc819844530bf75ca857975cf67 - - default default] Successfully bumped revision number for resource a5145ab9-d75e-4404-9ba1-3e0f83ba2948 (type: ports) to 1
2026-04-23 01:31:23.384 10 WARNING neutron.scheduler.dhcp_agent_scheduler [None req-4ff7bda5-0a1b-4d13-8670-a322bbd9ff47 6cbb01a18d1f4b82ad85bb5548dfb8b3 48cbdbc819844530bf75ca857975cf67 - - default default] No more DHCP agents
2026-04-23 01:31:23.387 10 WARNING neutron.api.rpc.agentnotifiers.dhcp_rpc_agent_api [None req-4ff7bda5-0a1b-4d13-8670-a322bbd9ff47 6cbb01a18d1f4b82ad85bb5548dfb8b3 48cbdbc819844530bf75ca857975cf67 - - default default] Unable to schedule network 36a1cce3-dcce-4c8e-8110-b3ed955a39ad: no agents available; will retry on subsequent port and subnet creation events.
2026-04-23 01:31:23.454 9 INFO neutron.db.ovn_revision_numbers_db [None req-6e74c795-e2ec-4067-893f-4225139b8084 730fedb9e2124229bd344de7b8c389da a4eab3921eb94013b335b7a5e7ad6b74 - - default default] Successfully bumped revision number for resource a0264006-a981-4508-ae11-ab29d22c222c (type: routers) to 7
2026-04-23 01:31:23.458 9 INFO neutron.wsgi [None req-6e74c795-e2ec-4067-893f-4225139b8084 730fedb9e2124229bd344de7b8c389da a4eab3921eb94013b335b7a5e7ad6b74 - - default default] 10.0.0.114 "PUT /v2.0/routers/a0264006-a981-4508-ae11-ab29d22c222c HTTP/1.1" status: 200 len: 655 time: 0.6472943
2026-04-23 01:31:23.486 9 INFO neutron.wsgi [None req-52fa68e1-ab1f-4256-8b7b-f9394a1f24a3 730fedb9e2124229bd344de7b8c389da a4eab3921eb94013b335b7a5e7ad6b74 - - default default] 10.0.0.114 "GET /v2.0/ports?device_id=a0264006-a981-4508-ae11-ab29d22c222c HTTP/1.1" status: 200 len: 205 time: 0.0216360
2026-04-23 01:31:23.488 10 WARNING neutron.scheduler.dhcp_agent_scheduler [None req-948c7bde-7cf5-4b29-a6fa-767d39cb63c9 f598c37854e244fbbe26ebcf99c60929 dba6069e29834d48bf71fe250abf78c3 - - default default] No more DHCP agents
2026-04-23 01:31:23.492 10 WARNING neutron.api.rpc.agentnotifiers.dhcp_rpc_agent_api [None req-948c7bde-7cf5-4b29-a6fa-767d39cb63c9 f598c37854e244fbbe26ebcf99c60929 dba6069e29834d48bf71fe250abf78c3 - - default default] Unable to schedule network 102b5d73-ea40-429d-8c63-65bef65ea9a5: no agents available; will retry on subsequent port and subnet creation events.
2026-04-23 01:31:23.494 10 INFO neutron.db.ovn_revision_numbers_db [None req-b4246aec-207f-44ee-afa3-86ef2578bf2d - - - - - -] Successfully bumped revision number for resource a5145ab9-d75e-4404-9ba1-3e0f83ba2948 (type: ports) to 2
2026-04-23 01:31:23.641 10 INFO neutron.db.ovn_revision_numbers_db [None req-4ff7bda5-0a1b-4d13-8670-a322bbd9ff47 6cbb01a18d1f4b82ad85bb5548dfb8b3 48cbdbc819844530bf75ca857975cf67 - - default default] Successfully bumped revision number for resource a5145ab9-d75e-4404-9ba1-3e0f83ba2948 (type: router_ports) to 2
2026-04-23 01:31:23.644 10 INFO neutron.wsgi [None req-4ff7bda5-0a1b-4d13-8670-a322bbd9ff47 6cbb01a18d1f4b82ad85bb5548dfb8b3 48cbdbc819844530bf75ca857975cf67 - - default default] 10.0.0.114 "PUT /v2.0/routers/83741473-140e-4b9f-aa77-8010cb306e34/add_router_interface HTTP/1.1" status: 200 len: 503 time: 2.3413229
2026-04-23 01:31:23.644 10 INFO neutron.db.ovn_revision_numbers_db [None req-948c7bde-7cf5-4b29-a6fa-767d39cb63c9 f598c37854e244fbbe26ebcf99c60929 dba6069e29834d48bf71fe250abf78c3 - - default default] Successfully bumped revision number for resource 3b5fe746-8985-45f8-b459-dc9c6da75fb5 (type: ports) to 1
2026-04-23 01:31:23.672 10 INFO neutron.wsgi [None req-948c7bde-7cf5-4b29-a6fa-767d39cb63c9 f598c37854e244fbbe26ebcf99c60929 dba6069e29834d48bf71fe250abf78c3 - - default default] 10.0.0.114 "POST /v2.0/networks HTTP/1.1" status: 201 len: 852 time: 0.9205184
2026-04-23 01:31:23.681 10 WARNING neutron_lib.context [None req-e8eed127-2acc-4cb4-9324-de72ac177c5f f598c37854e244fbbe26ebcf99c60929 dba6069e29834d48bf71fe250abf78c3 - - default default] Method 'is_advsvc' is deprecated since 2023.2 release (neutron-lib 3.8.0) and will be removed once support for the old RBAC API policies will be removed from Neutron. Please use method 'is_service_role' instead.
2026-04-23 01:31:23.768 10 INFO neutron.db.segments_db [None req-e8eed127-2acc-4cb4-9324-de72ac177c5f f598c37854e244fbbe26ebcf99c60929 dba6069e29834d48bf71fe250abf78c3 - - default default] Added segment e725e083-7a0f-4ed1-9d67-9d609a61eeb9 of type geneve for network 55e8ffd2-12aa-4b54-acb6-163b4090bee0
2026-04-23 01:31:23.834 9 INFO neutron.wsgi [None req-50d6e9fa-be0d-48c5-a611-29184f174c4d 6cbb01a18d1f4b82ad85bb5548dfb8b3 48cbdbc819844530bf75ca857975cf67 - - default default] 10.0.0.114 "GET /v2.0/ports/a5145ab9-d75e-4404-9ba1-3e0f83ba2948 HTTP/1.1" status: 200 len: 1141 time: 0.1860671
2026-04-23 01:31:23.874 9 INFO neutron.wsgi [None req-5060fa84-f9e0-41ff-8e02-13ab4b004dfb 730fedb9e2124229bd344de7b8c389da a4eab3921eb94013b335b7a5e7ad6b74 - - default default] 10.0.0.114 "DELETE /v2.0/routers/a0264006-a981-4508-ae11-ab29d22c222c HTTP/1.1" status: 204 len: 168 time: 0.3828907
2026-04-23 01:31:23.880 9 INFO neutron.wsgi [None req-7add5d07-211c-48e8-912b-484b65f15a58 6cbb01a18d1f4b82ad85bb5548dfb8b3 48cbdbc819844530bf75ca857975cf67 - - default default] 10.0.0.114 "GET /v2.0/ports/a5145ab9-d75e-4404-9ba1-3e0f83ba2948 HTTP/1.1" status: 200 len: 1141 time: 0.0366158
2026-04-23 01:31:23.967 10 INFO neutron.db.ovn_revision_numbers_db [None req-e8eed127-2acc-4cb4-9324-de72ac177c5f f598c37854e244fbbe26ebcf99c60929 dba6069e29834d48bf71fe250abf78c3 - - default default] Successfully bumped revision number for resource 55e8ffd2-12aa-4b54-acb6-163b4090bee0 (type: networks) to 1
2026-04-23 01:31:24.165 10 WARNING neutron.scheduler.dhcp_agent_scheduler [None req-e8eed127-2acc-4cb4-9324-de72ac177c5f f598c37854e244fbbe26ebcf99c60929 dba6069e29834d48bf71fe250abf78c3 - - default default] No more DHCP agents
2026-04-23 01:31:24.167 10 WARNING neutron.api.rpc.agentnotifiers.dhcp_rpc_agent_api [None req-e8eed127-2acc-4cb4-9324-de72ac177c5f f598c37854e244fbbe26ebcf99c60929 dba6069e29834d48bf71fe250abf78c3 - - default default] Unable to schedule network 55e8ffd2-12aa-4b54-acb6-163b4090bee0: no agents available; will retry on subsequent port and subnet creation events.
2026-04-23 01:31:24.260 10 INFO neutron.db.ovn_revision_numbers_db [None req-e8eed127-2acc-4cb4-9324-de72ac177c5f f598c37854e244fbbe26ebcf99c60929 dba6069e29834d48bf71fe250abf78c3 - - default default] Successfully bumped revision number for resource fd60ee29-d468-4322-b3a2-a3abf3be4e09 (type: ports) to 1
2026-04-23 01:31:24.289 10 INFO neutron.wsgi [None req-e8eed127-2acc-4cb4-9324-de72ac177c5f f598c37854e244fbbe26ebcf99c60929 dba6069e29834d48bf71fe250abf78c3 - - default default] 10.0.0.114 "POST /v2.0/networks HTTP/1.1" status: 201 len: 853 time: 0.6134474
2026-04-23 01:31:24.570 9 INFO neutron.wsgi [None req-801f959d-3fd9-4127-9991-529baa2f2c8a 6cbb01a18d1f4b82ad85bb5548dfb8b3 48cbdbc819844530bf75ca857975cf67 - - default default] 10.0.0.114 "PUT /v2.0/routers/83741473-140e-4b9f-aa77-8010cb306e34/remove_router_interface HTTP/1.1" status: 200 len: 503 time: 0.6847534
2026-04-23 01:31:24.605 10 INFO neutron.wsgi [None req-d571301f-0fdd-4cb9-9b51-3986352d45c6 6cbb01a18d1f4b82ad85bb5548dfb8b3 48cbdbc819844530bf75ca857975cf67 - - default default] 10.0.0.114 "GET /v2.0/ports?device_id=83741473-140e-4b9f-aa77-8010cb306e34 HTTP/1.1" status: 200 len: 205 time: 0.0285611
2026-04-23 01:31:24.762 10 WARNING neutron_lib.context [None req-73786e9b-e3e4-4ba0-bfe8-6f33bde0236d f598c37854e244fbbe26ebcf99c60929 dba6069e29834d48bf71fe250abf78c3 - - default default] Method 'is_advsvc' is deprecated since 2023.2 release (neutron-lib 3.8.0) and will be removed once support for the old RBAC API policies will be removed from Neutron. Please use method 'is_service_role' instead. /var/lib/openstack/lib/python3.10/site-packages/pycadf/identifier.py:71: UserWarning: Invalid uuid: neutron. To ensure interoperability, identifiers should be a valid uuid. warnings.warn(('Invalid uuid: %s. To ensure interoperability, '
2026-04-23 01:31:24.962 9 INFO neutron.db.ovn_revision_numbers_db [None req-29e76f5f-6e9d-4ef5-9fd0-9585b47dbfbf bf4043cc0f434387877d79221075a19a 6162cc77efe94e49b38ec87dcb9d6fc9 - - default default] Successfully bumped revision number for resource 7c43154a-fb38-4b19-90da-a1958d9109fb (type: security_groups) to 1
2026-04-23 01:31:24.970 9 INFO neutron.db.ovn_revision_numbers_db [None req-ef87f45e-8381-48a2-81e8-84d15780f6d3 bf4043cc0f434387877d79221075a19a 6162cc77efe94e49b38ec87dcb9d6fc9 - - default default] Successfully bumped revision number for resource 368d4907-c591-4829-875c-2c4d026e6bab (type: security_groups) to 1
2026-04-23 01:31:24.976 9 INFO neutron.db.ovn_revision_numbers_db [None req-29e76f5f-6e9d-4ef5-9fd0-9585b47dbfbf bf4043cc0f434387877d79221075a19a 6162cc77efe94e49b38ec87dcb9d6fc9 - - default default] Successfully bumped revision number for resource 614ebe68-e5d8-41b5-9338-194b764e5e49 (type: security_group_rules) to 0
2026-04-23 01:31:24.986 9 INFO neutron.db.ovn_revision_numbers_db [None req-ef87f45e-8381-48a2-81e8-84d15780f6d3 bf4043cc0f434387877d79221075a19a 6162cc77efe94e49b38ec87dcb9d6fc9 - - default default] Successfully bumped revision number for resource 2562211a-e81e-47f3-bd95-69a149b2ae7c (type: security_group_rules) to 0
2026-04-23 01:31:24.991 9 INFO neutron.db.ovn_revision_numbers_db [None req-29e76f5f-6e9d-4ef5-9fd0-9585b47dbfbf bf4043cc0f434387877d79221075a19a 6162cc77efe94e49b38ec87dcb9d6fc9 - - default default] Successfully bumped revision number for resource 763bc63d-a7cb-4735-b501-37b67937678b (type: security_group_rules) to 0
