2026-04-23 01:32:45.771 9 INFO neutron.wsgi [req-6586ee21-e9ed-427d-851c-f4d7a37409b5 req-3101554d-807d-4381-a834-0e27b1a482fb 670f2b3f99184349923129a61236afa2 434c52c271df47cf938a34dbc3ad05a3 - - 1aaf39911e524cf8a4d86f572088f256 1aaf39911e524cf8a4d86f572088f256] 199.204.45.155 "GET /v2.0/ports?tenant_id=6c1ae9d420034f199387417f738397db&device_id=86a8d0ed-b85d-4351-a976-2aa7c5c938e7 HTTP/1.1" status: 200 len: 1448 time: 0.0431759
2026-04-23 01:32:45.838 9 INFO neutron.wsgi [req-6586ee21-e9ed-427d-851c-f4d7a37409b5 req-9b6287f6-3e9d-469b-82b9-e2841483f5f4 670f2b3f99184349923129a61236afa2 434c52c271df47cf938a34dbc3ad05a3 - - 1aaf39911e524cf8a4d86f572088f256 1aaf39911e524cf8a4d86f572088f256] 199.204.45.155 "GET /v2.0/networks?id=3929aa67-b8a8-4e1d-bbe6-711bbeb11c8f HTTP/1.1" status: 200 len: 970 time: 0.0612803
2026-04-23 01:32:45.899 9 INFO neutron.wsgi [req-6586ee21-e9ed-427d-851c-f4d7a37409b5 req-74e3733d-dc4c-4211-b73d-e76b00d7bd17 670f2b3f99184349923129a61236afa2 434c52c271df47cf938a34dbc3ad05a3 - - 1aaf39911e524cf8a4d86f572088f256 1aaf39911e524cf8a4d86f572088f256] 199.204.45.155 "GET /v2.0/floatingips?fixed_ip_address=10.100.0.7&port_id=fc7fa94c-ff5a-4548-bc7b-122e7e44f56d HTTP/1.1" status: 200 len: 1059 time: 0.0530970
2026-04-23 01:32:45.938 9 INFO neutron.wsgi [req-6586ee21-e9ed-427d-851c-f4d7a37409b5 req-30dec1c2-7f52-4957-afe7-f830db033bdb 670f2b3f99184349923129a61236afa2 434c52c271df47cf938a34dbc3ad05a3 - - 1aaf39911e524cf8a4d86f572088f256 1aaf39911e524cf8a4d86f572088f256] 199.204.45.155 "GET /v2.0/subnets?id=406967b4-dd4f-488b-91ce-1c78cea680d0 HTTP/1.1" status: 200 len: 865 time: 0.0341880
2026-04-23 01:32:45.971 9 INFO neutron.wsgi [req-6586ee21-e9ed-427d-851c-f4d7a37409b5 req-8b6ec503-d0b7-4232-af58-aef034621c94 670f2b3f99184349923129a61236afa2 434c52c271df47cf938a34dbc3ad05a3 - - 1aaf39911e524cf8a4d86f572088f256 1aaf39911e524cf8a4d86f572088f256] 199.204.45.155 "GET /v2.0/ports?network_id=3929aa67-b8a8-4e1d-bbe6-711bbeb11c8f&device_owner=network%3Adhcp HTTP/1.1" status: 200 len: 210 time: 0.0207896
2026-04-23 01:32:46.039 9 INFO neutron.wsgi [req-6586ee21-e9ed-427d-851c-f4d7a37409b5 req-915fe077-3c6e-462e-bd42-2e9e18d817ba 670f2b3f99184349923129a61236afa2 434c52c271df47cf938a34dbc3ad05a3 - - 1aaf39911e524cf8a4d86f572088f256 1aaf39911e524cf8a4d86f572088f256] 199.204.45.155 "GET /v2.0/networks/3929aa67-b8a8-4e1d-bbe6-711bbeb11c8f?fields=segments HTTP/1.1" status: 200 len: 212 time: 0.0598896
2026-04-23 01:32:46.097 9 INFO neutron.wsgi [req-6586ee21-e9ed-427d-851c-f4d7a37409b5 req-859484fa-45a3-4d0d-b87c-8da98eef4224 670f2b3f99184349923129a61236afa2 434c52c271df47cf938a34dbc3ad05a3 - - 1aaf39911e524cf8a4d86f572088f256 1aaf39911e524cf8a4d86f572088f256] 199.204.45.155 "GET /v2.0/networks/3929aa67-b8a8-4e1d-bbe6-711bbeb11c8f?fields=provider%3Aphysical_network&fields=provider%3Anetwork_type HTTP/1.1" status: 200 len: 277 time: 0.0514698
2026-04-23 01:32:47.371 10 INFO neutron.wsgi [None req-ba540dda-8fb4-428c-8bb5-55ae6edda284 bf4043cc0f434387877d79221075a19a 6162cc77efe94e49b38ec87dcb9d6fc9 - - default default] 10.0.0.114 "PUT /v2.0/routers/a3fdde4a-0cfe-404e-af1e-ac058582cf65/remove_router_interface HTTP/1.1" status: 200 len: 503 time: 1.3886700 /var/lib/openstack/lib/python3.10/site-packages/pycadf/identifier.py:71: UserWarning: Invalid uuid: neutron. To ensure interoperability, identifiers should be a valid uuid. warnings.warn(('Invalid uuid: %s. To ensure interoperability, '
2026-04-23 01:32:47.975 9 INFO neutron.wsgi [-] 10.0.0.87 "GET / HTTP/1.1" status: 200 len: 247 time: 0.0026066
2026-04-23 01:32:47.979 9 INFO neutron.wsgi [-] 10.0.0.87 "GET / HTTP/1.1" status: 200 len: 247 time: 0.0026126
2026-04-23 01:32:48.555 10 INFO neutron.wsgi [None req-19b3435d-3bb5-437b-9a73-1f237c9d3595 bf4043cc0f434387877d79221075a19a 6162cc77efe94e49b38ec87dcb9d6fc9 - - default default] 10.0.0.114 "DELETE /v2.0/routers/a3fdde4a-0cfe-404e-af1e-ac058582cf65 HTTP/1.1" status: 204 len: 168 time: 1.1788452
2026-04-23 01:32:48.774 10 INFO neutron.wsgi [None req-448a849c-034f-4e94-975e-29453d827713 bf4043cc0f434387877d79221075a19a 6162cc77efe94e49b38ec87dcb9d6fc9 - - default default] 10.0.0.114 "DELETE /v2.0/subnets/8d392a27-40f7-45d7-a42c-e9885b29984f HTTP/1.1" status: 204 len: 168 time: 0.2139251
2026-04-23 01:32:48.883 9 WARNING neutron_lib.context [None req-54e470d5-4cdc-426b-b5ac-a814a0664c3e e202b071eb574f46b140e08eaed6b701 d014ad89f51a4622a8b5cd44ef949e65 - - default default] Method 'is_advsvc' is deprecated since 2023.2 release (neutron-lib 3.8.0) and will be removed once support for the old RBAC API policies will be removed from Neutron. Please use method 'is_service_role' instead.
2026-04-23 01:32:49.052 9 INFO neutron.db.ovn_revision_numbers_db [None req-54e470d5-4cdc-426b-b5ac-a814a0664c3e e202b071eb574f46b140e08eaed6b701 d014ad89f51a4622a8b5cd44ef949e65 - - default default] Successfully bumped revision number for resource 9de17d03-bd3d-45c5-b086-d4085e61db09 (type: routers) to 1
2026-04-23 01:32:49.065 9 INFO neutron.wsgi [None req-54e470d5-4cdc-426b-b5ac-a814a0664c3e e202b071eb574f46b140e08eaed6b701 d014ad89f51a4622a8b5cd44ef949e65 - - default default] 10.0.0.114 "POST /v2.0/routers HTTP/1.1" status: 201 len: 654 time: 0.3641887
2026-04-23 01:32:49.076 9 WARNING neutron_lib.context [None req-e94a250e-6c6f-4099-9760-843adfa116b4 e202b071eb574f46b140e08eaed6b701 d014ad89f51a4622a8b5cd44ef949e65 - - default default] Method 'is_advsvc' is deprecated since 2023.2 release (neutron-lib 3.8.0) and will be removed once support for the old RBAC API policies will be removed from Neutron. Please use method 'is_service_role' instead.
2026-04-23 01:32:49.108 10 INFO neutron.services.segments.plugin [-] Segment daae5198-e0c4-434c-b22c-c9474e65e615 resource provider aggregate not found
2026-04-23 01:32:49.111 10 INFO neutron.services.segments.plugin [-] Segment daae5198-e0c4-434c-b22c-c9474e65e615 resource provider aggregate not found
2026-04-23 01:32:49.127 10 INFO neutron.services.segments.plugin [-] Segment daae5198-e0c4-434c-b22c-c9474e65e615 resource provider not found; error: Placement Client Error (4xx): {"errors": [{"status": 404, "title": "Not Found", "detail": "The resource could not be found.\n\n No resource provider with uuid daae5198-e0c4-434c-b22c-c9474e65e615 found for delete ", "request_id": "req-c04e3dbf-b03e-4c41-93eb-2956162222df"}]}
2026-04-23 01:32:49.130 10 INFO neutron.services.segments.plugin [-] Segment daae5198-e0c4-434c-b22c-c9474e65e615 resource provider not found; error: Placement Client Error (4xx): {"errors": [{"status": 404, "title": "Not Found", "detail": "The resource could not be found.\n\n No resource provider with uuid daae5198-e0c4-434c-b22c-c9474e65e615 found for delete ", "request_id": "req-f7978f0e-6e95-4398-93e4-63704bb14803"}]}
2026-04-23 01:32:49.149 10 INFO neutron.wsgi [None req-6c249b89-5bee-4363-a1df-6ac7440f5089 bf4043cc0f434387877d79221075a19a 6162cc77efe94e49b38ec87dcb9d6fc9 - - default default] 10.0.0.114 "DELETE /v2.0/networks/82e77aba-d9e1-48f0-b311-f54439adac34 HTTP/1.1" status: 204 len: 168 time: 0.3707447
2026-04-23 01:32:49.216 9 INFO neutron.db.ovn_revision_numbers_db [None req-e94a250e-6c6f-4099-9760-843adfa116b4 e202b071eb574f46b140e08eaed6b701 d014ad89f51a4622a8b5cd44ef949e65 - - default default] Successfully bumped revision number for resource aaa41397-c138-4f26-92bf-7b8899712d1e (type: routers) to 1
2026-04-23 01:32:49.233 9 INFO neutron.wsgi [None req-e94a250e-6c6f-4099-9760-843adfa116b4 e202b071eb574f46b140e08eaed6b701 d014ad89f51a4622a8b5cd44ef949e65 - - default default] 10.0.0.114 "POST /v2.0/routers HTTP/1.1" status: 201 len: 654 time: 0.1616879
2026-04-23 01:32:49.242 9 WARNING neutron_lib.context [None req-5c45363c-828e-4e69-8ef3-780e79f71e33 e202b071eb574f46b140e08eaed6b701 d014ad89f51a4622a8b5cd44ef949e65 - - default default] Method 'is_advsvc' is deprecated since 2023.2 release (neutron-lib 3.8.0) and will be removed once support for the old RBAC API policies will be removed from Neutron. Please use method 'is_service_role' instead.
2026-04-23 01:32:49.374 10 INFO neutron.wsgi [None req-04c240e9-a26e-415c-a9a3-3491c7fe1421 bf4043cc0f434387877d79221075a19a 6162cc77efe94e49b38ec87dcb9d6fc9 - - default default] 10.0.0.114 "GET /v2.0/security-groups?tenant_id=3de616fda0c443e2b1ca17bedcac08a1&name=default HTTP/1.1" status: 200 len: 2996 time: 0.0351627
2026-04-23 01:32:49.381 9 INFO neutron.db.ovn_revision_numbers_db [None req-5c45363c-828e-4e69-8ef3-780e79f71e33 e202b071eb574f46b140e08eaed6b701 d014ad89f51a4622a8b5cd44ef949e65 - - default default] Successfully bumped revision number for resource dd90d700-0e49-4b16-8156-aa0e1f4c6201 (type: routers) to 1
2026-04-23 01:32:49.394 9 INFO neutron.wsgi [None req-5c45363c-828e-4e69-8ef3-780e79f71e33 e202b071eb574f46b140e08eaed6b701 d014ad89f51a4622a8b5cd44ef949e65 - - default default] 10.0.0.114 "POST /v2.0/routers HTTP/1.1" status: 201 len: 654 time: 0.1571667
2026-04-23 01:32:49.404 10 WARNING neutron_lib.context [None req-ab406e30-e848-4827-a692-159bb9ffc915 e202b071eb574f46b140e08eaed6b701 d014ad89f51a4622a8b5cd44ef949e65 - - default default] Method 'is_advsvc' is deprecated since 2023.2 release (neutron-lib 3.8.0) and will be removed once support for the old RBAC API policies will be removed from Neutron. Please use method 'is_service_role' instead.
2026-04-23 01:32:49.628 10 INFO neutron.db.ovn_revision_numbers_db [None req-ab406e30-e848-4827-a692-159bb9ffc915 e202b071eb574f46b140e08eaed6b701 d014ad89f51a4622a8b5cd44ef949e65 - - default default] Successfully bumped revision number for resource a3fa9800-d8a3-40ea-addf-6dd3fc6ba515 (type: routers) to 1
2026-04-23 01:32:49.649 10 INFO neutron.wsgi [None req-ab406e30-e848-4827-a692-159bb9ffc915 e202b071eb574f46b140e08eaed6b701 d014ad89f51a4622a8b5cd44ef949e65 - - default default] 10.0.0.114 "POST /v2.0/routers HTTP/1.1" status: 201 len: 654 time: 0.2503736
2026-04-23 01:32:49.656 10 WARNING neutron_lib.context [None req-cc1790e6-8c0d-4f92-98a5-2b7af111aced e202b071eb574f46b140e08eaed6b701 d014ad89f51a4622a8b5cd44ef949e65 - - default default] Method 'is_advsvc' is deprecated since 2023.2 release (neutron-lib 3.8.0) and will be removed once support for the old RBAC API policies will be removed from Neutron. Please use method 'is_service_role' instead.
2026-04-23 01:32:49.689 10 INFO neutron.wsgi [None req-de1e78d0-1f58-4b46-87c4-15d76e1dcc1b bf4043cc0f434387877d79221075a19a 6162cc77efe94e49b38ec87dcb9d6fc9 - - default default] 10.0.0.114 "DELETE /v2.0/security-groups/2b78b4b5-8976-4b54-bf81-1e2af1ccf9e2 HTTP/1.1" status: 204 len: 168 time: 0.3107500
2026-04-23 01:32:49.800 10 INFO neutron.db.ovn_revision_numbers_db [None req-cc1790e6-8c0d-4f92-98a5-2b7af111aced e202b071eb574f46b140e08eaed6b701 d014ad89f51a4622a8b5cd44ef949e65 - - default default] Successfully bumped revision number for resource 7529f181-73ce-4ea2-8762-b579dc349ef0 (type: routers) to 1
2026-04-23 01:32:49.813 10 INFO neutron.wsgi [None req-cc1790e6-8c0d-4f92-98a5-2b7af111aced e202b071eb574f46b140e08eaed6b701 d014ad89f51a4622a8b5cd44ef949e65 - - default default] 10.0.0.114 "POST /v2.0/routers HTTP/1.1" status: 201 len: 654 time: 0.1607692
2026-04-23 01:32:49.884 10 INFO neutron.wsgi [None req-24d6ec2f-de25-4c85-8f59-a6a6d3137d8b e202b071eb574f46b140e08eaed6b701 d014ad89f51a4622a8b5cd44ef949e65 - - default default] 10.0.0.114 "PUT /v2.0/routers/9de17d03-bd3d-45c5-b086-d4085e61db09/tags HTTP/1.1" status: 200 len: 210 time: 0.0678294
2026-04-23 01:32:49.937 10 INFO neutron.wsgi [None req-09c9fe18-fb34-4bc1-bb24-82e393c9fa8c e202b071eb574f46b140e08eaed6b701 d014ad89f51a4622a8b5cd44ef949e65 - - default default] 10.0.0.114 "PUT /v2.0/routers/aaa41397-c138-4f26-92bf-7b8899712d1e/tags HTTP/1.1" status: 200 len: 218 time: 0.0499167
2026-04-23 01:32:49.998 10 INFO neutron.wsgi [None req-5cd2297c-a82a-4f1b-abd9-596b9f1cd02f e202b071eb574f46b140e08eaed6b701 d014ad89f51a4622a8b5cd44ef949e65 - - default default] 10.0.0.114 "PUT /v2.0/routers/dd90d700-0e49-4b16-8156-aa0e1f4c6201/tags HTTP/1.1" status: 200 len: 227 time: 0.0577021
2026-04-23 01:32:50.056 10 INFO neutron.wsgi [None req-67c3f0cd-4f6a-4662-9c7d-e3a2fe94896f e202b071eb574f46b140e08eaed6b701 d014ad89f51a4622a8b5cd44ef949e65 - - default default] 10.0.0.114 "PUT /v2.0/routers/a3fa9800-d8a3-40ea-addf-6dd3fc6ba515/tags HTTP/1.1" status: 200 len: 212 time: 0.0555036
2026-04-23 01:32:50.313 10 INFO neutron.wsgi [None req-c5ee74cc-bb8a-4c10-b261-a67fb17f094d e202b071eb574f46b140e08eaed6b701 d014ad89f51a4622a8b5cd44ef949e65 - - default default] 10.0.0.114 "GET /v2.0/routers?tags=red HTTP/1.1" status: 200 len: 1601 time: 0.2528296
2026-04-23 01:32:50.377 10 INFO neutron.wsgi [None req-476551af-1a82-4e07-b88c-c5e1b9230660 e202b071eb574f46b140e08eaed6b701 d014ad89f51a4622a8b5cd44ef949e65 - - default default] 10.0.0.114 "GET /v2.0/routers?tags=red%2Cblue HTTP/1.1" status: 200 len: 1144 time: 0.0616920
2026-04-23 01:32:50.466 10 INFO neutron.wsgi [None req-da23c208-8fe3-4680-9228-8ee6ff2e3e68 e202b071eb574f46b140e08eaed6b701 d014ad89f51a4622a8b5cd44ef949e65 - - default default] 10.0.0.114 "GET /v2.0/routers?tags-any=blue HTTP/1.1" status: 200 len: 1144 time: 0.0839636
2026-04-23 01:32:50.519 10 INFO neutron.wsgi [None req-16b736d0-76d6-4f46-95b6-0b26b9983ab0 e202b071eb574f46b140e08eaed6b701 d014ad89f51a4622a8b5cd44ef949e65 - - default default] 10.0.0.114 "GET /v2.0/routers?tags-any=red%2Cblue HTTP/1.1" status: 200 len: 1601 time: 0.0497785
2026-04-23 01:32:50.596 9 INFO neutron.wsgi [None req-985c1ebd-a22e-4e56-830c-96f0098f2271 e202b071eb574f46b140e08eaed6b701 d014ad89f51a4622a8b5cd44ef949e65 - - default default] 10.0.0.114 "GET /v2.0/routers?not-tags=red HTTP/1.1" status: 200 len: 1116 time: 0.0683105
2026-04-23 01:32:50.679 9 INFO neutron.wsgi [None req-dabc5f5d-689e-4fcf-9ce6-5b6218cd3b33 e202b071eb574f46b140e08eaed6b701 d014ad89f51a4622a8b5cd44ef949e65 - - default default] 10.0.0.114 "GET /v2.0/routers?not-tags=red%2Cblue HTTP/1.1" status: 200 len: 1573 time: 0.0781560
2026-04-23 01:32:50.772 10 INFO neutron.wsgi [None req-5a2be2c7-ad05-40b7-a2cf-29b2a3f00026 e202b071eb574f46b140e08eaed6b701 d014ad89f51a4622a8b5cd44ef949e65 - - default default] 10.0.0.114 "GET /v2.0/routers?not-tags-any=blue HTTP/1.1" status: 200 len: 1573 time: 0.0880651
2026-04-23 01:32:50.825 10 INFO neutron.wsgi [None req-ddd7f2f5-daf0-4acc-8b46-1e736869cddf e202b071eb574f46b140e08eaed6b701 d014ad89f51a4622a8b5cd44ef949e65 - - default default] 10.0.0.114 "GET /v2.0/routers?not-tags-any=red%2Cblue HTTP/1.1" status: 200 len: 1116 time: 0.0488784
2026-04-23 01:32:50.884 10 INFO neutron.wsgi [None req-8397346c-e90c-4386-a092-f478db73c9e5 e202b071eb574f46b140e08eaed6b701 d014ad89f51a4622a8b5cd44ef949e65 - - default default] 10.0.0.114 "GET /v2.0/routers/9de17d03-bd3d-45c5-b086-d4085e61db09 HTTP/1.1" status: 200 len: 660 time: 0.0486066
2026-04-23 01:32:51.311 10 INFO neutron.db.ovn_revision_numbers_db [None req-f0e80f35-c077-4956-a531-0081eaa92532 e202b071eb574f46b140e08eaed6b701 d014ad89f51a4622a8b5cd44ef949e65 - - default default] Successfully bumped revision number for resource 9de17d03-bd3d-45c5-b086-d4085e61db09 (type: routers) to 2
2026-04-23 01:32:51.315 10 INFO neutron.wsgi [None req-f0e80f35-c077-4956-a531-0081eaa92532 e202b071eb574f46b140e08eaed6b701 d014ad89f51a4622a8b5cd44ef949e65 - - default default] 10.0.0.114 "PUT /v2.0/routers/9de17d03-bd3d-45c5-b086-d4085e61db09 HTTP/1.1" status: 200 len: 660 time: 0.4240026
2026-04-23 01:32:51.338 10 INFO neutron.wsgi [None req-e73fa971-1d22-4826-93b4-b91ef7d62394 e202b071eb574f46b140e08eaed6b701 d014ad89f51a4622a8b5cd44ef949e65 - - default default] 10.0.0.114 "GET /v2.0/ports?device_id=9de17d03-bd3d-45c5-b086-d4085e61db09 HTTP/1.1" status: 200 len: 205 time: 0.0186150
2026-04-23 01:32:51.595 10 INFO neutron.wsgi [None req-9d822f82-5c11-46ce-b201-211caa7e0182 e202b071eb574f46b140e08eaed6b701 d014ad89f51a4622a8b5cd44ef949e65 - - default default] 10.0.0.114 "DELETE /v2.0/routers/9de17d03-bd3d-45c5-b086-d4085e61db09 HTTP/1.1" status: 204 len: 168 time: 0.2531214
2026-04-23 01:32:51.846 10 INFO neutron.wsgi [None req-6d04806a-4feb-4d5d-bbc8-c42fafaf95f1 e202b071eb574f46b140e08eaed6b701 d014ad89f51a4622a8b5cd44ef949e65 - - default default] 10.0.0.114 "GET /v2.0/routers/aaa41397-c138-4f26-92bf-7b8899712d1e HTTP/1.1" status: 200 len: 668 time: 0.2476451
2026-04-23 01:32:52.309 10 INFO neutron.db.ovn_revision_numbers_db [None req-f64f67fd-8863-41ef-8438-a52c14e6182f e202b071eb574f46b140e08eaed6b701 d014ad89f51a4622a8b5cd44ef949e65 - - default default] Successfully bumped revision number for resource aaa41397-c138-4f26-92bf-7b8899712d1e (type: routers) to 2
2026-04-23 01:32:52.315 10 INFO neutron.wsgi [None req-f64f67fd-8863-41ef-8438-a52c14e6182f e202b071eb574f46b140e08eaed6b701 d014ad89f51a4622a8b5cd44ef949e65 - - default default] 10.0.0.114 "PUT /v2.0/routers/aaa41397-c138-4f26-92bf-7b8899712d1e HTTP/1.1" status: 200 len: 668 time: 0.4639804
2026-04-23 01:32:52.342 9 INFO neutron.wsgi [None req-38e11fcb-6b5b-4aa8-9ad1-35c47ce6cc7f e202b071eb574f46b140e08eaed6b701 d014ad89f51a4622a8b5cd44ef949e65 - - default default] 10.0.0.114 "GET /v2.0/ports?device_id=aaa41397-c138-4f26-92bf-7b8899712d1e HTTP/1.1" status: 200 len: 205 time: 0.0231092
2026-04-23 01:32:52.617 10 INFO neutron.wsgi [None req-23328ba2-cedc-4410-ba9a-38e7c34f2920 e202b071eb574f46b140e08eaed6b701 d014ad89f51a4622a8b5cd44ef949e65 - - default default] 10.0.0.114 "DELETE /v2.0/routers/aaa41397-c138-4f26-92bf-7b8899712d1e HTTP/1.1" status: 204 len: 168 time: 0.2691052
2026-04-23 01:32:52.676 10 INFO neutron.wsgi [None req-295e415e-7206-456b-8e66-96cef23cefc1 e202b071eb574f46b140e08eaed6b701 d014ad89f51a4622a8b5cd44ef949e65 - - default default] 10.0.0.114 "GET /v2.0/routers/dd90d700-0e49-4b16-8156-aa0e1f4c6201 HTTP/1.1" status: 200 len: 677 time: 0.0534639
2026-04-23 01:32:52.817 10 WARNING neutron_lib.context [None req-edadfbb7-6f12-47e3-8b3c-43729ed071a3 5391825f504946aa97e2722d5cab6a77 55d41783ff76490d97b9e40c67925a72 - - default default] Method 'is_advsvc' is deprecated since 2023.2 release (neutron-lib 3.8.0) and will be removed once support for the old RBAC API policies will be removed from Neutron. Please use method 'is_service_role' instead.
2026-04-23 01:32:53.099 10 INFO neutron.db.ovn_revision_numbers_db [None req-edadfbb7-6f12-47e3-8b3c-43729ed071a3 5391825f504946aa97e2722d5cab6a77 55d41783ff76490d97b9e40c67925a72 - - default default] Successfully bumped revision number for resource bb7a2ae4-1c96-40a0-9812-ca711278f5df (type: security_groups) to 1
2026-04-23 01:32:53.368 10 INFO neutron.db.ovn_revision_numbers_db [None req-edadfbb7-6f12-47e3-8b3c-43729ed071a3 5391825f504946aa97e2722d5cab6a77 55d41783ff76490d97b9e40c67925a72 - - default default] Successfully bumped revision number for resource 4965c19a-1311-4fa1-b5ea-fb8a09898a8d (type: security_group_rules) to 0
2026-04-23 01:32:53.394 10 INFO neutron.db.ovn_revision_numbers_db [None req-edadfbb7-6f12-47e3-8b3c-43729ed071a3 5391825f504946aa97e2722d5cab6a77 55d41783ff76490d97b9e40c67925a72 - - default default] Successfully bumped revision number for resource aa1ed4c3-d36a-4ef6-99c3-bba742703897 (type: security_group_rules) to 0
2026-04-23 01:32:53.396 10 INFO neutron.db.ovn_revision_numbers_db [None req-11c0e7e3-a264-4325-9386-1f2cc6a901ff e202b071eb574f46b140e08eaed6b701 d014ad89f51a4622a8b5cd44ef949e65 - - default default] Successfully bumped revision number for resource dd90d700-0e49-4b16-8156-aa0e1f4c6201 (type: routers) to 2
2026-04-23 01:32:53.399 10 INFO neutron.wsgi [None req-11c0e7e3-a264-4325-9386-1f2cc6a901ff e202b071eb574f46b140e08eaed6b701 d014ad89f51a4622a8b5cd44ef949e65 - - default default] 10.0.0.114 "PUT /v2.0/routers/dd90d700-0e49-4b16-8156-aa0e1f4c6201 HTTP/1.1" status: 200 len: 677 time: 0.7198129
2026-04-23 01:32:53.416 10 INFO neutron.db.ovn_revision_numbers_db [None req-edadfbb7-6f12-47e3-8b3c-43729ed071a3 5391825f504946aa97e2722d5cab6a77 55d41783ff76490d97b9e40c67925a72 - - default default] Successfully bumped revision number for resource dff89f9f-9e23-4c72-9a40-4f84319aed5f (type: security_group_rules) to 0
2026-04-23 01:32:53.428 9 INFO neutron.wsgi [None req-d854cb74-5164-47c1-a9b3-18b4c32fb4bd e202b071eb574f46b140e08eaed6b701 d014ad89f51a4622a8b5cd44ef949e65 - - default default] 10.0.0.114 "GET /v2.0/ports?device_id=dd90d700-0e49-4b16-8156-aa0e1f4c6201 HTTP/1.1" status: 200 len: 205 time: 0.0217378
2026-04-23 01:32:53.433 10 INFO neutron.db.ovn_revision_numbers_db [None req-edadfbb7-6f12-47e3-8b3c-43729ed071a3 5391825f504946aa97e2722d5cab6a77 55d41783ff76490d97b9e40c67925a72 - - default default] Successfully bumped revision number for resource fa3a3d7c-aeb8-4db7-9ab1-18c56a3567f3 (type: security_group_rules) to 0
2026-04-23 01:32:53.486 10 INFO neutron.db.segments_db [None req-edadfbb7-6f12-47e3-8b3c-43729ed071a3 5391825f504946aa97e2722d5cab6a77 55d41783ff76490d97b9e40c67925a72 - - default default] Added segment 96afdb9a-5f02-4adc-b140-39b208ce20e8 of type geneve for network 24206ab2-b15d-42a6-944b-1eb1de988bbe
2026-04-23 01:32:53.642 10 INFO neutron.db.ovn_revision_numbers_db [None req-edadfbb7-6f12-47e3-8b3c-43729ed071a3 5391825f504946aa97e2722d5cab6a77 55d41783ff76490d97b9e40c67925a72 - - default default] Successfully bumped revision number for resource 24206ab2-b15d-42a6-944b-1eb1de988bbe (type: networks) to 1
2026-04-23 01:32:53.835 10 WARNING neutron.scheduler.dhcp_agent_scheduler [None req-edadfbb7-6f12-47e3-8b3c-43729ed071a3 5391825f504946aa97e2722d5cab6a77 55d41783ff76490d97b9e40c67925a72 - - default default] No more DHCP agents
2026-04-23 01:32:53.837 10 WARNING neutron.api.rpc.agentnotifiers.dhcp_rpc_agent_api [None req-edadfbb7-6f12-47e3-8b3c-43729ed071a3 5391825f504946aa97e2722d5cab6a77 55d41783ff76490d97b9e40c67925a72 - - default default] Unable to schedule network 24206ab2-b15d-42a6-944b-1eb1de988bbe: no agents available; will retry on subsequent port and subnet creation events.
2026-04-23 01:32:53.915 9 INFO neutron.wsgi [None req-e887ed9d-c933-4d4b-a887-c49370279449 e202b071eb574f46b140e08eaed6b701 d014ad89f51a4622a8b5cd44ef949e65 - - default default] 10.0.0.114 "DELETE /v2.0/routers/dd90d700-0e49-4b16-8156-aa0e1f4c6201 HTTP/1.1" status: 204 len: 168 time: 0.4824009
2026-04-23 01:32:53.944 10 INFO neutron.db.ovn_revision_numbers_db [None req-edadfbb7-6f12-47e3-8b3c-43729ed071a3 5391825f504946aa97e2722d5cab6a77 55d41783ff76490d97b9e40c67925a72 - - default default] Successfully bumped revision number for resource 4795966a-dc1a-4090-8d1d-0ba117d02ba9 (type: ports) to 1
2026-04-23 01:32:53.965 9 INFO neutron.wsgi [None req-310ce7e6-4ed1-4b98-b7db-f57f942d5e13 e202b071eb574f46b140e08eaed6b701 d014ad89f51a4622a8b5cd44ef949e65 - - default default] 10.0.0.114 "GET /v2.0/routers/a3fa9800-d8a3-40ea-addf-6dd3fc6ba515 HTTP/1.1" status: 200 len: 662 time: 0.0451462
2026-04-23 01:32:53.968 10 INFO neutron.wsgi [None req-edadfbb7-6f12-47e3-8b3c-43729ed071a3 5391825f504946aa97e2722d5cab6a77 55d41783ff76490d97b9e40c67925a72 - - default default] 10.0.0.114 "POST /v2.0/networks HTTP/1.1" status: 201 len: 832 time: 1.3752975
2026-04-23 01:32:53.983 10 WARNING neutron_lib.context [None req-d87d2537-149b-47f5-82c5-ebd48368be9a 5391825f504946aa97e2722d5cab6a77 55d41783ff76490d97b9e40c67925a72 - - default default] Method 'is_advsvc' is deprecated since 2023.2 release (neutron-lib 3.8.0) and will be removed once support for the old RBAC API policies will be removed from Neutron. Please use method 'is_service_role' instead.
2026-04-23 01:32:54.378 9 INFO neutron.db.ovn_revision_numbers_db [None req-efc79309-81a5-43f0-a710-e7d30d2d6808 e202b071eb574f46b140e08eaed6b701 d014ad89f51a4622a8b5cd44ef949e65 - - default default] Successfully bumped revision number for resource a3fa9800-d8a3-40ea-addf-6dd3fc6ba515 (type: routers) to 2
2026-04-23 01:32:54.381 9 INFO neutron.wsgi [None req-efc79309-81a5-43f0-a710-e7d30d2d6808 e202b071eb574f46b140e08eaed6b701 d014ad89f51a4622a8b5cd44ef949e65 - - default default] 10.0.0.114 "PUT /v2.0/routers/a3fa9800-d8a3-40ea-addf-6dd3fc6ba515 HTTP/1.1" status: 200 len: 662 time: 0.4110167
2026-04-23 01:32:54.406 9 INFO neutron.wsgi [None req-06e34f4a-3d55-458f-b40c-56a9c25a2389 e202b071eb574f46b140e08eaed6b701 d014ad89f51a4622a8b5cd44ef949e65 - - default default] 10.0.0.114 "GET /v2.0/ports?device_id=a3fa9800-d8a3-40ea-addf-6dd3fc6ba515 HTTP/1.1" status: 200 len: 205 time: 0.0190375
2026-04-23 01:32:54.433 10 WARNING neutron.scheduler.dhcp_agent_scheduler [None req-d87d2537-149b-47f5-82c5-ebd48368be9a 5391825f504946aa97e2722d5cab6a77 55d41783ff76490d97b9e40c67925a72 - - default default] No more DHCP agents
2026-04-23 01:32:54.438 10 WARNING neutron.api.rpc.agentnotifiers.dhcp_rpc_agent_api [None req-d87d2537-149b-47f5-82c5-ebd48368be9a 5391825f504946aa97e2722d5cab6a77 55d41783ff76490d97b9e40c67925a72 - - default default] Unable to schedule network 060f2c82-7e0f-4cad-934b-6728ac842465: no agents available; will retry on subsequent port and subnet creation events.
2026-04-23 01:32:54.600 10 INFO neutron.db.ovn_revision_numbers_db [None req-d87d2537-149b-47f5-82c5-ebd48368be9a 5391825f504946aa97e2722d5cab6a77 55d41783ff76490d97b9e40c67925a72 - - default default] Successfully bumped revision number for resource 200aeb39-c7f2-4822-b3bd-48a0cfd40aa4 (type: ports) to 1
2026-04-23 01:32:54.651 9 INFO neutron.wsgi [None req-ad3bf15c-9212-48ed-bf49-ba227009ba58 e202b071eb574f46b140e08eaed6b701 d014ad89f51a4622a8b5cd44ef949e65 - - default default] 10.0.0.114 "DELETE /v2.0/routers/a3fa9800-d8a3-40ea-addf-6dd3fc6ba515 HTTP/1.1" status: 204 len: 168 time: 0.2402277
2026-04-23 01:32:54.709 9 INFO neutron.wsgi [None req-b42338ec-0440-411b-b148-6dabea21188a e202b071eb574f46b140e08eaed6b701 d014ad89f51a4622a8b5cd44ef949e65 - - default default] 10.0.0.114 "GET /v2.0/routers/7529f181-73ce-4ea2-8762-b579dc349ef0 HTTP/1.1" status: 200 len: 655 time: 0.0528793
2026-04-23 01:32:55.101 9 INFO neutron.wsgi [None req-749858a7-5042-4c75-976c-5dadf4585aec e202b071eb574f46b140e08eaed6b701 d014ad89f51a4622a8b5cd44ef949e65 - - default default] 10.0.0.114 "PUT /v2.0/routers/7529f181-73ce-4ea2-8762-b579dc349ef0 HTTP/1.1" status: 200 len: 655 time: 0.3864696
2026-04-23 01:32:55.127 9 INFO neutron.wsgi [None req-5ce2ad8c-3e96-450f-a8b1-092d3a312242 e202b071eb574f46b140e08eaed6b701 d014ad89f51a4622a8b5cd44ef949e65 - - default default] 10.0.0.114 "GET /v2.0/ports?device_id=7529f181-73ce-4ea2-8762-b579dc349ef0 HTTP/1.1" status: 200 len: 205 time: 0.0207131
2026-04-23 01:32:55.185 10 INFO neutron.plugins.ml2.drivers.ovn.mech_driver.mech_driver [None req-b4246aec-207f-44ee-afa3-86ef2578bf2d - - - - - -] OVN reports status up for port: 200aeb39-c7f2-4822-b3bd-48a0cfd40aa4
2026-04-23 01:32:55.200 10 INFO neutron.plugins.ml2.drivers.ovn.mech_driver.ovsdb.ovsdb_monitor [None req-483f14fc-4f9c-404e-a76b-0c1a881c895d - - - - - -] Router bdf77bf3-0cc1-41f1-9b96-9097273625ee is bound to host instance
2026-04-23 01:32:55.227 10 INFO neutron.plugins.ml2.plugin [None req-b4246aec-207f-44ee-afa3-86ef2578bf2d - - - - - -] Attempt 1 to provision port 200aeb39-c7f2-4822-b3bd-48a0cfd40aa4
2026-04-23 01:32:55.245 10 INFO neutron.db.ovn_revision_numbers_db [None req-d87d2537-149b-47f5-82c5-ebd48368be9a 5391825f504946aa97e2722d5cab6a77 55d41783ff76490d97b9e40c67925a72 - - default default] Successfully bumped revision number for resource 200aeb39-c7f2-4822-b3bd-48a0cfd40aa4 (type: router_ports) to 1
2026-04-23 01:32:55.390 10 INFO neutron.db.ovn_revision_numbers_db [None req-d87d2537-149b-47f5-82c5-ebd48368be9a 5391825f504946aa97e2722d5cab6a77 55d41783ff76490d97b9e40c67925a72 - - default default] Successfully bumped revision number for resource bdf77bf3-0cc1-41f1-9b96-9097273625ee (type: routers) to 2
2026-04-23 01:32:55.418 10 INFO neutron.wsgi [None req-d87d2537-149b-47f5-82c5-ebd48368be9a 5391825f504946aa97e2722d5cab6a77 55d41783ff76490d97b9e40c67925a72 - - default default] 10.0.0.114 "POST /v2.0/routers HTTP/1.1" status: 201 len: 874 time: 1.4416275
2026-04-23 01:32:55.582 9 INFO neutron.wsgi [None req-cd4fddb4-9a44-4abc-b0ba-361a826bf83c e202b071eb574f46b140e08eaed6b701 d014ad89f51a4622a8b5cd44ef949e65 - - default default] 10.0.0.114 "DELETE /v2.0/routers/7529f181-73ce-4ea2-8762-b579dc349ef0 HTTP/1.1" status: 204 len: 168 time: 0.4508243
2026-04-23 01:32:55.743 10 INFO neutron.wsgi [None req-b2eadaea-ab5f-4235-90bd-4fa3fd8b6f0e 45611f240cad437897c555a0a7a1116e b3cebcbae4d04633a0bccc8f1b3f0ca1 - - default default] 10.0.0.114 "GET /v2.0/subnets?project_id=55d41783ff76490d97b9e40c67925a72&cidr=10.100.0.0%2F28 HTTP/1.1" status: 200 len: 207 time: 0.3164136
2026-04-23 01:32:55.833 9 INFO neutron.wsgi [None req-89b750b5-08ab-403f-a826-699d77075861 45611f240cad437897c555a0a7a1116e b3cebcbae4d04633a0bccc8f1b3f0ca1 - - default default] 10.0.0.114 "GET /v2.0/networks?router%3Aexternal=True HTTP/1.1" status: 200 len: 947 time: 0.0841744
2026-04-23 01:32:55.855 9 INFO neutron.wsgi [None req-83b35567-de14-4370-8be4-f023218b1d16 45611f240cad437897c555a0a7a1116e b3cebcbae4d04633a0bccc8f1b3f0ca1 - - default default] 10.0.0.114 "GET /v2.0/subnets?network_id=060f2c82-7e0f-4cad-934b-6728ac842465&cidr=10.100.0.0%2F28 HTTP/1.1" status: 200 len: 207 time: 0.0171134
2026-04-23 01:32:55.862 9 WARNING neutron_lib.context [None req-8d10dbaa-da26-40b7-8545-f34991f9caec 5391825f504946aa97e2722d5cab6a77 55d41783ff76490d97b9e40c67925a72 - - default default] Method 'is_advsvc' is deprecated since 2023.2 release (neutron-lib 3.8.0) and will be removed once support for the old RBAC API policies will be removed from Neutron. Please use method 'is_service_role' instead.
2026-04-23 01:32:56.085 10 INFO neutron.db.ovn_revision_numbers_db [None req-483f14fc-4f9c-404e-a76b-0c1a881c895d - - - - - -] Successfully bumped revision number for resource 200aeb39-c7f2-4822-b3bd-48a0cfd40aa4 (type: ports) to 1
2026-04-23 01:32:56.167 9 WARNING neutron.scheduler.dhcp_agent_scheduler [None req-8d10dbaa-da26-40b7-8545-f34991f9caec 5391825f504946aa97e2722d5cab6a77 55d41783ff76490d97b9e40c67925a72 - - default default] No more DHCP agents
2026-04-23 01:32:56.168 9 WARNING neutron.api.rpc.agentnotifiers.dhcp_rpc_agent_api [None req-8d10dbaa-da26-40b7-8545-f34991f9caec 5391825f504946aa97e2722d5cab6a77 55d41783ff76490d97b9e40c67925a72 - - default default] Unable to schedule network 24206ab2-b15d-42a6-944b-1eb1de988bbe: no agents available; will retry on subsequent port and subnet creation events.
2026-04-23 01:32:56.283 10 INFO neutron.db.ovn_revision_numbers_db [None req-483f14fc-4f9c-404e-a76b-0c1a881c895d - - - - - -] Successfully bumped revision number for resource 200aeb39-c7f2-4822-b3bd-48a0cfd40aa4 (type: router_ports) to 3
2026-04-23 01:32:56.448 10 INFO neutron.db.ovn_revision_numbers_db [None req-483f14fc-4f9c-404e-a76b-0c1a881c895d - - - - - -] Successfully bumped revision number for resource 200aeb39-c7f2-4822-b3bd-48a0cfd40aa4 (type: ports) to 2
2026-04-23 01:32:56.727 9 INFO neutron.db.ovn_revision_numbers_db [None req-8d10dbaa-da26-40b7-8545-f34991f9caec 5391825f504946aa97e2722d5cab6a77 55d41783ff76490d97b9e40c67925a72 - - default default] Successfully bumped revision number for resource 4795966a-dc1a-4090-8d1d-0ba117d02ba9 (type: ports) to 2
2026-04-23 01:32:56.764 10 INFO neutron.db.ovn_revision_numbers_db [None req-483f14fc-4f9c-404e-a76b-0c1a881c895d - - - - - -] Successfully bumped revision number for resource 200aeb39-c7f2-4822-b3bd-48a0cfd40aa4 (type: ports) to 4
2026-04-23 01:32:56.766 9 INFO neutron.db.ovn_revision_numbers_db [None req-8d10dbaa-da26-40b7-8545-f34991f9caec 5391825f504946aa97e2722d5cab6a77 55d41783ff76490d97b9e40c67925a72 - - default default] Successfully bumped revision number for resource 1651e97a-09ea-43dd-a3c1-8577ec33ebd5 (type: subnets) to 0
2026-04-23 01:32:56.784 9 INFO neutron.wsgi [None req-8d10dbaa-da26-40b7-8545-f34991f9caec 5391825f504946aa97e2722d5cab6a77 55d41783ff76490d97b9e40c67925a72 - - default default] 10.0.0.114 "POST /v2.0/subnets HTTP/1.1" status: 201 len: 830 time: 0.9243584
2026-04-23 01:32:56.895 10 INFO neutron.db.ovn_revision_numbers_db [None req-bd2588ef-015f-450d-8af7-15dce6988ed2 bf4043cc0f434387877d79221075a19a 6162cc77efe94e49b38ec87dcb9d6fc9 - - default default] Successfully bumped revision number for resource ddc7c31b-de8f-4bea-8c8e-70be42c4f691 (type: security_groups) to 1
2026-04-23 01:32:56.912 10 INFO neutron.db.ovn_revision_numbers_db [None req-bd2588ef-015f-450d-8af7-15dce6988ed2 bf4043cc0f434387877d79221075a19a 6162cc77efe94e49b38ec87dcb9d6fc9 - - default default] Successfully bumped revision number for resource 4d9a6a14-3ff2-4cbd-8e01-d2ca91812603 (type: security_group_rules) to 0
2026-04-23 01:32:56.925 10 INFO neutron.db.ovn_revision_numbers_db [None req-bd2588ef-015f-450d-8af7-15dce6988ed2 bf4043cc0f434387877d79221075a19a 6162cc77efe94e49b38ec87dcb9d6fc9 - - default default] Successfully bumped revision number for resource 6d34ee13-ac04-446d-9d03-878ace349353 (type: security_group_rules) to 0
2026-04-23 01:32:56.949 10 INFO neutron.db.ovn_revision_numbers_db [None req-bd2588ef-015f-450d-8af7-15dce6988ed2 bf4043cc0f434387877d79221075a19a 6162cc77efe94e49b38ec87dcb9d6fc9 - - default default] Successfully bumped revision number for resource 8f5ce184-5099-403e-ade7-87acf0ca9963 (type: security_group_rules) to 0
2026-04-23 01:32:56.961 10 INFO neutron.db.ovn_revision_numbers_db [None req-483f14fc-4f9c-404e-a76b-0c1a881c895d - - - - - -] Successfully bumped revision number for resource 200aeb39-c7f2-4822-b3bd-48a0cfd40aa4 (type: router_ports) to 4
2026-04-23 01:32:56.962 10 INFO neutron.db.ovn_revision_numbers_db [None req-bd2588ef-015f-450d-8af7-15dce6988ed2 bf4043cc0f434387877d79221075a19a 6162cc77efe94e49b38ec87dcb9d6fc9 - - default default] Successfully bumped revision number for resource c677e067-703a-4319-8fee-a432a581fe97 (type: security_group_rules) to 0
2026-04-23 01:32:56.998 10 INFO neutron.wsgi [None req-bd2588ef-015f-450d-8af7-15dce6988ed2 bf4043cc0f434387877d79221075a19a 6162cc77efe94e49b38ec87dcb9d6fc9 - - default default] 10.0.0.114 "GET /v2.0/security-groups?tenant_id=d014ad89f51a4622a8b5cd44ef949e65&name=default HTTP/1.1" status: 200 len: 2996 time: 0.5234141
2026-04-23 01:32:57.302 9 INFO neutron.wsgi [None req-bdbfbf46-4f86-4b02-950b-d264ff8e1959 bf4043cc0f434387877d79221075a19a 6162cc77efe94e49b38ec87dcb9d6fc9 - - default default] 10.0.0.114 "DELETE /v2.0/security-groups/ddc7c31b-de8f-4bea-8c8e-70be42c4f691 HTTP/1.1" status: 204 len: 168 time: 0.2991769
2026-04-23 01:32:57.388 9 WARNING neutron.scheduler.dhcp_agent_scheduler [None req-bf51f92e-f4f1-45b8-9873-7bae58fc5f14 5391825f504946aa97e2722d5cab6a77 55d41783ff76490d97b9e40c67925a72 - - default default] No more DHCP agents
2026-04-23 01:32:57.391 9 WARNING neutron.api.rpc.agentnotifiers.dhcp_rpc_agent_api [None req-bf51f92e-f4f1-45b8-9873-7bae58fc5f14 5391825f504946aa97e2722d5cab6a77 55d41783ff76490d97b9e40c67925a72 - - default default] Unable to schedule network 24206ab2-b15d-42a6-944b-1eb1de988bbe: no agents available; will retry on subsequent port and subnet creation events.
2026-04-23 01:32:57.560 10 INFO neutron.db.ovn_revision_numbers_db [None req-23a6d83a-fa67-4300-a4ba-70aebe7dad2f bf4043cc0f434387877d79221075a19a 6162cc77efe94e49b38ec87dcb9d6fc9 - - default default] Successfully bumped revision number for resource 0c66507a-44e8-4d87-805e-b95ec0ebe434 (type: security_groups) to 1
2026-04-23 01:32:57.561 9 INFO neutron.db.ovn_revision_numbers_db [None req-bf51f92e-f4f1-45b8-9873-7bae58fc5f14 5391825f504946aa97e2722d5cab6a77 55d41783ff76490d97b9e40c67925a72 - - default default] Successfully bumped revision number for resource d6cd81dc-36c2-40ab-997e-ec2257eb9f69 (type: ports) to 1
2026-04-23 01:32:57.573 10 INFO neutron.db.ovn_revision_numbers_db [None req-23a6d83a-fa67-4300-a4ba-70aebe7dad2f bf4043cc0f434387877d79221075a19a 6162cc77efe94e49b38ec87dcb9d6fc9 - - default default] Successfully bumped revision number for resource 02852a89-e115-4421-b482-9d0ce139fc58 (type: security_group_rules) to 0
2026-04-23 01:32:57.585 10 INFO neutron.db.ovn_revision_numbers_db [None req-23a6d83a-fa67-4300-a4ba-70aebe7dad2f bf4043cc0f434387877d79221075a19a 6162cc77efe94e49b38ec87dcb9d6fc9 - - default default] Successfully bumped revision number for resource 0b0eb02e-7839-432b-9b15-c2bc6f470fa8 (type: security_group_rules) to 0
2026-04-23 01:32:57.599 10 INFO neutron.db.ovn_revision_numbers_db [None req-23a6d83a-fa67-4300-a4ba-70aebe7dad2f bf4043cc0f434387877d79221075a19a 6162cc77efe94e49b38ec87dcb9d6fc9 - - default default] Successfully bumped revision number for resource edff0bfe-da35-4e3f-a59c-d6ff1ea005f7 (type: security_group_rules) to 0
2026-04-23 01:32:57.612 10 INFO neutron.db.ovn_revision_numbers_db [None req-23a6d83a-fa67-4300-a4ba-70aebe7dad2f bf4043cc0f434387877d79221075a19a 6162cc77efe94e49b38ec87dcb9d6fc9 - - default default] Successfully bumped revision number for resource fa2d42f4-d841-4b89-95c9-de33c497467f (type: security_group_rules) to 0
2026-04-23 01:32:57.634 10 INFO neutron.wsgi [None req-23a6d83a-fa67-4300-a4ba-70aebe7dad2f bf4043cc0f434387877d79221075a19a 6162cc77efe94e49b38ec87dcb9d6fc9 - - default default] 10.0.0.114 "GET /v2.0/security-groups?tenant_id=6e5004bf18164ec3ababf26dc77463f0&name=default HTTP/1.1" status: 200 len: 2996 time: 0.2302034
2026-04-23 01:32:57.977 9 INFO neutron.wsgi [None req-ed6a90ea-7451-4183-820d-99ad360f089d bf4043cc0f434387877d79221075a19a 6162cc77efe94e49b38ec87dcb9d6fc9 - - default default] 10.0.0.114 "DELETE /v2.0/security-groups/0c66507a-44e8-4d87-805e-b95ec0ebe434 HTTP/1.1" status: 204 len: 168 time: 0.3355942
2026-04-23 01:32:58.057 10 INFO neutron.plugins.ml2.drivers.ovn.mech_driver.mech_driver [None req-b4246aec-207f-44ee-afa3-86ef2578bf2d - - - - - -] OVN reports status up for port: d6cd81dc-36c2-40ab-997e-ec2257eb9f69
2026-04-23 01:32:58.067 10 INFO neutron.plugins.ml2.plugin [None req-b4246aec-207f-44ee-afa3-86ef2578bf2d - - - - - -] Attempt 1 to provision port d6cd81dc-36c2-40ab-997e-ec2257eb9f69
2026-04-23 01:32:58.102 9 INFO neutron.db.ovn_revision_numbers_db [None req-bf51f92e-f4f1-45b8-9873-7bae58fc5f14 5391825f504946aa97e2722d5cab6a77 55d41783ff76490d97b9e40c67925a72 - - default default] Successfully bumped revision number for resource d6cd81dc-36c2-40ab-997e-ec2257eb9f69 (type: router_ports) to 1
2026-04-23 01:32:58.274 9 INFO neutron.db.ovn_revision_numbers_db [None req-bf51f92e-f4f1-45b8-9873-7bae58fc5f14 5391825f504946aa97e2722d5cab6a77 55d41783ff76490d97b9e40c67925a72 - - default default] Successfully bumped revision number for resource d6cd81dc-36c2-40ab-997e-ec2257eb9f69 (type: ports) to 1
2026-04-23 01:32:58.278 10 INFO neutron.db.ovn_revision_numbers_db [None req-2d10214c-08ef-447c-86bf-823c912d64fe bf4043cc0f434387877d79221075a19a 6162cc77efe94e49b38ec87dcb9d6fc9 - - default default] Successfully bumped revision number for resource 7e1198b3-45a3-447b-91fc-de7b1ad0d5af (type: security_groups) to 1
2026-04-23 01:32:58.306 10 INFO neutron.db.ovn_revision_numbers_db [None req-2d10214c-08ef-447c-86bf-823c912d64fe bf4043cc0f434387877d79221075a19a 6162cc77efe94e49b38ec87dcb9d6fc9 - - default default] Successfully bumped revision number for resource 03ea0ecd-99d6-4d97-9451-0cacdc2b8af4 (type: security_group_rules) to 0
2026-04-23 01:32:58.325 10 INFO neutron.db.ovn_revision_numbers_db [None req-2d10214c-08ef-447c-86bf-823c912d64fe bf4043cc0f434387877d79221075a19a 6162cc77efe94e49b38ec87dcb9d6fc9 - - default default] Successfully bumped revision number for resource 2d6c044d-99f9-482f-8efc-74c6fcfc81f5 (type: security_group_rules) to 0
2026-04-23 01:32:58.347 10 INFO neutron.db.ovn_revision_numbers_db [None req-2d10214c-08ef-447c-86bf-823c912d64fe bf4043cc0f434387877d79221075a19a 6162cc77efe94e49b38ec87dcb9d6fc9 - - default default] Successfully bumped revision number for resource 999085f0-3cc0-416d-9d69-6f5bcea8764c (type: security_group_rules) to 0
2026-04-23 01:32:58.351 9 WARNING neutron.scheduler.dhcp_agent_scheduler [None req-bf51f92e-f4f1-45b8-9873-7bae58fc5f14 5391825f504946aa97e2722d5cab6a77 55d41783ff76490d97b9e40c67925a72 - - default default] No more DHCP agents
2026-04-23 01:32:58.352 9 WARNING neutron.api.rpc.agentnotifiers.dhcp_rpc_agent_api [None req-bf51f92e-f4f1-45b8-9873-7bae58fc5f14 5391825f504946aa97e2722d5cab6a77 55d41783ff76490d97b9e40c67925a72 - - default default] Unable to schedule network 24206ab2-b15d-42a6-944b-1eb1de988bbe: no agents available; will retry on subsequent port and subnet creation events.
2026-04-23 01:32:58.363 10 INFO neutron.db.ovn_revision_numbers_db [None req-2d10214c-08ef-447c-86bf-823c912d64fe bf4043cc0f434387877d79221075a19a 6162cc77efe94e49b38ec87dcb9d6fc9 - - default default] Successfully bumped revision number for resource b5c551cd-965c-4aae-a0b2-87fa029a6d6e (type: security_group_rules) to 0
2026-04-23 01:32:58.370 10 INFO neutron.db.ovn_revision_numbers_db [None req-b4246aec-207f-44ee-afa3-86ef2578bf2d - - - - - -] Successfully bumped revision number for resource d6cd81dc-36c2-40ab-997e-ec2257eb9f69 (type: ports) to 2
2026-04-23 01:32:58.405 10 INFO neutron.wsgi [None req-2d10214c-08ef-447c-86bf-823c912d64fe bf4043cc0f434387877d79221075a19a 6162cc77efe94e49b38ec87dcb9d6fc9 - - default default] 10.0.0.114 "GET /v2.0/security-groups?tenant_id=83f7f3d3ee16434f88faa220daeaa7dd&name=default HTTP/1.1" status: 200 len: 2996 time: 0.2742987
2026-04-23 01:32:58.472 10 INFO neutron.db.ovn_revision_numbers_db [None req-b4246aec-207f-44ee-afa3-86ef2578bf2d - - - - - -] Successfully bumped revision number for resource d6cd81dc-36c2-40ab-997e-ec2257eb9f69 (type: router_ports) to 2
2026-04-23 01:32:58.621 10 INFO neutron.wsgi [None req-a9cbe6e1-fa4e-472a-8fc9-77ee30bbcec5 bf4043cc0f434387877d79221075a19a 6162cc77efe94e49b38ec87dcb9d6fc9 - - default default] 10.0.0.114 "DELETE /v2.0/security-groups/7e1198b3-45a3-447b-91fc-de7b1ad0d5af HTTP/1.1" status: 204 len: 168 time: 0.2101681
2026-04-23 01:32:58.645 9 INFO neutron.db.ovn_revision_numbers_db [None req-bf51f92e-f4f1-45b8-9873-7bae58fc5f14 5391825f504946aa97e2722d5cab6a77 55d41783ff76490d97b9e40c67925a72 - - default default] Successfully bumped revision number for resource d6cd81dc-36c2-40ab-997e-ec2257eb9f69 (type: router_ports) to 2
2026-04-23 01:32:58.647 9 INFO neutron.wsgi [None req-bf51f92e-f4f1-45b8-9873-7bae58fc5f14 5391825f504946aa97e2722d5cab6a77 55d41783ff76490d97b9e40c67925a72 - - default default] 10.0.0.114 "PUT /v2.0/routers/bdf77bf3-0cc1-41f1-9b96-9097273625ee/add_router_interface HTTP/1.1" status: 200 len: 503 time: 1.8558116
2026-04-23 01:32:59.206 9 INFO neutron.wsgi [None req-22f6dec9-3cb8-43b8-9e92-f8de31465320 45611f240cad437897c555a0a7a1116e b3cebcbae4d04633a0bccc8f1b3f0ca1 - - default default] 10.0.0.114 "GET /v2.0/networks HTTP/1.1" status: 200 len: 4628 time: 0.5518587
2026-04-23 01:32:59.258 9 INFO neutron.wsgi [None req-7e289086-9368-43c3-b41b-5e3133336469 45611f240cad437897c555a0a7a1116e b3cebcbae4d04633a0bccc8f1b3f0ca1 - - default default] 10.0.0.114 "GET /v2.0/subnets HTTP/1.1" status: 200 len: 3401 time: 0.0473208
2026-04-23 01:32:59.384 9 INFO neutron.wsgi [None req-d80b4544-57e3-43c2-a4a4-80aba9e8622f 45611f240cad437897c555a0a7a1116e b3cebcbae4d04633a0bccc8f1b3f0ca1 - - default default] 10.0.0.114 "GET /v2.0/routers HTTP/1.1" status: 200 len: 2219 time: 0.1206799
2026-04-23 01:32:59.448 9 WARNING neutron_lib.context [None req-5d300b24-b3a7-4314-9a86-ea913a14356e 5391825f504946aa97e2722d5cab6a77 55d41783ff76490d97b9e40c67925a72 - - default default] Method 'is_advsvc' is deprecated since 2023.2 release (neutron-lib 3.8.0) and will be removed once support for the old RBAC API policies will be removed from Neutron. Please use method 'is_service_role' instead.
2026-04-23 01:32:59.574 9 INFO neutron.db.ovn_revision_numbers_db [None req-5d300b24-b3a7-4314-9a86-ea913a14356e 5391825f504946aa97e2722d5cab6a77 55d41783ff76490d97b9e40c67925a72 - - default default] Successfully bumped revision number for resource eb98f11c-f38a-4b30-9b3e-e108ce6f34b1 (type: security_groups) to 1
2026-04-23 01:32:59.588 9 INFO neutron.db.ovn_revision_numbers_db [None req-5d300b24-b3a7-4314-9a86-ea913a14356e 5391825f504946aa97e2722d5cab6a77 55d41783ff76490d97b9e40c67925a72 - - default default] Successfully bumped revision number for resource 063d0090-d22a-41d2-8cda-fcbf60c5c683 (type: security_group_rules) to 0
2026-04-23 01:32:59.603 9 INFO neutron.db.ovn_revision_numbers_db [None req-5d300b24-b3a7-4314-9a86-ea913a14356e 5391825f504946aa97e2722d5cab6a77 55d41783ff76490d97b9e40c67925a72 - - default default] Successfully bumped revision number for resource 8012468f-26c4-426b-a40f-ac43cfa36e53 (type: security_group_rules) to 0
2026-04-23 01:32:59.635 9 INFO neutron.wsgi [None req-5d300b24-b3a7-4314-9a86-ea913a14356e 5391825f504946aa97e2722d5cab6a77 55d41783ff76490d97b9e40c67925a72 - - default default] 10.0.0.114 "POST /v2.0/security-groups HTTP/1.1" status: 201 len: 1811 time: 0.1911523
2026-04-23 01:32:59.645 9 WARNING neutron_lib.context [None req-ccade786-d50a-42c2-9286-ddb9fadaff48 5391825f504946aa97e2722d5cab6a77 55d41783ff76490d97b9e40c67925a72 - - default default] Method 'is_advsvc' is deprecated since 2023.2 release (neutron-lib 3.8.0) and will be removed once support for the old RBAC API policies will be removed from Neutron. Please use method 'is_service_role' instead.
2026-04-23 01:32:59.780 9 INFO neutron.db.ovn_revision_numbers_db [None req-ccade786-d50a-42c2-9286-ddb9fadaff48 5391825f504946aa97e2722d5cab6a77 55d41783ff76490d97b9e40c67925a72 - - default default] Successfully bumped revision number for resource fcf0fbd0-8eec-46bd-94fe-34a076a46208 (type: security_group_rules) to 0
2026-04-23 01:32:59.819 9 INFO neutron.wsgi [None req-ccade786-d50a-42c2-9286-ddb9fadaff48 5391825f504946aa97e2722d5cab6a77 55d41783ff76490d97b9e40c67925a72 - - default default] 10.0.0.114 "POST /v2.0/security-group-rules HTTP/1.1" status: 201 len: 764 time: 0.1792929
2026-04-23 01:32:59.836 9 WARNING neutron_lib.context [None req-72e22954-a854-4fe0-9f8a-46dc1708ba03 5391825f504946aa97e2722d5cab6a77 55d41783ff76490d97b9e40c67925a72 - - default default] Method 'is_advsvc' is deprecated since 2023.2 release (neutron-lib 3.8.0) and will be removed once support for the old RBAC API policies will be removed from Neutron. Please use method 'is_service_role' instead.
2026-04-23 01:32:59.959 9 INFO neutron.db.ovn_revision_numbers_db [None req-72e22954-a854-4fe0-9f8a-46dc1708ba03 5391825f504946aa97e2722d5cab6a77 55d41783ff76490d97b9e40c67925a72 - - default default] Successfully bumped revision number for resource 67f97851-d093-4a3c-86d9-37e3a19f7c6c (type: security_group_rules) to 0
2026-04-23 01:32:59.986 9 INFO neutron.wsgi [None req-72e22954-a854-4fe0-9f8a-46dc1708ba03 5391825f504946aa97e2722d5cab6a77 55d41783ff76490d97b9e40c67925a72 - - default default] 10.0.0.114 "POST /v2.0/security-group-rules HTTP/1.1" status: 201 len: 763 time: 0.1568434
2026-04-23 01:32:59.995 9 WARNING neutron_lib.context [None req-253ef170-8359-4704-89c8-fe58e2f8c0a3 5391825f504946aa97e2722d5cab6a77 55d41783ff76490d97b9e40c67925a72 - - default default] Method 'is_advsvc' is deprecated since 2023.2 release (neutron-lib 3.8.0) and will be removed once support for the old RBAC API policies will be removed from Neutron. Please use method 'is_service_role' instead.
2026-04-23 01:33:00.095 9 INFO neutron.db.ovn_revision_numbers_db [None req-253ef170-8359-4704-89c8-fe58e2f8c0a3 5391825f504946aa97e2722d5cab6a77 55d41783ff76490d97b9e40c67925a72 - - default default] Successfully bumped revision number for resource 69d89767-3a79-4d3e-af25-b60f56cd41b8 (type: security_group_rules) to 0
2026-04-23 01:33:00.118 9 INFO neutron.wsgi [None req-253ef170-8359-4704-89c8-fe58e2f8c0a3 5391825f504946aa97e2722d5cab6a77 55d41783ff76490d97b9e40c67925a72 - - default default] 10.0.0.114 "POST /v2.0/security-group-rules HTTP/1.1" status: 201 len: 769 time: 0.1285741
2026-04-23 01:33:00.128 9 WARNING neutron_lib.context [None req-19f2f068-6880-4fea-926d-3f04217508ed 5391825f504946aa97e2722d5cab6a77 55d41783ff76490d97b9e40c67925a72 - - default default] Method 'is_advsvc' is deprecated since 2023.2 release (neutron-lib 3.8.0) and will be removed once support for the old RBAC API policies will be removed from Neutron. Please use method 'is_service_role' instead.
2026-04-23 01:33:00.227 9 INFO neutron.db.ovn_revision_numbers_db [None req-19f2f068-6880-4fea-926d-3f04217508ed 5391825f504946aa97e2722d5cab6a77 55d41783ff76490d97b9e40c67925a72 - - default default] Successfully bumped revision number for resource fec3298e-2d30-4c23-b7e4-e72226a99029 (type: security_group_rules) to 0
2026-04-23 01:33:00.250 9 INFO neutron.wsgi [None req-19f2f068-6880-4fea-926d-3f04217508ed 5391825f504946aa97e2722d5cab6a77 55d41783ff76490d97b9e40c67925a72 - - default default] 10.0.0.114 "POST /v2.0/security-group-rules HTTP/1.1" status: 201 len: 768 time: 0.1262572
2026-04-23 01:33:00.260 9 WARNING neutron_lib.context [None req-08ccba15-985a-4e77-977c-70d95cc7ef71 5391825f504946aa97e2722d5cab6a77 55d41783ff76490d97b9e40c67925a72 - - default default] Method 'is_advsvc' is deprecated since 2023.2 release (neutron-lib 3.8.0) and will be removed once support for the old RBAC API policies will be removed from Neutron. Please use method 'is_service_role' instead.
2026-04-23 01:33:00.276 9 INFO neutron.db.securitygroups_db [None req-08ccba15-985a-4e77-977c-70d95cc7ef71 5391825f504946aa97e2722d5cab6a77 55d41783ff76490d97b9e40c67925a72 - - default default] Project 55d41783ff76490d97b9e40c67925a72 added a security group rule with legacy IPv6 ICMP protocol name icmp, ipv6-icmp should be used instead. It was automatically converted.
2026-04-23 01:33:00.366 9 INFO neutron.db.ovn_revision_numbers_db [None req-08ccba15-985a-4e77-977c-70d95cc7ef71 5391825f504946aa97e2722d5cab6a77 55d41783ff76490d97b9e40c67925a72 - - default default] Successfully bumped revision number for resource 0cea6a98-a5be-44f1-bc0e-4fef48c49c65 (type: security_group_rules) to 0
