2026-04-23 01:33:41.116 10 WARNING neutron.api.rpc.agentnotifiers.dhcp_rpc_agent_api [None req-c441a2d6-f0b9-4022-bc74-366bace2a1e0 0d68a7ef19e846eb853221d16520fc47 9238fa47deea4da4895793b2ebd7fe03 - - default default] Unable to schedule network 060f2c82-7e0f-4cad-934b-6728ac842465: no agents available; will retry on subsequent port and subnet creation events.
2026-04-23 01:33:41.121 10 INFO neutron.wsgi [None req-0d35e1ae-64f6-4de2-965f-2141e29f1de2 bf4043cc0f434387877d79221075a19a 6162cc77efe94e49b38ec87dcb9d6fc9 - - default default] 10.0.0.165 "GET /v2.0/agents?binary=ovn-controller HTTP/1.1" status: 200 len: 591 time: 0.0172329
2026-04-23 01:33:41.141 10 INFO neutron.wsgi [None req-c40c149e-ebd3-45b5-b3eb-c388210d421d bf4043cc0f434387877d79221075a19a 6162cc77efe94e49b38ec87dcb9d6fc9 - - default default] 10.0.0.165 "GET /v2.0/agents HTTP/1.1" status: 200 len: 997 time: 0.0185542
2026-04-23 01:33:41.167 10 INFO neutron.wsgi [None req-d57fd0f6-a1da-4327-b9f9-b6aebbb5ae4c bf4043cc0f434387877d79221075a19a 6162cc77efe94e49b38ec87dcb9d6fc9 - - default default] 10.0.0.165 "GET /v2.0/network-ip-availabilities HTTP/1.1" status: 200 len: 3810 time: 0.0198827
2026-04-23 01:33:41.224 10 INFO neutron.wsgi [None req-a0701df7-4f98-4712-ad6c-6f4bd2d03da0 bf4043cc0f434387877d79221075a19a 6162cc77efe94e49b38ec87dcb9d6fc9 - - default default] 10.0.0.165 "GET /v2.0/floatingips HTTP/1.1" status: 200 len: 1035 time: 0.0554409
2026-04-23 01:33:41.315 10 INFO neutron.wsgi [None req-46b6f4e8-2658-4fca-a05c-fefec1007b0a bf4043cc0f434387877d79221075a19a 6162cc77efe94e49b38ec87dcb9d6fc9 - - default default] 10.0.0.165 "GET /v2.0/security-groups HTTP/1.1" status: 200 len: 32553 time: 0.0902359
2026-04-23 01:33:41.347 10 INFO neutron.db.ovn_revision_numbers_db [None req-c441a2d6-f0b9-4022-bc74-366bace2a1e0 0d68a7ef19e846eb853221d16520fc47 9238fa47deea4da4895793b2ebd7fe03 - - default default] Successfully bumped revision number for resource b8e5365a-b508-48d3-a109-7bbd156d2ec4 (type: ports) to 1
2026-04-23 01:33:41.906 9 INFO neutron.plugins.ml2.drivers.ovn.mech_driver.mech_driver [None req-bc603fbf-d939-4bd9-9bc0-7f9b21ed1414 - - - - - -] OVN reports status up for port: b8e5365a-b508-48d3-a109-7bbd156d2ec4
2026-04-23 01:33:41.915 10 INFO neutron.plugins.ml2.drivers.ovn.mech_driver.ovsdb.ovsdb_monitor [None req-483f14fc-4f9c-404e-a76b-0c1a881c895d - - - - - -] Router 310bf80c-1a3b-4c11-ab12-4046a873a41b is bound to host instance
2026-04-23 01:33:41.920 9 INFO neutron.plugins.ml2.plugin [None req-bc603fbf-d939-4bd9-9bc0-7f9b21ed1414 - - - - - -] Attempt 1 to provision port b8e5365a-b508-48d3-a109-7bbd156d2ec4
2026-04-23 01:33:41.975 10 INFO neutron.db.ovn_revision_numbers_db [None req-c441a2d6-f0b9-4022-bc74-366bace2a1e0 0d68a7ef19e846eb853221d16520fc47 9238fa47deea4da4895793b2ebd7fe03 - - default default] Successfully bumped revision number for resource b8e5365a-b508-48d3-a109-7bbd156d2ec4 (type: router_ports) to 1
2026-04-23 01:33:42.110 10 INFO neutron.db.ovn_revision_numbers_db [None req-c441a2d6-f0b9-4022-bc74-366bace2a1e0 0d68a7ef19e846eb853221d16520fc47 9238fa47deea4da4895793b2ebd7fe03 - - default default] Successfully bumped revision number for resource 310bf80c-1a3b-4c11-ab12-4046a873a41b (type: routers) to 2
2026-04-23 01:33:42.148 10 INFO neutron.wsgi [None req-c441a2d6-f0b9-4022-bc74-366bace2a1e0 0d68a7ef19e846eb853221d16520fc47 9238fa47deea4da4895793b2ebd7fe03 - - default default] 10.0.0.114 "POST /v2.0/routers HTTP/1.1" status: 201 len: 865 time: 1.7186196
2026-04-23 01:33:42.497 10 INFO neutron.db.ovn_revision_numbers_db [None req-483f14fc-4f9c-404e-a76b-0c1a881c895d - - - - - -] Successfully bumped revision number for resource b8e5365a-b508-48d3-a109-7bbd156d2ec4 (type: ports) to 1
2026-04-23 01:33:42.702 10 INFO neutron.db.ovn_revision_numbers_db [None req-483f14fc-4f9c-404e-a76b-0c1a881c895d - - - - - -] Successfully bumped revision number for resource b8e5365a-b508-48d3-a109-7bbd156d2ec4 (type: router_ports) to 3
2026-04-23 01:33:42.765 9 WARNING neutron.scheduler.dhcp_agent_scheduler [None req-a4ffa601-fa6d-40ee-9cfc-3999d850a3a9 0d68a7ef19e846eb853221d16520fc47 9238fa47deea4da4895793b2ebd7fe03 - - default default] No more DHCP agents
2026-04-23 01:33:42.769 9 WARNING neutron.api.rpc.agentnotifiers.dhcp_rpc_agent_api [None req-a4ffa601-fa6d-40ee-9cfc-3999d850a3a9 0d68a7ef19e846eb853221d16520fc47 9238fa47deea4da4895793b2ebd7fe03 - - default default] Unable to schedule network 52e61d9e-617d-491d-8c38-fd81739c5ad4: no agents available; will retry on subsequent port and subnet creation events.
2026-04-23 01:33:42.897 10 INFO neutron.db.ovn_revision_numbers_db [None req-483f14fc-4f9c-404e-a76b-0c1a881c895d - - - - - -] Successfully bumped revision number for resource b8e5365a-b508-48d3-a109-7bbd156d2ec4 (type: ports) to 2
2026-04-23 01:33:42.915 10 INFO neutron.wsgi [req-0a974f02-773c-4d22-a538-e01969c72757 req-b8ec880f-d5d9-48b9-9d58-8bbecf86bda9 670f2b3f99184349923129a61236afa2 434c52c271df47cf938a34dbc3ad05a3 - - 1aaf39911e524cf8a4d86f572088f256 1aaf39911e524cf8a4d86f572088f256] 10.0.0.167 "GET /v2.0/ports?device_id=04c07bb2-1be0-4934-abfe-0c3f1b213221 HTTP/1.1" status: 200 len: 1409 time: 0.0508428
2026-04-23 01:33:42.936 9 INFO neutron.db.ovn_revision_numbers_db [None req-a4ffa601-fa6d-40ee-9cfc-3999d850a3a9 0d68a7ef19e846eb853221d16520fc47 9238fa47deea4da4895793b2ebd7fe03 - - default default] Successfully bumped revision number for resource 75799194-8e49-4232-bc59-48741d907779 (type: ports) to 1
2026-04-23 01:33:43.427 9 INFO neutron.db.ovn_revision_numbers_db [None req-a4ffa601-fa6d-40ee-9cfc-3999d850a3a9 0d68a7ef19e846eb853221d16520fc47 9238fa47deea4da4895793b2ebd7fe03 - - default default] Successfully bumped revision number for resource 75799194-8e49-4232-bc59-48741d907779 (type: router_ports) to 1
2026-04-23 01:33:43.483 10 WARNING neutron_lib.context [None req-f0a28c8b-656d-4e7f-8a8c-b3fee8ecc076 8a5798612823484396a43f6a13d15ba2 7d234ade8b3c4fe1a5fa5c7ff24847d5 - - default default] Method 'is_advsvc' is deprecated since 2023.2 release (neutron-lib 3.8.0) and will be removed once support for the old RBAC API policies will be removed from Neutron. Please use method 'is_service_role' instead.
2026-04-23 01:33:43.529 10 INFO neutron.wsgi [req-0a974f02-773c-4d22-a538-e01969c72757 req-10850550-0fbe-4948-955d-0d9421d16a29 670f2b3f99184349923129a61236afa2 434c52c271df47cf938a34dbc3ad05a3 - - 1aaf39911e524cf8a4d86f572088f256 1aaf39911e524cf8a4d86f572088f256] 10.0.0.167 "GET /v2.0/security-groups?id=217f279c-1b71-4121-8512-e8b6c6981a7d&fields=id&fields=name HTTP/1.1" status: 200 len: 313 time: 0.6082406
2026-04-23 01:33:43.594 9 INFO neutron.db.ovn_revision_numbers_db [None req-a4ffa601-fa6d-40ee-9cfc-3999d850a3a9 0d68a7ef19e846eb853221d16520fc47 9238fa47deea4da4895793b2ebd7fe03 - - default default] Successfully bumped revision number for resource 75799194-8e49-4232-bc59-48741d907779 (type: ports) to 1
2026-04-23 01:33:43.663 9 WARNING neutron.scheduler.dhcp_agent_scheduler [None req-a4ffa601-fa6d-40ee-9cfc-3999d850a3a9 0d68a7ef19e846eb853221d16520fc47 9238fa47deea4da4895793b2ebd7fe03 - - default default] No more DHCP agents
2026-04-23 01:33:43.664 9 WARNING neutron.api.rpc.agentnotifiers.dhcp_rpc_agent_api [None req-a4ffa601-fa6d-40ee-9cfc-3999d850a3a9 0d68a7ef19e846eb853221d16520fc47 9238fa47deea4da4895793b2ebd7fe03 - - default default] Unable to schedule network 52e61d9e-617d-491d-8c38-fd81739c5ad4: no agents available; will retry on subsequent port and subnet creation events.
2026-04-23 01:33:43.678 10 INFO neutron.db.ovn_revision_numbers_db [None req-f0a28c8b-656d-4e7f-8a8c-b3fee8ecc076 8a5798612823484396a43f6a13d15ba2 7d234ade8b3c4fe1a5fa5c7ff24847d5 - - default default] Successfully bumped revision number for resource c1406c63-d177-49c8-84a6-efc9cf4bc722 (type: security_groups) to 1
2026-04-23 01:33:43.704 10 INFO neutron.db.ovn_revision_numbers_db [None req-f0a28c8b-656d-4e7f-8a8c-b3fee8ecc076 8a5798612823484396a43f6a13d15ba2 7d234ade8b3c4fe1a5fa5c7ff24847d5 - - default default] Successfully bumped revision number for resource 4f1bd903-75c8-4b6a-9c38-61e4c6f28cd9 (type: security_group_rules) to 0
2026-04-23 01:33:43.732 10 INFO neutron.db.ovn_revision_numbers_db [None req-f0a28c8b-656d-4e7f-8a8c-b3fee8ecc076 8a5798612823484396a43f6a13d15ba2 7d234ade8b3c4fe1a5fa5c7ff24847d5 - - default default] Successfully bumped revision number for resource 80fb8ef0-6e87-46a3-b282-3ee1e6e5b2a0 (type: security_group_rules) to 0
2026-04-23 01:33:43.762 10 INFO neutron.db.ovn_revision_numbers_db [None req-f0a28c8b-656d-4e7f-8a8c-b3fee8ecc076 8a5798612823484396a43f6a13d15ba2 7d234ade8b3c4fe1a5fa5c7ff24847d5 - - default default] Successfully bumped revision number for resource ee3fff59-1297-4af2-a62d-89d03d0ef957 (type: security_group_rules) to 0
2026-04-23 01:33:43.765 10 INFO neutron.db.ovn_revision_numbers_db [None req-483f14fc-4f9c-404e-a76b-0c1a881c895d - - - - - -] Successfully bumped revision number for resource b8e5365a-b508-48d3-a109-7bbd156d2ec4 (type: ports) to 4
2026-04-23 01:33:43.785 10 INFO neutron.db.ovn_revision_numbers_db [None req-f0a28c8b-656d-4e7f-8a8c-b3fee8ecc076 8a5798612823484396a43f6a13d15ba2 7d234ade8b3c4fe1a5fa5c7ff24847d5 - - default default] Successfully bumped revision number for resource eec06c37-d517-4f3d-9cfe-2684a87184da (type: security_group_rules) to 0
2026-04-23 01:33:43.871 10 INFO neutron.db.segments_db [None req-f0a28c8b-656d-4e7f-8a8c-b3fee8ecc076 8a5798612823484396a43f6a13d15ba2 7d234ade8b3c4fe1a5fa5c7ff24847d5 - - default default] Added segment 6a65dd60-a9e0-46d2-9626-bf12bce154bb of type geneve for network 0c7e4825-51f3-4a12-99f2-5b77993d1c58
2026-04-23 01:33:44.028 9 INFO neutron.db.ovn_revision_numbers_db [None req-a4ffa601-fa6d-40ee-9cfc-3999d850a3a9 0d68a7ef19e846eb853221d16520fc47 9238fa47deea4da4895793b2ebd7fe03 - - default default] Successfully bumped revision number for resource 75799194-8e49-4232-bc59-48741d907779 (type: router_ports) to 1
2026-04-23 01:33:44.032 9 INFO neutron.wsgi [None req-a4ffa601-fa6d-40ee-9cfc-3999d850a3a9 0d68a7ef19e846eb853221d16520fc47 9238fa47deea4da4895793b2ebd7fe03 - - default default] 10.0.0.114 "PUT /v2.0/routers/310bf80c-1a3b-4c11-ab12-4046a873a41b/add_router_interface HTTP/1.1" status: 200 len: 503 time: 1.8764081
2026-04-23 01:33:44.078 10 INFO neutron.db.ovn_revision_numbers_db [None req-f0a28c8b-656d-4e7f-8a8c-b3fee8ecc076 8a5798612823484396a43f6a13d15ba2 7d234ade8b3c4fe1a5fa5c7ff24847d5 - - default default] Successfully bumped revision number for resource 0c7e4825-51f3-4a12-99f2-5b77993d1c58 (type: networks) to 1
2026-04-23 01:33:44.107 10 INFO neutron.db.ovn_revision_numbers_db [None req-483f14fc-4f9c-404e-a76b-0c1a881c895d - - - - - -] Successfully bumped revision number for resource b8e5365a-b508-48d3-a109-7bbd156d2ec4 (type: router_ports) to 4
2026-04-23 01:33:44.249 10 WARNING neutron.scheduler.dhcp_agent_scheduler [None req-f0a28c8b-656d-4e7f-8a8c-b3fee8ecc076 8a5798612823484396a43f6a13d15ba2 7d234ade8b3c4fe1a5fa5c7ff24847d5 - - default default] No more DHCP agents
2026-04-23 01:33:44.251 10 WARNING neutron.api.rpc.agentnotifiers.dhcp_rpc_agent_api [None req-f0a28c8b-656d-4e7f-8a8c-b3fee8ecc076 8a5798612823484396a43f6a13d15ba2 7d234ade8b3c4fe1a5fa5c7ff24847d5 - - default default] Unable to schedule network 0c7e4825-51f3-4a12-99f2-5b77993d1c58: no agents available; will retry on subsequent port and subnet creation events.
2026-04-23 01:33:44.329 10 INFO neutron.db.ovn_revision_numbers_db [None req-f0a28c8b-656d-4e7f-8a8c-b3fee8ecc076 8a5798612823484396a43f6a13d15ba2 7d234ade8b3c4fe1a5fa5c7ff24847d5 - - default default] Successfully bumped revision number for resource f485d4ac-0d4a-4fad-b8c2-720a89216ab0 (type: ports) to 1
2026-04-23 01:33:44.351 10 INFO neutron.wsgi [None req-f0a28c8b-656d-4e7f-8a8c-b3fee8ecc076 8a5798612823484396a43f6a13d15ba2 7d234ade8b3c4fe1a5fa5c7ff24847d5 - - default default] 10.0.0.114 "POST /v2.0/networks HTTP/1.1" status: 201 len: 831 time: 1.4468772
2026-04-23 01:33:44.360 10 WARNING neutron_lib.context [None req-53344475-0ab5-4670-9933-b5db1a87053d 8a5798612823484396a43f6a13d15ba2 7d234ade8b3c4fe1a5fa5c7ff24847d5 - - default default] Method 'is_advsvc' is deprecated since 2023.2 release (neutron-lib 3.8.0) and will be removed once support for the old RBAC API policies will be removed from Neutron. Please use method 'is_service_role' instead.
2026-04-23 01:33:44.619 10 WARNING neutron.scheduler.dhcp_agent_scheduler [None req-53344475-0ab5-4670-9933-b5db1a87053d 8a5798612823484396a43f6a13d15ba2 7d234ade8b3c4fe1a5fa5c7ff24847d5 - - default default] No more DHCP agents
2026-04-23 01:33:44.621 10 WARNING neutron.api.rpc.agentnotifiers.dhcp_rpc_agent_api [None req-53344475-0ab5-4670-9933-b5db1a87053d 8a5798612823484396a43f6a13d15ba2 7d234ade8b3c4fe1a5fa5c7ff24847d5 - - default default] Unable to schedule network 0c7e4825-51f3-4a12-99f2-5b77993d1c58: no agents available; will retry on subsequent port and subnet creation events.
2026-04-23 01:33:44.673 9 INFO neutron.plugins.ml2.drivers.ovn.mech_driver.mech_driver [None req-bc603fbf-d939-4bd9-9bc0-7f9b21ed1414 - - - - - -] OVN reports status up for port: 75799194-8e49-4232-bc59-48741d907779
2026-04-23 01:33:44.683 9 INFO neutron.plugins.ml2.plugin [None req-bc603fbf-d939-4bd9-9bc0-7f9b21ed1414 - - - - - -] Attempt 1 to provision port 75799194-8e49-4232-bc59-48741d907779
2026-04-23 01:33:44.693 10 INFO neutron.db.ovn_revision_numbers_db [None req-53344475-0ab5-4670-9933-b5db1a87053d 8a5798612823484396a43f6a13d15ba2 7d234ade8b3c4fe1a5fa5c7ff24847d5 - - default default] Successfully bumped revision number for resource 1d8c4052-7074-40e3-b77b-7e1915aa88ad (type: ports) to 1
2026-04-23 01:33:44.716 10 INFO neutron.wsgi [None req-53344475-0ab5-4670-9933-b5db1a87053d 8a5798612823484396a43f6a13d15ba2 7d234ade8b3c4fe1a5fa5c7ff24847d5 - - default default] 10.0.0.114 "POST /v2.0/ports HTTP/1.1" status: 201 len: 942 time: 0.3597629 /var/lib/openstack/lib/python3.10/site-packages/pycadf/identifier.py:71: UserWarning: Invalid uuid: neutron. To ensure interoperability, identifiers should be a valid uuid. warnings.warn(('Invalid uuid: %s. To ensure interoperability, '
2026-04-23 01:33:44.790 10 INFO neutron.wsgi [None req-3dbf98de-aa78-493c-b211-ac4ad72eddb5 8a5798612823484396a43f6a13d15ba2 7d234ade8b3c4fe1a5fa5c7ff24847d5 - - default default] 10.0.0.114 "PUT /v2.0/ports/1d8c4052-7074-40e3-b77b-7e1915aa88ad/tags HTTP/1.1" status: 200 len: 218 time: 0.0618997
2026-04-23 01:33:44.852 10 INFO neutron.wsgi [None req-989993c2-68db-4358-a50f-29496528197a 8a5798612823484396a43f6a13d15ba2 7d234ade8b3c4fe1a5fa5c7ff24847d5 - - default default] 10.0.0.114 "GET /v2.0/ports/1d8c4052-7074-40e3-b77b-7e1915aa88ad/tags HTTP/1.1" status: 200 len: 218 time: 0.0455356
2026-04-23 01:33:45.008 9 INFO neutron.wsgi [None req-bf3fabdc-7099-499d-b2da-6a5ecb94d660 8a5798612823484396a43f6a13d15ba2 7d234ade8b3c4fe1a5fa5c7ff24847d5 - - default default] 10.0.0.114 "PUT /v2.0/ports/1d8c4052-7074-40e3-b77b-7e1915aa88ad/tags/green HTTP/1.1" status: 201 len: 201 time: 0.1241238
2026-04-23 01:33:45.062 10 INFO neutron.wsgi [None req-dbc41dce-fe63-4be5-9ba1-5fc6d8abead2 8a5798612823484396a43f6a13d15ba2 7d234ade8b3c4fe1a5fa5c7ff24847d5 - - default default] 10.0.0.114 "GET /v2.0/ports/1d8c4052-7074-40e3-b77b-7e1915aa88ad/tags HTTP/1.1" status: 200 len: 227 time: 0.0488150
2026-04-23 01:33:45.099 9 INFO neutron.db.ovn_revision_numbers_db [None req-bc603fbf-d939-4bd9-9bc0-7f9b21ed1414 - - - - - -] Successfully bumped revision number for resource 75799194-8e49-4232-bc59-48741d907779 (type: ports) to 2
2026-04-23 01:33:45.101 10 INFO neutron.wsgi [None req-2b4049b8-31b7-4d6c-a114-b11467bd82bc 8a5798612823484396a43f6a13d15ba2 7d234ade8b3c4fe1a5fa5c7ff24847d5 - - default default] 10.0.0.114 "PUT /v2.0/ports/1d8c4052-7074-40e3-b77b-7e1915aa88ad/tags/red HTTP/1.1" status: 201 len: 201 time: 0.0352576
2026-04-23 01:33:45.149 10 INFO neutron.wsgi [None req-ff0805dc-0fad-4bc3-9fd3-d9fe46e133cf 8a5798612823484396a43f6a13d15ba2 7d234ade8b3c4fe1a5fa5c7ff24847d5 - - default default] 10.0.0.114 "GET /v2.0/ports/1d8c4052-7074-40e3-b77b-7e1915aa88ad/tags HTTP/1.1" status: 200 len: 227 time: 0.0432861
2026-04-23 01:33:45.212 9 WARNING neutron.scheduler.dhcp_agent_scheduler [None req-d4bee859-5fbd-4530-b3be-1f28d3d7c87e 0d68a7ef19e846eb853221d16520fc47 9238fa47deea4da4895793b2ebd7fe03 - - default default] No more DHCP agents
2026-04-23 01:33:45.216 9 WARNING neutron.api.rpc.agentnotifiers.dhcp_rpc_agent_api [None req-d4bee859-5fbd-4530-b3be-1f28d3d7c87e 0d68a7ef19e846eb853221d16520fc47 9238fa47deea4da4895793b2ebd7fe03 - - default default] Unable to schedule network 413c97f2-781a-4415-809a-bdd661c82bd9: no agents available; will retry on subsequent port and subnet creation events.
2026-04-23 01:33:45.218 10 INFO neutron.wsgi [None req-a3a37980-2316-4094-84ae-0f038f70c0b5 8a5798612823484396a43f6a13d15ba2 7d234ade8b3c4fe1a5fa5c7ff24847d5 - - default default] 10.0.0.114 "PUT /v2.0/ports/1d8c4052-7074-40e3-b77b-7e1915aa88ad/tags/black.or.white HTTP/1.1" status: 201 len: 201 time: 0.0645561
2026-04-23 01:33:45.231 9 INFO neutron.db.ovn_revision_numbers_db [None req-bc603fbf-d939-4bd9-9bc0-7f9b21ed1414 - - - - - -] Successfully bumped revision number for resource 75799194-8e49-4232-bc59-48741d907779 (type: router_ports) to 2
2026-04-23 01:33:45.271 10 INFO neutron.wsgi [None req-1b00edad-0416-451a-9eba-6a6d42579eb7 8a5798612823484396a43f6a13d15ba2 7d234ade8b3c4fe1a5fa5c7ff24847d5 - - default default] 10.0.0.114 "GET /v2.0/ports/1d8c4052-7074-40e3-b77b-7e1915aa88ad/tags HTTP/1.1" status: 200 len: 245 time: 0.0456994
2026-04-23 01:33:45.357 10 INFO neutron.wsgi [None req-5ca648ce-0930-4265-b85a-94fbb46819f1 8a5798612823484396a43f6a13d15ba2 7d234ade8b3c4fe1a5fa5c7ff24847d5 - - default default] 10.0.0.114 "PUT /v2.0/ports/1d8c4052-7074-40e3-b77b-7e1915aa88ad/tags HTTP/1.1" status: 200 len: 230 time: 0.0791256
2026-04-23 01:33:45.365 10 INFO neutron.wsgi [req-029f080c-1a60-4167-a70c-d5f086df5199 req-9b3774dd-6ad7-4d8e-ad10-5f86e4ae359e 5391825f504946aa97e2722d5cab6a77 55d41783ff76490d97b9e40c67925a72 - - default default] 10.0.0.164 "GET /v2.0/ports?device_id=04c07bb2-1be0-4934-abfe-0c3f1b213221 HTTP/1.1" status: 200 len: 1170 time: 0.1348743
2026-04-23 01:33:45.402 9 INFO neutron.db.ovn_revision_numbers_db [None req-d4bee859-5fbd-4530-b3be-1f28d3d7c87e 0d68a7ef19e846eb853221d16520fc47 9238fa47deea4da4895793b2ebd7fe03 - - default default] Successfully bumped revision number for resource 97321660-e667-475a-ad24-85674ff63e38 (type: ports) to 1
2026-04-23 01:33:45.406 9 INFO neutron.wsgi [None req-0df5bfbb-f480-42d0-9b2b-7f1825149568 8a5798612823484396a43f6a13d15ba2 7d234ade8b3c4fe1a5fa5c7ff24847d5 - - default default] 10.0.0.114 "GET /v2.0/ports/1d8c4052-7074-40e3-b77b-7e1915aa88ad/tags HTTP/1.1" status: 200 len: 230 time: 0.0432560
2026-04-23 01:33:45.406 10 INFO neutron.wsgi [req-029f080c-1a60-4167-a70c-d5f086df5199 req-5816a686-24f9-45de-a695-4a823bd36345 5391825f504946aa97e2722d5cab6a77 55d41783ff76490d97b9e40c67925a72 - - default default] 10.0.0.164 "GET /v2.0/security-groups?id=217f279c-1b71-4121-8512-e8b6c6981a7d&fields=id&fields=name HTTP/1.1" status: 200 len: 313 time: 0.0353584
2026-04-23 01:33:45.477 9 INFO neutron.wsgi [None req-051632bc-cddf-440f-9465-4e8a92437820 8a5798612823484396a43f6a13d15ba2 7d234ade8b3c4fe1a5fa5c7ff24847d5 - - default default] 10.0.0.114 "GET /v2.0/ports/1d8c4052-7074-40e3-b77b-7e1915aa88ad/tags/red HTTP/1.1" status: 204 len: 168 time: 0.0455530
2026-04-23 01:33:45.521 10 INFO neutron.api.v2.resource [None req-9c2791fa-52e4-4296-9337-68eb821fea0f 8a5798612823484396a43f6a13d15ba2 7d234ade8b3c4fe1a5fa5c7ff24847d5 - - default default] show failed (client error): The resource could not be found.
2026-04-23 01:33:45.523 10 INFO neutron.wsgi [None req-9c2791fa-52e4-4296-9337-68eb821fea0f 8a5798612823484396a43f6a13d15ba2 7d234ade8b3c4fe1a5fa5c7ff24847d5 - - default default] 10.0.0.114 "GET /v2.0/ports/1d8c4052-7074-40e3-b77b-7e1915aa88ad/tags/green HTTP/1.1" status: 404 len: 299 time: 0.0410240
2026-04-23 01:33:45.582 10 INFO neutron.wsgi [None req-6978963b-a67c-427f-9497-3d82df8d6cca 8a5798612823484396a43f6a13d15ba2 7d234ade8b3c4fe1a5fa5c7ff24847d5 - - default default] 10.0.0.114 "DELETE /v2.0/ports/1d8c4052-7074-40e3-b77b-7e1915aa88ad/tags/red HTTP/1.1" status: 204 len: 168 time: 0.0546746
2026-04-23 01:33:45.618 10 INFO neutron.wsgi [None req-99df2779-691c-483f-920c-3da9c3a04da8 8a5798612823484396a43f6a13d15ba2 7d234ade8b3c4fe1a5fa5c7ff24847d5 - - default default] 10.0.0.114 "GET /v2.0/ports/1d8c4052-7074-40e3-b77b-7e1915aa88ad/tags HTTP/1.1" status: 200 len: 223 time: 0.0306931
2026-04-23 01:33:45.650 9 INFO neutron.wsgi [req-2a4d2b70-811d-42b2-b64a-800b42d0e6b7 req-9b055095-35c3-46c9-9e27-f77346bd07b1 5391825f504946aa97e2722d5cab6a77 55d41783ff76490d97b9e40c67925a72 - - default default] 199.204.45.155 "GET /v2.0/ports?device_id=04c07bb2-1be0-4934-abfe-0c3f1b213221 HTTP/1.1" status: 200 len: 1170 time: 0.1067631
2026-04-23 01:33:45.662 10 INFO neutron.api.v2.resource [None req-78e7bdac-7bc1-420a-902d-8f7bd4f2d3af 8a5798612823484396a43f6a13d15ba2 7d234ade8b3c4fe1a5fa5c7ff24847d5 - - default default] delete failed (client error): The resource could not be found.
2026-04-23 01:33:45.663 10 INFO neutron.wsgi [None req-78e7bdac-7bc1-420a-902d-8f7bd4f2d3af 8a5798612823484396a43f6a13d15ba2 7d234ade8b3c4fe1a5fa5c7ff24847d5 - - default default] 10.0.0.114 "DELETE /v2.0/ports/1d8c4052-7074-40e3-b77b-7e1915aa88ad/tags/green HTTP/1.1" status: 404 len: 299 time: 0.0404205
2026-04-23 01:33:45.729 10 INFO neutron.wsgi [None req-1880fbfc-a723-435f-893c-e863e4ff8964 8a5798612823484396a43f6a13d15ba2 7d234ade8b3c4fe1a5fa5c7ff24847d5 - - default default] 10.0.0.114 "DELETE /v2.0/ports/1d8c4052-7074-40e3-b77b-7e1915aa88ad/tags HTTP/1.1" status: 204 len: 168 time: 0.0603511
2026-04-23 01:33:45.771 10 INFO neutron.wsgi [None req-8edd9516-3141-4296-a7b8-c776a13f571e 8a5798612823484396a43f6a13d15ba2 7d234ade8b3c4fe1a5fa5c7ff24847d5 - - default default] 10.0.0.114 "GET /v2.0/ports/1d8c4052-7074-40e3-b77b-7e1915aa88ad/tags HTTP/1.1" status: 200 len: 205 time: 0.0375125
2026-04-23 01:33:46.037 10 INFO neutron.plugins.ml2.drivers.ovn.mech_driver.mech_driver [None req-b4246aec-207f-44ee-afa3-86ef2578bf2d - - - - - -] OVN reports status up for port: 97321660-e667-475a-ad24-85674ff63e38
2026-04-23 01:33:46.044 10 INFO neutron.plugins.ml2.plugin [None req-b4246aec-207f-44ee-afa3-86ef2578bf2d - - - - - -] Attempt 1 to provision port 97321660-e667-475a-ad24-85674ff63e38
2026-04-23 01:33:46.046 9 INFO neutron.db.l3_db [req-2a4d2b70-811d-42b2-b64a-800b42d0e6b7 req-390f8dc1-ae7e-48d0-84ae-b65d39369e98 5391825f504946aa97e2722d5cab6a77 55d41783ff76490d97b9e40c67925a72 - - default default] Floating IP 80c3fc9b-f054-46e1-93db-3f74c9306741 disassociated. External IP: 10.96.250.201, port: bc8ffbdc-58be-4334-8691-6bfce0dd77f2.
2026-04-23 01:33:46.066 10 INFO neutron.wsgi [None req-7cbad7f2-23f2-4d1a-a109-923acd545f35 8a5798612823484396a43f6a13d15ba2 7d234ade8b3c4fe1a5fa5c7ff24847d5 - - default default] 10.0.0.114 "DELETE /v2.0/ports/1d8c4052-7074-40e3-b77b-7e1915aa88ad HTTP/1.1" status: 204 len: 168 time: 0.2711284
2026-04-23 01:33:46.081 9 INFO neutron.db.ovn_revision_numbers_db [None req-d4bee859-5fbd-4530-b3be-1f28d3d7c87e 0d68a7ef19e846eb853221d16520fc47 9238fa47deea4da4895793b2ebd7fe03 - - default default] Successfully bumped revision number for resource 97321660-e667-475a-ad24-85674ff63e38 (type: router_ports) to 1
2026-04-23 01:33:46.251 9 INFO neutron.db.ovn_revision_numbers_db [None req-d4bee859-5fbd-4530-b3be-1f28d3d7c87e 0d68a7ef19e846eb853221d16520fc47 9238fa47deea4da4895793b2ebd7fe03 - - default default] Successfully bumped revision number for resource 97321660-e667-475a-ad24-85674ff63e38 (type: ports) to 1
2026-04-23 01:33:46.307 9 INFO neutron.wsgi [req-2a4d2b70-811d-42b2-b64a-800b42d0e6b7 req-390f8dc1-ae7e-48d0-84ae-b65d39369e98 5391825f504946aa97e2722d5cab6a77 55d41783ff76490d97b9e40c67925a72 - - default default] 199.204.45.155 "DELETE /v2.0/ports/bc8ffbdc-58be-4334-8691-6bfce0dd77f2 HTTP/1.1" status: 204 len: 173 time: 0.6502445
2026-04-23 01:33:46.324 9 WARNING neutron.scheduler.dhcp_agent_scheduler [None req-d4bee859-5fbd-4530-b3be-1f28d3d7c87e 0d68a7ef19e846eb853221d16520fc47 9238fa47deea4da4895793b2ebd7fe03 - - default default] No more DHCP agents
2026-04-23 01:33:46.325 9 WARNING neutron.api.rpc.agentnotifiers.dhcp_rpc_agent_api [None req-d4bee859-5fbd-4530-b3be-1f28d3d7c87e 0d68a7ef19e846eb853221d16520fc47 9238fa47deea4da4895793b2ebd7fe03 - - default default] Unable to schedule network 413c97f2-781a-4415-809a-bdd661c82bd9: no agents available; will retry on subsequent port and subnet creation events.
2026-04-23 01:33:46.343 9 INFO neutron.notifiers.nova [-] Nova event matching ['req-266bbe2d-8613-44bf-868c-5f97e711593d'] response: {'server_uuid': '04c07bb2-1be0-4934-abfe-0c3f1b213221', 'name': 'network-vif-deleted', 'tag': 'bc8ffbdc-58be-4334-8691-6bfce0dd77f2', 'status': 'completed', 'code': 200}
2026-04-23 01:33:46.505 10 INFO neutron.wsgi [req-ae7eeab3-833b-4618-b071-35054c438b94 req-a7979467-3c58-49f1-80f1-04b93614d2e8 5391825f504946aa97e2722d5cab6a77 55d41783ff76490d97b9e40c67925a72 - - default default] 10.0.0.164 "GET /v2.0/ports?device_id=04c07bb2-1be0-4934-abfe-0c3f1b213221 HTTP/1.1" status: 200 len: 210 time: 0.0293632
2026-04-23 01:33:46.550 10 INFO neutron.db.ovn_revision_numbers_db [None req-b4246aec-207f-44ee-afa3-86ef2578bf2d - - - - - -] Successfully bumped revision number for resource 97321660-e667-475a-ad24-85674ff63e38 (type: ports) to 2
2026-04-23 01:33:46.662 9 INFO neutron.db.ovn_revision_numbers_db [None req-d4bee859-5fbd-4530-b3be-1f28d3d7c87e 0d68a7ef19e846eb853221d16520fc47 9238fa47deea4da4895793b2ebd7fe03 - - default default] Successfully bumped revision number for resource 97321660-e667-475a-ad24-85674ff63e38 (type: router_ports) to 2
2026-04-23 01:33:46.665 10 INFO neutron.db.ovn_revision_numbers_db [None req-b4246aec-207f-44ee-afa3-86ef2578bf2d - - - - - -] Successfully bumped revision number for resource 97321660-e667-475a-ad24-85674ff63e38 (type: router_ports) to 2
2026-04-23 01:33:46.667 9 INFO neutron.wsgi [None req-d4bee859-5fbd-4530-b3be-1f28d3d7c87e 0d68a7ef19e846eb853221d16520fc47 9238fa47deea4da4895793b2ebd7fe03 - - default default] 10.0.0.114 "PUT /v2.0/routers/310bf80c-1a3b-4c11-ab12-4046a873a41b/add_router_interface HTTP/1.1" status: 200 len: 503 time: 2.6303990
2026-04-23 01:33:46.790 10 INFO neutron.services.segments.plugin [-] Segment 6a65dd60-a9e0-46d2-9626-bf12bce154bb resource provider aggregate not found
2026-04-23 01:33:46.810 10 INFO neutron.services.segments.plugin [-] Segment 6a65dd60-a9e0-46d2-9626-bf12bce154bb resource provider aggregate not found
2026-04-23 01:33:46.826 10 INFO neutron.services.segments.plugin [-] Segment 6a65dd60-a9e0-46d2-9626-bf12bce154bb resource provider not found; error: Placement Client Error (4xx): {"errors": [{"status": 404, "title": "Not Found", "detail": "The resource could not be found.\n\n No resource provider with uuid 6a65dd60-a9e0-46d2-9626-bf12bce154bb found for delete ", "request_id": "req-c0cdc481-51ee-484b-90f7-7807f6614de0"}]}
2026-04-23 01:33:46.837 10 INFO neutron.services.segments.plugin [-] Segment 6a65dd60-a9e0-46d2-9626-bf12bce154bb resource provider not found; error: Placement Client Error (4xx): {"errors": [{"status": 404, "title": "Not Found", "detail": "The resource could not be found.\n\n No resource provider with uuid 6a65dd60-a9e0-46d2-9626-bf12bce154bb found for delete ", "request_id": "req-ded24bf7-df6e-4704-9bb2-0a11e554b908"}]}
2026-04-23 01:33:46.859 10 INFO neutron.wsgi [None req-60df3c6f-f763-47c1-9d9f-13cc34a1be31 8a5798612823484396a43f6a13d15ba2 7d234ade8b3c4fe1a5fa5c7ff24847d5 - - default default] 10.0.0.114 "DELETE /v2.0/networks/0c7e4825-51f3-4a12-99f2-5b77993d1c58 HTTP/1.1" status: 204 len: 168 time: 0.7869115
2026-04-23 01:33:47.408 9 WARNING neutron.scheduler.dhcp_agent_scheduler [None req-bc1f4835-1e68-4762-bc98-bcf98422e303 0d68a7ef19e846eb853221d16520fc47 9238fa47deea4da4895793b2ebd7fe03 - - default default] No more DHCP agents
2026-04-23 01:33:47.411 9 WARNING neutron.api.rpc.agentnotifiers.dhcp_rpc_agent_api [None req-bc1f4835-1e68-4762-bc98-bcf98422e303 0d68a7ef19e846eb853221d16520fc47 9238fa47deea4da4895793b2ebd7fe03 - - default default] Unable to schedule network d6d38c33-6798-40c1-b988-57409f0a0f28: no agents available; will retry on subsequent port and subnet creation events.
2026-04-23 01:33:47.606 9 INFO neutron.db.ovn_revision_numbers_db [None req-bc1f4835-1e68-4762-bc98-bcf98422e303 0d68a7ef19e846eb853221d16520fc47 9238fa47deea4da4895793b2ebd7fe03 - - default default] Successfully bumped revision number for resource dd0b7f99-8014-428d-9246-cabc0a2a0a70 (type: ports) to 1
2026-04-23 01:33:47.771 9 INFO neutron.wsgi [None req-a71350fc-6104-40aa-9898-cf1c19e15cb2 5391825f504946aa97e2722d5cab6a77 55d41783ff76490d97b9e40c67925a72 - - default default] 10.0.0.114 "DELETE /v2.0/security-groups/217f279c-1b71-4121-8512-e8b6c6981a7d HTTP/1.1" status: 204 len: 168 time: 0.2106237
2026-04-23 01:33:47.810 10 INFO neutron.wsgi [None req-e91554d8-f49e-47d8-9c71-f17bf615722d bf4043cc0f434387877d79221075a19a 6162cc77efe94e49b38ec87dcb9d6fc9 - - default default] 10.0.0.114 "GET /v2.0/security-groups?tenant_id=7d234ade8b3c4fe1a5fa5c7ff24847d5&name=default HTTP/1.1" status: 200 len: 3000 time: 0.1562786
2026-04-23 01:33:47.973 10 INFO neutron.wsgi [-] 10.0.0.87 "GET / HTTP/1.1" status: 200 len: 247 time: 0.0017455
2026-04-23 01:33:47.975 10 INFO neutron.wsgi [-] 10.0.0.87 "GET / HTTP/1.1" status: 200 len: 247 time: 0.0012283
2026-04-23 01:33:48.075 10 INFO neutron.wsgi [None req-546d6bdd-d255-4310-8dc5-85c870c45b60 bf4043cc0f434387877d79221075a19a 6162cc77efe94e49b38ec87dcb9d6fc9 - - default default] 10.0.0.114 "DELETE /v2.0/security-groups/c1406c63-d177-49c8-84a6-efc9cf4bc722 HTTP/1.1" status: 204 len: 168 time: 0.2618628
2026-04-23 01:33:48.268 9 INFO neutron.wsgi [None req-fa9b0d78-7c53-4ad8-8971-35d4b65cd166 5391825f504946aa97e2722d5cab6a77 55d41783ff76490d97b9e40c67925a72 - - default default] 10.0.0.114 "DELETE /v2.0/floatingips/80c3fc9b-f054-46e1-93db-3f74c9306741 HTTP/1.1" status: 204 len: 168 time: 0.4620457
2026-04-23 01:33:48.334 10 INFO neutron.db.ovn_revision_numbers_db [None req-0aab1a87-8ce0-45a1-82e9-f6178f121e3f bf4043cc0f434387877d79221075a19a 6162cc77efe94e49b38ec87dcb9d6fc9 - - default default] Successfully bumped revision number for resource 5a52effb-f3b6-4b8c-8b66-15f1dc164a9a (type: security_groups) to 1
2026-04-23 01:33:48.337 9 INFO neutron.db.ovn_revision_numbers_db [None req-bc1f4835-1e68-4762-bc98-bcf98422e303 0d68a7ef19e846eb853221d16520fc47 9238fa47deea4da4895793b2ebd7fe03 - - default default] Successfully bumped revision number for resource dd0b7f99-8014-428d-9246-cabc0a2a0a70 (type: router_ports) to 1
2026-04-23 01:33:48.360 10 INFO neutron.db.ovn_revision_numbers_db [None req-0aab1a87-8ce0-45a1-82e9-f6178f121e3f bf4043cc0f434387877d79221075a19a 6162cc77efe94e49b38ec87dcb9d6fc9 - - default default] Successfully bumped revision number for resource 0e4d7db1-de3c-4875-8edf-c65c5fc1e100 (type: security_group_rules) to 0
2026-04-23 01:33:48.390 10 INFO neutron.db.ovn_revision_numbers_db [None req-0aab1a87-8ce0-45a1-82e9-f6178f121e3f bf4043cc0f434387877d79221075a19a 6162cc77efe94e49b38ec87dcb9d6fc9 - - default default] Successfully bumped revision number for resource 5bb46e4e-15f0-4de4-b6ef-5a30a205ad58 (type: security_group_rules) to 0
2026-04-23 01:33:48.421 10 INFO neutron.db.ovn_revision_numbers_db [None req-0aab1a87-8ce0-45a1-82e9-f6178f121e3f bf4043cc0f434387877d79221075a19a 6162cc77efe94e49b38ec87dcb9d6fc9 - - default default] Successfully bumped revision number for resource 83b17594-3f8e-472d-a09e-0cb28f59541d (type: security_group_rules) to 0
2026-04-23 01:33:48.470 10 INFO neutron.wsgi [req-5e58f8f4-8d71-41a0-84e7-67af91049d35 req-878f2210-3af2-467b-830b-6d9e9aed881e 5391825f504946aa97e2722d5cab6a77 55d41783ff76490d97b9e40c67925a72 - - default default] 10.0.0.164 "GET /v2.0/ports?device_id=d39b3c85-275b-45b7-aadb-507564a3d87b HTTP/1.1" status: 200 len: 1170 time: 0.0424685
2026-04-23 01:33:48.503 9 INFO neutron.db.ovn_revision_numbers_db [None req-bc1f4835-1e68-4762-bc98-bcf98422e303 0d68a7ef19e846eb853221d16520fc47 9238fa47deea4da4895793b2ebd7fe03 - - default default] Successfully bumped revision number for resource dd0b7f99-8014-428d-9246-cabc0a2a0a70 (type: ports) to 1
2026-04-23 01:33:48.515 10 INFO neutron.wsgi [req-5e58f8f4-8d71-41a0-84e7-67af91049d35 req-e0788c77-a9b2-476e-bfe5-36526fbc6ad2 5391825f504946aa97e2722d5cab6a77 55d41783ff76490d97b9e40c67925a72 - - default default] 10.0.0.164 "GET /v2.0/security-groups?id=eb98f11c-f38a-4b30-9b3e-e108ce6f34b1&fields=id&fields=name HTTP/1.1" status: 200 len: 313 time: 0.0357718
2026-04-23 01:33:48.545 10 INFO neutron.db.ovn_revision_numbers_db [None req-0aab1a87-8ce0-45a1-82e9-f6178f121e3f bf4043cc0f434387877d79221075a19a 6162cc77efe94e49b38ec87dcb9d6fc9 - - default default] Successfully bumped revision number for resource c2f161f4-0df2-4da6-9c3b-c1e21027bf0b (type: security_group_rules) to 0
2026-04-23 01:33:48.572 10 INFO neutron.wsgi [None req-0aab1a87-8ce0-45a1-82e9-f6178f121e3f bf4043cc0f434387877d79221075a19a 6162cc77efe94e49b38ec87dcb9d6fc9 - - default default] 10.0.0.114 "GET /v2.0/security-groups?tenant_id=f11b16187839461e8198f07704fecfb5&name=default HTTP/1.1" status: 200 len: 3000 time: 0.3901119
2026-04-23 01:33:48.580 9 WARNING neutron.scheduler.dhcp_agent_scheduler [None req-bc1f4835-1e68-4762-bc98-bcf98422e303 0d68a7ef19e846eb853221d16520fc47 9238fa47deea4da4895793b2ebd7fe03 - - default default] No more DHCP agents
2026-04-23 01:33:48.582 9 WARNING neutron.api.rpc.agentnotifiers.dhcp_rpc_agent_api [None req-bc1f4835-1e68-4762-bc98-bcf98422e303 0d68a7ef19e846eb853221d16520fc47 9238fa47deea4da4895793b2ebd7fe03 - - default default] Unable to schedule network d6d38c33-6798-40c1-b988-57409f0a0f28: no agents available; will retry on subsequent port and subnet creation events.
2026-04-23 01:33:48.818 10 INFO neutron.wsgi [None req-8d8b0a20-3c6b-4e8b-8f9e-52278667dfbc bf4043cc0f434387877d79221075a19a 6162cc77efe94e49b38ec87dcb9d6fc9 - - default default] 10.0.0.114 "DELETE /v2.0/security-groups/5a52effb-f3b6-4b8c-8b66-15f1dc164a9a HTTP/1.1" status: 204 len: 168 time: 0.2395830
2026-04-23 01:33:48.830 9 INFO neutron.wsgi [req-5bf029a4-0f59-49db-a947-59428dd2cec8 req-a5835a78-b292-43db-a81a-c169338d814a 5391825f504946aa97e2722d5cab6a77 55d41783ff76490d97b9e40c67925a72 - - default default] 199.204.45.155 "GET /v2.0/ports?device_id=d39b3c85-275b-45b7-aadb-507564a3d87b HTTP/1.1" status: 200 len: 1170 time: 0.0515072
2026-04-23 01:33:48.904 9 INFO neutron.db.ovn_revision_numbers_db [None req-bc1f4835-1e68-4762-bc98-bcf98422e303 0d68a7ef19e846eb853221d16520fc47 9238fa47deea4da4895793b2ebd7fe03 - - default default] Successfully bumped revision number for resource dd0b7f99-8014-428d-9246-cabc0a2a0a70 (type: router_ports) to 1
2026-04-23 01:33:48.906 9 INFO neutron.wsgi [None req-bc1f4835-1e68-4762-bc98-bcf98422e303 0d68a7ef19e846eb853221d16520fc47 9238fa47deea4da4895793b2ebd7fe03 - - default default] 10.0.0.114 "PUT /v2.0/routers/310bf80c-1a3b-4c11-ab12-4046a873a41b/add_router_interface HTTP/1.1" status: 200 len: 503 time: 2.2335477
2026-04-23 01:33:48.985 10 WARNING neutron_lib.context [None req-cdba4d81-e27c-4a53-9227-7e0c08d2a961 0d68a7ef19e846eb853221d16520fc47 9238fa47deea4da4895793b2ebd7fe03 - - default default] Method 'is_advsvc' is deprecated since 2023.2 release (neutron-lib 3.8.0) and will be removed once support for the old RBAC API policies will be removed from Neutron. Please use method 'is_service_role' instead.
2026-04-23 01:33:49.135 10 INFO neutron.db.ovn_revision_numbers_db [None req-cdba4d81-e27c-4a53-9227-7e0c08d2a961 0d68a7ef19e846eb853221d16520fc47 9238fa47deea4da4895793b2ebd7fe03 - - default default] Successfully bumped revision number for resource a43ddf66-cb5b-4cbe-93cf-1666f7df02c5 (type: security_groups) to 1
2026-04-23 01:33:49.141 9 INFO neutron.wsgi [req-5bf029a4-0f59-49db-a947-59428dd2cec8 req-29cc9b05-066a-461b-8a89-1f163e8f84a5 5391825f504946aa97e2722d5cab6a77 55d41783ff76490d97b9e40c67925a72 - - default default] 199.204.45.155 "DELETE /v2.0/ports/7c0792b1-f1fc-4105-96f1-783262da85e1 HTTP/1.1" status: 204 len: 173 time: 0.3025622
2026-04-23 01:33:49.161 10 INFO neutron.db.ovn_revision_numbers_db [None req-cdba4d81-e27c-4a53-9227-7e0c08d2a961 0d68a7ef19e846eb853221d16520fc47 9238fa47deea4da4895793b2ebd7fe03 - - default default] Successfully bumped revision number for resource 1e5d6eea-7ae5-421e-b228-a405bdc1d310 (type: security_group_rules) to 0
2026-04-23 01:33:49.190 10 INFO neutron.db.ovn_revision_numbers_db [None req-cdba4d81-e27c-4a53-9227-7e0c08d2a961 0d68a7ef19e846eb853221d16520fc47 9238fa47deea4da4895793b2ebd7fe03 - - default default] Successfully bumped revision number for resource 8e3d01df-d767-4dd6-aa3c-27b75cf325d5 (type: security_group_rules) to 0
2026-04-23 01:33:49.199 9 INFO neutron.notifiers.nova [-] Nova event matching ['req-5fc30e8f-6e46-491c-a182-c8d424742134'] response: {'server_uuid': 'd39b3c85-275b-45b7-aadb-507564a3d87b', 'name': 'network-vif-deleted', 'tag': '7c0792b1-f1fc-4105-96f1-783262da85e1', 'status': 'completed', 'code': 200}
2026-04-23 01:33:49.223 10 INFO neutron.wsgi [None req-cdba4d81-e27c-4a53-9227-7e0c08d2a961 0d68a7ef19e846eb853221d16520fc47 9238fa47deea4da4895793b2ebd7fe03 - - default default] 10.0.0.114 "POST /v2.0/security-groups HTTP/1.1" status: 201 len: 1765 time: 0.2440050
2026-04-23 01:33:49.236 10 WARNING neutron_lib.context [None req-6625274e-c1cb-413e-8ba1-5a704a4a01e9 0d68a7ef19e846eb853221d16520fc47 9238fa47deea4da4895793b2ebd7fe03 - - default default] Method 'is_advsvc' is deprecated since 2023.2 release (neutron-lib 3.8.0) and will be removed once support for the old RBAC API policies will be removed from Neutron. Please use method 'is_service_role' instead.
2026-04-23 01:33:49.420 10 INFO neutron.db.ovn_revision_numbers_db [None req-6625274e-c1cb-413e-8ba1-5a704a4a01e9 0d68a7ef19e846eb853221d16520fc47 9238fa47deea4da4895793b2ebd7fe03 - - default default] Successfully bumped revision number for resource 86c439b2-9c79-4886-86b7-3862376c83aa (type: security_group_rules) to 0
2026-04-23 01:33:49.467 10 INFO neutron.wsgi [None req-6625274e-c1cb-413e-8ba1-5a704a4a01e9 0d68a7ef19e846eb853221d16520fc47 9238fa47deea4da4895793b2ebd7fe03 - - default default] 10.0.0.114 "POST /v2.0/security-group-rules HTTP/1.1" status: 201 len: 764 time: 0.2356699
2026-04-23 01:33:49.480 10 WARNING neutron_lib.context [None req-ded40b62-3605-415b-a31c-605a815b335b 0d68a7ef19e846eb853221d16520fc47 9238fa47deea4da4895793b2ebd7fe03 - - default default] Method 'is_advsvc' is deprecated since 2023.2 release (neutron-lib 3.8.0) and will be removed once support for the old RBAC API policies will be removed from Neutron. Please use method 'is_service_role' instead.
2026-04-23 01:33:49.659 10 INFO neutron.db.ovn_revision_numbers_db [None req-ded40b62-3605-415b-a31c-605a815b335b 0d68a7ef19e846eb853221d16520fc47 9238fa47deea4da4895793b2ebd7fe03 - - default default] Successfully bumped revision number for resource d077ebd8-348d-4c15-add6-a6678347d15a (type: security_group_rules) to 0
2026-04-23 01:33:49.693 10 INFO neutron.wsgi [None req-ded40b62-3605-415b-a31c-605a815b335b 0d68a7ef19e846eb853221d16520fc47 9238fa47deea4da4895793b2ebd7fe03 - - default default] 10.0.0.114 "POST /v2.0/security-group-rules HTTP/1.1" status: 201 len: 764 time: 0.2195411
2026-04-23 01:33:49.702 10 WARNING neutron_lib.context [None req-eb33c85a-6f06-44c7-af3c-48e98f00b9fa 0d68a7ef19e846eb853221d16520fc47 9238fa47deea4da4895793b2ebd7fe03 - - default default] Method 'is_advsvc' is deprecated since 2023.2 release (neutron-lib 3.8.0) and will be removed once support for the old RBAC API policies will be removed from Neutron. Please use method 'is_service_role' instead.
2026-04-23 01:33:49.771 10 INFO neutron.wsgi [None req-dab371cd-e847-461e-ab5b-ef9398909d54 5391825f504946aa97e2722d5cab6a77 55d41783ff76490d97b9e40c67925a72 - - default default] 10.0.0.114 "DELETE /v2.0/security-groups/eb98f11c-f38a-4b30-9b3e-e108ce6f34b1 HTTP/1.1" status: 204 len: 168 time: 0.1983998
2026-04-23 01:33:49.847 10 INFO neutron.db.ovn_revision_numbers_db [None req-eb33c85a-6f06-44c7-af3c-48e98f00b9fa 0d68a7ef19e846eb853221d16520fc47 9238fa47deea4da4895793b2ebd7fe03 - - default default] Successfully bumped revision number for resource 249bda18-7936-491b-946c-11b5a13d56f8 (type: security_group_rules) to 0
2026-04-23 01:33:49.872 10 INFO neutron.wsgi [None req-eb33c85a-6f06-44c7-af3c-48e98f00b9fa 0d68a7ef19e846eb853221d16520fc47 9238fa47deea4da4895793b2ebd7fe03 - - default default] 10.0.0.114 "POST /v2.0/security-group-rules HTTP/1.1" status: 201 len: 766 time: 0.1747258
2026-04-23 01:33:49.882 10 WARNING neutron_lib.context [None req-3ebc73e5-3859-44a4-9224-19847be335c8 0d68a7ef19e846eb853221d16520fc47 9238fa47deea4da4895793b2ebd7fe03 - - default default] Method 'is_advsvc' is deprecated since 2023.2 release (neutron-lib 3.8.0) and will be removed once support for the old RBAC API policies will be removed from Neutron. Please use method 'is_service_role' instead.
2026-04-23 01:33:49.946 9 WARNING neutron.plugins.ml2.drivers.ovn.mech_driver.ovsdb.ovn_client [None req-bc603fbf-d939-4bd9-9bc0-7f9b21ed1414 - - - - - -] No hosting information found for port 75799194-8e49-4232-bc59-48741d907779: RuntimeError: No hosting information found for port 75799194-8e49-4232-bc59-48741d907779
2026-04-23 01:33:49.947 9 INFO neutron.plugins.ml2.drivers.ovn.mech_driver.mech_driver [None req-bc603fbf-d939-4bd9-9bc0-7f9b21ed1414 - - - - - -] OVN reports status down for port: bc8ffbdc-58be-4334-8691-6bfce0dd77f2
2026-04-23 01:33:49.992 10 INFO neutron.db.ovn_revision_numbers_db [None req-3ebc73e5-3859-44a4-9224-19847be335c8 0d68a7ef19e846eb853221d16520fc47 9238fa47deea4da4895793b2ebd7fe03 - - default default] Successfully bumped revision number for resource 5175312b-7ed3-4500-a43a-345cdf2bf89c (type: security_group_rules) to 0
2026-04-23 01:33:50.001 9 INFO neutron.plugins.ml2.drivers.ovn.mech_driver.mech_driver [None req-bc603fbf-d939-4bd9-9bc0-7f9b21ed1414 - - - - - -] OVN reports status up for port: dd0b7f99-8014-428d-9246-cabc0a2a0a70
2026-04-23 01:33:50.011 9 INFO neutron.plugins.ml2.plugin [None req-bc603fbf-d939-4bd9-9bc0-7f9b21ed1414 - - - - - -] Attempt 1 to provision port dd0b7f99-8014-428d-9246-cabc0a2a0a70
2026-04-23 01:33:50.021 10 INFO neutron.wsgi [None req-3ebc73e5-3859-44a4-9224-19847be335c8 0d68a7ef19e846eb853221d16520fc47 9238fa47deea4da4895793b2ebd7fe03 - - default default] 10.0.0.114 "POST /v2.0/security-group-rules HTTP/1.1" status: 201 len: 768 time: 0.1435521
2026-04-23 01:33:50.031 10 WARNING neutron_lib.context [None req-959fafc5-53b4-4e16-8cbe-0f71cf3838e4 0d68a7ef19e846eb853221d16520fc47 9238fa47deea4da4895793b2ebd7fe03 - - default default] Method 'is_advsvc' is deprecated since 2023.2 release (neutron-lib 3.8.0) and will be removed once support for the old RBAC API policies will be removed from Neutron. Please use method 'is_service_role' instead.
2026-04-23 01:33:50.179 10 INFO neutron.db.ovn_revision_numbers_db [None req-959fafc5-53b4-4e16-8cbe-0f71cf3838e4 0d68a7ef19e846eb853221d16520fc47 9238fa47deea4da4895793b2ebd7fe03 - - default default] Successfully bumped revision number for resource b68341a8-e42d-4b3b-8580-9e48758e98d3 (type: security_group_rules) to 0
2026-04-23 01:33:50.202 10 INFO neutron.wsgi [None req-959fafc5-53b4-4e16-8cbe-0f71cf3838e4 0d68a7ef19e846eb853221d16520fc47 9238fa47deea4da4895793b2ebd7fe03 - - default default] 10.0.0.114 "POST /v2.0/security-group-rules HTTP/1.1" status: 201 len: 768 time: 0.1763239
2026-04-23 01:33:50.212 10 WARNING neutron_lib.context [None req-d8f347c8-8bf9-488f-910d-512edf11ba27 0d68a7ef19e846eb853221d16520fc47 9238fa47deea4da4895793b2ebd7fe03 - - default default] Method 'is_advsvc' is deprecated since 2023.2 release (neutron-lib 3.8.0) and will be removed once support for the old RBAC API policies will be removed from Neutron. Please use method 'is_service_role' instead.
2026-04-23 01:33:50.374 10 INFO neutron.db.ovn_revision_numbers_db [None req-d8f347c8-8bf9-488f-910d-512edf11ba27 0d68a7ef19e846eb853221d16520fc47 9238fa47deea4da4895793b2ebd7fe03 - - default default] Successfully bumped revision number for resource 943fbc56-f195-4d51-9e43-83bf727da5cd (type: security_group_rules) to 0
2026-04-23 01:33:50.399 10 INFO neutron.wsgi [None req-d8f347c8-8bf9-488f-910d-512edf11ba27 0d68a7ef19e846eb853221d16520fc47 9238fa47deea4da4895793b2ebd7fe03 - - default default] 10.0.0.114 "POST /v2.0/security-group-rules HTTP/1.1" status: 201 len: 764 time: 0.1916270
2026-04-23 01:33:50.407 9 INFO neutron.db.ovn_revision_numbers_db [None req-bc603fbf-d939-4bd9-9bc0-7f9b21ed1414 - - - - - -] Successfully bumped revision number for resource dd0b7f99-8014-428d-9246-cabc0a2a0a70 (type: ports) to 2
2026-04-23 01:33:50.412 10 WARNING neutron_lib.context [None req-39df2498-b6a1-4eba-8b65-878dd23f155f 0d68a7ef19e846eb853221d16520fc47 9238fa47deea4da4895793b2ebd7fe03 - - default default] Method 'is_advsvc' is deprecated since 2023.2 release (neutron-lib 3.8.0) and will be removed once support for the old RBAC API policies will be removed from Neutron. Please use method 'is_service_role' instead.
2026-04-23 01:33:50.509 9 INFO neutron.db.ovn_revision_numbers_db [None req-bc603fbf-d939-4bd9-9bc0-7f9b21ed1414 - - - - - -] Successfully bumped revision number for resource dd0b7f99-8014-428d-9246-cabc0a2a0a70 (type: router_ports) to 2
2026-04-23 01:33:50.592 10 INFO neutron.db.ovn_revision_numbers_db [None req-39df2498-b6a1-4eba-8b65-878dd23f155f 0d68a7ef19e846eb853221d16520fc47 9238fa47deea4da4895793b2ebd7fe03 - - default default] Successfully bumped revision number for resource 736c6066-d698-46b0-9077-113719db2264 (type: security_group_rules) to 0
2026-04-23 01:33:50.618 10 INFO neutron.wsgi [None req-39df2498-b6a1-4eba-8b65-878dd23f155f 0d68a7ef19e846eb853221d16520fc47 9238fa47deea4da4895793b2ebd7fe03 - - default default] 10.0.0.114 "POST /v2.0/security-group-rules HTTP/1.1" status: 201 len: 764 time: 0.2109411
2026-04-23 01:33:50.630 10 WARNING neutron_lib.context [None req-1f6533fa-8f1a-4d80-b6f6-2c4081672a20 0d68a7ef19e846eb853221d16520fc47 9238fa47deea4da4895793b2ebd7fe03 - - default default] Method 'is_advsvc' is deprecated since 2023.2 release (neutron-lib 3.8.0) and will be removed once support for the old RBAC API policies will be removed from Neutron. Please use method 'is_service_role' instead.
2026-04-23 01:33:50.764 10 INFO neutron.db.ovn_revision_numbers_db [None req-1f6533fa-8f1a-4d80-b6f6-2c4081672a20 0d68a7ef19e846eb853221d16520fc47 9238fa47deea4da4895793b2ebd7fe03 - - default default] Successfully bumped revision number for resource 4a531df3-b7c7-491a-9b78-744a785fe8ff (type: security_group_rules) to 0
2026-04-23 01:33:50.789 10 INFO neutron.wsgi [None req-1f6533fa-8f1a-4d80-b6f6-2c4081672a20 0d68a7ef19e846eb853221d16520fc47 9238fa47deea4da4895793b2ebd7fe03 - - default default] 10.0.0.114 "POST /v2.0/security-group-rules HTTP/1.1" status: 201 len: 764 time: 0.1632986
2026-04-23 01:33:50.804 10 WARNING neutron_lib.context [None req-69eecfc3-e153-4902-a383-b8151cb81e79 0d68a7ef19e846eb853221d16520fc47 9238fa47deea4da4895793b2ebd7fe03 - - default default] Method 'is_advsvc' is deprecated since 2023.2 release (neutron-lib 3.8.0) and will be removed once support for the old RBAC API policies will be removed from Neutron. Please use method 'is_service_role' instead.
2026-04-23 01:33:50.909 9 INFO neutron.wsgi [None req-493d8193-feb6-43a5-b024-0cd89f8fa2fc 5391825f504946aa97e2722d5cab6a77 55d41783ff76490d97b9e40c67925a72 - - default default] 10.0.0.114 "PUT /v2.0/routers/bdf77bf3-0cc1-41f1-9b96-9097273625ee/remove_router_interface HTTP/1.1" status: 200 len: 503 time: 1.0951052 /var/lib/openstack/lib/python3.10/site-packages/pycadf/identifier.py:71: UserWarning: Invalid uuid: neutron. To ensure interoperability, identifiers should be a valid uuid. warnings.warn(('Invalid uuid: %s. To ensure interoperability, '
2026-04-23 01:33:50.951 10 INFO neutron.db.ovn_revision_numbers_db [None req-69eecfc3-e153-4902-a383-b8151cb81e79 0d68a7ef19e846eb853221d16520fc47 9238fa47deea4da4895793b2ebd7fe03 - - default default] Successfully bumped revision number for resource 16bbd65f-4c12-4703-80b2-f72d80ba2152 (type: security_group_rules) to 0
2026-04-23 01:33:50.975 10 INFO neutron.wsgi [None req-69eecfc3-e153-4902-a383-b8151cb81e79 0d68a7ef19e846eb853221d16520fc47 9238fa47deea4da4895793b2ebd7fe03 - - default default] 10.0.0.114 "POST /v2.0/security-group-rules HTTP/1.1" status: 201 len: 766 time: 0.1770525
2026-04-23 01:33:50.985 10 WARNING neutron_lib.context [None req-73150563-f31b-46e7-8775-d86412e1126b 0d68a7ef19e846eb853221d16520fc47 9238fa47deea4da4895793b2ebd7fe03 - - default default] Method 'is_advsvc' is deprecated since 2023.2 release (neutron-lib 3.8.0) and will be removed once support for the old RBAC API policies will be removed from Neutron. Please use method 'is_service_role' instead.
2026-04-23 01:33:51.104 10 INFO neutron.db.ovn_revision_numbers_db [None req-73150563-f31b-46e7-8775-d86412e1126b 0d68a7ef19e846eb853221d16520fc47 9238fa47deea4da4895793b2ebd7fe03 - - default default] Successfully bumped revision number for resource 90b06867-e031-4b57-8e6c-12dae8d6f61d (type: security_group_rules) to 0
2026-04-23 01:33:51.126 9 INFO neutron.wsgi [None req-a00d4c20-f3d9-42d5-8ced-8a8866be406c 5391825f504946aa97e2722d5cab6a77 55d41783ff76490d97b9e40c67925a72 - - default default] 10.0.0.114 "DELETE /v2.0/subnets/1651e97a-09ea-43dd-a3c1-8577ec33ebd5 HTTP/1.1" status: 204 len: 168 time: 0.2105284
