2026-04-23 01:33:31.039 9 WARNING neutron_lib.context [None req-c9df6a7c-4d8b-47ed-b8af-190f2e406bfc 7b69be88b44748b8b887e030617a0168 5d33b16a8fc2436f813b0a202e38910b - - default default] Method 'is_advsvc' is deprecated since 2023.2 release (neutron-lib 3.8.0) and will be removed once support for the old RBAC API policies will be removed from Neutron. Please use method 'is_service_role' instead.
2026-04-23 01:33:31.266 9 INFO neutron.wsgi [None req-c9df6a7c-4d8b-47ed-b8af-190f2e406bfc 7b69be88b44748b8b887e030617a0168 5d33b16a8fc2436f813b0a202e38910b - - default default] 10.0.0.114 "POST /v2.0/trunks HTTP/1.1" status: 201 len: 608 time: 0.2313516
2026-04-23 01:33:31.307 9 INFO neutron.wsgi [None req-2e0368c8-9cf3-439b-8348-61be3d4f350f 7b69be88b44748b8b887e030617a0168 5d33b16a8fc2436f813b0a202e38910b - - default default] 10.0.0.114 "PUT /v2.0/trunks/e38b75e3-2022-4a23-80d0-32f1e273d829/tags HTTP/1.1" status: 200 len: 210 time: 0.0363474
2026-04-23 01:33:31.343 9 INFO neutron.wsgi [None req-fd0bbda8-5750-4f9e-9341-9dc6bc446f26 7b69be88b44748b8b887e030617a0168 5d33b16a8fc2436f813b0a202e38910b - - default default] 10.0.0.114 "PUT /v2.0/trunks/fa7e0269-837f-4506-a541-39fe12a0fc5e/tags HTTP/1.1" status: 200 len: 218 time: 0.0301757
2026-04-23 01:33:31.375 9 INFO neutron.wsgi [None req-3741e835-2e9b-4869-8bea-4069b79e8848 7b69be88b44748b8b887e030617a0168 5d33b16a8fc2436f813b0a202e38910b - - default default] 10.0.0.114 "PUT /v2.0/trunks/a05dd21b-3cfe-41f1-bbfe-5583b3adc058/tags HTTP/1.1" status: 200 len: 227 time: 0.0272605
2026-04-23 01:33:31.413 9 INFO neutron.wsgi [None req-e20e1cbd-5424-49cd-8300-fb1c5d761d17 7b69be88b44748b8b887e030617a0168 5d33b16a8fc2436f813b0a202e38910b - - default default] 10.0.0.114 "PUT /v2.0/trunks/e4c8efee-d1fe-4542-804e-db1b5a2be1df/tags HTTP/1.1" status: 200 len: 212 time: 0.0334816
2026-04-23 01:33:31.443 9 INFO neutron.wsgi [None req-85b1f926-6791-4102-b40e-b8c5d7717305 7b69be88b44748b8b887e030617a0168 5d33b16a8fc2436f813b0a202e38910b - - default default] 10.0.0.114 "GET /v2.0/trunks?tags=red HTTP/1.1" status: 200 len: 1447 time: 0.0240369
2026-04-23 01:33:31.471 9 INFO neutron.wsgi [None req-d5337026-3cb3-4ca6-9ad7-d4313a4f7e6d 7b69be88b44748b8b887e030617a0168 5d33b16a8fc2436f813b0a202e38910b - - default default] 10.0.0.114 "GET /v2.0/trunks?tags=red%2Cblue HTTP/1.1" status: 200 len: 1041 time: 0.0217631
2026-04-23 01:33:31.479 10 INFO neutron.wsgi [req-f92ef576-a9f1-45d4-be2d-aa0fdfcde7d2 req-12ca5e6f-c1c2-4db8-a9f2-26c299cac34b 5391825f504946aa97e2722d5cab6a77 55d41783ff76490d97b9e40c67925a72 - - default default] 10.0.0.164 "GET /v2.0/ports?device_id=04c07bb2-1be0-4934-abfe-0c3f1b213221 HTTP/1.1" status: 200 len: 1170 time: 0.0920243
2026-04-23 01:33:31.519 10 INFO neutron.wsgi [req-f92ef576-a9f1-45d4-be2d-aa0fdfcde7d2 req-17a7428b-b75b-4ecd-a37b-3ad98bdb0fe0 5391825f504946aa97e2722d5cab6a77 55d41783ff76490d97b9e40c67925a72 - - default default] 10.0.0.164 "GET /v2.0/security-groups?id=217f279c-1b71-4121-8512-e8b6c6981a7d&fields=id&fields=name HTTP/1.1" status: 200 len: 313 time: 0.0360479
2026-04-23 01:33:31.615 10 INFO neutron.wsgi [req-a3253b10-80a2-4bd6-b7c0-0e9fd3a6a490 req-c7a5fb33-9e6d-4e01-b14f-50b6421db0f6 5391825f504946aa97e2722d5cab6a77 55d41783ff76490d97b9e40c67925a72 - - default default] 10.0.0.164 "GET /v2.0/ports?device_id=04c07bb2-1be0-4934-abfe-0c3f1b213221 HTTP/1.1" status: 200 len: 1170 time: 0.0390778
2026-04-23 01:33:31.665 10 INFO neutron.wsgi [req-a3253b10-80a2-4bd6-b7c0-0e9fd3a6a490 req-5fc935ca-d7b5-4f27-afa3-64f9c2539e66 5391825f504946aa97e2722d5cab6a77 55d41783ff76490d97b9e40c67925a72 - - default default] 10.0.0.164 "GET /v2.0/security-groups?id=217f279c-1b71-4121-8512-e8b6c6981a7d&fields=id&fields=name HTTP/1.1" status: 200 len: 313 time: 0.0449805
2026-04-23 01:33:31.715 9 INFO neutron.wsgi [None req-0b345846-51c6-4909-b97e-f3a760272fd8 7b69be88b44748b8b887e030617a0168 5d33b16a8fc2436f813b0a202e38910b - - default default] 10.0.0.114 "GET /v2.0/trunks?tags-any=blue HTTP/1.1" status: 200 len: 1041 time: 0.2338820
2026-04-23 01:33:31.739 9 INFO neutron.wsgi [None req-dde9bdf8-e85d-4f44-8209-088ead5fddc6 45611f240cad437897c555a0a7a1116e b3cebcbae4d04633a0bccc8f1b3f0ca1 - - default default] 10.0.0.114 "GET /v2.0/ports?device_id=04c07bb2-1be0-4934-abfe-0c3f1b213221 HTTP/1.1" status: 200 len: 1404 time: 0.0451174
2026-04-23 01:33:31.743 9 INFO neutron.wsgi [None req-324643e2-8502-4f13-aa4a-d43e3dd1ca18 7b69be88b44748b8b887e030617a0168 5d33b16a8fc2436f813b0a202e38910b - - default default] 10.0.0.114 "GET /v2.0/trunks?tags-any=red%2Cblue HTTP/1.1" status: 200 len: 1447 time: 0.0243354
2026-04-23 01:33:31.772 9 INFO neutron.wsgi [None req-8ed320ba-40e1-4aba-90c1-fad8172ba73a 7b69be88b44748b8b887e030617a0168 5d33b16a8fc2436f813b0a202e38910b - - default default] 10.0.0.114 "GET /v2.0/trunks?not-tags=red HTTP/1.1" status: 200 len: 1013 time: 0.0244493
2026-04-23 01:33:31.798 9 INFO neutron.wsgi [None req-6c0d6577-8e8f-4769-81f6-2a0b538d242f 7b69be88b44748b8b887e030617a0168 5d33b16a8fc2436f813b0a202e38910b - - default default] 10.0.0.114 "GET /v2.0/trunks?not-tags=red%2Cblue HTTP/1.1" status: 200 len: 1419 time: 0.0199153
2026-04-23 01:33:31.825 9 INFO neutron.wsgi [None req-7c29b853-8e02-4b6c-a257-7b3c48d982db 7b69be88b44748b8b887e030617a0168 5d33b16a8fc2436f813b0a202e38910b - - default default] 10.0.0.114 "GET /v2.0/trunks?not-tags-any=blue HTTP/1.1" status: 200 len: 1419 time: 0.0231264
2026-04-23 01:33:31.850 9 INFO neutron.wsgi [None req-64e8dc61-c6f1-4e81-a13e-dc84c1d44aad 7b69be88b44748b8b887e030617a0168 5d33b16a8fc2436f813b0a202e38910b - - default default] 10.0.0.114 "GET /v2.0/trunks?not-tags-any=red%2Cblue HTTP/1.1" status: 200 len: 1013 time: 0.0188832
2026-04-23 01:33:31.873 9 INFO neutron.wsgi [None req-48fd9d87-0c6c-48ed-93eb-8ea5faa7a70e 7b69be88b44748b8b887e030617a0168 5d33b16a8fc2436f813b0a202e38910b - - default default] 10.0.0.114 "GET /v2.0/trunks/e38b75e3-2022-4a23-80d0-32f1e273d829 HTTP/1.1" status: 200 len: 608 time: 0.0164812
2026-04-23 01:33:31.966 9 INFO neutron.wsgi [None req-2d87dd42-ddd5-4622-837f-c55cf538771e 7b69be88b44748b8b887e030617a0168 5d33b16a8fc2436f813b0a202e38910b - - default default] 10.0.0.114 "GET /v2.0/ports/af51b614-c0c7-443d-a98d-e45d220fcb84 HTTP/1.1" status: 200 len: 1020 time: 0.0878851
2026-04-23 01:33:31.998 10 INFO neutron.db.l3_db [None req-570f76e8-fcb3-4211-bcdb-776de4d8bd83 5391825f504946aa97e2722d5cab6a77 55d41783ff76490d97b9e40c67925a72 - - default default] Floating IP 80c3fc9b-f054-46e1-93db-3f74c9306741 associated. External IP: 10.96.250.201, port: bc8ffbdc-58be-4334-8691-6bfce0dd77f2.
2026-04-23 01:33:32.052 9 INFO neutron.wsgi [None req-0199fb99-b685-4d4d-a540-1976f0586678 7b69be88b44748b8b887e030617a0168 5d33b16a8fc2436f813b0a202e38910b - - default default] 10.0.0.114 "DELETE /v2.0/trunks/e38b75e3-2022-4a23-80d0-32f1e273d829 HTTP/1.1" status: 204 len: 168 time: 0.0784018
2026-04-23 01:33:32.076 9 INFO neutron.wsgi [None req-87c6a0a5-0f8e-43de-8032-27917f5779be 7b69be88b44748b8b887e030617a0168 5d33b16a8fc2436f813b0a202e38910b - - default default] 10.0.0.114 "GET /v2.0/trunks/fa7e0269-837f-4506-a541-39fe12a0fc5e HTTP/1.1" status: 200 len: 616 time: 0.0179660
2026-04-23 01:33:32.192 10 INFO neutron.db.ovn_revision_numbers_db [None req-570f76e8-fcb3-4211-bcdb-776de4d8bd83 5391825f504946aa97e2722d5cab6a77 55d41783ff76490d97b9e40c67925a72 - - default default] Successfully bumped revision number for resource 80c3fc9b-f054-46e1-93db-3f74c9306741 (type: floatingips) to 4
2026-04-23 01:33:32.197 9 INFO neutron.wsgi [None req-b99fbb9f-55b6-4b92-82e5-558b54f20b99 7b69be88b44748b8b887e030617a0168 5d33b16a8fc2436f813b0a202e38910b - - default default] 10.0.0.114 "GET /v2.0/ports/416e508b-0ef6-40ad-973b-8a7f516ea01e HTTP/1.1" status: 200 len: 1020 time: 0.1117887 /var/lib/openstack/lib/python3.10/site-packages/pycadf/identifier.py:71: UserWarning: Invalid uuid: neutron. To ensure interoperability, identifiers should be a valid uuid. warnings.warn(('Invalid uuid: %s. To ensure interoperability, '
2026-04-23 01:33:32.307 9 INFO neutron.wsgi [None req-e03a5bc3-303f-475b-80bf-c9afac8580fc 7b69be88b44748b8b887e030617a0168 5d33b16a8fc2436f813b0a202e38910b - - default default] 10.0.0.114 "DELETE /v2.0/trunks/fa7e0269-837f-4506-a541-39fe12a0fc5e HTTP/1.1" status: 204 len: 168 time: 0.0985427
2026-04-23 01:33:32.308 10 INFO neutron.db.ovn_revision_numbers_db [None req-570f76e8-fcb3-4211-bcdb-776de4d8bd83 5391825f504946aa97e2722d5cab6a77 55d41783ff76490d97b9e40c67925a72 - - default default] Successfully bumped revision number for resource 80c3fc9b-f054-46e1-93db-3f74c9306741 (type: floatingips) to 5
2026-04-23 01:33:32.332 10 INFO neutron.wsgi [None req-570f76e8-fcb3-4211-bcdb-776de4d8bd83 5391825f504946aa97e2722d5cab6a77 55d41783ff76490d97b9e40c67925a72 - - default default] 10.0.0.114 "PUT /v2.0/floatingips/80c3fc9b-f054-46e1-93db-3f74c9306741 HTTP/1.1" status: 200 len: 1049 time: 0.5870571
2026-04-23 01:33:32.336 9 INFO neutron.wsgi [None req-7470748e-8d5b-4c7e-8101-6404d48d6ccb 7b69be88b44748b8b887e030617a0168 5d33b16a8fc2436f813b0a202e38910b - - default default] 10.0.0.114 "GET /v2.0/trunks/a05dd21b-3cfe-41f1-bbfe-5583b3adc058 HTTP/1.1" status: 200 len: 625 time: 0.0221057
2026-04-23 01:33:32.376 10 INFO neutron.notifiers.nova [-] Nova event matching ['req-1de73a03-db73-4052-933c-c8b73a30a5e9'] response: {'name': 'network-changed', 'server_uuid': '04c07bb2-1be0-4934-abfe-0c3f1b213221', 'tag': 'bc8ffbdc-58be-4334-8691-6bfce0dd77f2', 'status': 'completed', 'code': 200}
2026-04-23 01:33:32.393 10 INFO neutron.wsgi [None req-c4bf3c1a-2884-4599-b89b-45711e1b1b2b 5391825f504946aa97e2722d5cab6a77 55d41783ff76490d97b9e40c67925a72 - - default default] 10.0.0.114 "GET /v2.0/floatingips/80c3fc9b-f054-46e1-93db-3f74c9306741 HTTP/1.1" status: 200 len: 1051 time: 0.0538502
2026-04-23 01:33:32.443 9 INFO neutron.wsgi [req-d542ea46-9526-4049-81af-09ea032e55b4 req-f8a9914b-d590-479b-abd4-adaa7f192068 670f2b3f99184349923129a61236afa2 434c52c271df47cf938a34dbc3ad05a3 - - 1aaf39911e524cf8a4d86f572088f256 1aaf39911e524cf8a4d86f572088f256] 199.204.45.155 "GET /v2.0/ports?tenant_id=55d41783ff76490d97b9e40c67925a72&device_id=04c07bb2-1be0-4934-abfe-0c3f1b213221 HTTP/1.1" status: 200 len: 1409 time: 0.0511713
2026-04-23 01:33:32.449 9 INFO neutron.wsgi [None req-9c118b60-d862-4f5e-a26a-b9b3e11e3c4b 7b69be88b44748b8b887e030617a0168 5d33b16a8fc2436f813b0a202e38910b - - default default] 10.0.0.114 "GET /v2.0/ports/7bdea230-a39a-40c7-92ca-6af572061b0f HTTP/1.1" status: 200 len: 1020 time: 0.1079557
2026-04-23 01:33:32.510 9 INFO neutron.wsgi [req-d542ea46-9526-4049-81af-09ea032e55b4 req-ea2095d7-3f3d-4cce-9411-e4be2ea70776 670f2b3f99184349923129a61236afa2 434c52c271df47cf938a34dbc3ad05a3 - - 1aaf39911e524cf8a4d86f572088f256 1aaf39911e524cf8a4d86f572088f256] 199.204.45.155 "GET /v2.0/networks?id=24206ab2-b15d-42a6-944b-1eb1de988bbe HTTP/1.1" status: 200 len: 959 time: 0.0604651
2026-04-23 01:33:32.555 10 INFO neutron.wsgi [None req-8ef952ce-d110-4bcd-94a2-e25e23981281 7b69be88b44748b8b887e030617a0168 5d33b16a8fc2436f813b0a202e38910b - - default default] 10.0.0.114 "DELETE /v2.0/trunks/a05dd21b-3cfe-41f1-bbfe-5583b3adc058 HTTP/1.1" status: 204 len: 168 time: 0.0999010
2026-04-23 01:33:32.562 9 INFO neutron.wsgi [req-d542ea46-9526-4049-81af-09ea032e55b4 req-adbcbbc8-2258-4046-9ce4-54b47baa8667 670f2b3f99184349923129a61236afa2 434c52c271df47cf938a34dbc3ad05a3 - - 1aaf39911e524cf8a4d86f572088f256 1aaf39911e524cf8a4d86f572088f256] 199.204.45.155 "GET /v2.0/floatingips?fixed_ip_address=10.100.0.9&port_id=bc8ffbdc-58be-4334-8691-6bfce0dd77f2 HTTP/1.1" status: 200 len: 1059 time: 0.0465786
2026-04-23 01:33:32.591 9 INFO neutron.wsgi [None req-151cb2dd-9a7b-463c-8af7-3362b83e572f 7b69be88b44748b8b887e030617a0168 5d33b16a8fc2436f813b0a202e38910b - - default default] 10.0.0.114 "GET /v2.0/trunks/e4c8efee-d1fe-4542-804e-db1b5a2be1df HTTP/1.1" status: 200 len: 610 time: 0.0322256
2026-04-23 01:33:32.600 9 INFO neutron.wsgi [req-d542ea46-9526-4049-81af-09ea032e55b4 req-7500821e-d0e7-4063-a809-7d5e81e342c2 670f2b3f99184349923129a61236afa2 434c52c271df47cf938a34dbc3ad05a3 - - 1aaf39911e524cf8a4d86f572088f256 1aaf39911e524cf8a4d86f572088f256] 199.204.45.155 "GET /v2.0/subnets?id=1651e97a-09ea-43dd-a3c1-8577ec33ebd5 HTTP/1.1" status: 200 len: 851 time: 0.0323815
2026-04-23 01:33:32.624 9 INFO neutron.wsgi [req-d542ea46-9526-4049-81af-09ea032e55b4 req-5c8c86d4-9940-4847-9f0f-96b88692ec24 670f2b3f99184349923129a61236afa2 434c52c271df47cf938a34dbc3ad05a3 - - 1aaf39911e524cf8a4d86f572088f256 1aaf39911e524cf8a4d86f572088f256] 199.204.45.155 "GET /v2.0/ports?network_id=24206ab2-b15d-42a6-944b-1eb1de988bbe&device_owner=network%3Adhcp HTTP/1.1" status: 200 len: 210 time: 0.0200338
2026-04-23 01:33:32.678 10 INFO neutron.wsgi [None req-7fb545e1-4824-465f-b151-14639b03e752 7b69be88b44748b8b887e030617a0168 5d33b16a8fc2436f813b0a202e38910b - - default default] 10.0.0.114 "GET /v2.0/ports/63e64bcd-d38d-4ec5-8727-e51155fc5991 HTTP/1.1" status: 200 len: 1020 time: 0.0828693
2026-04-23 01:33:32.683 9 INFO neutron.wsgi [req-d542ea46-9526-4049-81af-09ea032e55b4 req-6a2bfea9-efb1-47a4-886f-dec2bb62ffbb 670f2b3f99184349923129a61236afa2 434c52c271df47cf938a34dbc3ad05a3 - - 1aaf39911e524cf8a4d86f572088f256 1aaf39911e524cf8a4d86f572088f256] 199.204.45.155 "GET /v2.0/networks/24206ab2-b15d-42a6-944b-1eb1de988bbe?fields=segments HTTP/1.1" status: 200 len: 212 time: 0.0545409
2026-04-23 01:33:32.745 9 INFO neutron.wsgi [req-d542ea46-9526-4049-81af-09ea032e55b4 req-1b5b92b4-a2c9-4422-886d-d58fa70a2eee 670f2b3f99184349923129a61236afa2 434c52c271df47cf938a34dbc3ad05a3 - - 1aaf39911e524cf8a4d86f572088f256 1aaf39911e524cf8a4d86f572088f256] 199.204.45.155 "GET /v2.0/networks/24206ab2-b15d-42a6-944b-1eb1de988bbe?fields=provider%3Aphysical_network&fields=provider%3Anetwork_type HTTP/1.1" status: 200 len: 277 time: 0.0576308
2026-04-23 01:33:32.775 10 INFO neutron.wsgi [None req-da7b0872-bbc2-437e-b6e2-7859065631ce 7b69be88b44748b8b887e030617a0168 5d33b16a8fc2436f813b0a202e38910b - - default default] 10.0.0.114 "DELETE /v2.0/trunks/e4c8efee-d1fe-4542-804e-db1b5a2be1df HTTP/1.1" status: 204 len: 168 time: 0.0923550
2026-04-23 01:33:32.797 10 INFO neutron.wsgi [None req-5631474f-a6f7-4990-9d34-841a00c3af20 7b69be88b44748b8b887e030617a0168 5d33b16a8fc2436f813b0a202e38910b - - default default] 10.0.0.114 "GET /v2.0/trunks/2fe90adf-165d-4e3f-bb2d-4e729dd96606 HTTP/1.1" status: 200 len: 603 time: 0.0162241
2026-04-23 01:33:32.883 10 INFO neutron.wsgi [None req-c4ab0be4-7e36-49fa-805b-165f2c93c593 7b69be88b44748b8b887e030617a0168 5d33b16a8fc2436f813b0a202e38910b - - default default] 10.0.0.114 "GET /v2.0/ports/6c63910d-75e3-4918-82c7-f51bdc0c0810 HTTP/1.1" status: 200 len: 1020 time: 0.0813792
2026-04-23 01:33:32.966 10 INFO neutron.wsgi [None req-80d57247-73ef-4d34-9da4-7eb531dc8311 7b69be88b44748b8b887e030617a0168 5d33b16a8fc2436f813b0a202e38910b - - default default] 10.0.0.114 "DELETE /v2.0/trunks/2fe90adf-165d-4e3f-bb2d-4e729dd96606 HTTP/1.1" status: 204 len: 168 time: 0.0773225
2026-04-23 01:33:32.975 10 INFO neutron.wsgi [-] 10.0.0.87 "GET / HTTP/1.1" status: 200 len: 247 time: 0.0015860
2026-04-23 01:33:32.977 10 INFO neutron.wsgi [-] 10.0.0.87 "GET / HTTP/1.1" status: 200 len: 247 time: 0.0014288
2026-04-23 01:33:33.292 9 INFO neutron.wsgi [None req-73e4cd07-d2b3-4a92-864a-3228847a6574 7b69be88b44748b8b887e030617a0168 5d33b16a8fc2436f813b0a202e38910b - - default default] 10.0.0.114 "DELETE /v2.0/ports/af51b614-c0c7-443d-a98d-e45d220fcb84 HTTP/1.1" status: 204 len: 168 time: 0.3185434
2026-04-23 01:33:33.511 9 INFO neutron.wsgi [None req-26b39d5c-13ea-48e5-a331-4e25991dba99 7b69be88b44748b8b887e030617a0168 5d33b16a8fc2436f813b0a202e38910b - - default default] 10.0.0.114 "DELETE /v2.0/ports/416e508b-0ef6-40ad-973b-8a7f516ea01e HTTP/1.1" status: 204 len: 168 time: 0.2134571
2026-04-23 01:33:33.738 9 INFO neutron.wsgi [None req-1f741ef3-efd7-411c-ab30-7e85c3ccb0a8 7b69be88b44748b8b887e030617a0168 5d33b16a8fc2436f813b0a202e38910b - - default default] 10.0.0.114 "DELETE /v2.0/ports/7bdea230-a39a-40c7-92ca-6af572061b0f HTTP/1.1" status: 204 len: 168 time: 0.2220283
2026-04-23 01:33:33.974 9 INFO neutron.wsgi [None req-a485a231-e713-4632-b2e1-1311a2f6fcb0 7b69be88b44748b8b887e030617a0168 5d33b16a8fc2436f813b0a202e38910b - - default default] 10.0.0.114 "DELETE /v2.0/ports/63e64bcd-d38d-4ec5-8727-e51155fc5991 HTTP/1.1" status: 204 len: 168 time: 0.2318695
2026-04-23 01:33:34.135 9 WARNING neutron_lib.context [None req-944bd407-e90c-46fc-971a-c03e672e1f16 0d68a7ef19e846eb853221d16520fc47 9238fa47deea4da4895793b2ebd7fe03 - - default default] Method 'is_advsvc' is deprecated since 2023.2 release (neutron-lib 3.8.0) and will be removed once support for the old RBAC API policies will be removed from Neutron. Please use method 'is_service_role' instead.
2026-04-23 01:33:34.221 9 INFO neutron.wsgi [None req-b688cdbb-a7f9-483e-a9c1-339784997420 7b69be88b44748b8b887e030617a0168 5d33b16a8fc2436f813b0a202e38910b - - default default] 10.0.0.114 "DELETE /v2.0/ports/6c63910d-75e3-4918-82c7-f51bdc0c0810 HTTP/1.1" status: 204 len: 168 time: 0.2433312
2026-04-23 01:33:34.275 9 INFO neutron.db.ovn_revision_numbers_db [None req-944bd407-e90c-46fc-971a-c03e672e1f16 0d68a7ef19e846eb853221d16520fc47 9238fa47deea4da4895793b2ebd7fe03 - - default default] Successfully bumped revision number for resource 53aff3c5-6ebe-43f3-9857-505f7607ba58 (type: security_groups) to 1
2026-04-23 01:33:34.289 9 INFO neutron.db.ovn_revision_numbers_db [None req-944bd407-e90c-46fc-971a-c03e672e1f16 0d68a7ef19e846eb853221d16520fc47 9238fa47deea4da4895793b2ebd7fe03 - - default default] Successfully bumped revision number for resource 02db64ac-2de4-4e84-a77c-5b317d0fbe19 (type: security_group_rules) to 0
2026-04-23 01:33:34.303 9 INFO neutron.db.ovn_revision_numbers_db [None req-944bd407-e90c-46fc-971a-c03e672e1f16 0d68a7ef19e846eb853221d16520fc47 9238fa47deea4da4895793b2ebd7fe03 - - default default] Successfully bumped revision number for resource 0674929d-d8c0-42bd-a7f7-8a24038646a9 (type: security_group_rules) to 0
2026-04-23 01:33:34.323 9 INFO neutron.db.ovn_revision_numbers_db [None req-944bd407-e90c-46fc-971a-c03e672e1f16 0d68a7ef19e846eb853221d16520fc47 9238fa47deea4da4895793b2ebd7fe03 - - default default] Successfully bumped revision number for resource 503e175f-ead7-48df-bbdc-09d4c516851c (type: security_group_rules) to 0
2026-04-23 01:33:34.339 9 INFO neutron.db.ovn_revision_numbers_db [None req-944bd407-e90c-46fc-971a-c03e672e1f16 0d68a7ef19e846eb853221d16520fc47 9238fa47deea4da4895793b2ebd7fe03 - - default default] Successfully bumped revision number for resource 726d81e0-f906-47da-8674-743a03919bd6 (type: security_group_rules) to 0
2026-04-23 01:33:34.389 9 INFO neutron.db.segments_db [None req-944bd407-e90c-46fc-971a-c03e672e1f16 0d68a7ef19e846eb853221d16520fc47 9238fa47deea4da4895793b2ebd7fe03 - - default default] Added segment 7c4faec1-9784-4034-b992-cff4e99e939b of type geneve for network 52e61d9e-617d-491d-8c38-fd81739c5ad4
2026-04-23 01:33:34.565 9 INFO neutron.db.ovn_revision_numbers_db [None req-944bd407-e90c-46fc-971a-c03e672e1f16 0d68a7ef19e846eb853221d16520fc47 9238fa47deea4da4895793b2ebd7fe03 - - default default] Successfully bumped revision number for resource 52e61d9e-617d-491d-8c38-fd81739c5ad4 (type: networks) to 1
2026-04-23 01:33:34.620 10 INFO neutron.services.segments.plugin [-] Segment 616da4ad-6797-4b55-9cc0-e19c970e81e5 resource provider aggregate not found
2026-04-23 01:33:34.639 10 INFO neutron.services.segments.plugin [-] Segment 616da4ad-6797-4b55-9cc0-e19c970e81e5 resource provider aggregate not found
2026-04-23 01:33:34.651 10 INFO neutron.services.segments.plugin [-] Segment 616da4ad-6797-4b55-9cc0-e19c970e81e5 resource provider not found; error: Placement Client Error (4xx): {"errors": [{"status": 404, "title": "Not Found", "detail": "The resource could not be found.\n\n No resource provider with uuid 616da4ad-6797-4b55-9cc0-e19c970e81e5 found for delete ", "request_id": "req-0372ba08-53c6-4de6-bd50-333fbb3cd205"}]}
2026-04-23 01:33:34.661 10 INFO neutron.services.segments.plugin [-] Segment 616da4ad-6797-4b55-9cc0-e19c970e81e5 resource provider not found; error: Placement Client Error (4xx): {"errors": [{"status": 404, "title": "Not Found", "detail": "The resource could not be found.\n\n No resource provider with uuid 616da4ad-6797-4b55-9cc0-e19c970e81e5 found for delete ", "request_id": "req-c74a5848-c525-40bc-a4dc-925b76bfc54d"}]}
2026-04-23 01:33:34.682 10 INFO neutron.wsgi [None req-ea13d3ed-8c49-4947-997e-8cafd416a51f 7b69be88b44748b8b887e030617a0168 5d33b16a8fc2436f813b0a202e38910b - - default default] 10.0.0.114 "DELETE /v2.0/networks/22d7de4e-2454-4c79-b0eb-67235d147730 HTTP/1.1" status: 204 len: 168 time: 0.4539566
2026-04-23 01:33:34.774 9 WARNING neutron.scheduler.dhcp_agent_scheduler [None req-944bd407-e90c-46fc-971a-c03e672e1f16 0d68a7ef19e846eb853221d16520fc47 9238fa47deea4da4895793b2ebd7fe03 - - default default] No more DHCP agents
2026-04-23 01:33:34.777 9 WARNING neutron.api.rpc.agentnotifiers.dhcp_rpc_agent_api [None req-944bd407-e90c-46fc-971a-c03e672e1f16 0d68a7ef19e846eb853221d16520fc47 9238fa47deea4da4895793b2ebd7fe03 - - default default] Unable to schedule network 52e61d9e-617d-491d-8c38-fd81739c5ad4: no agents available; will retry on subsequent port and subnet creation events.
2026-04-23 01:33:34.866 9 INFO neutron.db.ovn_revision_numbers_db [None req-944bd407-e90c-46fc-971a-c03e672e1f16 0d68a7ef19e846eb853221d16520fc47 9238fa47deea4da4895793b2ebd7fe03 - - default default] Successfully bumped revision number for resource 4b844d92-b86b-42ed-9948-2e2617288855 (type: ports) to 1
2026-04-23 01:33:34.890 9 INFO neutron.wsgi [None req-944bd407-e90c-46fc-971a-c03e672e1f16 0d68a7ef19e846eb853221d16520fc47 9238fa47deea4da4895793b2ebd7fe03 - - default default] 10.0.0.114 "POST /v2.0/networks HTTP/1.1" status: 201 len: 839 time: 0.9353311
2026-04-23 01:33:34.900 9 WARNING neutron_lib.context [None req-658d6a7c-163a-4e79-a49a-bf6ae6f21b60 0d68a7ef19e846eb853221d16520fc47 9238fa47deea4da4895793b2ebd7fe03 - - default default] Method 'is_advsvc' is deprecated since 2023.2 release (neutron-lib 3.8.0) and will be removed once support for the old RBAC API policies will be removed from Neutron. Please use method 'is_service_role' instead.
2026-04-23 01:33:35.075 10 INFO neutron.wsgi [None req-0460c6e5-ddd5-4f2f-ae8b-b69a04dd90d1 7b69be88b44748b8b887e030617a0168 5d33b16a8fc2436f813b0a202e38910b - - default default] 10.0.0.114 "DELETE /v2.0/networks/92cb2651-214f-45e5-82ad-8649c1064aa7 HTTP/1.1" status: 204 len: 168 time: 0.3879843
2026-04-23 01:33:35.148 9 WARNING neutron.scheduler.dhcp_agent_scheduler [None req-658d6a7c-163a-4e79-a49a-bf6ae6f21b60 0d68a7ef19e846eb853221d16520fc47 9238fa47deea4da4895793b2ebd7fe03 - - default default] No more DHCP agents
2026-04-23 01:33:35.150 9 WARNING neutron.api.rpc.agentnotifiers.dhcp_rpc_agent_api [None req-658d6a7c-163a-4e79-a49a-bf6ae6f21b60 0d68a7ef19e846eb853221d16520fc47 9238fa47deea4da4895793b2ebd7fe03 - - default default] Unable to schedule network 52e61d9e-617d-491d-8c38-fd81739c5ad4: no agents available; will retry on subsequent port and subnet creation events.
2026-04-23 01:33:35.441 10 INFO neutron.wsgi [None req-2e5c6f17-9ad0-4f38-aeca-280295fd7fca 7b69be88b44748b8b887e030617a0168 5d33b16a8fc2436f813b0a202e38910b - - default default] 10.0.0.114 "DELETE /v2.0/networks/d17154e2-8798-401e-ba84-3100c1c44977 HTTP/1.1" status: 204 len: 168 time: 0.3623693
2026-04-23 01:33:35.719 9 INFO neutron.db.ovn_revision_numbers_db [None req-658d6a7c-163a-4e79-a49a-bf6ae6f21b60 0d68a7ef19e846eb853221d16520fc47 9238fa47deea4da4895793b2ebd7fe03 - - default default] Successfully bumped revision number for resource 4b844d92-b86b-42ed-9948-2e2617288855 (type: ports) to 2
2026-04-23 01:33:35.766 9 INFO neutron.db.ovn_revision_numbers_db [None req-658d6a7c-163a-4e79-a49a-bf6ae6f21b60 0d68a7ef19e846eb853221d16520fc47 9238fa47deea4da4895793b2ebd7fe03 - - default default] Successfully bumped revision number for resource 93f12448-e467-42d2-8545-67111b6221f5 (type: subnets) to 0
2026-04-23 01:33:35.791 9 INFO neutron.wsgi [None req-658d6a7c-163a-4e79-a49a-bf6ae6f21b60 0d68a7ef19e846eb853221d16520fc47 9238fa47deea4da4895793b2ebd7fe03 - - default default] 10.0.0.114 "POST /v2.0/subnets HTTP/1.1" status: 201 len: 833 time: 0.8957043
2026-04-23 01:33:35.851 10 INFO neutron.wsgi [None req-5bb745eb-20d0-44a2-9fc7-c83f51581bb1 5baf5325d26e4d16bd3af77aa94d72cc 6ad23729f37a4de48bd4cccf41092c68 - - default default] 10.0.0.114 "GET /v2.0/subnetpools?name=shared-default-subnetpool-v6 HTTP/1.1" status: 200 len: 212 time: 0.0545337
2026-04-23 01:33:35.860 10 WARNING neutron_lib.context [None req-d5001daa-6610-4189-b174-aba736b90845 0d68a7ef19e846eb853221d16520fc47 9238fa47deea4da4895793b2ebd7fe03 - - default default] Method 'is_advsvc' is deprecated since 2023.2 release (neutron-lib 3.8.0) and will be removed once support for the old RBAC API policies will be removed from Neutron. Please use method 'is_service_role' instead.
2026-04-23 01:33:35.867 9 INFO neutron.services.segments.plugin [-] Segment 883c2c76-0821-4811-aa1a-df326c9705e6 resource provider aggregate not found
2026-04-23 01:33:35.871 9 INFO neutron.services.segments.plugin [-] Segment 883c2c76-0821-4811-aa1a-df326c9705e6 resource provider aggregate not found
2026-04-23 01:33:35.887 9 INFO neutron.services.segments.plugin [-] Segment 883c2c76-0821-4811-aa1a-df326c9705e6 resource provider not found; error: Placement Client Error (4xx): {"errors": [{"status": 404, "title": "Not Found", "detail": "The resource could not be found.\n\n No resource provider with uuid 883c2c76-0821-4811-aa1a-df326c9705e6 found for delete ", "request_id": "req-bf9d54b7-fcfa-4d23-a0cf-007febda8edd"}]}
2026-04-23 01:33:35.888 9 INFO neutron.services.segments.plugin [-] Segment 883c2c76-0821-4811-aa1a-df326c9705e6 resource provider not found; error: Placement Client Error (4xx): {"errors": [{"status": 404, "title": "Not Found", "detail": "The resource could not be found.\n\n No resource provider with uuid 883c2c76-0821-4811-aa1a-df326c9705e6 found for delete ", "request_id": "req-a282fd5c-39dd-4374-9256-cc83682d8053"}]}
2026-04-23 01:33:35.913 9 INFO neutron.wsgi [None req-8ba56263-cff5-4de4-9813-2b2a7db4c902 7b69be88b44748b8b887e030617a0168 5d33b16a8fc2436f813b0a202e38910b - - default default] 10.0.0.114 "DELETE /v2.0/networks/4b65af04-83e7-426c-96fc-f4cafdda43aa HTTP/1.1" status: 204 len: 168 time: 0.4656341
2026-04-23 01:33:36.173 10 WARNING neutron.scheduler.dhcp_agent_scheduler [None req-d5001daa-6610-4189-b174-aba736b90845 0d68a7ef19e846eb853221d16520fc47 9238fa47deea4da4895793b2ebd7fe03 - - default default] No more DHCP agents
2026-04-23 01:33:36.174 10 WARNING neutron.api.rpc.agentnotifiers.dhcp_rpc_agent_api [None req-d5001daa-6610-4189-b174-aba736b90845 0d68a7ef19e846eb853221d16520fc47 9238fa47deea4da4895793b2ebd7fe03 - - default default] Unable to schedule network 52e61d9e-617d-491d-8c38-fd81739c5ad4: no agents available; will retry on subsequent port and subnet creation events.
2026-04-23 01:33:36.202 10 INFO neutron.db.ovn_revision_numbers_db [None req-d5001daa-6610-4189-b174-aba736b90845 0d68a7ef19e846eb853221d16520fc47 9238fa47deea4da4895793b2ebd7fe03 - - default default] Successfully bumped revision number for resource 2777d0ab-f3de-4342-9df0-068dcc4c4ad3 (type: subnets) to 0
2026-04-23 01:33:36.219 10 INFO neutron.wsgi [None req-d5001daa-6610-4189-b174-aba736b90845 0d68a7ef19e846eb853221d16520fc47 9238fa47deea4da4895793b2ebd7fe03 - - default default] 10.0.0.114 "POST /v2.0/subnets HTTP/1.1" status: 201 len: 907 time: 0.3638239
2026-04-23 01:33:36.231 9 WARNING neutron_lib.context [None req-14073bec-7b11-4bc6-bd5c-cec1af2f53dd 0d68a7ef19e846eb853221d16520fc47 9238fa47deea4da4895793b2ebd7fe03 - - default default] Method 'is_advsvc' is deprecated since 2023.2 release (neutron-lib 3.8.0) and will be removed once support for the old RBAC API policies will be removed from Neutron. Please use method 'is_service_role' instead.
2026-04-23 01:33:36.330 9 INFO neutron.db.segments_db [None req-14073bec-7b11-4bc6-bd5c-cec1af2f53dd 0d68a7ef19e846eb853221d16520fc47 9238fa47deea4da4895793b2ebd7fe03 - - default default] Added segment bdd92c3b-c8f0-4b69-bb16-7ffe42d9d1b7 of type geneve for network 413c97f2-781a-4415-809a-bdd661c82bd9
2026-04-23 01:33:36.349 9 INFO neutron.wsgi [None req-fed47ad2-d90f-4316-b8ea-241ef2e57a73 7b69be88b44748b8b887e030617a0168 5d33b16a8fc2436f813b0a202e38910b - - default default] 10.0.0.114 "DELETE /v2.0/networks/39c60b4f-75d0-423e-9bce-bcda5ae5ba0a HTTP/1.1" status: 204 len: 168 time: 0.4293337
2026-04-23 01:33:36.469 9 INFO neutron.db.ovn_revision_numbers_db [None req-14073bec-7b11-4bc6-bd5c-cec1af2f53dd 0d68a7ef19e846eb853221d16520fc47 9238fa47deea4da4895793b2ebd7fe03 - - default default] Successfully bumped revision number for resource 413c97f2-781a-4415-809a-bdd661c82bd9 (type: networks) to 1
2026-04-23 01:33:36.647 9 WARNING neutron.scheduler.dhcp_agent_scheduler [None req-14073bec-7b11-4bc6-bd5c-cec1af2f53dd 0d68a7ef19e846eb853221d16520fc47 9238fa47deea4da4895793b2ebd7fe03 - - default default] No more DHCP agents
2026-04-23 01:33:36.650 9 WARNING neutron.api.rpc.agentnotifiers.dhcp_rpc_agent_api [None req-14073bec-7b11-4bc6-bd5c-cec1af2f53dd 0d68a7ef19e846eb853221d16520fc47 9238fa47deea4da4895793b2ebd7fe03 - - default default] Unable to schedule network 413c97f2-781a-4415-809a-bdd661c82bd9: no agents available; will retry on subsequent port and subnet creation events.
2026-04-23 01:33:36.676 10 INFO neutron.services.segments.plugin [-] Segment 9aa40f3b-1ae9-4e3f-9649-e5e29683eec4 resource provider aggregate not found
2026-04-23 01:33:36.683 10 INFO neutron.services.segments.plugin [-] Segment 9aa40f3b-1ae9-4e3f-9649-e5e29683eec4 resource provider aggregate not found
2026-04-23 01:33:36.695 10 INFO neutron.services.segments.plugin [-] Segment 9aa40f3b-1ae9-4e3f-9649-e5e29683eec4 resource provider not found; error: Placement Client Error (4xx): {"errors": [{"status": 404, "title": "Not Found", "detail": "The resource could not be found.\n\n No resource provider with uuid 9aa40f3b-1ae9-4e3f-9649-e5e29683eec4 found for delete ", "request_id": "req-95609a1b-42e1-4ebd-a7e6-e2cf1e8031cb"}]}
2026-04-23 01:33:36.704 10 INFO neutron.services.segments.plugin [-] Segment 9aa40f3b-1ae9-4e3f-9649-e5e29683eec4 resource provider not found; error: Placement Client Error (4xx): {"errors": [{"status": 404, "title": "Not Found", "detail": "The resource could not be found.\n\n No resource provider with uuid 9aa40f3b-1ae9-4e3f-9649-e5e29683eec4 found for delete ", "request_id": "req-c388a89a-b0f2-4322-b2f8-72d953b82539"}]}
2026-04-23 01:33:36.721 10 INFO neutron.services.segments.plugin [-] Segment 1db9e0d8-6ce8-42cd-8b7d-29a6f03e4dc8 resource provider aggregate not found
2026-04-23 01:33:36.727 10 INFO neutron.services.segments.plugin [-] Segment 1db9e0d8-6ce8-42cd-8b7d-29a6f03e4dc8 resource provider aggregate not found
2026-04-23 01:33:36.742 10 INFO neutron.services.segments.plugin [-] Segment 1db9e0d8-6ce8-42cd-8b7d-29a6f03e4dc8 resource provider not found; error: Placement Client Error (4xx): {"errors": [{"status": 404, "title": "Not Found", "detail": "The resource could not be found.\n\n No resource provider with uuid 1db9e0d8-6ce8-42cd-8b7d-29a6f03e4dc8 found for delete ", "request_id": "req-fab504bd-33d5-460a-9873-53f332527f6a"}]}
2026-04-23 01:33:36.749 10 INFO neutron.services.segments.plugin [-] Segment 1db9e0d8-6ce8-42cd-8b7d-29a6f03e4dc8 resource provider not found; error: Placement Client Error (4xx): {"errors": [{"status": 404, "title": "Not Found", "detail": "The resource could not be found.\n\n No resource provider with uuid 1db9e0d8-6ce8-42cd-8b7d-29a6f03e4dc8 found for delete ", "request_id": "req-24379739-2ac9-4084-93a1-0b349eed5b7d"}]}
2026-04-23 01:33:36.947 9 INFO neutron.db.ovn_revision_numbers_db [None req-14073bec-7b11-4bc6-bd5c-cec1af2f53dd 0d68a7ef19e846eb853221d16520fc47 9238fa47deea4da4895793b2ebd7fe03 - - default default] Successfully bumped revision number for resource fc8692af-e44c-45fb-9ad6-e2b80fa8e545 (type: ports) to 1
2026-04-23 01:33:36.967 9 INFO neutron.wsgi [None req-14073bec-7b11-4bc6-bd5c-cec1af2f53dd 0d68a7ef19e846eb853221d16520fc47 9238fa47deea4da4895793b2ebd7fe03 - - default default] 10.0.0.114 "POST /v2.0/networks HTTP/1.1" status: 201 len: 836 time: 0.7420847
2026-04-23 01:33:36.977 9 WARNING neutron_lib.context [None req-d75c6471-691c-4a5d-a883-8f36e6e2d4e4 0d68a7ef19e846eb853221d16520fc47 9238fa47deea4da4895793b2ebd7fe03 - - default default] Method 'is_advsvc' is deprecated since 2023.2 release (neutron-lib 3.8.0) and will be removed once support for the old RBAC API policies will be removed from Neutron. Please use method 'is_service_role' instead.
2026-04-23 01:33:37.190 9 WARNING neutron.scheduler.dhcp_agent_scheduler [None req-d75c6471-691c-4a5d-a883-8f36e6e2d4e4 0d68a7ef19e846eb853221d16520fc47 9238fa47deea4da4895793b2ebd7fe03 - - default default] No more DHCP agents
2026-04-23 01:33:37.193 9 WARNING neutron.api.rpc.agentnotifiers.dhcp_rpc_agent_api [None req-d75c6471-691c-4a5d-a883-8f36e6e2d4e4 0d68a7ef19e846eb853221d16520fc47 9238fa47deea4da4895793b2ebd7fe03 - - default default] Unable to schedule network 413c97f2-781a-4415-809a-bdd661c82bd9: no agents available; will retry on subsequent port and subnet creation events.
2026-04-23 01:33:37.455 10 INFO neutron.db.ovn_revision_numbers_db [None req-de7d8dbf-ec98-47f3-899e-fd7eaa1045ef bf4043cc0f434387877d79221075a19a 6162cc77efe94e49b38ec87dcb9d6fc9 - - default default] Successfully bumped revision number for resource 0a88563b-3789-4c20-8c10-11a45f4a140c (type: security_groups) to 1
2026-04-23 01:33:37.469 10 INFO neutron.db.ovn_revision_numbers_db [None req-de7d8dbf-ec98-47f3-899e-fd7eaa1045ef bf4043cc0f434387877d79221075a19a 6162cc77efe94e49b38ec87dcb9d6fc9 - - default default] Successfully bumped revision number for resource 29154656-6c29-4b3c-b0c3-40a57acc92f1 (type: security_group_rules) to 0
2026-04-23 01:33:37.482 10 INFO neutron.db.ovn_revision_numbers_db [None req-de7d8dbf-ec98-47f3-899e-fd7eaa1045ef bf4043cc0f434387877d79221075a19a 6162cc77efe94e49b38ec87dcb9d6fc9 - - default default] Successfully bumped revision number for resource 300890b4-7e0f-4146-aa88-2f993c82c92b (type: security_group_rules) to 0
2026-04-23 01:33:37.496 10 INFO neutron.db.ovn_revision_numbers_db [None req-de7d8dbf-ec98-47f3-899e-fd7eaa1045ef bf4043cc0f434387877d79221075a19a 6162cc77efe94e49b38ec87dcb9d6fc9 - - default default] Successfully bumped revision number for resource b52dc852-94a1-455b-b44f-758d8af1a769 (type: security_group_rules) to 0
2026-04-23 01:33:37.510 10 INFO neutron.db.ovn_revision_numbers_db [None req-de7d8dbf-ec98-47f3-899e-fd7eaa1045ef bf4043cc0f434387877d79221075a19a 6162cc77efe94e49b38ec87dcb9d6fc9 - - default default] Successfully bumped revision number for resource f70fa629-1aca-485a-a668-d5d3cd4642d0 (type: security_group_rules) to 0
2026-04-23 01:33:37.534 10 INFO neutron.wsgi [None req-de7d8dbf-ec98-47f3-899e-fd7eaa1045ef bf4043cc0f434387877d79221075a19a 6162cc77efe94e49b38ec87dcb9d6fc9 - - default default] 10.0.0.114 "GET /v2.0/security-groups?tenant_id=4b81612cc254498c8d4e0a2faa55a8e1&name=default HTTP/1.1" status: 200 len: 3000 time: 0.3341544
2026-04-23 01:33:37.842 9 INFO neutron.db.ovn_revision_numbers_db [None req-d75c6471-691c-4a5d-a883-8f36e6e2d4e4 0d68a7ef19e846eb853221d16520fc47 9238fa47deea4da4895793b2ebd7fe03 - - default default] Successfully bumped revision number for resource fc8692af-e44c-45fb-9ad6-e2b80fa8e545 (type: ports) to 2
2026-04-23 01:33:37.912 9 INFO neutron.services.segments.plugin [-] Segment 46416640-f8f4-4e49-95eb-5db21f0889ea resource provider aggregate not found
2026-04-23 01:33:37.919 9 INFO neutron.services.segments.plugin [-] Segment 46416640-f8f4-4e49-95eb-5db21f0889ea resource provider aggregate not found
2026-04-23 01:33:37.924 9 INFO neutron.db.ovn_revision_numbers_db [None req-d75c6471-691c-4a5d-a883-8f36e6e2d4e4 0d68a7ef19e846eb853221d16520fc47 9238fa47deea4da4895793b2ebd7fe03 - - default default] Successfully bumped revision number for resource 0819727a-7dfe-487c-a01b-c8778d300418 (type: subnets) to 0
2026-04-23 01:33:37.931 9 INFO neutron.services.segments.plugin [-] Segment 46416640-f8f4-4e49-95eb-5db21f0889ea resource provider not found; error: Placement Client Error (4xx): {"errors": [{"status": 404, "title": "Not Found", "detail": "The resource could not be found.\n\n No resource provider with uuid 46416640-f8f4-4e49-95eb-5db21f0889ea found for delete ", "request_id": "req-2fba220f-4615-4a71-b761-7b9d736734ef"}]}
2026-04-23 01:33:37.937 9 INFO neutron.services.segments.plugin [-] Segment 46416640-f8f4-4e49-95eb-5db21f0889ea resource provider not found; error: Placement Client Error (4xx): {"errors": [{"status": 404, "title": "Not Found", "detail": "The resource could not be found.\n\n No resource provider with uuid 46416640-f8f4-4e49-95eb-5db21f0889ea found for delete ", "request_id": "req-d4275245-e025-4ea8-85c3-7ddf1bdb7e9d"}]}
2026-04-23 01:33:37.963 9 INFO neutron.wsgi [None req-d75c6471-691c-4a5d-a883-8f36e6e2d4e4 0d68a7ef19e846eb853221d16520fc47 9238fa47deea4da4895793b2ebd7fe03 - - default default] 10.0.0.114 "POST /v2.0/subnets HTTP/1.1" status: 201 len: 831 time: 0.9904351
2026-04-23 01:33:37.973 9 WARNING neutron_lib.context [None req-592e685f-54bc-4d37-a505-5bbc352998c1 0d68a7ef19e846eb853221d16520fc47 9238fa47deea4da4895793b2ebd7fe03 - - default default] Method 'is_advsvc' is deprecated since 2023.2 release (neutron-lib 3.8.0) and will be removed once support for the old RBAC API policies will be removed from Neutron. Please use method 'is_service_role' instead.
2026-04-23 01:33:38.014 10 INFO neutron.wsgi [None req-18f531d2-f6ae-47df-aac8-5a85c388b350 bf4043cc0f434387877d79221075a19a 6162cc77efe94e49b38ec87dcb9d6fc9 - - default default] 10.0.0.114 "DELETE /v2.0/security-groups/0a88563b-3789-4c20-8c10-11a45f4a140c HTTP/1.1" status: 204 len: 168 time: 0.4755528
2026-04-23 01:33:38.166 10 INFO neutron.wsgi [None req-6125e9c1-66b8-42a5-9846-38ee98045132 bf4043cc0f434387877d79221075a19a 6162cc77efe94e49b38ec87dcb9d6fc9 - - default default] 10.0.0.114 "GET /v2.0/security-groups?tenant_id=5d33b16a8fc2436f813b0a202e38910b&name=default HTTP/1.1" status: 200 len: 2997 time: 0.0386064
2026-04-23 01:33:38.286 9 WARNING neutron.scheduler.dhcp_agent_scheduler [None req-592e685f-54bc-4d37-a505-5bbc352998c1 0d68a7ef19e846eb853221d16520fc47 9238fa47deea4da4895793b2ebd7fe03 - - default default] No more DHCP agents
2026-04-23 01:33:38.288 9 WARNING neutron.api.rpc.agentnotifiers.dhcp_rpc_agent_api [None req-592e685f-54bc-4d37-a505-5bbc352998c1 0d68a7ef19e846eb853221d16520fc47 9238fa47deea4da4895793b2ebd7fe03 - - default default] Unable to schedule network 413c97f2-781a-4415-809a-bdd661c82bd9: no agents available; will retry on subsequent port and subnet creation events.
2026-04-23 01:33:38.319 9 INFO neutron.db.ovn_revision_numbers_db [None req-592e685f-54bc-4d37-a505-5bbc352998c1 0d68a7ef19e846eb853221d16520fc47 9238fa47deea4da4895793b2ebd7fe03 - - default default] Successfully bumped revision number for resource 71add7d0-ebcd-4ead-bf78-625d7bab3a1a (type: subnets) to 0
2026-04-23 01:33:38.377 9 INFO neutron.wsgi [None req-592e685f-54bc-4d37-a505-5bbc352998c1 0d68a7ef19e846eb853221d16520fc47 9238fa47deea4da4895793b2ebd7fe03 - - default default] 10.0.0.114 "POST /v2.0/subnets HTTP/1.1" status: 201 len: 901 time: 0.4093668
2026-04-23 01:33:38.386 9 WARNING neutron_lib.context [None req-3a170b14-8c63-487a-bfe3-4dfecbb33231 0d68a7ef19e846eb853221d16520fc47 9238fa47deea4da4895793b2ebd7fe03 - - default default] Method 'is_advsvc' is deprecated since 2023.2 release (neutron-lib 3.8.0) and will be removed once support for the old RBAC API policies will be removed from Neutron. Please use method 'is_service_role' instead.
2026-04-23 01:33:38.433 10 INFO neutron.wsgi [None req-61f3a73e-ba17-47a1-aeed-59eb3f1dc2cb bf4043cc0f434387877d79221075a19a 6162cc77efe94e49b38ec87dcb9d6fc9 - - default default] 10.0.0.114 "DELETE /v2.0/security-groups/615f823b-9c7b-46a7-81d0-7b5dfb360e26 HTTP/1.1" status: 204 len: 168 time: 0.2621298
2026-04-23 01:33:38.474 9 INFO neutron.db.segments_db [None req-3a170b14-8c63-487a-bfe3-4dfecbb33231 0d68a7ef19e846eb853221d16520fc47 9238fa47deea4da4895793b2ebd7fe03 - - default default] Added segment 9f35339f-4dd2-4843-9f2d-863e7c1df257 of type geneve for network d6d38c33-6798-40c1-b988-57409f0a0f28
2026-04-23 01:33:38.625 9 INFO neutron.db.ovn_revision_numbers_db [None req-3a170b14-8c63-487a-bfe3-4dfecbb33231 0d68a7ef19e846eb853221d16520fc47 9238fa47deea4da4895793b2ebd7fe03 - - default default] Successfully bumped revision number for resource d6d38c33-6798-40c1-b988-57409f0a0f28 (type: networks) to 1
2026-04-23 01:33:38.753 10 INFO neutron.db.ovn_revision_numbers_db [None req-94013d76-5f89-4609-a9d8-d7e02b281799 bf4043cc0f434387877d79221075a19a 6162cc77efe94e49b38ec87dcb9d6fc9 - - default default] Successfully bumped revision number for resource 34f6a731-18c2-45d5-92f8-afccecb5d052 (type: security_groups) to 1
2026-04-23 01:33:38.775 10 INFO neutron.db.ovn_revision_numbers_db [None req-94013d76-5f89-4609-a9d8-d7e02b281799 bf4043cc0f434387877d79221075a19a 6162cc77efe94e49b38ec87dcb9d6fc9 - - default default] Successfully bumped revision number for resource 526ed692-8df3-443b-a188-f3acad899b11 (type: security_group_rules) to 0
2026-04-23 01:33:38.799 10 INFO neutron.db.ovn_revision_numbers_db [None req-94013d76-5f89-4609-a9d8-d7e02b281799 bf4043cc0f434387877d79221075a19a 6162cc77efe94e49b38ec87dcb9d6fc9 - - default default] Successfully bumped revision number for resource 53e79931-0874-45dc-af3a-bae37456d62c (type: security_group_rules) to 0
2026-04-23 01:33:38.805 9 WARNING neutron.scheduler.dhcp_agent_scheduler [None req-3a170b14-8c63-487a-bfe3-4dfecbb33231 0d68a7ef19e846eb853221d16520fc47 9238fa47deea4da4895793b2ebd7fe03 - - default default] No more DHCP agents
2026-04-23 01:33:38.809 9 WARNING neutron.api.rpc.agentnotifiers.dhcp_rpc_agent_api [None req-3a170b14-8c63-487a-bfe3-4dfecbb33231 0d68a7ef19e846eb853221d16520fc47 9238fa47deea4da4895793b2ebd7fe03 - - default default] Unable to schedule network d6d38c33-6798-40c1-b988-57409f0a0f28: no agents available; will retry on subsequent port and subnet creation events.
2026-04-23 01:33:38.818 10 INFO neutron.db.ovn_revision_numbers_db [None req-94013d76-5f89-4609-a9d8-d7e02b281799 bf4043cc0f434387877d79221075a19a 6162cc77efe94e49b38ec87dcb9d6fc9 - - default default] Successfully bumped revision number for resource 5c2af0b6-5c3e-4dc8-9c88-eb187f37261b (type: security_group_rules) to 0
2026-04-23 01:33:38.834 10 INFO neutron.db.ovn_revision_numbers_db [None req-94013d76-5f89-4609-a9d8-d7e02b281799 bf4043cc0f434387877d79221075a19a 6162cc77efe94e49b38ec87dcb9d6fc9 - - default default] Successfully bumped revision number for resource a2f6eea4-bd3b-4376-8ea8-80ddb5248bc4 (type: security_group_rules) to 0
2026-04-23 01:33:38.876 10 INFO neutron.wsgi [None req-94013d76-5f89-4609-a9d8-d7e02b281799 bf4043cc0f434387877d79221075a19a 6162cc77efe94e49b38ec87dcb9d6fc9 - - default default] 10.0.0.114 "GET /v2.0/security-groups?tenant_id=621e319d6cdb417fb926c65fd7fb6078&name=default HTTP/1.1" status: 200 len: 3000 time: 0.2752469
2026-04-23 01:33:38.899 9 INFO neutron.db.ovn_revision_numbers_db [None req-3a170b14-8c63-487a-bfe3-4dfecbb33231 0d68a7ef19e846eb853221d16520fc47 9238fa47deea4da4895793b2ebd7fe03 - - default default] Successfully bumped revision number for resource bf7fd4f8-ec2c-4fdd-bfa1-036c1522b5a6 (type: ports) to 1
2026-04-23 01:33:38.937 9 INFO neutron.wsgi [None req-3a170b14-8c63-487a-bfe3-4dfecbb33231 0d68a7ef19e846eb853221d16520fc47 9238fa47deea4da4895793b2ebd7fe03 - - default default] 10.0.0.114 "POST /v2.0/networks HTTP/1.1" status: 201 len: 837 time: 0.5551319
2026-04-23 01:33:38.948 10 WARNING neutron_lib.context [None req-9c896817-7460-4fda-af15-704c30d3a6d6 0d68a7ef19e846eb853221d16520fc47 9238fa47deea4da4895793b2ebd7fe03 - - default default] Method 'is_advsvc' is deprecated since 2023.2 release (neutron-lib 3.8.0) and will be removed once support for the old RBAC API policies will be removed from Neutron. Please use method 'is_service_role' instead.
2026-04-23 01:33:39.485 10 INFO neutron.wsgi [None req-32d2e7d7-0f71-42de-9f78-b676e644e54b bf4043cc0f434387877d79221075a19a 6162cc77efe94e49b38ec87dcb9d6fc9 - - default default] 10.0.0.114 "DELETE /v2.0/security-groups/34f6a731-18c2-45d5-92f8-afccecb5d052 HTTP/1.1" status: 204 len: 168 time: 0.6034386
2026-04-23 01:33:39.505 10 WARNING neutron.scheduler.dhcp_agent_scheduler [None req-9c896817-7460-4fda-af15-704c30d3a6d6 0d68a7ef19e846eb853221d16520fc47 9238fa47deea4da4895793b2ebd7fe03 - - default default] No more DHCP agents
2026-04-23 01:33:39.507 10 WARNING neutron.api.rpc.agentnotifiers.dhcp_rpc_agent_api [None req-9c896817-7460-4fda-af15-704c30d3a6d6 0d68a7ef19e846eb853221d16520fc47 9238fa47deea4da4895793b2ebd7fe03 - - default default] Unable to schedule network d6d38c33-6798-40c1-b988-57409f0a0f28: no agents available; will retry on subsequent port and subnet creation events.
2026-04-23 01:33:40.032 10 INFO neutron.db.ovn_revision_numbers_db [None req-9c896817-7460-4fda-af15-704c30d3a6d6 0d68a7ef19e846eb853221d16520fc47 9238fa47deea4da4895793b2ebd7fe03 - - default default] Successfully bumped revision number for resource bf7fd4f8-ec2c-4fdd-bfa1-036c1522b5a6 (type: ports) to 2
2026-04-23 01:33:40.079 10 INFO neutron.db.ovn_revision_numbers_db [None req-9c896817-7460-4fda-af15-704c30d3a6d6 0d68a7ef19e846eb853221d16520fc47 9238fa47deea4da4895793b2ebd7fe03 - - default default] Successfully bumped revision number for resource 9718bde7-a965-4f90-a770-5d8d24a74338 (type: subnets) to 0
2026-04-23 01:33:40.100 10 INFO neutron.wsgi [None req-9c896817-7460-4fda-af15-704c30d3a6d6 0d68a7ef19e846eb853221d16520fc47 9238fa47deea4da4895793b2ebd7fe03 - - default default] 10.0.0.114 "POST /v2.0/subnets HTTP/1.1" status: 201 len: 830 time: 1.1575851
2026-04-23 01:33:40.109 10 WARNING neutron_lib.context [None req-2f1a34da-0a2c-42d1-9a30-ecfb10e5d2c3 0d68a7ef19e846eb853221d16520fc47 9238fa47deea4da4895793b2ebd7fe03 - - default default] Method 'is_advsvc' is deprecated since 2023.2 release (neutron-lib 3.8.0) and will be removed once support for the old RBAC API policies will be removed from Neutron. Please use method 'is_service_role' instead.
2026-04-23 01:33:40.373 10 WARNING neutron.scheduler.dhcp_agent_scheduler [None req-2f1a34da-0a2c-42d1-9a30-ecfb10e5d2c3 0d68a7ef19e846eb853221d16520fc47 9238fa47deea4da4895793b2ebd7fe03 - - default default] No more DHCP agents
2026-04-23 01:33:40.377 10 WARNING neutron.api.rpc.agentnotifiers.dhcp_rpc_agent_api [None req-2f1a34da-0a2c-42d1-9a30-ecfb10e5d2c3 0d68a7ef19e846eb853221d16520fc47 9238fa47deea4da4895793b2ebd7fe03 - - default default] Unable to schedule network d6d38c33-6798-40c1-b988-57409f0a0f28: no agents available; will retry on subsequent port and subnet creation events.
2026-04-23 01:33:40.410 10 INFO neutron.db.ovn_revision_numbers_db [None req-2f1a34da-0a2c-42d1-9a30-ecfb10e5d2c3 0d68a7ef19e846eb853221d16520fc47 9238fa47deea4da4895793b2ebd7fe03 - - default default] Successfully bumped revision number for resource e1ae902a-524b-4b2e-bb2f-78d48c6e37c5 (type: subnets) to 0
2026-04-23 01:33:40.425 10 INFO neutron.wsgi [None req-2f1a34da-0a2c-42d1-9a30-ecfb10e5d2c3 0d68a7ef19e846eb853221d16520fc47 9238fa47deea4da4895793b2ebd7fe03 - - default default] 10.0.0.114 "POST /v2.0/subnets HTTP/1.1" status: 201 len: 905 time: 0.3206689
2026-04-23 01:33:40.434 10 WARNING neutron_lib.context [None req-c441a2d6-f0b9-4022-bc74-366bace2a1e0 0d68a7ef19e846eb853221d16520fc47 9238fa47deea4da4895793b2ebd7fe03 - - default default] Method 'is_advsvc' is deprecated since 2023.2 release (neutron-lib 3.8.0) and will be removed once support for the old RBAC API policies will be removed from Neutron. Please use method 'is_service_role' instead.
2026-04-23 01:33:40.754 10 INFO neutron.wsgi [None req-7f34d83c-2eaa-48d9-ae04-1db0d3df8dcf bf4043cc0f434387877d79221075a19a 6162cc77efe94e49b38ec87dcb9d6fc9 - - default default] 10.0.0.165 "GET /v2.0/networks HTTP/1.1" status: 200 len: 5467 time: 0.2995472
2026-04-23 01:33:40.819 10 INFO neutron.wsgi [None req-f2b073e4-4d9c-476d-b376-ec8871fbda7c bf4043cc0f434387877d79221075a19a 6162cc77efe94e49b38ec87dcb9d6fc9 - - default default] 10.0.0.165 "GET /v2.0/subnets HTTP/1.1" status: 200 len: 6137 time: 0.0586741
2026-04-23 01:33:40.914 10 INFO neutron.wsgi [None req-2a0f57bb-810f-43a0-8774-c489ee1cad8e bf4043cc0f434387877d79221075a19a 6162cc77efe94e49b38ec87dcb9d6fc9 - - default default] 10.0.0.165 "GET /v2.0/ports HTTP/1.1" status: 200 len: 15092 time: 0.0915790
2026-04-23 01:33:40.969 10 INFO neutron.wsgi [None req-e27962e2-0337-4f2e-9bdc-c97fa67a554a bf4043cc0f434387877d79221075a19a 6162cc77efe94e49b38ec87dcb9d6fc9 - - default default] 10.0.0.165 "GET /v2.0/subnets HTTP/1.1" status: 200 len: 6137 time: 0.0469282
2026-04-23 01:33:40.994 10 INFO neutron.wsgi [None req-14127dcc-023a-4138-8866-741d132b4f4a bf4043cc0f434387877d79221075a19a 6162cc77efe94e49b38ec87dcb9d6fc9 - - default default] 10.0.0.165 "GET /v2.0/subnetpools HTTP/1.1" status: 200 len: 193 time: 0.0207446
2026-04-23 01:33:41.102 10 INFO neutron.wsgi [None req-d39f7619-b9c1-4b4b-b9ad-ec47ab831c69 bf4043cc0f434387877d79221075a19a 6162cc77efe94e49b38ec87dcb9d6fc9 - - default default] 10.0.0.165 "GET /v2.0/routers HTTP/1.1" status: 200 len: 1335 time: 0.1061163
2026-04-23 01:33:41.114 10 WARNING neutron.scheduler.dhcp_agent_scheduler [None req-c441a2d6-f0b9-4022-bc74-366bace2a1e0 0d68a7ef19e846eb853221d16520fc47 9238fa47deea4da4895793b2ebd7fe03 - - default default] No more DHCP agents
