2026-04-23 01:31:37.008 10 INFO neutron.wsgi [None req-4631a901-dfce-4007-a2c0-16667c40862a b6dc6cd677734c0a9fecba33bd332593 2c28723a386344f88bcbdadac2a8ac99 - - default default] 10.0.0.114 "POST /v2.0/subnets HTTP/1.1" status: 201 len: 801 time: 1.1823411
2026-04-23 01:31:37.023 9 WARNING neutron_lib.context [None req-a842e63f-3e98-4df8-8605-04b529e4e1d7 b6dc6cd677734c0a9fecba33bd332593 2c28723a386344f88bcbdadac2a8ac99 - - default default] Method 'is_advsvc' is deprecated since 2023.2 release (neutron-lib 3.8.0) and will be removed once support for the old RBAC API policies will be removed from Neutron. Please use method 'is_service_role' instead.
2026-04-23 01:31:37.187 9 INFO neutron.db.ovn_revision_numbers_db [None req-a842e63f-3e98-4df8-8605-04b529e4e1d7 b6dc6cd677734c0a9fecba33bd332593 2c28723a386344f88bcbdadac2a8ac99 - - default default] Successfully bumped revision number for resource 93428ad9-17fc-4de8-aa35-f41e925e2283 (type: routers) to 1
2026-04-23 01:31:37.208 9 INFO neutron.wsgi [None req-a842e63f-3e98-4df8-8605-04b529e4e1d7 b6dc6cd677734c0a9fecba33bd332593 2c28723a386344f88bcbdadac2a8ac99 - - default default] 10.0.0.114 "POST /v2.0/routers HTTP/1.1" status: 201 len: 687 time: 0.1898108
2026-04-23 01:31:37.311 10 INFO neutron.services.segments.plugin [-] Segment 9f819a70-30c8-4c98-b9af-61762b4f02ab resource provider aggregate not found
2026-04-23 01:31:37.330 10 INFO neutron.services.segments.plugin [-] Segment 9f819a70-30c8-4c98-b9af-61762b4f02ab resource provider aggregate not found
2026-04-23 01:31:37.353 10 INFO neutron.services.segments.plugin [-] Segment 9f819a70-30c8-4c98-b9af-61762b4f02ab resource provider not found; error: Placement Client Error (4xx): {"errors": [{"status": 404, "title": "Not Found", "detail": "The resource could not be found.\n\n No resource provider with uuid 9f819a70-30c8-4c98-b9af-61762b4f02ab found for delete ", "request_id": "req-392ad6ec-dde8-4759-b992-f828768006ae"}]}
2026-04-23 01:31:37.359 10 INFO neutron.services.segments.plugin [-] Segment 9f819a70-30c8-4c98-b9af-61762b4f02ab resource provider not found; error: Placement Client Error (4xx): {"errors": [{"status": 404, "title": "Not Found", "detail": "The resource could not be found.\n\n No resource provider with uuid 9f819a70-30c8-4c98-b9af-61762b4f02ab found for delete ", "request_id": "req-2a427de9-fea1-4e2f-a349-fdb43f7dc747"}]}
2026-04-23 01:31:37.375 9 INFO neutron.wsgi [None req-a7e78650-2eb3-4988-b4b2-c3e8e7f82761 84366d2c0a4c41b194925fd01604869a 7a99b7905a674b3ca8956fd21e46167b - - default default] 10.0.0.114 "DELETE /v2.0/networks/8a2e50fa-95fe-40ce-809f-56efa4261524 HTTP/1.1" status: 204 len: 168 time: 0.4455264
2026-04-23 01:31:37.388 10 INFO neutron.wsgi [None req-bac552a0-5dc4-49db-b1a4-2633de926a37 45d716be88a64400a2779dd6a5081a28 cd7706a37951473690a1b24623130bf5 - - default default] 10.0.0.114 "DELETE /v2.0/networks/defa6481-c8a6-4033-be13-406e8dcd6fb2 HTTP/1.1" status: 204 len: 168 time: 0.5106676
2026-04-23 01:31:37.772 9 INFO neutron.wsgi [None req-59ba44f5-c8f5-4e10-9b56-04409e08a5ca 84366d2c0a4c41b194925fd01604869a 7a99b7905a674b3ca8956fd21e46167b - - default default] 10.0.0.114 "DELETE /v2.0/networks/e4160287-8426-47cf-a36d-df1e1c7380a8 HTTP/1.1" status: 204 len: 168 time: 0.3890796
2026-04-23 01:31:37.962 9 INFO neutron.services.segments.plugin [-] Segment 37d878c4-fb45-4a90-b45a-81db06d341c1 resource provider aggregate not found
2026-04-23 01:31:37.966 9 INFO neutron.services.segments.plugin [-] Segment 37d878c4-fb45-4a90-b45a-81db06d341c1 resource provider aggregate not found
2026-04-23 01:31:37.980 9 INFO neutron.wsgi [None req-7353f3bb-be8e-4dc3-9c74-b476714ba601 bf4043cc0f434387877d79221075a19a 6162cc77efe94e49b38ec87dcb9d6fc9 - - default default] 10.0.0.114 "GET /v2.0/security-groups?tenant_id=cd7706a37951473690a1b24623130bf5&name=default HTTP/1.1" status: 200 len: 2996 time: 0.1689234
2026-04-23 01:31:37.986 9 INFO neutron.services.segments.plugin [-] Segment 37d878c4-fb45-4a90-b45a-81db06d341c1 resource provider not found; error: Placement Client Error (4xx): {"errors": [{"status": 404, "title": "Not Found", "detail": "The resource could not be found.\n\n No resource provider with uuid 37d878c4-fb45-4a90-b45a-81db06d341c1 found for delete ", "request_id": "req-a6019b63-8326-4ebb-acb9-c4243b8d0121"}]}
2026-04-23 01:31:37.993 9 INFO neutron.services.segments.plugin [-] Segment 37d878c4-fb45-4a90-b45a-81db06d341c1 resource provider not found; error: Placement Client Error (4xx): {"errors": [{"status": 404, "title": "Not Found", "detail": "The resource could not be found.\n\n No resource provider with uuid 37d878c4-fb45-4a90-b45a-81db06d341c1 found for delete ", "request_id": "req-0725114f-1b11-4b4f-a93d-f722c91c01f3"}]}
2026-04-23 01:31:38.004 9 INFO neutron.services.segments.plugin [-] Segment 02fedef6-1106-4615-bcd6-e1cf01d7dac9 resource provider aggregate not found
2026-04-23 01:31:38.012 9 INFO neutron.services.segments.plugin [-] Segment 02fedef6-1106-4615-bcd6-e1cf01d7dac9 resource provider aggregate not found
2026-04-23 01:31:38.027 10 WARNING neutron.scheduler.dhcp_agent_scheduler [None req-26a75395-8670-4c42-9019-e5a9b66bbf9a b6dc6cd677734c0a9fecba33bd332593 2c28723a386344f88bcbdadac2a8ac99 - - default default] No more DHCP agents
2026-04-23 01:31:38.028 9 INFO neutron.services.segments.plugin [-] Segment 02fedef6-1106-4615-bcd6-e1cf01d7dac9 resource provider not found; error: Placement Client Error (4xx): {"errors": [{"status": 404, "title": "Not Found", "detail": "The resource could not be found.\n\n No resource provider with uuid 02fedef6-1106-4615-bcd6-e1cf01d7dac9 found for delete ", "request_id": "req-0b2b5c8d-6c36-4291-a734-17587beb9af2"}]}
2026-04-23 01:31:38.029 9 INFO neutron.services.segments.plugin [-] Segment 02fedef6-1106-4615-bcd6-e1cf01d7dac9 resource provider not found; error: Placement Client Error (4xx): {"errors": [{"status": 404, "title": "Not Found", "detail": "The resource could not be found.\n\n No resource provider with uuid 02fedef6-1106-4615-bcd6-e1cf01d7dac9 found for delete ", "request_id": "req-87661122-22e0-4e4f-90ae-06df49d9a4a2"}]}
2026-04-23 01:31:38.032 9 INFO neutron.db.ovn_revision_numbers_db [None req-64e9e5e8-cfd6-424b-82cc-8fb3c84e0cfa bf4043cc0f434387877d79221075a19a 6162cc77efe94e49b38ec87dcb9d6fc9 - - default default] Successfully bumped revision number for resource 23f8e690-39e8-4aab-888e-cc0e7b53ecfc (type: security_groups) to 1
2026-04-23 01:31:38.033 10 WARNING neutron.api.rpc.agentnotifiers.dhcp_rpc_agent_api [None req-26a75395-8670-4c42-9019-e5a9b66bbf9a b6dc6cd677734c0a9fecba33bd332593 2c28723a386344f88bcbdadac2a8ac99 - - default default] Unable to schedule network 3b154ca2-7591-49b0-b692-229528eb4235: no agents available; will retry on subsequent port and subnet creation events.
2026-04-23 01:31:38.046 9 INFO neutron.db.ovn_revision_numbers_db [None req-64e9e5e8-cfd6-424b-82cc-8fb3c84e0cfa bf4043cc0f434387877d79221075a19a 6162cc77efe94e49b38ec87dcb9d6fc9 - - default default] Successfully bumped revision number for resource 4e116b8d-cead-46d7-8efc-e9461e32caa2 (type: security_group_rules) to 0
2026-04-23 01:31:38.061 9 INFO neutron.db.ovn_revision_numbers_db [None req-64e9e5e8-cfd6-424b-82cc-8fb3c84e0cfa bf4043cc0f434387877d79221075a19a 6162cc77efe94e49b38ec87dcb9d6fc9 - - default default] Successfully bumped revision number for resource 6f68167e-6d99-4ff2-99a8-d32fb9e5474e (type: security_group_rules) to 0
2026-04-23 01:31:38.072 9 INFO neutron.db.ovn_revision_numbers_db [None req-64e9e5e8-cfd6-424b-82cc-8fb3c84e0cfa bf4043cc0f434387877d79221075a19a 6162cc77efe94e49b38ec87dcb9d6fc9 - - default default] Successfully bumped revision number for resource b436d98f-4f7b-4bd2-8870-2e6c2e4c5514 (type: security_group_rules) to 0
2026-04-23 01:31:38.084 9 INFO neutron.db.ovn_revision_numbers_db [None req-64e9e5e8-cfd6-424b-82cc-8fb3c84e0cfa bf4043cc0f434387877d79221075a19a 6162cc77efe94e49b38ec87dcb9d6fc9 - - default default] Successfully bumped revision number for resource eaf5434c-6de9-466c-b7bd-b07982720c5d (type: security_group_rules) to 0
2026-04-23 01:31:38.115 9 INFO neutron.wsgi [None req-64e9e5e8-cfd6-424b-82cc-8fb3c84e0cfa bf4043cc0f434387877d79221075a19a 6162cc77efe94e49b38ec87dcb9d6fc9 - - default default] 10.0.0.114 "GET /v2.0/security-groups?tenant_id=18a36c7ac3ca4cbaa19a9dbbbcb3c756&name=default HTTP/1.1" status: 200 len: 2996 time: 0.4207067
2026-04-23 01:31:38.296 10 INFO neutron.db.ovn_revision_numbers_db [None req-26a75395-8670-4c42-9019-e5a9b66bbf9a b6dc6cd677734c0a9fecba33bd332593 2c28723a386344f88bcbdadac2a8ac99 - - default default] Successfully bumped revision number for resource 56732efd-c50a-473d-8990-1a86ffaedc64 (type: ports) to 1
2026-04-23 01:31:38.300 9 INFO neutron.wsgi [None req-182e831a-1a8c-4038-ae11-1ed5f599e0e3 bf4043cc0f434387877d79221075a19a 6162cc77efe94e49b38ec87dcb9d6fc9 - - default default] 10.0.0.114 "DELETE /v2.0/security-groups/23f8e690-39e8-4aab-888e-cc0e7b53ecfc HTTP/1.1" status: 204 len: 168 time: 0.1810668
2026-04-23 01:31:38.330 10 INFO neutron.wsgi [None req-aabb1609-ab23-4485-b85c-78671a0f811b 84366d2c0a4c41b194925fd01604869a 7a99b7905a674b3ca8956fd21e46167b - - default default] 10.0.0.114 "DELETE /v2.0/networks/bde90cb4-3194-46c3-9504-fbb01d4d31d8 HTTP/1.1" status: 204 len: 168 time: 0.5536358
2026-04-23 01:31:38.374 10 INFO neutron.wsgi [None req-23f1b0df-d164-4968-8914-6bd260fe0486 bf4043cc0f434387877d79221075a19a 6162cc77efe94e49b38ec87dcb9d6fc9 - - default default] 10.0.0.114 "DELETE /v2.0/security-groups/948de88a-d1aa-4ac0-9f9e-38053f320bf5 HTTP/1.1" status: 204 len: 168 time: 0.3812573
2026-04-23 01:31:38.559 10 INFO neutron.db.ovn_revision_numbers_db [None req-9c56e353-265b-44a8-a78c-71f73ea2588c bf4043cc0f434387877d79221075a19a 6162cc77efe94e49b38ec87dcb9d6fc9 - - default default] Successfully bumped revision number for resource d343f49c-95d6-49d6-a208-20177a9c1bce (type: security_groups) to 1
2026-04-23 01:31:38.581 10 INFO neutron.db.ovn_revision_numbers_db [None req-9c56e353-265b-44a8-a78c-71f73ea2588c bf4043cc0f434387877d79221075a19a 6162cc77efe94e49b38ec87dcb9d6fc9 - - default default] Successfully bumped revision number for resource 0695dc43-d0b5-419b-b9c5-208a7b8ffed8 (type: security_group_rules) to 0
2026-04-23 01:31:38.599 10 INFO neutron.db.ovn_revision_numbers_db [None req-9c56e353-265b-44a8-a78c-71f73ea2588c bf4043cc0f434387877d79221075a19a 6162cc77efe94e49b38ec87dcb9d6fc9 - - default default] Successfully bumped revision number for resource 9e8e6428-a7d7-49ad-8846-612179dac200 (type: security_group_rules) to 0
2026-04-23 01:31:38.628 10 INFO neutron.db.ovn_revision_numbers_db [None req-9c56e353-265b-44a8-a78c-71f73ea2588c bf4043cc0f434387877d79221075a19a 6162cc77efe94e49b38ec87dcb9d6fc9 - - default default] Successfully bumped revision number for resource bab53346-46ca-4722-b946-1cd55816273c (type: security_group_rules) to 0
2026-04-23 01:31:38.647 10 INFO neutron.db.ovn_revision_numbers_db [None req-9c56e353-265b-44a8-a78c-71f73ea2588c bf4043cc0f434387877d79221075a19a 6162cc77efe94e49b38ec87dcb9d6fc9 - - default default] Successfully bumped revision number for resource bd1e6394-a6be-4444-99d3-090845e10247 (type: security_group_rules) to 0
2026-04-23 01:31:38.653 10 INFO neutron.plugins.ml2.drivers.ovn.mech_driver.mech_driver [None req-b4246aec-207f-44ee-afa3-86ef2578bf2d - - - - - -] OVN reports status up for port: 56732efd-c50a-473d-8990-1a86ffaedc64
2026-04-23 01:31:38.677 10 INFO neutron.plugins.ml2.plugin [None req-b4246aec-207f-44ee-afa3-86ef2578bf2d - - - - - -] Attempt 1 to provision port 56732efd-c50a-473d-8990-1a86ffaedc64
2026-04-23 01:31:38.693 10 INFO neutron.wsgi [None req-9c56e353-265b-44a8-a78c-71f73ea2588c bf4043cc0f434387877d79221075a19a 6162cc77efe94e49b38ec87dcb9d6fc9 - - default default] 10.0.0.114 "GET /v2.0/security-groups?tenant_id=6fe6aa2aad8241adb8a32efc29088931&name=default HTTP/1.1" status: 200 len: 2996 time: 0.2937751
2026-04-23 01:31:38.708 10 INFO neutron.db.ovn_revision_numbers_db [None req-26a75395-8670-4c42-9019-e5a9b66bbf9a b6dc6cd677734c0a9fecba33bd332593 2c28723a386344f88bcbdadac2a8ac99 - - default default] Successfully bumped revision number for resource 56732efd-c50a-473d-8990-1a86ffaedc64 (type: router_ports) to 1
2026-04-23 01:31:38.724 9 INFO neutron.wsgi [None req-61474d32-3692-4fbd-ae4d-e3bc9998bf7a 84366d2c0a4c41b194925fd01604869a 7a99b7905a674b3ca8956fd21e46167b - - default default] 10.0.0.114 "DELETE /v2.0/networks/a7d64d51-c3c8-4b9b-b232-f85153c5e9a3 HTTP/1.1" status: 204 len: 168 time: 0.3876517
2026-04-23 01:31:38.925 10 INFO neutron.db.ovn_revision_numbers_db [None req-26a75395-8670-4c42-9019-e5a9b66bbf9a b6dc6cd677734c0a9fecba33bd332593 2c28723a386344f88bcbdadac2a8ac99 - - default default] Successfully bumped revision number for resource 56732efd-c50a-473d-8990-1a86ffaedc64 (type: ports) to 1
2026-04-23 01:31:39.003 9 INFO neutron.wsgi [None req-d0c5fe7f-881f-467e-af21-e10b04ee7abf bf4043cc0f434387877d79221075a19a 6162cc77efe94e49b38ec87dcb9d6fc9 - - default default] 10.0.0.114 "DELETE /v2.0/security-groups/d343f49c-95d6-49d6-a208-20177a9c1bce HTTP/1.1" status: 204 len: 168 time: 0.3043673
2026-04-23 01:31:39.018 10 WARNING neutron.scheduler.dhcp_agent_scheduler [None req-26a75395-8670-4c42-9019-e5a9b66bbf9a b6dc6cd677734c0a9fecba33bd332593 2c28723a386344f88bcbdadac2a8ac99 - - default default] No more DHCP agents
2026-04-23 01:31:39.020 10 WARNING neutron.api.rpc.agentnotifiers.dhcp_rpc_agent_api [None req-26a75395-8670-4c42-9019-e5a9b66bbf9a b6dc6cd677734c0a9fecba33bd332593 2c28723a386344f88bcbdadac2a8ac99 - - default default] Unable to schedule network 3b154ca2-7591-49b0-b692-229528eb4235: no agents available; will retry on subsequent port and subnet creation events.
2026-04-23 01:31:39.144 10 INFO neutron.db.ovn_revision_numbers_db [None req-b4246aec-207f-44ee-afa3-86ef2578bf2d - - - - - -] Successfully bumped revision number for resource 56732efd-c50a-473d-8990-1a86ffaedc64 (type: ports) to 2
2026-04-23 01:31:39.205 10 INFO neutron.db.ovn_revision_numbers_db [None req-26a75395-8670-4c42-9019-e5a9b66bbf9a b6dc6cd677734c0a9fecba33bd332593 2c28723a386344f88bcbdadac2a8ac99 - - default default] Successfully bumped revision number for resource 56732efd-c50a-473d-8990-1a86ffaedc64 (type: router_ports) to 2
2026-04-23 01:31:39.207 10 INFO neutron.wsgi [None req-26a75395-8670-4c42-9019-e5a9b66bbf9a b6dc6cd677734c0a9fecba33bd332593 2c28723a386344f88bcbdadac2a8ac99 - - default default] 10.0.0.114 "PUT /v2.0/routers/93428ad9-17fc-4de8-aa35-f41e925e2283/add_router_interface HTTP/1.1" status: 200 len: 503 time: 1.9948125
2026-04-23 01:31:39.294 9 INFO neutron.wsgi [None req-bd3b4bba-f396-4535-b592-1bc2640d996f b6dc6cd677734c0a9fecba33bd332593 2c28723a386344f88bcbdadac2a8ac99 - - default default] 10.0.0.114 "GET /v2.0/ports/56732efd-c50a-473d-8990-1a86ffaedc64 HTTP/1.1" status: 200 len: 1137 time: 0.0825157
2026-04-23 01:31:39.380 10 INFO neutron.services.segments.plugin [-] Segment e8486458-9881-4515-94d9-8f0d7a613503 resource provider aggregate not found
2026-04-23 01:31:39.388 10 INFO neutron.services.segments.plugin [-] Segment e8486458-9881-4515-94d9-8f0d7a613503 resource provider aggregate not found
2026-04-23 01:31:39.405 10 INFO neutron.services.segments.plugin [-] Segment e8486458-9881-4515-94d9-8f0d7a613503 resource provider not found; error: Placement Client Error (4xx): {"errors": [{"status": 404, "title": "Not Found", "detail": "The resource could not be found.\n\n No resource provider with uuid e8486458-9881-4515-94d9-8f0d7a613503 found for delete ", "request_id": "req-b63e6454-e525-4f13-b2ac-1e7056596d1a"}]}
2026-04-23 01:31:39.407 10 INFO neutron.services.segments.plugin [-] Segment e8486458-9881-4515-94d9-8f0d7a613503 resource provider not found; error: Placement Client Error (4xx): {"errors": [{"status": 404, "title": "Not Found", "detail": "The resource could not be found.\n\n No resource provider with uuid e8486458-9881-4515-94d9-8f0d7a613503 found for delete ", "request_id": "req-2563f3fb-5c9d-43e0-89a9-43ebddc7fc3a"}]}
2026-04-23 01:31:39.611 9 INFO neutron.wsgi [None req-68fe869c-86e4-4986-84f7-d6c20389e75d bf4043cc0f434387877d79221075a19a 6162cc77efe94e49b38ec87dcb9d6fc9 - - default default] 10.0.0.114 "GET /v2.0/security-groups?tenant_id=7a99b7905a674b3ca8956fd21e46167b&name=default HTTP/1.1" status: 200 len: 2996 time: 0.3443766
2026-04-23 01:31:39.896 9 INFO neutron.wsgi [None req-c79d287f-cc42-4a4b-80ae-b8c84ff0d74d bf4043cc0f434387877d79221075a19a 6162cc77efe94e49b38ec87dcb9d6fc9 - - default default] 10.0.0.114 "DELETE /v2.0/security-groups/8fd8622c-b6be-44c1-a6f3-bce9c7eeaf61 HTTP/1.1" status: 204 len: 168 time: 0.2772875
2026-04-23 01:31:39.972 9 WARNING neutron.scheduler.dhcp_agent_scheduler [None req-cc5a646d-b1bd-46c8-bac7-6094eb2725db b6dc6cd677734c0a9fecba33bd332593 2c28723a386344f88bcbdadac2a8ac99 - - default default] No more DHCP agents
2026-04-23 01:31:39.974 9 WARNING neutron.api.rpc.agentnotifiers.dhcp_rpc_agent_api [None req-cc5a646d-b1bd-46c8-bac7-6094eb2725db b6dc6cd677734c0a9fecba33bd332593 2c28723a386344f88bcbdadac2a8ac99 - - default default] Unable to schedule network 01a60743-5a3f-4dbe-af24-ab41c94c8f57: no agents available; will retry on subsequent port and subnet creation events.
2026-04-23 01:31:40.060 9 INFO neutron.services.segments.plugin [-] Segment 1d765749-e5d9-44a2-954e-7f0c92fe0608 resource provider aggregate not found
2026-04-23 01:31:40.069 9 INFO neutron.services.segments.plugin [-] Segment 1d765749-e5d9-44a2-954e-7f0c92fe0608 resource provider aggregate not found
2026-04-23 01:31:40.094 9 INFO neutron.services.segments.plugin [-] Segment 1d765749-e5d9-44a2-954e-7f0c92fe0608 resource provider not found; error: Placement Client Error (4xx): {"errors": [{"status": 404, "title": "Not Found", "detail": "The resource could not be found.\n\n No resource provider with uuid 1d765749-e5d9-44a2-954e-7f0c92fe0608 found for delete ", "request_id": "req-c549e0b3-803f-4e5c-9193-b0dad42c6a43"}]}
2026-04-23 01:31:40.095 9 INFO neutron.services.segments.plugin [-] Segment 1d765749-e5d9-44a2-954e-7f0c92fe0608 resource provider not found; error: Placement Client Error (4xx): {"errors": [{"status": 404, "title": "Not Found", "detail": "The resource could not be found.\n\n No resource provider with uuid 1d765749-e5d9-44a2-954e-7f0c92fe0608 found for delete ", "request_id": "req-741cbcc3-8661-45ec-81a1-fdc3a0b7f310"}]}
2026-04-23 01:31:40.162 9 INFO neutron.db.ovn_revision_numbers_db [None req-cc5a646d-b1bd-46c8-bac7-6094eb2725db b6dc6cd677734c0a9fecba33bd332593 2c28723a386344f88bcbdadac2a8ac99 - - default default] Successfully bumped revision number for resource 466cdc87-b2d3-4cb5-beea-3857bfd1454f (type: ports) to 1
2026-04-23 01:31:40.342 10 WARNING neutron_lib.context [None req-a5d1bfa3-575a-4581-92bd-8218d969452b addd3f86708547f7bba56c7301fc4a93 7cc0fe892196459f9e3a0777af3f64a9 - - default default] Method 'is_advsvc' is deprecated since 2023.2 release (neutron-lib 3.8.0) and will be removed once support for the old RBAC API policies will be removed from Neutron. Please use method 'is_service_role' instead.
2026-04-23 01:31:40.491 10 INFO neutron.db.ovn_revision_numbers_db [None req-a5d1bfa3-575a-4581-92bd-8218d969452b addd3f86708547f7bba56c7301fc4a93 7cc0fe892196459f9e3a0777af3f64a9 - - default default] Successfully bumped revision number for resource 4a5ca83e-c7b0-4692-90b7-ac2dcce8eb26 (type: security_groups) to 1
2026-04-23 01:31:40.503 10 INFO neutron.db.ovn_revision_numbers_db [None req-a5d1bfa3-575a-4581-92bd-8218d969452b addd3f86708547f7bba56c7301fc4a93 7cc0fe892196459f9e3a0777af3f64a9 - - default default] Successfully bumped revision number for resource 5fba5cbe-2c5e-4957-8091-cb18c3d80a30 (type: security_group_rules) to 0
2026-04-23 01:31:40.521 10 INFO neutron.db.ovn_revision_numbers_db [None req-a5d1bfa3-575a-4581-92bd-8218d969452b addd3f86708547f7bba56c7301fc4a93 7cc0fe892196459f9e3a0777af3f64a9 - - default default] Successfully bumped revision number for resource 6c7be503-5711-43ff-894e-870a4cdc93f6 (type: security_group_rules) to 0
2026-04-23 01:31:40.546 10 INFO neutron.db.ovn_revision_numbers_db [None req-a5d1bfa3-575a-4581-92bd-8218d969452b addd3f86708547f7bba56c7301fc4a93 7cc0fe892196459f9e3a0777af3f64a9 - - default default] Successfully bumped revision number for resource c28df535-d6fb-4cb9-9640-012ea953e6eb (type: security_group_rules) to 0
2026-04-23 01:31:40.576 9 INFO neutron.plugins.ml2.drivers.ovn.mech_driver.mech_driver [None req-bc603fbf-d939-4bd9-9bc0-7f9b21ed1414 - - - - - -] OVN reports status up for port: 466cdc87-b2d3-4cb5-beea-3857bfd1454f
2026-04-23 01:31:40.590 9 INFO neutron.plugins.ml2.plugin [None req-bc603fbf-d939-4bd9-9bc0-7f9b21ed1414 - - - - - -] Attempt 1 to provision port 466cdc87-b2d3-4cb5-beea-3857bfd1454f
2026-04-23 01:31:40.598 10 INFO neutron.wsgi [None req-19287de7-ca95-48ab-b19b-ea252bb124d8 bf4043cc0f434387877d79221075a19a 6162cc77efe94e49b38ec87dcb9d6fc9 - - default default] 10.0.0.165 "GET /v2.0/ports HTTP/1.1" status: 200 len: 9557 time: 0.1264722
2026-04-23 01:31:40.601 9 INFO neutron.db.ovn_revision_numbers_db [None req-cc5a646d-b1bd-46c8-bac7-6094eb2725db b6dc6cd677734c0a9fecba33bd332593 2c28723a386344f88bcbdadac2a8ac99 - - default default] Successfully bumped revision number for resource 466cdc87-b2d3-4cb5-beea-3857bfd1454f (type: router_ports) to 1
2026-04-23 01:31:40.604 10 INFO neutron.db.ovn_revision_numbers_db [None req-a5d1bfa3-575a-4581-92bd-8218d969452b addd3f86708547f7bba56c7301fc4a93 7cc0fe892196459f9e3a0777af3f64a9 - - default default] Successfully bumped revision number for resource d53e1d3e-0360-4d72-93b6-8a7b17425a3a (type: security_group_rules) to 0
2026-04-23 01:31:40.639 10 INFO neutron.wsgi [None req-4efa02fe-33d6-414c-b757-6a0a610ef50e bf4043cc0f434387877d79221075a19a 6162cc77efe94e49b38ec87dcb9d6fc9 - - default default] 10.0.0.165 "GET /v2.0/floatingips HTTP/1.1" status: 200 len: 193 time: 0.0341413
2026-04-23 01:31:40.680 10 INFO neutron.db.segments_db [None req-a5d1bfa3-575a-4581-92bd-8218d969452b addd3f86708547f7bba56c7301fc4a93 7cc0fe892196459f9e3a0777af3f64a9 - - default default] Added segment 4d488800-6cb6-4219-b82f-5cf22f89c852 of type geneve for network caf05ce7-928d-42d9-a875-c59a8cf2a50c
2026-04-23 01:31:40.711 10 INFO neutron.wsgi [None req-04160240-68d6-4b8d-ac15-52551c79a54b bf4043cc0f434387877d79221075a19a 6162cc77efe94e49b38ec87dcb9d6fc9 - - default default] 10.0.0.165 "GET /v2.0/security-groups HTTP/1.1" status: 200 len: 22359 time: 0.0695133
2026-04-23 01:31:40.776 10 INFO neutron.wsgi [None req-5e1cd939-4298-453a-919f-69e16509ec14 bf4043cc0f434387877d79221075a19a 6162cc77efe94e49b38ec87dcb9d6fc9 - - default default] 10.0.0.165 "GET /v2.0/subnets HTTP/1.1" status: 200 len: 2657 time: 0.0585191
2026-04-23 01:31:40.795 9 INFO neutron.db.ovn_revision_numbers_db [None req-cc5a646d-b1bd-46c8-bac7-6094eb2725db b6dc6cd677734c0a9fecba33bd332593 2c28723a386344f88bcbdadac2a8ac99 - - default default] Successfully bumped revision number for resource 466cdc87-b2d3-4cb5-beea-3857bfd1454f (type: ports) to 1
2026-04-23 01:31:40.877 9 WARNING neutron.scheduler.dhcp_agent_scheduler [None req-cc5a646d-b1bd-46c8-bac7-6094eb2725db b6dc6cd677734c0a9fecba33bd332593 2c28723a386344f88bcbdadac2a8ac99 - - default default] No more DHCP agents
2026-04-23 01:31:40.883 9 WARNING neutron.api.rpc.agentnotifiers.dhcp_rpc_agent_api [None req-cc5a646d-b1bd-46c8-bac7-6094eb2725db b6dc6cd677734c0a9fecba33bd332593 2c28723a386344f88bcbdadac2a8ac99 - - default default] Unable to schedule network 01a60743-5a3f-4dbe-af24-ab41c94c8f57: no agents available; will retry on subsequent port and subnet creation events.
2026-04-23 01:31:40.914 10 INFO neutron.wsgi [None req-b4ce458b-2d7d-4f01-9d66-54a420b22b49 bf4043cc0f434387877d79221075a19a 6162cc77efe94e49b38ec87dcb9d6fc9 - - default default] 10.0.0.165 "GET /v2.0/networks HTTP/1.1" status: 200 len: 3836 time: 0.1356008
2026-04-23 01:31:40.933 10 INFO neutron.db.ovn_revision_numbers_db [None req-a5d1bfa3-575a-4581-92bd-8218d969452b addd3f86708547f7bba56c7301fc4a93 7cc0fe892196459f9e3a0777af3f64a9 - - default default] Successfully bumped revision number for resource caf05ce7-928d-42d9-a875-c59a8cf2a50c (type: networks) to 1
2026-04-23 01:31:40.992 9 INFO neutron.db.ovn_revision_numbers_db [None req-bc603fbf-d939-4bd9-9bc0-7f9b21ed1414 - - - - - -] Successfully bumped revision number for resource 466cdc87-b2d3-4cb5-beea-3857bfd1454f (type: ports) to 2
2026-04-23 01:31:41.070 9 INFO neutron.db.ovn_revision_numbers_db [None req-cc5a646d-b1bd-46c8-bac7-6094eb2725db b6dc6cd677734c0a9fecba33bd332593 2c28723a386344f88bcbdadac2a8ac99 - - default default] Successfully bumped revision number for resource 466cdc87-b2d3-4cb5-beea-3857bfd1454f (type: router_ports) to 2
2026-04-23 01:31:41.072 9 INFO neutron.wsgi [None req-cc5a646d-b1bd-46c8-bac7-6094eb2725db b6dc6cd677734c0a9fecba33bd332593 2c28723a386344f88bcbdadac2a8ac99 - - default default] 10.0.0.114 "PUT /v2.0/routers/93428ad9-17fc-4de8-aa35-f41e925e2283/add_router_interface HTTP/1.1" status: 200 len: 503 time: 1.7730525
2026-04-23 01:31:41.172 9 INFO neutron.wsgi [None req-199ab64e-2cfc-4b54-80cc-000c44030c53 b6dc6cd677734c0a9fecba33bd332593 2c28723a386344f88bcbdadac2a8ac99 - - default default] 10.0.0.114 "GET /v2.0/ports/466cdc87-b2d3-4cb5-beea-3857bfd1454f HTTP/1.1" status: 200 len: 1137 time: 0.0948265
2026-04-23 01:31:41.210 9 INFO neutron.wsgi [None req-f8b19d0f-afaf-4c79-a592-7308dd48c506 b6dc6cd677734c0a9fecba33bd332593 2c28723a386344f88bcbdadac2a8ac99 - - default default] 10.0.0.114 "GET /v2.0/ports/466cdc87-b2d3-4cb5-beea-3857bfd1454f HTTP/1.1" status: 200 len: 1137 time: 0.0316546
2026-04-23 01:31:41.222 10 INFO neutron.wsgi [None req-44697035-95f1-4f50-9fee-a5b5e7433987 bf4043cc0f434387877d79221075a19a 6162cc77efe94e49b38ec87dcb9d6fc9 - - default default] 10.0.0.165 "GET /v2.0/routers HTTP/1.1" status: 200 len: 672 time: 0.3061728
2026-04-23 01:31:41.246 10 INFO neutron.wsgi [None req-2bebe076-b168-4b24-b127-62fc3997b3d9 bf4043cc0f434387877d79221075a19a 6162cc77efe94e49b38ec87dcb9d6fc9 - - default default] 10.0.0.165 "GET /v2.0/agents?binary=ovn-controller HTTP/1.1" status: 200 len: 591 time: 0.0165629
2026-04-23 01:31:41.263 10 INFO neutron.wsgi [None req-ce0e68d4-f381-4242-acb2-8a73c3bc9818 bf4043cc0f434387877d79221075a19a 6162cc77efe94e49b38ec87dcb9d6fc9 - - default default] 10.0.0.165 "GET /v2.0/agents HTTP/1.1" status: 200 len: 997 time: 0.0160646
2026-04-23 01:31:41.296 10 INFO neutron.wsgi [None req-ae8d8445-e941-4139-9418-e901e0a79c5d bf4043cc0f434387877d79221075a19a 6162cc77efe94e49b38ec87dcb9d6fc9 - - default default] 10.0.0.165 "GET /v2.0/network-ip-availabilities HTTP/1.1" status: 200 len: 2386 time: 0.0296435
2026-04-23 01:31:41.347 10 INFO neutron.wsgi [None req-d9740278-ac2c-4b2a-8f49-e0a23a0d473c bf4043cc0f434387877d79221075a19a 6162cc77efe94e49b38ec87dcb9d6fc9 - - default default] 10.0.0.165 "GET /v2.0/subnets HTTP/1.1" status: 200 len: 2657 time: 0.0497060
2026-04-23 01:31:41.361 10 INFO neutron.wsgi [None req-415514ac-935e-41a5-b07c-2b559bfff85c bf4043cc0f434387877d79221075a19a 6162cc77efe94e49b38ec87dcb9d6fc9 - - default default] 10.0.0.165 "GET /v2.0/subnetpools HTTP/1.1" status: 200 len: 193 time: 0.0124030
2026-04-23 01:31:41.403 10 WARNING neutron.scheduler.dhcp_agent_scheduler [None req-a5d1bfa3-575a-4581-92bd-8218d969452b addd3f86708547f7bba56c7301fc4a93 7cc0fe892196459f9e3a0777af3f64a9 - - default default] No more DHCP agents
2026-04-23 01:31:41.406 10 WARNING neutron.api.rpc.agentnotifiers.dhcp_rpc_agent_api [None req-a5d1bfa3-575a-4581-92bd-8218d969452b addd3f86708547f7bba56c7301fc4a93 7cc0fe892196459f9e3a0777af3f64a9 - - default default] Unable to schedule network caf05ce7-928d-42d9-a875-c59a8cf2a50c: no agents available; will retry on subsequent port and subnet creation events.
2026-04-23 01:31:41.504 10 INFO neutron.db.ovn_revision_numbers_db [None req-a5d1bfa3-575a-4581-92bd-8218d969452b addd3f86708547f7bba56c7301fc4a93 7cc0fe892196459f9e3a0777af3f64a9 - - default default] Successfully bumped revision number for resource 561e2d15-deb2-4f0b-964e-0b7fce7c59a4 (type: ports) to 1
2026-04-23 01:31:41.525 10 INFO neutron.wsgi [None req-a5d1bfa3-575a-4581-92bd-8218d969452b addd3f86708547f7bba56c7301fc4a93 7cc0fe892196459f9e3a0777af3f64a9 - - default default] 10.0.0.114 "POST /v2.0/networks HTTP/1.1" status: 201 len: 843 time: 1.3390093
2026-04-23 01:31:41.566 9 WARNING neutron_lib.context [None req-842ca71a-7004-40c5-90bd-3e77ff94ae7b addd3f86708547f7bba56c7301fc4a93 7cc0fe892196459f9e3a0777af3f64a9 - - default default] Method 'is_advsvc' is deprecated since 2023.2 release (neutron-lib 3.8.0) and will be removed once support for the old RBAC API policies will be removed from Neutron. Please use method 'is_service_role' instead.
2026-04-23 01:31:41.929 10 WARNING neutron_lib.context [None req-d6595c8a-3435-4077-bc73-7b1431c4130e 9458f8e4cf224610961ced21323f5e0b 56254cec822f46ebbd84731c4f386dca - - default default] Method 'is_advsvc' is deprecated since 2023.2 release (neutron-lib 3.8.0) and will be removed once support for the old RBAC API policies will be removed from Neutron. Please use method 'is_service_role' instead.
2026-04-23 01:31:41.946 9 WARNING neutron.scheduler.dhcp_agent_scheduler [None req-842ca71a-7004-40c5-90bd-3e77ff94ae7b addd3f86708547f7bba56c7301fc4a93 7cc0fe892196459f9e3a0777af3f64a9 - - default default] No more DHCP agents
2026-04-23 01:31:41.948 9 WARNING neutron.api.rpc.agentnotifiers.dhcp_rpc_agent_api [None req-842ca71a-7004-40c5-90bd-3e77ff94ae7b addd3f86708547f7bba56c7301fc4a93 7cc0fe892196459f9e3a0777af3f64a9 - - default default] Unable to schedule network caf05ce7-928d-42d9-a875-c59a8cf2a50c: no agents available; will retry on subsequent port and subnet creation events.
2026-04-23 01:31:42.014 9 INFO neutron.wsgi [None req-a4904627-8e7a-4bed-8d0a-08ce0c6a1aa4 b6dc6cd677734c0a9fecba33bd332593 2c28723a386344f88bcbdadac2a8ac99 - - default default] 10.0.0.114 "PUT /v2.0/routers/93428ad9-17fc-4de8-aa35-f41e925e2283/remove_router_interface HTTP/1.1" status: 200 len: 503 time: 0.7984309
2026-04-23 01:31:42.104 10 INFO neutron.db.ovn_revision_numbers_db [None req-d6595c8a-3435-4077-bc73-7b1431c4130e 9458f8e4cf224610961ced21323f5e0b 56254cec822f46ebbd84731c4f386dca - - default default] Successfully bumped revision number for resource 0a73a4ce-8122-4b97-96c3-3eb933547794 (type: security_groups) to 1
2026-04-23 01:31:42.115 10 INFO neutron.wsgi [None req-b598e28f-9f44-4270-a38b-412cc0836b00 b6dc6cd677734c0a9fecba33bd332593 2c28723a386344f88bcbdadac2a8ac99 - - default default] 10.0.0.114 "GET /v2.0/ports/56732efd-c50a-473d-8990-1a86ffaedc64 HTTP/1.1" status: 200 len: 1137 time: 0.0950272 /var/lib/openstack/lib/python3.10/site-packages/pycadf/identifier.py:71: UserWarning: Invalid uuid: neutron. To ensure interoperability, identifiers should be a valid uuid. warnings.warn(('Invalid uuid: %s. To ensure interoperability, '
2026-04-23 01:31:42.129 10 INFO neutron.db.ovn_revision_numbers_db [None req-d6595c8a-3435-4077-bc73-7b1431c4130e 9458f8e4cf224610961ced21323f5e0b 56254cec822f46ebbd84731c4f386dca - - default default] Successfully bumped revision number for resource 33beea01-7ec9-494e-af87-705f59d8b313 (type: security_group_rules) to 0
2026-04-23 01:31:42.151 10 INFO neutron.db.ovn_revision_numbers_db [None req-d6595c8a-3435-4077-bc73-7b1431c4130e 9458f8e4cf224610961ced21323f5e0b 56254cec822f46ebbd84731c4f386dca - - default default] Successfully bumped revision number for resource 44789d5a-6d60-4ec6-b160-b30273334203 (type: security_group_rules) to 0
2026-04-23 01:31:42.175 10 INFO neutron.db.ovn_revision_numbers_db [None req-d6595c8a-3435-4077-bc73-7b1431c4130e 9458f8e4cf224610961ced21323f5e0b 56254cec822f46ebbd84731c4f386dca - - default default] Successfully bumped revision number for resource 779ed01d-a45b-4f0b-b78a-1716f2d89b85 (type: security_group_rules) to 0
2026-04-23 01:31:42.204 10 INFO neutron.db.ovn_revision_numbers_db [None req-d6595c8a-3435-4077-bc73-7b1431c4130e 9458f8e4cf224610961ced21323f5e0b 56254cec822f46ebbd84731c4f386dca - - default default] Successfully bumped revision number for resource 77d66152-6b38-4e74-bcbb-ed654d2de980 (type: security_group_rules) to 0
2026-04-23 01:31:42.330 10 INFO neutron.db.ovn_revision_numbers_db [None req-d6595c8a-3435-4077-bc73-7b1431c4130e 9458f8e4cf224610961ced21323f5e0b 56254cec822f46ebbd84731c4f386dca - - default default] Successfully bumped revision number for resource 811e326f-a8e4-4e62-bf90-48eab8c00c77 (type: security_groups) to 1
2026-04-23 01:31:42.344 10 INFO neutron.db.ovn_revision_numbers_db [None req-d6595c8a-3435-4077-bc73-7b1431c4130e 9458f8e4cf224610961ced21323f5e0b 56254cec822f46ebbd84731c4f386dca - - default default] Successfully bumped revision number for resource 830364b4-57fb-4105-a710-e41a3d8aaf38 (type: security_group_rules) to 0
2026-04-23 01:31:42.361 10 INFO neutron.db.ovn_revision_numbers_db [None req-d6595c8a-3435-4077-bc73-7b1431c4130e 9458f8e4cf224610961ced21323f5e0b 56254cec822f46ebbd84731c4f386dca - - default default] Successfully bumped revision number for resource 981326d8-1c1a-41e4-88be-fe3de34088e2 (type: security_group_rules) to 0
2026-04-23 01:31:42.380 10 INFO neutron.wsgi [None req-d6595c8a-3435-4077-bc73-7b1431c4130e 9458f8e4cf224610961ced21323f5e0b 56254cec822f46ebbd84731c4f386dca - - default default] 10.0.0.114 "POST /v2.0/security-groups HTTP/1.1" status: 201 len: 1760 time: 0.6442418
2026-04-23 01:31:42.431 10 INFO neutron.wsgi [None req-a03d91df-c740-4e5e-89ca-db07ce91c411 9458f8e4cf224610961ced21323f5e0b 56254cec822f46ebbd84731c4f386dca - - default default] 10.0.0.114 "GET /v2.0/security-groups HTTP/1.1" status: 200 len: 4538 time: 0.0436800
2026-04-23 01:31:42.503 10 WARNING neutron_lib.context [None req-8369fc2b-6794-4f43-be02-52cda79c5ccc 76ffebb8900244cbb0642ecc2fb3cc7e a6ac9479bf2643e08bbbc8661b6cbde2 - - default default] Method 'is_advsvc' is deprecated since 2023.2 release (neutron-lib 3.8.0) and will be removed once support for the old RBAC API policies will be removed from Neutron. Please use method 'is_service_role' instead.
2026-04-23 01:31:42.539 10 INFO neutron.db.ovn_revision_numbers_db [None req-c38e1645-6ae8-4c22-89ad-11e0fb81b45d 9458f8e4cf224610961ced21323f5e0b 56254cec822f46ebbd84731c4f386dca - - default default] Successfully bumped revision number for resource 811e326f-a8e4-4e62-bf90-48eab8c00c77 (type: security_groups) to 2
2026-04-23 01:31:42.542 10 INFO neutron.wsgi [None req-c38e1645-6ae8-4c22-89ad-11e0fb81b45d 9458f8e4cf224610961ced21323f5e0b 56254cec822f46ebbd84731c4f386dca - - default default] 10.0.0.114 "PUT /v2.0/security-groups/811e326f-a8e4-4e62-bf90-48eab8c00c77 HTTP/1.1" status: 200 len: 1794 time: 0.1055450
2026-04-23 01:31:42.634 9 INFO neutron.wsgi [None req-230819d4-5f04-4a7a-b700-a5e7d7f1dddc 9458f8e4cf224610961ced21323f5e0b 56254cec822f46ebbd84731c4f386dca - - default default] 10.0.0.114 "GET /v2.0/security-groups/811e326f-a8e4-4e62-bf90-48eab8c00c77 HTTP/1.1" status: 200 len: 1794 time: 0.0810437
2026-04-23 01:31:42.644 10 INFO neutron.db.ovn_revision_numbers_db [None req-8369fc2b-6794-4f43-be02-52cda79c5ccc 76ffebb8900244cbb0642ecc2fb3cc7e a6ac9479bf2643e08bbbc8661b6cbde2 - - default default] Successfully bumped revision number for resource c7850af1-e055-4445-9f53-08c29b210166 (type: security_groups) to 1
2026-04-23 01:31:42.671 10 INFO neutron.db.ovn_revision_numbers_db [None req-8369fc2b-6794-4f43-be02-52cda79c5ccc 76ffebb8900244cbb0642ecc2fb3cc7e a6ac9479bf2643e08bbbc8661b6cbde2 - - default default] Successfully bumped revision number for resource 0009c257-92da-4829-8782-6a2e79afa9d7 (type: security_group_rules) to 0
2026-04-23 01:31:42.686 10 INFO neutron.db.ovn_revision_numbers_db [None req-8369fc2b-6794-4f43-be02-52cda79c5ccc 76ffebb8900244cbb0642ecc2fb3cc7e a6ac9479bf2643e08bbbc8661b6cbde2 - - default default] Successfully bumped revision number for resource 1f433ce0-d6a6-4f92-bfcd-ab69b8d04e65 (type: security_group_rules) to 0
2026-04-23 01:31:42.705 10 INFO neutron.db.ovn_revision_numbers_db [None req-8369fc2b-6794-4f43-be02-52cda79c5ccc 76ffebb8900244cbb0642ecc2fb3cc7e a6ac9479bf2643e08bbbc8661b6cbde2 - - default default] Successfully bumped revision number for resource 672b39ae-47df-474c-906d-f28d586398b6 (type: security_group_rules) to 0
2026-04-23 01:31:42.721 10 INFO neutron.db.ovn_revision_numbers_db [None req-8369fc2b-6794-4f43-be02-52cda79c5ccc 76ffebb8900244cbb0642ecc2fb3cc7e a6ac9479bf2643e08bbbc8661b6cbde2 - - default default] Successfully bumped revision number for resource 7aba13dc-a0e2-48f2-94b8-8cd2c5e85c73 (type: security_group_rules) to 0
2026-04-23 01:31:42.761 10 INFO neutron.wsgi [None req-7d38ca8c-f2cb-49cc-9ae8-6e8da6bd7f05 9458f8e4cf224610961ced21323f5e0b 56254cec822f46ebbd84731c4f386dca - - default default] 10.0.0.114 "DELETE /v2.0/security-groups/811e326f-a8e4-4e62-bf90-48eab8c00c77 HTTP/1.1" status: 204 len: 168 time: 0.1185358
2026-04-23 01:31:42.789 10 INFO neutron.db.segments_db [None req-8369fc2b-6794-4f43-be02-52cda79c5ccc 76ffebb8900244cbb0642ecc2fb3cc7e a6ac9479bf2643e08bbbc8661b6cbde2 - - default default] Added segment d3ef4873-db41-45ed-b7d0-61e6f5994a18 of type geneve for network 8a6c9d44-5439-4b3f-8ca5-488b5ade666e
2026-04-23 01:31:42.813 10 INFO neutron.wsgi [None req-43b1fe09-de10-45d1-b0bc-f0bf09d923bc 9458f8e4cf224610961ced21323f5e0b 56254cec822f46ebbd84731c4f386dca - - default default] 10.0.0.114 "GET /v2.0/security-groups HTTP/1.1" status: 200 len: 2996 time: 0.0457020
2026-04-23 01:31:42.837 9 INFO neutron.api.v2.resource [None req-ee08d42a-e4d6-46e6-9d62-c42289414eaf 9458f8e4cf224610961ced21323f5e0b 56254cec822f46ebbd84731c4f386dca - - default default] delete failed (client error): The resource could not be found.
2026-04-23 01:31:42.838 9 INFO neutron.wsgi [None req-ee08d42a-e4d6-46e6-9d62-c42289414eaf 9458f8e4cf224610961ced21323f5e0b 56254cec822f46ebbd84731c4f386dca - - default default] 10.0.0.114 "DELETE /v2.0/security-groups/811e326f-a8e4-4e62-bf90-48eab8c00c77 HTTP/1.1" status: 404 len: 347 time: 0.0144360
2026-04-23 01:31:42.852 9 WARNING neutron_lib.context [None req-f0dbba93-6ed2-4ac0-a140-dc3a3cf44b18 9458f8e4cf224610961ced21323f5e0b 56254cec822f46ebbd84731c4f386dca - - default default] Method 'is_advsvc' is deprecated since 2023.2 release (neutron-lib 3.8.0) and will be removed once support for the old RBAC API policies will be removed from Neutron. Please use method 'is_service_role' instead.
2026-04-23 01:31:42.898 9 INFO neutron.db.ovn_revision_numbers_db [None req-842ca71a-7004-40c5-90bd-3e77ff94ae7b addd3f86708547f7bba56c7301fc4a93 7cc0fe892196459f9e3a0777af3f64a9 - - default default] Successfully bumped revision number for resource 561e2d15-deb2-4f0b-964e-0b7fce7c59a4 (type: ports) to 2
2026-04-23 01:31:42.927 10 INFO neutron.db.ovn_revision_numbers_db [None req-8369fc2b-6794-4f43-be02-52cda79c5ccc 76ffebb8900244cbb0642ecc2fb3cc7e a6ac9479bf2643e08bbbc8661b6cbde2 - - default default] Successfully bumped revision number for resource 8a6c9d44-5439-4b3f-8ca5-488b5ade666e (type: networks) to 1
2026-04-23 01:31:42.960 9 INFO neutron.db.ovn_revision_numbers_db [None req-842ca71a-7004-40c5-90bd-3e77ff94ae7b addd3f86708547f7bba56c7301fc4a93 7cc0fe892196459f9e3a0777af3f64a9 - - default default] Successfully bumped revision number for resource e3bc4278-bed6-4b5c-bf02-ba9a3c8c1bc4 (type: subnets) to 0
2026-04-23 01:31:42.987 9 INFO neutron.wsgi [None req-842ca71a-7004-40c5-90bd-3e77ff94ae7b addd3f86708547f7bba56c7301fc4a93 7cc0fe892196459f9e3a0777af3f64a9 - - default default] 10.0.0.114 "POST /v2.0/subnets HTTP/1.1" status: 201 len: 816 time: 1.4256475
2026-04-23 01:31:43.009 10 WARNING neutron_lib.context [None req-e40f36ec-95f4-4d1d-bdb9-2411d3b3d9a4 addd3f86708547f7bba56c7301fc4a93 7cc0fe892196459f9e3a0777af3f64a9 - - default default] Method 'is_advsvc' is deprecated since 2023.2 release (neutron-lib 3.8.0) and will be removed once support for the old RBAC API policies will be removed from Neutron. Please use method 'is_service_role' instead.
2026-04-23 01:31:43.049 9 INFO neutron.db.ovn_revision_numbers_db [None req-f0dbba93-6ed2-4ac0-a140-dc3a3cf44b18 9458f8e4cf224610961ced21323f5e0b 56254cec822f46ebbd84731c4f386dca - - default default] Successfully bumped revision number for resource 42ab1af6-972a-433b-9f2f-3c860a49316a (type: security_groups) to 1
2026-04-23 01:31:43.066 9 INFO neutron.db.ovn_revision_numbers_db [None req-f0dbba93-6ed2-4ac0-a140-dc3a3cf44b18 9458f8e4cf224610961ced21323f5e0b 56254cec822f46ebbd84731c4f386dca - - default default] Successfully bumped revision number for resource 6fb2a2d3-140e-4866-9bb0-e5a6c3ba6e07 (type: security_group_rules) to 0
2026-04-23 01:31:43.091 9 INFO neutron.db.ovn_revision_numbers_db [None req-f0dbba93-6ed2-4ac0-a140-dc3a3cf44b18 9458f8e4cf224610961ced21323f5e0b 56254cec822f46ebbd84731c4f386dca - - default default] Successfully bumped revision number for resource 9f008a06-3434-4086-acae-597845ca732a (type: security_group_rules) to 0
2026-04-23 01:31:43.128 9 INFO neutron.wsgi [None req-f0dbba93-6ed2-4ac0-a140-dc3a3cf44b18 9458f8e4cf224610961ced21323f5e0b 56254cec822f46ebbd84731c4f386dca - - default default] 10.0.0.114 "POST /v2.0/security-groups HTTP/1.1" status: 201 len: 1761 time: 0.2794082
2026-04-23 01:31:43.144 10 INFO neutron.db.segments_db [None req-e40f36ec-95f4-4d1d-bdb9-2411d3b3d9a4 addd3f86708547f7bba56c7301fc4a93 7cc0fe892196459f9e3a0777af3f64a9 - - default default] Added segment 53890fc3-b8e9-477c-b938-cc75b635463f of type geneve for network a18764b8-8f6b-464e-88b9-f65904d9b84a
2026-04-23 01:31:43.146 9 WARNING neutron_lib.context [None req-cf3664f5-f841-4004-8f5c-c93b7c5933eb 9458f8e4cf224610961ced21323f5e0b 56254cec822f46ebbd84731c4f386dca - - default default] Method 'is_advsvc' is deprecated since 2023.2 release (neutron-lib 3.8.0) and will be removed once support for the old RBAC API policies will be removed from Neutron. Please use method 'is_service_role' instead.
2026-04-23 01:31:43.175 10 WARNING neutron.scheduler.dhcp_agent_scheduler [None req-8369fc2b-6794-4f43-be02-52cda79c5ccc 76ffebb8900244cbb0642ecc2fb3cc7e a6ac9479bf2643e08bbbc8661b6cbde2 - - default default] No more DHCP agents
2026-04-23 01:31:43.179 10 WARNING neutron.api.rpc.agentnotifiers.dhcp_rpc_agent_api [None req-8369fc2b-6794-4f43-be02-52cda79c5ccc 76ffebb8900244cbb0642ecc2fb3cc7e a6ac9479bf2643e08bbbc8661b6cbde2 - - default default] Unable to schedule network 8a6c9d44-5439-4b3f-8ca5-488b5ade666e: no agents available; will retry on subsequent port and subnet creation events.
2026-04-23 01:31:43.233 9 INFO neutron.wsgi [None req-50356017-8ec8-4ae0-b332-efe95758987b b6dc6cd677734c0a9fecba33bd332593 2c28723a386344f88bcbdadac2a8ac99 - - default default] 10.0.0.114 "PUT /v2.0/routers/93428ad9-17fc-4de8-aa35-f41e925e2283/remove_router_interface HTTP/1.1" status: 200 len: 503 time: 1.1114342 /var/lib/openstack/lib/python3.10/site-packages/pycadf/identifier.py:71: UserWarning: Invalid uuid: neutron. To ensure interoperability, identifiers should be a valid uuid. warnings.warn(('Invalid uuid: %s. To ensure interoperability, '
2026-04-23 01:31:43.270 9 INFO neutron.wsgi [None req-5864fcb7-13a5-484d-bf5c-7aa5f2711694 b6dc6cd677734c0a9fecba33bd332593 2c28723a386344f88bcbdadac2a8ac99 - - default default] 10.0.0.114 "GET /v2.0/ports?device_id=93428ad9-17fc-4de8-aa35-f41e925e2283 HTTP/1.1" status: 200 len: 205 time: 0.0299563
2026-04-23 01:31:43.293 10 INFO neutron.db.ovn_revision_numbers_db [None req-8369fc2b-6794-4f43-be02-52cda79c5ccc 76ffebb8900244cbb0642ecc2fb3cc7e a6ac9479bf2643e08bbbc8661b6cbde2 - - default default] Successfully bumped revision number for resource 4b9f9740-6d4a-42bd-bd43-cdcdce3078ce (type: ports) to 1
2026-04-23 01:31:43.328 10 INFO neutron.wsgi [None req-8369fc2b-6794-4f43-be02-52cda79c5ccc 76ffebb8900244cbb0642ecc2fb3cc7e a6ac9479bf2643e08bbbc8661b6cbde2 - - default default] 10.0.0.114 "POST /v2.0/networks HTTP/1.1" status: 201 len: 829 time: 0.8834007
2026-04-23 01:31:43.340 10 WARNING neutron_lib.context [None req-b2382316-8542-44c6-ad79-4389e37a7c45 76ffebb8900244cbb0642ecc2fb3cc7e a6ac9479bf2643e08bbbc8661b6cbde2 - - default default] Method 'is_advsvc' is deprecated since 2023.2 release (neutron-lib 3.8.0) and will be removed once support for the old RBAC API policies will be removed from Neutron. Please use method 'is_service_role' instead.
2026-04-23 01:31:43.357 10 INFO neutron.db.ovn_revision_numbers_db [None req-e40f36ec-95f4-4d1d-bdb9-2411d3b3d9a4 addd3f86708547f7bba56c7301fc4a93 7cc0fe892196459f9e3a0777af3f64a9 - - default default] Successfully bumped revision number for resource a18764b8-8f6b-464e-88b9-f65904d9b84a (type: networks) to 1
2026-04-23 01:31:43.426 9 INFO neutron.db.ovn_revision_numbers_db [None req-cf3664f5-f841-4004-8f5c-c93b7c5933eb 9458f8e4cf224610961ced21323f5e0b 56254cec822f46ebbd84731c4f386dca - - default default] Successfully bumped revision number for resource eef237e3-bce6-4bbe-9b9c-ed1e4fa870d2 (type: security_group_rules) to 0
2026-04-23 01:31:43.487 9 INFO neutron.wsgi [None req-cf3664f5-f841-4004-8f5c-c93b7c5933eb 9458f8e4cf224610961ced21323f5e0b 56254cec822f46ebbd84731c4f386dca - - default default] 10.0.0.114 "POST /v2.0/security-group-rules HTTP/1.1" status: 201 len: 768 time: 0.3519890
2026-04-23 01:31:43.550 10 INFO neutron.wsgi [None req-bdc31a7b-13a9-473c-85f0-8c931d6a234a 9458f8e4cf224610961ced21323f5e0b 56254cec822f46ebbd84731c4f386dca - - default default] 10.0.0.114 "GET /v2.0/security-group-rules/eef237e3-bce6-4bbe-9b9c-ed1e4fa870d2 HTTP/1.1" status: 200 len: 763 time: 0.0514390
2026-04-23 01:31:43.574 9 INFO neutron.wsgi [None req-11e2b168-6912-4212-bc33-51565be76658 b6dc6cd677734c0a9fecba33bd332593 2c28723a386344f88bcbdadac2a8ac99 - - default default] 10.0.0.114 "DELETE /v2.0/routers/93428ad9-17fc-4de8-aa35-f41e925e2283 HTTP/1.1" status: 204 len: 168 time: 0.2989094
2026-04-23 01:31:43.581 10 WARNING neutron.scheduler.dhcp_agent_scheduler [None req-e40f36ec-95f4-4d1d-bdb9-2411d3b3d9a4 addd3f86708547f7bba56c7301fc4a93 7cc0fe892196459f9e3a0777af3f64a9 - - default default] No more DHCP agents
2026-04-23 01:31:43.585 10 WARNING neutron.api.rpc.agentnotifiers.dhcp_rpc_agent_api [None req-e40f36ec-95f4-4d1d-bdb9-2411d3b3d9a4 addd3f86708547f7bba56c7301fc4a93 7cc0fe892196459f9e3a0777af3f64a9 - - default default] Unable to schedule network a18764b8-8f6b-464e-88b9-f65904d9b84a: no agents available; will retry on subsequent port and subnet creation events.
2026-04-23 01:31:43.638 9 INFO neutron.wsgi [None req-58694a03-1573-46b5-aa5c-59168d897e0c 9458f8e4cf224610961ced21323f5e0b 56254cec822f46ebbd84731c4f386dca - - default default] 10.0.0.114 "GET /v2.0/security-group-rules HTTP/1.1" status: 200 len: 4113 time: 0.0802448
2026-04-23 01:31:43.669 10 WARNING neutron.scheduler.dhcp_agent_scheduler [None req-b2382316-8542-44c6-ad79-4389e37a7c45 76ffebb8900244cbb0642ecc2fb3cc7e a6ac9479bf2643e08bbbc8661b6cbde2 - - default default] No more DHCP agents
2026-04-23 01:31:43.680 10 WARNING neutron.api.rpc.agentnotifiers.dhcp_rpc_agent_api [None req-b2382316-8542-44c6-ad79-4389e37a7c45 76ffebb8900244cbb0642ecc2fb3cc7e a6ac9479bf2643e08bbbc8661b6cbde2 - - default default] Unable to schedule network 8a6c9d44-5439-4b3f-8ca5-488b5ade666e: no agents available; will retry on subsequent port and subnet creation events.
2026-04-23 01:31:43.708 10 INFO neutron.db.ovn_revision_numbers_db [None req-e40f36ec-95f4-4d1d-bdb9-2411d3b3d9a4 addd3f86708547f7bba56c7301fc4a93 7cc0fe892196459f9e3a0777af3f64a9 - - default default] Successfully bumped revision number for resource 46cb85a0-54f5-49c8-9b0b-6a33b848f602 (type: ports) to 1
2026-04-23 01:31:43.742 10 INFO neutron.wsgi [None req-e40f36ec-95f4-4d1d-bdb9-2411d3b3d9a4 addd3f86708547f7bba56c7301fc4a93 7cc0fe892196459f9e3a0777af3f64a9 - - default default] 10.0.0.114 "POST /v2.0/networks HTTP/1.1" status: 201 len: 843 time: 0.7458460
2026-04-23 01:31:43.815 9 INFO neutron.wsgi [None req-ea56e9b0-9c1e-432a-af91-dff12e13a21b b6dc6cd677734c0a9fecba33bd332593 2c28723a386344f88bcbdadac2a8ac99 - - default default] 10.0.0.114 "DELETE /v2.0/subnets/c40a9744-37e2-4f9f-9387-ae09bc06b8f2 HTTP/1.1" status: 204 len: 168 time: 0.2352629
2026-04-23 01:31:43.850 10 INFO neutron.wsgi [None req-9b31923a-dafd-47b4-8c82-29d1f043a9c0 9458f8e4cf224610961ced21323f5e0b 56254cec822f46ebbd84731c4f386dca - - default default] 10.0.0.114 "DELETE /v2.0/security-group-rules/eef237e3-bce6-4bbe-9b9c-ed1e4fa870d2 HTTP/1.1" status: 204 len: 168 time: 0.2025762
2026-04-23 01:31:43.903 9 INFO neutron.wsgi [None req-1c9058c0-f5dc-476d-a8e3-22cab8268870 9458f8e4cf224610961ced21323f5e0b 56254cec822f46ebbd84731c4f386dca - - default default] 10.0.0.114 "GET /v2.0/security-group-rules HTTP/1.1" status: 200 len: 3567 time: 0.0459902
2026-04-23 01:31:43.915 10 WARNING neutron_lib.context [None req-75643b3b-b5a7-4933-86a8-751d54563a25 9458f8e4cf224610961ced21323f5e0b 56254cec822f46ebbd84731c4f386dca - - default default] Method 'is_advsvc' is deprecated since 2023.2 release (neutron-lib 3.8.0) and will be removed once support for the old RBAC API policies will be removed from Neutron. Please use method 'is_service_role' instead.
2026-04-23 01:31:43.963 9 INFO neutron.db.ovn_revision_numbers_db [None req-0f04bdfc-82d3-4e5a-9f06-3b3d1f54fb8e addd3f86708547f7bba56c7301fc4a93 7cc0fe892196459f9e3a0777af3f64a9 - - default default] Successfully bumped revision number for resource a18764b8-8f6b-464e-88b9-f65904d9b84a (type: networks) to 2
2026-04-23 01:31:43.968 9 INFO neutron.wsgi [None req-0f04bdfc-82d3-4e5a-9f06-3b3d1f54fb8e addd3f86708547f7bba56c7301fc4a93 7cc0fe892196459f9e3a0777af3f64a9 - - default default] 10.0.0.114 "PUT /v2.0/networks/a18764b8-8f6b-464e-88b9-f65904d9b84a HTTP/1.1" status: 200 len: 792 time: 0.2197919
