2026-04-23 01:29:48.032 10 INFO neutron.wsgi [req-5ef2f29c-fa78-42f7-83cc-faccf0213aac req-7b37dedf-af32-4968-9ae7-e68edfd0f109 670f2b3f99184349923129a61236afa2 434c52c271df47cf938a34dbc3ad05a3 - - 1aaf39911e524cf8a4d86f572088f256 1aaf39911e524cf8a4d86f572088f256] 199.204.45.155 "GET /v2.0/networks?id=f8a4bcdf-249e-47d1-8a28-bce20ae31673 HTTP/1.1" status: 200 len: 972 time: 0.1018417
2026-04-23 01:29:48.086 9 INFO neutron.db.ovn_revision_numbers_db [None req-df198921-690a-4032-95a1-8a6e6905ab7d - - - - - -] Successfully bumped revision number for resource e0dde2b3-86af-433d-80b6-8730ec3ae708 (type: ports) to 4
2026-04-23 01:29:48.092 10 WARNING neutron.scheduler.dhcp_agent_scheduler [None req-628c5724-d14e-4494-a118-f8b3abd246ae bf4043cc0f434387877d79221075a19a 6162cc77efe94e49b38ec87dcb9d6fc9 - - default default] No more DHCP agents
2026-04-23 01:29:48.095 10 INFO neutron.wsgi [req-c7edd47f-4a7d-41f0-a663-6074e48da700 req-a7732ad7-9168-4ffa-9f0f-3871a387dcab 173856557fec4f97bc82ed60cfce768d 7c8429a564ee4d8d9fda81d9822e532c - - default default] 10.0.0.164 "GET /v2.0/security-groups?id=eecd285e-295e-48da-9882-eb96d6df1d12&fields=id&fields=name HTTP/1.1" status: 200 len: 313 time: 0.0918968
2026-04-23 01:29:48.096 10 WARNING neutron.api.rpc.agentnotifiers.dhcp_rpc_agent_api [None req-628c5724-d14e-4494-a118-f8b3abd246ae bf4043cc0f434387877d79221075a19a 6162cc77efe94e49b38ec87dcb9d6fc9 - - default default] Unable to schedule network e8bd5a05-9eec-4f42-8d97-7e87ee00d1a5: no agents available; will retry on subsequent port and subnet creation events.
2026-04-23 01:29:48.100 10 INFO neutron.wsgi [req-5ef2f29c-fa78-42f7-83cc-faccf0213aac req-8ff63efe-013a-4d03-afee-75e70bbe340a 670f2b3f99184349923129a61236afa2 434c52c271df47cf938a34dbc3ad05a3 - - 1aaf39911e524cf8a4d86f572088f256 1aaf39911e524cf8a4d86f572088f256] 199.204.45.155 "GET /v2.0/floatingips?fixed_ip_address=10.100.0.3&port_id=5b724f95-6196-4410-aa59-76b136ed00f4 HTTP/1.1" status: 200 len: 1059 time: 0.0611885
2026-04-23 01:29:48.144 10 INFO neutron.wsgi [req-5ef2f29c-fa78-42f7-83cc-faccf0213aac req-e265e5b3-6586-4e8a-b84f-b8a499cbc7da 670f2b3f99184349923129a61236afa2 434c52c271df47cf938a34dbc3ad05a3 - - 1aaf39911e524cf8a4d86f572088f256 1aaf39911e524cf8a4d86f572088f256] 199.204.45.155 "GET /v2.0/subnets?id=ec53d01b-69c2-435d-b44d-83afe6342c37 HTTP/1.1" status: 200 len: 868 time: 0.0345917
2026-04-23 01:29:48.192 10 INFO neutron.wsgi [req-5ef2f29c-fa78-42f7-83cc-faccf0213aac req-89cdd784-1dbe-4dd6-9615-ffe07ee47222 670f2b3f99184349923129a61236afa2 434c52c271df47cf938a34dbc3ad05a3 - - 1aaf39911e524cf8a4d86f572088f256 1aaf39911e524cf8a4d86f572088f256] 199.204.45.155 "GET /v2.0/ports?network_id=f8a4bcdf-249e-47d1-8a28-bce20ae31673&device_owner=network%3Adhcp HTTP/1.1" status: 200 len: 210 time: 0.0354624
2026-04-23 01:29:48.271 10 INFO neutron.wsgi [req-5ef2f29c-fa78-42f7-83cc-faccf0213aac req-e8f54129-2843-4b81-ad57-dae77171978e 670f2b3f99184349923129a61236afa2 434c52c271df47cf938a34dbc3ad05a3 - - 1aaf39911e524cf8a4d86f572088f256 1aaf39911e524cf8a4d86f572088f256] 199.204.45.155 "GET /v2.0/networks/f8a4bcdf-249e-47d1-8a28-bce20ae31673?fields=segments HTTP/1.1" status: 200 len: 212 time: 0.0646515
2026-04-23 01:29:48.355 9 INFO neutron.db.ovn_revision_numbers_db [None req-df198921-690a-4032-95a1-8a6e6905ab7d - - - - - -] Successfully bumped revision number for resource e0dde2b3-86af-433d-80b6-8730ec3ae708 (type: router_ports) to 4
2026-04-23 01:29:48.371 10 INFO neutron.wsgi [req-5ef2f29c-fa78-42f7-83cc-faccf0213aac req-d7e5ddd7-b1c5-48f5-97e1-e915464e2c0f 670f2b3f99184349923129a61236afa2 434c52c271df47cf938a34dbc3ad05a3 - - 1aaf39911e524cf8a4d86f572088f256 1aaf39911e524cf8a4d86f572088f256] 199.204.45.155 "GET /v2.0/networks/f8a4bcdf-249e-47d1-8a28-bce20ae31673?fields=provider%3Aphysical_network&fields=provider%3Anetwork_type HTTP/1.1" status: 200 len: 277 time: 0.0875068
2026-04-23 01:29:48.597 10 INFO neutron.wsgi [req-7fb41782-59ab-43a8-9c66-c4c5cdca0981 req-0da9ba87-8d65-4f4f-8e3b-615c2888c8cf 173856557fec4f97bc82ed60cfce768d 7c8429a564ee4d8d9fda81d9822e532c - - default default] 10.0.0.164 "GET /v2.0/ports?device_id=415df558-84c2-4a03-af73-3c3555113230 HTTP/1.1" status: 200 len: 1170 time: 0.0447419
2026-04-23 01:29:48.668 10 INFO neutron.wsgi [req-7fb41782-59ab-43a8-9c66-c4c5cdca0981 req-ca1c9cbc-7cfa-4634-9f47-f0ae205fc8be 173856557fec4f97bc82ed60cfce768d 7c8429a564ee4d8d9fda81d9822e532c - - default default] 10.0.0.164 "GET /v2.0/security-groups?id=eecd285e-295e-48da-9882-eb96d6df1d12&fields=id&fields=name HTTP/1.1" status: 200 len: 313 time: 0.0635939
2026-04-23 01:29:48.757 9 INFO neutron.plugins.ml2.drivers.ovn.mech_driver.mech_driver [None req-bc603fbf-d939-4bd9-9bc0-7f9b21ed1414 - - - - - -] OVN reports status up for port: a074dfea-6c97-41f2-a3c9-30e5ac2d1459
2026-04-23 01:29:48.770 9 INFO neutron.plugins.ml2.plugin [None req-bc603fbf-d939-4bd9-9bc0-7f9b21ed1414 - - - - - -] Attempt 1 to provision port a074dfea-6c97-41f2-a3c9-30e5ac2d1459
2026-04-23 01:29:48.962 10 INFO neutron.db.ovn_revision_numbers_db [None req-628c5724-d14e-4494-a118-f8b3abd246ae bf4043cc0f434387877d79221075a19a 6162cc77efe94e49b38ec87dcb9d6fc9 - - default default] Successfully bumped revision number for resource a074dfea-6c97-41f2-a3c9-30e5ac2d1459 (type: router_ports) to 1
2026-04-23 01:29:48.964 10 INFO neutron.wsgi [None req-628c5724-d14e-4494-a118-f8b3abd246ae bf4043cc0f434387877d79221075a19a 6162cc77efe94e49b38ec87dcb9d6fc9 - - default default] 10.0.0.114 "PUT /v2.0/routers/597ba5b1-9d00-4a93-9d19-403fa836a0ad/add_router_interface HTTP/1.1" status: 200 len: 503 time: 2.4586756
2026-04-23 01:29:49.057 10 INFO neutron.wsgi [req-33623462-b8d9-4b2f-8611-80a1a2175faf req-f82101af-4bc8-4d03-8db0-9d4d7a4959e1 173856557fec4f97bc82ed60cfce768d 7c8429a564ee4d8d9fda81d9822e532c - - default default] 199.204.45.155 "GET /v2.0/ports?device_id=415df558-84c2-4a03-af73-3c3555113230 HTTP/1.1" status: 200 len: 1170 time: 0.0449922
2026-04-23 01:29:49.120 9 INFO neutron.db.ovn_revision_numbers_db [None req-bc603fbf-d939-4bd9-9bc0-7f9b21ed1414 - - - - - -] Successfully bumped revision number for resource a074dfea-6c97-41f2-a3c9-30e5ac2d1459 (type: ports) to 2
2026-04-23 01:29:49.204 9 INFO neutron.db.ovn_revision_numbers_db [None req-bc603fbf-d939-4bd9-9bc0-7f9b21ed1414 - - - - - -] Successfully bumped revision number for resource a074dfea-6c97-41f2-a3c9-30e5ac2d1459 (type: router_ports) to 2 /var/lib/openstack/lib/python3.10/site-packages/pycadf/identifier.py:71: UserWarning: Invalid uuid: neutron. To ensure interoperability, identifiers should be a valid uuid. warnings.warn(('Invalid uuid: %s. To ensure interoperability, '
2026-04-23 01:29:49.509 9 WARNING neutron_lib.context [None req-f567de71-5a22-4b0e-8cd2-28fc2f3bf9f5 e158e549e3b44d66bc5d0078f197508b 84fddd1646114ee9a41c24b1b65a0bc6 - - default default] Method 'is_advsvc' is deprecated since 2023.2 release (neutron-lib 3.8.0) and will be removed once support for the old RBAC API policies will be removed from Neutron. Please use method 'is_service_role' instead.
2026-04-23 01:29:49.633 9 INFO neutron.db.ovn_revision_numbers_db [None req-f567de71-5a22-4b0e-8cd2-28fc2f3bf9f5 e158e549e3b44d66bc5d0078f197508b 84fddd1646114ee9a41c24b1b65a0bc6 - - default default] Successfully bumped revision number for resource 9b61372f-5518-4e8f-95b2-035701ddb42f (type: security_groups) to 1
2026-04-23 01:29:49.643 10 INFO neutron.db.l3_db [req-33623462-b8d9-4b2f-8611-80a1a2175faf req-6ea0432d-2eab-4484-961d-da92e4c7e5c9 173856557fec4f97bc82ed60cfce768d 7c8429a564ee4d8d9fda81d9822e532c - - default default] Floating IP c4ef0660-6199-4738-b667-87361d9da746 disassociated. External IP: 10.96.250.215, port: 5b724f95-6196-4410-aa59-76b136ed00f4.
2026-04-23 01:29:49.657 9 INFO neutron.db.ovn_revision_numbers_db [None req-f567de71-5a22-4b0e-8cd2-28fc2f3bf9f5 e158e549e3b44d66bc5d0078f197508b 84fddd1646114ee9a41c24b1b65a0bc6 - - default default] Successfully bumped revision number for resource 68e19920-cb81-45a4-aea4-ba30b98746e3 (type: security_group_rules) to 0
2026-04-23 01:29:49.668 9 INFO neutron.db.ovn_revision_numbers_db [None req-f567de71-5a22-4b0e-8cd2-28fc2f3bf9f5 e158e549e3b44d66bc5d0078f197508b 84fddd1646114ee9a41c24b1b65a0bc6 - - default default] Successfully bumped revision number for resource bbc263fd-307b-4fb0-bfd9-d2cb1e035a57 (type: security_group_rules) to 0
2026-04-23 01:29:49.694 9 INFO neutron.wsgi [None req-f567de71-5a22-4b0e-8cd2-28fc2f3bf9f5 e158e549e3b44d66bc5d0078f197508b 84fddd1646114ee9a41c24b1b65a0bc6 - - default default] 10.0.0.114 "POST /v2.0/security-groups HTTP/1.1" status: 201 len: 1796 time: 0.1914747
2026-04-23 01:29:49.705 9 WARNING neutron_lib.context [None req-d63c0122-84bb-440f-b123-c71fae267be8 e158e549e3b44d66bc5d0078f197508b 84fddd1646114ee9a41c24b1b65a0bc6 - - default default] Method 'is_advsvc' is deprecated since 2023.2 release (neutron-lib 3.8.0) and will be removed once support for the old RBAC API policies will be removed from Neutron. Please use method 'is_service_role' instead.
2026-04-23 01:29:49.784 10 INFO neutron.wsgi [req-e04eac20-24fb-4304-ac1c-89ae9c2cf0ab req-cacc51d5-0834-4a61-997d-edd537b833ec 173856557fec4f97bc82ed60cfce768d 7c8429a564ee4d8d9fda81d9822e532c - - default default] 10.0.0.164 "GET /v2.0/ports?device_id=415df558-84c2-4a03-af73-3c3555113230 HTTP/1.1" status: 200 len: 1170 time: 0.0460553
2026-04-23 01:29:49.845 10 INFO neutron.wsgi [req-e04eac20-24fb-4304-ac1c-89ae9c2cf0ab req-1ac77ee4-88ab-4c84-a1e8-d33d1094dea0 173856557fec4f97bc82ed60cfce768d 7c8429a564ee4d8d9fda81d9822e532c - - default default] 10.0.0.164 "GET /v2.0/security-groups?id=eecd285e-295e-48da-9882-eb96d6df1d12&fields=id&fields=name HTTP/1.1" status: 200 len: 313 time: 0.0549035
2026-04-23 01:29:49.847 9 INFO neutron.db.ovn_revision_numbers_db [None req-d63c0122-84bb-440f-b123-c71fae267be8 e158e549e3b44d66bc5d0078f197508b 84fddd1646114ee9a41c24b1b65a0bc6 - - default default] Successfully bumped revision number for resource be41f430-90fc-4540-bb69-d58c334fc217 (type: security_group_rules) to 0
2026-04-23 01:29:49.850 10 INFO neutron.wsgi [req-33623462-b8d9-4b2f-8611-80a1a2175faf req-6ea0432d-2eab-4484-961d-da92e4c7e5c9 173856557fec4f97bc82ed60cfce768d 7c8429a564ee4d8d9fda81d9822e532c - - default default] 199.204.45.155 "DELETE /v2.0/ports/5b724f95-6196-4410-aa59-76b136ed00f4 HTTP/1.1" status: 204 len: 173 time: 0.7885528
2026-04-23 01:29:49.895 10 INFO neutron.notifiers.nova [-] Nova event matching ['req-7db75dbc-b273-452e-8a47-ce050aa93076'] response: {'server_uuid': '415df558-84c2-4a03-af73-3c3555113230', 'name': 'network-vif-deleted', 'tag': '5b724f95-6196-4410-aa59-76b136ed00f4', 'status': 'completed', 'code': 200}
2026-04-23 01:29:49.928 9 INFO neutron.wsgi [None req-d63c0122-84bb-440f-b123-c71fae267be8 e158e549e3b44d66bc5d0078f197508b 84fddd1646114ee9a41c24b1b65a0bc6 - - default default] 10.0.0.114 "POST /v2.0/security-group-rules HTTP/1.1" status: 201 len: 764 time: 0.2265697
2026-04-23 01:29:49.938 9 WARNING neutron_lib.context [None req-6e2e77f7-d614-4afa-a070-ddd5d4f13566 e158e549e3b44d66bc5d0078f197508b 84fddd1646114ee9a41c24b1b65a0bc6 - - default default] Method 'is_advsvc' is deprecated since 2023.2 release (neutron-lib 3.8.0) and will be removed once support for the old RBAC API policies will be removed from Neutron. Please use method 'is_service_role' instead.
2026-04-23 01:29:50.264 9 INFO neutron.db.ovn_revision_numbers_db [None req-6e2e77f7-d614-4afa-a070-ddd5d4f13566 e158e549e3b44d66bc5d0078f197508b 84fddd1646114ee9a41c24b1b65a0bc6 - - default default] Successfully bumped revision number for resource 9d050796-5355-4821-9ef6-94737702a08b (type: security_group_rules) to 0
2026-04-23 01:29:50.295 9 INFO neutron.wsgi [None req-6e2e77f7-d614-4afa-a070-ddd5d4f13566 e158e549e3b44d66bc5d0078f197508b 84fddd1646114ee9a41c24b1b65a0bc6 - - default default] 10.0.0.114 "POST /v2.0/security-group-rules HTTP/1.1" status: 201 len: 769 time: 0.3623869
2026-04-23 01:29:50.306 9 WARNING neutron_lib.context [None req-9a6c7815-b470-4a31-9db3-5fe16456a02b e158e549e3b44d66bc5d0078f197508b 84fddd1646114ee9a41c24b1b65a0bc6 - - default default] Method 'is_advsvc' is deprecated since 2023.2 release (neutron-lib 3.8.0) and will be removed once support for the old RBAC API policies will be removed from Neutron. Please use method 'is_service_role' instead.
2026-04-23 01:29:50.591 9 WARNING neutron.scheduler.dhcp_agent_scheduler [None req-9a6c7815-b470-4a31-9db3-5fe16456a02b e158e549e3b44d66bc5d0078f197508b 84fddd1646114ee9a41c24b1b65a0bc6 - - default default] No more DHCP agents
2026-04-23 01:29:50.594 9 WARNING neutron.api.rpc.agentnotifiers.dhcp_rpc_agent_api [None req-9a6c7815-b470-4a31-9db3-5fe16456a02b e158e549e3b44d66bc5d0078f197508b 84fddd1646114ee9a41c24b1b65a0bc6 - - default default] Unable to schedule network 060f2c82-7e0f-4cad-934b-6728ac842465: no agents available; will retry on subsequent port and subnet creation events.
2026-04-23 01:29:50.903 9 INFO neutron.db.ovn_revision_numbers_db [None req-9a6c7815-b470-4a31-9db3-5fe16456a02b e158e549e3b44d66bc5d0078f197508b 84fddd1646114ee9a41c24b1b65a0bc6 - - default default] Successfully bumped revision number for resource 321dd23d-7f61-46d5-b7b5-0fab95bba10e (type: floatingips) to 0
2026-04-23 01:29:50.954 9 INFO neutron.wsgi [None req-9a6c7815-b470-4a31-9db3-5fe16456a02b e158e549e3b44d66bc5d0078f197508b 84fddd1646114ee9a41c24b1b65a0bc6 - - default default] 10.0.0.114 "POST /v2.0/floatingips HTTP/1.1" status: 201 len: 751 time: 0.6545753
2026-04-23 01:29:51.097 10 INFO neutron.wsgi [None req-569f8c67-8570-4dd3-9c50-c26adf37eaa2 173856557fec4f97bc82ed60cfce768d 7c8429a564ee4d8d9fda81d9822e532c - - default default] 10.0.0.114 "DELETE /v2.0/security-groups/eecd285e-295e-48da-9882-eb96d6df1d12 HTTP/1.1" status: 204 len: 168 time: 0.1411800
2026-04-23 01:29:51.114 10 INFO neutron.api.v2.resource [None req-2eca5462-f6bd-4df0-945d-8d371a73d1a9 173856557fec4f97bc82ed60cfce768d 7c8429a564ee4d8d9fda81d9822e532c - - default default] show failed (client error): The resource could not be found.
2026-04-23 01:29:51.117 10 INFO neutron.wsgi [None req-2eca5462-f6bd-4df0-945d-8d371a73d1a9 173856557fec4f97bc82ed60cfce768d 7c8429a564ee4d8d9fda81d9822e532c - - default default] 10.0.0.114 "GET /v2.0/security-groups/eecd285e-295e-48da-9882-eb96d6df1d12 HTTP/1.1" status: 404 len: 347 time: 0.0149038
2026-04-23 01:29:51.516 10 INFO neutron.wsgi [None req-8e450a44-55df-4f12-935c-b8013180fab0 173856557fec4f97bc82ed60cfce768d 7c8429a564ee4d8d9fda81d9822e532c - - default default] 10.0.0.114 "DELETE /v2.0/floatingips/c4ef0660-6199-4738-b667-87361d9da746 HTTP/1.1" status: 204 len: 168 time: 0.3956094
2026-04-23 01:29:52.850 9 INFO neutron.wsgi [None req-b51ad3a7-6b9d-4272-b9c0-17da4729473c bf4043cc0f434387877d79221075a19a 6162cc77efe94e49b38ec87dcb9d6fc9 - - default default] 10.0.0.114 "PUT /v2.0/routers/d9a1b9cd-101c-4e9f-9697-4a0869830a5d/remove_router_interface HTTP/1.1" status: 200 len: 503 time: 1.3282602 /var/lib/openstack/lib/python3.10/site-packages/pycadf/identifier.py:71: UserWarning: Invalid uuid: neutron. To ensure interoperability, identifiers should be a valid uuid. warnings.warn(('Invalid uuid: %s. To ensure interoperability, '
2026-04-23 01:29:53.350 10 INFO neutron.db.ovn_revision_numbers_db [None req-e93dc950-c625-4026-bc17-8bf2864cdd17 bf4043cc0f434387877d79221075a19a 6162cc77efe94e49b38ec87dcb9d6fc9 - - default default] Successfully bumped revision number for resource d3cab116-ee27-490e-9bbb-6014fa08d390 (type: security_groups) to 1
2026-04-23 01:29:53.365 10 INFO neutron.db.ovn_revision_numbers_db [None req-e93dc950-c625-4026-bc17-8bf2864cdd17 bf4043cc0f434387877d79221075a19a 6162cc77efe94e49b38ec87dcb9d6fc9 - - default default] Successfully bumped revision number for resource 53fdbe6d-1de6-4309-b5c3-aed40ae89c18 (type: security_group_rules) to 0
2026-04-23 01:29:53.389 10 INFO neutron.db.ovn_revision_numbers_db [None req-e93dc950-c625-4026-bc17-8bf2864cdd17 bf4043cc0f434387877d79221075a19a 6162cc77efe94e49b38ec87dcb9d6fc9 - - default default] Successfully bumped revision number for resource 896d2f1a-4c9e-43e6-904c-57414d52f391 (type: security_group_rules) to 0
2026-04-23 01:29:53.404 10 INFO neutron.db.ovn_revision_numbers_db [None req-e93dc950-c625-4026-bc17-8bf2864cdd17 bf4043cc0f434387877d79221075a19a 6162cc77efe94e49b38ec87dcb9d6fc9 - - default default] Successfully bumped revision number for resource b5822fdf-bcac-411c-8492-f203797d8366 (type: security_group_rules) to 0
2026-04-23 01:29:53.421 10 INFO neutron.db.ovn_revision_numbers_db [None req-e93dc950-c625-4026-bc17-8bf2864cdd17 bf4043cc0f434387877d79221075a19a 6162cc77efe94e49b38ec87dcb9d6fc9 - - default default] Successfully bumped revision number for resource f09d16cc-8cce-4a99-9d76-5dab688b4e69 (type: security_group_rules) to 0
2026-04-23 01:29:53.446 10 INFO neutron.wsgi [None req-e93dc950-c625-4026-bc17-8bf2864cdd17 bf4043cc0f434387877d79221075a19a 6162cc77efe94e49b38ec87dcb9d6fc9 - - default default] 10.0.0.114 "GET /v2.0/security-groups?tenant_id=ef7d9548ce7a48ffa7afa1ecfa35ccc7&name=default HTTP/1.1" status: 200 len: 2996 time: 0.3296821
2026-04-23 01:29:53.670 10 INFO neutron.wsgi [None req-2eab4624-dfa7-4222-9368-9bb77ccf187e bf4043cc0f434387877d79221075a19a 6162cc77efe94e49b38ec87dcb9d6fc9 - - default default] 10.0.0.114 "DELETE /v2.0/security-groups/d3cab116-ee27-490e-9bbb-6014fa08d390 HTTP/1.1" status: 204 len: 168 time: 0.2191985
2026-04-23 01:29:53.782 9 INFO neutron.wsgi [None req-83cb4200-924a-4c4a-b420-c9767cf2d687 bf4043cc0f434387877d79221075a19a 6162cc77efe94e49b38ec87dcb9d6fc9 - - default default] 10.0.0.114 "DELETE /v2.0/routers/d9a1b9cd-101c-4e9f-9697-4a0869830a5d HTTP/1.1" status: 204 len: 168 time: 0.9249406
2026-04-23 01:29:53.943 9 INFO neutron.db.ovn_revision_numbers_db [None req-3d1f244a-c871-4c28-8815-2417c1f82976 bf4043cc0f434387877d79221075a19a 6162cc77efe94e49b38ec87dcb9d6fc9 - - default default] Successfully bumped revision number for resource 03daf412-1f10-407c-8c95-81fd931ddb9d (type: security_groups) to 1
2026-04-23 01:29:53.961 9 INFO neutron.db.ovn_revision_numbers_db [None req-3d1f244a-c871-4c28-8815-2417c1f82976 bf4043cc0f434387877d79221075a19a 6162cc77efe94e49b38ec87dcb9d6fc9 - - default default] Successfully bumped revision number for resource 69331f07-9ea1-4ebc-add0-44705a69f72d (type: security_group_rules) to 0
2026-04-23 01:29:54.010 10 INFO neutron.wsgi [None req-45bcd37e-b93c-4523-8664-fa3227881ba4 bf4043cc0f434387877d79221075a19a 6162cc77efe94e49b38ec87dcb9d6fc9 - - default default] 10.0.0.114 "DELETE /v2.0/subnets/ec53d01b-69c2-435d-b44d-83afe6342c37 HTTP/1.1" status: 204 len: 168 time: 0.2233763
2026-04-23 01:29:54.014 9 INFO neutron.db.ovn_revision_numbers_db [None req-3d1f244a-c871-4c28-8815-2417c1f82976 bf4043cc0f434387877d79221075a19a 6162cc77efe94e49b38ec87dcb9d6fc9 - - default default] Successfully bumped revision number for resource 9b33e4da-dbb1-43dc-8f4e-0bf631ee5b98 (type: security_group_rules) to 0
2026-04-23 01:29:54.065 9 INFO neutron.db.ovn_revision_numbers_db [None req-3d1f244a-c871-4c28-8815-2417c1f82976 bf4043cc0f434387877d79221075a19a 6162cc77efe94e49b38ec87dcb9d6fc9 - - default default] Successfully bumped revision number for resource bc6824c3-1620-4633-aa0c-0135e84a2e06 (type: security_group_rules) to 0
2026-04-23 01:29:54.090 9 INFO neutron.db.ovn_revision_numbers_db [None req-3d1f244a-c871-4c28-8815-2417c1f82976 bf4043cc0f434387877d79221075a19a 6162cc77efe94e49b38ec87dcb9d6fc9 - - default default] Successfully bumped revision number for resource e58c074a-10cb-4fc5-b848-a2effbb01038 (type: security_group_rules) to 0
2026-04-23 01:29:54.114 9 INFO neutron.wsgi [None req-3d1f244a-c871-4c28-8815-2417c1f82976 bf4043cc0f434387877d79221075a19a 6162cc77efe94e49b38ec87dcb9d6fc9 - - default default] 10.0.0.114 "GET /v2.0/security-groups?tenant_id=b7612fb74bf54be1a75280961008a0f9&name=default HTTP/1.1" status: 200 len: 2996 time: 0.2980275
2026-04-23 01:29:54.253 9 WARNING neutron.plugins.ml2.drivers.ovn.mech_driver.ovsdb.ovn_client [None req-bc603fbf-d939-4bd9-9bc0-7f9b21ed1414 - - - - - -] No hosting information found for port a074dfea-6c97-41f2-a3c9-30e5ac2d1459: RuntimeError: No hosting information found for port a074dfea-6c97-41f2-a3c9-30e5ac2d1459
2026-04-23 01:29:54.254 9 INFO neutron.plugins.ml2.drivers.ovn.mech_driver.mech_driver [None req-bc603fbf-d939-4bd9-9bc0-7f9b21ed1414 - - - - - -] OVN reports status down for port: 5b724f95-6196-4410-aa59-76b136ed00f4
2026-04-23 01:29:54.376 10 INFO neutron.services.segments.plugin [-] Segment 6220ca18-7dc4-4e91-90a6-38192e189c7f resource provider aggregate not found
2026-04-23 01:29:54.382 10 INFO neutron.services.segments.plugin [-] Segment 6220ca18-7dc4-4e91-90a6-38192e189c7f resource provider aggregate not found
2026-04-23 01:29:54.389 10 INFO neutron.services.segments.plugin [-] Segment 6220ca18-7dc4-4e91-90a6-38192e189c7f resource provider not found; error: Placement Client Error (4xx): {"errors": [{"status": 404, "title": "Not Found", "detail": "The resource could not be found.\n\n No resource provider with uuid 6220ca18-7dc4-4e91-90a6-38192e189c7f found for delete ", "request_id": "req-639b5a52-7cde-49c6-aeea-e459816e31b4"}]}
2026-04-23 01:29:54.398 10 INFO neutron.services.segments.plugin [-] Segment 6220ca18-7dc4-4e91-90a6-38192e189c7f resource provider not found; error: Placement Client Error (4xx): {"errors": [{"status": 404, "title": "Not Found", "detail": "The resource could not be found.\n\n No resource provider with uuid 6220ca18-7dc4-4e91-90a6-38192e189c7f found for delete ", "request_id": "req-f9513089-afd8-48be-9544-7ee2cb25aeab"}]}
2026-04-23 01:29:54.521 10 INFO neutron.wsgi [None req-242a1dc9-b14c-4ff0-9846-41da4177d9e2 bf4043cc0f434387877d79221075a19a 6162cc77efe94e49b38ec87dcb9d6fc9 - - default default] 10.0.0.114 "DELETE /v2.0/networks/f8a4bcdf-249e-47d1-8a28-bce20ae31673 HTTP/1.1" status: 204 len: 168 time: 0.5063624
2026-04-23 01:29:54.597 9 INFO neutron.wsgi [None req-12c60eeb-5dd5-4800-a456-248a0fb260d8 bf4043cc0f434387877d79221075a19a 6162cc77efe94e49b38ec87dcb9d6fc9 - - default default] 10.0.0.114 "DELETE /v2.0/security-groups/03daf412-1f10-407c-8c95-81fd931ddb9d HTTP/1.1" status: 204 len: 168 time: 0.4779406 /var/lib/openstack/lib/python3.10/site-packages/pycadf/identifier.py:71: UserWarning: Invalid uuid: neutron. To ensure interoperability, identifiers should be a valid uuid. warnings.warn(('Invalid uuid: %s. To ensure interoperability, '
2026-04-23 01:29:54.787 9 INFO neutron.wsgi [None req-eb5c6f52-df37-4295-8a37-5921bcd95ec3 bf4043cc0f434387877d79221075a19a 6162cc77efe94e49b38ec87dcb9d6fc9 - - default default] 10.0.0.114 "GET /v2.0/security-groups?tenant_id=7c8429a564ee4d8d9fda81d9822e532c&name=default HTTP/1.1" status: 200 len: 2992 time: 0.0369489
2026-04-23 01:29:55.060 9 INFO neutron.wsgi [None req-7d40903f-1189-4498-af88-d58118c2b7ca bf4043cc0f434387877d79221075a19a 6162cc77efe94e49b38ec87dcb9d6fc9 - - default default] 10.0.0.114 "DELETE /v2.0/security-groups/84acdebb-9d90-485a-ab52-e3356ab04b0d HTTP/1.1" status: 204 len: 168 time: 0.2684591
2026-04-23 01:29:56.400 10 INFO neutron.wsgi [req-43224dcb-f71f-4196-b186-51cb225f7080 req-5819fff8-a423-4c6d-89c2-cee84a4ab910 670f2b3f99184349923129a61236afa2 434c52c271df47cf938a34dbc3ad05a3 - - 1aaf39911e524cf8a4d86f572088f256 1aaf39911e524cf8a4d86f572088f256] 10.0.0.167 "GET /v2.0/ports?device_id=3befbb7f-02fd-4782-9c46-811da6f46adc HTTP/1.1" status: 200 len: 1409 time: 0.3304381
2026-04-23 01:29:56.448 10 INFO neutron.wsgi [req-43224dcb-f71f-4196-b186-51cb225f7080 req-d0047e0f-36e6-40f6-bfbd-77a122f9a61a 670f2b3f99184349923129a61236afa2 434c52c271df47cf938a34dbc3ad05a3 - - 1aaf39911e524cf8a4d86f572088f256 1aaf39911e524cf8a4d86f572088f256] 10.0.0.167 "GET /v2.0/security-groups?id=9e7aebcb-0e89-4cb1-889e-9b117cc4f9d4&fields=id&fields=name HTTP/1.1" status: 200 len: 313 time: 0.0383236
2026-04-23 01:29:57.014 10 INFO neutron.wsgi [req-bf0d4ce8-fcd1-4bd6-9eef-76b7cc1dbe9c req-c1bc5c1d-6371-47a1-95c4-e68db4b4f085 e158e549e3b44d66bc5d0078f197508b 84fddd1646114ee9a41c24b1b65a0bc6 - - default default] 10.0.0.164 "GET /v2.0/security-groups?name=tempest-securitygroup--1966188149&fields=id&tenant_id=84fddd1646114ee9a41c24b1b65a0bc6 HTTP/1.1" status: 200 len: 267 time: 0.0387383
2026-04-23 01:29:57.123 10 INFO neutron.wsgi [req-bf0d4ce8-fcd1-4bd6-9eef-76b7cc1dbe9c req-cf391260-9676-4d96-bc3f-8af3e1b6655e e158e549e3b44d66bc5d0078f197508b 84fddd1646114ee9a41c24b1b65a0bc6 - - default default] 10.0.0.164 "GET /v2.0/networks?id=e8bd5a05-9eec-4f42-8d97-7e87ee00d1a5 HTTP/1.1" status: 200 len: 878 time: 0.1008224
2026-04-23 01:29:57.138 10 INFO neutron.wsgi [req-bf0d4ce8-fcd1-4bd6-9eef-76b7cc1dbe9c req-ff53111d-7afd-4160-a406-6c73029f48e0 e158e549e3b44d66bc5d0078f197508b 84fddd1646114ee9a41c24b1b65a0bc6 - - default default] 10.0.0.164 "GET /v2.0/quotas/84fddd1646114ee9a41c24b1b65a0bc6 HTTP/1.1" status: 200 len: 386 time: 0.0103352
2026-04-23 01:29:57.226 10 INFO neutron.wsgi [req-bf0d4ce8-fcd1-4bd6-9eef-76b7cc1dbe9c req-571eaa78-0b80-4339-b3f1-a3fd505e4191 e158e549e3b44d66bc5d0078f197508b 84fddd1646114ee9a41c24b1b65a0bc6 - - default default] 10.0.0.164 "GET /v2.0/ports?tenant_id=84fddd1646114ee9a41c24b1b65a0bc6&fields=id HTTP/1.1" status: 200 len: 302 time: 0.0843728
2026-04-23 01:29:57.296 10 INFO neutron.wsgi [req-bf0d4ce8-fcd1-4bd6-9eef-76b7cc1dbe9c req-406fec45-c3ff-40b9-a844-20530ff9e39b 670f2b3f99184349923129a61236afa2 434c52c271df47cf938a34dbc3ad05a3 - - 1aaf39911e524cf8a4d86f572088f256 1aaf39911e524cf8a4d86f572088f256] 10.0.0.164 "GET /v2.0/networks/e8bd5a05-9eec-4f42-8d97-7e87ee00d1a5?fields=segments HTTP/1.1" status: 200 len: 212 time: 0.0609782
2026-04-23 01:29:57.358 9 INFO neutron.db.ovn_revision_numbers_db [None req-6ea95dd6-5442-41af-be18-ba90991b376d bf4043cc0f434387877d79221075a19a 6162cc77efe94e49b38ec87dcb9d6fc9 - - default default] Successfully bumped revision number for resource a11eb8e0-1902-4cc8-afe4-cfc0530c6eb4 (type: security_groups) to 1
2026-04-23 01:29:57.369 10 INFO neutron.wsgi [req-bf0d4ce8-fcd1-4bd6-9eef-76b7cc1dbe9c req-b5b7582b-986e-42bc-892f-8f9211c98a77 670f2b3f99184349923129a61236afa2 434c52c271df47cf938a34dbc3ad05a3 - - 1aaf39911e524cf8a4d86f572088f256 1aaf39911e524cf8a4d86f572088f256] 10.0.0.164 "GET /v2.0/networks/e8bd5a05-9eec-4f42-8d97-7e87ee00d1a5?fields=provider%3Aphysical_network&fields=provider%3Anetwork_type HTTP/1.1" status: 200 len: 277 time: 0.0669937
2026-04-23 01:29:57.379 9 INFO neutron.db.ovn_revision_numbers_db [None req-6ea95dd6-5442-41af-be18-ba90991b376d bf4043cc0f434387877d79221075a19a 6162cc77efe94e49b38ec87dcb9d6fc9 - - default default] Successfully bumped revision number for resource 04180f6f-e9a1-47f3-ac85-614727dcca83 (type: security_group_rules) to 0
2026-04-23 01:29:57.423 9 INFO neutron.db.ovn_revision_numbers_db [None req-6ea95dd6-5442-41af-be18-ba90991b376d bf4043cc0f434387877d79221075a19a 6162cc77efe94e49b38ec87dcb9d6fc9 - - default default] Successfully bumped revision number for resource 2add24cc-1f08-40bf-b78c-e378bc112d6f (type: security_group_rules) to 0
2026-04-23 01:29:57.464 9 INFO neutron.db.ovn_revision_numbers_db [None req-6ea95dd6-5442-41af-be18-ba90991b376d bf4043cc0f434387877d79221075a19a 6162cc77efe94e49b38ec87dcb9d6fc9 - - default default] Successfully bumped revision number for resource ad60de0c-df50-47a5-a381-b859f2df1c0b (type: security_group_rules) to 0
2026-04-23 01:29:57.507 9 INFO neutron.db.ovn_revision_numbers_db [None req-6ea95dd6-5442-41af-be18-ba90991b376d bf4043cc0f434387877d79221075a19a 6162cc77efe94e49b38ec87dcb9d6fc9 - - default default] Successfully bumped revision number for resource e760ecbb-7a32-4d9d-b5cd-4989d89938e8 (type: security_group_rules) to 0
2026-04-23 01:29:57.562 9 INFO neutron.db.segments_db [None req-6ea95dd6-5442-41af-be18-ba90991b376d bf4043cc0f434387877d79221075a19a 6162cc77efe94e49b38ec87dcb9d6fc9 - - default default] Added segment 7feccb30-e8ef-4c32-957b-467367593d0c of type geneve for network 41191b62-761a-4990-b7d7-312e7e879ce2
2026-04-23 01:29:57.568 9 INFO neutron.db.ovn_revision_numbers_db [None req-e9bc343c-c9ec-4e7a-b606-a5e5c26ec4de bf4043cc0f434387877d79221075a19a 6162cc77efe94e49b38ec87dcb9d6fc9 - - default default] Successfully bumped revision number for resource f0b2ee8c-3761-4081-ba61-491132bc32a9 (type: security_groups) to 1
2026-04-23 01:29:57.668 9 INFO neutron.db.ovn_revision_numbers_db [None req-e9bc343c-c9ec-4e7a-b606-a5e5c26ec4de bf4043cc0f434387877d79221075a19a 6162cc77efe94e49b38ec87dcb9d6fc9 - - default default] Successfully bumped revision number for resource 31f56dc3-daae-4299-b941-3c7e8c22e13e (type: security_group_rules) to 0
2026-04-23 01:29:57.695 9 INFO neutron.db.ovn_revision_numbers_db [None req-e9bc343c-c9ec-4e7a-b606-a5e5c26ec4de bf4043cc0f434387877d79221075a19a 6162cc77efe94e49b38ec87dcb9d6fc9 - - default default] Successfully bumped revision number for resource 4d984f75-6843-408f-a45a-a4e9b501587d (type: security_group_rules) to 0
2026-04-23 01:29:57.768 10 INFO neutron.wsgi [req-71c22147-d99d-4f27-814e-f105dedb281a req-b23d07ee-7fb7-41d3-9973-16990e31e3c6 e158e549e3b44d66bc5d0078f197508b 84fddd1646114ee9a41c24b1b65a0bc6 - - default default] 10.0.0.164 "GET /v2.0/ports?device_id=5c2fd98b-3839-4c3c-8917-8664d7286a52 HTTP/1.1" status: 200 len: 210 time: 0.0231507
2026-04-23 01:29:57.823 9 INFO neutron.db.ovn_revision_numbers_db [None req-e9bc343c-c9ec-4e7a-b606-a5e5c26ec4de bf4043cc0f434387877d79221075a19a 6162cc77efe94e49b38ec87dcb9d6fc9 - - default default] Successfully bumped revision number for resource 6d575aef-dcbf-4aed-981b-d321069fc687 (type: security_group_rules) to 0
2026-04-23 01:29:57.906 9 INFO neutron.db.ovn_revision_numbers_db [None req-6ea95dd6-5442-41af-be18-ba90991b376d bf4043cc0f434387877d79221075a19a 6162cc77efe94e49b38ec87dcb9d6fc9 - - default default] Successfully bumped revision number for resource 41191b62-761a-4990-b7d7-312e7e879ce2 (type: networks) to 1
2026-04-23 01:29:57.929 9 INFO neutron.db.ovn_revision_numbers_db [None req-e9bc343c-c9ec-4e7a-b606-a5e5c26ec4de bf4043cc0f434387877d79221075a19a 6162cc77efe94e49b38ec87dcb9d6fc9 - - default default] Successfully bumped revision number for resource d9222e67-f7f7-4ddb-b316-154ba6b2eadb (type: security_group_rules) to 0
2026-04-23 01:29:57.971 9 INFO neutron.wsgi [None req-e9bc343c-c9ec-4e7a-b606-a5e5c26ec4de bf4043cc0f434387877d79221075a19a 6162cc77efe94e49b38ec87dcb9d6fc9 - - default default] 10.0.0.114 "GET /v2.0/security-groups?tenant_id=bec8bfb579be4ff98fcd09f28ccb7ced&name=default HTTP/1.1" status: 200 len: 2996 time: 0.6398921
2026-04-23 01:29:58.136 9 WARNING neutron.scheduler.dhcp_agent_scheduler [None req-6ea95dd6-5442-41af-be18-ba90991b376d bf4043cc0f434387877d79221075a19a 6162cc77efe94e49b38ec87dcb9d6fc9 - - default default] No more DHCP agents
2026-04-23 01:29:58.148 9 WARNING neutron.api.rpc.agentnotifiers.dhcp_rpc_agent_api [None req-6ea95dd6-5442-41af-be18-ba90991b376d bf4043cc0f434387877d79221075a19a 6162cc77efe94e49b38ec87dcb9d6fc9 - - default default] Unable to schedule network 41191b62-761a-4990-b7d7-312e7e879ce2: no agents available; will retry on subsequent port and subnet creation events.
2026-04-23 01:29:58.250 9 INFO neutron.db.ovn_revision_numbers_db [None req-6ea95dd6-5442-41af-be18-ba90991b376d bf4043cc0f434387877d79221075a19a 6162cc77efe94e49b38ec87dcb9d6fc9 - - default default] Successfully bumped revision number for resource 437ba01c-cd5b-473c-845a-81c0d1cf15e3 (type: ports) to 1
2026-04-23 01:29:58.301 9 INFO neutron.wsgi [None req-6ea95dd6-5442-41af-be18-ba90991b376d bf4043cc0f434387877d79221075a19a 6162cc77efe94e49b38ec87dcb9d6fc9 - - default default] 10.0.0.114 "POST /v2.0/networks HTTP/1.1" status: 201 len: 946 time: 1.2742851
2026-04-23 01:29:58.307 9 INFO neutron.wsgi [None req-1fb515b4-8096-470b-94ed-b4864617db80 bf4043cc0f434387877d79221075a19a 6162cc77efe94e49b38ec87dcb9d6fc9 - - default default] 10.0.0.114 "DELETE /v2.0/security-groups/f0b2ee8c-3761-4081-ba61-491132bc32a9 HTTP/1.1" status: 204 len: 168 time: 0.3301926
2026-04-23 01:29:58.444 10 WARNING neutron.scheduler.dhcp_agent_scheduler [None req-de4056ee-25ed-4b6d-a35f-a1ee02ff1189 bf4043cc0f434387877d79221075a19a 6162cc77efe94e49b38ec87dcb9d6fc9 - - default default] No more DHCP agents
2026-04-23 01:29:58.448 10 WARNING neutron.api.rpc.agentnotifiers.dhcp_rpc_agent_api [None req-de4056ee-25ed-4b6d-a35f-a1ee02ff1189 bf4043cc0f434387877d79221075a19a 6162cc77efe94e49b38ec87dcb9d6fc9 - - default default] Unable to schedule network 41191b62-761a-4990-b7d7-312e7e879ce2: no agents available; will retry on subsequent port and subnet creation events.
2026-04-23 01:29:58.608 10 INFO neutron.wsgi [req-bf0d4ce8-fcd1-4bd6-9eef-76b7cc1dbe9c req-17ec0448-9989-4a56-8f88-51aff1c8d90c e158e549e3b44d66bc5d0078f197508b 84fddd1646114ee9a41c24b1b65a0bc6 - - default default] 199.204.45.155 "GET /v2.0/networks?id=e8bd5a05-9eec-4f42-8d97-7e87ee00d1a5 HTTP/1.1" status: 200 len: 878 time: 0.0717475
2026-04-23 01:29:58.663 10 INFO neutron.wsgi [req-bf0d4ce8-fcd1-4bd6-9eef-76b7cc1dbe9c req-b2b3ae5d-7b9f-44ac-a453-583b8d6611ec e158e549e3b44d66bc5d0078f197508b 84fddd1646114ee9a41c24b1b65a0bc6 - - default default] 199.204.45.155 "GET /v2.0/security-groups?fields=id&fields=name&tenant_id=84fddd1646114ee9a41c24b1b65a0bc6 HTTP/1.1" status: 200 len: 380 time: 0.0484886
2026-04-23 01:29:58.700 10 WARNING neutron_lib.context [req-bf0d4ce8-fcd1-4bd6-9eef-76b7cc1dbe9c req-fd5a41a8-6e64-4a42-b3c8-c21fa3a152a1 e158e549e3b44d66bc5d0078f197508b 84fddd1646114ee9a41c24b1b65a0bc6 - - default default] Method 'is_advsvc' is deprecated since 2023.2 release (neutron-lib 3.8.0) and will be removed once support for the old RBAC API policies will be removed from Neutron. Please use method 'is_service_role' instead.
2026-04-23 01:29:58.896 10 INFO neutron.wsgi [req-eeb645d5-c07f-44d0-9830-6c38c1622d98 req-656a3723-a77f-461f-ad56-fd6065bec496 e158e549e3b44d66bc5d0078f197508b 84fddd1646114ee9a41c24b1b65a0bc6 - - default default] 10.0.0.164 "GET /v2.0/ports?device_id=5c2fd98b-3839-4c3c-8917-8664d7286a52 HTTP/1.1" status: 200 len: 210 time: 0.0314260
2026-04-23 01:29:59.089 10 INFO neutron.db.ovn_revision_numbers_db [None req-de4056ee-25ed-4b6d-a35f-a1ee02ff1189 bf4043cc0f434387877d79221075a19a 6162cc77efe94e49b38ec87dcb9d6fc9 - - default default] Successfully bumped revision number for resource 437ba01c-cd5b-473c-845a-81c0d1cf15e3 (type: ports) to 2
2026-04-23 01:29:59.102 10 WARNING neutron.scheduler.dhcp_agent_scheduler [req-bf0d4ce8-fcd1-4bd6-9eef-76b7cc1dbe9c req-fd5a41a8-6e64-4a42-b3c8-c21fa3a152a1 e158e549e3b44d66bc5d0078f197508b 84fddd1646114ee9a41c24b1b65a0bc6 - - default default] No more DHCP agents
2026-04-23 01:29:59.109 10 WARNING neutron.api.rpc.agentnotifiers.dhcp_rpc_agent_api [req-bf0d4ce8-fcd1-4bd6-9eef-76b7cc1dbe9c req-fd5a41a8-6e64-4a42-b3c8-c21fa3a152a1 e158e549e3b44d66bc5d0078f197508b 84fddd1646114ee9a41c24b1b65a0bc6 - - default default] Unable to schedule network e8bd5a05-9eec-4f42-8d97-7e87ee00d1a5: no agents available; will retry on subsequent port and subnet creation events.
2026-04-23 01:29:59.158 10 INFO neutron.db.ovn_revision_numbers_db [None req-de4056ee-25ed-4b6d-a35f-a1ee02ff1189 bf4043cc0f434387877d79221075a19a 6162cc77efe94e49b38ec87dcb9d6fc9 - - default default] Successfully bumped revision number for resource d062bdd2-0d5c-4c65-911b-5162f5baf527 (type: subnets) to 0
2026-04-23 01:29:59.214 10 INFO neutron.wsgi [None req-de4056ee-25ed-4b6d-a35f-a1ee02ff1189 bf4043cc0f434387877d79221075a19a 6162cc77efe94e49b38ec87dcb9d6fc9 - - default default] 10.0.0.114 "POST /v2.0/subnets HTTP/1.1" status: 201 len: 866 time: 0.9064519
2026-04-23 01:29:59.284 10 INFO neutron.db.ovn_revision_numbers_db [req-bf0d4ce8-fcd1-4bd6-9eef-76b7cc1dbe9c req-fd5a41a8-6e64-4a42-b3c8-c21fa3a152a1 e158e549e3b44d66bc5d0078f197508b 84fddd1646114ee9a41c24b1b65a0bc6 - - default default] Successfully bumped revision number for resource 7e0b465c-8d55-498f-a4fd-2e1eb12c9aa3 (type: ports) to 1
2026-04-23 01:29:59.310 10 INFO neutron.wsgi [req-bf0d4ce8-fcd1-4bd6-9eef-76b7cc1dbe9c req-fd5a41a8-6e64-4a42-b3c8-c21fa3a152a1 e158e549e3b44d66bc5d0078f197508b 84fddd1646114ee9a41c24b1b65a0bc6 - - default default] 199.204.45.155 "POST /v2.0/ports HTTP/1.1" status: 201 len: 1162 time: 0.6172290 /var/lib/openstack/lib/python3.10/site-packages/pycadf/identifier.py:71: UserWarning: Invalid uuid: neutron. To ensure interoperability, identifiers should be a valid uuid. warnings.warn(('Invalid uuid: %s. To ensure interoperability, '
2026-04-23 01:29:59.715 10 INFO neutron.db.ovn_revision_numbers_db [req-bf0d4ce8-fcd1-4bd6-9eef-76b7cc1dbe9c req-b0bb0caf-f8e8-4394-8188-73a26d417a0e 670f2b3f99184349923129a61236afa2 434c52c271df47cf938a34dbc3ad05a3 - - 1aaf39911e524cf8a4d86f572088f256 1aaf39911e524cf8a4d86f572088f256] Successfully bumped revision number for resource 7e0b465c-8d55-498f-a4fd-2e1eb12c9aa3 (type: ports) to 2
2026-04-23 01:29:59.724 9 WARNING neutron.scheduler.dhcp_agent_scheduler [None req-06f1f5a7-59b3-4fce-91d9-d8d3ffbc5f03 bf4043cc0f434387877d79221075a19a 6162cc77efe94e49b38ec87dcb9d6fc9 - - default default] No more DHCP agents
2026-04-23 01:29:59.726 9 WARNING neutron.api.rpc.agentnotifiers.dhcp_rpc_agent_api [None req-06f1f5a7-59b3-4fce-91d9-d8d3ffbc5f03 bf4043cc0f434387877d79221075a19a 6162cc77efe94e49b38ec87dcb9d6fc9 - - default default] Unable to schedule network 060f2c82-7e0f-4cad-934b-6728ac842465: no agents available; will retry on subsequent port and subnet creation events.
2026-04-23 01:29:59.904 9 INFO neutron.db.ovn_revision_numbers_db [None req-06f1f5a7-59b3-4fce-91d9-d8d3ffbc5f03 bf4043cc0f434387877d79221075a19a 6162cc77efe94e49b38ec87dcb9d6fc9 - - default default] Successfully bumped revision number for resource 47f24cca-6cc6-43b9-a1d0-ceeb8c103c1f (type: ports) to 1 /var/lib/openstack/lib/python3.10/site-packages/pycadf/identifier.py:71: UserWarning: Invalid uuid: neutron. To ensure interoperability, identifiers should be a valid uuid. warnings.warn(('Invalid uuid: %s. To ensure interoperability, '
2026-04-23 01:29:59.981 10 INFO neutron.db.ovn_revision_numbers_db [req-bf0d4ce8-fcd1-4bd6-9eef-76b7cc1dbe9c req-b0bb0caf-f8e8-4394-8188-73a26d417a0e 670f2b3f99184349923129a61236afa2 434c52c271df47cf938a34dbc3ad05a3 - - 1aaf39911e524cf8a4d86f572088f256 1aaf39911e524cf8a4d86f572088f256] Successfully bumped revision number for resource 7e0b465c-8d55-498f-a4fd-2e1eb12c9aa3 (type: ports) to 2
2026-04-23 01:30:00.005 10 INFO neutron.wsgi [req-bf0d4ce8-fcd1-4bd6-9eef-76b7cc1dbe9c req-b0bb0caf-f8e8-4394-8188-73a26d417a0e 670f2b3f99184349923129a61236afa2 434c52c271df47cf938a34dbc3ad05a3 - - 1aaf39911e524cf8a4d86f572088f256 1aaf39911e524cf8a4d86f572088f256] 199.204.45.155 "PUT /v2.0/ports/7e0b465c-8d55-498f-a4fd-2e1eb12c9aa3 HTTP/1.1" status: 200 len: 1380 time: 0.6898556
2026-04-23 01:30:00.018 10 INFO neutron.wsgi [req-98c1c8fc-6978-4257-b7b5-de6742101497 req-b412fe05-abcf-483b-b339-362abd5b2e07 e158e549e3b44d66bc5d0078f197508b 84fddd1646114ee9a41c24b1b65a0bc6 - - default default] 10.0.0.164 "GET /v2.0/ports?device_id=5c2fd98b-3839-4c3c-8917-8664d7286a52 HTTP/1.1" status: 200 len: 1172 time: 0.0447488
2026-04-23 01:30:00.050 10 INFO neutron.notifiers.nova [-] Nova event matching ['req-3e406e1f-35d5-4f41-8cbe-fcb3b799d1cf'] response: {'name': 'network-changed', 'server_uuid': '5c2fd98b-3839-4c3c-8917-8664d7286a52', 'tag': '7e0b465c-8d55-498f-a4fd-2e1eb12c9aa3', 'status': 'completed', 'code': 200}
2026-04-23 01:30:00.066 10 INFO neutron.wsgi [req-98c1c8fc-6978-4257-b7b5-de6742101497 req-45c6ecb5-8797-4cf3-be4d-103465c8de40 e158e549e3b44d66bc5d0078f197508b 84fddd1646114ee9a41c24b1b65a0bc6 - - default default] 10.0.0.164 "GET /v2.0/security-groups?id=9b61372f-5518-4e8f-95b2-035701ddb42f&fields=id&fields=name HTTP/1.1" status: 200 len: 313 time: 0.0418258
2026-04-23 01:30:00.096 10 INFO neutron.wsgi [req-bf0d4ce8-fcd1-4bd6-9eef-76b7cc1dbe9c req-a1b2b9c8-43a4-44a1-acb6-f4453e9438af 670f2b3f99184349923129a61236afa2 434c52c271df47cf938a34dbc3ad05a3 - - 1aaf39911e524cf8a4d86f572088f256 1aaf39911e524cf8a4d86f572088f256] 199.204.45.155 "GET /v2.0/ports?tenant_id=84fddd1646114ee9a41c24b1b65a0bc6&device_id=5c2fd98b-3839-4c3c-8917-8664d7286a52 HTTP/1.1" status: 200 len: 1411 time: 0.0338233
2026-04-23 01:30:00.128 10 INFO neutron.wsgi [req-bf0d4ce8-fcd1-4bd6-9eef-76b7cc1dbe9c req-39ba27c4-2b24-4382-a5ef-80a146cd5dd3 670f2b3f99184349923129a61236afa2 434c52c271df47cf938a34dbc3ad05a3 - - 1aaf39911e524cf8a4d86f572088f256 1aaf39911e524cf8a4d86f572088f256] 199.204.45.155 "GET /v2.0/floatingips?fixed_ip_address=10.100.0.13&port_id=7e0b465c-8d55-498f-a4fd-2e1eb12c9aa3 HTTP/1.1" status: 200 len: 217 time: 0.0238745
2026-04-23 01:30:00.182 10 INFO neutron.wsgi [req-bf0d4ce8-fcd1-4bd6-9eef-76b7cc1dbe9c req-5a1d8181-0c0b-42cd-b98b-6be0c3d15cc2 670f2b3f99184349923129a61236afa2 434c52c271df47cf938a34dbc3ad05a3 - - 1aaf39911e524cf8a4d86f572088f256 1aaf39911e524cf8a4d86f572088f256] 199.204.45.155 "GET /v2.0/subnets?id=f124ab01-3b63-4b0b-a32c-e3fe097781b1 HTTP/1.1" status: 200 len: 872 time: 0.0468004
2026-04-23 01:30:00.213 10 INFO neutron.wsgi [req-bf0d4ce8-fcd1-4bd6-9eef-76b7cc1dbe9c req-19de20cb-782a-4b2d-9149-2aa347773f25 670f2b3f99184349923129a61236afa2 434c52c271df47cf938a34dbc3ad05a3 - - 1aaf39911e524cf8a4d86f572088f256 1aaf39911e524cf8a4d86f572088f256] 199.204.45.155 "GET /v2.0/ports?network_id=e8bd5a05-9eec-4f42-8d97-7e87ee00d1a5&device_owner=network%3Adhcp HTTP/1.1" status: 200 len: 210 time: 0.0178931
2026-04-23 01:30:00.285 10 INFO neutron.wsgi [req-bf0d4ce8-fcd1-4bd6-9eef-76b7cc1dbe9c req-b7ed8373-76cf-433e-ba9f-5e3094366774 670f2b3f99184349923129a61236afa2 434c52c271df47cf938a34dbc3ad05a3 - - 1aaf39911e524cf8a4d86f572088f256 1aaf39911e524cf8a4d86f572088f256] 199.204.45.155 "GET /v2.0/networks/e8bd5a05-9eec-4f42-8d97-7e87ee00d1a5?fields=segments HTTP/1.1" status: 200 len: 212 time: 0.0650115
2026-04-23 01:30:00.352 10 INFO neutron.wsgi [req-bf0d4ce8-fcd1-4bd6-9eef-76b7cc1dbe9c req-29e8880b-317b-4858-8e7c-4d2f48e95a4f 670f2b3f99184349923129a61236afa2 434c52c271df47cf938a34dbc3ad05a3 - - 1aaf39911e524cf8a4d86f572088f256 1aaf39911e524cf8a4d86f572088f256] 199.204.45.155 "GET /v2.0/networks/e8bd5a05-9eec-4f42-8d97-7e87ee00d1a5?fields=provider%3Aphysical_network&fields=provider%3Anetwork_type HTTP/1.1" status: 200 len: 277 time: 0.0587196
2026-04-23 01:30:00.477 10 INFO neutron.wsgi [req-b8e409b7-c4bf-4151-adf9-c117f355db10 req-4d516a35-9103-47d5-a75c-67937b2b363d 670f2b3f99184349923129a61236afa2 434c52c271df47cf938a34dbc3ad05a3 - - 1aaf39911e524cf8a4d86f572088f256 1aaf39911e524cf8a4d86f572088f256] 199.204.45.155 "GET /v2.0/ports?tenant_id=84fddd1646114ee9a41c24b1b65a0bc6&device_id=5c2fd98b-3839-4c3c-8917-8664d7286a52 HTTP/1.1" status: 200 len: 1411 time: 0.0368016
2026-04-23 01:30:00.540 10 INFO neutron.wsgi [req-b8e409b7-c4bf-4151-adf9-c117f355db10 req-abf083e0-2ac7-4b1f-a766-ec0c1dd8b1df 670f2b3f99184349923129a61236afa2 434c52c271df47cf938a34dbc3ad05a3 - - 1aaf39911e524cf8a4d86f572088f256 1aaf39911e524cf8a4d86f572088f256] 199.204.45.155 "GET /v2.0/networks?id=e8bd5a05-9eec-4f42-8d97-7e87ee00d1a5 HTTP/1.1" status: 200 len: 977 time: 0.0558827
2026-04-23 01:30:00.571 10 INFO neutron.wsgi [req-b8e409b7-c4bf-4151-adf9-c117f355db10 req-7884cb1d-b2b0-4273-93ef-1405370d55c4 670f2b3f99184349923129a61236afa2 434c52c271df47cf938a34dbc3ad05a3 - - 1aaf39911e524cf8a4d86f572088f256 1aaf39911e524cf8a4d86f572088f256] 199.204.45.155 "GET /v2.0/floatingips?fixed_ip_address=10.100.0.13&port_id=7e0b465c-8d55-498f-a4fd-2e1eb12c9aa3 HTTP/1.1" status: 200 len: 217 time: 0.0232415
2026-04-23 01:30:00.618 10 INFO neutron.wsgi [req-b8e409b7-c4bf-4151-adf9-c117f355db10 req-0874611e-c414-45ef-9127-fbc9524a6941 670f2b3f99184349923129a61236afa2 434c52c271df47cf938a34dbc3ad05a3 - - 1aaf39911e524cf8a4d86f572088f256 1aaf39911e524cf8a4d86f572088f256] 199.204.45.155 "GET /v2.0/subnets?id=f124ab01-3b63-4b0b-a32c-e3fe097781b1 HTTP/1.1" status: 200 len: 872 time: 0.0333240
2026-04-23 01:30:00.649 10 INFO neutron.wsgi [req-b8e409b7-c4bf-4151-adf9-c117f355db10 req-d6a16e80-6d03-45e9-95ae-42e6bb00dd2a 670f2b3f99184349923129a61236afa2 434c52c271df47cf938a34dbc3ad05a3 - - 1aaf39911e524cf8a4d86f572088f256 1aaf39911e524cf8a4d86f572088f256] 199.204.45.155 "GET /v2.0/ports?network_id=e8bd5a05-9eec-4f42-8d97-7e87ee00d1a5&device_owner=network%3Adhcp HTTP/1.1" status: 200 len: 210 time: 0.0226386
2026-04-23 01:30:00.726 10 INFO neutron.wsgi [req-b8e409b7-c4bf-4151-adf9-c117f355db10 req-e1d0a59d-5e9c-46f9-a689-e6290aeb3acc 670f2b3f99184349923129a61236afa2 434c52c271df47cf938a34dbc3ad05a3 - - 1aaf39911e524cf8a4d86f572088f256 1aaf39911e524cf8a4d86f572088f256] 199.204.45.155 "GET /v2.0/networks/e8bd5a05-9eec-4f42-8d97-7e87ee00d1a5?fields=segments HTTP/1.1" status: 200 len: 212 time: 0.0722222
2026-04-23 01:30:00.818 10 INFO neutron.wsgi [req-b8e409b7-c4bf-4151-adf9-c117f355db10 req-81242650-b968-415c-97d8-b7297ce098a5 670f2b3f99184349923129a61236afa2 434c52c271df47cf938a34dbc3ad05a3 - - 1aaf39911e524cf8a4d86f572088f256 1aaf39911e524cf8a4d86f572088f256] 199.204.45.155 "GET /v2.0/networks/e8bd5a05-9eec-4f42-8d97-7e87ee00d1a5?fields=provider%3Aphysical_network&fields=provider%3Anetwork_type HTTP/1.1" status: 200 len: 277 time: 0.0842319
2026-04-23 01:30:00.825 10 INFO neutron.plugins.ml2.drivers.ovn.mech_driver.mech_driver [None req-b4246aec-207f-44ee-afa3-86ef2578bf2d - - - - - -] OVN reports status up for port: 47f24cca-6cc6-43b9-a1d0-ceeb8c103c1f
2026-04-23 01:30:00.845 10 INFO neutron.plugins.ml2.drivers.ovn.mech_driver.ovsdb.ovsdb_monitor [None req-483f14fc-4f9c-404e-a76b-0c1a881c895d - - - - - -] Router 40eac5eb-dd5b-4c7f-93be-8eb6a428291e is bound to host instance
2026-04-23 01:30:00.847 10 INFO neutron.plugins.ml2.plugin [None req-b4246aec-207f-44ee-afa3-86ef2578bf2d - - - - - -] Attempt 1 to provision port 47f24cca-6cc6-43b9-a1d0-ceeb8c103c1f
2026-04-23 01:30:00.866 9 INFO neutron.db.ovn_revision_numbers_db [None req-06f1f5a7-59b3-4fce-91d9-d8d3ffbc5f03 bf4043cc0f434387877d79221075a19a 6162cc77efe94e49b38ec87dcb9d6fc9 - - default default] Successfully bumped revision number for resource 47f24cca-6cc6-43b9-a1d0-ceeb8c103c1f (type: router_ports) to 1
2026-04-23 01:30:00.938 9 INFO neutron.db.ovn_revision_numbers_db [None req-06f1f5a7-59b3-4fce-91d9-d8d3ffbc5f03 bf4043cc0f434387877d79221075a19a 6162cc77efe94e49b38ec87dcb9d6fc9 - - default default] Successfully bumped revision number for resource 40eac5eb-dd5b-4c7f-93be-8eb6a428291e (type: routers) to 2
2026-04-23 01:30:00.952 9 INFO neutron.wsgi [None req-06f1f5a7-59b3-4fce-91d9-d8d3ffbc5f03 bf4043cc0f434387877d79221075a19a 6162cc77efe94e49b38ec87dcb9d6fc9 - - default default] 10.0.0.114 "POST /v2.0/routers HTTP/1.1" status: 201 len: 877 time: 1.7297788
2026-04-23 01:30:01.204 10 INFO neutron.wsgi [req-00790faa-17e6-4a93-8ac8-9488e18d9ff4 req-fad5c619-6e28-4667-9374-03cf6604aa0e e158e549e3b44d66bc5d0078f197508b 84fddd1646114ee9a41c24b1b65a0bc6 - - default default] 10.0.0.164 "GET /v2.0/ports?device_id=5c2fd98b-3839-4c3c-8917-8664d7286a52 HTTP/1.1" status: 200 len: 1172 time: 0.0717530
2026-04-23 01:30:01.244 10 INFO neutron.wsgi [req-9425af4f-046e-4f19-a1f1-d58ef8b2a5e9 req-ff1fbcdd-7234-48cf-b64a-b73f31b1474f 487cd4bd6f59456c9c78b464c11dfbd8 71b913d3122044538f8143687b756310 - - default default] 10.0.0.164 "GET /v2.0/ports?device_id=3befbb7f-02fd-4782-9c46-811da6f46adc HTTP/1.1" status: 200 len: 1170 time: 0.1688631
2026-04-23 01:30:01.278 10 INFO neutron.wsgi [req-00790faa-17e6-4a93-8ac8-9488e18d9ff4 req-9b90a2a3-0e2b-45af-8c8c-197520184552 e158e549e3b44d66bc5d0078f197508b 84fddd1646114ee9a41c24b1b65a0bc6 - - default default] 10.0.0.164 "GET /v2.0/security-groups?id=9b61372f-5518-4e8f-95b2-035701ddb42f&fields=id&fields=name HTTP/1.1" status: 200 len: 313 time: 0.0652432
2026-04-23 01:30:01.328 10 INFO neutron.wsgi [req-c340bb6b-62c4-4c89-b8c3-ce0bef893d0a req-48c451db-6e5f-435e-a213-ef6561694db3 487cd4bd6f59456c9c78b464c11dfbd8 71b913d3122044538f8143687b756310 - - default default] 10.0.0.164 "GET /v2.0/ports/df56f336-561c-46fb-a145-69e7c308d2e4 HTTP/1.1" status: 200 len: 1167 time: 0.0390384
2026-04-23 01:30:01.478 9 WARNING neutron.scheduler.dhcp_agent_scheduler [None req-8fcdf7e0-5ec0-4c94-affc-b6e6f7183e06 bf4043cc0f434387877d79221075a19a 6162cc77efe94e49b38ec87dcb9d6fc9 - - default default] No more DHCP agents
2026-04-23 01:30:01.482 9 WARNING neutron.api.rpc.agentnotifiers.dhcp_rpc_agent_api [None req-8fcdf7e0-5ec0-4c94-affc-b6e6f7183e06 bf4043cc0f434387877d79221075a19a 6162cc77efe94e49b38ec87dcb9d6fc9 - - default default] Unable to schedule network 41191b62-761a-4990-b7d7-312e7e879ce2: no agents available; will retry on subsequent port and subnet creation events.
2026-04-23 01:30:01.512 10 INFO neutron.wsgi [req-68195bac-a561-452b-a8e3-7b20bf8abfae req-1438ddbb-9371-48f4-bf41-841ce85c6506 487cd4bd6f59456c9c78b464c11dfbd8 71b913d3122044538f8143687b756310 - - default default] 199.204.45.155 "GET /v2.0/subnets?network_id=9957e528-d519-4141-b688-4d1756c83551 HTTP/1.1" status: 200 len: 859 time: 0.0561256
2026-04-23 01:30:01.585 10 INFO neutron.wsgi [req-68195bac-a561-452b-a8e3-7b20bf8abfae req-79a13a00-d080-438f-bcca-f7d1e0964a93 487cd4bd6f59456c9c78b464c11dfbd8 71b913d3122044538f8143687b756310 - - default default] 199.204.45.155 "GET /v2.0/ports?device_id=3befbb7f-02fd-4782-9c46-811da6f46adc&device_owner=compute%3Anova&network_id=9957e528-d519-4141-b688-4d1756c83551 HTTP/1.1" status: 200 len: 1170 time: 0.0651779
2026-04-23 01:30:01.655 9 INFO neutron.db.ovn_revision_numbers_db [None req-8fcdf7e0-5ec0-4c94-affc-b6e6f7183e06 bf4043cc0f434387877d79221075a19a 6162cc77efe94e49b38ec87dcb9d6fc9 - - default default] Successfully bumped revision number for resource 7f7b21b6-f799-40ee-a945-1e77db92a375 (type: ports) to 1
