May 14 10:22:19.229491 np0000174137 devstack@neutron-api.service[102859]: DEBUG neutron.common.ovn.hash_ring_manager [None req-1e5d499a-0c45-4f21-a9cc-de100b4be8c1 None None] Allow caching, nodes 4>=4 {{(pid=102859) _wait_startup_before_caching /opt/stack/neutron/neutron/common/ovn/hash_ring_manager.py:65}}
May 14 10:22:19.232884 np0000174137 devstack@neutron-api.service[102857]: INFO ovsdbapp.backend.ovs_idl.vlog [None req-356bec24-8502-443a-bb4e-896184baf3ff None None] ssl:199.19.213.20:6642: connected
May 14 10:22:19.238674 np0000174137 devstack@neutron-api.service[102859]: DEBUG neutron.common.ovn.hash_ring_manager [None req-1e5d499a-0c45-4f21-a9cc-de100b4be8c1 None None] Hash Ring loaded. 4 active nodes. 0 offline nodes {{(pid=102859) _load_hash_ring /opt/stack/neutron/neutron/common/ovn/hash_ring_manager.py:102}}
May 14 10:22:19.239067 np0000174137 devstack@neutron-api.service[102859]: DEBUG neutron.plugins.ml2.drivers.ovn.mech_driver.ovsdb.ovsdb_monitor [None req-1e5d499a-0c45-4f21-a9cc-de100b4be8c1 None None] Hash Ring: Node 7923cbb024fd5fb99b782f3b9f052152 (host: np0000174137) handling event "create" for row b32fee0f-4668-44dd-895d-27ee77f90084 (table: Connection) {{(pid=102859) notify /opt/stack/neutron/neutron/plugins/ml2/drivers/ovn/mech_driver/ovsdb/ovsdb_monitor.py:942}}
May 14 10:22:19.240728 np0000174137 devstack@neutron-api.service[102859]: INFO neutron.plugins.ml2.drivers.ovn.mech_driver.ovsdb.impl_idl_ovn [None req-1e5d499a-0c45-4f21-a9cc-de100b4be8c1 None None] Getting OvsdbSbOvnIdl for WorkerService with retry
May 14 10:22:19.252123 np0000174137 devstack@neutron-api.service[102860]: DEBUG neutron.common.ovn.hash_ring_manager [None req-60d9d9e9-ed55-47bc-b20e-05e416aa4ecf None None] Allow caching, nodes 4>=4 {{(pid=102860) _wait_startup_before_caching /opt/stack/neutron/neutron/common/ovn/hash_ring_manager.py:65}}
May 14 10:22:19.256951 np0000174137 devstack@neutron-api.service[102860]: DEBUG neutron.common.ovn.hash_ring_manager [None req-60d9d9e9-ed55-47bc-b20e-05e416aa4ecf None None] Hash Ring loaded. 4 active nodes. 0 offline nodes {{(pid=102860) _load_hash_ring /opt/stack/neutron/neutron/common/ovn/hash_ring_manager.py:102}}
May 14 10:22:19.257159 np0000174137 devstack@neutron-api.service[102860]: DEBUG neutron.plugins.ml2.drivers.ovn.mech_driver.ovsdb.ovsdb_monitor [None req-60d9d9e9-ed55-47bc-b20e-05e416aa4ecf None None] Hash Ring: Node 07a06e9bed7151c8839522746deaea70 (host: np0000174137) handling event "create" for row 51d20b82-deda-47bc-9b43-d71aca1dde48 (table: Chassis) {{(pid=102860) notify /opt/stack/neutron/neutron/plugins/ml2/drivers/ovn/mech_driver/ovsdb/ovsdb_monitor.py:942}}
May 14 10:22:19.258312 np0000174137 devstack@neutron-api.service[102860]: DEBUG ovsdbapp.backend.ovs_idl.event [None req-60d9d9e9-ed55-47bc-b20e-05e416aa4ecf None None] Matched CREATE: ChassisBandwidthConfigEvent(events=('create', 'update'), table='Chassis', conditions=None, old_conditions=None), priority=20 to row=Chassis(uuid=51d20b82-deda-47bc-9b43-d71aca1dde48, encaps=[250698ea-9f4b-4daa-b691-d2a31453c251], external_ids={}, hostname='np0000174137', name='bb6ccae7-2c26-4630-9c7f-b8d71178e886', nb_cfg=0, other_config={'ct-commit-nat-v2': 'true', 'ct-commit-to-zone': 'true', 'ct-next-zone': 'true', 'ct-no-masked-label': 'true', 'ct-state-save': 'true', 'datapath-type': 'system', 'fdb-timestamp': 'true', 'iface-types': 'afxdp,afxdp-nonpmd,bareudp,erspan,geneve,gre,gtpu,internal,ip6erspan,ip6gre,lisp,patch,srv6,stt,system,tap,vxlan', 'is-interconn': 'false', 'ls-dpg-column': 'true', 'mac-binding-timestamp': 'true', 'ovn-bridge-mappings': 'public:br-ex', 'ovn-chassis-mac-mappings': '', 'ovn-cms-options': 'enable-chassis-as-gw', 'ovn-ct-lb-related': 'true', 'ovn-enable-lflow-cache': 'true', 'ovn-limit-lflow-cache': '', 'ovn-memlimit-lflow-cache-kb': '', 'ovn-monitor-all': 'false', 'ovn-trim-limit-lflow-cache': '', 'ovn-trim-timeout-ms': '', 'ovn-trim-wmark-perc-lflow-cache': '', 'port-up-notif': 'true'}, transport_zones=[], vtep_logical_switches=[]) old= {{(pid=102860) matches /opt/stack/data/venv/lib/python3.12/site-packages/ovsdbapp/backend/ovs_idl/event.py:55}}
May 14 10:22:19.259000 np0000174137 devstack@neutron-api.service[102860]: DEBUG neutron.plugins.ml2.drivers.ovn.mech_driver.ovsdb.ovsdb_monitor [None req-60d9d9e9-ed55-47bc-b20e-05e416aa4ecf None None] ChassisAgentWriteEvent : Matched Chassis_Private, create, None None {{(pid=102860) matches /opt/stack/neutron/neutron/plugins/ml2/drivers/ovn/mech_driver/ovsdb/ovsdb_monitor.py:64}}
May 14 10:22:19.259205 np0000174137 devstack@neutron-api.service[102860]: DEBUG neutron.plugins.ml2.drivers.ovn.mech_driver.ovsdb.ovsdb_monitor [None req-60d9d9e9-ed55-47bc-b20e-05e416aa4ecf None None] ChassisOVNAgentWriteEvent : Matched Chassis_Private, create, None None {{(pid=102860) matches /opt/stack/neutron/neutron/plugins/ml2/drivers/ovn/mech_driver/ovsdb/ovsdb_monitor.py:64}}
May 14 10:22:19.259650 np0000174137 devstack@neutron-api.service[102860]: DEBUG neutron.plugins.ml2.drivers.ovn.mech_driver.ovsdb.ovsdb_monitor [None req-60d9d9e9-ed55-47bc-b20e-05e416aa4ecf None None] Hash Ring: Node 07a06e9bed7151c8839522746deaea70 (host: np0000174137) handling event "create" for row 250698ea-9f4b-4daa-b691-d2a31453c251 (table: Encap) {{(pid=102860) notify /opt/stack/neutron/neutron/plugins/ml2/drivers/ovn/mech_driver/ovsdb/ovsdb_monitor.py:942}}
May 14 10:22:19.261060 np0000174137 devstack@neutron-api.service[102860]: INFO neutron.plugins.ml2.drivers.ovn.mech_driver.mech_driver [None req-60d9d9e9-ed55-47bc-b20e-05e416aa4ecf None None] WorkerService process has finished the post initialization
May 14 10:22:19.262067 np0000174137 devstack@neutron-api.service[102860]: INFO neutron.plugins.ml2.drivers.ovn.mech_driver.ovsdb.extensions.qos [-] Starting OVNClientQosExtension
May 14 10:22:19.262451 np0000174137 devstack@neutron-api.service[102860]: INFO neutron.plugins.ml2.drivers.ovn.mech_driver.ovsdb.extensions.placement [-] Starting OVNClientPlacementExtension
May 14 10:22:19.263884 np0000174137 devstack@neutron-api.service[102860]: WSGI app 0 (mountpoint='') ready in 7 seconds on interpreter 0x73810fea3668 pid: 102860 (default app)
May 14 10:22:19.273975 np0000174137 devstack@neutron-api.service[102857]: DEBUG neutron.common.ovn.hash_ring_manager [None req-356bec24-8502-443a-bb4e-896184baf3ff None None] Allow caching, nodes 4>=4 {{(pid=102857) _wait_startup_before_caching /opt/stack/neutron/neutron/common/ovn/hash_ring_manager.py:65}}
May 14 10:22:19.274248 np0000174137 devstack@neutron-api.service[102859]: DEBUG ovsdbapp.backend.ovs_idl [None req-1e5d499a-0c45-4f21-a9cc-de100b4be8c1 None None] Created lookup_table index Chassis.name {{(pid=102859) autocreate_indices /opt/stack/data/venv/lib/python3.12/site-packages/ovsdbapp/backend/ovs_idl/__init__.py:87}}
May 14 10:22:19.274342 np0000174137 devstack@neutron-api.service[102859]: DEBUG ovsdbapp.backend.ovs_idl [None req-1e5d499a-0c45-4f21-a9cc-de100b4be8c1 None None] Created lookup_table index Port_Binding.logical_port {{(pid=102859) autocreate_indices /opt/stack/data/venv/lib/python3.12/site-packages/ovsdbapp/backend/ovs_idl/__init__.py:87}}
May 14 10:22:19.274437 np0000174137 devstack@neutron-api.service[102859]: DEBUG ovsdbapp.backend.ovs_idl [None req-1e5d499a-0c45-4f21-a9cc-de100b4be8c1 None None] Created schema index Chassis_Private.name {{(pid=102859) autocreate_indices /opt/stack/data/venv/lib/python3.12/site-packages/ovsdbapp/backend/ovs_idl/__init__.py:106}}
May 14 10:22:19.274535 np0000174137 devstack@neutron-api.service[102859]: DEBUG ovsdbapp.backend.ovs_idl [None req-1e5d499a-0c45-4f21-a9cc-de100b4be8c1 None None] Created schema index Datapath_Binding.tunnel_key {{(pid=102859) autocreate_indices /opt/stack/data/venv/lib/python3.12/site-packages/ovsdbapp/backend/ovs_idl/__init__.py:106}}
May 14 10:22:19.276633 np0000174137 devstack@neutron-api.service[102859]: INFO ovsdbapp.backend.ovs_idl.vlog [None req-1e5d499a-0c45-4f21-a9cc-de100b4be8c1 None None] ssl:199.19.213.20:6642: connecting...
May 14 10:22:19.278428 np0000174137 devstack@neutron-api.service[102857]: DEBUG neutron.common.ovn.hash_ring_manager [None req-356bec24-8502-443a-bb4e-896184baf3ff None None] Hash Ring loaded. 4 active nodes. 0 offline nodes {{(pid=102857) _load_hash_ring /opt/stack/neutron/neutron/common/ovn/hash_ring_manager.py:102}}
May 14 10:22:19.278670 np0000174137 devstack@neutron-api.service[102857]: DEBUG neutron.plugins.ml2.drivers.ovn.mech_driver.ovsdb.ovsdb_monitor [None req-356bec24-8502-443a-bb4e-896184baf3ff None None] ChassisAgentWriteEvent : Matched Chassis_Private, create, None None {{(pid=102857) matches /opt/stack/neutron/neutron/plugins/ml2/drivers/ovn/mech_driver/ovsdb/ovsdb_monitor.py:64}}
May 14 10:22:19.278943 np0000174137 devstack@neutron-api.service[102857]: DEBUG neutron.plugins.ml2.drivers.ovn.mech_driver.ovsdb.ovsdb_monitor [None req-356bec24-8502-443a-bb4e-896184baf3ff None None] ChassisOVNAgentWriteEvent : Matched Chassis_Private, create, None None {{(pid=102857) matches /opt/stack/neutron/neutron/plugins/ml2/drivers/ovn/mech_driver/ovsdb/ovsdb_monitor.py:64}}
May 14 10:22:19.281343 np0000174137 devstack@neutron-api.service[102859]: INFO ovsdbapp.backend.ovs_idl.vlog [None req-1e5d499a-0c45-4f21-a9cc-de100b4be8c1 None None] ssl:199.19.213.20:6642: connected
May 14 10:22:19.281763 np0000174137 devstack@neutron-api.service[102857]: INFO neutron.plugins.ml2.drivers.ovn.mech_driver.mech_driver [None req-356bec24-8502-443a-bb4e-896184baf3ff None None] WorkerService process has finished the post initialization
May 14 10:22:19.283378 np0000174137 devstack@neutron-api.service[102857]: WSGI app 0 (mountpoint='') ready in 7 seconds on interpreter 0x73810fea3668 pid: 102857 (default app)
May 14 10:22:19.313539 np0000174137 devstack@neutron-api.service[102859]: DEBUG neutron.common.ovn.hash_ring_manager [None req-1e5d499a-0c45-4f21-a9cc-de100b4be8c1 None None] Allow caching, nodes 4>=4 {{(pid=102859) _wait_startup_before_caching /opt/stack/neutron/neutron/common/ovn/hash_ring_manager.py:65}}
May 14 10:22:19.314777 np0000174137 devstack@neutron-api.service[102859]: DEBUG neutron.common.ovn.hash_ring_manager [None req-1e5d499a-0c45-4f21-a9cc-de100b4be8c1 None None] Hash Ring loaded. 4 active nodes. 0 offline nodes {{(pid=102859) _load_hash_ring /opt/stack/neutron/neutron/common/ovn/hash_ring_manager.py:102}}
May 14 10:22:19.314979 np0000174137 devstack@neutron-api.service[102859]: DEBUG neutron.plugins.ml2.drivers.ovn.mech_driver.ovsdb.ovsdb_monitor [None req-1e5d499a-0c45-4f21-a9cc-de100b4be8c1 None None] ChassisAgentWriteEvent : Matched Chassis_Private, create, None None {{(pid=102859) matches /opt/stack/neutron/neutron/plugins/ml2/drivers/ovn/mech_driver/ovsdb/ovsdb_monitor.py:64}}
May 14 10:22:19.315144 np0000174137 devstack@neutron-api.service[102859]: DEBUG neutron.plugins.ml2.drivers.ovn.mech_driver.ovsdb.ovsdb_monitor [None req-1e5d499a-0c45-4f21-a9cc-de100b4be8c1 None None] ChassisOVNAgentWriteEvent : Matched Chassis_Private, create, None None {{(pid=102859) matches /opt/stack/neutron/neutron/plugins/ml2/drivers/ovn/mech_driver/ovsdb/ovsdb_monitor.py:64}}
May 14 10:22:19.315395 np0000174137 devstack@neutron-api.service[102859]: DEBUG neutron.plugins.ml2.drivers.ovn.mech_driver.ovsdb.ovsdb_monitor [None req-1e5d499a-0c45-4f21-a9cc-de100b4be8c1 None None] Hash Ring: Node 7923cbb024fd5fb99b782f3b9f052152 (host: np0000174137) handling event "create" for row 05fcc0ca-67fd-4109-bd82-8d2c95ace0c5 (table: Chassis_Private) {{(pid=102859) notify /opt/stack/neutron/neutron/plugins/ml2/drivers/ovn/mech_driver/ovsdb/ovsdb_monitor.py:942}}
May 14 10:22:19.318039 np0000174137 devstack@neutron-api.service[102859]: INFO neutron.plugins.ml2.drivers.ovn.mech_driver.mech_driver [None req-1e5d499a-0c45-4f21-a9cc-de100b4be8c1 None None] WorkerService process has finished the post initialization
May 14 10:22:19.319244 np0000174137 devstack@neutron-api.service[102859]: WSGI app 0 (mountpoint='') ready in 7 seconds on interpreter 0x73810fea3668 pid: 102859 (default app)
May 14 10:22:21.106225 np0000174137 devstack@neutron-api.service[102859]: DEBUG neutron.plugins.ml2.drivers.ovn.mech_driver.ovsdb.ovsdb_monitor [-] Hash Ring: Node 7923cbb024fd5fb99b782f3b9f052152 (host: np0000174137) handling event "update" for row b32fee0f-4668-44dd-895d-27ee77f90084 (table: Connection) {{(pid=102859) notify /opt/stack/neutron/neutron/plugins/ml2/drivers/ovn/mech_driver/ovsdb/ovsdb_monitor.py:942}}
May 14 10:22:21.109189 np0000174137 devstack@neutron-api.service[102858]: DEBUG neutron.common.ovn.hash_ring_manager [-] Allow caching, nodes 4>=4 {{(pid=102858) _wait_startup_before_caching /opt/stack/neutron/neutron/common/ovn/hash_ring_manager.py:65}}
May 14 10:22:21.109486 np0000174137 devstack@neutron-api.service[102858]: DEBUG neutron.plugins.ml2.drivers.ovn.mech_driver.ovsdb.ovsdb_monitor [-] Hash Ring: Node fff1cff81fbf5cc6b482c80472ff5012 (host: np0000174137) handling event "update" for row b32fee0f-4668-44dd-895d-27ee77f90084 (table: Connection) {{(pid=102858) notify /opt/stack/neutron/neutron/plugins/ml2/drivers/ovn/mech_driver/ovsdb/ovsdb_monitor.py:942}}
May 14 10:22:23.603568 np0000174137 devstack@neutron-api.service[102858]: DEBUG neutron.plugins.ml2.drivers.ovn.mech_driver.ovsdb.ovsdb_monitor [-] Hash Ring: Node fff1cff81fbf5cc6b482c80472ff5012 (host: np0000174137) handling event "update" for row b32fee0f-4668-44dd-895d-27ee77f90084 (table: Connection) {{(pid=102858) notify /opt/stack/neutron/neutron/plugins/ml2/drivers/ovn/mech_driver/ovsdb/ovsdb_monitor.py:942}}
May 14 10:22:23.604778 np0000174137 devstack@neutron-api.service[102859]: DEBUG neutron.plugins.ml2.drivers.ovn.mech_driver.ovsdb.ovsdb_monitor [-] Hash Ring: Node 7923cbb024fd5fb99b782f3b9f052152 (host: np0000174137) handling event "update" for row b32fee0f-4668-44dd-895d-27ee77f90084 (table: Connection) {{(pid=102859) notify /opt/stack/neutron/neutron/plugins/ml2/drivers/ovn/mech_driver/ovsdb/ovsdb_monitor.py:942}}
May 14 10:22:25.466057 np0000174137 devstack@neutron-api.service[102858]: DEBUG neutron.api.wsgi [None req-4a3fdc05-ba9a-4999-bfa0-48e05d836d0e admin admin] Missing Content-Type {{(pid=102858) get_content_type /opt/stack/neutron/neutron/api/wsgi.py:80}}
May 14 10:22:25.466874 np0000174137 devstack@neutron-api.service[102858]: DEBUG neutron.api.wsgi [None req-4a3fdc05-ba9a-4999-bfa0-48e05d836d0e admin admin] https://199.19.213.20/networking/v2.0/extensions returned with HTTP 200 {{(pid=102858) __call__ /opt/stack/neutron/neutron/api/wsgi.py:540}}
May 14 10:22:25.466874 np0000174137 devstack@neutron-api.service[102858]: [pid: 102858|app: 0|req: 2/2] 199.19.213.20 () {64 vars in 1316 bytes} [Thu May 14 10:22:25 2026] GET /networking/v2.0/extensions => generated 15209 bytes in 262 msecs (HTTP/1.1 200) 4 headers in 159 bytes (1 switches on core 0)
May 14 10:22:25.856110 np0000174137 devstack@neutron-api.service[102860]: DEBUG neutron.api.v2.base [None req-ef0227f2-a119-4725-9ec3-80f8bb92f197 admin admin] Request body: {'subnetpool': {'default_prefixlen': 26, 'prefixes': ['10.1.0.0/20'], 'name': 'shared-default-subnetpool-v4', 'is_default': True, 'shared': True}} {{(pid=102860) prepare_request_body /opt/stack/neutron/neutron/api/v2/base.py:727}}
May 14 10:22:26.071765 np0000174137 devstack@neutron-api.service[102860]: DEBUG neutron.policy [None req-ef0227f2-a119-4725-9ec3-80f8bb92f197 admin admin] Loaded default policies from ['neutron'] under neutron.policies entry points {{(pid=102860) register_rules /opt/stack/neutron/neutron/policy.py:65}}
May 14 10:22:26.222488 np0000174137 devstack@neutron-api.service[102860]: DEBUG neutron_lib.callbacks.manager [None req-ef0227f2-a119-4725-9ec3-80f8bb92f197 admin admin] Publish callbacks ['neutron.objects.securitygroup.RbacNeutronDbObjectMixin.validate_rbac_policy_change-2951298941623', 'neutron.objects.address_group.RbacNeutronDbObjectMixin.validate_rbac_policy_change-2951298968128', 'neutron.objects.network.RbacNeutronDbObjectMixin.validate_rbac_policy_change-2951299051919', 'neutron.objects.qos.policy.RbacNeutronDbObjectMixin.validate_rbac_policy_change-2951299049225', 'neutron.objects.subnetpool.RbacNeutronDbObjectMixin.validate_rbac_policy_change-2951299008020', 'neutron.objects.address_scope.RbacNeutronDbObjectMixin.validate_rbac_policy_change-2951299007705', 'neutron.plugins.ml2.plugin.External_net_db_mixin._process_ext_policy_create-3942951', 'neutron.plugins.ml2.plugin.NeutronDbPluginV2.validate_network_rbac_policy_change-4011339'] for rbac-policy (None), before_create {{(pid=102860) _notify_loop /opt/stack/data/venv/lib/python3.12/site-packages/neutron_lib/callbacks/manager.py:184}}
May 14 10:22:26.272424 np0000174137 devstack@neutron-api.service[102860]: DEBUG neutron_lib.callbacks.manager [None req-ef0227f2-a119-4725-9ec3-80f8bb92f197 admin admin] Publish callbacks [] for subnetpool (None), before_response {{(pid=102860) _notify_loop /opt/stack/data/venv/lib/python3.12/site-packages/neutron_lib/callbacks/manager.py:184}}
May 14 10:22:26.273492 np0000174137 devstack@neutron-api.service[102860]: [pid: 102860|app: 0|req: 1/3] 199.19.213.20 () {68 vars in 1360 bytes} [Thu May 14 10:22:25 2026] POST /networking/v2.0/subnetpools => generated 533 bytes in 527 msecs (HTTP/1.1 201) 4 headers in 162 bytes (1 switches on core 0)
May 14 10:22:26.600050 np0000174137 devstack@neutron-api.service[102857]: DEBUG neutron.api.v2.base [None req-2194e085-7f45-4003-b521-5f77734b65b6 admin admin] Request body: {'subnetpool': {'default_prefixlen': 64, 'prefixes': ['fd4b:148e:eee9::/56'], 'name': 'shared-default-subnetpool-v6', 'is_default': True, 'shared': True}} {{(pid=102857) prepare_request_body /opt/stack/neutron/neutron/api/v2/base.py:727}}
May 14 10:22:26.782715 np0000174137 devstack@neutron-api.service[102857]: DEBUG neutron.policy [None req-2194e085-7f45-4003-b521-5f77734b65b6 admin admin] Loaded default policies from ['neutron'] under neutron.policies entry points {{(pid=102857) register_rules /opt/stack/neutron/neutron/policy.py:65}}
May 14 10:22:26.929106 np0000174137 devstack@neutron-api.service[102857]: DEBUG neutron_lib.callbacks.manager [None req-2194e085-7f45-4003-b521-5f77734b65b6 admin admin] Publish callbacks ['neutron.objects.securitygroup.RbacNeutronDbObjectMixin.validate_rbac_policy_change-2951299034807', 'neutron.objects.address_group.RbacNeutronDbObjectMixin.validate_rbac_policy_change-2951298975318', 'neutron.objects.network.RbacNeutronDbObjectMixin.validate_rbac_policy_change-2951299135744', 'neutron.objects.qos.policy.RbacNeutronDbObjectMixin.validate_rbac_policy_change-2951299130378', 'neutron.objects.subnetpool.RbacNeutronDbObjectMixin.validate_rbac_policy_change-2951299077425', 'neutron.objects.address_scope.RbacNeutronDbObjectMixin.validate_rbac_policy_change-2951299078142', 'neutron.plugins.ml2.plugin.External_net_db_mixin._process_ext_policy_create-3550653', 'neutron.plugins.ml2.plugin.NeutronDbPluginV2.validate_network_rbac_policy_change-3613953'] for rbac-policy (None), before_create {{(pid=102857) _notify_loop /opt/stack/data/venv/lib/python3.12/site-packages/neutron_lib/callbacks/manager.py:184}}
May 14 10:22:26.968560 np0000174137 devstack@neutron-api.service[102857]: DEBUG neutron_lib.callbacks.manager [None req-2194e085-7f45-4003-b521-5f77734b65b6 admin admin] Publish callbacks [] for subnetpool (None), before_response {{(pid=102857) _notify_loop /opt/stack/data/venv/lib/python3.12/site-packages/neutron_lib/callbacks/manager.py:184}}
May 14 10:22:26.969121 np0000174137 devstack@neutron-api.service[102857]: [pid: 102857|app: 0|req: 1/4] 199.19.213.20 () {68 vars in 1360 bytes} [Thu May 14 10:22:26 2026] POST /networking/v2.0/subnetpools => generated 543 bytes in 478 msecs (HTTP/1.1 201) 4 headers in 162 bytes (1 switches on core 0)
May 14 10:22:27.385412 np0000174137 devstack@neutron-api.service[102859]: DEBUG neutron.api.v2.base [None req-3c34d17b-f56b-4b71-8943-7f114f7ec92c admin admin] Request body: {'network': {'name': 'private', 'admin_state_up': True}} {{(pid=102859) prepare_request_body /opt/stack/neutron/neutron/api/v2/base.py:727}}
May 14 10:22:27.409441 np0000174137 devstack@neutron-api.service[102859]: DEBUG neutron.pecan_wsgi.hooks.quota_enforcement [None req-3c34d17b-f56b-4b71-8943-7f114f7ec92c admin admin] Made reservation on behalf of 019a7aa462e54eb5abe12a16bf3f0299 for: {'network': 1} {{(pid=102859) before /opt/stack/neutron/neutron/pecan_wsgi/hooks/quota_enforcement.py:66}}
May 14 10:22:27.584155 np0000174137 devstack@neutron-api.service[102859]: DEBUG neutron.policy [None req-3c34d17b-f56b-4b71-8943-7f114f7ec92c admin admin] Loaded default policies from ['neutron'] under neutron.policies entry points {{(pid=102859) register_rules /opt/stack/neutron/neutron/policy.py:65}}
May 14 10:22:27.702395 np0000174137 devstack@neutron-api.service[102859]: DEBUG neutron_lib.callbacks.manager [None req-3c34d17b-f56b-4b71-8943-7f114f7ec92c admin admin] Publish callbacks ['neutron.plugins.ml2.plugin.SecurityGroupDbMixin._ensure_default_security_group_handler-419573'] for network (None), before_create {{(pid=102859) _notify_loop /opt/stack/data/venv/lib/python3.12/site-packages/neutron_lib/callbacks/manager.py:184}}
May 14 10:22:27.726482 np0000174137 devstack@neutron-api.service[102859]: DEBUG neutron_lib.callbacks.manager [None req-3c34d17b-f56b-4b71-8943-7f114f7ec92c admin admin] Publish callbacks [] for security_group (None), before_create {{(pid=102859) _notify_loop /opt/stack/data/venv/lib/python3.12/site-packages/neutron_lib/callbacks/manager.py:184}}
May 14 10:22:27.823795 np0000174137 devstack@neutron-api.service[102859]: DEBUG neutron_lib.callbacks.manager [None req-3c34d17b-f56b-4b71-8943-7f114f7ec92c admin admin] Publish callbacks ['neutron.plugins.ml2.drivers.ovn.mech_driver.mech_driver.OVNMechanismDriver._create_security_group_precommit-1896945'] for security_group (fbb33bd4-443c-4eba-828c-85d7a7280ee9), precommit_create {{(pid=102859) _notify_loop /opt/stack/data/venv/lib/python3.12/site-packages/neutron_lib/callbacks/manager.py:184}}
May 14 10:22:27.824084 np0000174137 devstack@neutron-api.service[102859]: DEBUG neutron.db.ovn_revision_numbers_db [None req-3c34d17b-f56b-4b71-8943-7f114f7ec92c admin admin] create_initial_revision uuid=fbb33bd4-443c-4eba-828c-85d7a7280ee9, type=security_groups, rev=-1 {{(pid=102859) create_initial_revision /opt/stack/neutron/neutron/db/ovn_revision_numbers_db.py:98}}
May 14 10:22:27.826554 np0000174137 devstack@neutron-api.service[102859]: DEBUG neutron.db.ovn_revision_numbers_db [None req-3c34d17b-f56b-4b71-8943-7f114f7ec92c admin admin] create_initial_revision uuid=0e0efcb1-432b-44a4-9c00-b61104925734, type=security_group_rules, rev=-1 {{(pid=102859) create_initial_revision /opt/stack/neutron/neutron/db/ovn_revision_numbers_db.py:98}}
May 14 10:22:27.827701 np0000174137 devstack@neutron-api.service[102859]: DEBUG neutron.db.ovn_revision_numbers_db [None req-3c34d17b-f56b-4b71-8943-7f114f7ec92c admin admin] create_initial_revision uuid=1532b9ed-b0b3-4fae-afcf-96b4cb99ec9d, type=security_group_rules, rev=-1 {{(pid=102859) create_initial_revision /opt/stack/neutron/neutron/db/ovn_revision_numbers_db.py:98}}
May 14 10:22:27.828720 np0000174137 devstack@neutron-api.service[102859]: DEBUG neutron.db.ovn_revision_numbers_db [None req-3c34d17b-f56b-4b71-8943-7f114f7ec92c admin admin] create_initial_revision uuid=caefcba1-6639-4879-9a40-c9f039368223, type=security_group_rules, rev=-1 {{(pid=102859) create_initial_revision /opt/stack/neutron/neutron/db/ovn_revision_numbers_db.py:98}}
May 14 10:22:27.829860 np0000174137 devstack@neutron-api.service[102859]: DEBUG neutron.db.ovn_revision_numbers_db [None req-3c34d17b-f56b-4b71-8943-7f114f7ec92c admin admin] create_initial_revision uuid=ccfcce8d-e5a9-42c7-a6e8-7fb1f39fc085, type=security_group_rules, rev=-1 {{(pid=102859) create_initial_revision /opt/stack/neutron/neutron/db/ovn_revision_numbers_db.py:98}}
May 14 10:22:27.836260 np0000174137 devstack@neutron-api.service[102859]: DEBUG neutron_lib.callbacks.manager [None req-3c34d17b-f56b-4b71-8943-7f114f7ec92c admin admin] Publish callbacks ['neutron.plugins.ml2.drivers.ovn.mech_driver.mech_driver.OVNMechanismDriver._create_security_group-1896839', 'neutron.plugins.ml2.ovo_rpc._ObjectChangeHandler.handle_event-15155270'] for security_group (fbb33bd4-443c-4eba-828c-85d7a7280ee9), after_create {{(pid=102859) _notify_loop /opt/stack/data/venv/lib/python3.12/site-packages/neutron_lib/callbacks/manager.py:184}}
May 14 10:22:27.836545 np0000174137 devstack@neutron-api.service[102859]: INFO neutron.plugins.ml2.drivers.ovn.mech_driver.ovsdb.extensions.qos [None req-3c34d17b-f56b-4b71-8943-7f114f7ec92c admin admin] Starting OVNClientQosExtension
May 14 10:22:27.836795 np0000174137 devstack@neutron-api.service[102859]: INFO neutron.plugins.ml2.drivers.ovn.mech_driver.ovsdb.extensions.placement [None req-3c34d17b-f56b-4b71-8943-7f114f7ec92c admin admin] Starting OVNClientPlacementExtension
May 14 10:22:27.838875 np0000174137 devstack@neutron-api.service[102859]: DEBUG ovsdbapp.backend.ovs_idl.transaction [-] Running txn n=1 command(idx=0): PgAddCommand(_result=None, name=pg_fbb33bd4_443c_4eba_828c_85d7a7280ee9, may_exist=False, columns={'acls': [], 'external_ids': {'neutron:security_group_id': 'fbb33bd4-443c-4eba-828c-85d7a7280ee9'}}) {{(pid=102859) do_commit /opt/stack/data/venv/lib/python3.12/site-packages/ovsdbapp/backend/ovs_idl/transaction.py:89}}
May 14 10:22:27.841305 np0000174137 devstack@neutron-api.service[102859]: DEBUG ovsdbapp.backend.ovs_idl.transaction [-] Running txn n=1 command(idx=1): PgAclAddCommand(_result=None, entity=pg_fbb33bd4_443c_4eba_828c_85d7a7280ee9, direction=from-lport, priority=1002, match=inport == @pg_fbb33bd4_443c_4eba_828c_85d7a7280ee9 && ip4, action=allow-related, log=False, may_exist=True, severity=[], name=[], meter=[], external_ids={'neutron:security_group_rule_id': '0e0efcb1-432b-44a4-9c00-b61104925734'}) {{(pid=102859) do_commit /opt/stack/data/venv/lib/python3.12/site-packages/ovsdbapp/backend/ovs_idl/transaction.py:89}}
May 14 10:22:27.842038 np0000174137 devstack@neutron-api.service[102859]: DEBUG ovsdbapp.backend.ovs_idl.transaction [-] Running txn n=1 command(idx=2): PgAclAddCommand(_result=None, entity=pg_fbb33bd4_443c_4eba_828c_85d7a7280ee9, direction=from-lport, priority=1002, match=inport == @pg_fbb33bd4_443c_4eba_828c_85d7a7280ee9 && ip6, action=allow-related, log=False, may_exist=True, severity=[], name=[], meter=[], external_ids={'neutron:security_group_rule_id': '1532b9ed-b0b3-4fae-afcf-96b4cb99ec9d'}) {{(pid=102859) do_commit /opt/stack/data/venv/lib/python3.12/site-packages/ovsdbapp/backend/ovs_idl/transaction.py:89}}
May 14 10:22:27.842351 np0000174137 devstack@neutron-api.service[102859]: DEBUG ovsdbapp.backend.ovs_idl.transaction [-] Running txn n=1 command(idx=3): PgAclAddCommand(_result=None, entity=pg_fbb33bd4_443c_4eba_828c_85d7a7280ee9, direction=to-lport, priority=1002, match=outport == @pg_fbb33bd4_443c_4eba_828c_85d7a7280ee9 && ip4 && ip4.src == $pg_fbb33bd4_443c_4eba_828c_85d7a7280ee9_ip4, action=allow-related, log=False, may_exist=True, severity=[], name=[], meter=[], external_ids={'neutron:security_group_rule_id': 'caefcba1-6639-4879-9a40-c9f039368223'}) {{(pid=102859) do_commit /opt/stack/data/venv/lib/python3.12/site-packages/ovsdbapp/backend/ovs_idl/transaction.py:89}}
May 14 10:22:27.842633 np0000174137 devstack@neutron-api.service[102859]: DEBUG ovsdbapp.backend.ovs_idl.transaction [-] Running txn n=1 command(idx=4): PgAclAddCommand(_result=None, entity=pg_fbb33bd4_443c_4eba_828c_85d7a7280ee9, direction=to-lport, priority=1002, match=outport == @pg_fbb33bd4_443c_4eba_828c_85d7a7280ee9 && ip6 && ip6.src == $pg_fbb33bd4_443c_4eba_828c_85d7a7280ee9_ip6, action=allow-related, log=False, may_exist=True, severity=[], name=[], meter=[], external_ids={'neutron:security_group_rule_id': 'ccfcce8d-e5a9-42c7-a6e8-7fb1f39fc085'}) {{(pid=102859) do_commit /opt/stack/data/venv/lib/python3.12/site-packages/ovsdbapp/backend/ovs_idl/transaction.py:89}}
May 14 10:22:27.849824 np0000174137 devstack@neutron-api.service[102859]: DEBUG neutron.plugins.ml2.drivers.ovn.mech_driver.ovsdb.ovsdb_monitor [-] Hash Ring: Node 7923cbb024fd5fb99b782f3b9f052152 (host: np0000174137) handling event "create" for row 43b44a42-cba8-4fc7-8008-95436fedfacf (table: ACL) {{(pid=102859) notify /opt/stack/neutron/neutron/plugins/ml2/drivers/ovn/mech_driver/ovsdb/ovsdb_monitor.py:942}}
May 14 10:22:27.849824 np0000174137 devstack@neutron-api.service[102859]: DEBUG neutron.plugins.ml2.drivers.ovn.mech_driver.ovsdb.ovsdb_monitor [-] Hash Ring: Node 7923cbb024fd5fb99b782f3b9f052152 (host: np0000174137) handling event "create" for row b85012fd-03c7-4e5c-980b-0b53a275b487 (table: ACL) {{(pid=102859) notify /opt/stack/neutron/neutron/plugins/ml2/drivers/ovn/mech_driver/ovsdb/ovsdb_monitor.py:942}}
May 14 10:22:27.852836 np0000174137 devstack@neutron-api.service[102858]: DEBUG neutron.plugins.ml2.drivers.ovn.mech_driver.ovsdb.ovsdb_monitor [-] Hash Ring: Node fff1cff81fbf5cc6b482c80472ff5012 (host: np0000174137) handling event "create" for row 43b44a42-cba8-4fc7-8008-95436fedfacf (table: ACL) {{(pid=102858) notify /opt/stack/neutron/neutron/plugins/ml2/drivers/ovn/mech_driver/ovsdb/ovsdb_monitor.py:942}}
May 14 10:22:27.853180 np0000174137 devstack@neutron-api.service[102858]: DEBUG neutron.plugins.ml2.drivers.ovn.mech_driver.ovsdb.ovsdb_monitor [-] Hash Ring: Node fff1cff81fbf5cc6b482c80472ff5012 (host: np0000174137) handling event "create" for row 8c85f62d-2a30-4949-9236-650c9aca5973 (table: ACL) {{(pid=102858) notify /opt/stack/neutron/neutron/plugins/ml2/drivers/ovn/mech_driver/ovsdb/ovsdb_monitor.py:942}}
May 14 10:22:27.854190 np0000174137 devstack@neutron-api.service[102858]: DEBUG neutron.plugins.ml2.drivers.ovn.mech_driver.ovsdb.ovsdb_monitor [-] Hash Ring: Node fff1cff81fbf5cc6b482c80472ff5012 (host: np0000174137) handling event "create" for row aab74616-fd90-431d-af2b-365fa2bdd95e (table: ACL) {{(pid=102858) notify /opt/stack/neutron/neutron/plugins/ml2/drivers/ovn/mech_driver/ovsdb/ovsdb_monitor.py:942}}
May 14 10:22:27.854461 np0000174137 devstack@neutron-api.service[102858]: DEBUG neutron.plugins.ml2.drivers.ovn.mech_driver.ovsdb.ovsdb_monitor [-] Hash Ring: Node fff1cff81fbf5cc6b482c80472ff5012 (host: np0000174137) handling event "create" for row b85012fd-03c7-4e5c-980b-0b53a275b487 (table: ACL) {{(pid=102858) notify /opt/stack/neutron/neutron/plugins/ml2/drivers/ovn/mech_driver/ovsdb/ovsdb_monitor.py:942}}
May 14 10:22:27.854642 np0000174137 devstack@neutron-api.service[102858]: DEBUG neutron.plugins.ml2.drivers.ovn.mech_driver.ovsdb.ovsdb_monitor [-] Hash Ring: Node fff1cff81fbf5cc6b482c80472ff5012 (host: np0000174137) handling event "create" for row 10639e97-2ba5-409e-8288-1fa179120c66 (table: Port_Group) {{(pid=102858) notify /opt/stack/neutron/neutron/plugins/ml2/drivers/ovn/mech_driver/ovsdb/ovsdb_monitor.py:942}}
May 14 10:22:27.856681 np0000174137 devstack@neutron-api.service[102860]: DEBUG neutron.plugins.ml2.drivers.ovn.mech_driver.ovsdb.ovsdb_monitor [-] Hash Ring: Node 07a06e9bed7151c8839522746deaea70 (host: np0000174137) handling event "create" for row aab74616-fd90-431d-af2b-365fa2bdd95e (table: ACL) {{(pid=102860) notify /opt/stack/neutron/neutron/plugins/ml2/drivers/ovn/mech_driver/ovsdb/ovsdb_monitor.py:942}}
May 14 10:22:27.881636 np0000174137 devstack@neutron-api.service[102859]: INFO neutron.db.ovn_revision_numbers_db [None req-3c34d17b-f56b-4b71-8943-7f114f7ec92c admin admin] Successfully bumped revision number for resource fbb33bd4-443c-4eba-828c-85d7a7280ee9 (type: security_groups) to 1
May 14 10:22:27.899161 np0000174137 devstack@neutron-api.service[102859]: INFO neutron.db.ovn_revision_numbers_db [None req-3c34d17b-f56b-4b71-8943-7f114f7ec92c admin admin] Successfully bumped revision number for resource 0e0efcb1-432b-44a4-9c00-b61104925734 (type: security_group_rules) to 0
May 14 10:22:27.913719 np0000174137 devstack@neutron-api.service[102859]: INFO neutron.db.ovn_revision_numbers_db [None req-3c34d17b-f56b-4b71-8943-7f114f7ec92c admin admin] Successfully bumped revision number for resource 1532b9ed-b0b3-4fae-afcf-96b4cb99ec9d (type: security_group_rules) to 0
May 14 10:22:27.927035 np0000174137 devstack@neutron-api.service[102859]: INFO neutron.db.ovn_revision_numbers_db [None req-3c34d17b-f56b-4b71-8943-7f114f7ec92c admin admin] Successfully bumped revision number for resource caefcba1-6639-4879-9a40-c9f039368223 (type: security_group_rules) to 0
May 14 10:22:27.943806 np0000174137 devstack@neutron-api.service[102859]: INFO neutron.db.ovn_revision_numbers_db [None req-3c34d17b-f56b-4b71-8943-7f114f7ec92c admin admin] Successfully bumped revision number for resource ccfcce8d-e5a9-42c7-a6e8-7fb1f39fc085 (type: security_group_rules) to 0
May 14 10:22:27.972345 np0000174137 devstack@neutron-api.service[102859]: DEBUG neutron.api.rpc.handlers.resources_rpc [None req-3c34d17b-f56b-4b71-8943-7f114f7ec92c admin admin] Pushing event updated for resources: {'SecurityGroup': ['ID=fbb33bd4-443c-4eba-828c-85d7a7280ee9,revision_number=1']} {{(pid=102859) push /opt/stack/neutron/neutron/api/rpc/handlers/resources_rpc.py:237}}
May 14 10:22:27.979879 np0000174137 devstack@neutron-api.service[102859]: DEBUG ovsdbapp.backend.ovs_idl.transaction [-] Running txn n=1 command(idx=0): CheckLivenessCommand(_result=None) {{(pid=102859) do_commit /opt/stack/data/venv/lib/python3.12/site-packages/ovsdbapp/backend/ovs_idl/transaction.py:89}}
May 14 10:22:27.985262 np0000174137 devstack@neutron-api.service[102858]: DEBUG neutron.plugins.ml2.drivers.ovn.mech_driver.ovsdb.ovsdb_monitor [-] Hash Ring: Node fff1cff81fbf5cc6b482c80472ff5012 (host: np0000174137) handling event "update" for row 5acf48d5-4b32-4ca4-833d-54c0fe6990ad (table: NB_Global) {{(pid=102858) notify /opt/stack/neutron/neutron/plugins/ml2/drivers/ovn/mech_driver/ovsdb/ovsdb_monitor.py:942}}
May 14 10:22:27.986440 np0000174137 devstack@neutron-api.service[102860]: DEBUG neutron.plugins.ml2.drivers.ovn.mech_driver.ovsdb.ovsdb_monitor [-] Hash Ring: Node 07a06e9bed7151c8839522746deaea70 (host: np0000174137) handling event "update" for row 5acf48d5-4b32-4ca4-833d-54c0fe6990ad (table: NB_Global) {{(pid=102860) notify /opt/stack/neutron/neutron/plugins/ml2/drivers/ovn/mech_driver/ovsdb/ovsdb_monitor.py:942}}
May 14 10:22:27.988061 np0000174137 devstack@neutron-api.service[102859]: DEBUG neutron.api.rpc.callbacks.version_manager [None req-3c34d17b-f56b-4b71-8943-7f114f7ec92c admin admin] Tracked resource versions report:
May 14 10:22:27.988061 np0000174137 devstack@neutron-api.service[102859]: pushed versions:
May 14 10:22:27.988061 np0000174137 devstack@neutron-api.service[102859]: { 'AddressGroup': {'1.2'},
May 14 10:22:27.988061 np0000174137 devstack@neutron-api.service[102859]: 'Agent': {'1.1'},
May 14 10:22:27.988061 np0000174137 devstack@neutron-api.service[102859]: 'ConntrackHelper': {'1.0'},
May 14 10:22:27.988061 np0000174137 devstack@neutron-api.service[102859]: 'LocalIPAssociation': {'1.0'},
May 14 10:22:27.988061 np0000174137 devstack@neutron-api.service[102859]: 'Log': {'1.0'},
May 14 10:22:27.988061 np0000174137 devstack@neutron-api.service[102859]: 'NDPProxy': {'1.0'},
May 14 10:22:27.988061 np0000174137 devstack@neutron-api.service[102859]: 'Network': {'1.2'},
May 14 10:22:27.988061 np0000174137 devstack@neutron-api.service[102859]: 'Port': {'1.10'},
May 14 10:22:27.988061 np0000174137 devstack@neutron-api.service[102859]: 'PortForwarding': {'1.3'},
May 14 10:22:27.988061 np0000174137 devstack@neutron-api.service[102859]: 'QosPolicy': {'1.10'},
May 14 10:22:27.988061 np0000174137 devstack@neutron-api.service[102859]: 'SecurityGroup': {'1.6'},
May 14 10:22:27.988061 np0000174137 devstack@neutron-api.service[102859]: 'SecurityGroupRule': {'1.3'},
May 14 10:22:27.988061 np0000174137 devstack@neutron-api.service[102859]: 'SubPort': {'1.0'},
May 14 10:22:27.988061 np0000174137 devstack@neutron-api.service[102859]: 'Subnet': {'1.2'},
May 14 10:22:27.988061 np0000174137 devstack@neutron-api.service[102859]: 'Trunk': {'1.1'}}
May 14 10:22:27.988061 np0000174137 devstack@neutron-api.service[102859]: consumer versions:
May 14 10:22:27.988061 np0000174137 devstack@neutron-api.service[102859]: {}
May 14 10:22:27.988061 np0000174137 devstack@neutron-api.service[102859]: {{(pid=102859) report /opt/stack/neutron/neutron/api/rpc/callbacks/version_manager.py:183}}
May 14 10:22:27.989712 np0000174137 devstack@neutron-api.service[102858]: DEBUG neutron.plugins.ml2.drivers.ovn.mech_driver.ovsdb.ovsdb_monitor [-] Hash Ring: Node fff1cff81fbf5cc6b482c80472ff5012 (host: np0000174137) handling event "update" for row 5acf48d5-4b32-4ca4-833d-54c0fe6990ad (table: NB_Global) {{(pid=102858) notify /opt/stack/neutron/neutron/plugins/ml2/drivers/ovn/mech_driver/ovsdb/ovsdb_monitor.py:942}}
May 14 10:22:27.989712 np0000174137 devstack@neutron-api.service[102858]: DEBUG neutron.plugins.ml2.drivers.ovn.mech_driver.ovsdb.ovsdb_monitor [-] Hash Ring: Node fff1cff81fbf5cc6b482c80472ff5012 (host: np0000174137) handling event "update" for row 5acf48d5-4b32-4ca4-833d-54c0fe6990ad (table: NB_Global) {{(pid=102858) notify /opt/stack/neutron/neutron/plugins/ml2/drivers/ovn/mech_driver/ovsdb/ovsdb_monitor.py:942}}
May 14 10:22:27.989912 np0000174137 devstack@neutron-api.service[102860]: DEBUG neutron.plugins.ml2.drivers.ovn.mech_driver.ovsdb.ovsdb_monitor [-] Hash Ring: Node 07a06e9bed7151c8839522746deaea70 (host: np0000174137) handling event "update" for row 5acf48d5-4b32-4ca4-833d-54c0fe6990ad (table: NB_Global) {{(pid=102860) notify /opt/stack/neutron/neutron/plugins/ml2/drivers/ovn/mech_driver/ovsdb/ovsdb_monitor.py:942}}
May 14 10:22:27.990084 np0000174137 devstack@neutron-api.service[102858]: DEBUG neutron.plugins.ml2.drivers.ovn.mech_driver.ovsdb.ovsdb_monitor [-] ChassisAgentWriteEvent : Matched Chassis_Private, update, None None {{(pid=102858) matches /opt/stack/neutron/neutron/plugins/ml2/drivers/ovn/mech_driver/ovsdb/ovsdb_monitor.py:64}}
May 14 10:22:27.990241 np0000174137 devstack@neutron-api.service[102860]: DEBUG neutron.plugins.ml2.drivers.ovn.mech_driver.ovsdb.ovsdb_monitor [-] ChassisAgentWriteEvent : Matched Chassis_Private, update, None None {{(pid=102860) matches /opt/stack/neutron/neutron/plugins/ml2/drivers/ovn/mech_driver/ovsdb/ovsdb_monitor.py:64}}
May 14 10:22:27.992169 np0000174137 devstack@neutron-api.service[102857]: DEBUG neutron.plugins.ml2.drivers.ovn.mech_driver.ovsdb.ovsdb_monitor [-] ChassisAgentWriteEvent : Matched Chassis_Private, update, None None {{(pid=102857) matches /opt/stack/neutron/neutron/plugins/ml2/drivers/ovn/mech_driver/ovsdb/ovsdb_monitor.py:64}}
May 14 10:22:27.994417 np0000174137 devstack@neutron-api.service[102860]: DEBUG neutron.plugins.ml2.drivers.ovn.mech_driver.ovsdb.ovsdb_monitor [-] Hash Ring: Node 07a06e9bed7151c8839522746deaea70 (host: np0000174137) handling event "update" for row 5acf48d5-4b32-4ca4-833d-54c0fe6990ad (table: NB_Global) {{(pid=102860) notify /opt/stack/neutron/neutron/plugins/ml2/drivers/ovn/mech_driver/ovsdb/ovsdb_monitor.py:942}}
May 14 10:22:27.994720 np0000174137 devstack@neutron-api.service[102859]: DEBUG neutron.plugins.ml2.drivers.ovn.mech_driver.ovsdb.ovsdb_monitor [-] ChassisAgentWriteEvent : Matched Chassis_Private, update, None None {{(pid=102859) matches /opt/stack/neutron/neutron/plugins/ml2/drivers/ovn/mech_driver/ovsdb/ovsdb_monitor.py:64}}
May 14 10:22:27.995262 np0000174137 devstack@neutron-api.service[102859]: DEBUG neutron.plugins.ml2.drivers.ovn.mech_driver.ovsdb.ovsdb_monitor [-] Hash Ring: Node 7923cbb024fd5fb99b782f3b9f052152 (host: np0000174137) handling event "update" for row 05fcc0ca-67fd-4109-bd82-8d2c95ace0c5 (table: Chassis_Private) {{(pid=102859) notify /opt/stack/neutron/neutron/plugins/ml2/drivers/ovn/mech_driver/ovsdb/ovsdb_monitor.py:942}}
May 14 10:22:27.995370 np0000174137 devstack@neutron-api.service[102858]: DEBUG neutron.plugins.ml2.drivers.ovn.mech_driver.ovsdb.ovsdb_monitor [-] Hash Ring: Node fff1cff81fbf5cc6b482c80472ff5012 (host: np0000174137) handling event "update" for row 5acf48d5-4b32-4ca4-833d-54c0fe6990ad (table: NB_Global) {{(pid=102858) notify /opt/stack/neutron/neutron/plugins/ml2/drivers/ovn/mech_driver/ovsdb/ovsdb_monitor.py:942}}
May 14 10:22:27.995428 np0000174137 devstack@neutron-api.service[102860]: DEBUG neutron.plugins.ml2.drivers.ovn.mech_driver.ovsdb.ovsdb_monitor [-] Hash Ring: Node 07a06e9bed7151c8839522746deaea70 (host: np0000174137) handling event "update" for row 5acf48d5-4b32-4ca4-833d-54c0fe6990ad (table: NB_Global) {{(pid=102860) notify /opt/stack/neutron/neutron/plugins/ml2/drivers/ovn/mech_driver/ovsdb/ovsdb_monitor.py:942}}
May 14 10:22:27.996515 np0000174137 devstack@neutron-api.service[102858]: DEBUG neutron.common.ovn.hash_ring_manager [-] Allow caching, nodes 4>=4 {{(pid=102858) _wait_startup_before_caching /opt/stack/neutron/neutron/common/ovn/hash_ring_manager.py:65}}
May 14 10:22:27.996685 np0000174137 devstack@neutron-api.service[102858]: DEBUG neutron.plugins.ml2.drivers.ovn.mech_driver.ovsdb.ovsdb_monitor [-] Hash Ring: Node fff1cff81fbf5cc6b482c80472ff5012 (host: np0000174137) handling event "update" for row 05fcc0ca-67fd-4109-bd82-8d2c95ace0c5 (table: Chassis_Private) {{(pid=102858) notify /opt/stack/neutron/neutron/plugins/ml2/drivers/ovn/mech_driver/ovsdb/ovsdb_monitor.py:942}}
May 14 10:22:27.998511 np0000174137 devstack@neutron-api.service[102858]: DEBUG neutron.plugins.ml2.drivers.ovn.mech_driver.ovsdb.ovsdb_monitor [-] ChassisOVNAgentWriteEvent : Matched Chassis_Private, update, None None {{(pid=102858) matches /opt/stack/neutron/neutron/plugins/ml2/drivers/ovn/mech_driver/ovsdb/ovsdb_monitor.py:64}}
May 14 10:22:27.998884 np0000174137 devstack@neutron-api.service[102858]: DEBUG neutron.plugins.ml2.drivers.ovn.mech_driver.ovsdb.ovsdb_monitor [-] Hash Ring: Node fff1cff81fbf5cc6b482c80472ff5012 (host: np0000174137) handling event "update" for row 05fcc0ca-67fd-4109-bd82-8d2c95ace0c5 (table: Chassis_Private) {{(pid=102858) notify /opt/stack/neutron/neutron/plugins/ml2/drivers/ovn/mech_driver/ovsdb/ovsdb_monitor.py:942}}
May 14 10:22:27.999168 np0000174137 devstack@neutron-api.service[102860]: DEBUG neutron.plugins.ml2.drivers.ovn.mech_driver.ovsdb.ovsdb_monitor [-] ChassisOVNAgentWriteEvent : Matched Chassis_Private, update, None None {{(pid=102860) matches /opt/stack/neutron/neutron/plugins/ml2/drivers/ovn/mech_driver/ovsdb/ovsdb_monitor.py:64}}
May 14 10:22:27.999951 np0000174137 devstack@neutron-api.service[102859]: DEBUG neutron.plugins.ml2.drivers.ovn.mech_driver.ovsdb.ovsdb_monitor [-] ChassisOVNAgentWriteEvent : Matched Chassis_Private, update, None None {{(pid=102859) matches /opt/stack/neutron/neutron/plugins/ml2/drivers/ovn/mech_driver/ovsdb/ovsdb_monitor.py:64}}
May 14 10:22:28.000447 np0000174137 devstack@neutron-api.service[102857]: DEBUG neutron.plugins.ml2.drivers.ovn.mech_driver.ovsdb.ovsdb_monitor [-] ChassisOVNAgentWriteEvent : Matched Chassis_Private, update, None None {{(pid=102857) matches /opt/stack/neutron/neutron/plugins/ml2/drivers/ovn/mech_driver/ovsdb/ovsdb_monitor.py:64}}
May 14 10:22:28.000525 np0000174137 devstack@neutron-api.service[102859]: DEBUG neutron.plugins.ml2.drivers.ovn.mech_driver.ovsdb.ovsdb_monitor [-] Hash Ring: Node 7923cbb024fd5fb99b782f3b9f052152 (host: np0000174137) handling event "update" for row 05fcc0ca-67fd-4109-bd82-8d2c95ace0c5 (table: Chassis_Private) {{(pid=102859) notify /opt/stack/neutron/neutron/plugins/ml2/drivers/ovn/mech_driver/ovsdb/ovsdb_monitor.py:942}}
May 14 10:22:28.057982 np0000174137 devstack@neutron-api.service[102859]: DEBUG neutron.plugins.ml2.drivers.helpers [None req-3c34d17b-f56b-4b71-8943-7f114f7ec92c admin admin] geneve segment allocate from pool success with {'geneve_vni': 39037} {{(pid=102859) allocate_partially_specified_segment /opt/stack/neutron/neutron/plugins/ml2/drivers/helpers.py:142}}
May 14 10:22:28.069454 np0000174137 devstack@neutron-api.service[102859]: DEBUG neutron_lib.callbacks.manager [None req-3c34d17b-f56b-4b71-8943-7f114f7ec92c admin admin] Publish callbacks ['neutron.services.segments.db._add_segment_host_mapping_for_segment-7937377688426', 'neutron.plugins.ml2.plugin.Ml2Plugin._handle_segment_change-150505'] for segment (484033ea-f532-4ba5-a1ed-db6e5f56ac4a), precommit_create {{(pid=102859) _notify_loop /opt/stack/data/venv/lib/python3.12/site-packages/neutron_lib/callbacks/manager.py:184}}
May 14 10:22:28.069728 np0000174137 devstack@neutron-api.service[102859]: INFO neutron.db.segments_db [None req-3c34d17b-f56b-4b71-8943-7f114f7ec92c admin admin] Added segment 484033ea-f532-4ba5-a1ed-db6e5f56ac4a of type geneve for network 92e7ea37-1507-48ea-bd2f-0669a9e3e77e
May 14 10:22:28.114334 np0000174137 devstack@neutron-api.service[102859]: DEBUG neutron_lib.callbacks.manager [None req-3c34d17b-f56b-4b71-8943-7f114f7ec92c admin admin] Publish callbacks ['neutron.services.auto_allocate.db._ensure_external_network_default_value_callback-7937375692120'] for network (92e7ea37-1507-48ea-bd2f-0669a9e3e77e), precommit_create {{(pid=102859) _notify_loop /opt/stack/data/venv/lib/python3.12/site-packages/neutron_lib/callbacks/manager.py:184}}
May 14 10:22:28.130918 np0000174137 devstack@neutron-api.service[102859]: DEBUG neutron.plugins.ml2.drivers.ovn.mech_driver.mech_driver [None req-3c34d17b-f56b-4b71-8943-7f114f7ec92c admin admin] Validating network segment with type geneve, segmentation ID 39037, physical network None {{(pid=102859) _validate_network_segments /opt/stack/neutron/neutron/plugins/ml2/drivers/ovn/mech_driver/mech_driver.py:641}}
May 14 10:22:28.131054 np0000174137 devstack@neutron-api.service[102859]: DEBUG neutron.db.ovn_revision_numbers_db [None req-3c34d17b-f56b-4b71-8943-7f114f7ec92c admin admin] create_initial_revision uuid=92e7ea37-1507-48ea-bd2f-0669a9e3e77e, type=networks, rev=-1 {{(pid=102859) create_initial_revision /opt/stack/neutron/neutron/db/ovn_revision_numbers_db.py:98}}
May 14 10:22:28.146028 np0000174137 devstack@neutron-api.service[102859]: DEBUG neutron_lib.callbacks.manager [None req-3c34d17b-f56b-4b71-8943-7f114f7ec92c admin admin] Publish callbacks ['neutron.plugins.ml2.ovo_rpc._ObjectChangeHandler.handle_event-15155641'] for network (92e7ea37-1507-48ea-bd2f-0669a9e3e77e), after_create {{(pid=102859) _notify_loop /opt/stack/data/venv/lib/python3.12/site-packages/neutron_lib/callbacks/manager.py:184}}
May 14 10:22:28.198573 np0000174137 devstack@neutron-api.service[102859]: DEBUG neutron.api.rpc.handlers.resources_rpc [None req-3c34d17b-f56b-4b71-8943-7f114f7ec92c admin admin] Pushing event updated for resources: {'Network': ['ID=92e7ea37-1507-48ea-bd2f-0669a9e3e77e,revision_number=1']} {{(pid=102859) push /opt/stack/neutron/neutron/api/rpc/handlers/resources_rpc.py:237}}
May 14 10:22:28.207131 np0000174137 devstack@neutron-api.service[102859]: DEBUG ovsdbapp.backend.ovs_idl.transaction [-] Running txn n=1 command(idx=0): AddNetworkCommand(_result=None, network_uuid=92e7ea37-1507-48ea-bd2f-0669a9e3e77e, may_exist=True, columns={'external_ids': {'neutron:network_name': 'private', 'neutron:mtu': '1372', 'neutron:revision_number': '1', 'neutron:availability_zone_hints': '', 'neutron:provnet-network-type': 'geneve'}, 'other_config': {'mcast_snoop': 'false', 'mcast_flood_unregistered': 'false', 'vlan-passthru': 'false'}}) {{(pid=102859) do_commit /opt/stack/data/venv/lib/python3.12/site-packages/ovsdbapp/backend/ovs_idl/transaction.py:89}}
May 14 10:22:28.207828 np0000174137 devstack@neutron-api.service[102859]: DEBUG neutron.common.ovn.utils [-] OVS persist_uuid supported=True {{(pid=102859) ovs_persist_uuid_supported /opt/stack/neutron/neutron/common/ovn/utils.py:1537}}
May 14 10:22:28.211743 np0000174137 devstack@neutron-api.service[102858]: DEBUG neutron.plugins.ml2.drivers.ovn.mech_driver.ovsdb.ovsdb_monitor [-] Hash Ring: Node fff1cff81fbf5cc6b482c80472ff5012 (host: np0000174137) handling event "create" for row 92e7ea37-1507-48ea-bd2f-0669a9e3e77e (table: Logical_Switch) {{(pid=102858) notify /opt/stack/neutron/neutron/plugins/ml2/drivers/ovn/mech_driver/ovsdb/ovsdb_monitor.py:942}}
May 14 10:22:28.217592 np0000174137 devstack@neutron-api.service[102858]: DEBUG neutron.plugins.ml2.drivers.ovn.mech_driver.ovsdb.ovsdb_monitor [-] Hash Ring: Node fff1cff81fbf5cc6b482c80472ff5012 (host: np0000174137) handling event "create" for row 0a7ac3a8-3279-4f61-9e13-c99014dd722f (table: Datapath_Binding) {{(pid=102858) notify /opt/stack/neutron/neutron/plugins/ml2/drivers/ovn/mech_driver/ovsdb/ovsdb_monitor.py:942}}
May 14 10:22:28.250028 np0000174137 devstack@neutron-api.service[102859]: INFO neutron.db.ovn_revision_numbers_db [None req-3c34d17b-f56b-4b71-8943-7f114f7ec92c admin admin] Successfully bumped revision number for resource 92e7ea37-1507-48ea-bd2f-0669a9e3e77e (type: networks) to 1
May 14 10:22:28.316268 np0000174137 devstack@neutron-api.service[102859]: DEBUG neutron_lib.callbacks.manager [None req-3c34d17b-f56b-4b71-8943-7f114f7ec92c admin admin] Publish callbacks ['neutron.plugins.ml2.plugin.SecurityGroupDbMixin._ensure_default_security_group_handler-419573'] for port (None), before_create {{(pid=102859) _notify_loop /opt/stack/data/venv/lib/python3.12/site-packages/neutron_lib/callbacks/manager.py:184}}
May 14 10:22:28.434565 np0000174137 devstack@neutron-api.service[102859]: DEBUG neutron_lib.callbacks.manager [None req-3c34d17b-f56b-4b71-8943-7f114f7ec92c admin admin] Publish callbacks ['neutron.plugins.ml2.drivers.ovn.mech_driver.mech_driver.OVNMechanismDriver._validate_allowed_address_pairs-1896809'] for allowed_address_pair (d5c039f7-a8c9-4916-83f3-6860e3044ce2), before_create {{(pid=102859) _notify_loop /opt/stack/data/venv/lib/python3.12/site-packages/neutron_lib/callbacks/manager.py:184}}
