+ COMMAND=start + start + exec neutron-rpc-server --config-file /etc/neutron/neutron.conf --config-file /etc/neutron/plugins/ml2/ml2_conf.ini /var/lib/openstack/lib/python3.10/site-packages/neutron/common/utils.py:54: UserWarning: pkg_resources is deprecated as an API. See https://setuptools.pypa.io/en/latest/pkg_resources.html. The pkg_resources package is slated for removal as early as 2025-11-30. Refrain from using this package or pin to Setuptools<81. import pkg_resources
2026-04-27 21:33:13.767 1 INFO neutron.common.config [-] Logging enabled!
2026-04-27 21:33:13.767 1 INFO neutron.common.config [-] /var/lib/openstack/bin/neutron-rpc-server version 23.5.0
2026-04-27 21:33:13.767 1 INFO neutron.server.rpc_eventlet [-] Eventlet based AMQP RPC server starting...
2026-04-27 21:33:13.768 1 INFO neutron.manager [-] Loading core plugin: ml2
2026-04-27 21:33:14.524 1 INFO neutron.plugins.ml2.managers [-] Configured type driver names: ['flat', 'gre', 'vlan', 'vxlan']
2026-04-27 21:33:14.526 1 INFO neutron.plugins.ml2.drivers.type_flat [-] Arbitrary flat physical_network names allowed
2026-04-27 21:33:14.529 1 INFO neutron.plugins.ml2.drivers.type_vlan [-] Network VLAN ranges: OrderedDict([('external', [(1, 4094)])])
2026-04-27 21:33:14.530 1 INFO neutron.plugins.ml2.managers [-] Loaded type driver names: ['flat', 'gre', 'vlan', 'vxlan']
2026-04-27 21:33:14.530 1 INFO neutron.plugins.ml2.managers [-] Registered types: dict_keys(['flat', 'gre', 'vlan', 'vxlan'])
2026-04-27 21:33:14.530 1 INFO neutron.plugins.ml2.managers [-] Tenant network_types: ['vxlan']
2026-04-27 21:33:14.530 1 INFO neutron.plugins.ml2.managers [-] Configured extension driver names: ['dns_domain_ports', 'port_security', 'qos']
2026-04-27 21:33:14.535 1 INFO neutron.plugins.ml2.managers [-] Loaded extension driver names: ['dns_domain_ports', 'port_security', 'qos']
2026-04-27 21:33:14.535 1 INFO neutron.plugins.ml2.managers [-] Registered extension drivers: ['dns_domain_ports', 'port_security', 'qos']
2026-04-27 21:33:14.536 1 INFO neutron.plugins.ml2.managers [-] Configured mechanism driver names: ['openvswitch', 'l2population']
2026-04-27 21:33:14.552 1 INFO neutron.plugins.ml2.drivers.mech_agent [-] Open vSwitch agent's supported_vnic_types: ['normal', 'direct', 'smart-nic', 'vdpa']
2026-04-27 21:33:14.553 1 INFO neutron.plugins.ml2.managers [-] Loaded mechanism driver names: ['openvswitch', 'l2population']
2026-04-27 21:33:14.553 1 INFO neutron.plugins.ml2.managers [-] Registered mechanism drivers: ['openvswitch', 'l2population']
2026-04-27 21:33:14.582 1 INFO neutron.plugins.ml2.managers [-] Initializing driver for type 'flat'
2026-04-27 21:33:14.583 1 INFO neutron.plugins.ml2.drivers.type_flat [-] ML2 FlatTypeDriver initialization complete
2026-04-27 21:33:14.583 1 INFO neutron.plugins.ml2.managers [-] Initializing driver for type 'gre'
2026-04-27 21:33:14.583 1 INFO neutron.plugins.ml2.drivers.type_tunnel [-] gre ID ranges: [(1, 1000)]
2026-04-27 21:33:14.588 1 WARNING oslo_policy.policy [None req-c16a4af9-634c-4a6d-af6b-062b244b6791 - - - - - -] Policies ['delete_port', 'update_port:allowed_address_pairs', 'update_port:allowed_address_pairs:ip_address', 'update_port:allowed_address_pairs:mac_address', 'update_port:fixed_ips', 'update_port:mac_address'] reference a rule that is not defined.
2026-04-27 21:33:14.854 1 INFO neutron.plugins.ml2.managers [None req-c16a4af9-634c-4a6d-af6b-062b244b6791 - - - - - -] Initializing driver for type 'vlan'
2026-04-27 21:33:15.094 1 INFO neutron.plugins.ml2.drivers.type_vlan [None req-c16a4af9-634c-4a6d-af6b-062b244b6791 - - - - - -] VlanTypeDriver initialization complete
2026-04-27 21:33:15.094 1 INFO neutron.plugins.ml2.managers [None req-c16a4af9-634c-4a6d-af6b-062b244b6791 - - - - - -] Initializing driver for type 'vxlan'
2026-04-27 21:33:15.095 1 INFO neutron.plugins.ml2.drivers.type_tunnel [None req-c16a4af9-634c-4a6d-af6b-062b244b6791 - - - - - -] vxlan ID ranges: [(1, 1000)]
2026-04-27 21:33:15.143 1 INFO neutron.plugins.ml2.managers [None req-c16a4af9-634c-4a6d-af6b-062b244b6791 - - - - - -] Initializing extension driver 'dns_domain_ports'
2026-04-27 21:33:15.143 1 INFO neutron.plugins.ml2.extensions.dns_integration [None req-c16a4af9-634c-4a6d-af6b-062b244b6791 - - - - - -] DNSDomainPortsExtensionDriver initialization complete
2026-04-27 21:33:15.143 1 INFO neutron.plugins.ml2.managers [None req-c16a4af9-634c-4a6d-af6b-062b244b6791 - - - - - -] Initializing extension driver 'port_security'
2026-04-27 21:33:15.143 1 INFO neutron.plugins.ml2.extensions.port_security [None req-c16a4af9-634c-4a6d-af6b-062b244b6791 - - - - - -] PortSecurityExtensionDriver initialization complete
2026-04-27 21:33:15.143 1 INFO neutron.plugins.ml2.managers [None req-c16a4af9-634c-4a6d-af6b-062b244b6791 - - - - - -] Initializing extension driver 'qos'
2026-04-27 21:33:15.144 1 INFO neutron.plugins.ml2.managers [None req-c16a4af9-634c-4a6d-af6b-062b244b6791 - - - - - -] Initializing mechanism driver 'openvswitch'
2026-04-27 21:33:15.144 1 INFO neutron.plugins.ml2.managers [None req-c16a4af9-634c-4a6d-af6b-062b244b6791 - - - - - -] Initializing mechanism driver 'l2population'
2026-04-27 21:33:15.159 1 INFO neutron.quota [None req-db4f3f1f-21f4-412f-96f2-7a56ae242184 - - - - - -] Loaded quota_driver: .
2026-04-27 21:33:15.160 1 INFO neutron.plugins.ml2.plugin [None req-db4f3f1f-21f4-412f-96f2-7a56ae242184 - - - - - -] Modular L2 Plugin initialization complete
2026-04-27 21:33:15.160 1 INFO neutron.plugins.ml2.managers [None req-db4f3f1f-21f4-412f-96f2-7a56ae242184 - - - - - -] Got dns-integration extension from driver 'dns_domain_ports'
2026-04-27 21:33:15.160 1 INFO neutron.plugins.ml2.managers [None req-db4f3f1f-21f4-412f-96f2-7a56ae242184 - - - - - -] Got dns-domain-ports extension from driver 'dns_domain_ports'
2026-04-27 21:33:15.160 1 INFO neutron.plugins.ml2.managers [None req-db4f3f1f-21f4-412f-96f2-7a56ae242184 - - - - - -] Got port-security extension from driver 'port_security'
2026-04-27 21:33:15.161 1 INFO neutron.extensions.vlantransparent [None req-db4f3f1f-21f4-412f-96f2-7a56ae242184 - - - - - -] Disabled vlantransparent extension.
2026-04-27 21:33:15.161 1 INFO neutron.manager [None req-db4f3f1f-21f4-412f-96f2-7a56ae242184 - - - - - -] Loading Plugin: qos
2026-04-27 21:33:15.170 1 INFO neutron.manager [None req-db4f3f1f-21f4-412f-96f2-7a56ae242184 - - - - - -] Loading Plugin: router
2026-04-27 21:33:15.198 1 INFO neutron.services.service_base [None req-db4f3f1f-21f4-412f-96f2-7a56ae242184 - - - - - -] Default provider is not specified for service type L3_ROUTER_NAT
2026-04-27 21:33:15.198 1 INFO neutron.manager [None req-db4f3f1f-21f4-412f-96f2-7a56ae242184 - - - - - -] Loading Plugin: segments
2026-04-27 21:33:15.260 1 INFO neutron.manager [None req-db4f3f1f-21f4-412f-96f2-7a56ae242184 - - - - - -] Loading Plugin: trunk
2026-04-27 21:33:15.310 1 INFO neutron.manager [None req-db4f3f1f-21f4-412f-96f2-7a56ae242184 - - - - - -] Loading Plugin: vpnaas
2026-04-27 21:33:15.343 1 WARNING stevedore.named [None req-db4f3f1f-21f4-412f-96f2-7a56ae242184 - - - - - -] Could not load neutron_vpnaas.services.vpn.service_drivers.ipsec.IPsecVPNDriver
2026-04-27 21:33:15.401 1 INFO neutron_vpnaas.services.vpn.plugin [None req-db4f3f1f-21f4-412f-96f2-7a56ae242184 - - - - - -] VPN plugin using service drivers: dict_keys(['strongswan']), default: strongswan
2026-04-27 21:33:15.402 1 INFO neutron.common.utils [None req-db4f3f1f-21f4-412f-96f2-7a56ae242184 - - - - - -] Disable filter validation extension by service plugin VPNDriverPlugin.
2026-04-27 21:33:15.402 1 INFO neutron.manager [None req-db4f3f1f-21f4-412f-96f2-7a56ae242184 - - - - - -] Loading Plugin: auto_allocate
2026-04-27 21:33:15.405 1 INFO neutron.manager [None req-db4f3f1f-21f4-412f-96f2-7a56ae242184 - - - - - -] Loading Plugin: tag
2026-04-27 21:33:15.411 1 INFO neutron.manager [None req-db4f3f1f-21f4-412f-96f2-7a56ae242184 - - - - - -] Loading Plugin: timestamp
2026-04-27 21:33:15.413 1 INFO neutron.manager [None req-db4f3f1f-21f4-412f-96f2-7a56ae242184 - - - - - -] Loading Plugin: network_ip_availability
2026-04-27 21:33:15.417 1 INFO neutron.manager [None req-db4f3f1f-21f4-412f-96f2-7a56ae242184 - - - - - -] Loading Plugin: flavors
2026-04-27 21:33:15.420 1 INFO neutron.manager [None req-db4f3f1f-21f4-412f-96f2-7a56ae242184 - - - - - -] Loading Plugin: revisions
2026-04-27 21:33:15.422 1 INFO neutron.api.extensions [None req-db4f3f1f-21f4-412f-96f2-7a56ae242184 - - - - - -] Initializing extension manager.
2026-04-27 21:33:15.423 1 INFO neutron.api.extensions [None req-db4f3f1f-21f4-412f-96f2-7a56ae242184 - - - - - -] Loaded extension: address-group
2026-04-27 21:33:15.424 1 INFO neutron.api.extensions [None req-db4f3f1f-21f4-412f-96f2-7a56ae242184 - - - - - -] Loaded extension: address-scope
2026-04-27 21:33:15.424 1 INFO neutron.api.extensions [None req-db4f3f1f-21f4-412f-96f2-7a56ae242184 - - - - - -] Loaded extension: router-admin-state-down-before-update
2026-04-27 21:33:15.425 1 INFO neutron.api.extensions [None req-db4f3f1f-21f4-412f-96f2-7a56ae242184 - - - - - -] Loaded extension: agent
2026-04-27 21:33:15.425 1 INFO neutron.api.extensions [None req-db4f3f1f-21f4-412f-96f2-7a56ae242184 - - - - - -] Loaded extension: agent-resources-synced
2026-04-27 21:33:15.426 1 INFO neutron.api.extensions [None req-db4f3f1f-21f4-412f-96f2-7a56ae242184 - - - - - -] Loaded extension: allowed-address-pairs
2026-04-27 21:33:15.427 1 INFO neutron.api.extensions [None req-db4f3f1f-21f4-412f-96f2-7a56ae242184 - - - - - -] Loaded extension: auto-allocated-topology
2026-04-27 21:33:15.428 1 INFO neutron.api.extensions [None req-db4f3f1f-21f4-412f-96f2-7a56ae242184 - - - - - -] Loaded extension: availability_zone
2026-04-27 21:33:15.428 1 INFO neutron.api.extensions [None req-db4f3f1f-21f4-412f-96f2-7a56ae242184 - - - - - -] Loaded extension: availability_zone_filter
2026-04-27 21:33:15.429 1 INFO neutron.api.extensions [None req-db4f3f1f-21f4-412f-96f2-7a56ae242184 - - - - - -] Extension data-plane-status not supported by any of loaded plugins
2026-04-27 21:33:15.429 1 INFO neutron.api.extensions [None req-db4f3f1f-21f4-412f-96f2-7a56ae242184 - - - - - -] Loaded extension: default-subnetpools
2026-04-27 21:33:15.430 1 INFO neutron.api.extensions [None req-db4f3f1f-21f4-412f-96f2-7a56ae242184 - - - - - -] Loaded extension: dhcp_agent_scheduler
2026-04-27 21:33:15.431 1 INFO neutron.api.extensions [None req-db4f3f1f-21f4-412f-96f2-7a56ae242184 - - - - - -] Loaded extension: dns-integration
2026-04-27 21:33:15.431 1 INFO neutron.api.extensions [None req-db4f3f1f-21f4-412f-96f2-7a56ae242184 - - - - - -] Loaded extension: dns-domain-ports
2026-04-27 21:33:15.432 1 INFO neutron.api.extensions [None req-db4f3f1f-21f4-412f-96f2-7a56ae242184 - - - - - -] Extension dns-integration-domain-keywords not supported by any of loaded plugins
2026-04-27 21:33:15.432 1 INFO neutron.api.extensions [None req-db4f3f1f-21f4-412f-96f2-7a56ae242184 - - - - - -] Loaded extension: dvr
2026-04-27 21:33:15.432 1 INFO neutron.api.extensions [None req-db4f3f1f-21f4-412f-96f2-7a56ae242184 - - - - - -] Extension ecmp_routes not supported by any of loaded plugins
2026-04-27 21:33:15.433 1 INFO neutron.api.extensions [None req-db4f3f1f-21f4-412f-96f2-7a56ae242184 - - - - - -] Loaded extension: empty-string-filtering
2026-04-27 21:33:15.433 1 INFO neutron.api.extensions [None req-db4f3f1f-21f4-412f-96f2-7a56ae242184 - - - - - -] Extension expose-l3-conntrack-helper not supported by any of loaded plugins
2026-04-27 21:33:15.434 1 INFO neutron.api.extensions [None req-db4f3f1f-21f4-412f-96f2-7a56ae242184 - - - - - -] Extension expose-port-forwarding-in-fip not supported by any of loaded plugins
2026-04-27 21:33:15.434 1 INFO neutron.api.extensions [None req-db4f3f1f-21f4-412f-96f2-7a56ae242184 - - - - - -] Loaded extension: external-net
2026-04-27 21:33:15.435 1 INFO neutron.api.extensions [None req-db4f3f1f-21f4-412f-96f2-7a56ae242184 - - - - - -] Loaded extension: extra_dhcp_opt
2026-04-27 21:33:15.435 1 INFO neutron.api.extensions [None req-db4f3f1f-21f4-412f-96f2-7a56ae242184 - - - - - -] Loaded extension: extraroute
2026-04-27 21:33:15.436 1 INFO neutron.api.extensions [None req-db4f3f1f-21f4-412f-96f2-7a56ae242184 - - - - - -] Loaded extension: extraroute-atomic
2026-04-27 21:33:15.436 1 INFO neutron.api.extensions [None req-db4f3f1f-21f4-412f-96f2-7a56ae242184 - - - - - -] Extension filter-validation not supported by any of loaded plugins
2026-04-27 21:33:15.437 1 INFO neutron.api.extensions [None req-db4f3f1f-21f4-412f-96f2-7a56ae242184 - - - - - -] Extension floating-ip-port-forwarding-description not supported by any of loaded plugins
2026-04-27 21:33:15.437 1 INFO neutron.api.extensions [None req-db4f3f1f-21f4-412f-96f2-7a56ae242184 - - - - - -] Loaded extension: floating-ip-port-forwarding-detail
2026-04-27 21:33:15.437 1 INFO neutron.api.extensions [None req-db4f3f1f-21f4-412f-96f2-7a56ae242184 - - - - - -] Extension floating-ip-port-forwarding-port-ranges not supported by any of loaded plugins
2026-04-27 21:33:15.438 1 INFO neutron.api.extensions [None req-db4f3f1f-21f4-412f-96f2-7a56ae242184 - - - - - -] Loaded extension: fip-port-details
2026-04-27 21:33:15.439 1 INFO neutron.api.extensions [None req-db4f3f1f-21f4-412f-96f2-7a56ae242184 - - - - - -] Loaded extension: flavors
2026-04-27 21:33:15.439 1 INFO neutron.api.extensions [None req-db4f3f1f-21f4-412f-96f2-7a56ae242184 - - - - - -] Extension floating-ip-port-forwarding not supported by any of loaded plugins
2026-04-27 21:33:15.440 1 INFO neutron.api.extensions [None req-db4f3f1f-21f4-412f-96f2-7a56ae242184 - - - - - -] Loaded extension: floatingip-pools
2026-04-27 21:33:15.440 1 INFO neutron.api.extensions [None req-db4f3f1f-21f4-412f-96f2-7a56ae242184 - - - - - -] Loaded extension: ip_allocation
2026-04-27 21:33:15.441 1 INFO neutron.api.extensions [None req-db4f3f1f-21f4-412f-96f2-7a56ae242184 - - - - - -] Loaded extension: ip-substring-filtering
2026-04-27 21:33:15.441 1 INFO neutron.api.extensions [None req-db4f3f1f-21f4-412f-96f2-7a56ae242184 - - - - - -] Loaded extension: l2_adjacency
2026-04-27 21:33:15.442 1 INFO neutron.api.extensions [None req-db4f3f1f-21f4-412f-96f2-7a56ae242184 - - - - - -] Loaded extension: router
2026-04-27 21:33:15.443 1 INFO neutron.api.extensions [None req-db4f3f1f-21f4-412f-96f2-7a56ae242184 - - - - - -] Extension l3-conntrack-helper not supported by any of loaded plugins
2026-04-27 21:33:15.444 1 INFO neutron.api.extensions [None req-db4f3f1f-21f4-412f-96f2-7a56ae242184 - - - - - -] Loaded extension: ext-gw-mode
2026-04-27 21:33:15.444 1 INFO neutron.api.extensions [None req-db4f3f1f-21f4-412f-96f2-7a56ae242184 - - - - - -] Loaded extension: l3-ha
2026-04-27 21:33:15.445 1 INFO neutron.api.extensions [None req-db4f3f1f-21f4-412f-96f2-7a56ae242184 - - - - - -] Extension l3-ext-ndp-proxy not supported by any of loaded plugins
2026-04-27 21:33:15.445 1 INFO neutron.api.extensions [None req-db4f3f1f-21f4-412f-96f2-7a56ae242184 - - - - - -] Extension external-gateway-multihoming not supported by any of loaded plugins
2026-04-27 21:33:15.446 1 INFO neutron.api.extensions [None req-db4f3f1f-21f4-412f-96f2-7a56ae242184 - - - - - -] Loaded extension: l3-flavors
2026-04-27 21:33:15.446 1 INFO neutron.api.extensions [None req-db4f3f1f-21f4-412f-96f2-7a56ae242184 - - - - - -] Extension l3-ndp-proxy not supported by any of loaded plugins
2026-04-27 21:33:15.447 1 INFO neutron.api.extensions [None req-db4f3f1f-21f4-412f-96f2-7a56ae242184 - - - - - -] Loaded extension: l3-port-ip-change-not-allowed
2026-04-27 21:33:15.448 1 INFO neutron.api.extensions [None req-db4f3f1f-21f4-412f-96f2-7a56ae242184 - - - - - -] Loaded extension: l3_agent_scheduler
2026-04-27 21:33:15.449 1 INFO neutron.api.extensions [None req-db4f3f1f-21f4-412f-96f2-7a56ae242184 - - - - - -] Extension local_ip not supported by any of loaded plugins
2026-04-27 21:33:15.450 1 INFO neutron.api.extensions [None req-db4f3f1f-21f4-412f-96f2-7a56ae242184 - - - - - -] Extension logging not supported by any of loaded plugins
2026-04-27 21:33:15.451 1 INFO neutron.api.extensions [None req-db4f3f1f-21f4-412f-96f2-7a56ae242184 - - - - - -] Extension metering not supported by any of loaded plugins
2026-04-27 21:33:15.451 1 INFO neutron.api.extensions [None req-db4f3f1f-21f4-412f-96f2-7a56ae242184 - - - - - -] Extension metering_source_and_destination_fields not supported by any of loaded plugins
2026-04-27 21:33:15.452 1 INFO neutron.api.extensions [None req-db4f3f1f-21f4-412f-96f2-7a56ae242184 - - - - - -] Loaded extension: multi-provider
2026-04-27 21:33:15.452 1 INFO neutron.api.extensions [None req-db4f3f1f-21f4-412f-96f2-7a56ae242184 - - - - - -] Loaded extension: net-mtu
2026-04-27 21:33:15.453 1 INFO neutron.api.extensions [None req-db4f3f1f-21f4-412f-96f2-7a56ae242184 - - - - - -] Loaded extension: net-mtu-writable
2026-04-27 21:33:15.453 1 INFO neutron.api.extensions [None req-db4f3f1f-21f4-412f-96f2-7a56ae242184 - - - - - -] Loaded extension: network_availability_zone
2026-04-27 21:33:15.454 1 INFO neutron.api.extensions [None req-db4f3f1f-21f4-412f-96f2-7a56ae242184 - - - - - -] Loaded extension: network_ha
2026-04-27 21:33:15.454 1 INFO neutron.api.extensions [None req-db4f3f1f-21f4-412f-96f2-7a56ae242184 - - - - - -] Loaded extension: network-ip-availability
2026-04-27 21:33:15.455 1 INFO neutron.api.extensions [None req-db4f3f1f-21f4-412f-96f2-7a56ae242184 - - - - - -] Extension network-segment-range not supported by any of loaded plugins
2026-04-27 21:33:15.455 1 INFO neutron.api.extensions [None req-db4f3f1f-21f4-412f-96f2-7a56ae242184 - - - - - -] Loaded extension: pagination
2026-04-27 21:33:15.456 1 INFO neutron.api.extensions [None req-db4f3f1f-21f4-412f-96f2-7a56ae242184 - - - - - -] Loaded extension: port-device-profile
2026-04-27 21:33:15.456 1 INFO neutron.api.extensions [None req-db4f3f1f-21f4-412f-96f2-7a56ae242184 - - - - - -] Extension port-hint-ovs-tx-steering not supported by any of loaded plugins
2026-04-27 21:33:15.457 1 INFO neutron.api.extensions [None req-db4f3f1f-21f4-412f-96f2-7a56ae242184 - - - - - -] Extension port-hints not supported by any of loaded plugins
2026-04-27 21:33:15.457 1 INFO neutron.api.extensions [None req-db4f3f1f-21f4-412f-96f2-7a56ae242184 - - - - - -] Loaded extension: port-mac-override
2026-04-27 21:33:15.458 1 INFO neutron.api.extensions [None req-db4f3f1f-21f4-412f-96f2-7a56ae242184 - - - - - -] Loaded extension: port-mac-address-regenerate
2026-04-27 21:33:15.458 1 INFO neutron.api.extensions [None req-db4f3f1f-21f4-412f-96f2-7a56ae242184 - - - - - -] Loaded extension: port-numa-affinity-policy
2026-04-27 21:33:15.459 1 INFO neutron.api.extensions [None req-db4f3f1f-21f4-412f-96f2-7a56ae242184 - - - - - -] Loaded extension: port-resource-request
2026-04-27 21:33:15.459 1 INFO neutron.api.extensions [None req-db4f3f1f-21f4-412f-96f2-7a56ae242184 - - - - - -] Loaded extension: port-resource-request-groups
2026-04-27 21:33:15.459 1 INFO neutron.api.extensions [None req-db4f3f1f-21f4-412f-96f2-7a56ae242184 - - - - - -] Loaded extension: binding
2026-04-27 21:33:15.460 1 INFO neutron.api.extensions [None req-db4f3f1f-21f4-412f-96f2-7a56ae242184 - - - - - -] Loaded extension: binding-extended
2026-04-27 21:33:15.460 1 INFO neutron.api.extensions [None req-db4f3f1f-21f4-412f-96f2-7a56ae242184 - - - - - -] Loaded extension: port-security
2026-04-27 21:33:15.461 1 INFO neutron.api.extensions [None req-db4f3f1f-21f4-412f-96f2-7a56ae242184 - - - - - -] Loaded extension: project-id
2026-04-27 21:33:15.461 1 INFO neutron.api.extensions [None req-db4f3f1f-21f4-412f-96f2-7a56ae242184 - - - - - -] Loaded extension: provider
2026-04-27 21:33:15.463 1 INFO neutron.api.extensions [None req-db4f3f1f-21f4-412f-96f2-7a56ae242184 - - - - - -] Loaded extension: qos
2026-04-27 21:33:15.463 1 INFO neutron.api.extensions [None req-db4f3f1f-21f4-412f-96f2-7a56ae242184 - - - - - -] Loaded extension: qos-bw-limit-direction
2026-04-27 21:33:15.464 1 INFO neutron.api.extensions [None req-db4f3f1f-21f4-412f-96f2-7a56ae242184 - - - - - -] Loaded extension: qos-bw-minimum-ingress
2026-04-27 21:33:15.464 1 INFO neutron.api.extensions [None req-db4f3f1f-21f4-412f-96f2-7a56ae242184 - - - - - -] Loaded extension: qos-default
2026-04-27 21:33:15.465 1 INFO neutron.api.extensions [None req-db4f3f1f-21f4-412f-96f2-7a56ae242184 - - - - - -] Loaded extension: qos-fip
2026-04-27 21:33:15.465 1 INFO neutron.api.extensions [None req-db4f3f1f-21f4-412f-96f2-7a56ae242184 - - - - - -] Extension qos-fip-network-policy not supported by any of loaded plugins
2026-04-27 21:33:15.466 1 INFO neutron.api.extensions [None req-db4f3f1f-21f4-412f-96f2-7a56ae242184 - - - - - -] Loaded extension: qos-gateway-ip
2026-04-27 21:33:15.466 1 INFO neutron.api.extensions [None req-db4f3f1f-21f4-412f-96f2-7a56ae242184 - - - - - -] Loaded extension: qos-port-network-policy
2026-04-27 21:33:15.467 1 INFO neutron.api.extensions [None req-db4f3f1f-21f4-412f-96f2-7a56ae242184 - - - - - -] Loaded extension: qos-pps-minimum
2026-04-27 21:33:15.467 1 INFO neutron.api.extensions [None req-db4f3f1f-21f4-412f-96f2-7a56ae242184 - - - - - -] Loaded extension: qos-pps-minimum-rule-alias
2026-04-27 21:33:15.468 1 INFO neutron.api.extensions [None req-db4f3f1f-21f4-412f-96f2-7a56ae242184 - - - - - -] Loaded extension: qos-pps
2026-04-27 21:33:15.468 1 INFO neutron.api.extensions [None req-db4f3f1f-21f4-412f-96f2-7a56ae242184 - - - - - -] Loaded extension: qos-rule-type-details
2026-04-27 21:33:15.469 1 INFO neutron.api.extensions [None req-db4f3f1f-21f4-412f-96f2-7a56ae242184 - - - - - -] Loaded extension: qos-rule-type-filter
2026-04-27 21:33:15.469 1 INFO neutron.api.extensions [None req-db4f3f1f-21f4-412f-96f2-7a56ae242184 - - - - - -] Loaded extension: qos-rules-alias
2026-04-27 21:33:15.470 1 INFO neutron.api.extensions [None req-db4f3f1f-21f4-412f-96f2-7a56ae242184 - - - - - -] Loaded extension: quota-check-limit
2026-04-27 21:33:15.471 1 INFO neutron.api.extensions [None req-db4f3f1f-21f4-412f-96f2-7a56ae242184 - - - - - -] Loaded extension: quotas
2026-04-27 21:33:15.473 1 INFO neutron.api.extensions [None req-db4f3f1f-21f4-412f-96f2-7a56ae242184 - - - - - -] Loaded extension: quota_details
2026-04-27 21:33:15.474 1 INFO neutron.api.extensions [None req-db4f3f1f-21f4-412f-96f2-7a56ae242184 - - - - - -] Loaded extension: rbac-policies
2026-04-27 21:33:15.474 1 INFO neutron.api.extensions [None req-db4f3f1f-21f4-412f-96f2-7a56ae242184 - - - - - -] Loaded extension: rbac-address-group
2026-04-27 21:33:15.475 1 INFO neutron.api.extensions [None req-db4f3f1f-21f4-412f-96f2-7a56ae242184 - - - - - -] Loaded extension: rbac-address-scope
2026-04-27 21:33:15.475 1 INFO neutron.api.extensions [None req-db4f3f1f-21f4-412f-96f2-7a56ae242184 - - - - - -] Loaded extension: rbac-security-groups
2026-04-27 21:33:15.476 1 INFO neutron.api.extensions [None req-db4f3f1f-21f4-412f-96f2-7a56ae242184 - - - - - -] Loaded extension: rbac-subnetpool
2026-04-27 21:33:15.476 1 INFO neutron.api.extensions [None req-db4f3f1f-21f4-412f-96f2-7a56ae242184 - - - - - -] Loaded extension: revision-if-match
2026-04-27 21:33:15.477 1 INFO neutron.api.extensions [None req-db4f3f1f-21f4-412f-96f2-7a56ae242184 - - - - - -] Loaded extension: standard-attr-revisions
2026-04-27 21:33:15.477 1 INFO neutron.api.extensions [None req-db4f3f1f-21f4-412f-96f2-7a56ae242184 - - - - - -] Loaded extension: router_availability_zone
2026-04-27 21:33:15.478 1 INFO neutron.api.extensions [None req-db4f3f1f-21f4-412f-96f2-7a56ae242184 - - - - - -] Extension router-service-type not supported by any of loaded plugins
2026-04-27 21:33:15.479 1 INFO neutron.api.extensions [None req-db4f3f1f-21f4-412f-96f2-7a56ae242184 - - - - - -] Loaded extension: security-groups-default-rules
2026-04-27 21:33:15.479 1 INFO neutron.api.extensions [None req-db4f3f1f-21f4-412f-96f2-7a56ae242184 - - - - - -] Loaded extension: security-groups-normalized-cidr
2026-04-27 21:33:15.480 1 INFO neutron.api.extensions [None req-db4f3f1f-21f4-412f-96f2-7a56ae242184 - - - - - -] Loaded extension: port-security-groups-filtering
2026-04-27 21:33:15.480 1 INFO neutron.api.extensions [None req-db4f3f1f-21f4-412f-96f2-7a56ae242184 - - - - - -] Loaded extension: security-groups-remote-address-group
2026-04-27 21:33:15.481 1 INFO neutron.api.extensions [None req-db4f3f1f-21f4-412f-96f2-7a56ae242184 - - - - - -] Loaded extension: security-groups-shared-filtering
2026-04-27 21:33:15.486 1 INFO neutron.api.extensions [None req-db4f3f1f-21f4-412f-96f2-7a56ae242184 - - - - - -] Loaded extension: security-group
2026-04-27 21:33:15.487 1 INFO neutron.api.extensions [None req-db4f3f1f-21f4-412f-96f2-7a56ae242184 - - - - - -] Loaded extension: segment
2026-04-27 21:33:15.488 1 INFO neutron.api.extensions [None req-db4f3f1f-21f4-412f-96f2-7a56ae242184 - - - - - -] Loaded extension: segments-peer-subnet-host-routes
2026-04-27 21:33:15.489 1 INFO neutron.api.extensions [None req-db4f3f1f-21f4-412f-96f2-7a56ae242184 - - - - - -] Loaded extension: service-type
2026-04-27 21:33:15.489 1 INFO neutron.api.extensions [None req-db4f3f1f-21f4-412f-96f2-7a56ae242184 - - - - - -] Loaded extension: sorting
2026-04-27 21:33:15.489 1 INFO neutron.api.extensions [None req-db4f3f1f-21f4-412f-96f2-7a56ae242184 - - - - - -] Loaded extension: standard-attr-segment
2026-04-27 21:33:15.490 1 INFO neutron.api.extensions [None req-db4f3f1f-21f4-412f-96f2-7a56ae242184 - - - - - -] Loaded extension: standard-attr-description
2026-04-27 21:33:15.490 1 INFO neutron.api.extensions [None req-db4f3f1f-21f4-412f-96f2-7a56ae242184 - - - - - -] Loaded extension: stateful-security-group
2026-04-27 21:33:15.491 1 WARNING neutron.api.extensions [None req-db4f3f1f-21f4-412f-96f2-7a56ae242184 - - - - - -] Did not find expected name "Stdattrs_common" in /var/lib/openstack/lib/python3.10/site-packages/neutron/extensions/stdattrs_common.py
2026-04-27 21:33:15.491 1 INFO neutron.api.extensions [None req-db4f3f1f-21f4-412f-96f2-7a56ae242184 - - - - - -] Extension subnet-dns-publish-fixed-ip not supported by any of loaded plugins
2026-04-27 21:33:15.492 1 INFO neutron.api.extensions [None req-db4f3f1f-21f4-412f-96f2-7a56ae242184 - - - - - -] Loaded extension: subnet_onboard
2026-04-27 21:33:15.492 1 INFO neutron.api.extensions [None req-db4f3f1f-21f4-412f-96f2-7a56ae242184 - - - - - -] Loaded extension: subnet-segmentid-writable
2026-04-27 21:33:15.493 1 INFO neutron.api.extensions [None req-db4f3f1f-21f4-412f-96f2-7a56ae242184 - - - - - -] Loaded extension: subnet-service-types
2026-04-27 21:33:15.493 1 INFO neutron.api.extensions [None req-db4f3f1f-21f4-412f-96f2-7a56ae242184 - - - - - -] Loaded extension: subnet_allocation
2026-04-27 21:33:15.494 1 INFO neutron.api.extensions [None req-db4f3f1f-21f4-412f-96f2-7a56ae242184 - - - - - -] Loaded extension: subnetpool-prefix-ops
2026-04-27 21:33:15.494 1 INFO neutron.api.extensions [None req-db4f3f1f-21f4-412f-96f2-7a56ae242184 - - - - - -] Extension tag-ports-during-bulk-creation not supported by any of loaded plugins
2026-04-27 21:33:15.497 1 INFO neutron.api.extensions [None req-db4f3f1f-21f4-412f-96f2-7a56ae242184 - - - - - -] Loaded extension: standard-attr-tag
2026-04-27 21:33:15.497 1 INFO neutron.api.extensions [None req-db4f3f1f-21f4-412f-96f2-7a56ae242184 - - - - - -] Loaded extension: standard-attr-timestamp
2026-04-27 21:33:15.498 1 INFO neutron.api.extensions [None req-db4f3f1f-21f4-412f-96f2-7a56ae242184 - - - - - -] Loaded extension: trunk
2026-04-27 21:33:15.498 1 INFO neutron.api.extensions [None req-db4f3f1f-21f4-412f-96f2-7a56ae242184 - - - - - -] Loaded extension: trunk-details
2026-04-27 21:33:15.498 1 INFO neutron.api.extensions [None req-db4f3f1f-21f4-412f-96f2-7a56ae242184 - - - - - -] Extension uplink-status-propagation not supported by any of loaded plugins
2026-04-27 21:33:15.499 1 INFO neutron.api.extensions [None req-db4f3f1f-21f4-412f-96f2-7a56ae242184 - - - - - -] Extension vlan-transparent not supported by any of loaded plugins
2026-04-27 21:33:15.500 1 INFO neutron.api.extensions [None req-db4f3f1f-21f4-412f-96f2-7a56ae242184 - - - - - -] Loaded extension: vpn-endpoint-groups
2026-04-27 21:33:15.500 1 INFO neutron.api.extensions [None req-db4f3f1f-21f4-412f-96f2-7a56ae242184 - - - - - -] Loaded extension: vpn-flavors
2026-04-27 21:33:15.501 1 INFO neutron.api.extensions [None req-db4f3f1f-21f4-412f-96f2-7a56ae242184 - - - - - -] Loaded extension: vpnaas
2026-04-27 21:33:15.504 1 INFO oslo_service.service [None req-db4f3f1f-21f4-412f-96f2-7a56ae242184 - - - - - -] Starting 2 workers
2026-04-27 21:33:15.508 1 INFO oslo_service.service [None req-db4f3f1f-21f4-412f-96f2-7a56ae242184 - - - - - -] Starting 1 workers
2026-04-27 21:33:48.259 9 INFO neutron.db.l3_hamode_db [None req-2f695369-3100-4130-8282-1f186e83ef8f - - - - - -] Number of active agents lower than max_l3_agents_per_router. L3 agents available: 1
2026-04-27 21:34:05.595 10 INFO neutron.plugins.ml2.plugin [None req-8b32c918-6ba9-4a20-b887-4658de57b619 - - - - - -] Attempt 1 to provision port 4e8211f2-eee4-4a66-a57b-1cab7c0a63b6
2026-04-27 21:34:05.853 9 INFO neutron.plugins.ml2.plugin [None req-e73a7d87-129b-434a-a420-6db23d64c0e0 - - - - - -] Attempt 1 to provision port 4e8211f2-eee4-4a66-a57b-1cab7c0a63b6
2026-04-27 21:34:07.612 10 INFO neutron.plugins.ml2.plugin [None req-e73a7d87-129b-434a-a420-6db23d64c0e0 - - - - - -] Attempt 1 to provision port 4e8211f2-eee4-4a66-a57b-1cab7c0a63b6
2026-04-27 21:38:17.853 10 INFO neutron.plugins.ml2.plugin [None req-e73a7d87-129b-434a-a420-6db23d64c0e0 - - - - - -] Attempt 1 to provision port 5f1139dd-d929-43be-8b7a-fe6bc0b64eae
2026-04-27 21:38:18.723 10 INFO neutron.plugins.ml2.plugin [None req-64d355f3-7a3b-4c00-a8e5-7d4d9e300f7d - - - - - -] Attempt 1 to provision port 5f1139dd-d929-43be-8b7a-fe6bc0b64eae
2026-04-27 21:38:19.821 9 INFO neutron.plugins.ml2.plugin [None req-e73a7d87-129b-434a-a420-6db23d64c0e0 - - - - - -] Attempt 1 to provision port 5f1139dd-d929-43be-8b7a-fe6bc0b64eae
2026-04-27 21:38:25.847 9 INFO neutron.plugins.ml2.plugin [None req-0db3a3ad-6d2a-4fef-9db2-3b9f4480d7e8 - - - - - -] Attempt 1 to provision port 0ae2b6f9-4b04-47be-98ca-fd9907ac9428
2026-04-27 21:41:56.066 9 INFO neutron.plugins.ml2.plugin [None req-e73a7d87-129b-434a-a420-6db23d64c0e0 - - - - - -] Attempt 1 to provision port 0ae2b6f9-4b04-47be-98ca-fd9907ac9428
2026-04-27 21:41:57.968 10 INFO neutron.plugins.ml2.plugin [None req-e73a7d87-129b-434a-a420-6db23d64c0e0 - - - - - -] Attempt 1 to provision port 0ae2b6f9-4b04-47be-98ca-fd9907ac9428
2026-04-27 21:50:54.364 9 INFO neutron.plugins.ml2.plugin [None req-e73a7d87-129b-434a-a420-6db23d64c0e0 - - - - - -] Attempt 1 to provision port 7a8cee32-3de9-4ee1-b770-367e0fda23c0
2026-04-27 21:50:56.296 10 INFO neutron.plugins.ml2.plugin [None req-e73a7d87-129b-434a-a420-6db23d64c0e0 - - - - - -] Attempt 1 to provision port 7a8cee32-3de9-4ee1-b770-367e0fda23c0
2026-04-27 22:05:35.171 10 INFO neutron.plugins.ml2.plugin [None req-e73a7d87-129b-434a-a420-6db23d64c0e0 - - - - - -] Attempt 1 to provision port a09433b2-1b25-4b19-a3ac-15e6019083b0
2026-04-27 22:05:35.366 9 INFO neutron.plugins.ml2.plugin [None req-e1a9d2cc-e236-4bde-8bce-a182aade22a8 - - - - - -] Attempt 1 to provision port 62f7bca0-69b3-4b09-ac9e-cfdcca6d69af
2026-04-27 22:05:35.610 10 INFO neutron.plugins.ml2.plugin [None req-e73a7d87-129b-434a-a420-6db23d64c0e0 - - - - - -] Attempt 1 to provision port cf94ae4c-8100-4ec9-972e-126f2223fc0b
2026-04-27 22:05:35.812 10 INFO neutron.plugins.ml2.plugin [None req-86ac5bc9-d492-47b7-a9a3-3b5b31dcd6d1 - - - - - -] Attempt 1 to provision port b7cc70f3-37a9-418f-8245-468cf4fe7aa2
2026-04-27 22:05:36.162 10 INFO neutron.plugins.ml2.plugin [None req-acb9e58c-582b-4d21-a309-9898685a1346 - - - - - -] Attempt 1 to provision port a09433b2-1b25-4b19-a3ac-15e6019083b0
2026-04-27 22:05:36.330 9 INFO neutron.plugins.ml2.plugin [None req-fc82af33-ce78-4e5d-90c3-cb8013638325 - - - - - -] Attempt 1 to provision port cf94ae4c-8100-4ec9-972e-126f2223fc0b
2026-04-27 22:05:36.887 10 INFO neutron.plugins.ml2.plugin [None req-e73a7d87-129b-434a-a420-6db23d64c0e0 - - - - - -] Attempt 1 to provision port a09433b2-1b25-4b19-a3ac-15e6019083b0
2026-04-27 22:05:37.273 10 INFO neutron.plugins.ml2.plugin [None req-e73a7d87-129b-434a-a420-6db23d64c0e0 - - - - - -] Attempt 1 to provision port cf94ae4c-8100-4ec9-972e-126f2223fc0b
2026-04-27 22:05:37.979 9 INFO neutron.plugins.ml2.plugin [None req-88a5fee7-078a-4a0b-ac89-6e7c57c01ac6 - - - - - -] Attempt 1 to provision port 8398a91d-2c73-4fd2-a59e-927332f68a33
2026-04-27 22:05:38.038 9 INFO neutron.plugins.ml2.plugin [None req-88a5fee7-078a-4a0b-ac89-6e7c57c01ac6 - - - - - -] Attempt 1 to provision port 6952562e-393c-440c-b62e-2402bfa1f219
2026-04-27 22:05:38.524 10 INFO neutron.plugins.ml2.plugin [None req-b3cb986a-a3d1-4502-9fec-38ab68ff341f - - - - - -] Attempt 1 to provision port 6952562e-393c-440c-b62e-2402bfa1f219
2026-04-27 22:05:38.662 9 INFO neutron.plugins.ml2.plugin [None req-efb1f8e7-69c5-4fa8-9eca-fce1a704bebb - - - - - -] Attempt 1 to provision port 8398a91d-2c73-4fd2-a59e-927332f68a33
2026-04-27 22:05:42.144 9 INFO neutron.plugins.ml2.plugin [None req-d5c4a575-ea2b-47d6-a439-67ebbb9ce2d9 - - - - - -] Attempt 1 to provision port 89bd24b4-b656-4fef-9bf2-0300819c15b6
2026-04-27 22:05:42.917 10 INFO neutron.plugins.ml2.plugin [None req-e73a7d87-129b-434a-a420-6db23d64c0e0 - - - - - -] Attempt 1 to provision port 07da92b5-2166-4ce4-8b8f-58b338c853f7
2026-04-27 22:05:43.008 9 INFO neutron.plugins.ml2.plugin [None req-45cb0db0-3464-4890-8308-09785fd4560e - - - - - -] Attempt 1 to provision port 07da92b5-2166-4ce4-8b8f-58b338c853f7
2026-04-27 22:05:44.711 10 INFO neutron.plugins.ml2.plugin [None req-b97ff775-1984-4803-b668-a0f5867e313a - - - - - -] Attempt 1 to provision port 3ffa1354-503b-423e-bdad-63787e2062f6
2026-04-27 22:05:44.924 9 INFO neutron.plugins.ml2.plugin [None req-e73a7d87-129b-434a-a420-6db23d64c0e0 - - - - - -] Attempt 1 to provision port 07da92b5-2166-4ce4-8b8f-58b338c853f7
2026-04-27 22:05:45.393 9 INFO neutron.plugins.ml2.plugin [None req-9489f685-f1bf-40f8-a81b-f19dd4d1bd13 - - - - - -] Attempt 1 to provision port 3ffa1354-503b-423e-bdad-63787e2062f6 /var/lib/openstack/lib/python3.10/site-packages/oslo_db/sqlalchemy/enginefacade.py:667: SAWarning: DELETE statement on table 'portsecuritybindings' expected to delete 1 row(s); 0 were matched. Please set confirm_deleted_rows=False within the mapper configuration to prevent this warning. self.session.flush() /var/lib/openstack/lib/python3.10/site-packages/oslo_db/sqlalchemy/enginefacade.py:667: SAWarning: DELETE statement on table 'ml2_port_bindings' expected to delete 1 row(s); 0 were matched. Please set confirm_deleted_rows=False within the mapper configuration to prevent this warning. self.session.flush() /var/lib/openstack/lib/python3.10/site-packages/oslo_db/sqlalchemy/enginefacade.py:667: SAWarning: DELETE statement on table 'ml2_port_binding_levels' expected to delete 1 row(s); 0 were matched. Please set confirm_deleted_rows=False within the mapper configuration to prevent this warning. self.session.flush() /var/lib/openstack/lib/python3.10/site-packages/oslo_db/sqlalchemy/enginefacade.py:667: SAWarning: DELETE statement on table 'ports' expected to delete 1 row(s); 0 were matched. Please set confirm_deleted_rows=False within the mapper configuration to prevent this warning. self.session.flush()
2026-04-27 22:05:46.942 10 INFO neutron.plugins.ml2.plugin [None req-e73a7d87-129b-434a-a420-6db23d64c0e0 - - - - - -] Attempt 1 to provision port 0614b5b0-4617-40d9-b894-588941380fdb
2026-04-27 22:05:47.565 10 INFO neutron.plugins.ml2.plugin [None req-e73a7d87-129b-434a-a420-6db23d64c0e0 - - - - - -] Attempt 1 to provision port 5afeca49-9d46-4f0e-a406-b2524274323e
2026-04-27 22:05:48.910 10 INFO neutron.plugins.ml2.plugin [None req-e73a7d87-129b-434a-a420-6db23d64c0e0 - - - - - -] Attempt 1 to provision port 5afeca49-9d46-4f0e-a406-b2524274323e
2026-04-27 22:05:49.308 10 INFO neutron.plugins.ml2.plugin [None req-e73a7d87-129b-434a-a420-6db23d64c0e0 - - - - - -] Attempt 1 to provision port 0614b5b0-4617-40d9-b894-588941380fdb
2026-04-27 22:05:49.885 10 INFO neutron.plugins.ml2.plugin [None req-710838b2-90c1-49a7-ac9f-5ec351616a3a - - - - - -] Attempt 1 to provision port 19df12cd-1a84-4fb8-92b5-aa938fc43a60
2026-04-27 22:05:50.444 10 INFO neutron.plugins.ml2.plugin [None req-ae48e9b6-7f20-48d7-b097-a207cda8cdf7 - - - - - -] Attempt 1 to provision port 69dc8c98-4936-4acb-8c00-7d9fdb4c1c19
2026-04-27 22:05:50.857 9 INFO neutron.plugins.ml2.plugin [None req-d7c12657-40ce-44db-a326-590a36d1697f - - - - - -] Attempt 1 to provision port 5224ceef-4ebf-4a2e-8e60-f05b0f2e2232
2026-04-27 22:05:50.963 10 INFO neutron.plugins.ml2.plugin [None req-e73a7d87-129b-434a-a420-6db23d64c0e0 - - - - - -] Attempt 1 to provision port 5224ceef-4ebf-4a2e-8e60-f05b0f2e2232
2026-04-27 22:05:51.252 9 INFO neutron.plugins.ml2.plugin [None req-7042119f-a357-4711-914d-ea9068cf71f5 - - - - - -] Attempt 1 to provision port fd74e91d-7713-43c7-905b-e03677a71e08
2026-04-27 22:05:52.934 10 INFO neutron.plugins.ml2.plugin [None req-e73a7d87-129b-434a-a420-6db23d64c0e0 - - - - - -] Attempt 1 to provision port 5224ceef-4ebf-4a2e-8e60-f05b0f2e2232
2026-04-27 22:05:53.507 10 INFO neutron.plugins.ml2.plugin [None req-8cc7505c-0c1c-4325-ba66-71b974f69dda - - - - - -] Attempt 1 to provision port 23c60f44-eee0-4d66-b10e-c25efa5e1b8f
2026-04-27 22:05:54.152 9 INFO neutron.plugins.ml2.plugin [None req-8e700e6b-c2e8-4964-9c0c-03c311e55546 - - - - - -] Attempt 1 to provision port 23c60f44-eee0-4d66-b10e-c25efa5e1b8f
2026-04-27 22:05:54.914 9 INFO neutron.plugins.ml2.plugin [None req-e73a7d87-129b-434a-a420-6db23d64c0e0 - - - - - -] Attempt 1 to provision port 1d6f3cf9-ebe7-4048-8f0f-08e7a8040eee
2026-04-27 22:05:56.906 10 INFO neutron.plugins.ml2.plugin [None req-e73a7d87-129b-434a-a420-6db23d64c0e0 - - - - - -] Attempt 1 to provision port 1d6f3cf9-ebe7-4048-8f0f-08e7a8040eee
2026-04-27 22:05:59.247 10 INFO neutron.plugins.ml2.plugin [None req-e73a7d87-129b-434a-a420-6db23d64c0e0 - - - - - -] Attempt 1 to provision port 7cab2622-b3e0-4110-8d82-f1bf521304a5
2026-04-27 22:05:59.629 10 INFO neutron.plugins.ml2.plugin [None req-e73a7d87-129b-434a-a420-6db23d64c0e0 - - - - - -] Attempt 1 to provision port fd74e91d-7713-43c7-905b-e03677a71e08
2026-04-27 22:06:00.191 10 INFO neutron.plugins.ml2.plugin [None req-e73a7d87-129b-434a-a420-6db23d64c0e0 - - - - - -] Attempt 1 to provision port 69dc8c98-4936-4acb-8c00-7d9fdb4c1c19
2026-04-27 22:06:00.265 10 INFO neutron.notifiers.nova [-] Nova event matching ['req-dc176a33-1cee-41e3-8216-897308be2fe0'] response: {'server_uuid': 'a243e807-10d0-406b-9296-37844382bc4b', 'name': 'network-vif-plugged', 'status': 'completed', 'tag': 'fd74e91d-7713-43c7-905b-e03677a71e08', 'code': 200}
2026-04-27 22:06:01.004 9 INFO neutron.plugins.ml2.plugin [None req-e73a7d87-129b-434a-a420-6db23d64c0e0 - - - - - -] Attempt 1 to provision port fd74e91d-7713-43c7-905b-e03677a71e08
2026-04-27 22:06:01.338 9 INFO neutron.plugins.ml2.plugin [None req-e73a7d87-129b-434a-a420-6db23d64c0e0 - - - - - -] Attempt 1 to provision port 69dc8c98-4936-4acb-8c00-7d9fdb4c1c19
2026-04-27 22:06:02.308 10 INFO neutron.notifiers.nova [-] Nova event matching ['req-4da3805e-7180-4f38-901c-0eef18a8e4d4'] response: {'server_uuid': '2ea0564d-b993-4504-9295-f8b833f1e77f', 'name': 'network-vif-plugged', 'status': 'completed', 'tag': '69dc8c98-4936-4acb-8c00-7d9fdb4c1c19', 'code': 200}
2026-04-27 22:06:04.957 9 INFO neutron.plugins.ml2.plugin [None req-e73a7d87-129b-434a-a420-6db23d64c0e0 - - - - - -] Attempt 1 to provision port 34397d6a-2d66-4034-aad9-274a04139eb1
2026-04-27 22:06:05.549 10 INFO neutron.plugins.ml2.plugin [None req-0efb946f-f6a7-4903-b3dc-115048413e81 - - - - - -] Attempt 1 to provision port faa8037c-edc7-4136-af03-a6093d8f11c9
2026-04-27 22:06:06.313 10 INFO neutron.plugins.ml2.plugin [None req-28c78b16-657a-448a-9fd6-3ef368d9f931 - - - - - -] Attempt 1 to provision port 34397d6a-2d66-4034-aad9-274a04139eb1
2026-04-27 22:06:06.697 9 INFO neutron.plugins.ml2.plugin [None req-05f460ff-0ad0-4507-90a8-4f8862078620 - - - - - -] Attempt 1 to provision port 7a251b8d-30fb-4974-82e8-0ad86cfba825
2026-04-27 22:06:07.107 10 INFO neutron.plugins.ml2.plugin [None req-e73a7d87-129b-434a-a420-6db23d64c0e0 - - - - - -] Attempt 1 to provision port 7a251b8d-30fb-4974-82e8-0ad86cfba825
2026-04-27 22:06:07.447 10 INFO neutron.plugins.ml2.plugin [None req-e73a7d87-129b-434a-a420-6db23d64c0e0 - - - - - -] Attempt 1 to provision port 34397d6a-2d66-4034-aad9-274a04139eb1
2026-04-27 22:06:07.973 9 INFO neutron.plugins.ml2.plugin [None req-d4940b2c-0d36-4f4c-8621-76074d0b09d9 - - - - - -] Attempt 1 to provision port 3c7ac60d-3948-456b-afe2-0f80cd119d54
2026-04-27 22:06:08.622 10 INFO neutron.plugins.ml2.plugin [None req-1bf3756d-8ae2-403a-a809-de29daa6744a - - - - - -] Attempt 1 to provision port 3c7ac60d-3948-456b-afe2-0f80cd119d54
2026-04-27 22:06:09.045 9 INFO neutron.plugins.ml2.plugin [None req-e73a7d87-129b-434a-a420-6db23d64c0e0 - - - - - -] Attempt 1 to provision port 7a251b8d-30fb-4974-82e8-0ad86cfba825
2026-04-27 22:06:09.420 9 INFO neutron.plugins.ml2.plugin [None req-e73a7d87-129b-434a-a420-6db23d64c0e0 - - - - - -] Attempt 1 to provision port 350fc8aa-765f-4fbb-9224-d584aef6b345 /var/lib/openstack/lib/python3.10/site-packages/oslo_db/sqlalchemy/enginefacade.py:667: SAWarning: DELETE statement on table 'portsecuritybindings' expected to delete 1 row(s); 0 were matched. Please set confirm_deleted_rows=False within the mapper configuration to prevent this warning. self.session.flush() /var/lib/openstack/lib/python3.10/site-packages/oslo_db/sqlalchemy/enginefacade.py:667: SAWarning: DELETE statement on table 'ml2_port_bindings' expected to delete 1 row(s); 0 were matched. Please set confirm_deleted_rows=False within the mapper configuration to prevent this warning. self.session.flush() /var/lib/openstack/lib/python3.10/site-packages/oslo_db/sqlalchemy/enginefacade.py:667: SAWarning: DELETE statement on table 'ml2_port_binding_levels' expected to delete 1 row(s); 0 were matched. Please set confirm_deleted_rows=False within the mapper configuration to prevent this warning. self.session.flush() /var/lib/openstack/lib/python3.10/site-packages/oslo_db/sqlalchemy/enginefacade.py:667: SAWarning: DELETE statement on table 'ports' expected to delete 1 row(s); 0 were matched. Please set confirm_deleted_rows=False within the mapper configuration to prevent this warning. self.session.flush()
2026-04-27 22:06:10.907 10 INFO neutron.plugins.ml2.plugin [None req-e73a7d87-129b-434a-a420-6db23d64c0e0 - - - - - -] Attempt 1 to provision port 350fc8aa-765f-4fbb-9224-d584aef6b345
2026-04-27 22:06:13.296 10 INFO neutron.plugins.ml2.plugin [None req-b65e902c-330b-4226-9046-fbce543bab86 - - - - - -] Attempt 1 to provision port 95f9c36a-00c5-4f8e-8c85-70e6960d3abc
2026-04-27 22:06:15.043 10 INFO neutron.plugins.ml2.plugin [None req-e73a7d87-129b-434a-a420-6db23d64c0e0 - - - - - -] Attempt 1 to provision port 3ffa1354-503b-423e-bdad-63787e2062f6
2026-04-27 22:06:15.423 10 INFO neutron.plugins.ml2.plugin [None req-e73a7d87-129b-434a-a420-6db23d64c0e0 - - - - - -] Attempt 1 to provision port 95f9c36a-00c5-4f8e-8c85-70e6960d3abc
2026-04-27 22:06:15.569 10 INFO neutron.notifiers.nova [-] Nova event matching ['req-cc7d9db2-1f3a-49bb-9bd8-6e16bfb64231'] response: {'server_uuid': '9b4ef594-f7db-449b-a338-1a8c56cb097e', 'name': 'network-vif-plugged', 'status': 'completed', 'tag': '95f9c36a-00c5-4f8e-8c85-70e6960d3abc', 'code': 200}
2026-04-27 22:06:16.961 10 INFO neutron.plugins.ml2.plugin [None req-e73a7d87-129b-434a-a420-6db23d64c0e0 - - - - - -] Attempt 1 to provision port 89bd24b4-b656-4fef-9bf2-0300819c15b6
2026-04-27 22:06:17.344 10 INFO neutron.plugins.ml2.plugin [None req-e73a7d87-129b-434a-a420-6db23d64c0e0 - - - - - -] Attempt 1 to provision port 3ffa1354-503b-423e-bdad-63787e2062f6
2026-04-27 22:06:17.609 10 INFO neutron.plugins.ml2.plugin [None req-e73a7d87-129b-434a-a420-6db23d64c0e0 - - - - - -] Attempt 1 to provision port 95f9c36a-00c5-4f8e-8c85-70e6960d3abc
2026-04-27 22:06:18.046 9 INFO neutron.plugins.ml2.plugin [None req-a697d995-a5a1-4817-84ca-f048c705f38d - - - - - -] Attempt 1 to provision port dc9490e4-b823-4852-80e1-33a8c7d47794
2026-04-27 22:06:19.003 9 INFO neutron.plugins.ml2.plugin [None req-7a06b15c-11e8-485c-add0-1afa4504fced - - - - - -] Attempt 1 to provision port b8da337a-d459-45ca-87d8-f00ef3a489cd
2026-04-27 22:06:19.021 10 INFO neutron.plugins.ml2.plugin [None req-e73a7d87-129b-434a-a420-6db23d64c0e0 - - - - - -] Attempt 1 to provision port b8da337a-d459-45ca-87d8-f00ef3a489cd
2026-04-27 22:06:19.343 10 INFO neutron.plugins.ml2.plugin [None req-61eae13f-e805-4363-85a7-96ec0d5e2e2b - - - - - -] Attempt 1 to provision port 96125820-589f-496c-8589-20253b233939
2026-04-27 22:06:19.545 10 INFO neutron.plugins.ml2.plugin [None req-e73a7d87-129b-434a-a420-6db23d64c0e0 - - - - - -] Attempt 1 to provision port 89bd24b4-b656-4fef-9bf2-0300819c15b6
2026-04-27 22:06:20.901 9 INFO neutron.plugins.ml2.plugin [None req-e73a7d87-129b-434a-a420-6db23d64c0e0 - - - - - -] Attempt 1 to provision port b8da337a-d459-45ca-87d8-f00ef3a489cd
2026-04-27 22:06:20.923 10 INFO neutron.plugins.ml2.plugin [None req-693754de-b10b-48ec-846f-713c5f7f7df2 - - - - - -] Attempt 1 to provision port a86c2467-ef0d-4963-9df9-57254d4e2bf5
2026-04-27 22:06:21.492 9 INFO neutron.plugins.ml2.plugin [None req-b4ba7997-0a4b-417d-8ab4-8eda7307a0e9 - - - - - -] Attempt 1 to provision port a86c2467-ef0d-4963-9df9-57254d4e2bf5
2026-04-27 22:06:21.555 10 INFO neutron.notifiers.nova [-] Nova event matching ['req-8ddd0f9c-8021-4247-9096-39dfc8bd39ad'] response: {'server_uuid': '9b4ef594-f7db-449b-a338-1a8c56cb097e', 'name': 'network-vif-unplugged', 'status': 'completed', 'tag': '95f9c36a-00c5-4f8e-8c85-70e6960d3abc', 'code': 200}
2026-04-27 22:06:22.984 9 INFO neutron.plugins.ml2.plugin [None req-e73a7d87-129b-434a-a420-6db23d64c0e0 - - - - - -] Attempt 1 to provision port f014a69f-7a03-454d-8979-5622ad457e19
2026-04-27 22:06:23.254 9 INFO neutron.plugins.ml2.plugin [None req-f107f67c-2e98-4fbb-b501-dc65cf7668df - - - - - -] Attempt 1 to provision port fd74e91d-7713-43c7-905b-e03677a71e08
2026-04-27 22:06:25.216 9 INFO neutron.plugins.ml2.plugin [None req-e73a7d87-129b-434a-a420-6db23d64c0e0 - - - - - -] Attempt 1 to provision port fd74e91d-7713-43c7-905b-e03677a71e08
2026-04-27 22:06:25.612 9 INFO neutron.plugins.ml2.plugin [None req-ad7457e8-f9b7-49fa-88aa-08c3ba84e1c8 - - - - - -] Attempt 1 to provision port fd74e91d-7713-43c7-905b-e03677a71e08
2026-04-27 22:06:25.644 9 INFO neutron.plugins.ml2.plugin [None req-e73a7d87-129b-434a-a420-6db23d64c0e0 - - - - - -] Attempt 1 to provision port f014a69f-7a03-454d-8979-5622ad457e19
2026-04-27 22:06:26.651 10 INFO neutron.plugins.ml2.plugin [None req-0cfdc935-4b08-4508-933e-491176f5ccf4 - - - - - -] Attempt 1 to provision port 3479646e-8382-4499-8370-e360a9f3400f
2026-04-27 22:06:27.001 10 INFO neutron.plugins.ml2.plugin [None req-e73a7d87-129b-434a-a420-6db23d64c0e0 - - - - - -] Attempt 1 to provision port fd74e91d-7713-43c7-905b-e03677a71e08
2026-04-27 22:06:29.120 10 INFO neutron.plugins.ml2.plugin [None req-e73a7d87-129b-434a-a420-6db23d64c0e0 - - - - - -] Attempt 1 to provision port 14819d3a-f409-4740-9594-53f7ec888267
2026-04-27 22:06:30.034 9 INFO neutron.plugins.ml2.plugin [None req-bbfdf745-36ea-4218-aad9-1bf32446f451 - - - - - -] Attempt 1 to provision port 14819d3a-f409-4740-9594-53f7ec888267
2026-04-27 22:06:30.664 9 INFO neutron.plugins.ml2.plugin [None req-e8e9a568-586e-4868-8e61-495d3678c7b5 - - - - - -] Attempt 1 to provision port ae0086cc-8906-420b-a574-8724917be7da
2026-04-27 22:06:31.080 9 INFO neutron.plugins.ml2.plugin [None req-e73a7d87-129b-434a-a420-6db23d64c0e0 - - - - - -] Attempt 1 to provision port ae0086cc-8906-420b-a574-8724917be7da
2026-04-27 22:06:31.437 9 INFO neutron.plugins.ml2.plugin [None req-e73a7d87-129b-434a-a420-6db23d64c0e0 - - - - - -] Attempt 1 to provision port 14819d3a-f409-4740-9594-53f7ec888267
2026-04-27 22:06:31.453 10 INFO neutron.plugins.ml2.plugin [None req-bf8f1a95-e82b-4284-98ab-b3eb1a26b9cd - - - - - -] Attempt 1 to provision port fdf5435e-cd89-46bb-9fb9-cc96a211bfd4
2026-04-27 22:06:31.674 9 INFO neutron.plugins.ml2.plugin [None req-e73a7d87-129b-434a-a420-6db23d64c0e0 - - - - - -] Attempt 1 to provision port 3479646e-8382-4499-8370-e360a9f3400f
2026-04-27 22:06:32.003 9 INFO neutron.plugins.ml2.plugin [None req-cb67e1b6-9004-47d7-aba7-458f5690214f - - - - - -] Attempt 1 to provision port fdf5435e-cd89-46bb-9fb9-cc96a211bfd4
2026-04-27 22:06:32.227 9 INFO neutron.notifiers.nova [-] Nova event matching ['req-de786d71-fb0e-40d1-9926-e2c5958c4a3f'] response: {'server_uuid': '64512781-64bc-4d43-a83c-cca9b9489e19', 'name': 'network-vif-plugged', 'status': 'completed', 'tag': '3479646e-8382-4499-8370-e360a9f3400f', 'code': 200}
2026-04-27 22:06:32.962 10 INFO neutron.plugins.ml2.plugin [None req-59135f6b-b37f-4a98-bdc0-58bd53901e6f - - - - - -] Attempt 1 to provision port ef057202-b947-44a7-bbea-3c3cc82b88a1
2026-04-27 22:06:33.203 9 INFO neutron.plugins.ml2.plugin [None req-e73a7d87-129b-434a-a420-6db23d64c0e0 - - - - - -] Attempt 1 to provision port ae0086cc-8906-420b-a574-8724917be7da
2026-04-27 22:06:33.516 10 INFO neutron.plugins.ml2.plugin [None req-7b205c60-b4a0-489e-a388-a7ff6ba04ed9 - - - - - -] Attempt 1 to provision port ef057202-b947-44a7-bbea-3c3cc82b88a1
2026-04-27 22:06:33.658 9 INFO neutron.plugins.ml2.plugin [None req-e73a7d87-129b-434a-a420-6db23d64c0e0 - - - - - -] Attempt 1 to provision port 3479646e-8382-4499-8370-e360a9f3400f
2026-04-27 22:06:37.145 9 INFO neutron.plugins.ml2.plugin [None req-e73a7d87-129b-434a-a420-6db23d64c0e0 - - - - - -] Attempt 1 to provision port dc9490e4-b823-4852-80e1-33a8c7d47794
