2026-04-27 22:06:37.444 9 INFO neutron.plugins.ml2.plugin [None req-e73a7d87-129b-434a-a420-6db23d64c0e0 - - - - - -] Attempt 1 to provision port a86c2467-ef0d-4963-9df9-57254d4e2bf5 /var/lib/openstack/lib/python3.10/site-packages/oslo_db/sqlalchemy/enginefacade.py:667: SAWarning: DELETE statement on table 'portsecuritybindings' expected to delete 1 row(s); 0 were matched. Please set confirm_deleted_rows=False within the mapper configuration to prevent this warning. self.session.flush() /var/lib/openstack/lib/python3.10/site-packages/oslo_db/sqlalchemy/enginefacade.py:667: SAWarning: DELETE statement on table 'ml2_port_bindings' expected to delete 1 row(s); 0 were matched. Please set confirm_deleted_rows=False within the mapper configuration to prevent this warning. self.session.flush() /var/lib/openstack/lib/python3.10/site-packages/oslo_db/sqlalchemy/enginefacade.py:667: SAWarning: DELETE statement on table 'ml2_port_binding_levels' expected to delete 1 row(s); 0 were matched. Please set confirm_deleted_rows=False within the mapper configuration to prevent this warning. self.session.flush() /var/lib/openstack/lib/python3.10/site-packages/oslo_db/sqlalchemy/enginefacade.py:667: SAWarning: DELETE statement on table 'ports' expected to delete 1 row(s); 0 were matched. Please set confirm_deleted_rows=False within the mapper configuration to prevent this warning. self.session.flush()
2026-04-27 22:06:38.956 10 INFO neutron.plugins.ml2.plugin [None req-e73a7d87-129b-434a-a420-6db23d64c0e0 - - - - - -] Attempt 1 to provision port dc9490e4-b823-4852-80e1-33a8c7d47794
2026-04-27 22:06:39.188 10 INFO neutron.plugins.ml2.plugin [None req-e73a7d87-129b-434a-a420-6db23d64c0e0 - - - - - -] Attempt 1 to provision port a86c2467-ef0d-4963-9df9-57254d4e2bf5
2026-04-27 22:06:40.435 9 INFO neutron.plugins.ml2.plugin [None req-5c283f7e-0fac-4bc0-a276-010b234bd940 - - - - - -] Attempt 1 to provision port 72182406-090d-4f5e-8977-7c40ba32b40b
2026-04-27 22:06:41.023 9 INFO neutron.plugins.ml2.plugin [None req-e73a7d87-129b-434a-a420-6db23d64c0e0 - - - - - -] Attempt 1 to provision port a046a2d7-5d12-4c2b-92d6-30478055a474
2026-04-27 22:06:41.294 9 INFO neutron.plugins.ml2.plugin [None req-1cdf97d4-a3fd-4f6e-856b-836147ce6c46 - - - - - -] Attempt 1 to provision port a046a2d7-5d12-4c2b-92d6-30478055a474
2026-04-27 22:06:41.451 9 INFO neutron.plugins.ml2.plugin [None req-e73a7d87-129b-434a-a420-6db23d64c0e0 - - - - - -] Attempt 1 to provision port b171f26e-2464-4805-8c54-ab0e72fd364a
2026-04-27 22:06:41.479 10 INFO neutron.plugins.ml2.plugin [None req-f1828ddb-b2bb-4312-9d86-477521d8eac2 - - - - - -] Attempt 1 to provision port b171f26e-2464-4805-8c54-ab0e72fd364a
2026-04-27 22:06:42.548 9 INFO neutron.plugins.ml2.plugin [None req-6ff65adf-370e-47fb-a4bb-c7d7d6521d17 - - - - - -] Attempt 1 to provision port 86f0d7d1-b16a-412d-be2a-7a61c8913d52
2026-04-27 22:06:43.068 9 INFO neutron.plugins.ml2.plugin [None req-e73a7d87-129b-434a-a420-6db23d64c0e0 - - - - - -] Attempt 1 to provision port a046a2d7-5d12-4c2b-92d6-30478055a474
2026-04-27 22:06:43.209 10 INFO neutron.plugins.ml2.plugin [None req-4b96c775-ed18-4885-99ea-c1919660508a - - - - - -] Attempt 1 to provision port 86f0d7d1-b16a-412d-be2a-7a61c8913d52
2026-04-27 22:06:43.310 9 INFO neutron.plugins.ml2.plugin [None req-e73a7d87-129b-434a-a420-6db23d64c0e0 - - - - - -] Attempt 1 to provision port b171f26e-2464-4805-8c54-ab0e72fd364a
2026-04-27 22:06:44.053 10 INFO neutron.plugins.ml2.plugin [None req-97729017-94be-42ab-8bc8-656d33328544 - - - - - -] Attempt 1 to provision port a07acfb3-daab-499a-9f54-72e9c9698f49
2026-04-27 22:06:44.703 9 INFO neutron.plugins.ml2.plugin [None req-b7685c4c-1301-4063-bc0a-9b429b2ab7aa - - - - - -] Attempt 1 to provision port a07acfb3-daab-499a-9f54-72e9c9698f49
2026-04-27 22:06:45.058 10 INFO neutron.plugins.ml2.plugin [None req-e73a7d87-129b-434a-a420-6db23d64c0e0 - - - - - -] Attempt 1 to provision port 338186ab-1003-4038-a1d5-d1da9d47d887
2026-04-27 22:06:47.035 10 INFO neutron.plugins.ml2.plugin [None req-e73a7d87-129b-434a-a420-6db23d64c0e0 - - - - - -] Attempt 1 to provision port 338186ab-1003-4038-a1d5-d1da9d47d887
2026-04-27 22:06:50.494 10 INFO neutron.plugins.ml2.plugin [None req-5b96941d-15db-4bcc-9d9e-7d84603f302e - - - - - -] Attempt 1 to provision port 6f51c59a-f8e8-4639-83c7-48a38df66a7d
2026-04-27 22:06:50.843 9 INFO neutron.plugins.ml2.plugin [None req-76ef186c-940a-421c-8c74-7c7ac3bfee42 - - - - - -] Attempt 1 to provision port 70661589-4ff1-4385-bfde-996e79d3d550
2026-04-27 22:06:50.882 9 INFO neutron.plugins.ml2.plugin [None req-76ef186c-940a-421c-8c74-7c7ac3bfee42 - - - - - -] Attempt 1 to provision port 5b6ace9f-35f7-4238-b84b-e162c1c113bf
2026-04-27 22:06:50.937 10 INFO neutron.plugins.ml2.plugin [None req-e73a7d87-129b-434a-a420-6db23d64c0e0 - - - - - -] Attempt 1 to provision port 6f51c59a-f8e8-4639-83c7-48a38df66a7d
2026-04-27 22:06:51.203 10 INFO neutron.plugins.ml2.plugin [None req-e73a7d87-129b-434a-a420-6db23d64c0e0 - - - - - -] Attempt 1 to provision port 101ff6f7-4f69-47e6-8feb-cd10439b6c38
2026-04-27 22:06:51.431 10 INFO neutron.plugins.ml2.plugin [None req-26ee5d04-961b-4124-ab10-a626711d7f99 - - - - - -] Attempt 1 to provision port 101ff6f7-4f69-47e6-8feb-cd10439b6c38
2026-04-27 22:06:52.046 9 INFO neutron.plugins.ml2.plugin [None req-ab994dbf-c9a2-45ae-bb82-f529fb962bb3 - - - - - -] Attempt 1 to provision port 1ccff6d2-60de-473f-b044-9db4c2e3853d
2026-04-27 22:06:52.317 10 INFO neutron.plugins.ml2.plugin [None req-1c5913c2-36a1-4e13-8f45-153181ba8c00 - - - - - -] Attempt 1 to provision port 1ccff6d2-60de-473f-b044-9db4c2e3853d
2026-04-27 22:06:52.928 9 INFO neutron.plugins.ml2.plugin [None req-e73a7d87-129b-434a-a420-6db23d64c0e0 - - - - - -] Attempt 1 to provision port 101ff6f7-4f69-47e6-8feb-cd10439b6c38
2026-04-27 22:06:53.570 9 INFO neutron.plugins.ml2.plugin [None req-b031a636-1be4-43fb-94af-68409f1003ce - - - - - -] Attempt 1 to provision port 2a601e2f-961d-47ae-8b40-f1b1698f800e
2026-04-27 22:06:54.118 9 INFO neutron.plugins.ml2.plugin [None req-8d2e2039-e387-4526-b71a-4ceee996219c - - - - - -] Attempt 1 to provision port 2a601e2f-961d-47ae-8b40-f1b1698f800e
2026-04-27 22:06:55.008 9 INFO neutron.plugins.ml2.plugin [None req-e73a7d87-129b-434a-a420-6db23d64c0e0 - - - - - -] Attempt 1 to provision port 70661589-4ff1-4385-bfde-996e79d3d550
2026-04-27 22:06:55.180 9 INFO neutron.notifiers.nova [-] Nova event matching ['req-ac08b636-b095-4ae5-a3d0-f5a7ebb8b040'] response: {'server_uuid': '9fa0f562-2b6c-4aa9-a275-992ded230a1f', 'name': 'network-vif-plugged', 'status': 'completed', 'tag': '70661589-4ff1-4385-bfde-996e79d3d550', 'code': 200}
2026-04-27 22:06:55.631 9 INFO neutron.plugins.ml2.plugin [None req-e73a7d87-129b-434a-a420-6db23d64c0e0 - - - - - -] Attempt 1 to provision port c5307c8c-0759-46a0-af31-0f1e11ff296b
2026-04-27 22:06:56.945 10 INFO neutron.plugins.ml2.plugin [None req-e73a7d87-129b-434a-a420-6db23d64c0e0 - - - - - -] Attempt 1 to provision port 70661589-4ff1-4385-bfde-996e79d3d550
2026-04-27 22:06:57.082 9 INFO neutron.plugins.ml2.plugin [None req-31488c0b-daf9-4171-8c9b-94edba949987 - - - - - -] Attempt 1 to provision port ba38ef00-4688-4577-91fe-bfe9a3abac4a
2026-04-27 22:06:57.245 10 INFO neutron.plugins.ml2.plugin [None req-e73a7d87-129b-434a-a420-6db23d64c0e0 - - - - - -] Attempt 1 to provision port c5307c8c-0759-46a0-af31-0f1e11ff296b
2026-04-27 22:06:58.761 10 INFO neutron.plugins.ml2.plugin [None req-34ff624f-f388-42ef-bdf9-4be36f1b15b7 - - - - - -] Attempt 1 to provision port 1d135a54-3db2-4fcd-8819-b708426cdb46
2026-04-27 22:07:01.134 10 INFO neutron.plugins.ml2.plugin [None req-e73a7d87-129b-434a-a420-6db23d64c0e0 - - - - - -] Attempt 1 to provision port 1d135a54-3db2-4fcd-8819-b708426cdb46
2026-04-27 22:07:01.284 10 INFO neutron.notifiers.nova [-] Nova event matching ['req-456c27c2-2e2e-4e95-851a-5dadd07d12ea'] response: {'server_uuid': '01e6ec6f-88c8-4da5-b11b-baab00a25fea', 'name': 'network-vif-plugged', 'status': 'completed', 'tag': '1d135a54-3db2-4fcd-8819-b708426cdb46', 'code': 200}
2026-04-27 22:07:01.714 10 INFO neutron.plugins.ml2.plugin [None req-e73a7d87-129b-434a-a420-6db23d64c0e0 - - - - - -] Attempt 1 to provision port a07acfb3-daab-499a-9f54-72e9c9698f49
2026-04-27 22:07:02.043 10 INFO neutron.plugins.ml2.plugin [None req-e73a7d87-129b-434a-a420-6db23d64c0e0 - - - - - -] Attempt 1 to provision port 72182406-090d-4f5e-8977-7c40ba32b40b
2026-04-27 22:07:02.948 10 INFO neutron.plugins.ml2.plugin [None req-e73a7d87-129b-434a-a420-6db23d64c0e0 - - - - - -] Attempt 1 to provision port 72182406-090d-4f5e-8977-7c40ba32b40b
2026-04-27 22:07:03.199 10 INFO neutron.plugins.ml2.plugin [None req-e73a7d87-129b-434a-a420-6db23d64c0e0 - - - - - -] Attempt 1 to provision port a07acfb3-daab-499a-9f54-72e9c9698f49
2026-04-27 22:07:12.944 10 INFO neutron.notifiers.nova [-] Nova event matching ['req-e6ce1412-c475-4fbf-a141-3925d386eed2'] response: {'server_uuid': '9fa0f562-2b6c-4aa9-a275-992ded230a1f', 'name': 'network-vif-unplugged', 'status': 'completed', 'tag': '70661589-4ff1-4385-bfde-996e79d3d550', 'code': 200}
2026-04-27 22:07:13.467 10 INFO neutron.plugins.ml2.plugin [None req-e73a7d87-129b-434a-a420-6db23d64c0e0 - - - - - -] Attempt 1 to provision port 70661589-4ff1-4385-bfde-996e79d3d550
2026-04-27 22:07:14.927 9 INFO neutron.plugins.ml2.plugin [None req-e73a7d87-129b-434a-a420-6db23d64c0e0 - - - - - -] Attempt 1 to provision port 70661589-4ff1-4385-bfde-996e79d3d550
2026-04-27 22:07:14.986 10 INFO neutron.notifiers.nova [-] Nova event matching ['req-562c5ac3-cf32-4c06-8aae-54f550657440'] response: {'server_uuid': '9fa0f562-2b6c-4aa9-a275-992ded230a1f', 'name': 'network-vif-plugged', 'status': 'completed', 'tag': '70661589-4ff1-4385-bfde-996e79d3d550', 'code': 200}
2026-04-27 22:07:22.968 9 INFO neutron.plugins.ml2.plugin [None req-e73a7d87-129b-434a-a420-6db23d64c0e0 - - - - - -] Attempt 1 to provision port 7e87b238-b85f-4566-bc1d-632c4303a9f5
2026-04-27 22:07:23.003 10 INFO neutron.plugins.ml2.plugin [None req-ed37406f-eee0-4711-81d0-06ba4ca8f7db - - - - - -] Attempt 1 to provision port 7eb3579b-2e3c-4881-95e1-7173fcac6982
2026-04-27 22:07:23.688 10 INFO neutron.plugins.ml2.plugin [None req-1ff15295-1ce7-4b88-9483-16ec16d10404 - - - - - -] Attempt 1 to provision port 7e87b238-b85f-4566-bc1d-632c4303a9f5
2026-04-27 22:07:24.958 9 INFO neutron.plugins.ml2.plugin [None req-e73a7d87-129b-434a-a420-6db23d64c0e0 - - - - - -] Attempt 1 to provision port 7e87b238-b85f-4566-bc1d-632c4303a9f5
2026-04-27 22:07:25.411 9 INFO neutron.plugins.ml2.plugin [None req-498599fd-5170-4e0b-a99e-86e0476924a6 - - - - - -] Attempt 1 to provision port a5d10593-81f5-4feb-8dc1-5dadc5cfaac1
2026-04-27 22:07:26.163 9 INFO neutron.plugins.ml2.plugin [None req-08b6a73b-6282-403c-af49-15fd02ec3c93 - - - - - -] Attempt 1 to provision port a5d10593-81f5-4feb-8dc1-5dadc5cfaac1
2026-04-27 22:07:26.933 10 INFO neutron.plugins.ml2.plugin [None req-e73a7d87-129b-434a-a420-6db23d64c0e0 - - - - - -] Attempt 1 to provision port 859ffa3c-c586-4ee1-bfe4-5358bb622e20
2026-04-27 22:07:28.937 9 INFO neutron.plugins.ml2.plugin [None req-e73a7d87-129b-434a-a420-6db23d64c0e0 - - - - - -] Attempt 1 to provision port 859ffa3c-c586-4ee1-bfe4-5358bb622e20
2026-04-27 22:07:30.653 9 INFO neutron.plugins.ml2.plugin [None req-28a1e910-956d-49ca-9c79-ec2cfea5ea60 - - - - - -] Attempt 1 to provision port ad17de61-3e0a-4c83-8530-8b58e07f5abd
2026-04-27 22:07:33.094 10 INFO neutron.plugins.ml2.plugin [None req-e73a7d87-129b-434a-a420-6db23d64c0e0 - - - - - -] Attempt 1 to provision port ad17de61-3e0a-4c83-8530-8b58e07f5abd
2026-04-27 22:07:33.254 10 INFO neutron.notifiers.nova [-] Nova event matching ['req-534c39e0-3be6-4399-bdeb-e6b107099a2e'] response: {'server_uuid': '6903fc8c-6b09-481d-a3a5-343da990d2d7', 'name': 'network-vif-plugged', 'status': 'completed', 'tag': 'ad17de61-3e0a-4c83-8530-8b58e07f5abd', 'code': 200}
2026-04-27 22:07:35.218 10 INFO neutron.plugins.ml2.plugin [None req-e73a7d87-129b-434a-a420-6db23d64c0e0 - - - - - -] Attempt 1 to provision port ad17de61-3e0a-4c83-8530-8b58e07f5abd
2026-04-27 22:07:37.148 9 INFO neutron.plugins.ml2.plugin [None req-e73a7d87-129b-434a-a420-6db23d64c0e0 - - - - - -] Attempt 1 to provision port d993c7a8-9e9b-46a5-8a15-cfa9509e32db
2026-04-27 22:07:37.370 10 INFO neutron.plugins.ml2.plugin [None req-061fa75b-9675-45ed-bbba-cdc3143bd8fd - - - - - -] Attempt 1 to provision port d993c7a8-9e9b-46a5-8a15-cfa9509e32db /var/lib/openstack/lib/python3.10/site-packages/oslo_db/sqlalchemy/enginefacade.py:667: SAWarning: DELETE statement on table 'portsecuritybindings' expected to delete 1 row(s); 0 were matched. Please set confirm_deleted_rows=False within the mapper configuration to prevent this warning. self.session.flush() /var/lib/openstack/lib/python3.10/site-packages/oslo_db/sqlalchemy/enginefacade.py:667: SAWarning: DELETE statement on table 'ml2_port_bindings' expected to delete 1 row(s); 0 were matched. Please set confirm_deleted_rows=False within the mapper configuration to prevent this warning. self.session.flush() /var/lib/openstack/lib/python3.10/site-packages/oslo_db/sqlalchemy/enginefacade.py:667: SAWarning: DELETE statement on table 'ml2_port_binding_levels' expected to delete 1 row(s); 0 were matched. Please set confirm_deleted_rows=False within the mapper configuration to prevent this warning. self.session.flush() /var/lib/openstack/lib/python3.10/site-packages/oslo_db/sqlalchemy/enginefacade.py:667: SAWarning: DELETE statement on table 'ports' expected to delete 1 row(s); 0 were matched. Please set confirm_deleted_rows=False within the mapper configuration to prevent this warning. self.session.flush()
2026-04-27 22:07:45.182 10 INFO neutron.plugins.ml2.plugin [None req-e73a7d87-129b-434a-a420-6db23d64c0e0 - - - - - -] Attempt 1 to provision port 22952bb3-1c69-405d-bf54-f26c5b19a246
2026-04-27 22:07:45.671 10 INFO neutron.plugins.ml2.plugin [None req-e73a7d87-129b-434a-a420-6db23d64c0e0 - - - - - -] Attempt 1 to provision port e1d7d2bd-76a8-4b9d-bd05-b5993294e899
2026-04-27 22:07:45.707 9 INFO neutron.plugins.ml2.plugin [None req-f28ba1d0-2983-4be9-9623-9c7f6063dc8a - - - - - -] Attempt 1 to provision port 22952bb3-1c69-405d-bf54-f26c5b19a246
2026-04-27 22:07:46.091 9 INFO neutron.plugins.ml2.plugin [None req-4f10d20c-57d3-4f21-b13e-3dbb303938d3 - - - - - -] Attempt 1 to provision port e1d7d2bd-76a8-4b9d-bd05-b5993294e899
2026-04-27 22:07:46.767 10 INFO neutron.plugins.ml2.plugin [None req-1d392e65-8ff2-46be-90e6-6c7e6fbb5cb9 - - - - - -] Attempt 1 to provision port 9444541b-41b4-4a93-989c-5917788f82bd
2026-04-27 22:07:46.960 9 INFO neutron.plugins.ml2.plugin [None req-e73a7d87-129b-434a-a420-6db23d64c0e0 - - - - - -] Attempt 1 to provision port 22952bb3-1c69-405d-bf54-f26c5b19a246
2026-04-27 22:07:47.249 9 INFO neutron.plugins.ml2.plugin [None req-e73a7d87-129b-434a-a420-6db23d64c0e0 - - - - - -] Attempt 1 to provision port e1d7d2bd-76a8-4b9d-bd05-b5993294e899
2026-04-27 22:07:47.426 9 INFO neutron.plugins.ml2.plugin [None req-4f37ddbf-624b-4475-be3f-5825a77f4117 - - - - - -] Attempt 1 to provision port 9444541b-41b4-4a93-989c-5917788f82bd
2026-04-27 22:07:48.378 10 INFO neutron.plugins.ml2.plugin [None req-3855b279-bd3c-4f8f-8aad-07fd6652ec9c - - - - - -] Attempt 1 to provision port 30143c6b-d4c7-419a-9450-478a3ffae0eb
2026-04-27 22:07:49.122 9 INFO neutron.plugins.ml2.plugin [None req-94cf2795-842a-4b86-b138-5901578024e0 - - - - - -] Attempt 1 to provision port 30143c6b-d4c7-419a-9450-478a3ffae0eb
2026-04-27 22:07:55.030 9 INFO neutron.plugins.ml2.plugin [None req-e73a7d87-129b-434a-a420-6db23d64c0e0 - - - - - -] Attempt 1 to provision port 260ad514-9ba5-48d3-b215-54ea3c668775
2026-04-27 22:07:55.825 9 INFO neutron.plugins.ml2.plugin [None req-0e390e6a-1c71-48f6-aa6b-a546851254b5 - - - - - -] Attempt 1 to provision port 260ad514-9ba5-48d3-b215-54ea3c668775
2026-04-27 22:07:56.945 10 INFO neutron.plugins.ml2.plugin [None req-e73a7d87-129b-434a-a420-6db23d64c0e0 - - - - - -] Attempt 1 to provision port 260ad514-9ba5-48d3-b215-54ea3c668775
2026-04-27 22:07:57.302 10 INFO neutron.plugins.ml2.plugin [None req-e0bd9e0e-db25-4f02-b54a-5da91a7b7d42 - - - - - -] Attempt 1 to provision port 7e629eac-127f-4e48-9183-48f3ab04357e
2026-04-27 22:07:57.662 10 INFO neutron.plugins.ml2.plugin [None req-3ced67ef-8e9d-4b69-8650-113fb6055e53 - - - - - -] Attempt 1 to provision port 7e629eac-127f-4e48-9183-48f3ab04357e
2026-04-27 22:08:01.530 10 INFO neutron.plugins.ml2.plugin [None req-2a44c923-c284-4957-8010-5e0af6c3a530 - - - - - -] Attempt 1 to provision port a7682e4d-fe16-4078-8f4a-c1a74c8f1c3e
2026-04-27 22:08:02.974 10 INFO neutron.plugins.ml2.plugin [None req-e73a7d87-129b-434a-a420-6db23d64c0e0 - - - - - -] Attempt 1 to provision port de0dce21-e5e2-4d9d-b938-06e3396e9626
2026-04-27 22:08:03.094 9 INFO neutron.plugins.ml2.plugin [None req-98eae826-b245-4a8a-9809-52f046ce5589 - - - - - -] Attempt 1 to provision port de0dce21-e5e2-4d9d-b938-06e3396e9626
2026-04-27 22:08:04.776 9 INFO neutron.plugins.ml2.plugin [None req-dab0c01f-7b65-42e1-ba06-b2f46c1a327a - - - - - -] Attempt 1 to provision port 629c0538-6c14-49e7-a8e9-b9519914514f
2026-04-27 22:08:04.960 9 INFO neutron.plugins.ml2.plugin [None req-e73a7d87-129b-434a-a420-6db23d64c0e0 - - - - - -] Attempt 1 to provision port de0dce21-e5e2-4d9d-b938-06e3396e9626
2026-04-27 22:08:05.118 10 INFO neutron.plugins.ml2.plugin [None req-d676c19e-0294-468e-81b0-4303a332579a - - - - - -] Attempt 1 to provision port 629c0538-6c14-49e7-a8e9-b9519914514f
2026-04-27 22:08:08.998 10 INFO neutron.plugins.ml2.plugin [None req-f99eb323-e22f-4704-9a9a-c866f6daeb09 - - - - - -] Attempt 1 to provision port 294fa221-56b2-4b98-93bc-9f6df78d3a36
2026-04-27 22:08:14.788 10 INFO neutron.plugins.ml2.plugin [None req-179ab3b2-10e5-4ebb-823d-75481af7e420 - - - - - -] Attempt 1 to provision port 60aca66e-0eb9-4b04-9e91-6718989b8fa0
2026-04-27 22:08:18.857 9 INFO neutron.plugins.ml2.plugin [None req-acca105a-e8f9-4642-9041-fedc95535473 - - - - - -] Attempt 1 to provision port f760a458-66d2-4e33-b8e1-ac011b49ca68
2026-04-27 22:08:19.006 10 INFO neutron.plugins.ml2.plugin [None req-e73a7d87-129b-434a-a420-6db23d64c0e0 - - - - - -] Attempt 1 to provision port f760a458-66d2-4e33-b8e1-ac011b49ca68
2026-04-27 22:08:19.151 9 INFO neutron.plugins.ml2.plugin [None req-acca105a-e8f9-4642-9041-fedc95535473 - - - - - -] Attempt 1 to provision port 7e2168ab-2c56-4e40-874c-da98fd140fe4
2026-04-27 22:08:19.266 10 INFO neutron.plugins.ml2.plugin [None req-e73a7d87-129b-434a-a420-6db23d64c0e0 - - - - - -] Attempt 1 to provision port 1ae3f674-8d7a-45c4-ab14-394b79ed5906
2026-04-27 22:08:20.525 10 INFO neutron.plugins.ml2.plugin [None req-a44a873e-e64a-4b8a-ae0b-07e897b4f8bf - - - - - -] Attempt 1 to provision port 7e2168ab-2c56-4e40-874c-da98fd140fe4
2026-04-27 22:08:20.887 10 INFO neutron.plugins.ml2.plugin [None req-236ddbab-14d7-4266-8874-cf8796461b7c - - - - - -] Attempt 1 to provision port 7e2168ab-2c56-4e40-874c-da98fd140fe4
2026-04-27 22:08:20.972 9 INFO neutron.plugins.ml2.plugin [None req-e73a7d87-129b-434a-a420-6db23d64c0e0 - - - - - -] Attempt 1 to provision port f760a458-66d2-4e33-b8e1-ac011b49ca68
2026-04-27 22:08:21.315 9 INFO neutron.plugins.ml2.plugin [None req-e73a7d87-129b-434a-a420-6db23d64c0e0 - - - - - -] Attempt 1 to provision port 1ae3f674-8d7a-45c4-ab14-394b79ed5906
2026-04-27 22:08:23.060 10 INFO neutron.plugins.ml2.plugin [None req-e73a7d87-129b-434a-a420-6db23d64c0e0 - - - - - -] Attempt 1 to provision port 018eb31e-6228-4361-80a4-65835580c150
2026-04-27 22:08:23.851 10 INFO neutron.plugins.ml2.plugin [None req-e73a7d87-129b-434a-a420-6db23d64c0e0 - - - - - -] Attempt 1 to provision port 4cbd96f9-bd46-4fff-b670-5d2d0b3444b6
2026-04-27 22:08:23.989 10 INFO neutron.plugins.ml2.plugin [None req-634735ee-f810-4afc-831d-a9d89dd2210e - - - - - -] Attempt 1 to provision port 4cbd96f9-bd46-4fff-b670-5d2d0b3444b6
2026-04-27 22:08:24.925 10 INFO neutron.plugins.ml2.plugin [None req-188de5f7-cd9f-48ee-96e5-beb808d969a3 - - - - - -] Attempt 1 to provision port 7ee5d337-9386-4564-b7a5-905989fb5843
2026-04-27 22:08:25.244 10 INFO neutron.plugins.ml2.plugin [None req-e73a7d87-129b-434a-a420-6db23d64c0e0 - - - - - -] Attempt 1 to provision port cac7266d-33e6-4e6c-a40c-207464b38c90
2026-04-27 22:08:25.362 10 INFO neutron.plugins.ml2.plugin [None req-0f999bc0-dcd1-47d4-9dbe-fafa95b7878e - - - - - -] Attempt 1 to provision port 1dd2909c-2ff0-411f-963c-3fb0623845a9
2026-04-27 22:08:25.812 9 INFO neutron.plugins.ml2.plugin [None req-52af4efc-2ba1-4d0c-9e9a-f18ce611cc0d - - - - - -] Attempt 1 to provision port caff097b-963b-4286-a0ae-3f2fa3b14f82
2026-04-27 22:08:25.828 10 INFO neutron.plugins.ml2.plugin [None req-e73a7d87-129b-434a-a420-6db23d64c0e0 - - - - - -] Attempt 1 to provision port 4cbd96f9-bd46-4fff-b670-5d2d0b3444b6
2026-04-27 22:08:26.136 10 INFO neutron.plugins.ml2.plugin [None req-e73a7d87-129b-434a-a420-6db23d64c0e0 - - - - - -] Attempt 1 to provision port 7ee5d337-9386-4564-b7a5-905989fb5843
2026-04-27 22:08:26.420 10 INFO neutron.plugins.ml2.plugin [None req-e73a7d87-129b-434a-a420-6db23d64c0e0 - - - - - -] Attempt 1 to provision port caff097b-963b-4286-a0ae-3f2fa3b14f82
2026-04-27 22:08:26.534 9 INFO neutron.plugins.ml2.plugin [None req-3f1428c7-0f6c-408a-a549-f863ab9aad5c - - - - - -] Attempt 1 to provision port cac7266d-33e6-4e6c-a40c-207464b38c90
2026-04-27 22:08:27.184 10 INFO neutron.plugins.ml2.plugin [None req-e73a7d87-129b-434a-a420-6db23d64c0e0 - - - - - -] Attempt 1 to provision port 3d9d0ed5-983c-466c-bf8c-39c0443fa8d8
2026-04-27 22:08:27.322 9 INFO neutron.plugins.ml2.plugin [None req-c2754564-e8d6-4291-a4d9-b39932c7d876 - - - - - -] Attempt 1 to provision port 3d9d0ed5-983c-466c-bf8c-39c0443fa8d8
2026-04-27 22:08:27.651 10 INFO neutron.plugins.ml2.plugin [None req-e73a7d87-129b-434a-a420-6db23d64c0e0 - - - - - -] Attempt 1 to provision port cac7266d-33e6-4e6c-a40c-207464b38c90
2026-04-27 22:08:28.038 10 INFO neutron.plugins.ml2.plugin [None req-e73a7d87-129b-434a-a420-6db23d64c0e0 - - - - - -] Attempt 1 to provision port 7ee5d337-9386-4564-b7a5-905989fb5843
2026-04-27 22:08:28.103 10 INFO neutron.plugins.ml2.db [None req-e73a7d87-129b-434a-a420-6db23d64c0e0 - - - - - -] No ports have port_id starting with 7ee5d337-9386-4564-b7a5-905989fb5843
2026-04-27 22:08:28.142 10 INFO neutron.plugins.ml2.plugin [None req-e73a7d87-129b-434a-a420-6db23d64c0e0 - - - - - -] Attempt 1 to provision port caff097b-963b-4286-a0ae-3f2fa3b14f82
2026-04-27 22:08:28.446 10 INFO neutron.plugins.ml2.plugin [None req-e73a7d87-129b-434a-a420-6db23d64c0e0 - - - - - -] Attempt 1 to provision port 1dd2909c-2ff0-411f-963c-3fb0623845a9
2026-04-27 22:08:28.596 10 INFO neutron.notifiers.nova [-] Nova event matching ['req-c14314bb-2556-4097-b84d-3469fd4a99b1'] response: {'server_uuid': '9682ee7d-a409-401a-a13f-493445d6e220', 'name': 'network-vif-plugged', 'status': 'completed', 'tag': '1dd2909c-2ff0-411f-963c-3fb0623845a9', 'code': 200}
2026-04-27 22:08:29.171 9 INFO neutron.plugins.ml2.plugin [None req-e73a7d87-129b-434a-a420-6db23d64c0e0 - - - - - -] Attempt 1 to provision port 3d9d0ed5-983c-466c-bf8c-39c0443fa8d8
2026-04-27 22:08:29.473 9 INFO neutron.plugins.ml2.plugin [None req-e73a7d87-129b-434a-a420-6db23d64c0e0 - - - - - -] Attempt 1 to provision port 1dd2909c-2ff0-411f-963c-3fb0623845a9
2026-04-27 22:08:32.037 9 ERROR oslo_messaging.rpc.server [None req-a696a929-99ad-47d1-9416-29848817074a - - - - - -] Exception during message handling: neutron_lib.exceptions.SubnetInUse: Unable to complete operation on subnet d8e7c91a-8184-4f56-a1a2-be78b4c548ab: This subnet is being modified by another concurrent operation.
2026-04-27 22:08:32.037 9 ERROR oslo_messaging.rpc.server
Traceback (most recent call last):
2026-04-27 22:08:32.037 9 ERROR oslo_messaging.rpc.server
File "/var/lib/openstack/lib/python3.10/site-packages/oslo_messaging/rpc/server.py", line 165, in _process_incoming
2026-04-27 22:08:32.037 9 ERROR oslo_messaging.rpc.server res = self.dispatcher.dispatch(message)
2026-04-27 22:08:32.037 9 ERROR oslo_messaging.rpc.server
File "/var/lib/openstack/lib/python3.10/site-packages/oslo_messaging/rpc/dispatcher.py", line 309, in dispatch
2026-04-27 22:08:32.037 9 ERROR oslo_messaging.rpc.server return self._do_dispatch(endpoint, method, ctxt, args)
2026-04-27 22:08:32.037 9 ERROR oslo_messaging.rpc.server
File "/var/lib/openstack/lib/python3.10/site-packages/oslo_messaging/rpc/dispatcher.py", line 229, in _do_dispatch
2026-04-27 22:08:32.037 9 ERROR oslo_messaging.rpc.server result = func(ctxt, **new_args)
2026-04-27 22:08:32.037 9 ERROR oslo_messaging.rpc.server
File "/var/lib/openstack/lib/python3.10/site-packages/oslo_messaging/rpc/server.py", line 244, in inner
2026-04-27 22:08:32.037 9 ERROR oslo_messaging.rpc.server return func(*args, **kwargs)
2026-04-27 22:08:32.037 9 ERROR oslo_messaging.rpc.server
File "/var/lib/openstack/lib/python3.10/site-packages/neutron_lib/db/api.py", line 137, in wrapped
2026-04-27 22:08:32.037 9 ERROR oslo_messaging.rpc.server with excutils.save_and_reraise_exception():
2026-04-27 22:08:32.037 9 ERROR oslo_messaging.rpc.server
File "/var/lib/openstack/lib/python3.10/site-packages/oslo_utils/excutils.py", line 227, in __exit__
2026-04-27 22:08:32.037 9 ERROR oslo_messaging.rpc.server self.force_reraise()
2026-04-27 22:08:32.037 9 ERROR oslo_messaging.rpc.server
File "/var/lib/openstack/lib/python3.10/site-packages/oslo_utils/excutils.py", line 200, in force_reraise
2026-04-27 22:08:32.037 9 ERROR oslo_messaging.rpc.server raise self.value
2026-04-27 22:08:32.037 9 ERROR oslo_messaging.rpc.server
File "/var/lib/openstack/lib/python3.10/site-packages/neutron_lib/db/api.py", line 135, in wrapped
2026-04-27 22:08:32.037 9 ERROR oslo_messaging.rpc.server return f(*args, **kwargs)
2026-04-27 22:08:32.037 9 ERROR oslo_messaging.rpc.server
File "/var/lib/openstack/lib/python3.10/site-packages/oslo_db/api.py", line 144, in wrapper
2026-04-27 22:08:32.037 9 ERROR oslo_messaging.rpc.server with excutils.save_and_reraise_exception() as ectxt:
2026-04-27 22:08:32.037 9 ERROR oslo_messaging.rpc.server
File "/var/lib/openstack/lib/python3.10/site-packages/oslo_utils/excutils.py", line 227, in __exit__
2026-04-27 22:08:32.037 9 ERROR oslo_messaging.rpc.server self.force_reraise()
2026-04-27 22:08:32.037 9 ERROR oslo_messaging.rpc.server
File "/var/lib/openstack/lib/python3.10/site-packages/oslo_utils/excutils.py", line 200, in force_reraise
2026-04-27 22:08:32.037 9 ERROR oslo_messaging.rpc.server raise self.value
2026-04-27 22:08:32.037 9 ERROR oslo_messaging.rpc.server
File "/var/lib/openstack/lib/python3.10/site-packages/oslo_db/api.py", line 142, in wrapper
2026-04-27 22:08:32.037 9 ERROR oslo_messaging.rpc.server return f(*args, **kwargs)
2026-04-27 22:08:32.037 9 ERROR oslo_messaging.rpc.server
File "/var/lib/openstack/lib/python3.10/site-packages/neutron_lib/db/api.py", line 183, in wrapped
2026-04-27 22:08:32.037 9 ERROR oslo_messaging.rpc.server with excutils.save_and_reraise_exception():
2026-04-27 22:08:32.037 9 ERROR oslo_messaging.rpc.server
File "/var/lib/openstack/lib/python3.10/site-packages/oslo_utils/excutils.py", line 227, in __exit__
2026-04-27 22:08:32.037 9 ERROR oslo_messaging.rpc.server self.force_reraise()
2026-04-27 22:08:32.037 9 ERROR oslo_messaging.rpc.server
File "/var/lib/openstack/lib/python3.10/site-packages/oslo_utils/excutils.py", line 200, in force_reraise
2026-04-27 22:08:32.037 9 ERROR oslo_messaging.rpc.server raise self.value
2026-04-27 22:08:32.037 9 ERROR oslo_messaging.rpc.server
File "/var/lib/openstack/lib/python3.10/site-packages/neutron_lib/db/api.py", line 181, in wrapped
2026-04-27 22:08:32.037 9 ERROR oslo_messaging.rpc.server return f(*dup_args, **dup_kwargs)
2026-04-27 22:08:32.037 9 ERROR oslo_messaging.rpc.server
File "/var/lib/openstack/lib/python3.10/site-packages/neutron/quota/resource_registry.py", line 95, in wrapper
2026-04-27 22:08:32.037 9 ERROR oslo_messaging.rpc.server ret_val = f(_self, context, *args, **kwargs)
2026-04-27 22:08:32.037 9 ERROR oslo_messaging.rpc.server
File "/var/lib/openstack/lib/python3.10/site-packages/neutron/api/rpc/handlers/dhcp_rpc.py", line 292, in create_dhcp_port
2026-04-27 22:08:32.037 9 ERROR oslo_messaging.rpc.server return self._port_action(plugin, context, port, 'create_port')
2026-04-27 22:08:32.037 9 ERROR oslo_messaging.rpc.server
File "/var/lib/openstack/lib/python3.10/site-packages/neutron/api/rpc/handlers/dhcp_rpc.py", line 118, in _port_action
2026-04-27 22:08:32.037 9 ERROR oslo_messaging.rpc.server return p_utils.create_port(plugin, context, port)
2026-04-27 22:08:32.037 9 ERROR oslo_messaging.rpc.server
File "/var/lib/openstack/lib/python3.10/site-packages/neutron_lib/plugins/utils.py", line 338, in create_port
2026-04-27 22:08:32.037 9 ERROR oslo_messaging.rpc.server return core_plugin.create_port(
2026-04-27 22:08:32.037 9 ERROR oslo_messaging.rpc.server
File "/var/lib/openstack/lib/python3.10/site-packages/neutron/common/utils.py", line 728, in inner
2026-04-27 22:08:32.037 9 ERROR oslo_messaging.rpc.server return f(*args, **kwargs)
2026-04-27 22:08:32.037 9 ERROR oslo_messaging.rpc.server
File "/var/lib/openstack/lib/python3.10/site-packages/neutron_lib/db/api.py", line 223, in wrapped
2026-04-27 22:08:32.037 9 ERROR oslo_messaging.rpc.server return f_with_retry(*args, **kwargs,
2026-04-27 22:08:32.037 9 ERROR oslo_messaging.rpc.server
File "/var/lib/openstack/lib/python3.10/site-packages/neutron_lib/db/api.py", line 137, in wrapped
2026-04-27 22:08:32.037 9 ERROR oslo_messaging.rpc.server with excutils.save_and_reraise_exception():
2026-04-27 22:08:32.037 9 ERROR oslo_messaging.rpc.server
File "/var/lib/openstack/lib/python3.10/site-packages/oslo_utils/excutils.py", line 227, in __exit__
2026-04-27 22:08:32.037 9 ERROR oslo_messaging.rpc.server self.force_reraise()
2026-04-27 22:08:32.037 9 ERROR oslo_messaging.rpc.server
File "/var/lib/openstack/lib/python3.10/site-packages/oslo_utils/excutils.py", line 200, in force_reraise
2026-04-27 22:08:32.037 9 ERROR oslo_messaging.rpc.server raise self.value
2026-04-27 22:08:32.037 9 ERROR oslo_messaging.rpc.server
File "/var/lib/openstack/lib/python3.10/site-packages/neutron_lib/db/api.py", line 135, in wrapped
2026-04-27 22:08:32.037 9 ERROR oslo_messaging.rpc.server return f(*args, **kwargs)
2026-04-27 22:08:32.037 9 ERROR oslo_messaging.rpc.server
File "/var/lib/openstack/lib/python3.10/site-packages/oslo_db/api.py", line 144, in wrapper
2026-04-27 22:08:32.037 9 ERROR oslo_messaging.rpc.server with excutils.save_and_reraise_exception() as ectxt:
2026-04-27 22:08:32.037 9 ERROR oslo_messaging.rpc.server
File "/var/lib/openstack/lib/python3.10/site-packages/oslo_utils/excutils.py", line 227, in __exit__
2026-04-27 22:08:32.037 9 ERROR oslo_messaging.rpc.server self.force_reraise()
2026-04-27 22:08:32.037 9 ERROR oslo_messaging.rpc.server
File "/var/lib/openstack/lib/python3.10/site-packages/oslo_utils/excutils.py", line 200, in force_reraise
2026-04-27 22:08:32.037 9 ERROR oslo_messaging.rpc.server raise self.value
2026-04-27 22:08:32.037 9 ERROR oslo_messaging.rpc.server
File "/var/lib/openstack/lib/python3.10/site-packages/oslo_db/api.py", line 142, in wrapper
2026-04-27 22:08:32.037 9 ERROR oslo_messaging.rpc.server return f(*args, **kwargs)
2026-04-27 22:08:32.037 9 ERROR oslo_messaging.rpc.server
File "/var/lib/openstack/lib/python3.10/site-packages/neutron_lib/db/api.py", line 183, in wrapped
2026-04-27 22:08:32.037 9 ERROR oslo_messaging.rpc.server with excutils.save_and_reraise_exception():
2026-04-27 22:08:32.037 9 ERROR oslo_messaging.rpc.server
File "/var/lib/openstack/lib/python3.10/site-packages/oslo_utils/excutils.py", line 227, in __exit__
2026-04-27 22:08:32.037 9 ERROR oslo_messaging.rpc.server self.force_reraise()
2026-04-27 22:08:32.037 9 ERROR oslo_messaging.rpc.server
File "/var/lib/openstack/lib/python3.10/site-packages/oslo_utils/excutils.py", line 200, in force_reraise
2026-04-27 22:08:32.037 9 ERROR oslo_messaging.rpc.server raise self.value
2026-04-27 22:08:32.037 9 ERROR oslo_messaging.rpc.server
File "/var/lib/openstack/lib/python3.10/site-packages/neutron_lib/db/api.py", line 181, in wrapped
2026-04-27 22:08:32.037 9 ERROR oslo_messaging.rpc.server return f(*dup_args, **dup_kwargs)
2026-04-27 22:08:32.037 9 ERROR oslo_messaging.rpc.server
File "/var/lib/openstack/lib/python3.10/site-packages/neutron/plugins/ml2/plugin.py", line 1589, in create_port
2026-04-27 22:08:32.037 9 ERROR oslo_messaging.rpc.server result, mech_context = self._create_port_db(context, port)
2026-04-27 22:08:32.037 9 ERROR oslo_messaging.rpc.server
File "/var/lib/openstack/lib/python3.10/site-packages/neutron/plugins/ml2/plugin.py", line 1554, in _create_port_db
2026-04-27 22:08:32.037 9 ERROR oslo_messaging.rpc.server port_db = self.create_port_db(context, port)
2026-04-27 22:08:32.037 9 ERROR oslo_messaging.rpc.server
File "/var/lib/openstack/lib/python3.10/site-packages/neutron/db/db_base_plugin_v2.py", line 1568, in create_port_db
2026-04-27 22:08:32.037 9 ERROR oslo_messaging.rpc.server self.ipam.allocate_ips_for_port_and_store(
2026-04-27 22:08:32.037 9 ERROR oslo_messaging.rpc.server
File "/var/lib/openstack/lib/python3.10/site-packages/neutron/db/ipam_pluggable_backend.py", line 219, in allocate_ips_for_port_and_store
2026-04-27 22:08:32.037 9 ERROR oslo_messaging.rpc.server ips = self.allocate_ips_for_port(context, port_copy)
2026-04-27 22:08:32.037 9 ERROR oslo_messaging.rpc.server
File "/var/lib/openstack/lib/python3.10/site-packages/neutron_lib/db/api.py", line 221, in wrapped
2026-04-27 22:08:32.037 9 ERROR oslo_messaging.rpc.server return f(*args, **kwargs)
2026-04-27 22:08:32.037 9 ERROR oslo_messaging.rpc.server
File "/var/lib/openstack/lib/python3.10/site-packages/oslo_db/sqlalchemy/enginefacade.py", line 1001, in wrapper
2026-04-27 22:08:32.037 9 ERROR oslo_messaging.rpc.server return fn(*args, **kwargs)
2026-04-27 22:08:32.037 9 ERROR oslo_messaging.rpc.server
File "/var/lib/openstack/lib/python3.10/site-packages/neutron/db/ipam_pluggable_backend.py", line 226, in allocate_ips_for_port
2026-04-27 22:08:32.037 9 ERROR oslo_messaging.rpc.server return self._allocate_ips_for_port(context, port)
2026-04-27 22:08:32.037 9 ERROR oslo_messaging.rpc.server
File "/var/lib/openstack/lib/python3.10/site-packages/neutron/db/ipam_pluggable_backend.py", line 258, in _allocate_ips_for_port
2026-04-27 22:08:32.037 9 ERROR oslo_messaging.rpc.server subnets = self._ipam_get_subnets(
2026-04-27 22:08:32.037 9 ERROR oslo_messaging.rpc.server
File "/var/lib/openstack/lib/python3.10/site-packages/neutron/db/ipam_backend_mixin.py", line 686, in _ipam_get_subnets
2026-04-27 22:08:32.037 9 ERROR oslo_messaging.rpc.server subnet.read_lock_register(
2026-04-27 22:08:32.037 9 ERROR oslo_messaging.rpc.server
File "/var/lib/openstack/lib/python3.10/site-packages/neutron/db/models_v2.py", line 77, in read_lock_register
2026-04-27 22:08:32.037 9 ERROR oslo_messaging.rpc.server raise exception
2026-04-27 22:08:32.037 9 ERROR oslo_messaging.rpc.server neutron_lib.exceptions.SubnetInUse: Unable to complete operation on subnet d8e7c91a-8184-4f56-a1a2-be78b4c548ab: This subnet is being modified by another concurrent operation.
2026-04-27 22:08:32.037 9 ERROR oslo_messaging.rpc.server 
2026-04-27 22:08:33.094 9 INFO neutron.plugins.ml2.plugin [None req-e73a7d87-129b-434a-a420-6db23d64c0e0 - - - - - -] Attempt 1 to provision port 60aca66e-0eb9-4b04-9e91-6718989b8fa0
2026-04-27 22:08:33.136 10 ERROR neutron.plugins.ml2.managers [None req-f6d49866-2296-4afa-96f8-f6a28b46f803 - - - - - -] Mechanism driver openvswitch failed in bind_port: neutron_lib.exceptions.SubnetNotFound: Subnet 9f79c107-e263-4f40-9411-1e88d8c68703 could not be found.
2026-04-27 22:08:33.136 10 ERROR neutron.plugins.ml2.managers
Traceback (most recent call last):
2026-04-27 22:08:33.136 10 ERROR neutron.plugins.ml2.managers
File "/var/lib/openstack/lib/python3.10/site-packages/neutron/plugins/ml2/managers.py", line 866, in _bind_port_level
2026-04-27 22:08:33.136 10 ERROR neutron.plugins.ml2.managers driver.obj.bind_port(context)
2026-04-27 22:08:33.136 10 ERROR neutron.plugins.ml2.managers
File "/var/lib/openstack/lib/python3.10/site-packages/neutron/plugins/ml2/drivers/openvswitch/mech_driver/mech_openvswitch.py", line 133, in bind_port
2026-04-27 22:08:33.136 10 ERROR neutron.plugins.ml2.managers super(OpenvswitchMechanismDriver, self).bind_port(context)
2026-04-27 22:08:33.136 10 ERROR neutron.plugins.ml2.managers
File "/var/lib/openstack/lib/python3.10/site-packages/neutron/plugins/ml2/drivers/mech_agent.py", line 104, in bind_port
2026-04-27 22:08:33.136 10 ERROR neutron.plugins.ml2.managers subnets = self.get_subnets_from_fixed_ips(context)
2026-04-27 22:08:33.136 10 ERROR neutron.plugins.ml2.managers
File "/var/lib/openstack/lib/python3.10/site-packages/neutron/plugins/ml2/drivers/mech_agent.py", line 149, in get_subnets_from_fixed_ips
2026-04-27 22:08:33.136 10 ERROR neutron.plugins.ml2.managers subnets.append(context._plugin.get_subnet(
2026-04-27 22:08:33.136 10 ERROR neutron.plugins.ml2.managers
File "/var/lib/openstack/lib/python3.10/site-packages/neutron_lib/db/api.py", line 223, in wrapped
2026-04-27 22:08:33.136 10 ERROR neutron.plugins.ml2.managers return f_with_retry(*args, **kwargs,
2026-04-27 22:08:33.136 10 ERROR neutron.plugins.ml2.managers
File "/var/lib/openstack/lib/python3.10/site-packages/neutron_lib/db/api.py", line 137, in wrapped
2026-04-27 22:08:33.136 10 ERROR neutron.plugins.ml2.managers with excutils.save_and_reraise_exception():
2026-04-27 22:08:33.136 10 ERROR neutron.plugins.ml2.managers
File "/var/lib/openstack/lib/python3.10/site-packages/oslo_utils/excutils.py", line 227, in __exit__
2026-04-27 22:08:33.136 10 ERROR neutron.plugins.ml2.managers self.force_reraise()
2026-04-27 22:08:33.136 10 ERROR neutron.plugins.ml2.managers
File "/var/lib/openstack/lib/python3.10/site-packages/oslo_utils/excutils.py", line 200, in force_reraise
2026-04-27 22:08:33.136 10 ERROR neutron.plugins.ml2.managers raise self.value
2026-04-27 22:08:33.136 10 ERROR neutron.plugins.ml2.managers
File "/var/lib/openstack/lib/python3.10/site-packages/neutron_lib/db/api.py", line 135, in wrapped
2026-04-27 22:08:33.136 10 ERROR neutron.plugins.ml2.managers return f(*args, **kwargs)
2026-04-27 22:08:33.136 10 ERROR neutron.plugins.ml2.managers
File "/var/lib/openstack/lib/python3.10/site-packages/oslo_db/api.py", line 144, in wrapper
2026-04-27 22:08:33.136 10 ERROR neutron.plugins.ml2.managers with excutils.save_and_reraise_exception() as ectxt:
2026-04-27 22:08:33.136 10 ERROR neutron.plugins.ml2.managers
File "/var/lib/openstack/lib/python3.10/site-packages/oslo_utils/excutils.py", line 227, in __exit__
2026-04-27 22:08:33.136 10 ERROR neutron.plugins.ml2.managers self.force_reraise()
2026-04-27 22:08:33.136 10 ERROR neutron.plugins.ml2.managers
File "/var/lib/openstack/lib/python3.10/site-packages/oslo_utils/excutils.py", line 200, in force_reraise
2026-04-27 22:08:33.136 10 ERROR neutron.plugins.ml2.managers raise self.value
2026-04-27 22:08:33.136 10 ERROR neutron.plugins.ml2.managers
File "/var/lib/openstack/lib/python3.10/site-packages/oslo_db/api.py", line 142, in wrapper
2026-04-27 22:08:33.136 10 ERROR neutron.plugins.ml2.managers return f(*args, **kwargs)
2026-04-27 22:08:33.136 10 ERROR neutron.plugins.ml2.managers
File "/var/lib/openstack/lib/python3.10/site-packages/neutron_lib/db/api.py", line 183, in wrapped
2026-04-27 22:08:33.136 10 ERROR neutron.plugins.ml2.managers with excutils.save_and_reraise_exception():
2026-04-27 22:08:33.136 10 ERROR neutron.plugins.ml2.managers
File "/var/lib/openstack/lib/python3.10/site-packages/oslo_utils/excutils.py", line 227, in __exit__
2026-04-27 22:08:33.136 10 ERROR neutron.plugins.ml2.managers self.force_reraise()
2026-04-27 22:08:33.136 10 ERROR neutron.plugins.ml2.managers
File "/var/lib/openstack/lib/python3.10/site-packages/oslo_utils/excutils.py", line 200, in force_reraise
2026-04-27 22:08:33.136 10 ERROR neutron.plugins.ml2.managers raise self.value
2026-04-27 22:08:33.136 10 ERROR neutron.plugins.ml2.managers
File "/var/lib/openstack/lib/python3.10/site-packages/neutron_lib/db/api.py", line 181, in wrapped
2026-04-27 22:08:33.136 10 ERROR neutron.plugins.ml2.managers return f(*dup_args, **dup_kwargs)
2026-04-27 22:08:33.136 10 ERROR neutron.plugins.ml2.managers
File "/var/lib/openstack/lib/python3.10/site-packages/neutron/db/db_base_plugin_v2.py", line 1198, in get_subnet
2026-04-27 22:08:33.136 10 ERROR neutron.plugins.ml2.managers subnet_obj = self._get_subnet_object(context, id)
2026-04-27 22:08:33.136 10 ERROR neutron.plugins.ml2.managers
File "/var/lib/openstack/lib/python3.10/site-packages/neutron/db/db_base_plugin_common.py", line 282, in _get_subnet_object
2026-04-27 22:08:33.136 10 ERROR neutron.plugins.ml2.managers raise exceptions.SubnetNotFound(subnet_id=id)
2026-04-27 22:08:33.136 10 ERROR neutron.plugins.ml2.managers neutron_lib.exceptions.SubnetNotFound: Subnet 9f79c107-e263-4f40-9411-1e88d8c68703 could not be found.
2026-04-27 22:08:33.136 10 ERROR neutron.plugins.ml2.managers 
2026-04-27 22:08:33.138 10 ERROR neutron.plugins.ml2.managers [None req-f6d49866-2296-4afa-96f8-f6a28b46f803 - - - - - -] Failed to bind port 27f00118-828f-40e4-aa39-f943bb525f3f on host instance for vnic_type normal using segments [{'id': '612361f4-d461-450a-87d7-327a709eb4cb', 'network_type': 'vxlan', 'physical_network': None, 'segmentation_id': 398, 'network_id': 'bc8a5617-268b-4e6e-b916-61bfd9047b31'}]
2026-04-27 22:08:33.140 10 INFO neutron.plugins.ml2.plugin [None req-f6d49866-2296-4afa-96f8-f6a28b46f803 - - - - - -] Attempt 2 to bind port 27f00118-828f-40e4-aa39-f943bb525f3f
2026-04-27 22:08:33.163 10 ERROR neutron.plugins.ml2.managers [None req-f6d49866-2296-4afa-96f8-f6a28b46f803 - - - - - -] Mechanism driver openvswitch failed in bind_port: neutron_lib.exceptions.SubnetNotFound: Subnet 9f79c107-e263-4f40-9411-1e88d8c68703 could not be found.
2026-04-27 22:08:33.163 10 ERROR neutron.plugins.ml2.managers
Traceback (most recent call last):
2026-04-27 22:08:33.163 10 ERROR neutron.plugins.ml2.managers
File "/var/lib/openstack/lib/python3.10/site-packages/neutron/plugins/ml2/managers.py", line 866, in _bind_port_level
2026-04-27 22:08:33.163 10 ERROR neutron.plugins.ml2.managers driver.obj.bind_port(context)
2026-04-27 22:08:33.163 10 ERROR neutron.plugins.ml2.managers
File "/var/lib/openstack/lib/python3.10/site-packages/neutron/plugins/ml2/drivers/openvswitch/mech_driver/mech_openvswitch.py", line 133, in bind_port
2026-04-27 22:08:33.163 10 ERROR neutron.plugins.ml2.managers super(OpenvswitchMechanismDriver, self).bind_port(context)
2026-04-27 22:08:33.163 10 ERROR neutron.plugins.ml2.managers
File "/var/lib/openstack/lib/python3.10/site-packages/neutron/plugins/ml2/drivers/mech_agent.py", line 104, in bind_port
2026-04-27 22:08:33.163 10 ERROR neutron.plugins.ml2.managers subnets = self.get_subnets_from_fixed_ips(context)
2026-04-27 22:08:33.163 10 ERROR neutron.plugins.ml2.managers
File "/var/lib/openstack/lib/python3.10/site-packages/neutron/plugins/ml2/drivers/mech_agent.py", line 149, in get_subnets_from_fixed_ips
2026-04-27 22:08:33.163 10 ERROR neutron.plugins.ml2.managers subnets.append(context._plugin.get_subnet(
2026-04-27 22:08:33.163 10 ERROR neutron.plugins.ml2.managers
File "/var/lib/openstack/lib/python3.10/site-packages/neutron_lib/db/api.py", line 223, in wrapped
2026-04-27 22:08:33.163 10 ERROR neutron.plugins.ml2.managers return f_with_retry(*args, **kwargs,
2026-04-27 22:08:33.163 10 ERROR neutron.plugins.ml2.managers
File "/var/lib/openstack/lib/python3.10/site-packages/neutron_lib/db/api.py", line 137, in wrapped
2026-04-27 22:08:33.163 10 ERROR neutron.plugins.ml2.managers with excutils.save_and_reraise_exception():
2026-04-27 22:08:33.163 10 ERROR neutron.plugins.ml2.managers
File "/var/lib/openstack/lib/python3.10/site-packages/oslo_utils/excutils.py", line 227, in __exit__
2026-04-27 22:08:33.163 10 ERROR neutron.plugins.ml2.managers self.force_reraise()
2026-04-27 22:08:33.163 10 ERROR neutron.plugins.ml2.managers
File "/var/lib/openstack/lib/python3.10/site-packages/oslo_utils/excutils.py", line 200, in force_reraise
2026-04-27 22:08:33.163 10 ERROR neutron.plugins.ml2.managers raise self.value
2026-04-27 22:08:33.163 10 ERROR neutron.plugins.ml2.managers
File "/var/lib/openstack/lib/python3.10/site-packages/neutron_lib/db/api.py", line 135, in wrapped
2026-04-27 22:08:33.163 10 ERROR neutron.plugins.ml2.managers return f(*args, **kwargs)
2026-04-27 22:08:33.163 10 ERROR neutron.plugins.ml2.managers
File "/var/lib/openstack/lib/python3.10/site-packages/oslo_db/api.py", line 144, in wrapper
2026-04-27 22:08:33.163 10 ERROR neutron.plugins.ml2.managers with excutils.save_and_reraise_exception() as ectxt:
2026-04-27 22:08:33.163 10 ERROR neutron.plugins.ml2.managers
File "/var/lib/openstack/lib/python3.10/site-packages/oslo_utils/excutils.py", line 227, in __exit__
2026-04-27 22:08:33.163 10 ERROR neutron.plugins.ml2.managers self.force_reraise()
2026-04-27 22:08:33.163 10 ERROR neutron.plugins.ml2.managers
File "/var/lib/openstack/lib/python3.10/site-packages/oslo_utils/excutils.py", line 200, in force_reraise
2026-04-27 22:08:33.163 10 ERROR neutron.plugins.ml2.managers raise self.value
2026-04-27 22:08:33.163 10 ERROR neutron.plugins.ml2.managers
File "/var/lib/openstack/lib/python3.10/site-packages/oslo_db/api.py", line 142, in wrapper
2026-04-27 22:08:33.163 10 ERROR neutron.plugins.ml2.managers return f(*args, **kwargs)
2026-04-27 22:08:33.163 10 ERROR neutron.plugins.ml2.managers
File "/var/lib/openstack/lib/python3.10/site-packages/neutron_lib/db/api.py", line 183, in wrapped
2026-04-27 22:08:33.163 10 ERROR neutron.plugins.ml2.managers with excutils.save_and_reraise_exception():
2026-04-27 22:08:33.163 10 ERROR neutron.plugins.ml2.managers
File "/var/lib/openstack/lib/python3.10/site-packages/oslo_utils/excutils.py", line 227, in __exit__
2026-04-27 22:08:33.163 10 ERROR neutron.plugins.ml2.managers self.force_reraise()
2026-04-27 22:08:33.163 10 ERROR neutron.plugins.ml2.managers
File "/var/lib/openstack/lib/python3.10/site-packages/oslo_utils/excutils.py", line 200, in force_reraise
2026-04-27 22:08:33.163 10 ERROR neutron.plugins.ml2.managers raise self.value
2026-04-27 22:08:33.163 10 ERROR neutron.plugins.ml2.managers
File "/var/lib/openstack/lib/python3.10/site-packages/neutron_lib/db/api.py", line 181, in wrapped
2026-04-27 22:08:33.163 10 ERROR neutron.plugins.ml2.managers return f(*dup_args, **dup_kwargs)
2026-04-27 22:08:33.163 10 ERROR neutron.plugins.ml2.managers
File "/var/lib/openstack/lib/python3.10/site-packages/neutron/db/db_base_plugin_v2.py", line 1198, in get_subnet
2026-04-27 22:08:33.163 10 ERROR neutron.plugins.ml2.managers subnet_obj = self._get_subnet_object(context, id)
2026-04-27 22:08:33.163 10 ERROR neutron.plugins.ml2.managers
File "/var/lib/openstack/lib/python3.10/site-packages/neutron/db/db_base_plugin_common.py", line 282, in _get_subnet_object
2026-04-27 22:08:33.163 10 ERROR neutron.plugins.ml2.managers raise exceptions.SubnetNotFound(subnet_id=id)
2026-04-27 22:08:33.163 10 ERROR neutron.plugins.ml2.managers neutron_lib.exceptions.SubnetNotFound: Subnet 9f79c107-e263-4f40-9411-1e88d8c68703 could not be found.
2026-04-27 22:08:33.163 10 ERROR neutron.plugins.ml2.managers 
2026-04-27 22:08:33.163 10 ERROR neutron.plugins.ml2.managers [None req-f6d49866-2296-4afa-96f8-f6a28b46f803 - - - - - -] Failed to bind port 27f00118-828f-40e4-aa39-f943bb525f3f on host instance for vnic_type normal using segments [{'id': '612361f4-d461-450a-87d7-327a709eb4cb', 'network_type': 'vxlan', 'physical_network': None, 'segmentation_id': 398, 'network_id': 'bc8a5617-268b-4e6e-b916-61bfd9047b31'}]
2026-04-27 22:08:33.164 10 INFO neutron.plugins.ml2.plugin [None req-f6d49866-2296-4afa-96f8-f6a28b46f803 - - - - - -] Attempt 3 to bind port 27f00118-828f-40e4-aa39-f943bb525f3f
2026-04-27 22:08:33.196 10 ERROR neutron.plugins.ml2.managers [None req-f6d49866-2296-4afa-96f8-f6a28b46f803 - - - - - -] Mechanism driver openvswitch failed in bind_port: neutron_lib.exceptions.SubnetNotFound: Subnet 9f79c107-e263-4f40-9411-1e88d8c68703 could not be found.
2026-04-27 22:08:33.196 10 ERROR neutron.plugins.ml2.managers
Traceback (most recent call last):
2026-04-27 22:08:33.196 10 ERROR neutron.plugins.ml2.managers
File "/var/lib/openstack/lib/python3.10/site-packages/neutron/plugins/ml2/managers.py", line 866, in _bind_port_level
2026-04-27 22:08:33.196 10 ERROR neutron.plugins.ml2.managers driver.obj.bind_port(context)
2026-04-27 22:08:33.196 10 ERROR neutron.plugins.ml2.managers
File "/var/lib/openstack/lib/python3.10/site-packages/neutron/plugins/ml2/drivers/openvswitch/mech_driver/mech_openvswitch.py", line 133, in bind_port
2026-04-27 22:08:33.196 10 ERROR neutron.plugins.ml2.managers super(OpenvswitchMechanismDriver, self).bind_port(context)
2026-04-27 22:08:33.196 10 ERROR neutron.plugins.ml2.managers
File "/var/lib/openstack/lib/python3.10/site-packages/neutron/plugins/ml2/drivers/mech_agent.py", line 104, in bind_port
2026-04-27 22:08:33.196 10 ERROR neutron.plugins.ml2.managers subnets = self.get_subnets_from_fixed_ips(context)
2026-04-27 22:08:33.196 10 ERROR neutron.plugins.ml2.managers
File "/var/lib/openstack/lib/python3.10/site-packages/neutron/plugins/ml2/drivers/mech_agent.py", line 149, in get_subnets_from_fixed_ips
2026-04-27 22:08:33.196 10 ERROR neutron.plugins.ml2.managers subnets.append(context._plugin.get_subnet(
2026-04-27 22:08:33.196 10 ERROR neutron.plugins.ml2.managers
File "/var/lib/openstack/lib/python3.10/site-packages/neutron_lib/db/api.py", line 223, in wrapped
2026-04-27 22:08:33.196 10 ERROR neutron.plugins.ml2.managers return f_with_retry(*args, **kwargs,
2026-04-27 22:08:33.196 10 ERROR neutron.plugins.ml2.managers
