2026-04-07 01:25:48.480 8 INFO cinder.api.openstack.wsgi [None req-6f21b754-cd6c-4c9c-b13c-41c9c49d0884 d04b9cb48fa8475b9a8d587ff2764c8b c6a9930c0ce448ae991b5f90e358a8ff - - default default] http://10.0.0.86:8776/ returned with HTTP 300
2026-04-07 01:25:58.478 8 INFO cinder.api.openstack.wsgi [None req-6f21b754-cd6c-4c9c-b13c-41c9c49d0884 d04b9cb48fa8475b9a8d587ff2764c8b c6a9930c0ce448ae991b5f90e358a8ff - - default default] GET http://10.0.0.86:8776/
2026-04-07 01:25:58.480 8 INFO cinder.api.openstack.wsgi [None req-6f21b754-cd6c-4c9c-b13c-41c9c49d0884 d04b9cb48fa8475b9a8d587ff2764c8b c6a9930c0ce448ae991b5f90e358a8ff - - default default] http://10.0.0.86:8776/ returned with HTTP 300
2026-04-07 01:25:58.482 8 INFO cinder.api.openstack.wsgi [None req-6f21b754-cd6c-4c9c-b13c-41c9c49d0884 d04b9cb48fa8475b9a8d587ff2764c8b c6a9930c0ce448ae991b5f90e358a8ff - - default default] GET http://10.0.0.86:8776/
2026-04-07 01:25:58.483 8 INFO cinder.api.openstack.wsgi [None req-6f21b754-cd6c-4c9c-b13c-41c9c49d0884 d04b9cb48fa8475b9a8d587ff2764c8b c6a9930c0ce448ae991b5f90e358a8ff - - default default] http://10.0.0.86:8776/ returned with HTTP 300
2026-04-07 01:25:58.533 7 INFO cinder.api.openstack.wsgi [None req-417b73a1-c035-468e-8c73-281d71a14283 d04b9cb48fa8475b9a8d587ff2764c8b c6a9930c0ce448ae991b5f90e358a8ff - - default default] GET http://cinder-api.openstack.svc.cluster.local:8776/v3/c6a9930c0ce448ae991b5f90e358a8ff/volumes/detail?all_tenants=true
2026-04-07 01:25:58.547 7 INFO cinder.volume.api [None req-417b73a1-c035-468e-8c73-281d71a14283 d04b9cb48fa8475b9a8d587ff2764c8b c6a9930c0ce448ae991b5f90e358a8ff - - default default] Get all volumes completed successfully. /var/lib/openstack/lib/python3.12/site-packages/oslo_context/context.py:101: DeprecationWarning: Policy enforcement is depending on the value of is_admin. This key is deprecated. Please update your policy file to use the standard policy values. warnings.warn(
2026-04-07 01:25:58.553 7 INFO cinder.api.openstack.wsgi [None req-417b73a1-c035-468e-8c73-281d71a14283 d04b9cb48fa8475b9a8d587ff2764c8b c6a9930c0ce448ae991b5f90e358a8ff - - default default] http://cinder-api.openstack.svc.cluster.local:8776/v3/c6a9930c0ce448ae991b5f90e358a8ff/volumes/detail?all_tenants=true returned with HTTP 200 [pid: 7|app: 0|req: 477/956] 10.0.0.157 () {28 vars in 684 bytes} [Tue Apr 7 01:25:58 2026] GET /v3/c6a9930c0ce448ae991b5f90e358a8ff/volumes/detail?all_tenants=true => generated 1790 bytes in 135 msecs (HTTP/1.1 200) 7 headers in 286 bytes (1 switches on core 0)
2026-04-07 01:25:58.567 8 INFO cinder.api.openstack.wsgi [None req-581e19d0-7b7c-48cf-bbda-4ca369a3e144 d04b9cb48fa8475b9a8d587ff2764c8b c6a9930c0ce448ae991b5f90e358a8ff - - default default] GET http://cinder-api.openstack.svc.cluster.local:8776/v3/c6a9930c0ce448ae991b5f90e358a8ff/volumes/detail?all_tenants=true
2026-04-07 01:25:58.585 8 INFO cinder.volume.api [None req-581e19d0-7b7c-48cf-bbda-4ca369a3e144 d04b9cb48fa8475b9a8d587ff2764c8b c6a9930c0ce448ae991b5f90e358a8ff - - default default] Get all volumes completed successfully. /var/lib/openstack/lib/python3.12/site-packages/oslo_context/context.py:101: DeprecationWarning: Policy enforcement is depending on the value of is_admin. This key is deprecated. Please update your policy file to use the standard policy values. warnings.warn(
2026-04-07 01:25:58.592 8 INFO cinder.api.openstack.wsgi [None req-581e19d0-7b7c-48cf-bbda-4ca369a3e144 d04b9cb48fa8475b9a8d587ff2764c8b c6a9930c0ce448ae991b5f90e358a8ff - - default default] http://cinder-api.openstack.svc.cluster.local:8776/v3/c6a9930c0ce448ae991b5f90e358a8ff/volumes/detail?all_tenants=true returned with HTTP 200 [pid: 8|app: 0|req: 480/957] 10.0.0.157 () {28 vars in 684 bytes} [Tue Apr 7 01:25:58 2026] GET /v3/c6a9930c0ce448ae991b5f90e358a8ff/volumes/detail?all_tenants=true => generated 1790 bytes in 32 msecs (HTTP/1.1 200) 7 headers in 286 bytes (1 switches on core 0) /var/lib/openstack/lib/python3.12/site-packages/pycadf/identifier.py:70: UserWarning: Invalid uuid: cinderv3. To ensure interoperability, identifiers should be a valid uuid. warnings.warn(('Invalid uuid: %s. To ensure interoperability, '
2026-04-07 01:25:58.641 7 INFO cinder.api.openstack.wsgi [None req-36a4cceb-9727-4934-9da8-fdd14ef7a7c6 d04b9cb48fa8475b9a8d587ff2764c8b c6a9930c0ce448ae991b5f90e358a8ff - - default default] GET http://cinder-api.openstack.svc.cluster.local:8776/v3/c6a9930c0ce448ae991b5f90e358a8ff/os-quota-sets/098b7638324e47c4a8cd705e2a18bd4a?usage=true
2026-04-07 01:25:58.666 7 INFO cinder.api.openstack.wsgi [None req-36a4cceb-9727-4934-9da8-fdd14ef7a7c6 d04b9cb48fa8475b9a8d587ff2764c8b c6a9930c0ce448ae991b5f90e358a8ff - - default default] http://cinder-api.openstack.svc.cluster.local:8776/v3/c6a9930c0ce448ae991b5f90e358a8ff/os-quota-sets/098b7638324e47c4a8cd705e2a18bd4a?usage=true returned with HTTP 200 [pid: 7|app: 0|req: 478/958] 10.0.0.157 () {28 vars in 736 bytes} [Tue Apr 7 01:25:58 2026] GET /v3/c6a9930c0ce448ae991b5f90e358a8ff/os-quota-sets/098b7638324e47c4a8cd705e2a18bd4a?usage=true => generated 847 bytes in 34 msecs (HTTP/1.1 200) 7 headers in 285 bytes (1 switches on core 0) /var/lib/openstack/lib/python3.12/site-packages/pycadf/identifier.py:70: UserWarning: Invalid uuid: cinderv3. To ensure interoperability, identifiers should be a valid uuid. warnings.warn(('Invalid uuid: %s. To ensure interoperability, '
2026-04-07 01:25:58.683 8 INFO cinder.api.openstack.wsgi [None req-61f838da-7365-4141-846c-8875ebe58d82 d04b9cb48fa8475b9a8d587ff2764c8b c6a9930c0ce448ae991b5f90e358a8ff - - default default] GET http://cinder-api.openstack.svc.cluster.local:8776/v3/c6a9930c0ce448ae991b5f90e358a8ff/os-quota-sets/2fc7ba3d30b94d40a78f23ec53d60f0d?usage=true
2026-04-07 01:25:58.700 8 INFO cinder.api.openstack.wsgi [None req-61f838da-7365-4141-846c-8875ebe58d82 d04b9cb48fa8475b9a8d587ff2764c8b c6a9930c0ce448ae991b5f90e358a8ff - - default default] http://cinder-api.openstack.svc.cluster.local:8776/v3/c6a9930c0ce448ae991b5f90e358a8ff/os-quota-sets/2fc7ba3d30b94d40a78f23ec53d60f0d?usage=true returned with HTTP 200 [pid: 8|app: 0|req: 481/959] 10.0.0.157 () {28 vars in 736 bytes} [Tue Apr 7 01:25:58 2026] GET /v3/c6a9930c0ce448ae991b5f90e358a8ff/os-quota-sets/2fc7ba3d30b94d40a78f23ec53d60f0d?usage=true => generated 847 bytes in 29 msecs (HTTP/1.1 200) 7 headers in 285 bytes (1 switches on core 0)
2026-04-07 01:25:58.709 7 INFO cinder.api.openstack.wsgi [None req-830a25b7-1e9e-4148-92b6-413c67567321 d04b9cb48fa8475b9a8d587ff2764c8b c6a9930c0ce448ae991b5f90e358a8ff - - default default] GET http://cinder-api.openstack.svc.cluster.local:8776/v3/c6a9930c0ce448ae991b5f90e358a8ff/os-quota-sets/3d9497f0081943bab5fd49a64b93fb4a?usage=true
2026-04-07 01:25:58.731 7 INFO cinder.api.openstack.wsgi [None req-830a25b7-1e9e-4148-92b6-413c67567321 d04b9cb48fa8475b9a8d587ff2764c8b c6a9930c0ce448ae991b5f90e358a8ff - - default default] http://cinder-api.openstack.svc.cluster.local:8776/v3/c6a9930c0ce448ae991b5f90e358a8ff/os-quota-sets/3d9497f0081943bab5fd49a64b93fb4a?usage=true returned with HTTP 200 [pid: 7|app: 0|req: 479/960] 10.0.0.157 () {28 vars in 736 bytes} [Tue Apr 7 01:25:58 2026] GET /v3/c6a9930c0ce448ae991b5f90e358a8ff/os-quota-sets/3d9497f0081943bab5fd49a64b93fb4a?usage=true => generated 847 bytes in 27 msecs (HTTP/1.1 200) 7 headers in 285 bytes (1 switches on core 0)
2026-04-07 01:25:58.741 8 INFO cinder.api.openstack.wsgi [None req-36b51b67-6c55-460d-b0e0-c5c51299f59d d04b9cb48fa8475b9a8d587ff2764c8b c6a9930c0ce448ae991b5f90e358a8ff - - default default] GET http://cinder-api.openstack.svc.cluster.local:8776/v3/c6a9930c0ce448ae991b5f90e358a8ff/os-quota-sets/589cb8a69efb489e917d30ffe532f5a7?usage=true
2026-04-07 01:25:58.766 8 INFO cinder.api.openstack.wsgi [None req-36b51b67-6c55-460d-b0e0-c5c51299f59d d04b9cb48fa8475b9a8d587ff2764c8b c6a9930c0ce448ae991b5f90e358a8ff - - default default] http://cinder-api.openstack.svc.cluster.local:8776/v3/c6a9930c0ce448ae991b5f90e358a8ff/os-quota-sets/589cb8a69efb489e917d30ffe532f5a7?usage=true returned with HTTP 200 [pid: 8|app: 0|req: 482/961] 10.0.0.157 () {28 vars in 736 bytes} [Tue Apr 7 01:25:58 2026] GET /v3/c6a9930c0ce448ae991b5f90e358a8ff/os-quota-sets/589cb8a69efb489e917d30ffe532f5a7?usage=true => generated 845 bytes in 32 msecs (HTTP/1.1 200) 7 headers in 285 bytes (1 switches on core 0)
2026-04-07 01:25:58.774 7 INFO cinder.api.openstack.wsgi [None req-b0afc896-e174-41cf-ba69-d3e416d28088 d04b9cb48fa8475b9a8d587ff2764c8b c6a9930c0ce448ae991b5f90e358a8ff - - default default] GET http://cinder-api.openstack.svc.cluster.local:8776/v3/c6a9930c0ce448ae991b5f90e358a8ff/os-quota-sets/711e420255724c48b6a52c7b9660c4ce?usage=true
2026-04-07 01:25:58.796 7 INFO cinder.api.openstack.wsgi [None req-b0afc896-e174-41cf-ba69-d3e416d28088 d04b9cb48fa8475b9a8d587ff2764c8b c6a9930c0ce448ae991b5f90e358a8ff - - default default] http://cinder-api.openstack.svc.cluster.local:8776/v3/c6a9930c0ce448ae991b5f90e358a8ff/os-quota-sets/711e420255724c48b6a52c7b9660c4ce?usage=true returned with HTTP 200 [pid: 7|app: 0|req: 480/962] 10.0.0.157 () {28 vars in 736 bytes} [Tue Apr 7 01:25:58 2026] GET /v3/c6a9930c0ce448ae991b5f90e358a8ff/os-quota-sets/711e420255724c48b6a52c7b9660c4ce?usage=true => generated 847 bytes in 26 msecs (HTTP/1.1 200) 7 headers in 285 bytes (1 switches on core 0)
2026-04-07 01:25:58.813 8 INFO cinder.api.openstack.wsgi [None req-45eeeb83-a493-43d9-b7f4-75b7c3995c58 d04b9cb48fa8475b9a8d587ff2764c8b c6a9930c0ce448ae991b5f90e358a8ff - - default default] GET http://cinder-api.openstack.svc.cluster.local:8776/v3/c6a9930c0ce448ae991b5f90e358a8ff/os-quota-sets/88032128a98046aa8198708eecd55128?usage=true
2026-04-07 01:25:58.841 8 INFO cinder.api.openstack.wsgi [None req-45eeeb83-a493-43d9-b7f4-75b7c3995c58 d04b9cb48fa8475b9a8d587ff2764c8b c6a9930c0ce448ae991b5f90e358a8ff - - default default] http://cinder-api.openstack.svc.cluster.local:8776/v3/c6a9930c0ce448ae991b5f90e358a8ff/os-quota-sets/88032128a98046aa8198708eecd55128?usage=true returned with HTTP 200 [pid: 8|app: 0|req: 483/963] 10.0.0.157 () {28 vars in 736 bytes} [Tue Apr 7 01:25:58 2026] GET /v3/c6a9930c0ce448ae991b5f90e358a8ff/os-quota-sets/88032128a98046aa8198708eecd55128?usage=true => generated 847 bytes in 36 msecs (HTTP/1.1 200) 7 headers in 285 bytes (1 switches on core 0)
2026-04-07 01:25:58.856 7 INFO cinder.api.openstack.wsgi [None req-06f289d0-82d3-421e-8d26-8aa162f281fd d04b9cb48fa8475b9a8d587ff2764c8b c6a9930c0ce448ae991b5f90e358a8ff - - default default] GET http://cinder-api.openstack.svc.cluster.local:8776/v3/c6a9930c0ce448ae991b5f90e358a8ff/os-quota-sets/88c22f219f8a4eaabb441ef637b148d6?usage=true
2026-04-07 01:25:58.876 7 INFO cinder.api.openstack.wsgi [None req-06f289d0-82d3-421e-8d26-8aa162f281fd d04b9cb48fa8475b9a8d587ff2764c8b c6a9930c0ce448ae991b5f90e358a8ff - - default default] http://cinder-api.openstack.svc.cluster.local:8776/v3/c6a9930c0ce448ae991b5f90e358a8ff/os-quota-sets/88c22f219f8a4eaabb441ef637b148d6?usage=true returned with HTTP 200 [pid: 7|app: 0|req: 481/964] 10.0.0.157 () {28 vars in 736 bytes} [Tue Apr 7 01:25:58 2026] GET /v3/c6a9930c0ce448ae991b5f90e358a8ff/os-quota-sets/88c22f219f8a4eaabb441ef637b148d6?usage=true => generated 847 bytes in 29 msecs (HTTP/1.1 200) 7 headers in 285 bytes (1 switches on core 0)
2026-04-07 01:25:58.889 8 INFO cinder.api.openstack.wsgi [None req-b9fa96c2-7268-48bb-b032-6a4299c2b156 d04b9cb48fa8475b9a8d587ff2764c8b c6a9930c0ce448ae991b5f90e358a8ff - - default default] GET http://cinder-api.openstack.svc.cluster.local:8776/v3/c6a9930c0ce448ae991b5f90e358a8ff/os-quota-sets/8ddf157fb0c94b37b902d158e1a3b82f?usage=true
2026-04-07 01:25:58.910 8 INFO cinder.api.openstack.wsgi [None req-b9fa96c2-7268-48bb-b032-6a4299c2b156 d04b9cb48fa8475b9a8d587ff2764c8b c6a9930c0ce448ae991b5f90e358a8ff - - default default] http://cinder-api.openstack.svc.cluster.local:8776/v3/c6a9930c0ce448ae991b5f90e358a8ff/os-quota-sets/8ddf157fb0c94b37b902d158e1a3b82f?usage=true returned with HTTP 200 [pid: 8|app: 0|req: 484/965] 10.0.0.157 () {28 vars in 736 bytes} [Tue Apr 7 01:25:58 2026] GET /v3/c6a9930c0ce448ae991b5f90e358a8ff/os-quota-sets/8ddf157fb0c94b37b902d158e1a3b82f?usage=true => generated 847 bytes in 29 msecs (HTTP/1.1 200) 7 headers in 285 bytes (1 switches on core 0)
2026-04-07 01:25:58.922 7 INFO cinder.api.openstack.wsgi [None req-060f93a4-e717-440e-bf42-3641b644eecd d04b9cb48fa8475b9a8d587ff2764c8b c6a9930c0ce448ae991b5f90e358a8ff - - default default] GET http://cinder-api.openstack.svc.cluster.local:8776/v3/c6a9930c0ce448ae991b5f90e358a8ff/os-quota-sets/b79c9c2c052f4dd8bde8484e62646b0f?usage=true
2026-04-07 01:25:58.945 7 INFO cinder.api.openstack.wsgi [None req-060f93a4-e717-440e-bf42-3641b644eecd d04b9cb48fa8475b9a8d587ff2764c8b c6a9930c0ce448ae991b5f90e358a8ff - - default default] http://cinder-api.openstack.svc.cluster.local:8776/v3/c6a9930c0ce448ae991b5f90e358a8ff/os-quota-sets/b79c9c2c052f4dd8bde8484e62646b0f?usage=true returned with HTTP 200 [pid: 7|app: 0|req: 482/966] 10.0.0.157 () {28 vars in 736 bytes} [Tue Apr 7 01:25:58 2026] GET /v3/c6a9930c0ce448ae991b5f90e358a8ff/os-quota-sets/b79c9c2c052f4dd8bde8484e62646b0f?usage=true => generated 847 bytes in 32 msecs (HTTP/1.1 200) 7 headers in 285 bytes (1 switches on core 0)
2026-04-07 01:25:58.955 8 INFO cinder.api.openstack.wsgi [None req-ec18b7a1-662a-4e55-97f0-ad1f2a05d8b9 d04b9cb48fa8475b9a8d587ff2764c8b c6a9930c0ce448ae991b5f90e358a8ff - - default default] GET http://cinder-api.openstack.svc.cluster.local:8776/v3/c6a9930c0ce448ae991b5f90e358a8ff/os-quota-sets/c6a9930c0ce448ae991b5f90e358a8ff?usage=true
2026-04-07 01:25:58.976 8 INFO cinder.api.openstack.wsgi [None req-ec18b7a1-662a-4e55-97f0-ad1f2a05d8b9 d04b9cb48fa8475b9a8d587ff2764c8b c6a9930c0ce448ae991b5f90e358a8ff - - default default] http://cinder-api.openstack.svc.cluster.local:8776/v3/c6a9930c0ce448ae991b5f90e358a8ff/os-quota-sets/c6a9930c0ce448ae991b5f90e358a8ff?usage=true returned with HTTP 200 [pid: 8|app: 0|req: 485/967] 10.0.0.157 () {28 vars in 736 bytes} [Tue Apr 7 01:25:58 2026] GET /v3/c6a9930c0ce448ae991b5f90e358a8ff/os-quota-sets/c6a9930c0ce448ae991b5f90e358a8ff?usage=true => generated 847 bytes in 26 msecs (HTTP/1.1 200) 7 headers in 285 bytes (1 switches on core 0)
2026-04-07 01:25:58.989 7 INFO cinder.api.openstack.wsgi [None req-c521f78a-7461-4e1d-b876-0e548866f9d5 d04b9cb48fa8475b9a8d587ff2764c8b c6a9930c0ce448ae991b5f90e358a8ff - - default default] GET http://cinder-api.openstack.svc.cluster.local:8776/v3/c6a9930c0ce448ae991b5f90e358a8ff/os-quota-sets/cc0776fd4f9047c08cfc27afa8757a00?usage=true
2026-04-07 01:25:59.013 7 INFO cinder.api.openstack.wsgi [None req-c521f78a-7461-4e1d-b876-0e548866f9d5 d04b9cb48fa8475b9a8d587ff2764c8b c6a9930c0ce448ae991b5f90e358a8ff - - default default] http://cinder-api.openstack.svc.cluster.local:8776/v3/c6a9930c0ce448ae991b5f90e358a8ff/os-quota-sets/cc0776fd4f9047c08cfc27afa8757a00?usage=true returned with HTTP 200 [pid: 7|app: 0|req: 483/968] 10.0.0.157 () {28 vars in 736 bytes} [Tue Apr 7 01:25:58 2026] GET /v3/c6a9930c0ce448ae991b5f90e358a8ff/os-quota-sets/cc0776fd4f9047c08cfc27afa8757a00?usage=true => generated 847 bytes in 34 msecs (HTTP/1.1 200) 7 headers in 285 bytes (1 switches on core 0)
2026-04-07 01:25:59.027 8 INFO cinder.api.openstack.wsgi [None req-b9ffd24d-dbd2-4638-8c1c-e15bd70bb7e9 d04b9cb48fa8475b9a8d587ff2764c8b c6a9930c0ce448ae991b5f90e358a8ff - - default default] GET http://cinder-api.openstack.svc.cluster.local:8776/v3/c6a9930c0ce448ae991b5f90e358a8ff/snapshots?all_tenants=true
2026-04-07 01:25:59.032 8 INFO cinder.volume.api [None req-b9ffd24d-dbd2-4638-8c1c-e15bd70bb7e9 d04b9cb48fa8475b9a8d587ff2764c8b c6a9930c0ce448ae991b5f90e358a8ff - - default default] Get all snapshots completed successfully.
2026-04-07 01:25:59.033 8 INFO cinder.api.openstack.wsgi [None req-b9ffd24d-dbd2-4638-8c1c-e15bd70bb7e9 d04b9cb48fa8475b9a8d587ff2764c8b c6a9930c0ce448ae991b5f90e358a8ff - - default default] http://cinder-api.openstack.svc.cluster.local:8776/v3/c6a9930c0ce448ae991b5f90e358a8ff/snapshots?all_tenants=true returned with HTTP 200 [pid: 8|app: 0|req: 486/969] 10.0.0.157 () {28 vars in 674 bytes} [Tue Apr 7 01:25:59 2026] GET /v3/c6a9930c0ce448ae991b5f90e358a8ff/snapshots?all_tenants=true => generated 17 bytes in 12 msecs (HTTP/1.1 200) 7 headers in 284 bytes (1 switches on core 0)
2026-04-07 01:25:59.044 7 INFO cinder.api.openstack.wsgi [None req-cd3a05a3-65bb-4b83-9d1e-122f3246ac23 d04b9cb48fa8475b9a8d587ff2764c8b c6a9930c0ce448ae991b5f90e358a8ff - - default default] GET http://cinder-api.openstack.svc.cluster.local:8776/v3/c6a9930c0ce448ae991b5f90e358a8ff/os-services
2026-04-07 01:25:59.049 7 INFO cinder.api.openstack.wsgi [None req-cd3a05a3-65bb-4b83-9d1e-122f3246ac23 d04b9cb48fa8475b9a8d587ff2764c8b c6a9930c0ce448ae991b5f90e358a8ff - - default default] http://cinder-api.openstack.svc.cluster.local:8776/v3/c6a9930c0ce448ae991b5f90e358a8ff/os-services returned with HTTP 200 [pid: 7|app: 0|req: 484/970] 10.0.0.157 () {28 vars in 645 bytes} [Tue Apr 7 01:25:59 2026] GET /v3/c6a9930c0ce448ae991b5f90e358a8ff/os-services => generated 646 bytes in 14 msecs (HTTP/1.1 200) 7 headers in 285 bytes (1 switches on core 0)
2026-04-07 01:25:59.063 8 INFO cinder.api.openstack.wsgi [None req-28dacd2b-c6b8-4ecf-84be-fd6f06b08bc0 d04b9cb48fa8475b9a8d587ff2764c8b c6a9930c0ce448ae991b5f90e358a8ff - - default default] GET http://cinder-api.openstack.svc.cluster.local:8776/v3/c6a9930c0ce448ae991b5f90e358a8ff/scheduler-stats/get_pools?detail=true
2026-04-07 01:25:59.566 8 INFO cinder.api.openstack.wsgi [None req-28dacd2b-c6b8-4ecf-84be-fd6f06b08bc0 d04b9cb48fa8475b9a8d587ff2764c8b c6a9930c0ce448ae991b5f90e358a8ff - - default default] http://cinder-api.openstack.svc.cluster.local:8776/v3/c6a9930c0ce448ae991b5f90e358a8ff/scheduler-stats/get_pools?detail=true returned with HTTP 200 [pid: 8|app: 0|req: 487/971] 10.0.0.157 () {28 vars in 696 bytes} [Tue Apr 7 01:25:59 2026] GET /v3/c6a9930c0ce448ae991b5f90e358a8ff/scheduler-stats/get_pools?detail=true => generated 671 bytes in 513 msecs (HTTP/1.1 200) 7 headers in 285 bytes (1 switches on core 0)
2026-04-07 01:26:08.478 8 INFO cinder.api.openstack.wsgi [None req-28dacd2b-c6b8-4ecf-84be-fd6f06b08bc0 d04b9cb48fa8475b9a8d587ff2764c8b c6a9930c0ce448ae991b5f90e358a8ff - - default default] GET http://10.0.0.86:8776/
2026-04-07 01:26:08.479 8 INFO cinder.api.openstack.wsgi [None req-28dacd2b-c6b8-4ecf-84be-fd6f06b08bc0 d04b9cb48fa8475b9a8d587ff2764c8b c6a9930c0ce448ae991b5f90e358a8ff - - default default] http://10.0.0.86:8776/ returned with HTTP 300
2026-04-07 01:26:08.479 7 INFO cinder.api.openstack.wsgi [None req-cd3a05a3-65bb-4b83-9d1e-122f3246ac23 d04b9cb48fa8475b9a8d587ff2764c8b c6a9930c0ce448ae991b5f90e358a8ff - - default default] GET http://10.0.0.86:8776/
2026-04-07 01:26:08.480 7 INFO cinder.api.openstack.wsgi [None req-cd3a05a3-65bb-4b83-9d1e-122f3246ac23 d04b9cb48fa8475b9a8d587ff2764c8b c6a9930c0ce448ae991b5f90e358a8ff - - default default] http://10.0.0.86:8776/ returned with HTTP 300
2026-04-07 01:26:18.478 7 INFO cinder.api.openstack.wsgi [None req-cd3a05a3-65bb-4b83-9d1e-122f3246ac23 d04b9cb48fa8475b9a8d587ff2764c8b c6a9930c0ce448ae991b5f90e358a8ff - - default default] GET http://10.0.0.86:8776/
2026-04-07 01:26:18.478 8 INFO cinder.api.openstack.wsgi [None req-28dacd2b-c6b8-4ecf-84be-fd6f06b08bc0 d04b9cb48fa8475b9a8d587ff2764c8b c6a9930c0ce448ae991b5f90e358a8ff - - default default] GET http://10.0.0.86:8776/
2026-04-07 01:26:18.479 7 INFO cinder.api.openstack.wsgi [None req-cd3a05a3-65bb-4b83-9d1e-122f3246ac23 d04b9cb48fa8475b9a8d587ff2764c8b c6a9930c0ce448ae991b5f90e358a8ff - - default default] http://10.0.0.86:8776/ returned with HTTP 300
2026-04-07 01:26:18.479 8 INFO cinder.api.openstack.wsgi [None req-28dacd2b-c6b8-4ecf-84be-fd6f06b08bc0 d04b9cb48fa8475b9a8d587ff2764c8b c6a9930c0ce448ae991b5f90e358a8ff - - default default] http://10.0.0.86:8776/ returned with HTTP 300
2026-04-07 01:26:28.478 7 INFO cinder.api.openstack.wsgi [None req-cd3a05a3-65bb-4b83-9d1e-122f3246ac23 d04b9cb48fa8475b9a8d587ff2764c8b c6a9930c0ce448ae991b5f90e358a8ff - - default default] GET http://10.0.0.86:8776/
2026-04-07 01:26:28.478 8 INFO cinder.api.openstack.wsgi [None req-28dacd2b-c6b8-4ecf-84be-fd6f06b08bc0 d04b9cb48fa8475b9a8d587ff2764c8b c6a9930c0ce448ae991b5f90e358a8ff - - default default] GET http://10.0.0.86:8776/
2026-04-07 01:26:28.478 7 INFO cinder.api.openstack.wsgi [None req-cd3a05a3-65bb-4b83-9d1e-122f3246ac23 d04b9cb48fa8475b9a8d587ff2764c8b c6a9930c0ce448ae991b5f90e358a8ff - - default default] http://10.0.0.86:8776/ returned with HTTP 300
2026-04-07 01:26:28.479 8 INFO cinder.api.openstack.wsgi [None req-28dacd2b-c6b8-4ecf-84be-fd6f06b08bc0 d04b9cb48fa8475b9a8d587ff2764c8b c6a9930c0ce448ae991b5f90e358a8ff - - default default] http://10.0.0.86:8776/ returned with HTTP 300
2026-04-07 01:26:38.478 7 INFO cinder.api.openstack.wsgi [None req-cd3a05a3-65bb-4b83-9d1e-122f3246ac23 d04b9cb48fa8475b9a8d587ff2764c8b c6a9930c0ce448ae991b5f90e358a8ff - - default default] GET http://10.0.0.86:8776/
2026-04-07 01:26:38.478 8 INFO cinder.api.openstack.wsgi [None req-28dacd2b-c6b8-4ecf-84be-fd6f06b08bc0 d04b9cb48fa8475b9a8d587ff2764c8b c6a9930c0ce448ae991b5f90e358a8ff - - default default] GET http://10.0.0.86:8776/
2026-04-07 01:26:38.479 7 INFO cinder.api.openstack.wsgi [None req-cd3a05a3-65bb-4b83-9d1e-122f3246ac23 d04b9cb48fa8475b9a8d587ff2764c8b c6a9930c0ce448ae991b5f90e358a8ff - - default default] http://10.0.0.86:8776/ returned with HTTP 300
2026-04-07 01:26:38.480 8 INFO cinder.api.openstack.wsgi [None req-28dacd2b-c6b8-4ecf-84be-fd6f06b08bc0 d04b9cb48fa8475b9a8d587ff2764c8b c6a9930c0ce448ae991b5f90e358a8ff - - default default] http://10.0.0.86:8776/ returned with HTTP 300
2026-04-07 01:26:38.789 7 INFO cinder.api.openstack.wsgi [req-fc110afd-bfc5-4b27-8ede-aa12a3af6840 req-f998dc78-a3c9-4b86-85a8-c5a15ff52fc3 d04b9cb48fa8475b9a8d587ff2764c8b c6a9930c0ce448ae991b5f90e358a8ff - - default default] DELETE http://cinder-api.openstack.svc.cluster.local:8776/v3/c6a9930c0ce448ae991b5f90e358a8ff/attachments/1d1d86cd-03f3-4b73-bba6-2c532d9a1950 /var/lib/openstack/lib/python3.12/site-packages/oslo_context/context.py:101: DeprecationWarning: Policy enforcement is depending on the value of is_admin. This key is deprecated. Please update your policy file to use the standard policy values. warnings.warn(
2026-04-07 01:26:39.340 7 INFO cinder.api.openstack.wsgi [req-fc110afd-bfc5-4b27-8ede-aa12a3af6840 req-f998dc78-a3c9-4b86-85a8-c5a15ff52fc3 d04b9cb48fa8475b9a8d587ff2764c8b c6a9930c0ce448ae991b5f90e358a8ff - - default default] http://cinder-api.openstack.svc.cluster.local:8776/v3/c6a9930c0ce448ae991b5f90e358a8ff/attachments/1d1d86cd-03f3-4b73-bba6-2c532d9a1950 returned with HTTP 200 [pid: 7|app: 0|req: 489/980] 199.204.45.57 () {38 vars in 1102 bytes} [Tue Apr 7 01:26:38 2026] DELETE /v3/c6a9930c0ce448ae991b5f90e358a8ff/attachments/1d1d86cd-03f3-4b73-bba6-2c532d9a1950 => generated 19 bytes in 558 msecs (HTTP/1.1 200) 7 headers in 285 bytes (1 switches on core 0)
2026-04-07 01:26:39.358 8 INFO cinder.api.openstack.wsgi [req-fc110afd-bfc5-4b27-8ede-aa12a3af6840 req-5807ce04-5ef9-414d-87a5-cf149aeee9eb d04b9cb48fa8475b9a8d587ff2764c8b c6a9930c0ce448ae991b5f90e358a8ff - - default default] DELETE http://cinder-api.openstack.svc.cluster.local:8776/v3/c6a9930c0ce448ae991b5f90e358a8ff/volumes/935f1e1a-3be7-4109-a8ef-a9cdd6fd8e89
2026-04-07 01:26:39.358 8 INFO cinder.api.v3.volumes [req-fc110afd-bfc5-4b27-8ede-aa12a3af6840 req-5807ce04-5ef9-414d-87a5-cf149aeee9eb d04b9cb48fa8475b9a8d587ff2764c8b c6a9930c0ce448ae991b5f90e358a8ff - - default default] Delete volume with id: 935f1e1a-3be7-4109-a8ef-a9cdd6fd8e89 /var/lib/openstack/lib/python3.12/site-packages/oslo_context/context.py:101: DeprecationWarning: Policy enforcement is depending on the value of is_admin. This key is deprecated. Please update your policy file to use the standard policy values. warnings.warn(
2026-04-07 01:26:39.368 8 INFO cinder.volume.api [req-fc110afd-bfc5-4b27-8ede-aa12a3af6840 req-5807ce04-5ef9-414d-87a5-cf149aeee9eb d04b9cb48fa8475b9a8d587ff2764c8b c6a9930c0ce448ae991b5f90e358a8ff - - default default] Volume info retrieved successfully.
2026-04-07 01:26:39.389 8 INFO cinder.volume.api [req-fc110afd-bfc5-4b27-8ede-aa12a3af6840 req-5807ce04-5ef9-414d-87a5-cf149aeee9eb d04b9cb48fa8475b9a8d587ff2764c8b c6a9930c0ce448ae991b5f90e358a8ff - - default default] Delete volume request issued successfully.
2026-04-07 01:26:39.390 8 INFO cinder.api.openstack.wsgi [req-fc110afd-bfc5-4b27-8ede-aa12a3af6840 req-5807ce04-5ef9-414d-87a5-cf149aeee9eb d04b9cb48fa8475b9a8d587ff2764c8b c6a9930c0ce448ae991b5f90e358a8ff - - default default] http://cinder-api.openstack.svc.cluster.local:8776/v3/c6a9930c0ce448ae991b5f90e358a8ff/volumes/935f1e1a-3be7-4109-a8ef-a9cdd6fd8e89 returned with HTTP 202 [pid: 8|app: 0|req: 492/981] 199.204.45.57 () {36 vars in 1053 bytes} [Tue Apr 7 01:26:39 2026] DELETE /v3/c6a9930c0ce448ae991b5f90e358a8ff/volumes/935f1e1a-3be7-4109-a8ef-a9cdd6fd8e89 => generated 0 bytes in 39 msecs (HTTP/1.1 202) 6 headers in 233 bytes (1 switches on core 0)
2026-04-07 01:26:48.478 7 INFO cinder.api.openstack.wsgi [req-fc110afd-bfc5-4b27-8ede-aa12a3af6840 req-f998dc78-a3c9-4b86-85a8-c5a15ff52fc3 d04b9cb48fa8475b9a8d587ff2764c8b c6a9930c0ce448ae991b5f90e358a8ff - - default default] GET http://10.0.0.86:8776/
2026-04-07 01:26:48.478 8 INFO cinder.api.openstack.wsgi [req-fc110afd-bfc5-4b27-8ede-aa12a3af6840 req-5807ce04-5ef9-414d-87a5-cf149aeee9eb d04b9cb48fa8475b9a8d587ff2764c8b c6a9930c0ce448ae991b5f90e358a8ff - - default default] GET http://10.0.0.86:8776/
2026-04-07 01:26:48.479 7 INFO cinder.api.openstack.wsgi [req-fc110afd-bfc5-4b27-8ede-aa12a3af6840 req-f998dc78-a3c9-4b86-85a8-c5a15ff52fc3 d04b9cb48fa8475b9a8d587ff2764c8b c6a9930c0ce448ae991b5f90e358a8ff - - default default] http://10.0.0.86:8776/ returned with HTTP 300
2026-04-07 01:26:48.479 8 INFO cinder.api.openstack.wsgi [req-fc110afd-bfc5-4b27-8ede-aa12a3af6840 req-5807ce04-5ef9-414d-87a5-cf149aeee9eb d04b9cb48fa8475b9a8d587ff2764c8b c6a9930c0ce448ae991b5f90e358a8ff - - default default] http://10.0.0.86:8776/ returned with HTTP 300 /var/lib/openstack/lib/python3.12/site-packages/pycadf/identifier.py:70: UserWarning: Invalid uuid: cinderv3. To ensure interoperability, identifiers should be a valid uuid. warnings.warn(('Invalid uuid: %s. To ensure interoperability, '
2026-04-07 01:26:58.468 7 INFO cinder.api.openstack.wsgi [None req-640f3c1e-d865-4a40-b2ad-3eaa552a86c7 d04b9cb48fa8475b9a8d587ff2764c8b c6a9930c0ce448ae991b5f90e358a8ff - - default default] GET http://cinder-api.openstack.svc.cluster.local:8776/v3/c6a9930c0ce448ae991b5f90e358a8ff/os-quota-sets/098b7638324e47c4a8cd705e2a18bd4a?usage=true /var/lib/openstack/lib/python3.12/site-packages/oslo_context/context.py:101: DeprecationWarning: Policy enforcement is depending on the value of is_admin. This key is deprecated. Please update your policy file to use the standard policy values. warnings.warn(
2026-04-07 01:26:58.477 8 INFO cinder.api.openstack.wsgi [req-fc110afd-bfc5-4b27-8ede-aa12a3af6840 req-5807ce04-5ef9-414d-87a5-cf149aeee9eb d04b9cb48fa8475b9a8d587ff2764c8b c6a9930c0ce448ae991b5f90e358a8ff - - default default] GET http://10.0.0.86:8776/
2026-04-07 01:26:58.478 8 INFO cinder.api.openstack.wsgi [req-fc110afd-bfc5-4b27-8ede-aa12a3af6840 req-5807ce04-5ef9-414d-87a5-cf149aeee9eb d04b9cb48fa8475b9a8d587ff2764c8b c6a9930c0ce448ae991b5f90e358a8ff - - default default] http://10.0.0.86:8776/ returned with HTTP 300
2026-04-07 01:26:58.479 8 INFO cinder.api.openstack.wsgi [req-fc110afd-bfc5-4b27-8ede-aa12a3af6840 req-5807ce04-5ef9-414d-87a5-cf149aeee9eb d04b9cb48fa8475b9a8d587ff2764c8b c6a9930c0ce448ae991b5f90e358a8ff - - default default] GET http://10.0.0.86:8776/
2026-04-07 01:26:58.480 8 INFO cinder.api.openstack.wsgi [req-fc110afd-bfc5-4b27-8ede-aa12a3af6840 req-5807ce04-5ef9-414d-87a5-cf149aeee9eb d04b9cb48fa8475b9a8d587ff2764c8b c6a9930c0ce448ae991b5f90e358a8ff - - default default] http://10.0.0.86:8776/ returned with HTTP 300
2026-04-07 01:26:58.491 7 INFO cinder.api.openstack.wsgi [None req-640f3c1e-d865-4a40-b2ad-3eaa552a86c7 d04b9cb48fa8475b9a8d587ff2764c8b c6a9930c0ce448ae991b5f90e358a8ff - - default default] http://cinder-api.openstack.svc.cluster.local:8776/v3/c6a9930c0ce448ae991b5f90e358a8ff/os-quota-sets/098b7638324e47c4a8cd705e2a18bd4a?usage=true returned with HTTP 200 [pid: 7|app: 0|req: 491/986] 10.0.0.157 () {28 vars in 736 bytes} [Tue Apr 7 01:26:58 2026] GET /v3/c6a9930c0ce448ae991b5f90e358a8ff/os-quota-sets/098b7638324e47c4a8cd705e2a18bd4a?usage=true => generated 847 bytes in 58 msecs (HTTP/1.1 200) 7 headers in 285 bytes (1 switches on core 0) /var/lib/openstack/lib/python3.12/site-packages/pycadf/identifier.py:70: UserWarning: Invalid uuid: cinderv3. To ensure interoperability, identifiers should be a valid uuid. warnings.warn(('Invalid uuid: %s. To ensure interoperability, '
2026-04-07 01:26:58.504 8 INFO cinder.api.openstack.wsgi [None req-1338ccc3-55c5-468f-b415-392fe883302e d04b9cb48fa8475b9a8d587ff2764c8b c6a9930c0ce448ae991b5f90e358a8ff - - default default] GET http://cinder-api.openstack.svc.cluster.local:8776/v3/c6a9930c0ce448ae991b5f90e358a8ff/os-quota-sets/2fc7ba3d30b94d40a78f23ec53d60f0d?usage=true
2026-04-07 01:26:58.524 8 INFO cinder.api.openstack.wsgi [None req-1338ccc3-55c5-468f-b415-392fe883302e d04b9cb48fa8475b9a8d587ff2764c8b c6a9930c0ce448ae991b5f90e358a8ff - - default default] http://cinder-api.openstack.svc.cluster.local:8776/v3/c6a9930c0ce448ae991b5f90e358a8ff/os-quota-sets/2fc7ba3d30b94d40a78f23ec53d60f0d?usage=true returned with HTTP 200 [pid: 8|app: 0|req: 496/987] 10.0.0.157 () {28 vars in 736 bytes} [Tue Apr 7 01:26:58 2026] GET /v3/c6a9930c0ce448ae991b5f90e358a8ff/os-quota-sets/2fc7ba3d30b94d40a78f23ec53d60f0d?usage=true => generated 847 bytes in 28 msecs (HTTP/1.1 200) 7 headers in 285 bytes (1 switches on core 0)
2026-04-07 01:26:58.535 7 INFO cinder.api.openstack.wsgi [None req-1d29f89a-f64d-4dbb-9958-d1bd10d4b62e d04b9cb48fa8475b9a8d587ff2764c8b c6a9930c0ce448ae991b5f90e358a8ff - - default default] GET http://cinder-api.openstack.svc.cluster.local:8776/v3/c6a9930c0ce448ae991b5f90e358a8ff/os-quota-sets/3d9497f0081943bab5fd49a64b93fb4a?usage=true
2026-04-07 01:26:58.556 7 INFO cinder.api.openstack.wsgi [None req-1d29f89a-f64d-4dbb-9958-d1bd10d4b62e d04b9cb48fa8475b9a8d587ff2764c8b c6a9930c0ce448ae991b5f90e358a8ff - - default default] http://cinder-api.openstack.svc.cluster.local:8776/v3/c6a9930c0ce448ae991b5f90e358a8ff/os-quota-sets/3d9497f0081943bab5fd49a64b93fb4a?usage=true returned with HTTP 200 [pid: 7|app: 0|req: 492/988] 10.0.0.157 () {28 vars in 736 bytes} [Tue Apr 7 01:26:58 2026] GET /v3/c6a9930c0ce448ae991b5f90e358a8ff/os-quota-sets/3d9497f0081943bab5fd49a64b93fb4a?usage=true => generated 847 bytes in 28 msecs (HTTP/1.1 200) 7 headers in 285 bytes (1 switches on core 0)
2026-04-07 01:26:58.565 8 INFO cinder.api.openstack.wsgi [None req-43afc81e-eeea-4bd7-ae3b-868fcabde7a2 d04b9cb48fa8475b9a8d587ff2764c8b c6a9930c0ce448ae991b5f90e358a8ff - - default default] GET http://cinder-api.openstack.svc.cluster.local:8776/v3/c6a9930c0ce448ae991b5f90e358a8ff/os-quota-sets/589cb8a69efb489e917d30ffe532f5a7?usage=true
2026-04-07 01:26:58.585 8 INFO cinder.api.openstack.wsgi [None req-43afc81e-eeea-4bd7-ae3b-868fcabde7a2 d04b9cb48fa8475b9a8d587ff2764c8b c6a9930c0ce448ae991b5f90e358a8ff - - default default] http://cinder-api.openstack.svc.cluster.local:8776/v3/c6a9930c0ce448ae991b5f90e358a8ff/os-quota-sets/589cb8a69efb489e917d30ffe532f5a7?usage=true returned with HTTP 200 [pid: 8|app: 0|req: 497/989] 10.0.0.157 () {28 vars in 736 bytes} [Tue Apr 7 01:26:58 2026] GET /v3/c6a9930c0ce448ae991b5f90e358a8ff/os-quota-sets/589cb8a69efb489e917d30ffe532f5a7?usage=true => generated 845 bytes in 26 msecs (HTTP/1.1 200) 7 headers in 285 bytes (1 switches on core 0)
2026-04-07 01:26:58.596 7 INFO cinder.api.openstack.wsgi [None req-37a3c06a-ebce-41f8-8d90-a56e01297c88 d04b9cb48fa8475b9a8d587ff2764c8b c6a9930c0ce448ae991b5f90e358a8ff - - default default] GET http://cinder-api.openstack.svc.cluster.local:8776/v3/c6a9930c0ce448ae991b5f90e358a8ff/os-quota-sets/711e420255724c48b6a52c7b9660c4ce?usage=true
2026-04-07 01:26:58.613 7 INFO cinder.api.openstack.wsgi [None req-37a3c06a-ebce-41f8-8d90-a56e01297c88 d04b9cb48fa8475b9a8d587ff2764c8b c6a9930c0ce448ae991b5f90e358a8ff - - default default] http://cinder-api.openstack.svc.cluster.local:8776/v3/c6a9930c0ce448ae991b5f90e358a8ff/os-quota-sets/711e420255724c48b6a52c7b9660c4ce?usage=true returned with HTTP 200 [pid: 7|app: 0|req: 493/990] 10.0.0.157 () {28 vars in 736 bytes} [Tue Apr 7 01:26:58 2026] GET /v3/c6a9930c0ce448ae991b5f90e358a8ff/os-quota-sets/711e420255724c48b6a52c7b9660c4ce?usage=true => generated 847 bytes in 24 msecs (HTTP/1.1 200) 7 headers in 285 bytes (1 switches on core 0)
2026-04-07 01:26:58.623 8 INFO cinder.api.openstack.wsgi [None req-587e6f09-7dcc-4272-9ba8-0e1749df295a d04b9cb48fa8475b9a8d587ff2764c8b c6a9930c0ce448ae991b5f90e358a8ff - - default default] GET http://cinder-api.openstack.svc.cluster.local:8776/v3/c6a9930c0ce448ae991b5f90e358a8ff/os-quota-sets/88032128a98046aa8198708eecd55128?usage=true
2026-04-07 01:26:58.644 8 INFO cinder.api.openstack.wsgi [None req-587e6f09-7dcc-4272-9ba8-0e1749df295a d04b9cb48fa8475b9a8d587ff2764c8b c6a9930c0ce448ae991b5f90e358a8ff - - default default] http://cinder-api.openstack.svc.cluster.local:8776/v3/c6a9930c0ce448ae991b5f90e358a8ff/os-quota-sets/88032128a98046aa8198708eecd55128?usage=true returned with HTTP 200 [pid: 8|app: 0|req: 498/991] 10.0.0.157 () {28 vars in 736 bytes} [Tue Apr 7 01:26:58 2026] GET /v3/c6a9930c0ce448ae991b5f90e358a8ff/os-quota-sets/88032128a98046aa8198708eecd55128?usage=true => generated 847 bytes in 28 msecs (HTTP/1.1 200) 7 headers in 285 bytes (1 switches on core 0)
2026-04-07 01:26:58.655 7 INFO cinder.api.openstack.wsgi [None req-7d9d0f9f-f1ef-4568-b5f6-53638ff57777 d04b9cb48fa8475b9a8d587ff2764c8b c6a9930c0ce448ae991b5f90e358a8ff - - default default] GET http://cinder-api.openstack.svc.cluster.local:8776/v3/c6a9930c0ce448ae991b5f90e358a8ff/os-quota-sets/88c22f219f8a4eaabb441ef637b148d6?usage=true
2026-04-07 01:26:58.672 7 INFO cinder.api.openstack.wsgi [None req-7d9d0f9f-f1ef-4568-b5f6-53638ff57777 d04b9cb48fa8475b9a8d587ff2764c8b c6a9930c0ce448ae991b5f90e358a8ff - - default default] http://cinder-api.openstack.svc.cluster.local:8776/v3/c6a9930c0ce448ae991b5f90e358a8ff/os-quota-sets/88c22f219f8a4eaabb441ef637b148d6?usage=true returned with HTTP 200 [pid: 7|app: 0|req: 494/992] 10.0.0.157 () {28 vars in 736 bytes} [Tue Apr 7 01:26:58 2026] GET /v3/c6a9930c0ce448ae991b5f90e358a8ff/os-quota-sets/88c22f219f8a4eaabb441ef637b148d6?usage=true => generated 847 bytes in 24 msecs (HTTP/1.1 200) 7 headers in 285 bytes (1 switches on core 0)
2026-04-07 01:26:58.682 8 INFO cinder.api.openstack.wsgi [None req-28494866-ebee-4be9-b4a4-b0e44f3a2c12 d04b9cb48fa8475b9a8d587ff2764c8b c6a9930c0ce448ae991b5f90e358a8ff - - default default] GET http://cinder-api.openstack.svc.cluster.local:8776/v3/c6a9930c0ce448ae991b5f90e358a8ff/os-quota-sets/8ddf157fb0c94b37b902d158e1a3b82f?usage=true
2026-04-07 01:26:58.705 8 INFO cinder.api.openstack.wsgi [None req-28494866-ebee-4be9-b4a4-b0e44f3a2c12 d04b9cb48fa8475b9a8d587ff2764c8b c6a9930c0ce448ae991b5f90e358a8ff - - default default] http://cinder-api.openstack.svc.cluster.local:8776/v3/c6a9930c0ce448ae991b5f90e358a8ff/os-quota-sets/8ddf157fb0c94b37b902d158e1a3b82f?usage=true returned with HTTP 200 [pid: 8|app: 0|req: 499/993] 10.0.0.157 () {28 vars in 736 bytes} [Tue Apr 7 01:26:58 2026] GET /v3/c6a9930c0ce448ae991b5f90e358a8ff/os-quota-sets/8ddf157fb0c94b37b902d158e1a3b82f?usage=true => generated 847 bytes in 30 msecs (HTTP/1.1 200) 7 headers in 285 bytes (1 switches on core 0)
2026-04-07 01:26:58.714 7 INFO cinder.api.openstack.wsgi [None req-4dab7cf2-ef8c-45aa-8b88-539a16cb2be0 d04b9cb48fa8475b9a8d587ff2764c8b c6a9930c0ce448ae991b5f90e358a8ff - - default default] GET http://cinder-api.openstack.svc.cluster.local:8776/v3/c6a9930c0ce448ae991b5f90e358a8ff/os-quota-sets/b79c9c2c052f4dd8bde8484e62646b0f?usage=true
2026-04-07 01:26:58.735 7 INFO cinder.api.openstack.wsgi [None req-4dab7cf2-ef8c-45aa-8b88-539a16cb2be0 d04b9cb48fa8475b9a8d587ff2764c8b c6a9930c0ce448ae991b5f90e358a8ff - - default default] http://cinder-api.openstack.svc.cluster.local:8776/v3/c6a9930c0ce448ae991b5f90e358a8ff/os-quota-sets/b79c9c2c052f4dd8bde8484e62646b0f?usage=true returned with HTTP 200 [pid: 7|app: 0|req: 495/994] 10.0.0.157 () {28 vars in 736 bytes} [Tue Apr 7 01:26:58 2026] GET /v3/c6a9930c0ce448ae991b5f90e358a8ff/os-quota-sets/b79c9c2c052f4dd8bde8484e62646b0f?usage=true => generated 847 bytes in 27 msecs (HTTP/1.1 200) 7 headers in 285 bytes (1 switches on core 0)
2026-04-07 01:26:58.750 8 INFO cinder.api.openstack.wsgi [None req-68307e16-dda5-4c57-9670-2cd947df29f3 d04b9cb48fa8475b9a8d587ff2764c8b c6a9930c0ce448ae991b5f90e358a8ff - - default default] GET http://cinder-api.openstack.svc.cluster.local:8776/v3/c6a9930c0ce448ae991b5f90e358a8ff/os-quota-sets/c6a9930c0ce448ae991b5f90e358a8ff?usage=true
2026-04-07 01:26:58.773 8 INFO cinder.api.openstack.wsgi [None req-68307e16-dda5-4c57-9670-2cd947df29f3 d04b9cb48fa8475b9a8d587ff2764c8b c6a9930c0ce448ae991b5f90e358a8ff - - default default] http://cinder-api.openstack.svc.cluster.local:8776/v3/c6a9930c0ce448ae991b5f90e358a8ff/os-quota-sets/c6a9930c0ce448ae991b5f90e358a8ff?usage=true returned with HTTP 200 [pid: 8|app: 0|req: 500/995] 10.0.0.157 () {28 vars in 736 bytes} [Tue Apr 7 01:26:58 2026] GET /v3/c6a9930c0ce448ae991b5f90e358a8ff/os-quota-sets/c6a9930c0ce448ae991b5f90e358a8ff?usage=true => generated 845 bytes in 35 msecs (HTTP/1.1 200) 7 headers in 285 bytes (1 switches on core 0)
2026-04-07 01:26:58.784 7 INFO cinder.api.openstack.wsgi [None req-4b7df87c-51ff-4c91-8aaf-f3ed85da4a06 d04b9cb48fa8475b9a8d587ff2764c8b c6a9930c0ce448ae991b5f90e358a8ff - - default default] GET http://cinder-api.openstack.svc.cluster.local:8776/v3/c6a9930c0ce448ae991b5f90e358a8ff/os-quota-sets/cc0776fd4f9047c08cfc27afa8757a00?usage=true
2026-04-07 01:26:58.807 7 INFO cinder.api.openstack.wsgi [None req-4b7df87c-51ff-4c91-8aaf-f3ed85da4a06 d04b9cb48fa8475b9a8d587ff2764c8b c6a9930c0ce448ae991b5f90e358a8ff - - default default] http://cinder-api.openstack.svc.cluster.local:8776/v3/c6a9930c0ce448ae991b5f90e358a8ff/os-quota-sets/cc0776fd4f9047c08cfc27afa8757a00?usage=true returned with HTTP 200 [pid: 7|app: 0|req: 496/996] 10.0.0.157 () {28 vars in 736 bytes} [Tue Apr 7 01:26:58 2026] GET /v3/c6a9930c0ce448ae991b5f90e358a8ff/os-quota-sets/cc0776fd4f9047c08cfc27afa8757a00?usage=true => generated 847 bytes in 30 msecs (HTTP/1.1 200) 7 headers in 285 bytes (1 switches on core 0)
2026-04-07 01:26:58.818 8 INFO cinder.api.openstack.wsgi [None req-67a40cf4-b8ba-4ed2-8600-13509dcb015f d04b9cb48fa8475b9a8d587ff2764c8b c6a9930c0ce448ae991b5f90e358a8ff - - default default] GET http://cinder-api.openstack.svc.cluster.local:8776/v3/c6a9930c0ce448ae991b5f90e358a8ff/snapshots?all_tenants=true
2026-04-07 01:26:58.823 8 INFO cinder.volume.api [None req-67a40cf4-b8ba-4ed2-8600-13509dcb015f d04b9cb48fa8475b9a8d587ff2764c8b c6a9930c0ce448ae991b5f90e358a8ff - - default default] Get all snapshots completed successfully.
2026-04-07 01:26:58.824 8 INFO cinder.api.openstack.wsgi [None req-67a40cf4-b8ba-4ed2-8600-13509dcb015f d04b9cb48fa8475b9a8d587ff2764c8b c6a9930c0ce448ae991b5f90e358a8ff - - default default] http://cinder-api.openstack.svc.cluster.local:8776/v3/c6a9930c0ce448ae991b5f90e358a8ff/snapshots?all_tenants=true returned with HTTP 200 [pid: 8|app: 0|req: 501/997] 10.0.0.157 () {28 vars in 674 bytes} [Tue Apr 7 01:26:58 2026] GET /v3/c6a9930c0ce448ae991b5f90e358a8ff/snapshots?all_tenants=true => generated 17 bytes in 13 msecs (HTTP/1.1 200) 7 headers in 284 bytes (1 switches on core 0)
2026-04-07 01:26:58.834 7 INFO cinder.api.openstack.wsgi [None req-142ce37a-3ea6-4f49-a8ac-4c1cbbfe5862 d04b9cb48fa8475b9a8d587ff2764c8b c6a9930c0ce448ae991b5f90e358a8ff - - default default] GET http://cinder-api.openstack.svc.cluster.local:8776/v3/c6a9930c0ce448ae991b5f90e358a8ff/volumes/detail?all_tenants=true
2026-04-07 01:26:58.845 7 INFO cinder.volume.api [None req-142ce37a-3ea6-4f49-a8ac-4c1cbbfe5862 d04b9cb48fa8475b9a8d587ff2764c8b c6a9930c0ce448ae991b5f90e358a8ff - - default default] Get all volumes completed successfully.
2026-04-07 01:26:58.848 7 INFO cinder.api.openstack.wsgi [None req-142ce37a-3ea6-4f49-a8ac-4c1cbbfe5862 d04b9cb48fa8475b9a8d587ff2764c8b c6a9930c0ce448ae991b5f90e358a8ff - - default default] http://cinder-api.openstack.svc.cluster.local:8776/v3/c6a9930c0ce448ae991b5f90e358a8ff/volumes/detail?all_tenants=true returned with HTTP 200 [pid: 7|app: 0|req: 497/998] 10.0.0.157 () {28 vars in 684 bytes} [Tue Apr 7 01:26:58 2026] GET /v3/c6a9930c0ce448ae991b5f90e358a8ff/volumes/detail?all_tenants=true => generated 15 bytes in 19 msecs (HTTP/1.1 200) 7 headers in 284 bytes (1 switches on core 0)
2026-04-07 01:26:58.856 8 INFO cinder.api.openstack.wsgi [None req-ed08f0ee-34c1-42bc-88f1-31de7b464f93 d04b9cb48fa8475b9a8d587ff2764c8b c6a9930c0ce448ae991b5f90e358a8ff - - default default] GET http://cinder-api.openstack.svc.cluster.local:8776/v3/c6a9930c0ce448ae991b5f90e358a8ff/scheduler-stats/get_pools?detail=true
2026-04-07 01:26:59.360 8 INFO cinder.api.openstack.wsgi [None req-ed08f0ee-34c1-42bc-88f1-31de7b464f93 d04b9cb48fa8475b9a8d587ff2764c8b c6a9930c0ce448ae991b5f90e358a8ff - - default default] http://cinder-api.openstack.svc.cluster.local:8776/v3/c6a9930c0ce448ae991b5f90e358a8ff/scheduler-stats/get_pools?detail=true returned with HTTP 200 [pid: 8|app: 0|req: 502/999] 10.0.0.157 () {28 vars in 696 bytes} [Tue Apr 7 01:26:58 2026] GET /v3/c6a9930c0ce448ae991b5f90e358a8ff/scheduler-stats/get_pools?detail=true => generated 670 bytes in 510 msecs (HTTP/1.1 200) 7 headers in 285 bytes (1 switches on core 0)
2026-04-07 01:26:59.372 7 INFO cinder.api.openstack.wsgi [None req-6b7e54eb-fe71-463e-9943-a9d20f009917 d04b9cb48fa8475b9a8d587ff2764c8b c6a9930c0ce448ae991b5f90e358a8ff - - default default] GET http://cinder-api.openstack.svc.cluster.local:8776/v3/c6a9930c0ce448ae991b5f90e358a8ff/volumes/detail?all_tenants=true
2026-04-07 01:26:59.384 7 INFO cinder.volume.api [None req-6b7e54eb-fe71-463e-9943-a9d20f009917 d04b9cb48fa8475b9a8d587ff2764c8b c6a9930c0ce448ae991b5f90e358a8ff - - default default] Get all volumes completed successfully.
2026-04-07 01:26:59.387 7 INFO cinder.api.openstack.wsgi [None req-6b7e54eb-fe71-463e-9943-a9d20f009917 d04b9cb48fa8475b9a8d587ff2764c8b c6a9930c0ce448ae991b5f90e358a8ff - - default default] http://cinder-api.openstack.svc.cluster.local:8776/v3/c6a9930c0ce448ae991b5f90e358a8ff/volumes/detail?all_tenants=true returned with HTTP 200 [pid: 7|app: 0|req: 498/1000] 10.0.0.157 () {28 vars in 684 bytes} [Tue Apr 7 01:26:59 2026] GET /v3/c6a9930c0ce448ae991b5f90e358a8ff/volumes/detail?all_tenants=true => generated 15 bytes in 20 msecs (HTTP/1.1 200) 7 headers in 284 bytes (1 switches on core 0)
2026-04-07 01:26:59.400 8 INFO cinder.api.openstack.wsgi [None req-9a0901a7-e003-40aa-8da3-44c210e3d200 d04b9cb48fa8475b9a8d587ff2764c8b c6a9930c0ce448ae991b5f90e358a8ff - - default default] GET http://cinder-api.openstack.svc.cluster.local:8776/v3/c6a9930c0ce448ae991b5f90e358a8ff/os-services
2026-04-07 01:26:59.408 8 INFO cinder.api.openstack.wsgi [None req-9a0901a7-e003-40aa-8da3-44c210e3d200 d04b9cb48fa8475b9a8d587ff2764c8b c6a9930c0ce448ae991b5f90e358a8ff - - default default] http://cinder-api.openstack.svc.cluster.local:8776/v3/c6a9930c0ce448ae991b5f90e358a8ff/os-services returned with HTTP 200 [pid: 8|app: 0|req: 503/1001] 10.0.0.157 () {28 vars in 645 bytes} [Tue Apr 7 01:26:59 2026] GET /v3/c6a9930c0ce448ae991b5f90e358a8ff/os-services => generated 646 bytes in 17 msecs (HTTP/1.1 200) 7 headers in 285 bytes (1 switches on core 0)
2026-04-07 01:27:08.489 7 INFO cinder.api.openstack.wsgi [None req-6b7e54eb-fe71-463e-9943-a9d20f009917 d04b9cb48fa8475b9a8d587ff2764c8b c6a9930c0ce448ae991b5f90e358a8ff - - default default] GET http://10.0.0.86:8776/
2026-04-07 01:27:08.490 7 INFO cinder.api.openstack.wsgi [None req-6b7e54eb-fe71-463e-9943-a9d20f009917 d04b9cb48fa8475b9a8d587ff2764c8b c6a9930c0ce448ae991b5f90e358a8ff - - default default] http://10.0.0.86:8776/ returned with HTTP 300
2026-04-07 01:27:08.491 8 INFO cinder.api.openstack.wsgi [None req-9a0901a7-e003-40aa-8da3-44c210e3d200 d04b9cb48fa8475b9a8d587ff2764c8b c6a9930c0ce448ae991b5f90e358a8ff - - default default] GET http://10.0.0.86:8776/
2026-04-07 01:27:08.492 8 INFO cinder.api.openstack.wsgi [None req-9a0901a7-e003-40aa-8da3-44c210e3d200 d04b9cb48fa8475b9a8d587ff2764c8b c6a9930c0ce448ae991b5f90e358a8ff - - default default] http://10.0.0.86:8776/ returned with HTTP 300
2026-04-07 01:27:18.478 7 INFO cinder.api.openstack.wsgi [None req-6b7e54eb-fe71-463e-9943-a9d20f009917 d04b9cb48fa8475b9a8d587ff2764c8b c6a9930c0ce448ae991b5f90e358a8ff - - default default] GET http://10.0.0.86:8776/
2026-04-07 01:27:18.478 8 INFO cinder.api.openstack.wsgi [None req-9a0901a7-e003-40aa-8da3-44c210e3d200 d04b9cb48fa8475b9a8d587ff2764c8b c6a9930c0ce448ae991b5f90e358a8ff - - default default] GET http://10.0.0.86:8776/
2026-04-07 01:27:18.479 8 INFO cinder.api.openstack.wsgi [None req-9a0901a7-e003-40aa-8da3-44c210e3d200 d04b9cb48fa8475b9a8d587ff2764c8b c6a9930c0ce448ae991b5f90e358a8ff - - default default] http://10.0.0.86:8776/ returned with HTTP 300
2026-04-07 01:27:18.480 7 INFO cinder.api.openstack.wsgi [None req-6b7e54eb-fe71-463e-9943-a9d20f009917 d04b9cb48fa8475b9a8d587ff2764c8b c6a9930c0ce448ae991b5f90e358a8ff - - default default] http://10.0.0.86:8776/ returned with HTTP 300
2026-04-07 01:27:28.478 8 INFO cinder.api.openstack.wsgi [None req-9a0901a7-e003-40aa-8da3-44c210e3d200 d04b9cb48fa8475b9a8d587ff2764c8b c6a9930c0ce448ae991b5f90e358a8ff - - default default] GET http://10.0.0.86:8776/
2026-04-07 01:27:28.478 7 INFO cinder.api.openstack.wsgi [None req-6b7e54eb-fe71-463e-9943-a9d20f009917 d04b9cb48fa8475b9a8d587ff2764c8b c6a9930c0ce448ae991b5f90e358a8ff - - default default] GET http://10.0.0.86:8776/
2026-04-07 01:27:28.479 8 INFO cinder.api.openstack.wsgi [None req-9a0901a7-e003-40aa-8da3-44c210e3d200 d04b9cb48fa8475b9a8d587ff2764c8b c6a9930c0ce448ae991b5f90e358a8ff - - default default] http://10.0.0.86:8776/ returned with HTTP 300
2026-04-07 01:27:28.479 7 INFO cinder.api.openstack.wsgi [None req-6b7e54eb-fe71-463e-9943-a9d20f009917 d04b9cb48fa8475b9a8d587ff2764c8b c6a9930c0ce448ae991b5f90e358a8ff - - default default] http://10.0.0.86:8776/ returned with HTTP 300
2026-04-07 01:27:38.478 8 INFO cinder.api.openstack.wsgi [None req-9a0901a7-e003-40aa-8da3-44c210e3d200 d04b9cb48fa8475b9a8d587ff2764c8b c6a9930c0ce448ae991b5f90e358a8ff - - default default] GET http://10.0.0.86:8776/
2026-04-07 01:27:38.478 7 INFO cinder.api.openstack.wsgi [None req-6b7e54eb-fe71-463e-9943-a9d20f009917 d04b9cb48fa8475b9a8d587ff2764c8b c6a9930c0ce448ae991b5f90e358a8ff - - default default] GET http://10.0.0.86:8776/
2026-04-07 01:27:38.480 7 INFO cinder.api.openstack.wsgi [None req-6b7e54eb-fe71-463e-9943-a9d20f009917 d04b9cb48fa8475b9a8d587ff2764c8b c6a9930c0ce448ae991b5f90e358a8ff - - default default] http://10.0.0.86:8776/ returned with HTTP 300
2026-04-07 01:27:38.480 8 INFO cinder.api.openstack.wsgi [None req-9a0901a7-e003-40aa-8da3-44c210e3d200 d04b9cb48fa8475b9a8d587ff2764c8b c6a9930c0ce448ae991b5f90e358a8ff - - default default] http://10.0.0.86:8776/ returned with HTTP 300
2026-04-07 01:27:45.880 7 INFO cinder.api.openstack.wsgi [None req-1075d22b-c4b9-4afa-b5dc-5f92cb825143 d04b9cb48fa8475b9a8d587ff2764c8b c6a9930c0ce448ae991b5f90e358a8ff - - default default] GET http://cinder-api.openstack.svc.cluster.local:8776/v3/c6a9930c0ce448ae991b5f90e358a8ff/snapshots
2026-04-07 01:27:45.885 7 INFO cinder.volume.api [None req-1075d22b-c4b9-4afa-b5dc-5f92cb825143 d04b9cb48fa8475b9a8d587ff2764c8b c6a9930c0ce448ae991b5f90e358a8ff - - default default] Get all snapshots completed successfully.
2026-04-07 01:27:45.885 7 INFO cinder.api.openstack.wsgi [None req-1075d22b-c4b9-4afa-b5dc-5f92cb825143 d04b9cb48fa8475b9a8d587ff2764c8b c6a9930c0ce448ae991b5f90e358a8ff - - default default] http://cinder-api.openstack.svc.cluster.local:8776/v3/c6a9930c0ce448ae991b5f90e358a8ff/snapshots returned with HTTP 200 [pid: 7|app: 0|req: 503/1010] 10.0.0.184 () {32 vars in 705 bytes} [Tue Apr 7 01:27:45 2026] GET /v3/c6a9930c0ce448ae991b5f90e358a8ff/snapshots => generated 17 bytes in 13 msecs (HTTP/1.1 200) 7 headers in 284 bytes (1 switches on core 0)
2026-04-07 01:27:45.905 8 INFO cinder.api.openstack.wsgi [None req-5c95f1a3-c63e-401c-9a7a-ace3cc30e761 d04b9cb48fa8475b9a8d587ff2764c8b c6a9930c0ce448ae991b5f90e358a8ff - - default default] GET http://cinder-api.openstack.svc.cluster.local:8776/v3/c6a9930c0ce448ae991b5f90e358a8ff/volumes
2026-04-07 01:27:45.920 8 INFO cinder.volume.api [None req-5c95f1a3-c63e-401c-9a7a-ace3cc30e761 d04b9cb48fa8475b9a8d587ff2764c8b c6a9930c0ce448ae991b5f90e358a8ff - - default default] Get all volumes completed successfully.
2026-04-07 01:27:45.920 8 INFO cinder.api.openstack.wsgi [None req-5c95f1a3-c63e-401c-9a7a-ace3cc30e761 d04b9cb48fa8475b9a8d587ff2764c8b c6a9930c0ce448ae991b5f90e358a8ff - - default default] http://cinder-api.openstack.svc.cluster.local:8776/v3/c6a9930c0ce448ae991b5f90e358a8ff/volumes returned with HTTP 200 [pid: 8|app: 0|req: 508/1011] 10.0.0.184 () {32 vars in 701 bytes} [Tue Apr 7 01:27:45 2026] GET /v3/c6a9930c0ce448ae991b5f90e358a8ff/volumes => generated 15 bytes in 24 msecs (HTTP/1.1 200) 7 headers in 284 bytes (1 switches on core 0)
