Apr 02 19:06:46.684182 np0000163141 devstack@neutron-api.service[102238]: DEBUG neutron.common.ovn.hash_ring_manager [None req-a6e57ef0-62af-4d9f-bf0c-8c513ff2215f None None] Hash Ring loaded. 4 active nodes. 0 offline nodes {{(pid=102238) _load_hash_ring /opt/stack/neutron/neutron/common/ovn/hash_ring_manager.py:102}}
Apr 02 19:06:46.684392 np0000163141 devstack@neutron-api.service[102238]: DEBUG neutron.plugins.ml2.drivers.ovn.mech_driver.ovsdb.ovsdb_monitor [None req-a6e57ef0-62af-4d9f-bf0c-8c513ff2215f None None] ChassisOVNAgentWriteEvent : Matched Chassis_Private, create, None None {{(pid=102238) matches /opt/stack/neutron/neutron/plugins/ml2/drivers/ovn/mech_driver/ovsdb/ovsdb_monitor.py:64}}
Apr 02 19:06:46.684500 np0000163141 devstack@neutron-api.service[102238]: DEBUG neutron.plugins.ml2.drivers.ovn.mech_driver.ovsdb.ovsdb_monitor [None req-a6e57ef0-62af-4d9f-bf0c-8c513ff2215f None None] ChassisAgentWriteEvent : Matched Chassis_Private, create, None None {{(pid=102238) matches /opt/stack/neutron/neutron/plugins/ml2/drivers/ovn/mech_driver/ovsdb/ovsdb_monitor.py:64}}
Apr 02 19:06:46.684820 np0000163141 devstack@neutron-api.service[102238]: DEBUG neutron.plugins.ml2.drivers.ovn.mech_driver.ovsdb.ovsdb_monitor [None req-a6e57ef0-62af-4d9f-bf0c-8c513ff2215f None None] Hash Ring: Node 744dd8d174725ce1a485088ed95061e8 (host: np0000163141) handling event "create" for row 8c96e92f-8b07-4260-a425-a8170df6b89e (table: Encap) {{(pid=102238) notify /opt/stack/neutron/neutron/plugins/ml2/drivers/ovn/mech_driver/ovsdb/ovsdb_monitor.py:912}}
Apr 02 19:06:46.687052 np0000163141 devstack@neutron-api.service[102238]: INFO neutron.plugins.ml2.drivers.ovn.mech_driver.mech_driver [None req-a6e57ef0-62af-4d9f-bf0c-8c513ff2215f None None] WorkerService process has finished the post initialization
Apr 02 19:06:46.688148 np0000163141 devstack@neutron-api.service[102238]: WSGI app 0 (mountpoint='') ready in 7 seconds on interpreter 0x7e54286a3668 pid: 102238 (default app)
Apr 02 19:06:46.874344 np0000163141 devstack@neutron-api.service[102240]: DEBUG ovsdbapp.backend.ovs_idl [None req-c246e362-1931-4a71-a879-8e05719e84cc None None] Created lookup_table index Logical_Switch.name {{(pid=102240) autocreate_indices /opt/stack/data/venv/lib/python3.12/site-packages/ovsdbapp/backend/ovs_idl/__init__.py:87}}
Apr 02 19:06:46.874501 np0000163141 devstack@neutron-api.service[102240]: DEBUG ovsdbapp.backend.ovs_idl [None req-c246e362-1931-4a71-a879-8e05719e84cc None None] Created lookup_table index Logical_Router.name {{(pid=102240) autocreate_indices /opt/stack/data/venv/lib/python3.12/site-packages/ovsdbapp/backend/ovs_idl/__init__.py:87}}
Apr 02 19:06:46.874604 np0000163141 devstack@neutron-api.service[102240]: DEBUG ovsdbapp.backend.ovs_idl [None req-c246e362-1931-4a71-a879-8e05719e84cc None None] Created lookup_table index Load_Balancer.name {{(pid=102240) autocreate_indices /opt/stack/data/venv/lib/python3.12/site-packages/ovsdbapp/backend/ovs_idl/__init__.py:87}}
Apr 02 19:06:46.874722 np0000163141 devstack@neutron-api.service[102240]: DEBUG ovsdbapp.backend.ovs_idl [None req-c246e362-1931-4a71-a879-8e05719e84cc None None] Created schema index Copp.name {{(pid=102240) autocreate_indices /opt/stack/data/venv/lib/python3.12/site-packages/ovsdbapp/backend/ovs_idl/__init__.py:106}}
Apr 02 19:06:46.874823 np0000163141 devstack@neutron-api.service[102240]: DEBUG ovsdbapp.backend.ovs_idl [None req-c246e362-1931-4a71-a879-8e05719e84cc None None] Created schema index Meter.name {{(pid=102240) autocreate_indices /opt/stack/data/venv/lib/python3.12/site-packages/ovsdbapp/backend/ovs_idl/__init__.py:106}}
Apr 02 19:06:46.874823 np0000163141 devstack@neutron-api.service[102240]: DEBUG ovsdbapp.backend.ovs_idl [None req-c246e362-1931-4a71-a879-8e05719e84cc None None] Created schema index Load_Balancer_Group.name {{(pid=102240) autocreate_indices /opt/stack/data/venv/lib/python3.12/site-packages/ovsdbapp/backend/ovs_idl/__init__.py:106}}
Apr 02 19:06:46.875025 np0000163141 devstack@neutron-api.service[102240]: DEBUG ovsdbapp.backend.ovs_idl [None req-c246e362-1931-4a71-a879-8e05719e84cc None None] Created schema index HA_Chassis_Group.name {{(pid=102240) autocreate_indices /opt/stack/data/venv/lib/python3.12/site-packages/ovsdbapp/backend/ovs_idl/__init__.py:106}}
Apr 02 19:06:46.875025 np0000163141 devstack@neutron-api.service[102240]: DEBUG ovsdbapp.backend.ovs_idl [None req-c246e362-1931-4a71-a879-8e05719e84cc None None] Created schema index Address_Set.name {{(pid=102240) autocreate_indices /opt/stack/data/venv/lib/python3.12/site-packages/ovsdbapp/backend/ovs_idl/__init__.py:106}}
Apr 02 19:06:46.875193 np0000163141 devstack@neutron-api.service[102240]: DEBUG ovsdbapp.backend.ovs_idl [None req-c246e362-1931-4a71-a879-8e05719e84cc None None] Created schema index Connection.target {{(pid=102240) autocreate_indices /opt/stack/data/venv/lib/python3.12/site-packages/ovsdbapp/backend/ovs_idl/__init__.py:106}}
Apr 02 19:06:46.875193 np0000163141 devstack@neutron-api.service[102240]: DEBUG ovsdbapp.backend.ovs_idl [None req-c246e362-1931-4a71-a879-8e05719e84cc None None] Created schema index Gateway_Chassis.name {{(pid=102240) autocreate_indices /opt/stack/data/venv/lib/python3.12/site-packages/ovsdbapp/backend/ovs_idl/__init__.py:106}}
Apr 02 19:06:46.875501 np0000163141 devstack@neutron-api.service[102240]: DEBUG ovsdbapp.backend.ovs_idl [None req-c246e362-1931-4a71-a879-8e05719e84cc None None] Created schema index Mirror.name {{(pid=102240) autocreate_indices /opt/stack/data/venv/lib/python3.12/site-packages/ovsdbapp/backend/ovs_idl/__init__.py:106}}
Apr 02 19:06:46.875501 np0000163141 devstack@neutron-api.service[102240]: DEBUG ovsdbapp.backend.ovs_idl [None req-c246e362-1931-4a71-a879-8e05719e84cc None None] Created schema index Chassis_Template_Var.chassis {{(pid=102240) autocreate_indices /opt/stack/data/venv/lib/python3.12/site-packages/ovsdbapp/backend/ovs_idl/__init__.py:106}}
Apr 02 19:06:46.875501 np0000163141 devstack@neutron-api.service[102240]: DEBUG ovsdbapp.backend.ovs_idl [None req-c246e362-1931-4a71-a879-8e05719e84cc None None] Created schema index Logical_Router_Port.name {{(pid=102240) autocreate_indices /opt/stack/data/venv/lib/python3.12/site-packages/ovsdbapp/backend/ovs_idl/__init__.py:106}}
Apr 02 19:06:46.875775 np0000163141 devstack@neutron-api.service[102240]: DEBUG ovsdbapp.backend.ovs_idl [None req-c246e362-1931-4a71-a879-8e05719e84cc None None] Created schema index Port_Group.name {{(pid=102240) autocreate_indices /opt/stack/data/venv/lib/python3.12/site-packages/ovsdbapp/backend/ovs_idl/__init__.py:106}}
Apr 02 19:06:46.875775 np0000163141 devstack@neutron-api.service[102240]: DEBUG ovsdbapp.backend.ovs_idl [None req-c246e362-1931-4a71-a879-8e05719e84cc None None] Created schema index Logical_Switch_Port.name {{(pid=102240) autocreate_indices /opt/stack/data/venv/lib/python3.12/site-packages/ovsdbapp/backend/ovs_idl/__init__.py:106}}
Apr 02 19:06:46.878432 np0000163141 devstack@neutron-api.service[102240]: INFO ovsdbapp.backend.ovs_idl.vlog [None req-c246e362-1931-4a71-a879-8e05719e84cc None None] ssl:162.253.55.43:6641: connecting...
Apr 02 19:06:46.884608 np0000163141 devstack@neutron-api.service[102240]: INFO ovsdbapp.backend.ovs_idl.vlog [None req-c246e362-1931-4a71-a879-8e05719e84cc None None] ssl:162.253.55.43:6641: connected
Apr 02 19:06:46.919912 np0000163141 devstack@neutron-api.service[102240]: DEBUG neutron.common.ovn.hash_ring_manager [None req-c246e362-1931-4a71-a879-8e05719e84cc None None] Allow caching, nodes 4>=4 {{(pid=102240) _wait_startup_before_caching /opt/stack/neutron/neutron/common/ovn/hash_ring_manager.py:65}}
Apr 02 19:06:46.924184 np0000163141 devstack@neutron-api.service[102240]: DEBUG neutron.common.ovn.hash_ring_manager [None req-c246e362-1931-4a71-a879-8e05719e84cc None None] Hash Ring loaded. 4 active nodes. 0 offline nodes {{(pid=102240) _load_hash_ring /opt/stack/neutron/neutron/common/ovn/hash_ring_manager.py:102}}
Apr 02 19:06:46.924354 np0000163141 devstack@neutron-api.service[102240]: DEBUG neutron.plugins.ml2.drivers.ovn.mech_driver.ovsdb.ovsdb_monitor [None req-c246e362-1931-4a71-a879-8e05719e84cc None None] Hash Ring: Node faff770b80d853a89e25e493379eb8ec (host: np0000163141) handling event "create" for row 8ff2552b-5fbd-49e4-b9d8-9d46f10fe6e1 (table: ACL) {{(pid=102240) notify /opt/stack/neutron/neutron/plugins/ml2/drivers/ovn/mech_driver/ovsdb/ovsdb_monitor.py:912}}
Apr 02 19:06:46.925658 np0000163141 devstack@neutron-api.service[102240]: INFO neutron.plugins.ml2.drivers.ovn.mech_driver.ovsdb.impl_idl_ovn [None req-c246e362-1931-4a71-a879-8e05719e84cc None None] Getting OvsdbSbOvnIdl for WorkerService with retry
Apr 02 19:06:46.965729 np0000163141 devstack@neutron-api.service[102240]: DEBUG ovsdbapp.backend.ovs_idl [None req-c246e362-1931-4a71-a879-8e05719e84cc None None] Created lookup_table index Chassis.name {{(pid=102240) autocreate_indices /opt/stack/data/venv/lib/python3.12/site-packages/ovsdbapp/backend/ovs_idl/__init__.py:87}}
Apr 02 19:06:46.965874 np0000163141 devstack@neutron-api.service[102240]: DEBUG ovsdbapp.backend.ovs_idl [None req-c246e362-1931-4a71-a879-8e05719e84cc None None] Created lookup_table index Port_Binding.logical_port {{(pid=102240) autocreate_indices /opt/stack/data/venv/lib/python3.12/site-packages/ovsdbapp/backend/ovs_idl/__init__.py:87}}
Apr 02 19:06:46.965972 np0000163141 devstack@neutron-api.service[102240]: DEBUG ovsdbapp.backend.ovs_idl [None req-c246e362-1931-4a71-a879-8e05719e84cc None None] Created schema index Chassis_Private.name {{(pid=102240) autocreate_indices /opt/stack/data/venv/lib/python3.12/site-packages/ovsdbapp/backend/ovs_idl/__init__.py:106}}
Apr 02 19:06:46.966110 np0000163141 devstack@neutron-api.service[102240]: DEBUG ovsdbapp.backend.ovs_idl [None req-c246e362-1931-4a71-a879-8e05719e84cc None None] Created schema index Datapath_Binding.tunnel_key {{(pid=102240) autocreate_indices /opt/stack/data/venv/lib/python3.12/site-packages/ovsdbapp/backend/ovs_idl/__init__.py:106}}
Apr 02 19:06:46.969454 np0000163141 devstack@neutron-api.service[102240]: INFO ovsdbapp.backend.ovs_idl.vlog [None req-c246e362-1931-4a71-a879-8e05719e84cc None None] ssl:162.253.55.43:6642: connecting...
Apr 02 19:06:46.975102 np0000163141 devstack@neutron-api.service[102240]: INFO ovsdbapp.backend.ovs_idl.vlog [None req-c246e362-1931-4a71-a879-8e05719e84cc None None] ssl:162.253.55.43:6642: connected
Apr 02 19:06:47.004450 np0000163141 devstack@neutron-api.service[102240]: DEBUG neutron.common.ovn.hash_ring_manager [None req-c246e362-1931-4a71-a879-8e05719e84cc None None] Allow caching, nodes 4>=4 {{(pid=102240) _wait_startup_before_caching /opt/stack/neutron/neutron/common/ovn/hash_ring_manager.py:65}}
Apr 02 19:06:47.007747 np0000163141 devstack@neutron-api.service[102240]: DEBUG neutron.common.ovn.hash_ring_manager [None req-c246e362-1931-4a71-a879-8e05719e84cc None None] Hash Ring loaded. 4 active nodes. 0 offline nodes {{(pid=102240) _load_hash_ring /opt/stack/neutron/neutron/common/ovn/hash_ring_manager.py:102}}
Apr 02 19:06:47.007934 np0000163141 devstack@neutron-api.service[102240]: DEBUG neutron.plugins.ml2.drivers.ovn.mech_driver.ovsdb.ovsdb_monitor [None req-c246e362-1931-4a71-a879-8e05719e84cc None None] ChassisOVNAgentWriteEvent : Matched Chassis_Private, create, None None {{(pid=102240) matches /opt/stack/neutron/neutron/plugins/ml2/drivers/ovn/mech_driver/ovsdb/ovsdb_monitor.py:64}}
Apr 02 19:06:47.008043 np0000163141 devstack@neutron-api.service[102240]: DEBUG neutron.plugins.ml2.drivers.ovn.mech_driver.ovsdb.ovsdb_monitor [None req-c246e362-1931-4a71-a879-8e05719e84cc None None] ChassisAgentWriteEvent : Matched Chassis_Private, create, None None {{(pid=102240) matches /opt/stack/neutron/neutron/plugins/ml2/drivers/ovn/mech_driver/ovsdb/ovsdb_monitor.py:64}}
Apr 02 19:06:47.008391 np0000163141 devstack@neutron-api.service[102240]: DEBUG neutron.plugins.ml2.drivers.ovn.mech_driver.ovsdb.ovsdb_monitor [None req-c246e362-1931-4a71-a879-8e05719e84cc None None] Hash Ring: Node faff770b80d853a89e25e493379eb8ec (host: np0000163141) handling event "create" for row bc909672-ef06-431c-a9bf-c36b42270c46 (table: Chassis_Private) {{(pid=102240) notify /opt/stack/neutron/neutron/plugins/ml2/drivers/ovn/mech_driver/ovsdb/ovsdb_monitor.py:912}}
Apr 02 19:06:47.010402 np0000163141 devstack@neutron-api.service[102240]: INFO neutron.plugins.ml2.drivers.ovn.mech_driver.mech_driver [None req-c246e362-1931-4a71-a879-8e05719e84cc None None] WorkerService process has finished the post initialization
Apr 02 19:06:47.011629 np0000163141 devstack@neutron-api.service[102240]: WSGI app 0 (mountpoint='') ready in 8 seconds on interpreter 0x7e54286a3668 pid: 102240 (default app)
Apr 02 19:06:48.483833 np0000163141 devstack@neutron-api.service[102237]: DEBUG neutron.common.ovn.hash_ring_manager [-] Allow caching, nodes 4>=4 {{(pid=102237) _wait_startup_before_caching /opt/stack/neutron/neutron/common/ovn/hash_ring_manager.py:65}}
Apr 02 19:06:48.484151 np0000163141 devstack@neutron-api.service[102237]: DEBUG neutron.plugins.ml2.drivers.ovn.mech_driver.ovsdb.ovsdb_monitor [-] Hash Ring: Node 3eeba1d159cd5ae8b31a138a1f10b753 (host: np0000163141) handling event "update" for row 0a4017cf-78d1-4643-b9aa-992cf4930d25 (table: Connection) {{(pid=102237) notify /opt/stack/neutron/neutron/plugins/ml2/drivers/ovn/mech_driver/ovsdb/ovsdb_monitor.py:912}}
Apr 02 19:06:50.979535 np0000163141 devstack@neutron-api.service[102237]: DEBUG neutron.plugins.ml2.drivers.ovn.mech_driver.ovsdb.ovsdb_monitor [-] Hash Ring: Node 3eeba1d159cd5ae8b31a138a1f10b753 (host: np0000163141) handling event "update" for row 0a4017cf-78d1-4643-b9aa-992cf4930d25 (table: Connection) {{(pid=102237) notify /opt/stack/neutron/neutron/plugins/ml2/drivers/ovn/mech_driver/ovsdb/ovsdb_monitor.py:912}}
Apr 02 19:06:52.598252 np0000163141 devstack@neutron-api.service[102237]: DEBUG neutron.api.wsgi [None req-2cb04ef5-867a-4583-be01-31a5ceea552c admin admin] Missing Content-Type {{(pid=102237) get_content_type /opt/stack/neutron/neutron/api/wsgi.py:85}}
Apr 02 19:06:52.599086 np0000163141 devstack@neutron-api.service[102237]: DEBUG neutron.api.wsgi [None req-2cb04ef5-867a-4583-be01-31a5ceea552c admin admin] https://162.253.55.43/networking/v2.0/extensions returned with HTTP 200 {{(pid=102237) __call__ /opt/stack/neutron/neutron/api/wsgi.py:545}}
Apr 02 19:06:52.599184 np0000163141 devstack@neutron-api.service[102237]: [pid: 102237|app: 0|req: 2/2] 162.253.55.43 () {64 vars in 1316 bytes} [Thu Apr 2 19:06:52 2026] GET /networking/v2.0/extensions => generated 15208 bytes in 291 msecs (HTTP/1.1 200) 4 headers in 159 bytes (1 switches on core 0)
Apr 02 19:06:53.005123 np0000163141 devstack@neutron-api.service[102239]: DEBUG neutron.api.v2.base [None req-c8e31b28-879b-40f2-8bbb-9166eeb6593f admin admin] Request body: {'subnetpool': {'default_prefixlen': 26, 'prefixes': ['10.1.0.0/20'], 'shared': True, 'name': 'shared-default-subnetpool-v4', 'is_default': True}} {{(pid=102239) prepare_request_body /opt/stack/neutron/neutron/api/v2/base.py:729}}
Apr 02 19:06:53.202680 np0000163141 devstack@neutron-api.service[102239]: DEBUG neutron.policy [None req-c8e31b28-879b-40f2-8bbb-9166eeb6593f admin admin] Loaded default policies from ['neutron'] under neutron.policies entry points {{(pid=102239) register_rules /opt/stack/neutron/neutron/policy.py:65}}
Apr 02 19:06:53.348950 np0000163141 devstack@neutron-api.service[102239]: DEBUG neutron_lib.callbacks.manager [None req-c8e31b28-879b-40f2-8bbb-9166eeb6593f admin admin] Publish callbacks ['neutron.objects.securitygroup.RbacNeutronDbObjectMixin.validate_rbac_policy_change-1882751908696', 'neutron.objects.address_group.RbacNeutronDbObjectMixin.validate_rbac_policy_change-1882751926504', 'neutron.objects.network.RbacNeutronDbObjectMixin.validate_rbac_policy_change-1882753637598', 'neutron.objects.qos.policy.RbacNeutronDbObjectMixin.validate_rbac_policy_change-1882753640832', 'neutron.objects.subnetpool.RbacNeutronDbObjectMixin.validate_rbac_policy_change-1882753664680', 'neutron.objects.address_scope.RbacNeutronDbObjectMixin.validate_rbac_policy_change-1882753664989', 'neutron.plugins.ml2.plugin.External_net_db_mixin._process_ext_policy_create-3386573', 'neutron.plugins.ml2.plugin.NeutronDbPluginV2.validate_network_rbac_policy_change-3365791'] for rbac-policy (None), before_create {{(pid=102239) _notify_loop /opt/stack/data/venv/lib/python3.12/site-packages/neutron_lib/callbacks/manager.py:184}}
Apr 02 19:06:53.404704 np0000163141 devstack@neutron-api.service[102239]: DEBUG neutron_lib.callbacks.manager [None req-c8e31b28-879b-40f2-8bbb-9166eeb6593f admin admin] Publish callbacks [] for subnetpool (None), before_response {{(pid=102239) _notify_loop /opt/stack/data/venv/lib/python3.12/site-packages/neutron_lib/callbacks/manager.py:184}}
Apr 02 19:06:53.405348 np0000163141 devstack@neutron-api.service[102239]: [pid: 102239|app: 0|req: 1/3] 162.253.55.43 () {68 vars in 1360 bytes} [Thu Apr 2 19:06:52 2026] POST /networking/v2.0/subnetpools => generated 533 bytes in 505 msecs (HTTP/1.1 201) 4 headers in 162 bytes (1 switches on core 0)
Apr 02 19:06:53.740136 np0000163141 devstack@neutron-api.service[102238]: DEBUG neutron.api.v2.base [None req-a65b641c-9fb3-4105-9252-ab52dc8ef438 admin admin] Request body: {'subnetpool': {'default_prefixlen': 64, 'prefixes': ['fdd4:37a8:0692::/56'], 'shared': True, 'name': 'shared-default-subnetpool-v6', 'is_default': True}} {{(pid=102238) prepare_request_body /opt/stack/neutron/neutron/api/v2/base.py:729}}
Apr 02 19:06:53.921044 np0000163141 devstack@neutron-api.service[102238]: DEBUG neutron.policy [None req-a65b641c-9fb3-4105-9252-ab52dc8ef438 admin admin] Loaded default policies from ['neutron'] under neutron.policies entry points {{(pid=102238) register_rules /opt/stack/neutron/neutron/policy.py:65}}
Apr 02 19:06:54.065606 np0000163141 devstack@neutron-api.service[102238]: DEBUG neutron_lib.callbacks.manager [None req-a65b641c-9fb3-4105-9252-ab52dc8ef438 admin admin] Publish callbacks ['neutron.objects.securitygroup.RbacNeutronDbObjectMixin.validate_rbac_policy_change-1882753601012', 'neutron.objects.address_group.RbacNeutronDbObjectMixin.validate_rbac_policy_change-1882751919189', 'neutron.objects.network.RbacNeutronDbObjectMixin.validate_rbac_policy_change-1882753635534', 'neutron.objects.qos.policy.RbacNeutronDbObjectMixin.validate_rbac_policy_change-1882753659341', 'neutron.objects.subnetpool.RbacNeutronDbObjectMixin.validate_rbac_policy_change-1882753666139', 'neutron.objects.address_scope.RbacNeutronDbObjectMixin.validate_rbac_policy_change-1882753666378', 'neutron.plugins.ml2.plugin.External_net_db_mixin._process_ext_policy_create-2489507', 'neutron.plugins.ml2.plugin.NeutronDbPluginV2.validate_network_rbac_policy_change-2483651'] for rbac-policy (None), before_create {{(pid=102238) _notify_loop /opt/stack/data/venv/lib/python3.12/site-packages/neutron_lib/callbacks/manager.py:184}}
Apr 02 19:06:54.109262 np0000163141 devstack@neutron-api.service[102238]: DEBUG neutron_lib.callbacks.manager [None req-a65b641c-9fb3-4105-9252-ab52dc8ef438 admin admin] Publish callbacks [] for subnetpool (None), before_response {{(pid=102238) _notify_loop /opt/stack/data/venv/lib/python3.12/site-packages/neutron_lib/callbacks/manager.py:184}}
Apr 02 19:06:54.109934 np0000163141 devstack@neutron-api.service[102238]: [pid: 102238|app: 0|req: 1/4] 162.253.55.43 () {68 vars in 1360 bytes} [Thu Apr 2 19:06:53 2026] POST /networking/v2.0/subnetpools => generated 542 bytes in 473 msecs (HTTP/1.1 201) 4 headers in 162 bytes (1 switches on core 0)
Apr 02 19:06:54.509920 np0000163141 devstack@neutron-api.service[102240]: DEBUG neutron.api.v2.base [None req-f83b2541-810c-48e9-906c-633964752fdf admin admin] Request body: {'network': {'admin_state_up': True, 'name': 'private'}} {{(pid=102240) prepare_request_body /opt/stack/neutron/neutron/api/v2/base.py:729}}
Apr 02 19:06:54.529905 np0000163141 devstack@neutron-api.service[102240]: DEBUG neutron.pecan_wsgi.hooks.quota_enforcement [None req-f83b2541-810c-48e9-906c-633964752fdf admin admin] Made reservation on behalf of 6b17908c4ec44ae999f59383e1bbc516 for: {'network': 1} {{(pid=102240) before /opt/stack/neutron/neutron/pecan_wsgi/hooks/quota_enforcement.py:66}}
Apr 02 19:06:54.710617 np0000163141 devstack@neutron-api.service[102240]: DEBUG neutron.policy [None req-f83b2541-810c-48e9-906c-633964752fdf admin admin] Loaded default policies from ['neutron'] under neutron.policies entry points {{(pid=102240) register_rules /opt/stack/neutron/neutron/policy.py:65}}
Apr 02 19:06:54.815176 np0000163141 devstack@neutron-api.service[102240]: DEBUG neutron_lib.callbacks.manager [None req-f83b2541-810c-48e9-906c-633964752fdf admin admin] Publish callbacks ['neutron.plugins.ml2.plugin.SecurityGroupDbMixin._ensure_default_security_group_handler-337794'] for network (None), before_create {{(pid=102240) _notify_loop /opt/stack/data/venv/lib/python3.12/site-packages/neutron_lib/callbacks/manager.py:184}}
Apr 02 19:06:54.836095 np0000163141 devstack@neutron-api.service[102240]: DEBUG neutron_lib.callbacks.manager [None req-f83b2541-810c-48e9-906c-633964752fdf admin admin] Publish callbacks [] for security_group (None), before_create {{(pid=102240) _notify_loop /opt/stack/data/venv/lib/python3.12/site-packages/neutron_lib/callbacks/manager.py:184}}
Apr 02 19:06:54.924462 np0000163141 devstack@neutron-api.service[102240]: DEBUG neutron_lib.callbacks.manager [None req-f83b2541-810c-48e9-906c-633964752fdf admin admin] Publish callbacks ['neutron.plugins.ml2.drivers.ovn.mech_driver.mech_driver.OVNMechanismDriver._create_security_group_precommit-865814'] for security_group (d4aa45a0-8341-4122-8f18-5174a66e9389), precommit_create {{(pid=102240) _notify_loop /opt/stack/data/venv/lib/python3.12/site-packages/neutron_lib/callbacks/manager.py:184}}
Apr 02 19:06:54.924603 np0000163141 devstack@neutron-api.service[102240]: DEBUG neutron.db.ovn_revision_numbers_db [None req-f83b2541-810c-48e9-906c-633964752fdf admin admin] create_initial_revision uuid=d4aa45a0-8341-4122-8f18-5174a66e9389, type=security_groups, rev=-1 {{(pid=102240) create_initial_revision /opt/stack/neutron/neutron/db/ovn_revision_numbers_db.py:98}}
Apr 02 19:06:54.926615 np0000163141 devstack@neutron-api.service[102240]: DEBUG neutron.db.ovn_revision_numbers_db [None req-f83b2541-810c-48e9-906c-633964752fdf admin admin] create_initial_revision uuid=07f513ca-df03-4f64-866b-b462102948da, type=security_group_rules, rev=-1 {{(pid=102240) create_initial_revision /opt/stack/neutron/neutron/db/ovn_revision_numbers_db.py:98}}
Apr 02 19:06:54.927677 np0000163141 devstack@neutron-api.service[102240]: DEBUG neutron.db.ovn_revision_numbers_db [None req-f83b2541-810c-48e9-906c-633964752fdf admin admin] create_initial_revision uuid=875fbfc4-8efa-4ff2-86ed-eec85f591b33, type=security_group_rules, rev=-1 {{(pid=102240) create_initial_revision /opt/stack/neutron/neutron/db/ovn_revision_numbers_db.py:98}}
Apr 02 19:06:54.928593 np0000163141 devstack@neutron-api.service[102240]: DEBUG neutron.db.ovn_revision_numbers_db [None req-f83b2541-810c-48e9-906c-633964752fdf admin admin] create_initial_revision uuid=8cd6ad42-b731-40cc-b5af-852c24ad2f1f, type=security_group_rules, rev=-1 {{(pid=102240) create_initial_revision /opt/stack/neutron/neutron/db/ovn_revision_numbers_db.py:98}}
Apr 02 19:06:54.929551 np0000163141 devstack@neutron-api.service[102240]: DEBUG neutron.db.ovn_revision_numbers_db [None req-f83b2541-810c-48e9-906c-633964752fdf admin admin] create_initial_revision uuid=9f2fe7aa-63f4-4b97-8640-ff4571e5481a, type=security_group_rules, rev=-1 {{(pid=102240) create_initial_revision /opt/stack/neutron/neutron/db/ovn_revision_numbers_db.py:98}}
Apr 02 19:06:54.936397 np0000163141 devstack@neutron-api.service[102240]: DEBUG neutron_lib.callbacks.manager [None req-f83b2541-810c-48e9-906c-633964752fdf admin admin] Publish callbacks ['neutron.plugins.ml2.drivers.ovn.mech_driver.mech_driver.OVNMechanismDriver._create_security_group-865896', 'neutron.plugins.ml2.ovo_rpc._ObjectChangeHandler.handle_event-1621717'] for security_group (d4aa45a0-8341-4122-8f18-5174a66e9389), after_create {{(pid=102240) _notify_loop /opt/stack/data/venv/lib/python3.12/site-packages/neutron_lib/callbacks/manager.py:184}}
Apr 02 19:06:54.936548 np0000163141 devstack@neutron-api.service[102240]: INFO neutron.plugins.ml2.drivers.ovn.mech_driver.ovsdb.extensions.qos [None req-f83b2541-810c-48e9-906c-633964752fdf admin admin] Starting OVNClientQosExtension
Apr 02 19:06:54.936656 np0000163141 devstack@neutron-api.service[102240]: INFO neutron.plugins.ml2.drivers.ovn.mech_driver.ovsdb.extensions.placement [None req-f83b2541-810c-48e9-906c-633964752fdf admin admin] Starting OVNClientPlacementExtension
Apr 02 19:06:54.937937 np0000163141 devstack@neutron-api.service[102240]: DEBUG ovsdbapp.backend.ovs_idl.transaction [-] Running txn n=1 command(idx=0): PgAddCommand(_result=None, name=pg_d4aa45a0_8341_4122_8f18_5174a66e9389, may_exist=False, columns={'acls': [], 'external_ids': {'neutron:security_group_id': 'd4aa45a0-8341-4122-8f18-5174a66e9389'}}) {{(pid=102240) do_commit /opt/stack/data/venv/lib/python3.12/site-packages/ovsdbapp/backend/ovs_idl/transaction.py:89}}
Apr 02 19:06:54.942798 np0000163141 devstack@neutron-api.service[102240]: DEBUG ovsdbapp.backend.ovs_idl.transaction [-] Running txn n=1 command(idx=1): PgAclAddCommand(_result=None, entity=pg_d4aa45a0_8341_4122_8f18_5174a66e9389, direction=to-lport, priority=1002, match=outport == @pg_d4aa45a0_8341_4122_8f18_5174a66e9389 && ip4 && ip4.src == $pg_d4aa45a0_8341_4122_8f18_5174a66e9389_ip4, action=allow-related, log=False, may_exist=True, severity=[], name=[], meter=[], external_ids={'neutron:security_group_rule_id': '07f513ca-df03-4f64-866b-b462102948da'}) {{(pid=102240) do_commit /opt/stack/data/venv/lib/python3.12/site-packages/ovsdbapp/backend/ovs_idl/transaction.py:89}}
Apr 02 19:06:54.943214 np0000163141 devstack@neutron-api.service[102240]: DEBUG ovsdbapp.backend.ovs_idl.transaction [-] Running txn n=1 command(idx=2): PgAclAddCommand(_result=None, entity=pg_d4aa45a0_8341_4122_8f18_5174a66e9389, direction=from-lport, priority=1002, match=inport == @pg_d4aa45a0_8341_4122_8f18_5174a66e9389 && ip4, action=allow-related, log=False, may_exist=True, severity=[], name=[], meter=[], external_ids={'neutron:security_group_rule_id': '875fbfc4-8efa-4ff2-86ed-eec85f591b33'}) {{(pid=102240) do_commit /opt/stack/data/venv/lib/python3.12/site-packages/ovsdbapp/backend/ovs_idl/transaction.py:89}}
Apr 02 19:06:54.943677 np0000163141 devstack@neutron-api.service[102240]: DEBUG ovsdbapp.backend.ovs_idl.transaction [-] Running txn n=1 command(idx=3): PgAclAddCommand(_result=None, entity=pg_d4aa45a0_8341_4122_8f18_5174a66e9389, direction=from-lport, priority=1002, match=inport == @pg_d4aa45a0_8341_4122_8f18_5174a66e9389 && ip6, action=allow-related, log=False, may_exist=True, severity=[], name=[], meter=[], external_ids={'neutron:security_group_rule_id': '8cd6ad42-b731-40cc-b5af-852c24ad2f1f'}) {{(pid=102240) do_commit /opt/stack/data/venv/lib/python3.12/site-packages/ovsdbapp/backend/ovs_idl/transaction.py:89}}
Apr 02 19:06:54.944039 np0000163141 devstack@neutron-api.service[102240]: DEBUG ovsdbapp.backend.ovs_idl.transaction [-] Running txn n=1 command(idx=4): PgAclAddCommand(_result=None, entity=pg_d4aa45a0_8341_4122_8f18_5174a66e9389, direction=to-lport, priority=1002, match=outport == @pg_d4aa45a0_8341_4122_8f18_5174a66e9389 && ip6 && ip6.src == $pg_d4aa45a0_8341_4122_8f18_5174a66e9389_ip6, action=allow-related, log=False, may_exist=True, severity=[], name=[], meter=[], external_ids={'neutron:security_group_rule_id': '9f2fe7aa-63f4-4b97-8640-ff4571e5481a'}) {{(pid=102240) do_commit /opt/stack/data/venv/lib/python3.12/site-packages/ovsdbapp/backend/ovs_idl/transaction.py:89}}
Apr 02 19:06:54.981856 np0000163141 devstack@neutron-api.service[102239]: DEBUG neutron.plugins.ml2.drivers.ovn.mech_driver.ovsdb.ovsdb_monitor [-] Hash Ring: Node 42906c9de2635f22bf3393cda1902096 (host: np0000163141) handling event "create" for row 03e12939-fe7b-437a-bc35-47b8be961e9f (table: ACL) {{(pid=102239) notify /opt/stack/neutron/neutron/plugins/ml2/drivers/ovn/mech_driver/ovsdb/ovsdb_monitor.py:912}}
Apr 02 19:06:54.982285 np0000163141 devstack@neutron-api.service[102239]: DEBUG neutron.plugins.ml2.drivers.ovn.mech_driver.ovsdb.ovsdb_monitor [-] Hash Ring: Node 42906c9de2635f22bf3393cda1902096 (host: np0000163141) handling event "create" for row b837afca-a0e1-4548-82ba-883081eef984 (table: ACL) {{(pid=102239) notify /opt/stack/neutron/neutron/plugins/ml2/drivers/ovn/mech_driver/ovsdb/ovsdb_monitor.py:912}}
Apr 02 19:06:54.982337 np0000163141 devstack@neutron-api.service[102237]: DEBUG neutron.plugins.ml2.drivers.ovn.mech_driver.ovsdb.ovsdb_monitor [-] Hash Ring: Node 3eeba1d159cd5ae8b31a138a1f10b753 (host: np0000163141) handling event "create" for row 03e12939-fe7b-437a-bc35-47b8be961e9f (table: ACL) {{(pid=102237) notify /opt/stack/neutron/neutron/plugins/ml2/drivers/ovn/mech_driver/ovsdb/ovsdb_monitor.py:912}}
Apr 02 19:06:54.982609 np0000163141 devstack@neutron-api.service[102240]: DEBUG neutron.plugins.ml2.drivers.ovn.mech_driver.ovsdb.ovsdb_monitor [-] Hash Ring: Node faff770b80d853a89e25e493379eb8ec (host: np0000163141) handling event "create" for row 1c98213d-e890-4836-851e-260aeb3a3798 (table: ACL) {{(pid=102240) notify /opt/stack/neutron/neutron/plugins/ml2/drivers/ovn/mech_driver/ovsdb/ovsdb_monitor.py:912}}
Apr 02 19:06:54.982674 np0000163141 devstack@neutron-api.service[102237]: DEBUG neutron.plugins.ml2.drivers.ovn.mech_driver.ovsdb.ovsdb_monitor [-] Hash Ring: Node 3eeba1d159cd5ae8b31a138a1f10b753 (host: np0000163141) handling event "create" for row 1c98213d-e890-4836-851e-260aeb3a3798 (table: ACL) {{(pid=102237) notify /opt/stack/neutron/neutron/plugins/ml2/drivers/ovn/mech_driver/ovsdb/ovsdb_monitor.py:912}}
Apr 02 19:06:54.982922 np0000163141 devstack@neutron-api.service[102237]: DEBUG neutron.plugins.ml2.drivers.ovn.mech_driver.ovsdb.ovsdb_monitor [-] Hash Ring: Node 3eeba1d159cd5ae8b31a138a1f10b753 (host: np0000163141) handling event "create" for row 53eac156-daf5-492e-aa75-de08991d798e (table: ACL) {{(pid=102237) notify /opt/stack/neutron/neutron/plugins/ml2/drivers/ovn/mech_driver/ovsdb/ovsdb_monitor.py:912}}
Apr 02 19:06:54.983169 np0000163141 devstack@neutron-api.service[102237]: DEBUG neutron.plugins.ml2.drivers.ovn.mech_driver.ovsdb.ovsdb_monitor [-] Hash Ring: Node 3eeba1d159cd5ae8b31a138a1f10b753 (host: np0000163141) handling event "create" for row b837afca-a0e1-4548-82ba-883081eef984 (table: ACL) {{(pid=102237) notify /opt/stack/neutron/neutron/plugins/ml2/drivers/ovn/mech_driver/ovsdb/ovsdb_monitor.py:912}}
Apr 02 19:06:54.983493 np0000163141 devstack@neutron-api.service[102237]: DEBUG neutron.plugins.ml2.drivers.ovn.mech_driver.ovsdb.ovsdb_monitor [-] Hash Ring: Node 3eeba1d159cd5ae8b31a138a1f10b753 (host: np0000163141) handling event "create" for row e5f97c58-31d0-43f1-acaf-d46d05115e30 (table: Port_Group) {{(pid=102237) notify /opt/stack/neutron/neutron/plugins/ml2/drivers/ovn/mech_driver/ovsdb/ovsdb_monitor.py:912}}
Apr 02 19:06:54.984857 np0000163141 devstack@neutron-api.service[102238]: DEBUG neutron.plugins.ml2.drivers.ovn.mech_driver.ovsdb.ovsdb_monitor [-] Hash Ring: Node 744dd8d174725ce1a485088ed95061e8 (host: np0000163141) handling event "create" for row e5f97c58-31d0-43f1-acaf-d46d05115e30 (table: Port_Group) {{(pid=102238) notify /opt/stack/neutron/neutron/plugins/ml2/drivers/ovn/mech_driver/ovsdb/ovsdb_monitor.py:912}}
Apr 02 19:06:55.009898 np0000163141 devstack@neutron-api.service[102240]: INFO neutron.db.ovn_revision_numbers_db [None req-f83b2541-810c-48e9-906c-633964752fdf admin admin] Successfully bumped revision number for resource d4aa45a0-8341-4122-8f18-5174a66e9389 (type: security_groups) to 1
Apr 02 19:06:55.024452 np0000163141 devstack@neutron-api.service[102240]: INFO neutron.db.ovn_revision_numbers_db [None req-f83b2541-810c-48e9-906c-633964752fdf admin admin] Successfully bumped revision number for resource 07f513ca-df03-4f64-866b-b462102948da (type: security_group_rules) to 0
Apr 02 19:06:55.034900 np0000163141 devstack@neutron-api.service[102240]: INFO neutron.db.ovn_revision_numbers_db [None req-f83b2541-810c-48e9-906c-633964752fdf admin admin] Successfully bumped revision number for resource 875fbfc4-8efa-4ff2-86ed-eec85f591b33 (type: security_group_rules) to 0
Apr 02 19:06:55.046844 np0000163141 devstack@neutron-api.service[102240]: INFO neutron.db.ovn_revision_numbers_db [None req-f83b2541-810c-48e9-906c-633964752fdf admin admin] Successfully bumped revision number for resource 8cd6ad42-b731-40cc-b5af-852c24ad2f1f (type: security_group_rules) to 0
Apr 02 19:06:55.058725 np0000163141 devstack@neutron-api.service[102240]: INFO neutron.db.ovn_revision_numbers_db [None req-f83b2541-810c-48e9-906c-633964752fdf admin admin] Successfully bumped revision number for resource 9f2fe7aa-63f4-4b97-8640-ff4571e5481a (type: security_group_rules) to 0
Apr 02 19:06:55.079558 np0000163141 devstack@neutron-api.service[102240]: DEBUG neutron.api.rpc.handlers.resources_rpc [None req-f83b2541-810c-48e9-906c-633964752fdf admin admin] Pushing event updated for resources: {'SecurityGroup': ['ID=d4aa45a0-8341-4122-8f18-5174a66e9389,revision_number=1']} {{(pid=102240) push /opt/stack/neutron/neutron/api/rpc/handlers/resources_rpc.py:237}}
Apr 02 19:06:55.085678 np0000163141 devstack@neutron-api.service[102240]: DEBUG ovsdbapp.backend.ovs_idl.transaction [-] Running txn n=1 command(idx=0): CheckLivenessCommand(_result=None) {{(pid=102240) do_commit /opt/stack/data/venv/lib/python3.12/site-packages/ovsdbapp/backend/ovs_idl/transaction.py:89}}
Apr 02 19:06:55.089234 np0000163141 devstack@neutron-api.service[102237]: DEBUG neutron.plugins.ml2.drivers.ovn.mech_driver.ovsdb.ovsdb_monitor [-] Hash Ring: Node 3eeba1d159cd5ae8b31a138a1f10b753 (host: np0000163141) handling event "update" for row 80baec0f-6d6c-4e79-be7c-b61cb12ac9c9 (table: NB_Global) {{(pid=102237) notify /opt/stack/neutron/neutron/plugins/ml2/drivers/ovn/mech_driver/ovsdb/ovsdb_monitor.py:912}}
Apr 02 19:06:55.089992 np0000163141 devstack@neutron-api.service[102238]: DEBUG neutron.plugins.ml2.drivers.ovn.mech_driver.ovsdb.ovsdb_monitor [-] Hash Ring: Node 744dd8d174725ce1a485088ed95061e8 (host: np0000163141) handling event "update" for row 80baec0f-6d6c-4e79-be7c-b61cb12ac9c9 (table: NB_Global) {{(pid=102238) notify /opt/stack/neutron/neutron/plugins/ml2/drivers/ovn/mech_driver/ovsdb/ovsdb_monitor.py:912}}
Apr 02 19:06:55.090177 np0000163141 devstack@neutron-api.service[102237]: DEBUG neutron.plugins.ml2.drivers.ovn.mech_driver.ovsdb.ovsdb_monitor [-] Hash Ring: Node 3eeba1d159cd5ae8b31a138a1f10b753 (host: np0000163141) handling event "update" for row 80baec0f-6d6c-4e79-be7c-b61cb12ac9c9 (table: NB_Global) {{(pid=102237) notify /opt/stack/neutron/neutron/plugins/ml2/drivers/ovn/mech_driver/ovsdb/ovsdb_monitor.py:912}}
Apr 02 19:06:55.090987 np0000163141 devstack@neutron-api.service[102238]: DEBUG neutron.plugins.ml2.drivers.ovn.mech_driver.ovsdb.ovsdb_monitor [-] Hash Ring: Node 744dd8d174725ce1a485088ed95061e8 (host: np0000163141) handling event "update" for row 80baec0f-6d6c-4e79-be7c-b61cb12ac9c9 (table: NB_Global) {{(pid=102238) notify /opt/stack/neutron/neutron/plugins/ml2/drivers/ovn/mech_driver/ovsdb/ovsdb_monitor.py:912}}
Apr 02 19:06:55.091865 np0000163141 devstack@neutron-api.service[102240]: DEBUG neutron.api.rpc.callbacks.version_manager [None req-f83b2541-810c-48e9-906c-633964752fdf admin admin] Tracked resource versions report:
Apr 02 19:06:55.091865 np0000163141 devstack@neutron-api.service[102240]: pushed versions:
Apr 02 19:06:55.091865 np0000163141 devstack@neutron-api.service[102240]: { 'AddressGroup': {'1.2'},
Apr 02 19:06:55.091865 np0000163141 devstack@neutron-api.service[102240]: 'Agent': {'1.1'},
Apr 02 19:06:55.091865 np0000163141 devstack@neutron-api.service[102240]: 'ConntrackHelper': {'1.0'},
Apr 02 19:06:55.091865 np0000163141 devstack@neutron-api.service[102240]: 'LocalIPAssociation': {'1.0'},
Apr 02 19:06:55.091865 np0000163141 devstack@neutron-api.service[102240]: 'Log': {'1.0'},
Apr 02 19:06:55.091865 np0000163141 devstack@neutron-api.service[102240]: 'NDPProxy': {'1.0'},
Apr 02 19:06:55.091865 np0000163141 devstack@neutron-api.service[102240]: 'Network': {'1.2'},
Apr 02 19:06:55.091865 np0000163141 devstack@neutron-api.service[102240]: 'Port': {'1.10'},
Apr 02 19:06:55.091865 np0000163141 devstack@neutron-api.service[102240]: 'PortForwarding': {'1.3'},
Apr 02 19:06:55.091865 np0000163141 devstack@neutron-api.service[102240]: 'QosPolicy': {'1.10'},
Apr 02 19:06:55.091865 np0000163141 devstack@neutron-api.service[102240]: 'SecurityGroup': {'1.6'},
Apr 02 19:06:55.091865 np0000163141 devstack@neutron-api.service[102240]: 'SecurityGroupRule': {'1.3'},
Apr 02 19:06:55.091865 np0000163141 devstack@neutron-api.service[102240]: 'SubPort': {'1.0'},
Apr 02 19:06:55.091865 np0000163141 devstack@neutron-api.service[102240]: 'Subnet': {'1.2'},
Apr 02 19:06:55.091865 np0000163141 devstack@neutron-api.service[102240]: 'Trunk': {'1.1'}}
Apr 02 19:06:55.091865 np0000163141 devstack@neutron-api.service[102240]: consumer versions:
Apr 02 19:06:55.091865 np0000163141 devstack@neutron-api.service[102240]: {}
Apr 02 19:06:55.091865 np0000163141 devstack@neutron-api.service[102240]: {{(pid=102240) report /opt/stack/neutron/neutron/api/rpc/callbacks/version_manager.py:183}}
Apr 02 19:06:55.092912 np0000163141 devstack@neutron-api.service[102237]: DEBUG neutron.plugins.ml2.drivers.ovn.mech_driver.ovsdb.ovsdb_monitor [-] Hash Ring: Node 3eeba1d159cd5ae8b31a138a1f10b753 (host: np0000163141) handling event "update" for row 80baec0f-6d6c-4e79-be7c-b61cb12ac9c9 (table: NB_Global) {{(pid=102237) notify /opt/stack/neutron/neutron/plugins/ml2/drivers/ovn/mech_driver/ovsdb/ovsdb_monitor.py:912}}
Apr 02 19:06:55.093338 np0000163141 devstack@neutron-api.service[102238]: DEBUG neutron.plugins.ml2.drivers.ovn.mech_driver.ovsdb.ovsdb_monitor [-] ChassisAgentWriteEvent : Matched Chassis_Private, update, None None {{(pid=102238) matches /opt/stack/neutron/neutron/plugins/ml2/drivers/ovn/mech_driver/ovsdb/ovsdb_monitor.py:64}}
Apr 02 19:06:55.093736 np0000163141 devstack@neutron-api.service[102237]: DEBUG neutron.plugins.ml2.drivers.ovn.mech_driver.ovsdb.ovsdb_monitor [-] ChassisAgentWriteEvent : Matched Chassis_Private, update, None None {{(pid=102237) matches /opt/stack/neutron/neutron/plugins/ml2/drivers/ovn/mech_driver/ovsdb/ovsdb_monitor.py:64}}
Apr 02 19:06:55.094070 np0000163141 devstack@neutron-api.service[102239]: DEBUG neutron.plugins.ml2.drivers.ovn.mech_driver.ovsdb.ovsdb_monitor [-] ChassisAgentWriteEvent : Matched Chassis_Private, update, None None {{(pid=102239) matches /opt/stack/neutron/neutron/plugins/ml2/drivers/ovn/mech_driver/ovsdb/ovsdb_monitor.py:64}}
Apr 02 19:06:55.094903 np0000163141 devstack@neutron-api.service[102238]: DEBUG neutron.plugins.ml2.drivers.ovn.mech_driver.ovsdb.ovsdb_monitor [-] Hash Ring: Node 744dd8d174725ce1a485088ed95061e8 (host: np0000163141) handling event "update" for row 80baec0f-6d6c-4e79-be7c-b61cb12ac9c9 (table: NB_Global) {{(pid=102238) notify /opt/stack/neutron/neutron/plugins/ml2/drivers/ovn/mech_driver/ovsdb/ovsdb_monitor.py:912}}
Apr 02 19:06:55.096108 np0000163141 devstack@neutron-api.service[102238]: DEBUG neutron.plugins.ml2.drivers.ovn.mech_driver.ovsdb.ovsdb_monitor [-] Hash Ring: Node 744dd8d174725ce1a485088ed95061e8 (host: np0000163141) handling event "update" for row 80baec0f-6d6c-4e79-be7c-b61cb12ac9c9 (table: NB_Global) {{(pid=102238) notify /opt/stack/neutron/neutron/plugins/ml2/drivers/ovn/mech_driver/ovsdb/ovsdb_monitor.py:912}}
Apr 02 19:06:55.096862 np0000163141 devstack@neutron-api.service[102237]: DEBUG neutron.plugins.ml2.drivers.ovn.mech_driver.ovsdb.ovsdb_monitor [-] Hash Ring: Node 3eeba1d159cd5ae8b31a138a1f10b753 (host: np0000163141) handling event "update" for row 80baec0f-6d6c-4e79-be7c-b61cb12ac9c9 (table: NB_Global) {{(pid=102237) notify /opt/stack/neutron/neutron/plugins/ml2/drivers/ovn/mech_driver/ovsdb/ovsdb_monitor.py:912}}
Apr 02 19:06:55.097685 np0000163141 devstack@neutron-api.service[102240]: DEBUG neutron.plugins.ml2.drivers.ovn.mech_driver.ovsdb.ovsdb_monitor [-] ChassisAgentWriteEvent : Matched Chassis_Private, update, None None {{(pid=102240) matches /opt/stack/neutron/neutron/plugins/ml2/drivers/ovn/mech_driver/ovsdb/ovsdb_monitor.py:64}}
Apr 02 19:06:55.099917 np0000163141 devstack@neutron-api.service[102239]: DEBUG neutron.plugins.ml2.drivers.ovn.mech_driver.ovsdb.ovsdb_monitor [-] ChassisOVNAgentWriteEvent : Matched Chassis_Private, update, None None {{(pid=102239) matches /opt/stack/neutron/neutron/plugins/ml2/drivers/ovn/mech_driver/ovsdb/ovsdb_monitor.py:64}}
Apr 02 19:06:55.100290 np0000163141 devstack@neutron-api.service[102238]: DEBUG neutron.plugins.ml2.drivers.ovn.mech_driver.ovsdb.ovsdb_monitor [-] ChassisOVNAgentWriteEvent : Matched Chassis_Private, update, None None {{(pid=102238) matches /opt/stack/neutron/neutron/plugins/ml2/drivers/ovn/mech_driver/ovsdb/ovsdb_monitor.py:64}}
Apr 02 19:06:55.100797 np0000163141 devstack@neutron-api.service[102237]: DEBUG neutron.common.ovn.hash_ring_manager [-] Allow caching, nodes 4>=4 {{(pid=102237) _wait_startup_before_caching /opt/stack/neutron/neutron/common/ovn/hash_ring_manager.py:65}}
Apr 02 19:06:55.100972 np0000163141 devstack@neutron-api.service[102237]: DEBUG neutron.plugins.ml2.drivers.ovn.mech_driver.ovsdb.ovsdb_monitor [-] Hash Ring: Node 3eeba1d159cd5ae8b31a138a1f10b753 (host: np0000163141) handling event "update" for row bc909672-ef06-431c-a9bf-c36b42270c46 (table: Chassis_Private) {{(pid=102237) notify /opt/stack/neutron/neutron/plugins/ml2/drivers/ovn/mech_driver/ovsdb/ovsdb_monitor.py:912}}
Apr 02 19:06:55.101896 np0000163141 devstack@neutron-api.service[102237]: DEBUG neutron.plugins.ml2.drivers.ovn.mech_driver.ovsdb.ovsdb_monitor [-] ChassisOVNAgentWriteEvent : Matched Chassis_Private, update, None None {{(pid=102237) matches /opt/stack/neutron/neutron/plugins/ml2/drivers/ovn/mech_driver/ovsdb/ovsdb_monitor.py:64}}
Apr 02 19:06:55.101948 np0000163141 devstack@neutron-api.service[102240]: DEBUG neutron.plugins.ml2.drivers.ovn.mech_driver.ovsdb.ovsdb_monitor [-] Hash Ring: Node faff770b80d853a89e25e493379eb8ec (host: np0000163141) handling event "update" for row bc909672-ef06-431c-a9bf-c36b42270c46 (table: Chassis_Private) {{(pid=102240) notify /opt/stack/neutron/neutron/plugins/ml2/drivers/ovn/mech_driver/ovsdb/ovsdb_monitor.py:912}}
Apr 02 19:06:55.102233 np0000163141 devstack@neutron-api.service[102237]: DEBUG neutron.plugins.ml2.drivers.ovn.mech_driver.ovsdb.ovsdb_monitor [-] Hash Ring: Node 3eeba1d159cd5ae8b31a138a1f10b753 (host: np0000163141) handling event "update" for row bc909672-ef06-431c-a9bf-c36b42270c46 (table: Chassis_Private) {{(pid=102237) notify /opt/stack/neutron/neutron/plugins/ml2/drivers/ovn/mech_driver/ovsdb/ovsdb_monitor.py:912}}
Apr 02 19:06:55.106608 np0000163141 devstack@neutron-api.service[102240]: DEBUG neutron.plugins.ml2.drivers.ovn.mech_driver.ovsdb.ovsdb_monitor [-] ChassisOVNAgentWriteEvent : Matched Chassis_Private, update, None None {{(pid=102240) matches /opt/stack/neutron/neutron/plugins/ml2/drivers/ovn/mech_driver/ovsdb/ovsdb_monitor.py:64}}
Apr 02 19:06:55.107108 np0000163141 devstack@neutron-api.service[102240]: DEBUG neutron.plugins.ml2.drivers.ovn.mech_driver.ovsdb.ovsdb_monitor [-] Hash Ring: Node faff770b80d853a89e25e493379eb8ec (host: np0000163141) handling event "update" for row bc909672-ef06-431c-a9bf-c36b42270c46 (table: Chassis_Private) {{(pid=102240) notify /opt/stack/neutron/neutron/plugins/ml2/drivers/ovn/mech_driver/ovsdb/ovsdb_monitor.py:912}}
Apr 02 19:06:55.163910 np0000163141 devstack@neutron-api.service[102240]: DEBUG neutron.plugins.ml2.drivers.helpers [None req-f83b2541-810c-48e9-906c-633964752fdf admin admin] geneve segment allocate from pool success with {'geneve_vni': 43840} {{(pid=102240) allocate_partially_specified_segment /opt/stack/neutron/neutron/plugins/ml2/drivers/helpers.py:142}}
Apr 02 19:06:55.175633 np0000163141 devstack@neutron-api.service[102240]: DEBUG neutron_lib.callbacks.manager [None req-f83b2541-810c-48e9-906c-633964752fdf admin admin] Publish callbacks ['neutron.services.segments.db._add_segment_host_mapping_for_segment-8681238158930', 'neutron.plugins.ml2.plugin.Ml2Plugin._handle_segment_change-87464'] for segment (3c704fa0-f8bc-4510-a416-d241541995b6), precommit_create {{(pid=102240) _notify_loop /opt/stack/data/venv/lib/python3.12/site-packages/neutron_lib/callbacks/manager.py:184}}
Apr 02 19:06:55.175851 np0000163141 devstack@neutron-api.service[102240]: INFO neutron.db.segments_db [None req-f83b2541-810c-48e9-906c-633964752fdf admin admin] Added segment 3c704fa0-f8bc-4510-a416-d241541995b6 of type geneve for network 5f5fe4cb-568d-498b-8e35-0c74eb665a0e
Apr 02 19:06:55.220600 np0000163141 devstack@neutron-api.service[102240]: DEBUG neutron_lib.callbacks.manager [None req-f83b2541-810c-48e9-906c-633964752fdf admin admin] Publish callbacks ['neutron.services.auto_allocate.db._ensure_external_network_default_value_callback-8681235526026'] for network (5f5fe4cb-568d-498b-8e35-0c74eb665a0e), precommit_create {{(pid=102240) _notify_loop /opt/stack/data/venv/lib/python3.12/site-packages/neutron_lib/callbacks/manager.py:184}}
Apr 02 19:06:55.237737 np0000163141 devstack@neutron-api.service[102240]: DEBUG neutron.plugins.ml2.drivers.ovn.mech_driver.mech_driver [None req-f83b2541-810c-48e9-906c-633964752fdf admin admin] Validating network segment with type geneve, segmentation ID 43840, physical network None {{(pid=102240) _validate_network_segments /opt/stack/neutron/neutron/plugins/ml2/drivers/ovn/mech_driver/mech_driver.py:631}}
Apr 02 19:06:55.237836 np0000163141 devstack@neutron-api.service[102240]: DEBUG neutron.db.ovn_revision_numbers_db [None req-f83b2541-810c-48e9-906c-633964752fdf admin admin] create_initial_revision uuid=5f5fe4cb-568d-498b-8e35-0c74eb665a0e, type=networks, rev=-1 {{(pid=102240) create_initial_revision /opt/stack/neutron/neutron/db/ovn_revision_numbers_db.py:98}}
Apr 02 19:06:55.252868 np0000163141 devstack@neutron-api.service[102240]: DEBUG neutron_lib.callbacks.manager [None req-f83b2541-810c-48e9-906c-633964752fdf admin admin] Publish callbacks ['neutron.plugins.ml2.ovo_rpc._ObjectChangeHandler.handle_event-1621704'] for network (5f5fe4cb-568d-498b-8e35-0c74eb665a0e), after_create {{(pid=102240) _notify_loop /opt/stack/data/venv/lib/python3.12/site-packages/neutron_lib/callbacks/manager.py:184}}
Apr 02 19:06:55.299867 np0000163141 devstack@neutron-api.service[102240]: DEBUG neutron.api.rpc.handlers.resources_rpc [None req-f83b2541-810c-48e9-906c-633964752fdf admin admin] Pushing event updated for resources: {'Network': ['ID=5f5fe4cb-568d-498b-8e35-0c74eb665a0e,revision_number=1']} {{(pid=102240) push /opt/stack/neutron/neutron/api/rpc/handlers/resources_rpc.py:237}}
Apr 02 19:06:55.307932 np0000163141 devstack@neutron-api.service[102240]: DEBUG ovsdbapp.backend.ovs_idl.transaction [-] Running txn n=1 command(idx=0): AddNetworkCommand(_result=None, network_uuid=5f5fe4cb-568d-498b-8e35-0c74eb665a0e, may_exist=True, columns={'external_ids': {'neutron:network_name': 'private', 'neutron:mtu': '1372', 'neutron:revision_number': '1', 'neutron:availability_zone_hints': '', 'neutron:provnet-network-type': 'geneve'}, 'other_config': {'mcast_snoop': 'false', 'mcast_flood_unregistered': 'false', 'vlan-passthru': 'false'}}) {{(pid=102240) do_commit /opt/stack/data/venv/lib/python3.12/site-packages/ovsdbapp/backend/ovs_idl/transaction.py:89}}
Apr 02 19:06:55.308587 np0000163141 devstack@neutron-api.service[102240]: DEBUG neutron.common.ovn.utils [-] OVS persist_uuid supported=True {{(pid=102240) ovs_persist_uuid_supported /opt/stack/neutron/neutron/common/ovn/utils.py:1535}}
Apr 02 19:06:55.313673 np0000163141 devstack@neutron-api.service[102237]: DEBUG neutron.plugins.ml2.drivers.ovn.mech_driver.ovsdb.ovsdb_monitor [-] Hash Ring: Node 3eeba1d159cd5ae8b31a138a1f10b753 (host: np0000163141) handling event "create" for row 5f5fe4cb-568d-498b-8e35-0c74eb665a0e (table: Logical_Switch) {{(pid=102237) notify /opt/stack/neutron/neutron/plugins/ml2/drivers/ovn/mech_driver/ovsdb/ovsdb_monitor.py:912}}
Apr 02 19:06:55.321903 np0000163141 devstack@neutron-api.service[102237]: DEBUG neutron.plugins.ml2.drivers.ovn.mech_driver.ovsdb.ovsdb_monitor [-] Hash Ring: Node 3eeba1d159cd5ae8b31a138a1f10b753 (host: np0000163141) handling event "create" for row e3a7a7f3-e952-4f03-abab-ef5ca54379d6 (table: Datapath_Binding) {{(pid=102237) notify /opt/stack/neutron/neutron/plugins/ml2/drivers/ovn/mech_driver/ovsdb/ovsdb_monitor.py:912}}
Apr 02 19:06:55.326754 np0000163141 devstack@neutron-api.service[102240]: DEBUG neutron.plugins.ml2.drivers.ovn.mech_driver.ovsdb.ovsdb_monitor [-] Hash Ring: Node faff770b80d853a89e25e493379eb8ec (host: np0000163141) handling event "create" for row e3a7a7f3-e952-4f03-abab-ef5ca54379d6 (table: Datapath_Binding) {{(pid=102240) notify /opt/stack/neutron/neutron/plugins/ml2/drivers/ovn/mech_driver/ovsdb/ovsdb_monitor.py:912}}
Apr 02 19:06:55.346502 np0000163141 devstack@neutron-api.service[102240]: INFO neutron.db.ovn_revision_numbers_db [None req-f83b2541-810c-48e9-906c-633964752fdf admin admin] Successfully bumped revision number for resource 5f5fe4cb-568d-498b-8e35-0c74eb665a0e (type: networks) to 1
