2026-05-30 06:33:05.334 8 INFO neutron.db.ovn_revision_numbers_db [None req-0730c35d-0367-4c9d-8186-4b70d95fadbc 698f5103f25e4e61b661e35130bece94 601115997a914416b1966f12b287e8c4 - - default default] Successfully bumped revision number for resource 2fc2957c-0ce0-4a44-ba2e-1846c7d6658a (type: ports) to 1 [pid: 8|app: 0|req: 918/1982] 10.0.0.149 () {34 vars in 670 bytes} [Sat May 30 06:33:04 2026] POST /v2.0/networks => generated 631 bytes in 663 msecs (HTTP/1.1 201) 4 headers in 162 bytes (1 switches on core 0) [pid: 7|app: 0|req: 1065/1983] 10.0.0.149 () {32 vars in 724 bytes} [Sat May 30 06:33:04 2026] DELETE /v2.0/routers/6eff62ba-998d-4c9a-87eb-13cb70eadb42 => generated 0 bytes in 959 msecs (HTTP/1.1 204) 2 headers in 112 bytes (1 switches on core 0) [pid: 7|app: 0|req: 1066/1984] 10.0.0.149 () {32 vars in 643 bytes} [Sat May 30 06:33:05 2026] GET /v2.0/ports => generated 1534 bytes in 48 msecs (HTTP/1.1 200) 4 headers in 158 bytes (1 switches on core 0)
2026-05-30 06:33:05.716 8 WARNING neutron.scheduler.dhcp_agent_scheduler [None req-8ee7d1c6-a3e5-4926-b160-5652c1d7875d 7cec0629f4174569a62f52662c852402 5dd0ef8886d74d398307a15a3523cfa9 - - default default] No more DHCP agents
2026-05-30 06:33:05.717 8 WARNING neutron.api.rpc.agentnotifiers.dhcp_rpc_agent_api [None req-8ee7d1c6-a3e5-4926-b160-5652c1d7875d 7cec0629f4174569a62f52662c852402 5dd0ef8886d74d398307a15a3523cfa9 - - default default] Unable to schedule network 68716202-e2fb-4c0c-861a-e6da3c5472b1: no agents available; will retry on subsequent port and subnet creation events.
2026-05-30 06:33:05.762 8 INFO neutron.db.ovn_revision_numbers_db [None req-8ee7d1c6-a3e5-4926-b160-5652c1d7875d 7cec0629f4174569a62f52662c852402 5dd0ef8886d74d398307a15a3523cfa9 - - default default] Successfully bumped revision number for resource 8b62aa08-9750-48c2-aa4e-90047411f2af (type: subnets) to 0 [pid: 8|app: 0|req: 919/1985] 10.0.0.149 () {34 vars in 669 bytes} [Sat May 30 06:33:05 2026] POST /v2.0/subnets => generated 655 bytes in 394 msecs (HTTP/1.1 201) 4 headers in 162 bytes (1 switches on core 0)
2026-05-30 06:33:05.803 7 WARNING neutron.scheduler.dhcp_agent_scheduler [None req-838339f5-4e55-404d-b120-6f24b90b2eb9 698f5103f25e4e61b661e35130bece94 601115997a914416b1966f12b287e8c4 - - default default] No more DHCP agents
2026-05-30 06:33:05.804 7 WARNING neutron.api.rpc.agentnotifiers.dhcp_rpc_agent_api [None req-838339f5-4e55-404d-b120-6f24b90b2eb9 698f5103f25e4e61b661e35130bece94 601115997a914416b1966f12b287e8c4 - - default default] Unable to schedule network 043a0903-e55d-4e77-8b07-448fb3912472: no agents available; will retry on subsequent port and subnet creation events.
2026-05-30 06:33:05.899 8 INFO neutron_taas.services.taas.taas_plugin [None req-b2879654-7c5a-4de2-90e1-89b188b01578 751fe8f49290484eb62eea768ae69972 62a5e18008284ac2b7ff3cb68181b9c2 - - default default] TaaS: Handle Delete Port: fc241ae1-1353-4de8-b74b-56472ff60be6
2026-05-30 06:33:05.902 8 INFO neutron_taas.services.taas.tap_mirror_plugin [None req-b2879654-7c5a-4de2-90e1-89b188b01578 751fe8f49290484eb62eea768ae69972 62a5e18008284ac2b7ff3cb68181b9c2 - - default default] Tap Mirror: Handle Delete Port: fc241ae1-1353-4de8-b74b-56472ff60be6
2026-05-30 06:33:06.123 8 INFO neutron.services.segments.plugin [-] Segment e3dd0f67-236b-4245-91ab-987270ab1cae resource provider aggregate not found
2026-05-30 06:33:06.126 8 INFO neutron.services.segments.plugin [-] Segment e3dd0f67-236b-4245-91ab-987270ab1cae resource provider aggregate not found
2026-05-30 06:33:06.146 8 INFO neutron.services.segments.plugin [-] Segment e3dd0f67-236b-4245-91ab-987270ab1cae resource provider not found; error: Placement Client Error (4xx): {"errors": [{"status": 404, "title": "Not Found", "detail": "The resource could not be found.\n\n No resource provider with uuid e3dd0f67-236b-4245-91ab-987270ab1cae found for delete ", "request_id": "req-095c1dbd-4130-4c26-816a-8992ec553e50"}]}
2026-05-30 06:33:06.149 8 INFO neutron.services.segments.plugin [-] Segment e3dd0f67-236b-4245-91ab-987270ab1cae resource provider not found; error: Placement Client Error (4xx): {"errors": [{"status": 404, "title": "Not Found", "detail": "The resource could not be found.\n\n No resource provider with uuid e3dd0f67-236b-4245-91ab-987270ab1cae found for delete ", "request_id": "req-c1c0d1f3-17c1-4f1e-b0c6-13bd45c18eb2"}]} [pid: 8|app: 0|req: 920/1986] 10.0.0.149 () {32 vars in 726 bytes} [Sat May 30 06:33:05 2026] DELETE /v2.0/networks/3548eb89-97f9-443a-9701-6694acf27568 => generated 0 bytes in 408 msecs (HTTP/1.1 204) 3 headers in 131 bytes (1 switches on core 0) [pid: 8|app: 0|req: 921/1987] 10.0.0.149 () {32 vars in 717 bytes} [Sat May 30 06:33:06 2026] GET /v2.0/ports/d88e4685-479c-46b5-9975-c0ef8bd4f94e => generated 775 bytes in 39 msecs (HTTP/1.1 200) 4 headers in 157 bytes (1 switches on core 0)
2026-05-30 06:33:06.360 7 INFO neutron.db.ovn_revision_numbers_db [None req-e31d3235-e03e-436e-b916-ad2994e1ee60 - - - - - -] Successfully bumped revision number for resource 2fc2957c-0ce0-4a44-ba2e-1846c7d6658a (type: ports) to 2
2026-05-30 06:33:06.407 8 INFO neutron.db.ovn_revision_numbers_db [None req-05e5e37f-6a24-4fb9-b7c9-be032f2ea786 7cec0629f4174569a62f52662c852402 5dd0ef8886d74d398307a15a3523cfa9 - - default default] Successfully bumped revision number for resource 67e6ad27-3aa6-4823-a67a-a6396f7d4a90 (type: routers) to 1
2026-05-30 06:33:06.410 7 INFO neutron.db.ovn_revision_numbers_db [None req-e31d3235-e03e-436e-b916-ad2994e1ee60 - - - - - -] Successfully bumped revision number for resource 4e494a41-3690-46c5-adbb-3b537b04520a (type: subnets) to 0 [pid: 8|app: 0|req: 922/1988] 10.0.0.149 () {34 vars in 669 bytes} [Sat May 30 06:33:06 2026] POST /v2.0/routers => generated 607 bytes in 203 msecs (HTTP/1.1 201) 4 headers in 162 bytes (1 switches on core 0) [pid: 7|app: 0|req: 1067/1989] 10.0.0.149 () {34 vars in 669 bytes} [Sat May 30 06:33:05 2026] POST /v2.0/subnets => generated 629 bytes in 847 msecs (HTTP/1.1 201) 4 headers in 162 bytes (1 switches on core 0)
2026-05-30 06:33:06.449 7 INFO neutron.pecan_wsgi.hooks.translation [None req-043d1049-aefd-4a1e-8d61-73258dcc9717 3ff2f45b56554ab5af667fb02a2699d3 fef538b8221a458c966ae744c76147c5 - - default default] DELETE failed (client error): The resource could not be found. [pid: 7|app: 0|req: 1068/1990] 10.0.0.149 () {32 vars in 720 bytes} [Sat May 30 06:33:06 2026] DELETE /v2.0/ports/0579419e-3ce2-41aa-83aa-e2b577fcdd6e => generated 132 bytes in 19 msecs (HTTP/1.1 404) 4 headers in 164 bytes (1 switches on core 0) [pid: 8|app: 0|req: 923/1991] 10.0.0.116 () {28 vars in 583 bytes} [Sat May 30 06:33:06 2026] GET /v2.0/subnets => generated 4533 bytes in 229 msecs (HTTP/1.1 200) 4 headers in 158 bytes (1 switches on core 0)
2026-05-30 06:33:06.780 7 WARNING neutron.scheduler.dhcp_agent_scheduler [None req-19107580-c367-432e-abd3-81a7bc765c14 7cec0629f4174569a62f52662c852402 5dd0ef8886d74d398307a15a3523cfa9 - - default default] No more DHCP agents
2026-05-30 06:33:06.781 8 INFO neutron.db.segments_db [None req-ff11fbed-4345-4ffd-85bc-603cda28a5d4 698f5103f25e4e61b661e35130bece94 601115997a914416b1966f12b287e8c4 - - default default] Added segment 736a55ed-0c8b-4878-b971-d3dc43ec125b of type geneve for network 91e09e9a-a721-459e-8d31-7e2ae78e4ffd
2026-05-30 06:33:06.781 7 WARNING neutron.api.rpc.agentnotifiers.dhcp_rpc_agent_api [None req-19107580-c367-432e-abd3-81a7bc765c14 7cec0629f4174569a62f52662c852402 5dd0ef8886d74d398307a15a3523cfa9 - - default default] Unable to schedule network 248831ff-2e89-4ae4-8b26-67365ba79456: no agents available; will retry on subsequent port and subnet creation events.
2026-05-30 06:33:06.885 8 INFO neutron.plugins.ml2.drivers.ovn.mech_driver.mech_driver [None req-7fe3b8a8-3dfe-4395-bbb2-8d09a1b94a0b - - - - - -] OVN reports status down for port: 8f6bbb9a-46f5-4dc4-bbde-3bf234f8aeeb
2026-05-30 06:33:06.926 7 INFO neutron.db.ovn_revision_numbers_db [None req-19107580-c367-432e-abd3-81a7bc765c14 7cec0629f4174569a62f52662c852402 5dd0ef8886d74d398307a15a3523cfa9 - - default default] Successfully bumped revision number for resource 8f6bbb9a-46f5-4dc4-bbde-3bf234f8aeeb (type: ports) to 1
2026-05-30 06:33:07.056 8 INFO neutron.db.ovn_revision_numbers_db [None req-ff11fbed-4345-4ffd-85bc-603cda28a5d4 698f5103f25e4e61b661e35130bece94 601115997a914416b1966f12b287e8c4 - - default default] Successfully bumped revision number for resource 91e09e9a-a721-459e-8d31-7e2ae78e4ffd (type: networks) to 1
2026-05-30 06:33:07.215 8 WARNING neutron.scheduler.dhcp_agent_scheduler [None req-ff11fbed-4345-4ffd-85bc-603cda28a5d4 698f5103f25e4e61b661e35130bece94 601115997a914416b1966f12b287e8c4 - - default default] No more DHCP agents
2026-05-30 06:33:07.217 8 WARNING neutron.api.rpc.agentnotifiers.dhcp_rpc_agent_api [None req-ff11fbed-4345-4ffd-85bc-603cda28a5d4 698f5103f25e4e61b661e35130bece94 601115997a914416b1966f12b287e8c4 - - default default] Unable to schedule network 91e09e9a-a721-459e-8d31-7e2ae78e4ffd: no agents available; will retry on subsequent port and subnet creation events.
2026-05-30 06:33:07.289 8 INFO neutron.plugins.ml2.drivers.ovn.mech_driver.mech_driver [None req-7fe3b8a8-3dfe-4395-bbb2-8d09a1b94a0b - - - - - -] OVN reports status down for port: 8a1297b3-0725-48a0-bc2d-03340675f151
2026-05-30 06:33:07.343 8 INFO neutron.db.ovn_revision_numbers_db [None req-ff11fbed-4345-4ffd-85bc-603cda28a5d4 698f5103f25e4e61b661e35130bece94 601115997a914416b1966f12b287e8c4 - - default default] Successfully bumped revision number for resource 8a1297b3-0725-48a0-bc2d-03340675f151 (type: ports) to 1 [pid: 8|app: 0|req: 924/1992] 10.0.0.149 () {34 vars in 670 bytes} [Sat May 30 06:33:06 2026] POST /v2.0/networks => generated 632 bytes in 725 msecs (HTTP/1.1 201) 4 headers in 162 bytes (1 switches on core 0)
2026-05-30 06:33:07.398 8 INFO neutron.pecan_wsgi.hooks.translation [None req-c9316739-ed4b-45cc-9a1d-64fb7eb5db5c 3ff2f45b56554ab5af667fb02a2699d3 fef538b8221a458c966ae744c76147c5 - - default default] DELETE failed (client error): The resource could not be found. [pid: 8|app: 0|req: 925/1993] 10.0.0.149 () {32 vars in 724 bytes} [Sat May 30 06:33:07 2026] DELETE /v2.0/subnets/63c460a7-bf9e-41b9-8021-58cb909fc5d4 => generated 136 bytes in 13 msecs (HTTP/1.1 404) 4 headers in 164 bytes (1 switches on core 0) [pid: 8|app: 0|req: 926/1994] 10.0.0.116 () {28 vars in 591 bytes} [Sat May 30 06:33:07 2026] GET /v2.0/subnetpools => generated 19 bytes in 7 msecs (HTTP/1.1 200) 4 headers in 156 bytes (1 switches on core 0)
2026-05-30 06:33:07.528 8 INFO neutron.plugins.ml2.drivers.ovn.mech_driver.mech_driver [None req-7fe3b8a8-3dfe-4395-bbb2-8d09a1b94a0b - - - - - -] OVN reports status up for port: 8f6bbb9a-46f5-4dc4-bbde-3bf234f8aeeb
2026-05-30 06:33:07.541 8 INFO neutron.plugins.ml2.plugin [None req-7fe3b8a8-3dfe-4395-bbb2-8d09a1b94a0b - - - - - -] Attempt 1 to provision port 8f6bbb9a-46f5-4dc4-bbde-3bf234f8aeeb
2026-05-30 06:33:07.624 7 WARNING neutron.scheduler.dhcp_agent_scheduler [None req-19107580-c367-432e-abd3-81a7bc765c14 7cec0629f4174569a62f52662c852402 5dd0ef8886d74d398307a15a3523cfa9 - - default default] No more DHCP agents
2026-05-30 06:33:07.626 7 WARNING neutron.api.rpc.agentnotifiers.dhcp_rpc_agent_api [None req-19107580-c367-432e-abd3-81a7bc765c14 7cec0629f4174569a62f52662c852402 5dd0ef8886d74d398307a15a3523cfa9 - - default default] Unable to schedule network 248831ff-2e89-4ae4-8b26-67365ba79456: no agents available; will retry on subsequent port and subnet creation events.
2026-05-30 06:33:07.849 7 INFO neutron.db.ovn_revision_numbers_db [None req-19107580-c367-432e-abd3-81a7bc765c14 7cec0629f4174569a62f52662c852402 5dd0ef8886d74d398307a15a3523cfa9 - - default default] Successfully bumped revision number for resource 8f6bbb9a-46f5-4dc4-bbde-3bf234f8aeeb (type: router_ports) to 1 [pid: 7|app: 0|req: 1069/1995] 10.0.0.149 () {34 vars in 783 bytes} [Sat May 30 06:33:06 2026] PUT /v2.0/routers/67e6ad27-3aa6-4823-a67a-a6396f7d4a90/add_router_interface => generated 309 bytes in 1402 msecs (HTTP/1.1 200) 4 headers in 157 bytes (1 switches on core 0)
2026-05-30 06:33:08.010 8 INFO neutron.db.ovn_revision_numbers_db [None req-0984cc35-da70-4f9a-b55d-00459682c141 bd88c86941fb41c2a98bf5a71faad9bb 1983345ed0224933b3d92a411e5a55d6 - - default default] Successfully bumped revision number for resource d1e760d0-aaf2-43e7-883a-6be26b0a4afe (type: security_groups) to 1
2026-05-30 06:33:08.034 8 INFO neutron.db.ovn_revision_numbers_db [None req-0984cc35-da70-4f9a-b55d-00459682c141 bd88c86941fb41c2a98bf5a71faad9bb 1983345ed0224933b3d92a411e5a55d6 - - default default] Successfully bumped revision number for resource 318f3444-6d74-4c2f-bb8d-016500f9f223 (type: security_group_rules) to 0
2026-05-30 06:33:08.069 8 INFO neutron.db.ovn_revision_numbers_db [None req-0984cc35-da70-4f9a-b55d-00459682c141 bd88c86941fb41c2a98bf5a71faad9bb 1983345ed0224933b3d92a411e5a55d6 - - default default] Successfully bumped revision number for resource 696b0428-aa95-4976-bf35-30fc7cb62d4e (type: security_group_rules) to 0
2026-05-30 06:33:08.073 7 WARNING neutron.scheduler.dhcp_agent_scheduler [None req-053a31cc-a001-4615-aeb5-350f4629d943 698f5103f25e4e61b661e35130bece94 601115997a914416b1966f12b287e8c4 - - default default] No more DHCP agents
2026-05-30 06:33:08.074 7 WARNING neutron.api.rpc.agentnotifiers.dhcp_rpc_agent_api [None req-053a31cc-a001-4615-aeb5-350f4629d943 698f5103f25e4e61b661e35130bece94 601115997a914416b1966f12b287e8c4 - - default default] Unable to schedule network 91e09e9a-a721-459e-8d31-7e2ae78e4ffd: no agents available; will retry on subsequent port and subnet creation events.
2026-05-30 06:33:08.090 8 INFO neutron.db.ovn_revision_numbers_db [None req-0984cc35-da70-4f9a-b55d-00459682c141 bd88c86941fb41c2a98bf5a71faad9bb 1983345ed0224933b3d92a411e5a55d6 - - default default] Successfully bumped revision number for resource b41400d5-6e65-447b-a12d-4fcc32bd500f (type: security_group_rules) to 0
2026-05-30 06:33:08.113 8 INFO neutron.db.ovn_revision_numbers_db [None req-0984cc35-da70-4f9a-b55d-00459682c141 bd88c86941fb41c2a98bf5a71faad9bb 1983345ed0224933b3d92a411e5a55d6 - - default default] Successfully bumped revision number for resource c9e91d91-b711-431a-90d9-9e4e7605bcad (type: security_group_rules) to 0 [pid: 8|app: 0|req: 927/1996] 10.0.0.149 () {32 vars in 774 bytes} [Sat May 30 06:33:07 2026] GET /v2.0/security-groups?tenant_id=56a54cf2507a45b98bcb8f8a7492109f&name=default => generated 2925 bytes in 819 msecs (HTTP/1.1 200) 4 headers in 158 bytes (1 switches on core 0)
2026-05-30 06:33:08.255 8 INFO neutron.pecan_wsgi.hooks.translation [None req-c1abd390-1d78-435f-9d8b-b7a70e401c96 3ff2f45b56554ab5af667fb02a2699d3 fef538b8221a458c966ae744c76147c5 - - default default] DELETE failed (client error): The resource could not be found. [pid: 8|app: 0|req: 928/1997] 10.0.0.149 () {32 vars in 724 bytes} [Sat May 30 06:33:08 2026] DELETE /v2.0/subnets/ef2bd632-5ca9-4e16-86e1-4efff7283f90 => generated 136 bytes in 38 msecs (HTTP/1.1 404) 4 headers in 164 bytes (1 switches on core 0) [pid: 8|app: 0|req: 929/1998] 10.0.0.116 () {28 vars in 591 bytes} [Sat May 30 06:33:08 2026] GET /v2.0/floatingips => generated 19 bytes in 32 msecs (HTTP/1.1 200) 4 headers in 156 bytes (1 switches on core 0)
2026-05-30 06:33:08.326 8 INFO neutron.db.ovn_revision_numbers_db [None req-7fe3b8a8-3dfe-4395-bbb2-8d09a1b94a0b - - - - - -] Successfully bumped revision number for resource 8f6bbb9a-46f5-4dc4-bbde-3bf234f8aeeb (type: ports) to 2 [pid: 8|app: 0|req: 930/1999] 10.0.0.149 () {32 vars in 717 bytes} [Sat May 30 06:33:08 2026] GET /v2.0/ports/8f6bbb9a-46f5-4dc4-bbde-3bf234f8aeeb => generated 947 bytes in 71 msecs (HTTP/1.1 200) 4 headers in 157 bytes (1 switches on core 0)
2026-05-30 06:33:08.631 7 INFO neutron.db.ovn_revision_numbers_db [None req-32db2f67-b6aa-48ab-b6df-2035c665b04b - - - - - -] Successfully bumped revision number for resource 8a1297b3-0725-48a0-bc2d-03340675f151 (type: ports) to 2
2026-05-30 06:33:08.676 7 INFO neutron.db.ovn_revision_numbers_db [None req-32db2f67-b6aa-48ab-b6df-2035c665b04b - - - - - -] Successfully bumped revision number for resource fb347caf-241f-4df6-941f-a4a39b6dd637 (type: subnets) to 0 [pid: 7|app: 0|req: 1070/2000] 10.0.0.149 () {34 vars in 669 bytes} [Sat May 30 06:33:07 2026] POST /v2.0/subnets => generated 629 bytes in 843 msecs (HTTP/1.1 201) 4 headers in 162 bytes (1 switches on core 0) [pid: 8|app: 0|req: 931/2001] 10.0.0.149 () {32 vars in 740 bytes} [Sat May 30 06:33:08 2026] DELETE /v2.0/security-groups/d1e760d0-aaf2-43e7-883a-6be26b0a4afe => generated 0 bytes in 363 msecs (HTTP/1.1 204) 2 headers in 112 bytes (1 switches on core 0) [pid: 8|app: 0|req: 932/2002] 10.0.0.116 () {28 vars in 585 bytes} [Sat May 30 06:33:08 2026] GET /v2.0/networks => generated 7365 bytes in 76 msecs (HTTP/1.1 200) 4 headers in 158 bytes (1 switches on core 0)
2026-05-30 06:33:08.857 7 INFO neutron_taas.services.taas.taas_plugin [None req-bdc75212-3ea9-416b-867a-4a8ca7b466e1 3ff2f45b56554ab5af667fb02a2699d3 fef538b8221a458c966ae744c76147c5 - - default default] TaaS: Handle Delete Port: d88e4685-479c-46b5-9975-c0ef8bd4f94e
2026-05-30 06:33:08.860 7 INFO neutron_taas.services.taas.tap_mirror_plugin [None req-bdc75212-3ea9-416b-867a-4a8ca7b466e1 3ff2f45b56554ab5af667fb02a2699d3 fef538b8221a458c966ae744c76147c5 - - default default] Tap Mirror: Handle Delete Port: d88e4685-479c-46b5-9975-c0ef8bd4f94e [pid: 7|app: 0|req: 1071/2003] 10.0.0.149 () {32 vars in 720 bytes} [Sat May 30 06:33:08 2026] DELETE /v2.0/ports/d88e4685-479c-46b5-9975-c0ef8bd4f94e => generated 0 bytes in 329 msecs (HTTP/1.1 204) 3 headers in 131 bytes (1 switches on core 0)
2026-05-30 06:33:09.128 7 INFO neutron.db.segments_db [None req-3eaff92d-e062-41ce-9592-d6dcfc2e4f33 698f5103f25e4e61b661e35130bece94 601115997a914416b1966f12b287e8c4 - - default default] Added segment f81bc049-888a-402c-966d-ed6fc458e749 of type geneve for network 20f18b2a-72dd-47c8-9349-e8cbdabeb7e2
2026-05-30 06:33:09.254 7 INFO neutron.db.ovn_revision_numbers_db [None req-3eaff92d-e062-41ce-9592-d6dcfc2e4f33 698f5103f25e4e61b661e35130bece94 601115997a914416b1966f12b287e8c4 - - default default] Successfully bumped revision number for resource 20f18b2a-72dd-47c8-9349-e8cbdabeb7e2 (type: networks) to 1
2026-05-30 06:33:09.318 8 WARNING neutron.scheduler.dhcp_agent_scheduler [None req-ee478bed-9f53-4c44-b9cf-d4d815f43ea7 7cec0629f4174569a62f52662c852402 5dd0ef8886d74d398307a15a3523cfa9 - - default default] No more DHCP agents
2026-05-30 06:33:09.319 8 WARNING neutron.api.rpc.agentnotifiers.dhcp_rpc_agent_api [None req-ee478bed-9f53-4c44-b9cf-d4d815f43ea7 7cec0629f4174569a62f52662c852402 5dd0ef8886d74d398307a15a3523cfa9 - - default default] Unable to schedule network 68716202-e2fb-4c0c-861a-e6da3c5472b1: no agents available; will retry on subsequent port and subnet creation events.
2026-05-30 06:33:09.464 8 INFO neutron.db.ovn_revision_numbers_db [None req-ee478bed-9f53-4c44-b9cf-d4d815f43ea7 7cec0629f4174569a62f52662c852402 5dd0ef8886d74d398307a15a3523cfa9 - - default default] Successfully bumped revision number for resource 23abe4c7-6283-421e-82ca-68a44799140f (type: ports) to 1
2026-05-30 06:33:09.514 7 WARNING neutron.scheduler.dhcp_agent_scheduler [None req-3eaff92d-e062-41ce-9592-d6dcfc2e4f33 698f5103f25e4e61b661e35130bece94 601115997a914416b1966f12b287e8c4 - - default default] No more DHCP agents
2026-05-30 06:33:09.515 7 WARNING neutron.api.rpc.agentnotifiers.dhcp_rpc_agent_api [None req-3eaff92d-e062-41ce-9592-d6dcfc2e4f33 698f5103f25e4e61b661e35130bece94 601115997a914416b1966f12b287e8c4 - - default default] Unable to schedule network 20f18b2a-72dd-47c8-9349-e8cbdabeb7e2: no agents available; will retry on subsequent port and subnet creation events.
2026-05-30 06:33:09.637 7 INFO neutron.db.ovn_revision_numbers_db [None req-3eaff92d-e062-41ce-9592-d6dcfc2e4f33 698f5103f25e4e61b661e35130bece94 601115997a914416b1966f12b287e8c4 - - default default] Successfully bumped revision number for resource 2456c10d-4c43-4966-ad51-559ddb318516 (type: ports) to 1 [pid: 7|app: 0|req: 1072/2004] 10.0.0.149 () {34 vars in 670 bytes} [Sat May 30 06:33:09 2026] POST /v2.0/networks => generated 631 bytes in 630 msecs (HTTP/1.1 201) 4 headers in 162 bytes (1 switches on core 0) [pid: 7|app: 0|req: 1073/2005] 10.0.0.116 () {28 vars in 583 bytes} [Sat May 30 06:33:09 2026] GET /v2.0/subnets => generated 5170 bytes in 42 msecs (HTTP/1.1 200) 4 headers in 158 bytes (1 switches on core 0) [pid: 7|app: 0|req: 1074/2006] 10.0.0.149 () {32 vars in 774 bytes} [Sat May 30 06:33:09 2026] GET /v2.0/security-groups?tenant_id=62a5e18008284ac2b7ff3cb68181b9c2&name=default => generated 2925 bytes in 28 msecs (HTTP/1.1 200) 4 headers in 158 bytes (1 switches on core 0)
2026-05-30 06:33:09.828 7 INFO neutron_taas.services.taas.taas_plugin [None req-655e8c78-ee5b-4d5c-85a5-32dcac3938da 3ff2f45b56554ab5af667fb02a2699d3 fef538b8221a458c966ae744c76147c5 - - default default] TaaS: Handle Delete Port: b3db11c0-4ea1-4d6f-b9fe-25d901334feb
2026-05-30 06:33:09.830 7 INFO neutron_taas.services.taas.tap_mirror_plugin [None req-655e8c78-ee5b-4d5c-85a5-32dcac3938da 3ff2f45b56554ab5af667fb02a2699d3 fef538b8221a458c966ae744c76147c5 - - default default] Tap Mirror: Handle Delete Port: b3db11c0-4ea1-4d6f-b9fe-25d901334feb
2026-05-30 06:33:10.030 7 INFO neutron.services.segments.plugin [-] Segment 9d5ff99b-b948-474e-b162-beca14e40885 resource provider aggregate not found
2026-05-30 06:33:10.041 7 INFO neutron.services.segments.plugin [-] Segment 9d5ff99b-b948-474e-b162-beca14e40885 resource provider aggregate not found
2026-05-30 06:33:10.066 7 INFO neutron.services.segments.plugin [-] Segment 9d5ff99b-b948-474e-b162-beca14e40885 resource provider not found; error: Placement Client Error (4xx): {"errors": [{"status": 404, "title": "Not Found", "detail": "The resource could not be found.\n\n No resource provider with uuid 9d5ff99b-b948-474e-b162-beca14e40885 found for delete ", "request_id": "req-d49530a4-37ad-4ace-9627-7fe9aa0a1a33"}]}
2026-05-30 06:33:10.069 7 INFO neutron.services.segments.plugin [-] Segment 9d5ff99b-b948-474e-b162-beca14e40885 resource provider not found; error: Placement Client Error (4xx): {"errors": [{"status": 404, "title": "Not Found", "detail": "The resource could not be found.\n\n No resource provider with uuid 9d5ff99b-b948-474e-b162-beca14e40885 found for delete ", "request_id": "req-a3228c44-7a9f-46d3-93c9-1091bd434b62"}]} [pid: 7|app: 0|req: 1075/2007] 10.0.0.149 () {32 vars in 726 bytes} [Sat May 30 06:33:09 2026] DELETE /v2.0/networks/456301e6-2b08-45fc-994e-7a2c1351dc3c => generated 0 bytes in 380 msecs (HTTP/1.1 204) 3 headers in 131 bytes (1 switches on core 0)
2026-05-30 06:33:10.249 8 WARNING neutron.scheduler.dhcp_agent_scheduler [None req-ee478bed-9f53-4c44-b9cf-d4d815f43ea7 7cec0629f4174569a62f52662c852402 5dd0ef8886d74d398307a15a3523cfa9 - - default default] No more DHCP agents
2026-05-30 06:33:10.250 8 WARNING neutron.api.rpc.agentnotifiers.dhcp_rpc_agent_api [None req-ee478bed-9f53-4c44-b9cf-d4d815f43ea7 7cec0629f4174569a62f52662c852402 5dd0ef8886d74d398307a15a3523cfa9 - - default default] Unable to schedule network 68716202-e2fb-4c0c-861a-e6da3c5472b1: no agents available; will retry on subsequent port and subnet creation events.
2026-05-30 06:33:10.405 7 WARNING neutron.scheduler.dhcp_agent_scheduler [None req-d2da86b4-3b12-4f87-abe5-7fb0a69e9739 698f5103f25e4e61b661e35130bece94 601115997a914416b1966f12b287e8c4 - - default default] No more DHCP agents
2026-05-30 06:33:10.407 7 WARNING neutron.api.rpc.agentnotifiers.dhcp_rpc_agent_api [None req-d2da86b4-3b12-4f87-abe5-7fb0a69e9739 698f5103f25e4e61b661e35130bece94 601115997a914416b1966f12b287e8c4 - - default default] Unable to schedule network 20f18b2a-72dd-47c8-9349-e8cbdabeb7e2: no agents available; will retry on subsequent port and subnet creation events.
2026-05-30 06:33:10.552 8 INFO neutron.db.ovn_revision_numbers_db [None req-ee478bed-9f53-4c44-b9cf-d4d815f43ea7 7cec0629f4174569a62f52662c852402 5dd0ef8886d74d398307a15a3523cfa9 - - default default] Successfully bumped revision number for resource 23abe4c7-6283-421e-82ca-68a44799140f (type: router_ports) to 1 [pid: 8|app: 0|req: 933/2008] 10.0.0.149 () {34 vars in 783 bytes} [Sat May 30 06:33:08 2026] PUT /v2.0/routers/67e6ad27-3aa6-4823-a67a-a6396f7d4a90/add_router_interface => generated 309 bytes in 1754 msecs (HTTP/1.1 200) 4 headers in 157 bytes (1 switches on core 0) [pid: 8|app: 0|req: 934/2009] 10.0.0.116 () {28 vars in 619 bytes} [Sat May 30 06:33:10 2026] GET /v2.0/network-ip-availabilities => generated 4088 bytes in 15 msecs (HTTP/1.1 200) 4 headers in 158 bytes (1 switches on core 0) [pid: 8|app: 0|req: 935/2010] 10.0.0.149 () {32 vars in 740 bytes} [Sat May 30 06:33:10 2026] DELETE /v2.0/security-groups/5f74f28e-c5d5-43a0-9455-40d804fe6df2 => generated 0 bytes in 295 msecs (HTTP/1.1 204) 2 headers in 112 bytes (1 switches on core 0) [pid: 8|app: 0|req: 936/2011] 10.0.0.149 () {32 vars in 717 bytes} [Sat May 30 06:33:10 2026] GET /v2.0/ports/23abe4c7-6283-421e-82ca-68a44799140f => generated 953 bytes in 95 msecs (HTTP/1.1 200) 4 headers in 157 bytes (1 switches on core 0)
2026-05-30 06:33:11.028 7 INFO neutron.db.ovn_revision_numbers_db [None req-91226a5c-0394-49db-8a1f-6609ce882aa9 - - - - - -] Successfully bumped revision number for resource 2456c10d-4c43-4966-ad51-559ddb318516 (type: ports) to 2 [pid: 8|app: 0|req: 937/2012] 10.0.0.116 () {28 vars in 581 bytes} [Sat May 30 06:33:10 2026] GET /v2.0/agents => generated 1214 bytes in 107 msecs (HTTP/1.1 200) 4 headers in 158 bytes (1 switches on core 0)
2026-05-30 06:33:11.098 7 INFO neutron.db.ovn_revision_numbers_db [None req-91226a5c-0394-49db-8a1f-6609ce882aa9 - - - - - -] Successfully bumped revision number for resource f50e9593-98ab-47a4-aadf-9d075a027526 (type: subnets) to 0 [pid: 7|app: 0|req: 1076/2013] 10.0.0.149 () {34 vars in 669 bytes} [Sat May 30 06:33:10 2026] POST /v2.0/subnets => generated 629 bytes in 1011 msecs (HTTP/1.1 201) 4 headers in 162 bytes (1 switches on core 0) [pid: 7|app: 0|req: 1077/2014] 10.0.0.149 () {32 vars in 717 bytes} [Sat May 30 06:33:11 2026] GET /v2.0/ports/23abe4c7-6283-421e-82ca-68a44799140f => generated 953 bytes in 76 msecs (HTTP/1.1 200) 4 headers in 157 bytes (1 switches on core 0) [pid: 7|app: 0|req: 1078/2015] 10.0.0.116 () {28 vars in 599 bytes} [Sat May 30 06:33:11 2026] GET /v2.0/security-groups => generated 26113 bytes in 44 msecs (HTTP/1.1 200) 4 headers in 159 bytes (1 switches on core 0) [pid: 7|app: 0|req: 1079/2016] 10.0.0.149 () {34 vars in 751 bytes} [Sat May 30 06:33:11 2026] PUT /v2.0/subnets/ff7a8a5c-908c-4812-8acd-85a40a27596a/tags => generated 17 bytes in 50 msecs (HTTP/1.1 200) 4 headers in 156 bytes (1 switches on core 0) [pid: 8|app: 0|req: 938/2017] 10.0.0.149 () {32 vars in 774 bytes} [Sat May 30 06:33:11 2026] GET /v2.0/security-groups?tenant_id=fef538b8221a458c966ae744c76147c5&name=default => generated 2925 bytes in 269 msecs (HTTP/1.1 200) 4 headers in 158 bytes (1 switches on core 0) [pid: 7|app: 0|req: 1080/2018] 10.0.0.116 () {28 vars in 579 bytes} [Sat May 30 06:33:11 2026] GET /v2.0/ports => generated 14322 bytes in 76 msecs (HTTP/1.1 200) 4 headers in 159 bytes (1 switches on core 0) [pid: 8|app: 0|req: 939/2019] 10.0.0.149 () {34 vars in 751 bytes} [Sat May 30 06:33:11 2026] PUT /v2.0/subnets/8d6aba2d-62ad-41c8-86ad-b0c5bb40db79/tags => generated 25 bytes in 64 msecs (HTTP/1.1 200) 4 headers in 156 bytes (1 switches on core 0) [pid: 8|app: 0|req: 940/2020] 10.0.0.116 () {28 vars in 583 bytes} [Sat May 30 06:33:11 2026] GET /v2.0/routers => generated 628 bytes in 56 msecs (HTTP/1.1 200) 4 headers in 157 bytes (1 switches on core 0) [pid: 8|app: 0|req: 941/2021] 10.0.0.149 () {34 vars in 751 bytes} [Sat May 30 06:33:11 2026] PUT /v2.0/subnets/4e494a41-3690-46c5-adbb-3b537b04520a/tags => generated 34 bytes in 67 msecs (HTTP/1.1 200) 4 headers in 156 bytes (1 switches on core 0) [pid: 8|app: 0|req: 942/2022] 10.0.0.116 () {28 vars in 624 bytes} [Sat May 30 06:33:11 2026] GET /v2.0/agents?binary=ovn-controller => generated 416 bytes in 29 msecs (HTTP/1.1 200) 4 headers in 157 bytes (1 switches on core 0) [pid: 8|app: 0|req: 943/2023] 10.0.0.149 () {34 vars in 751 bytes} [Sat May 30 06:33:11 2026] PUT /v2.0/subnets/fb347caf-241f-4df6-941f-a4a39b6dd637/tags => generated 19 bytes in 61 msecs (HTTP/1.1 200) 4 headers in 156 bytes (1 switches on core 0) [pid: 7|app: 0|req: 1081/2024] 10.0.0.149 () {32 vars in 740 bytes} [Sat May 30 06:33:11 2026] DELETE /v2.0/security-groups/43e695bf-9f46-479b-a83f-a77fd27a55d5 => generated 0 bytes in 294 msecs (HTTP/1.1 204) 2 headers in 112 bytes (1 switches on core 0) [pid: 8|app: 0|req: 944/2025] 10.0.0.149 () {32 vars in 664 bytes} [Sat May 30 06:33:11 2026] GET /v2.0/subnets?tags=red => generated 1904 bytes in 69 msecs (HTTP/1.1 200) 4 headers in 158 bytes (1 switches on core 0) [pid: 7|app: 0|req: 1082/2026] 10.0.0.149 () {32 vars in 678 bytes} [Sat May 30 06:33:11 2026] GET /v2.0/subnets?tags=red%2Cblue => generated 1283 bytes in 45 msecs (HTTP/1.1 200) 4 headers in 158 bytes (1 switches on core 0) [pid: 8|app: 0|req: 945/2027] 10.0.0.149 () {32 vars in 674 bytes} [Sat May 30 06:33:11 2026] GET /v2.0/subnets?tags-any=blue => generated 1283 bytes in 38 msecs (HTTP/1.1 200) 4 headers in 158 bytes (1 switches on core 0) [pid: 7|app: 0|req: 1083/2028] 10.0.0.149 () {32 vars in 686 bytes} [Sat May 30 06:33:11 2026] GET /v2.0/subnets?tags-any=red%2Cblue => generated 1904 bytes in 49 msecs (HTTP/1.1 200) 4 headers in 158 bytes (1 switches on core 0) [pid: 8|app: 0|req: 946/2029] 10.0.0.149 () {32 vars in 672 bytes} [Sat May 30 06:33:11 2026] GET /v2.0/subnets?not-tags=red => generated 1894 bytes in 41 msecs (HTTP/1.1 200) 4 headers in 158 bytes (1 switches on core 0) [pid: 7|app: 0|req: 1084/2030] 10.0.0.149 () {32 vars in 686 bytes} [Sat May 30 06:33:11 2026] GET /v2.0/subnets?not-tags=red%2Cblue => generated 2515 bytes in 58 msecs (HTTP/1.1 200) 4 headers in 158 bytes (1 switches on core 0) [pid: 8|app: 0|req: 947/2031] 10.0.0.149 () {32 vars in 682 bytes} [Sat May 30 06:33:11 2026] GET /v2.0/subnets?not-tags-any=blue => generated 2515 bytes in 57 msecs (HTTP/1.1 200) 4 headers in 158 bytes (1 switches on core 0) [pid: 7|app: 0|req: 1085/2032] 10.0.0.149 () {32 vars in 694 bytes} [Sat May 30 06:33:12 2026] GET /v2.0/subnets?not-tags-any=red%2Cblue => generated 1894 bytes in 39 msecs (HTTP/1.1 200) 4 headers in 158 bytes (1 switches on core 0) [pid: 7|app: 0|req: 1086/2033] 10.0.0.149 () {32 vars in 717 bytes} [Sat May 30 06:33:12 2026] GET /v2.0/ports/23abe4c7-6283-421e-82ca-68a44799140f => generated 953 bytes in 69 msecs (HTTP/1.1 200) 4 headers in 157 bytes (1 switches on core 0) [pid: 8|app: 0|req: 948/2034] 10.0.0.149 () {32 vars in 724 bytes} [Sat May 30 06:33:12 2026] DELETE /v2.0/subnets/ff7a8a5c-908c-4812-8acd-85a40a27596a => generated 0 bytes in 187 msecs (HTTP/1.1 204) 3 headers in 131 bytes (1 switches on core 0)
2026-05-30 06:33:12.801 8 INFO neutron.db.ovn_revision_numbers_db [None req-77ad0d48-45b8-4dce-978f-01b8001e2160 bd88c86941fb41c2a98bf5a71faad9bb 1983345ed0224933b3d92a411e5a55d6 - - default default] Successfully bumped revision number for resource b80a504e-1f7b-441a-b4fb-23570af0e894 (type: security_groups) to 1
2026-05-30 06:33:12.813 8 INFO neutron.db.ovn_revision_numbers_db [None req-77ad0d48-45b8-4dce-978f-01b8001e2160 bd88c86941fb41c2a98bf5a71faad9bb 1983345ed0224933b3d92a411e5a55d6 - - default default] Successfully bumped revision number for resource 1802bd29-e51e-4f95-bfa6-31a0fd87e31c (type: security_group_rules) to 0
2026-05-30 06:33:12.825 8 INFO neutron.db.ovn_revision_numbers_db [None req-77ad0d48-45b8-4dce-978f-01b8001e2160 bd88c86941fb41c2a98bf5a71faad9bb 1983345ed0224933b3d92a411e5a55d6 - - default default] Successfully bumped revision number for resource 69a8029b-f069-4475-a0e7-793443c47ae5 (type: security_group_rules) to 0
2026-05-30 06:33:12.838 8 INFO neutron.db.ovn_revision_numbers_db [None req-77ad0d48-45b8-4dce-978f-01b8001e2160 bd88c86941fb41c2a98bf5a71faad9bb 1983345ed0224933b3d92a411e5a55d6 - - default default] Successfully bumped revision number for resource 93fea359-bf78-4aa9-bf06-a19d7fe30bc7 (type: security_group_rules) to 0
2026-05-30 06:33:12.853 8 INFO neutron.db.ovn_revision_numbers_db [None req-77ad0d48-45b8-4dce-978f-01b8001e2160 bd88c86941fb41c2a98bf5a71faad9bb 1983345ed0224933b3d92a411e5a55d6 - - default default] Successfully bumped revision number for resource d3547afd-c31e-448f-a900-330024f55706 (type: security_group_rules) to 0
2026-05-30 06:33:12.925 8 INFO neutron.db.segments_db [None req-77ad0d48-45b8-4dce-978f-01b8001e2160 bd88c86941fb41c2a98bf5a71faad9bb 1983345ed0224933b3d92a411e5a55d6 - - default default] Added segment 30c1427c-7bfa-4a88-9754-774e55281aa6 of type geneve for network 40437a76-dd84-4a37-acf4-dd6a17e7aafc
2026-05-30 06:33:13.062 8 INFO neutron.db.ovn_revision_numbers_db [None req-77ad0d48-45b8-4dce-978f-01b8001e2160 bd88c86941fb41c2a98bf5a71faad9bb 1983345ed0224933b3d92a411e5a55d6 - - default default] Successfully bumped revision number for resource 40437a76-dd84-4a37-acf4-dd6a17e7aafc (type: networks) to 1
2026-05-30 06:33:13.212 8 WARNING neutron.scheduler.dhcp_agent_scheduler [None req-77ad0d48-45b8-4dce-978f-01b8001e2160 bd88c86941fb41c2a98bf5a71faad9bb 1983345ed0224933b3d92a411e5a55d6 - - default default] No more DHCP agents
2026-05-30 06:33:13.213 8 WARNING neutron.api.rpc.agentnotifiers.dhcp_rpc_agent_api [None req-77ad0d48-45b8-4dce-978f-01b8001e2160 bd88c86941fb41c2a98bf5a71faad9bb 1983345ed0224933b3d92a411e5a55d6 - - default default] Unable to schedule network 40437a76-dd84-4a37-acf4-dd6a17e7aafc: no agents available; will retry on subsequent port and subnet creation events.
2026-05-30 06:33:13.322 8 INFO neutron.db.ovn_revision_numbers_db [None req-77ad0d48-45b8-4dce-978f-01b8001e2160 bd88c86941fb41c2a98bf5a71faad9bb 1983345ed0224933b3d92a411e5a55d6 - - default default] Successfully bumped revision number for resource f6e5a6e7-a402-4e41-9534-096c24b187be (type: ports) to 1 [pid: 8|app: 0|req: 949/2035] 10.0.0.149 () {34 vars in 671 bytes} [Sat May 30 06:33:12 2026] POST /v2.0/networks => generated 741 bytes in 863 msecs (HTTP/1.1 201) 4 headers in 162 bytes (1 switches on core 0) [pid: 7|app: 0|req: 1087/2036] 10.0.0.149 () {32 vars in 724 bytes} [Sat May 30 06:33:12 2026] DELETE /v2.0/subnets/8d6aba2d-62ad-41c8-86ad-b0c5bb40db79 => generated 0 bytes in 1072 msecs (HTTP/1.1 204) 3 headers in 131 bytes (1 switches on core 0) [pid: 8|app: 0|req: 950/2037] 10.0.0.149 () {32 vars in 717 bytes} [Sat May 30 06:33:13 2026] GET /v2.0/ports/23abe4c7-6283-421e-82ca-68a44799140f => generated 953 bytes in 31 msecs (HTTP/1.1 200) 4 headers in 157 bytes (1 switches on core 0)
2026-05-30 06:33:13.496 7 WARNING neutron.scheduler.dhcp_agent_scheduler [None req-bfc7e153-6d08-4398-ac4d-111d30e29b0b bd88c86941fb41c2a98bf5a71faad9bb 1983345ed0224933b3d92a411e5a55d6 - - default default] No more DHCP agents
2026-05-30 06:33:13.498 7 WARNING neutron.api.rpc.agentnotifiers.dhcp_rpc_agent_api [None req-bfc7e153-6d08-4398-ac4d-111d30e29b0b bd88c86941fb41c2a98bf5a71faad9bb 1983345ed0224933b3d92a411e5a55d6 - - default default] Unable to schedule network 40437a76-dd84-4a37-acf4-dd6a17e7aafc: no agents available; will retry on subsequent port and subnet creation events. [pid: 8|app: 0|req: 951/2038] 10.0.0.149 () {32 vars in 724 bytes} [Sat May 30 06:33:13 2026] DELETE /v2.0/subnets/4e494a41-3690-46c5-adbb-3b537b04520a => generated 0 bytes in 203 msecs (HTTP/1.1 204) 3 headers in 131 bytes (1 switches on core 0)
2026-05-30 06:33:14.081 8 INFO neutron.db.ovn_revision_numbers_db [None req-9a85e18e-f12e-4ca1-8774-40886a221717 291b8fb46144471293de4cf8c7c9950d 2413b11d23c94c54928f3eb20c03199c - - default default] Successfully bumped revision number for resource c2b1582d-58b3-4c11-800f-cec82600c3b7 (type: security_groups) to 1
2026-05-30 06:33:14.093 8 INFO neutron.db.ovn_revision_numbers_db [None req-9a85e18e-f12e-4ca1-8774-40886a221717 291b8fb46144471293de4cf8c7c9950d 2413b11d23c94c54928f3eb20c03199c - - default default] Successfully bumped revision number for resource 62029daf-ec93-4fd6-9b8a-55c80a585f30 (type: security_group_rules) to 0
2026-05-30 06:33:14.109 8 INFO neutron.db.ovn_revision_numbers_db [None req-9a85e18e-f12e-4ca1-8774-40886a221717 291b8fb46144471293de4cf8c7c9950d 2413b11d23c94c54928f3eb20c03199c - - default default] Successfully bumped revision number for resource 6ac9a576-a3ac-4d19-bf2d-32dd629153a3 (type: security_group_rules) to 0
2026-05-30 06:33:14.137 8 INFO neutron.db.ovn_revision_numbers_db [None req-9a85e18e-f12e-4ca1-8774-40886a221717 291b8fb46144471293de4cf8c7c9950d 2413b11d23c94c54928f3eb20c03199c - - default default] Successfully bumped revision number for resource b2b74f51-d3d0-4db9-9e5e-1ccf35bbdca2 (type: security_group_rules) to 0
2026-05-30 06:33:14.176 8 INFO neutron.db.ovn_revision_numbers_db [None req-9a85e18e-f12e-4ca1-8774-40886a221717 291b8fb46144471293de4cf8c7c9950d 2413b11d23c94c54928f3eb20c03199c - - default default] Successfully bumped revision number for resource cbaedd16-96b6-4127-b000-cafd7f41f097 (type: security_group_rules) to 0
2026-05-30 06:33:14.242 7 INFO neutron.db.ovn_revision_numbers_db [None req-bf0adbb6-5856-4302-8db6-868979e4b452 - - - - - -] Successfully bumped revision number for resource f6e5a6e7-a402-4e41-9534-096c24b187be (type: ports) to 2
2026-05-30 06:33:14.262 8 INFO neutron.db.segments_db [None req-9a85e18e-f12e-4ca1-8774-40886a221717 291b8fb46144471293de4cf8c7c9950d 2413b11d23c94c54928f3eb20c03199c - - default default] Added segment fdc4eb13-dd0a-4ae8-91b7-caa37543988f of type geneve for network 398c6433-b194-4e65-9750-d8744df0e477
2026-05-30 06:33:14.280 7 INFO neutron.db.ovn_revision_numbers_db [None req-bf0adbb6-5856-4302-8db6-868979e4b452 - - - - - -] Successfully bumped revision number for resource e492234f-154b-4017-9793-e298a2c24162 (type: subnets) to 0 [pid: 7|app: 0|req: 1088/2039] 10.0.0.149 () {34 vars in 669 bytes} [Sat May 30 06:33:13 2026] POST /v2.0/subnets => generated 686 bytes in 955 msecs (HTTP/1.1 201) 4 headers in 162 bytes (1 switches on core 0)
2026-05-30 06:33:14.321 8 WARNING neutron.plugins.ml2.drivers.ovn.mech_driver.ovsdb.ovn_client [None req-c896ef92-61cd-4303-8c97-7ac6fdf26194 - - - - - -] No hosting information found for port 8f6bbb9a-46f5-4dc4-bbde-3bf234f8aeeb: RuntimeError: No hosting information found for port 8f6bbb9a-46f5-4dc4-bbde-3bf234f8aeeb
2026-05-30 06:33:14.455 8 INFO neutron.db.ovn_revision_numbers_db [None req-9a85e18e-f12e-4ca1-8774-40886a221717 291b8fb46144471293de4cf8c7c9950d 2413b11d23c94c54928f3eb20c03199c - - default default] Successfully bumped revision number for resource 398c6433-b194-4e65-9750-d8744df0e477 (type: networks) to 1
2026-05-30 06:33:14.536 8 INFO neutron.db.ovn_revision_numbers_db [None req-c896ef92-61cd-4303-8c97-7ac6fdf26194 - - - - - -] Successfully bumped revision number for resource 8f6bbb9a-46f5-4dc4-bbde-3bf234f8aeeb (type: router_ports) to 2 [pid: 7|app: 0|req: 1089/2040] 10.0.0.149 () {32 vars in 724 bytes} [Sat May 30 06:33:14 2026] DELETE /v2.0/subnets/fb347caf-241f-4df6-941f-a4a39b6dd637 => generated 0 bytes in 234 msecs (HTTP/1.1 204) 3 headers in 131 bytes (1 switches on core 0)
2026-05-30 06:33:14.619 8 INFO neutron.plugins.ml2.drivers.ovn.mech_driver.mech_driver [None req-c896ef92-61cd-4303-8c97-7ac6fdf26194 - - - - - -] OVN reports status down for port: 23abe4c7-6283-421e-82ca-68a44799140f
2026-05-30 06:33:14.743 8 WARNING neutron.plugins.ml2.drivers.ovn.mech_driver.ovsdb.ovn_client [None req-c896ef92-61cd-4303-8c97-7ac6fdf26194 - - - - - -] Logical_Switch_Port 23abe4c7-6283-421e-82ca-68a44799140f host information not removed, the port state is up
2026-05-30 06:33:14.743 8 INFO neutron.plugins.ml2.drivers.ovn.mech_driver.mech_driver [None req-c896ef92-61cd-4303-8c97-7ac6fdf26194 - - - - - -] OVN reports status down for port: 2456c10d-4c43-4966-ad51-559ddb318516
2026-05-30 06:33:14.748 8 WARNING neutron.scheduler.dhcp_agent_scheduler [None req-9a85e18e-f12e-4ca1-8774-40886a221717 291b8fb46144471293de4cf8c7c9950d 2413b11d23c94c54928f3eb20c03199c - - default default] No more DHCP agents
2026-05-30 06:33:14.756 8 WARNING neutron.api.rpc.agentnotifiers.dhcp_rpc_agent_api [None req-9a85e18e-f12e-4ca1-8774-40886a221717 291b8fb46144471293de4cf8c7c9950d 2413b11d23c94c54928f3eb20c03199c - - default default] Unable to schedule network 398c6433-b194-4e65-9750-d8744df0e477: no agents available; will retry on subsequent port and subnet creation events.
2026-05-30 06:33:14.899 8 INFO neutron.plugins.ml2.drivers.ovn.mech_driver.mech_driver [None req-c896ef92-61cd-4303-8c97-7ac6fdf26194 - - - - - -] OVN reports status up for port: 23abe4c7-6283-421e-82ca-68a44799140f
2026-05-30 06:33:14.927 8 INFO neutron.plugins.ml2.plugin [None req-c896ef92-61cd-4303-8c97-7ac6fdf26194 - - - - - -] Attempt 1 to provision port 23abe4c7-6283-421e-82ca-68a44799140f
2026-05-30 06:33:14.950 8 INFO neutron.db.ovn_revision_numbers_db [None req-9a85e18e-f12e-4ca1-8774-40886a221717 291b8fb46144471293de4cf8c7c9950d 2413b11d23c94c54928f3eb20c03199c - - default default] Successfully bumped revision number for resource 8f87bdcf-93e2-486a-89d7-f3f3d8866759 (type: ports) to 1 [pid: 8|app: 0|req: 952/2041] 10.0.0.149 () {34 vars in 670 bytes} [Sat May 30 06:33:13 2026] POST /v2.0/networks => generated 630 bytes in 1425 msecs (HTTP/1.1 201) 4 headers in 162 bytes (1 switches on core 0) [pid: 8|app: 0|req: 953/2042] 10.0.0.149 () {32 vars in 717 bytes} [Sat May 30 06:33:15 2026] GET /v2.0/ports/23abe4c7-6283-421e-82ca-68a44799140f => generated 953 bytes in 64 msecs (HTTP/1.1 200) 4 headers in 157 bytes (1 switches on core 0)
2026-05-30 06:33:15.090 7 WARNING neutron.scheduler.dhcp_agent_scheduler [None req-e993d1bf-0801-4b56-a0d9-cc8d51d928a8 bd88c86941fb41c2a98bf5a71faad9bb 1983345ed0224933b3d92a411e5a55d6 - - default default] No more DHCP agents
2026-05-30 06:33:15.092 7 WARNING neutron.api.rpc.agentnotifiers.dhcp_rpc_agent_api [None req-e993d1bf-0801-4b56-a0d9-cc8d51d928a8 bd88c86941fb41c2a98bf5a71faad9bb 1983345ed0224933b3d92a411e5a55d6 - - default default] Unable to schedule network 72701137-22bd-46d7-9603-d8f47165bee0: no agents available; will retry on subsequent port and subnet creation events.
2026-05-30 06:33:15.286 7 INFO neutron.db.ovn_revision_numbers_db [None req-e993d1bf-0801-4b56-a0d9-cc8d51d928a8 bd88c86941fb41c2a98bf5a71faad9bb 1983345ed0224933b3d92a411e5a55d6 - - default default] Successfully bumped revision number for resource d2abb86a-4671-4a0e-9c5e-8f1cf0535f3d (type: ports) to 1
2026-05-30 06:33:15.849 7 INFO neutron.plugins.ml2.drivers.ovn.mech_driver.ovsdb.commands [-] Schedule LRP lrp-d2abb86a-4671-4a0e-9c5e-8f1cf0535f3d on gateway e4592527-7b5a-4248-84e5-f80b012c950c with priority 1
2026-05-30 06:33:16.027 7 INFO neutron.db.ovn_revision_numbers_db [None req-e993d1bf-0801-4b56-a0d9-cc8d51d928a8 bd88c86941fb41c2a98bf5a71faad9bb 1983345ed0224933b3d92a411e5a55d6 - - default default] Successfully bumped revision number for resource d2abb86a-4671-4a0e-9c5e-8f1cf0535f3d (type: router_ports) to 1
2026-05-30 06:33:16.099 7 INFO neutron.db.ovn_revision_numbers_db [None req-e993d1bf-0801-4b56-a0d9-cc8d51d928a8 bd88c86941fb41c2a98bf5a71faad9bb 1983345ed0224933b3d92a411e5a55d6 - - default default] Successfully bumped revision number for resource 73b8df7d-ade7-48cb-ad31-3593bc0ef6a7 (type: routers) to 2 [pid: 7|app: 0|req: 1090/2043] 10.0.0.149 () {34 vars in 669 bytes} [Sat May 30 06:33:14 2026] POST /v2.0/routers => generated 964 bytes in 1570 msecs (HTTP/1.1 201) 4 headers in 162 bytes (1 switches on core 0)
2026-05-30 06:33:16.265 7 INFO neutron.db.segments_db [None req-20cd82f4-d419-4a77-945c-a67461eacd04 291b8fb46144471293de4cf8c7c9950d 2413b11d23c94c54928f3eb20c03199c - - default default] Added segment 39694a10-ed3f-42e0-911f-fbb10cd463a5 of type geneve for network 9c403098-6d4a-476e-9d74-85061fc47599
2026-05-30 06:33:16.402 7 INFO neutron.db.ovn_revision_numbers_db [None req-20cd82f4-d419-4a77-945c-a67461eacd04 291b8fb46144471293de4cf8c7c9950d 2413b11d23c94c54928f3eb20c03199c - - default default] Successfully bumped revision number for resource 9c403098-6d4a-476e-9d74-85061fc47599 (type: networks) to 1
2026-05-30 06:33:16.600 7 WARNING neutron.scheduler.dhcp_agent_scheduler [None req-20cd82f4-d419-4a77-945c-a67461eacd04 291b8fb46144471293de4cf8c7c9950d 2413b11d23c94c54928f3eb20c03199c - - default default] No more DHCP agents
2026-05-30 06:33:16.602 7 WARNING neutron.api.rpc.agentnotifiers.dhcp_rpc_agent_api [None req-20cd82f4-d419-4a77-945c-a67461eacd04 291b8fb46144471293de4cf8c7c9950d 2413b11d23c94c54928f3eb20c03199c - - default default] Unable to schedule network 9c403098-6d4a-476e-9d74-85061fc47599: no agents available; will retry on subsequent port and subnet creation events. [pid: 8|app: 0|req: 954/2044] 10.0.0.149 () {32 vars in 724 bytes} [Sat May 30 06:33:15 2026] DELETE /v2.0/subnets/f50e9593-98ab-47a4-aadf-9d075a027526 => generated 0 bytes in 1562 msecs (HTTP/1.1 204) 3 headers in 131 bytes (1 switches on core 0)
2026-05-30 06:33:16.741 7 INFO neutron.db.ovn_revision_numbers_db [None req-20cd82f4-d419-4a77-945c-a67461eacd04 291b8fb46144471293de4cf8c7c9950d 2413b11d23c94c54928f3eb20c03199c - - default default] Successfully bumped revision number for resource 958a3a24-9455-4f6c-b44a-eae3e11a8e4b (type: ports) to 1 [pid: 7|app: 0|req: 1091/2045] 10.0.0.149 () {34 vars in 670 bytes} [Sat May 30 06:33:16 2026] POST /v2.0/networks => generated 630 bytes in 655 msecs (HTTP/1.1 201) 4 headers in 162 bytes (1 switches on core 0) [pid: 8|app: 0|req: 955/2046] 10.0.0.149 () {32 vars in 717 bytes} [Sat May 30 06:33:16 2026] GET /v2.0/ports/23abe4c7-6283-421e-82ca-68a44799140f => generated 955 bytes in 183 msecs (HTTP/1.1 200) 4 headers in 157 bytes (1 switches on core 0)
2026-05-30 06:33:17.083 8 INFO neutron_taas.services.taas.taas_plugin [None req-aed3ad50-847f-4be9-a26d-2bcffd144a18 698f5103f25e4e61b661e35130bece94 601115997a914416b1966f12b287e8c4 - - default default] TaaS: Handle Delete Port: 2bde5c5a-1900-4fb7-b595-3d082a450322
2026-05-30 06:33:17.088 8 INFO neutron_taas.services.taas.tap_mirror_plugin [None req-aed3ad50-847f-4be9-a26d-2bcffd144a18 698f5103f25e4e61b661e35130bece94 601115997a914416b1966f12b287e8c4 - - default default] Tap Mirror: Handle Delete Port: 2bde5c5a-1900-4fb7-b595-3d082a450322
2026-05-30 06:33:17.102 8 INFO neutron.db.ovn_revision_numbers_db [None req-c896ef92-61cd-4303-8c97-7ac6fdf26194 - - - - - -] Successfully bumped revision number for resource 23abe4c7-6283-421e-82ca-68a44799140f (type: ports) to 2
2026-05-30 06:33:17.299 7 WARNING neutron.scheduler.dhcp_agent_scheduler [None req-68536447-3bfc-422c-b83f-89a4ae131500 bd88c86941fb41c2a98bf5a71faad9bb 1983345ed0224933b3d92a411e5a55d6 - - default default] No more DHCP agents
2026-05-30 06:33:17.301 7 WARNING neutron.api.rpc.agentnotifiers.dhcp_rpc_agent_api [None req-68536447-3bfc-422c-b83f-89a4ae131500 bd88c86941fb41c2a98bf5a71faad9bb 1983345ed0224933b3d92a411e5a55d6 - - default default] Unable to schedule network 40437a76-dd84-4a37-acf4-dd6a17e7aafc: no agents available; will retry on subsequent port and subnet creation events.
2026-05-30 06:33:17.352 8 INFO neutron.services.segments.plugin [-] Segment ae6248e7-5e10-457b-841d-cf5c34093cf0 resource provider aggregate not found
2026-05-30 06:33:17.356 8 INFO neutron.services.segments.plugin [-] Segment ae6248e7-5e10-457b-841d-cf5c34093cf0 resource provider aggregate not found
2026-05-30 06:33:17.374 8 INFO neutron.services.segments.plugin [-] Segment ae6248e7-5e10-457b-841d-cf5c34093cf0 resource provider not found; error: Placement Client Error (4xx): {"errors": [{"status": 404, "title": "Not Found", "detail": "The resource could not be found.\n\n No resource provider with uuid ae6248e7-5e10-457b-841d-cf5c34093cf0 found for delete ", "request_id": "req-fea98696-0422-48dc-8b89-c05991330737"}]}
2026-05-30 06:33:17.380 8 INFO neutron.services.segments.plugin [-] Segment ae6248e7-5e10-457b-841d-cf5c34093cf0 resource provider not found; error: Placement Client Error (4xx): {"errors": [{"status": 404, "title": "Not Found", "detail": "The resource could not be found.\n\n No resource provider with uuid ae6248e7-5e10-457b-841d-cf5c34093cf0 found for delete ", "request_id": "req-3ca645e4-5a1f-4a6b-8b44-fc0b2dd6d2d7"}]} [pid: 8|app: 0|req: 956/2047] 10.0.0.149 () {32 vars in 726 bytes} [Sat May 30 06:33:16 2026] DELETE /v2.0/networks/b9197aae-53ae-428b-89dc-d7fabf537996 => generated 0 bytes in 620 msecs (HTTP/1.1 204) 3 headers in 131 bytes (1 switches on core 0)
2026-05-30 06:33:17.502 7 INFO neutron.db.ovn_revision_numbers_db [None req-68536447-3bfc-422c-b83f-89a4ae131500 bd88c86941fb41c2a98bf5a71faad9bb 1983345ed0224933b3d92a411e5a55d6 - - default default] Successfully bumped revision number for resource 4b9c7515-a14b-482a-8397-f16cdca97463 (type: ports) to 1
2026-05-30 06:33:17.678 8 WARNING neutron.scheduler.dhcp_agent_scheduler [None req-586b34ba-dd03-4787-9c09-4a462ca27634 291b8fb46144471293de4cf8c7c9950d 2413b11d23c94c54928f3eb20c03199c - - default default] No more DHCP agents
2026-05-30 06:33:17.679 8 WARNING neutron.api.rpc.agentnotifiers.dhcp_rpc_agent_api [None req-586b34ba-dd03-4787-9c09-4a462ca27634 291b8fb46144471293de4cf8c7c9950d 2413b11d23c94c54928f3eb20c03199c - - default default] Unable to schedule network 398c6433-b194-4e65-9750-d8744df0e477: no agents available; will retry on subsequent port and subnet creation events.
2026-05-30 06:33:18.191 8 INFO neutron.db.ovn_revision_numbers_db [None req-2581cd8b-48a3-43c0-9919-b56009f9363a - - - - - -] Successfully bumped revision number for resource 8f87bdcf-93e2-486a-89d7-f3f3d8866759 (type: ports) to 2
