2026-05-30 06:30:36.347 7 INFO cinder.api.openstack.wsgi [req-0f1d9cc1-74c6-46bf-98b3-3aa20457f439 req-a52e6640-86ec-4de6-8320-f2857a8069af d2615deba9cc4ab0b035054af10af72e c481b814990c4b41b4958266f7bd3e0b - - default default] http://cinder-api.openstack.svc.cluster.local:8776/v3/c481b814990c4b41b4958266f7bd3e0b/attachments/d57567b3-cda8-4191-ae92-8f47f9fc4d94 returned with HTTP 200 [pid: 7|app: 0|req: 375/747] 199.204.45.205 () {38 vars in 1103 bytes} [Sat May 30 06:30:35 2026] DELETE /v3/c481b814990c4b41b4958266f7bd3e0b/attachments/d57567b3-cda8-4191-ae92-8f47f9fc4d94 => generated 19 bytes in 581 msecs (HTTP/1.1 200) 7 headers in 285 bytes (1 switches on core 0)
2026-05-30 06:30:36.365 8 INFO cinder.api.openstack.wsgi [req-0f1d9cc1-74c6-46bf-98b3-3aa20457f439 req-4f256fec-906c-4e13-adb1-4a8ec13ff7bb d2615deba9cc4ab0b035054af10af72e c481b814990c4b41b4958266f7bd3e0b - - default default] DELETE http://cinder-api.openstack.svc.cluster.local:8776/v3/c481b814990c4b41b4958266f7bd3e0b/volumes/6e90f5e5-ed16-4d5a-8520-f41020685e4e
2026-05-30 06:30:36.365 8 INFO cinder.api.v3.volumes [req-0f1d9cc1-74c6-46bf-98b3-3aa20457f439 req-4f256fec-906c-4e13-adb1-4a8ec13ff7bb d2615deba9cc4ab0b035054af10af72e c481b814990c4b41b4958266f7bd3e0b - - default default] Delete volume with id: 6e90f5e5-ed16-4d5a-8520-f41020685e4e /var/lib/openstack/lib/python3.12/site-packages/oslo_context/context.py:100: DeprecationWarning: Policy enforcement is depending on the value of is_admin. This key is deprecated. Please update your policy file to use the standard policy values. warnings.warn('Policy enforcement is depending on the value of '
2026-05-30 06:30:36.376 8 INFO cinder.volume.api [req-0f1d9cc1-74c6-46bf-98b3-3aa20457f439 req-4f256fec-906c-4e13-adb1-4a8ec13ff7bb d2615deba9cc4ab0b035054af10af72e c481b814990c4b41b4958266f7bd3e0b - - default default] Volume info retrieved successfully.
2026-05-30 06:30:36.404 8 INFO cinder.volume.api [req-0f1d9cc1-74c6-46bf-98b3-3aa20457f439 req-4f256fec-906c-4e13-adb1-4a8ec13ff7bb d2615deba9cc4ab0b035054af10af72e c481b814990c4b41b4958266f7bd3e0b - - default default] Delete volume request issued successfully.
2026-05-30 06:30:36.404 8 INFO cinder.api.openstack.wsgi [req-0f1d9cc1-74c6-46bf-98b3-3aa20457f439 req-4f256fec-906c-4e13-adb1-4a8ec13ff7bb d2615deba9cc4ab0b035054af10af72e c481b814990c4b41b4958266f7bd3e0b - - default default] http://cinder-api.openstack.svc.cluster.local:8776/v3/c481b814990c4b41b4958266f7bd3e0b/volumes/6e90f5e5-ed16-4d5a-8520-f41020685e4e returned with HTTP 202 [pid: 8|app: 0|req: 373/748] 199.204.45.205 () {36 vars in 1054 bytes} [Sat May 30 06:30:36 2026] DELETE /v3/c481b814990c4b41b4958266f7bd3e0b/volumes/6e90f5e5-ed16-4d5a-8520-f41020685e4e => generated 0 bytes in 45 msecs (HTTP/1.1 202) 6 headers in 233 bytes (1 switches on core 0)
2026-05-30 06:30:45.586 8 INFO cinder.api.openstack.wsgi [req-0f1d9cc1-74c6-46bf-98b3-3aa20457f439 req-4f256fec-906c-4e13-adb1-4a8ec13ff7bb d2615deba9cc4ab0b035054af10af72e c481b814990c4b41b4958266f7bd3e0b - - default default] GET http://10.0.0.129:8776/
2026-05-30 06:30:45.586 7 INFO cinder.api.openstack.wsgi [req-0f1d9cc1-74c6-46bf-98b3-3aa20457f439 req-a52e6640-86ec-4de6-8320-f2857a8069af d2615deba9cc4ab0b035054af10af72e c481b814990c4b41b4958266f7bd3e0b - - default default] GET http://10.0.0.129:8776/
2026-05-30 06:30:45.588 7 INFO cinder.api.openstack.wsgi [req-0f1d9cc1-74c6-46bf-98b3-3aa20457f439 req-a52e6640-86ec-4de6-8320-f2857a8069af d2615deba9cc4ab0b035054af10af72e c481b814990c4b41b4958266f7bd3e0b - - default default] http://10.0.0.129:8776/ returned with HTTP 300
2026-05-30 06:30:45.588 8 INFO cinder.api.openstack.wsgi [req-0f1d9cc1-74c6-46bf-98b3-3aa20457f439 req-4f256fec-906c-4e13-adb1-4a8ec13ff7bb d2615deba9cc4ab0b035054af10af72e c481b814990c4b41b4958266f7bd3e0b - - default default] http://10.0.0.129:8776/ returned with HTTP 300
2026-05-30 06:30:55.590 8 INFO cinder.api.openstack.wsgi [req-0f1d9cc1-74c6-46bf-98b3-3aa20457f439 req-4f256fec-906c-4e13-adb1-4a8ec13ff7bb d2615deba9cc4ab0b035054af10af72e c481b814990c4b41b4958266f7bd3e0b - - default default] GET http://10.0.0.129:8776/
2026-05-30 06:30:55.590 7 INFO cinder.api.openstack.wsgi [req-0f1d9cc1-74c6-46bf-98b3-3aa20457f439 req-a52e6640-86ec-4de6-8320-f2857a8069af d2615deba9cc4ab0b035054af10af72e c481b814990c4b41b4958266f7bd3e0b - - default default] GET http://10.0.0.129:8776/
2026-05-30 06:30:55.590 8 INFO cinder.api.openstack.wsgi [req-0f1d9cc1-74c6-46bf-98b3-3aa20457f439 req-4f256fec-906c-4e13-adb1-4a8ec13ff7bb d2615deba9cc4ab0b035054af10af72e c481b814990c4b41b4958266f7bd3e0b - - default default] http://10.0.0.129:8776/ returned with HTTP 300
2026-05-30 06:30:55.591 7 INFO cinder.api.openstack.wsgi [req-0f1d9cc1-74c6-46bf-98b3-3aa20457f439 req-a52e6640-86ec-4de6-8320-f2857a8069af d2615deba9cc4ab0b035054af10af72e c481b814990c4b41b4958266f7bd3e0b - - default default] http://10.0.0.129:8776/ returned with HTTP 300
2026-05-30 06:31:05.587 7 INFO cinder.api.openstack.wsgi [req-0f1d9cc1-74c6-46bf-98b3-3aa20457f439 req-a52e6640-86ec-4de6-8320-f2857a8069af d2615deba9cc4ab0b035054af10af72e c481b814990c4b41b4958266f7bd3e0b - - default default] GET http://10.0.0.129:8776/
2026-05-30 06:31:05.587 8 INFO cinder.api.openstack.wsgi [req-0f1d9cc1-74c6-46bf-98b3-3aa20457f439 req-4f256fec-906c-4e13-adb1-4a8ec13ff7bb d2615deba9cc4ab0b035054af10af72e c481b814990c4b41b4958266f7bd3e0b - - default default] GET http://10.0.0.129:8776/
2026-05-30 06:31:05.588 7 INFO cinder.api.openstack.wsgi [req-0f1d9cc1-74c6-46bf-98b3-3aa20457f439 req-a52e6640-86ec-4de6-8320-f2857a8069af d2615deba9cc4ab0b035054af10af72e c481b814990c4b41b4958266f7bd3e0b - - default default] http://10.0.0.129:8776/ returned with HTTP 300
2026-05-30 06:31:05.588 8 INFO cinder.api.openstack.wsgi [req-0f1d9cc1-74c6-46bf-98b3-3aa20457f439 req-4f256fec-906c-4e13-adb1-4a8ec13ff7bb d2615deba9cc4ab0b035054af10af72e c481b814990c4b41b4958266f7bd3e0b - - default default] http://10.0.0.129:8776/ returned with HTTP 300 /var/lib/openstack/lib/python3.12/site-packages/pycadf/identifier.py:70: UserWarning: Invalid uuid: cinderv3. To ensure interoperability, identifiers should be a valid uuid. warnings.warn(('Invalid uuid: %s. To ensure interoperability, '
2026-05-30 06:31:06.510 7 INFO cinder.api.openstack.wsgi [None req-eb86c13d-85f1-4974-9b99-f3fd3b6bc76b bd88c86941fb41c2a98bf5a71faad9bb 1983345ed0224933b3d92a411e5a55d6 - - default default] GET http://cinder-api.openstack.svc.cluster.local:8776/v3/1983345ed0224933b3d92a411e5a55d6/volumes/detail?all_tenants=true /var/lib/openstack/lib/python3.12/site-packages/oslo_context/context.py:100: DeprecationWarning: Policy enforcement is depending on the value of is_admin. This key is deprecated. Please update your policy file to use the standard policy values. warnings.warn('Policy enforcement is depending on the value of '
2026-05-30 06:31:06.521 7 INFO cinder.volume.api [None req-eb86c13d-85f1-4974-9b99-f3fd3b6bc76b bd88c86941fb41c2a98bf5a71faad9bb 1983345ed0224933b3d92a411e5a55d6 - - default default] Get all volumes completed successfully.
2026-05-30 06:31:06.523 7 INFO cinder.api.openstack.wsgi [None req-eb86c13d-85f1-4974-9b99-f3fd3b6bc76b bd88c86941fb41c2a98bf5a71faad9bb 1983345ed0224933b3d92a411e5a55d6 - - default default] http://cinder-api.openstack.svc.cluster.local:8776/v3/1983345ed0224933b3d92a411e5a55d6/volumes/detail?all_tenants=true returned with HTTP 200 [pid: 7|app: 0|req: 379/755] 10.0.0.116 () {28 vars in 684 bytes} [Sat May 30 06:31:06 2026] GET /v3/1983345ed0224933b3d92a411e5a55d6/volumes/detail?all_tenants=true => generated 15 bytes in 329 msecs (HTTP/1.1 200) 7 headers in 284 bytes (1 switches on core 0) /var/lib/openstack/lib/python3.12/site-packages/pycadf/identifier.py:70: UserWarning: Invalid uuid: cinderv3. To ensure interoperability, identifiers should be a valid uuid. warnings.warn(('Invalid uuid: %s. To ensure interoperability, '
2026-05-30 06:31:06.538 8 INFO cinder.api.openstack.wsgi [None req-4cc1301f-8748-426b-bfc7-9c936cd3ed43 bd88c86941fb41c2a98bf5a71faad9bb 1983345ed0224933b3d92a411e5a55d6 - - default default] GET http://cinder-api.openstack.svc.cluster.local:8776/v3/1983345ed0224933b3d92a411e5a55d6/snapshots?all_tenants=true
2026-05-30 06:31:06.544 8 INFO cinder.volume.api [None req-4cc1301f-8748-426b-bfc7-9c936cd3ed43 bd88c86941fb41c2a98bf5a71faad9bb 1983345ed0224933b3d92a411e5a55d6 - - default default] Get all snapshots completed successfully.
2026-05-30 06:31:06.544 8 INFO cinder.api.openstack.wsgi [None req-4cc1301f-8748-426b-bfc7-9c936cd3ed43 bd88c86941fb41c2a98bf5a71faad9bb 1983345ed0224933b3d92a411e5a55d6 - - default default] http://cinder-api.openstack.svc.cluster.local:8776/v3/1983345ed0224933b3d92a411e5a55d6/snapshots?all_tenants=true returned with HTTP 200 [pid: 8|app: 0|req: 377/756] 10.0.0.116 () {28 vars in 674 bytes} [Sat May 30 06:31:06 2026] GET /v3/1983345ed0224933b3d92a411e5a55d6/snapshots?all_tenants=true => generated 17 bytes in 15 msecs (HTTP/1.1 200) 7 headers in 284 bytes (1 switches on core 0)
2026-05-30 06:31:06.585 7 INFO cinder.api.openstack.wsgi [None req-5e84f78e-0a07-4d9f-ad6e-4de19b9c24d6 bd88c86941fb41c2a98bf5a71faad9bb 1983345ed0224933b3d92a411e5a55d6 - - default default] GET http://cinder-api.openstack.svc.cluster.local:8776/v3/1983345ed0224933b3d92a411e5a55d6/os-quota-sets/054cdf438e374bba8dbe7c0c55ec0d13?usage=true
2026-05-30 06:31:06.612 7 INFO cinder.api.openstack.wsgi [None req-5e84f78e-0a07-4d9f-ad6e-4de19b9c24d6 bd88c86941fb41c2a98bf5a71faad9bb 1983345ed0224933b3d92a411e5a55d6 - - default default] http://cinder-api.openstack.svc.cluster.local:8776/v3/1983345ed0224933b3d92a411e5a55d6/os-quota-sets/054cdf438e374bba8dbe7c0c55ec0d13?usage=true returned with HTTP 200 [pid: 7|app: 0|req: 380/757] 10.0.0.116 () {28 vars in 736 bytes} [Sat May 30 06:31:06 2026] GET /v3/1983345ed0224933b3d92a411e5a55d6/os-quota-sets/054cdf438e374bba8dbe7c0c55ec0d13?usage=true => generated 847 bytes in 35 msecs (HTTP/1.1 200) 7 headers in 285 bytes (1 switches on core 0)
2026-05-30 06:31:06.623 8 INFO cinder.api.openstack.wsgi [None req-229ad98e-0a53-4677-99be-06ea4229f844 bd88c86941fb41c2a98bf5a71faad9bb 1983345ed0224933b3d92a411e5a55d6 - - default default] GET http://cinder-api.openstack.svc.cluster.local:8776/v3/1983345ed0224933b3d92a411e5a55d6/os-quota-sets/1983345ed0224933b3d92a411e5a55d6?usage=true
2026-05-30 06:31:06.653 8 INFO cinder.api.openstack.wsgi [None req-229ad98e-0a53-4677-99be-06ea4229f844 bd88c86941fb41c2a98bf5a71faad9bb 1983345ed0224933b3d92a411e5a55d6 - - default default] http://cinder-api.openstack.svc.cluster.local:8776/v3/1983345ed0224933b3d92a411e5a55d6/os-quota-sets/1983345ed0224933b3d92a411e5a55d6?usage=true returned with HTTP 200 [pid: 8|app: 0|req: 378/758] 10.0.0.116 () {28 vars in 736 bytes} [Sat May 30 06:31:06 2026] GET /v3/1983345ed0224933b3d92a411e5a55d6/os-quota-sets/1983345ed0224933b3d92a411e5a55d6?usage=true => generated 845 bytes in 35 msecs (HTTP/1.1 200) 7 headers in 285 bytes (1 switches on core 0)
2026-05-30 06:31:06.665 7 INFO cinder.api.openstack.wsgi [None req-18df75ff-e227-4ac9-93be-9270af3999fe bd88c86941fb41c2a98bf5a71faad9bb 1983345ed0224933b3d92a411e5a55d6 - - default default] GET http://cinder-api.openstack.svc.cluster.local:8776/v3/1983345ed0224933b3d92a411e5a55d6/os-quota-sets/46c81aaa5b504a1a83448fefe38788ec?usage=true
2026-05-30 06:31:06.691 7 INFO cinder.api.openstack.wsgi [None req-18df75ff-e227-4ac9-93be-9270af3999fe bd88c86941fb41c2a98bf5a71faad9bb 1983345ed0224933b3d92a411e5a55d6 - - default default] http://cinder-api.openstack.svc.cluster.local:8776/v3/1983345ed0224933b3d92a411e5a55d6/os-quota-sets/46c81aaa5b504a1a83448fefe38788ec?usage=true returned with HTTP 200 [pid: 7|app: 0|req: 381/759] 10.0.0.116 () {28 vars in 736 bytes} [Sat May 30 06:31:06 2026] GET /v3/1983345ed0224933b3d92a411e5a55d6/os-quota-sets/46c81aaa5b504a1a83448fefe38788ec?usage=true => generated 845 bytes in 34 msecs (HTTP/1.1 200) 7 headers in 285 bytes (1 switches on core 0)
2026-05-30 06:31:06.709 8 INFO cinder.api.openstack.wsgi [None req-9819f8e8-be5f-4895-83fd-865916543696 bd88c86941fb41c2a98bf5a71faad9bb 1983345ed0224933b3d92a411e5a55d6 - - default default] GET http://cinder-api.openstack.svc.cluster.local:8776/v3/1983345ed0224933b3d92a411e5a55d6/os-quota-sets/77223522075f4906bd691041966d15bf?usage=true
2026-05-30 06:31:06.748 8 INFO cinder.api.openstack.wsgi [None req-9819f8e8-be5f-4895-83fd-865916543696 bd88c86941fb41c2a98bf5a71faad9bb 1983345ed0224933b3d92a411e5a55d6 - - default default] http://cinder-api.openstack.svc.cluster.local:8776/v3/1983345ed0224933b3d92a411e5a55d6/os-quota-sets/77223522075f4906bd691041966d15bf?usage=true returned with HTTP 200 [pid: 8|app: 0|req: 379/760] 10.0.0.116 () {28 vars in 736 bytes} [Sat May 30 06:31:06 2026] GET /v3/1983345ed0224933b3d92a411e5a55d6/os-quota-sets/77223522075f4906bd691041966d15bf?usage=true => generated 847 bytes in 48 msecs (HTTP/1.1 200) 7 headers in 285 bytes (1 switches on core 0)
2026-05-30 06:31:06.762 7 INFO cinder.api.openstack.wsgi [None req-6ab85239-595d-440f-9611-d6e8311089ce bd88c86941fb41c2a98bf5a71faad9bb 1983345ed0224933b3d92a411e5a55d6 - - default default] GET http://cinder-api.openstack.svc.cluster.local:8776/v3/1983345ed0224933b3d92a411e5a55d6/os-quota-sets/c97206bd35d54aa69fa3706f039ec917?usage=true
2026-05-30 06:31:06.778 7 INFO cinder.api.openstack.wsgi [None req-6ab85239-595d-440f-9611-d6e8311089ce bd88c86941fb41c2a98bf5a71faad9bb 1983345ed0224933b3d92a411e5a55d6 - - default default] http://cinder-api.openstack.svc.cluster.local:8776/v3/1983345ed0224933b3d92a411e5a55d6/os-quota-sets/c97206bd35d54aa69fa3706f039ec917?usage=true returned with HTTP 200 [pid: 7|app: 0|req: 382/761] 10.0.0.116 () {28 vars in 736 bytes} [Sat May 30 06:31:06 2026] GET /v3/1983345ed0224933b3d92a411e5a55d6/os-quota-sets/c97206bd35d54aa69fa3706f039ec917?usage=true => generated 847 bytes in 25 msecs (HTTP/1.1 200) 7 headers in 285 bytes (1 switches on core 0)
2026-05-30 06:31:06.788 8 INFO cinder.api.openstack.wsgi [None req-39a08cc4-c83e-49cb-a63e-718ca41389f3 bd88c86941fb41c2a98bf5a71faad9bb 1983345ed0224933b3d92a411e5a55d6 - - default default] GET http://cinder-api.openstack.svc.cluster.local:8776/v3/1983345ed0224933b3d92a411e5a55d6/os-quota-sets/e6202da7a1de424da1679e1e3ca4d946?usage=true
2026-05-30 06:31:06.814 8 INFO cinder.api.openstack.wsgi [None req-39a08cc4-c83e-49cb-a63e-718ca41389f3 bd88c86941fb41c2a98bf5a71faad9bb 1983345ed0224933b3d92a411e5a55d6 - - default default] http://cinder-api.openstack.svc.cluster.local:8776/v3/1983345ed0224933b3d92a411e5a55d6/os-quota-sets/e6202da7a1de424da1679e1e3ca4d946?usage=true returned with HTTP 200 [pid: 8|app: 0|req: 380/762] 10.0.0.116 () {28 vars in 736 bytes} [Sat May 30 06:31:06 2026] GET /v3/1983345ed0224933b3d92a411e5a55d6/os-quota-sets/e6202da7a1de424da1679e1e3ca4d946?usage=true => generated 847 bytes in 32 msecs (HTTP/1.1 200) 7 headers in 285 bytes (1 switches on core 0)
2026-05-30 06:31:06.831 7 INFO cinder.api.openstack.wsgi [None req-99de5493-0a11-4bd7-ace4-4f102819a4b9 bd88c86941fb41c2a98bf5a71faad9bb 1983345ed0224933b3d92a411e5a55d6 - - default default] GET http://cinder-api.openstack.svc.cluster.local:8776/v3/1983345ed0224933b3d92a411e5a55d6/os-services
2026-05-30 06:31:06.836 7 INFO cinder.api.openstack.wsgi [None req-99de5493-0a11-4bd7-ace4-4f102819a4b9 bd88c86941fb41c2a98bf5a71faad9bb 1983345ed0224933b3d92a411e5a55d6 - - default default] http://cinder-api.openstack.svc.cluster.local:8776/v3/1983345ed0224933b3d92a411e5a55d6/os-services returned with HTTP 200 [pid: 7|app: 0|req: 383/763] 10.0.0.116 () {28 vars in 645 bytes} [Sat May 30 06:31:06 2026] GET /v3/1983345ed0224933b3d92a411e5a55d6/os-services => generated 646 bytes in 18 msecs (HTTP/1.1 200) 7 headers in 285 bytes (1 switches on core 0)
2026-05-30 06:31:06.848 8 INFO cinder.api.openstack.wsgi [None req-5de3530e-cbdb-489f-8de5-3cb2b1d6b2d7 bd88c86941fb41c2a98bf5a71faad9bb 1983345ed0224933b3d92a411e5a55d6 - - default default] GET http://cinder-api.openstack.svc.cluster.local:8776/v3/1983345ed0224933b3d92a411e5a55d6/volumes/detail?all_tenants=true
2026-05-30 06:31:06.860 8 INFO cinder.volume.api [None req-5de3530e-cbdb-489f-8de5-3cb2b1d6b2d7 bd88c86941fb41c2a98bf5a71faad9bb 1983345ed0224933b3d92a411e5a55d6 - - default default] Get all volumes completed successfully.
2026-05-30 06:31:06.863 8 INFO cinder.api.openstack.wsgi [None req-5de3530e-cbdb-489f-8de5-3cb2b1d6b2d7 bd88c86941fb41c2a98bf5a71faad9bb 1983345ed0224933b3d92a411e5a55d6 - - default default] http://cinder-api.openstack.svc.cluster.local:8776/v3/1983345ed0224933b3d92a411e5a55d6/volumes/detail?all_tenants=true returned with HTTP 200 [pid: 8|app: 0|req: 381/764] 10.0.0.116 () {28 vars in 684 bytes} [Sat May 30 06:31:06 2026] GET /v3/1983345ed0224933b3d92a411e5a55d6/volumes/detail?all_tenants=true => generated 15 bytes in 20 msecs (HTTP/1.1 200) 7 headers in 284 bytes (1 switches on core 0)
2026-05-30 06:31:06.876 7 INFO cinder.api.openstack.wsgi [None req-3c28a9b6-80ec-47c1-95f3-25e91c82c3a0 bd88c86941fb41c2a98bf5a71faad9bb 1983345ed0224933b3d92a411e5a55d6 - - default default] GET http://cinder-api.openstack.svc.cluster.local:8776/v3/1983345ed0224933b3d92a411e5a55d6/scheduler-stats/get_pools?detail=true
2026-05-30 06:31:07.380 7 INFO cinder.api.openstack.wsgi [None req-3c28a9b6-80ec-47c1-95f3-25e91c82c3a0 bd88c86941fb41c2a98bf5a71faad9bb 1983345ed0224933b3d92a411e5a55d6 - - default default] http://cinder-api.openstack.svc.cluster.local:8776/v3/1983345ed0224933b3d92a411e5a55d6/scheduler-stats/get_pools?detail=true returned with HTTP 200 [pid: 7|app: 0|req: 384/765] 10.0.0.116 () {28 vars in 696 bytes} [Sat May 30 06:31:06 2026] GET /v3/1983345ed0224933b3d92a411e5a55d6/scheduler-stats/get_pools?detail=true => generated 670 bytes in 514 msecs (HTTP/1.1 200) 7 headers in 285 bytes (1 switches on core 0)
2026-05-30 06:31:15.586 8 INFO cinder.api.openstack.wsgi [None req-5de3530e-cbdb-489f-8de5-3cb2b1d6b2d7 bd88c86941fb41c2a98bf5a71faad9bb 1983345ed0224933b3d92a411e5a55d6 - - default default] GET http://10.0.0.129:8776/
2026-05-30 06:31:15.586 7 INFO cinder.api.openstack.wsgi [None req-3c28a9b6-80ec-47c1-95f3-25e91c82c3a0 bd88c86941fb41c2a98bf5a71faad9bb 1983345ed0224933b3d92a411e5a55d6 - - default default] GET http://10.0.0.129:8776/
2026-05-30 06:31:15.587 8 INFO cinder.api.openstack.wsgi [None req-5de3530e-cbdb-489f-8de5-3cb2b1d6b2d7 bd88c86941fb41c2a98bf5a71faad9bb 1983345ed0224933b3d92a411e5a55d6 - - default default] http://10.0.0.129:8776/ returned with HTTP 300
2026-05-30 06:31:15.587 7 INFO cinder.api.openstack.wsgi [None req-3c28a9b6-80ec-47c1-95f3-25e91c82c3a0 bd88c86941fb41c2a98bf5a71faad9bb 1983345ed0224933b3d92a411e5a55d6 - - default default] http://10.0.0.129:8776/ returned with HTTP 300
2026-05-30 06:31:18.053 8 INFO cinder.api.openstack.wsgi [None req-5de3530e-cbdb-489f-8de5-3cb2b1d6b2d7 bd88c86941fb41c2a98bf5a71faad9bb 1983345ed0224933b3d92a411e5a55d6 - - default default] GET http://cinder-api.openstack.svc.cluster.local:8776/
2026-05-30 06:31:18.054 8 INFO cinder.api.openstack.wsgi [None req-5de3530e-cbdb-489f-8de5-3cb2b1d6b2d7 bd88c86941fb41c2a98bf5a71faad9bb 1983345ed0224933b3d92a411e5a55d6 - - default default] http://cinder-api.openstack.svc.cluster.local:8776/ returned with HTTP 300 [pid: 8|app: 0|req: 383/768] 10.0.0.149 () {30 vars in 411 bytes} [Sat May 30 06:31:18 2026] GET / => generated 411 bytes in 2 msecs (HTTP/1.1 300) 5 headers in 169 bytes (1 switches on core 0)
2026-05-30 06:31:22.639 7 INFO cinder.api.openstack.wsgi [None req-3c28a9b6-80ec-47c1-95f3-25e91c82c3a0 bd88c86941fb41c2a98bf5a71faad9bb 1983345ed0224933b3d92a411e5a55d6 - - default default] GET http://cinder-api.openstack.svc.cluster.local:8776/
2026-05-30 06:31:22.640 7 INFO cinder.api.openstack.wsgi [None req-3c28a9b6-80ec-47c1-95f3-25e91c82c3a0 bd88c86941fb41c2a98bf5a71faad9bb 1983345ed0224933b3d92a411e5a55d6 - - default default] http://cinder-api.openstack.svc.cluster.local:8776/ returned with HTTP 300 [pid: 7|app: 0|req: 386/769] 10.0.0.176 () {28 vars in 376 bytes} [Sat May 30 06:31:22 2026] GET / => generated 411 bytes in 2 msecs (HTTP/1.1 300) 5 headers in 169 bytes (1 switches on core 0)
2026-05-30 06:31:22.650 8 INFO cinder.api.openstack.wsgi [None req-331715a5-c83d-49a5-b176-29faf89909a9 1a3b6981197e4c5c9776807ba82aa8ff 070905c97a0740148269232d7ee731e9 - - default default] GET http://cinder-api.openstack.svc.cluster.local:8776/v3/070905c97a0740148269232d7ee731e9/limits?tenant_id=070905c97a0740148269232d7ee731e9
2026-05-30 06:31:22.673 8 INFO cinder.api.openstack.wsgi [None req-331715a5-c83d-49a5-b176-29faf89909a9 1a3b6981197e4c5c9776807ba82aa8ff 070905c97a0740148269232d7ee731e9 - - default default] http://cinder-api.openstack.svc.cluster.local:8776/v3/070905c97a0740148269232d7ee731e9/limits?tenant_id=070905c97a0740148269232d7ee731e9 returned with HTTP 200 [pid: 8|app: 0|req: 384/770] 10.0.0.176 () {34 vars in 879 bytes} [Sat May 30 06:31:22 2026] GET /v3/070905c97a0740148269232d7ee731e9/limits?tenant_id=070905c97a0740148269232d7ee731e9 => generated 302 bytes in 28 msecs (HTTP/1.1 200) 7 headers in 286 bytes (1 switches on core 0)
2026-05-30 06:31:24.334 7 INFO cinder.api.openstack.wsgi [None req-3c28a9b6-80ec-47c1-95f3-25e91c82c3a0 bd88c86941fb41c2a98bf5a71faad9bb 1983345ed0224933b3d92a411e5a55d6 - - default default] GET http://cinder-api.openstack.svc.cluster.local:8776/
2026-05-30 06:31:24.335 7 INFO cinder.api.openstack.wsgi [None req-3c28a9b6-80ec-47c1-95f3-25e91c82c3a0 bd88c86941fb41c2a98bf5a71faad9bb 1983345ed0224933b3d92a411e5a55d6 - - default default] http://cinder-api.openstack.svc.cluster.local:8776/ returned with HTTP 300 [pid: 7|app: 0|req: 387/771] 10.0.0.176 () {28 vars in 376 bytes} [Sat May 30 06:31:24 2026] GET / => generated 411 bytes in 2 msecs (HTTP/1.1 300) 5 headers in 169 bytes (1 switches on core 0)
2026-05-30 06:31:24.341 8 INFO cinder.api.openstack.wsgi [None req-331715a5-c83d-49a5-b176-29faf89909a9 1a3b6981197e4c5c9776807ba82aa8ff 070905c97a0740148269232d7ee731e9 - - default default] GET http://cinder-api.openstack.svc.cluster.local:8776/
2026-05-30 06:31:24.342 8 INFO cinder.api.openstack.wsgi [None req-331715a5-c83d-49a5-b176-29faf89909a9 1a3b6981197e4c5c9776807ba82aa8ff 070905c97a0740148269232d7ee731e9 - - default default] http://cinder-api.openstack.svc.cluster.local:8776/ returned with HTTP 300 [pid: 8|app: 0|req: 385/772] 10.0.0.176 () {28 vars in 376 bytes} [Sat May 30 06:31:24 2026] GET / => generated 411 bytes in 2 msecs (HTTP/1.1 300) 5 headers in 169 bytes (1 switches on core 0)
2026-05-30 06:31:25.239 7 INFO cinder.api.openstack.wsgi [None req-3c28a9b6-80ec-47c1-95f3-25e91c82c3a0 bd88c86941fb41c2a98bf5a71faad9bb 1983345ed0224933b3d92a411e5a55d6 - - default default] GET http://cinder-api.openstack.svc.cluster.local:8776/
2026-05-30 06:31:25.240 7 INFO cinder.api.openstack.wsgi [None req-3c28a9b6-80ec-47c1-95f3-25e91c82c3a0 bd88c86941fb41c2a98bf5a71faad9bb 1983345ed0224933b3d92a411e5a55d6 - - default default] http://cinder-api.openstack.svc.cluster.local:8776/ returned with HTTP 300 [pid: 7|app: 0|req: 388/773] 10.0.0.176 () {28 vars in 376 bytes} [Sat May 30 06:31:25 2026] GET / => generated 411 bytes in 1 msecs (HTTP/1.1 300) 5 headers in 169 bytes (1 switches on core 0)
2026-05-30 06:31:25.249 8 INFO cinder.api.openstack.wsgi [None req-2c4746ef-0b66-4102-a9a1-aae9cd907644 1a3b6981197e4c5c9776807ba82aa8ff 070905c97a0740148269232d7ee731e9 - - default default] GET http://cinder-api.openstack.svc.cluster.local:8776/v3/070905c97a0740148269232d7ee731e9/limits?tenant_id=070905c97a0740148269232d7ee731e9
2026-05-30 06:31:25.281 8 INFO cinder.api.openstack.wsgi [None req-2c4746ef-0b66-4102-a9a1-aae9cd907644 1a3b6981197e4c5c9776807ba82aa8ff 070905c97a0740148269232d7ee731e9 - - default default] http://cinder-api.openstack.svc.cluster.local:8776/v3/070905c97a0740148269232d7ee731e9/limits?tenant_id=070905c97a0740148269232d7ee731e9 returned with HTTP 200 [pid: 8|app: 0|req: 386/774] 10.0.0.176 () {34 vars in 879 bytes} [Sat May 30 06:31:25 2026] GET /v3/070905c97a0740148269232d7ee731e9/limits?tenant_id=070905c97a0740148269232d7ee731e9 => generated 302 bytes in 38 msecs (HTTP/1.1 200) 7 headers in 286 bytes (1 switches on core 0)
2026-05-30 06:31:25.586 7 INFO cinder.api.openstack.wsgi [None req-3c28a9b6-80ec-47c1-95f3-25e91c82c3a0 bd88c86941fb41c2a98bf5a71faad9bb 1983345ed0224933b3d92a411e5a55d6 - - default default] GET http://10.0.0.129:8776/
2026-05-30 06:31:25.587 7 INFO cinder.api.openstack.wsgi [None req-3c28a9b6-80ec-47c1-95f3-25e91c82c3a0 bd88c86941fb41c2a98bf5a71faad9bb 1983345ed0224933b3d92a411e5a55d6 - - default default] http://10.0.0.129:8776/ returned with HTTP 300
2026-05-30 06:31:25.588 8 INFO cinder.api.openstack.wsgi [None req-2c4746ef-0b66-4102-a9a1-aae9cd907644 1a3b6981197e4c5c9776807ba82aa8ff 070905c97a0740148269232d7ee731e9 - - default default] GET http://10.0.0.129:8776/
2026-05-30 06:31:25.589 8 INFO cinder.api.openstack.wsgi [None req-2c4746ef-0b66-4102-a9a1-aae9cd907644 1a3b6981197e4c5c9776807ba82aa8ff 070905c97a0740148269232d7ee731e9 - - default default] http://10.0.0.129:8776/ returned with HTTP 300
2026-05-30 06:31:26.805 7 INFO cinder.api.openstack.wsgi [req-dd430563-3eaf-4b58-a37c-6eba9d4e6732 req-29c79615-b2d7-49e8-9661-fe4854cbeb47 0275cb84d6364b81abc8c6550d7a7b7d c97206bd35d54aa69fa3706f039ec917 - - default default] GET http://cinder-api.openstack.svc.cluster.local:8776/v3/c97206bd35d54aa69fa3706f039ec917/attachments?instance_id=95be8931-7996-408b-9816-a3903a2c5c92
2026-05-30 06:31:26.818 7 INFO cinder.api.openstack.wsgi [req-dd430563-3eaf-4b58-a37c-6eba9d4e6732 req-29c79615-b2d7-49e8-9661-fe4854cbeb47 0275cb84d6364b81abc8c6550d7a7b7d c97206bd35d54aa69fa3706f039ec917 - - default default] http://cinder-api.openstack.svc.cluster.local:8776/v3/c97206bd35d54aa69fa3706f039ec917/attachments?instance_id=95be8931-7996-408b-9816-a3903a2c5c92 returned with HTTP 200 [pid: 7|app: 0|req: 390/777] 199.204.45.205 () {36 vars in 1104 bytes} [Sat May 30 06:31:26 2026] GET /v3/c97206bd35d54aa69fa3706f039ec917/attachments?instance_id=95be8931-7996-408b-9816-a3903a2c5c92 => generated 19 bytes in 19 msecs (HTTP/1.1 200) 7 headers in 285 bytes (1 switches on core 0)
2026-05-30 06:31:26.851 8 INFO cinder.api.openstack.wsgi [None req-2c4746ef-0b66-4102-a9a1-aae9cd907644 1a3b6981197e4c5c9776807ba82aa8ff 070905c97a0740148269232d7ee731e9 - - default default] GET http://cinder-api.openstack.svc.cluster.local:8776/
2026-05-30 06:31:26.852 8 INFO cinder.api.openstack.wsgi [None req-2c4746ef-0b66-4102-a9a1-aae9cd907644 1a3b6981197e4c5c9776807ba82aa8ff 070905c97a0740148269232d7ee731e9 - - default default] http://cinder-api.openstack.svc.cluster.local:8776/ returned with HTTP 300 [pid: 8|app: 0|req: 388/778] 10.0.0.176 () {28 vars in 376 bytes} [Sat May 30 06:31:26 2026] GET / => generated 411 bytes in 1 msecs (HTTP/1.1 300) 5 headers in 169 bytes (1 switches on core 0)
2026-05-30 06:31:26.857 7 INFO cinder.api.openstack.wsgi [req-dd430563-3eaf-4b58-a37c-6eba9d4e6732 req-29c79615-b2d7-49e8-9661-fe4854cbeb47 0275cb84d6364b81abc8c6550d7a7b7d c97206bd35d54aa69fa3706f039ec917 - - default default] GET http://cinder-api.openstack.svc.cluster.local:8776/
2026-05-30 06:31:26.859 7 INFO cinder.api.openstack.wsgi [req-dd430563-3eaf-4b58-a37c-6eba9d4e6732 req-29c79615-b2d7-49e8-9661-fe4854cbeb47 0275cb84d6364b81abc8c6550d7a7b7d c97206bd35d54aa69fa3706f039ec917 - - default default] http://cinder-api.openstack.svc.cluster.local:8776/ returned with HTTP 300 [pid: 7|app: 0|req: 391/779] 10.0.0.176 () {28 vars in 376 bytes} [Sat May 30 06:31:26 2026] GET / => generated 411 bytes in 2 msecs (HTTP/1.1 300) 5 headers in 169 bytes (1 switches on core 0)
2026-05-30 06:31:35.586 8 INFO cinder.api.openstack.wsgi [None req-2c4746ef-0b66-4102-a9a1-aae9cd907644 1a3b6981197e4c5c9776807ba82aa8ff 070905c97a0740148269232d7ee731e9 - - default default] GET http://10.0.0.129:8776/
2026-05-30 06:31:35.586 7 INFO cinder.api.openstack.wsgi [req-dd430563-3eaf-4b58-a37c-6eba9d4e6732 req-29c79615-b2d7-49e8-9661-fe4854cbeb47 0275cb84d6364b81abc8c6550d7a7b7d c97206bd35d54aa69fa3706f039ec917 - - default default] GET http://10.0.0.129:8776/
2026-05-30 06:31:35.587 8 INFO cinder.api.openstack.wsgi [None req-2c4746ef-0b66-4102-a9a1-aae9cd907644 1a3b6981197e4c5c9776807ba82aa8ff 070905c97a0740148269232d7ee731e9 - - default default] http://10.0.0.129:8776/ returned with HTTP 300
2026-05-30 06:31:35.587 7 INFO cinder.api.openstack.wsgi [req-dd430563-3eaf-4b58-a37c-6eba9d4e6732 req-29c79615-b2d7-49e8-9661-fe4854cbeb47 0275cb84d6364b81abc8c6550d7a7b7d c97206bd35d54aa69fa3706f039ec917 - - default default] http://10.0.0.129:8776/ returned with HTTP 300
2026-05-30 06:31:39.779 7 INFO cinder.api.openstack.wsgi [None req-fd38b9c3-0be3-4b68-b45d-0ad980fd86a1 427f2cc187214b1aad110d22fda842bb 487d569b59104dccbad2e0d2fe42d33e - - default default] POST http://cinder-api.openstack.svc.cluster.local:8776/v3/487d569b59104dccbad2e0d2fe42d33e/volumes
2026-05-30 06:31:39.782 7 INFO cinder.api.v3.volumes [None req-fd38b9c3-0be3-4b68-b45d-0ad980fd86a1 427f2cc187214b1aad110d22fda842bb 487d569b59104dccbad2e0d2fe42d33e - - default default] Create volume of 1 GB
2026-05-30 06:31:39.793 7 INFO cinder.volume.api [None req-fd38b9c3-0be3-4b68-b45d-0ad980fd86a1 427f2cc187214b1aad110d22fda842bb 487d569b59104dccbad2e0d2fe42d33e - - default default] Availability Zones retrieved successfully.
2026-05-30 06:31:40.090 7 INFO cinder.volume.api [None req-fd38b9c3-0be3-4b68-b45d-0ad980fd86a1 427f2cc187214b1aad110d22fda842bb 487d569b59104dccbad2e0d2fe42d33e - - default default] Create volume request issued successfully.
2026-05-30 06:31:40.091 7 INFO cinder.api.openstack.wsgi [None req-fd38b9c3-0be3-4b68-b45d-0ad980fd86a1 427f2cc187214b1aad110d22fda842bb 487d569b59104dccbad2e0d2fe42d33e - - default default] http://cinder-api.openstack.svc.cluster.local:8776/v3/487d569b59104dccbad2e0d2fe42d33e/volumes returned with HTTP 202 [pid: 7|app: 0|req: 393/782] 10.0.0.149 () {34 vars in 722 bytes} [Sat May 30 06:31:39 2026] POST /v3/487d569b59104dccbad2e0d2fe42d33e/volumes => generated 861 bytes in 397 msecs (HTTP/1.1 202) 7 headers in 291 bytes (1 switches on core 0)
2026-05-30 06:31:40.114 8 INFO cinder.api.openstack.wsgi [None req-6ea7badd-efbc-414c-a287-8f9f3a29e04a 427f2cc187214b1aad110d22fda842bb 487d569b59104dccbad2e0d2fe42d33e - - default default] GET http://cinder-api.openstack.svc.cluster.local:8776/v3/487d569b59104dccbad2e0d2fe42d33e/volumes/414c5f2e-7f42-4e4e-b423-e248d2831b5f /var/lib/openstack/lib/python3.12/site-packages/oslo_context/context.py:100: DeprecationWarning: Policy enforcement is depending on the value of is_admin. This key is deprecated. Please update your policy file to use the standard policy values. warnings.warn('Policy enforcement is depending on the value of '
2026-05-30 06:31:40.128 8 INFO cinder.volume.api [None req-6ea7badd-efbc-414c-a287-8f9f3a29e04a 427f2cc187214b1aad110d22fda842bb 487d569b59104dccbad2e0d2fe42d33e - - default default] Volume info retrieved successfully.
2026-05-30 06:31:40.136 8 INFO cinder.api.openstack.wsgi [None req-6ea7badd-efbc-414c-a287-8f9f3a29e04a 427f2cc187214b1aad110d22fda842bb 487d569b59104dccbad2e0d2fe42d33e - - default default] http://cinder-api.openstack.svc.cluster.local:8776/v3/487d569b59104dccbad2e0d2fe42d33e/volumes/414c5f2e-7f42-4e4e-b423-e248d2831b5f returned with HTTP 200 [pid: 8|app: 0|req: 390/783] 10.0.0.149 () {32 vars in 775 bytes} [Sat May 30 06:31:40 2026] GET /v3/487d569b59104dccbad2e0d2fe42d33e/volumes/414c5f2e-7f42-4e4e-b423-e248d2831b5f => generated 929 bytes in 29 msecs (HTTP/1.1 200) 7 headers in 285 bytes (1 switches on core 0) /var/lib/openstack/lib/python3.12/site-packages/pycadf/identifier.py:70: UserWarning: Invalid uuid: cinderv3. To ensure interoperability, identifiers should be a valid uuid. warnings.warn(('Invalid uuid: %s. To ensure interoperability, '
2026-05-30 06:31:41.157 7 INFO cinder.api.openstack.wsgi [None req-ef3d0ad5-908a-4622-b639-5a1553eedfe5 427f2cc187214b1aad110d22fda842bb 487d569b59104dccbad2e0d2fe42d33e - - default default] GET http://cinder-api.openstack.svc.cluster.local:8776/v3/487d569b59104dccbad2e0d2fe42d33e/volumes/414c5f2e-7f42-4e4e-b423-e248d2831b5f /var/lib/openstack/lib/python3.12/site-packages/oslo_context/context.py:100: DeprecationWarning: Policy enforcement is depending on the value of is_admin. This key is deprecated. Please update your policy file to use the standard policy values. warnings.warn('Policy enforcement is depending on the value of '
2026-05-30 06:31:41.173 7 INFO cinder.volume.api [None req-ef3d0ad5-908a-4622-b639-5a1553eedfe5 427f2cc187214b1aad110d22fda842bb 487d569b59104dccbad2e0d2fe42d33e - - default default] Volume info retrieved successfully.
2026-05-30 06:31:41.181 7 INFO cinder.api.openstack.wsgi [None req-ef3d0ad5-908a-4622-b639-5a1553eedfe5 427f2cc187214b1aad110d22fda842bb 487d569b59104dccbad2e0d2fe42d33e - - default default] http://cinder-api.openstack.svc.cluster.local:8776/v3/487d569b59104dccbad2e0d2fe42d33e/volumes/414c5f2e-7f42-4e4e-b423-e248d2831b5f returned with HTTP 200 [pid: 7|app: 0|req: 394/784] 10.0.0.149 () {32 vars in 775 bytes} [Sat May 30 06:31:41 2026] GET /v3/487d569b59104dccbad2e0d2fe42d33e/volumes/414c5f2e-7f42-4e4e-b423-e248d2831b5f => generated 954 bytes in 32 msecs (HTTP/1.1 200) 7 headers in 285 bytes (1 switches on core 0)
2026-05-30 06:31:45.586 7 INFO cinder.api.openstack.wsgi [None req-ef3d0ad5-908a-4622-b639-5a1553eedfe5 427f2cc187214b1aad110d22fda842bb 487d569b59104dccbad2e0d2fe42d33e - - default default] GET http://10.0.0.129:8776/
2026-05-30 06:31:45.586 8 INFO cinder.api.openstack.wsgi [None req-6ea7badd-efbc-414c-a287-8f9f3a29e04a 427f2cc187214b1aad110d22fda842bb 487d569b59104dccbad2e0d2fe42d33e - - default default] GET http://10.0.0.129:8776/
2026-05-30 06:31:45.586 8 INFO cinder.api.openstack.wsgi [None req-6ea7badd-efbc-414c-a287-8f9f3a29e04a 427f2cc187214b1aad110d22fda842bb 487d569b59104dccbad2e0d2fe42d33e - - default default] http://10.0.0.129:8776/ returned with HTTP 300
2026-05-30 06:31:45.586 7 INFO cinder.api.openstack.wsgi [None req-ef3d0ad5-908a-4622-b639-5a1553eedfe5 427f2cc187214b1aad110d22fda842bb 487d569b59104dccbad2e0d2fe42d33e - - default default] http://10.0.0.129:8776/ returned with HTTP 300
2026-05-30 06:31:55.586 8 INFO cinder.api.openstack.wsgi [None req-6ea7badd-efbc-414c-a287-8f9f3a29e04a 427f2cc187214b1aad110d22fda842bb 487d569b59104dccbad2e0d2fe42d33e - - default default] GET http://10.0.0.129:8776/
2026-05-30 06:31:55.587 7 INFO cinder.api.openstack.wsgi [None req-ef3d0ad5-908a-4622-b639-5a1553eedfe5 427f2cc187214b1aad110d22fda842bb 487d569b59104dccbad2e0d2fe42d33e - - default default] GET http://10.0.0.129:8776/
2026-05-30 06:31:55.587 7 INFO cinder.api.openstack.wsgi [None req-ef3d0ad5-908a-4622-b639-5a1553eedfe5 427f2cc187214b1aad110d22fda842bb 487d569b59104dccbad2e0d2fe42d33e - - default default] http://10.0.0.129:8776/ returned with HTTP 300
2026-05-30 06:31:55.588 8 INFO cinder.api.openstack.wsgi [None req-6ea7badd-efbc-414c-a287-8f9f3a29e04a 427f2cc187214b1aad110d22fda842bb 487d569b59104dccbad2e0d2fe42d33e - - default default] http://10.0.0.129:8776/ returned with HTTP 300 /var/lib/openstack/lib/python3.12/site-packages/pycadf/identifier.py:70: UserWarning: Invalid uuid: cinderv3. To ensure interoperability, identifiers should be a valid uuid. warnings.warn(('Invalid uuid: %s. To ensure interoperability, '
2026-05-30 06:31:57.742 7 INFO cinder.api.openstack.wsgi [None req-2e6f57e4-338a-4275-ba59-ce718c83d74e 427f2cc187214b1aad110d22fda842bb 487d569b59104dccbad2e0d2fe42d33e - - default default] POST http://cinder-api.openstack.svc.cluster.local:8776/v3/487d569b59104dccbad2e0d2fe42d33e/volumes/414c5f2e-7f42-4e4e-b423-e248d2831b5f/action /var/lib/openstack/lib/python3.12/site-packages/oslo_context/context.py:100: DeprecationWarning: Policy enforcement is depending on the value of is_admin. This key is deprecated. Please update your policy file to use the standard policy values. warnings.warn('Policy enforcement is depending on the value of '
2026-05-30 06:31:57.769 7 INFO cinder.volume.api [None req-2e6f57e4-338a-4275-ba59-ce718c83d74e 427f2cc187214b1aad110d22fda842bb 487d569b59104dccbad2e0d2fe42d33e - - default default] Volume info retrieved successfully.
2026-05-30 06:31:57.780 7 INFO cinder.volume.api [None req-2e6f57e4-338a-4275-ba59-ce718c83d74e 427f2cc187214b1aad110d22fda842bb 487d569b59104dccbad2e0d2fe42d33e - - default default] Update volume admin metadata completed successfully.
2026-05-30 06:31:58.289 7 INFO cinder.volume.api [None req-2e6f57e4-338a-4275-ba59-ce718c83d74e 427f2cc187214b1aad110d22fda842bb 487d569b59104dccbad2e0d2fe42d33e - - default default] Attach volume completed successfully.
2026-05-30 06:31:58.290 7 INFO cinder.api.openstack.wsgi [None req-2e6f57e4-338a-4275-ba59-ce718c83d74e 427f2cc187214b1aad110d22fda842bb 487d569b59104dccbad2e0d2fe42d33e - - default default] http://cinder-api.openstack.svc.cluster.local:8776/v3/487d569b59104dccbad2e0d2fe42d33e/volumes/414c5f2e-7f42-4e4e-b423-e248d2831b5f/action returned with HTTP 202 [pid: 7|app: 0|req: 397/789] 10.0.0.149 () {34 vars in 810 bytes} [Sat May 30 06:31:57 2026] POST /v3/487d569b59104dccbad2e0d2fe42d33e/volumes/414c5f2e-7f42-4e4e-b423-e248d2831b5f/action => generated 0 bytes in 557 msecs (HTTP/1.1 202) 7 headers in 289 bytes (1 switches on core 0) /var/lib/openstack/lib/python3.12/site-packages/pycadf/identifier.py:70: UserWarning: Invalid uuid: cinderv3. To ensure interoperability, identifiers should be a valid uuid. warnings.warn(('Invalid uuid: %s. To ensure interoperability, '
2026-05-30 06:31:58.303 8 INFO cinder.api.openstack.wsgi [None req-9a09a8ed-1b24-4a29-8acf-8e70677b33a2 427f2cc187214b1aad110d22fda842bb 487d569b59104dccbad2e0d2fe42d33e - - default default] GET http://cinder-api.openstack.svc.cluster.local:8776/v3/487d569b59104dccbad2e0d2fe42d33e/volumes/414c5f2e-7f42-4e4e-b423-e248d2831b5f /var/lib/openstack/lib/python3.12/site-packages/oslo_context/context.py:100: DeprecationWarning: Policy enforcement is depending on the value of is_admin. This key is deprecated. Please update your policy file to use the standard policy values. warnings.warn('Policy enforcement is depending on the value of '
2026-05-30 06:31:58.338 8 INFO cinder.volume.api [None req-9a09a8ed-1b24-4a29-8acf-8e70677b33a2 427f2cc187214b1aad110d22fda842bb 487d569b59104dccbad2e0d2fe42d33e - - default default] Volume info retrieved successfully.
2026-05-30 06:31:58.344 8 INFO cinder.api.openstack.wsgi [None req-9a09a8ed-1b24-4a29-8acf-8e70677b33a2 427f2cc187214b1aad110d22fda842bb 487d569b59104dccbad2e0d2fe42d33e - - default default] http://cinder-api.openstack.svc.cluster.local:8776/v3/487d569b59104dccbad2e0d2fe42d33e/volumes/414c5f2e-7f42-4e4e-b423-e248d2831b5f returned with HTTP 200 [pid: 8|app: 0|req: 393/790] 10.0.0.149 () {32 vars in 775 bytes} [Sat May 30 06:31:58 2026] GET /v3/487d569b59104dccbad2e0d2fe42d33e/volumes/414c5f2e-7f42-4e4e-b423-e248d2831b5f => generated 1288 bytes in 47 msecs (HTTP/1.1 200) 7 headers in 286 bytes (1 switches on core 0) /var/lib/openstack/lib/python3.12/site-packages/pycadf/identifier.py:70: UserWarning: Invalid uuid: cinderv3. To ensure interoperability, identifiers should be a valid uuid. warnings.warn(('Invalid uuid: %s. To ensure interoperability, '
2026-05-30 06:31:58.371 7 INFO cinder.api.openstack.wsgi [None req-bc6148f9-02f8-45f4-9cdf-aff419a8861f 427f2cc187214b1aad110d22fda842bb 487d569b59104dccbad2e0d2fe42d33e - - default default] POST http://cinder-api.openstack.svc.cluster.local:8776/v3/487d569b59104dccbad2e0d2fe42d33e/volumes/414c5f2e-7f42-4e4e-b423-e248d2831b5f/action /var/lib/openstack/lib/python3.12/site-packages/oslo_context/context.py:100: DeprecationWarning: Policy enforcement is depending on the value of is_admin. This key is deprecated. Please update your policy file to use the standard policy values. warnings.warn('Policy enforcement is depending on the value of '
2026-05-30 06:31:58.389 7 INFO cinder.volume.api [None req-bc6148f9-02f8-45f4-9cdf-aff419a8861f 427f2cc187214b1aad110d22fda842bb 487d569b59104dccbad2e0d2fe42d33e - - default default] Volume info retrieved successfully.
2026-05-30 06:31:58.894 7 INFO cinder.volume.api [None req-bc6148f9-02f8-45f4-9cdf-aff419a8861f 427f2cc187214b1aad110d22fda842bb 487d569b59104dccbad2e0d2fe42d33e - - default default] Detach volume completed successfully.
2026-05-30 06:31:58.895 7 INFO cinder.api.openstack.wsgi [None req-bc6148f9-02f8-45f4-9cdf-aff419a8861f 427f2cc187214b1aad110d22fda842bb 487d569b59104dccbad2e0d2fe42d33e - - default default] http://cinder-api.openstack.svc.cluster.local:8776/v3/487d569b59104dccbad2e0d2fe42d33e/volumes/414c5f2e-7f42-4e4e-b423-e248d2831b5f/action returned with HTTP 202 [pid: 7|app: 0|req: 398/791] 10.0.0.149 () {34 vars in 810 bytes} [Sat May 30 06:31:58 2026] POST /v3/487d569b59104dccbad2e0d2fe42d33e/volumes/414c5f2e-7f42-4e4e-b423-e248d2831b5f/action => generated 0 bytes in 533 msecs (HTTP/1.1 202) 7 headers in 289 bytes (1 switches on core 0) /var/lib/openstack/lib/python3.12/site-packages/pycadf/identifier.py:70: UserWarning: Invalid uuid: cinderv3. To ensure interoperability, identifiers should be a valid uuid. warnings.warn(('Invalid uuid: %s. To ensure interoperability, '
2026-05-30 06:31:58.910 8 INFO cinder.api.openstack.wsgi [None req-0912e00c-b9ca-4c91-9d57-a93c80eaa9ff 427f2cc187214b1aad110d22fda842bb 487d569b59104dccbad2e0d2fe42d33e - - default default] GET http://cinder-api.openstack.svc.cluster.local:8776/v3/487d569b59104dccbad2e0d2fe42d33e/volumes/414c5f2e-7f42-4e4e-b423-e248d2831b5f /var/lib/openstack/lib/python3.12/site-packages/oslo_context/context.py:100: DeprecationWarning: Policy enforcement is depending on the value of is_admin. This key is deprecated. Please update your policy file to use the standard policy values. warnings.warn('Policy enforcement is depending on the value of '
2026-05-30 06:31:58.930 8 INFO cinder.volume.api [None req-0912e00c-b9ca-4c91-9d57-a93c80eaa9ff 427f2cc187214b1aad110d22fda842bb 487d569b59104dccbad2e0d2fe42d33e - - default default] Volume info retrieved successfully.
2026-05-30 06:31:58.940 8 INFO cinder.api.openstack.wsgi [None req-0912e00c-b9ca-4c91-9d57-a93c80eaa9ff 427f2cc187214b1aad110d22fda842bb 487d569b59104dccbad2e0d2fe42d33e - - default default] http://cinder-api.openstack.svc.cluster.local:8776/v3/487d569b59104dccbad2e0d2fe42d33e/volumes/414c5f2e-7f42-4e4e-b423-e248d2831b5f returned with HTTP 200 [pid: 8|app: 0|req: 394/792] 10.0.0.149 () {32 vars in 775 bytes} [Sat May 30 06:31:58 2026] GET /v3/487d569b59104dccbad2e0d2fe42d33e/volumes/414c5f2e-7f42-4e4e-b423-e248d2831b5f => generated 973 bytes in 38 msecs (HTTP/1.1 200) 7 headers in 285 bytes (1 switches on core 0) /var/lib/openstack/lib/python3.12/site-packages/pycadf/identifier.py:70: UserWarning: Invalid uuid: cinderv3. To ensure interoperability, identifiers should be a valid uuid. warnings.warn(('Invalid uuid: %s. To ensure interoperability, '
2026-05-30 06:32:05.369 7 INFO cinder.api.openstack.wsgi [None req-2b872bd9-04b9-43ce-890a-718bce83290e 427f2cc187214b1aad110d22fda842bb 487d569b59104dccbad2e0d2fe42d33e - - default default] GET http://cinder-api.openstack.svc.cluster.local:8776/v3/487d569b59104dccbad2e0d2fe42d33e/volumes/414c5f2e-7f42-4e4e-b423-e248d2831b5f /var/lib/openstack/lib/python3.12/site-packages/oslo_context/context.py:100: DeprecationWarning: Policy enforcement is depending on the value of is_admin. This key is deprecated. Please update your policy file to use the standard policy values. warnings.warn('Policy enforcement is depending on the value of '
2026-05-30 06:32:05.387 7 INFO cinder.volume.api [None req-2b872bd9-04b9-43ce-890a-718bce83290e 427f2cc187214b1aad110d22fda842bb 487d569b59104dccbad2e0d2fe42d33e - - default default] Volume info retrieved successfully.
2026-05-30 06:32:05.393 7 INFO cinder.api.openstack.wsgi [None req-2b872bd9-04b9-43ce-890a-718bce83290e 427f2cc187214b1aad110d22fda842bb 487d569b59104dccbad2e0d2fe42d33e - - default default] http://cinder-api.openstack.svc.cluster.local:8776/v3/487d569b59104dccbad2e0d2fe42d33e/volumes/414c5f2e-7f42-4e4e-b423-e248d2831b5f returned with HTTP 200 [pid: 7|app: 0|req: 399/793] 10.0.0.149 () {32 vars in 775 bytes} [Sat May 30 06:32:05 2026] GET /v3/487d569b59104dccbad2e0d2fe42d33e/volumes/414c5f2e-7f42-4e4e-b423-e248d2831b5f => generated 973 bytes in 32 msecs (HTTP/1.1 200) 7 headers in 285 bytes (1 switches on core 0) /var/lib/openstack/lib/python3.12/site-packages/pycadf/identifier.py:70: UserWarning: Invalid uuid: cinderv3. To ensure interoperability, identifiers should be a valid uuid. warnings.warn(('Invalid uuid: %s. To ensure interoperability, '
2026-05-30 06:32:05.410 8 INFO cinder.api.openstack.wsgi [None req-95acce81-e0f2-4fd1-a322-36a5487f9dea 427f2cc187214b1aad110d22fda842bb 487d569b59104dccbad2e0d2fe42d33e - - default default] DELETE http://cinder-api.openstack.svc.cluster.local:8776/v3/487d569b59104dccbad2e0d2fe42d33e/volumes/414c5f2e-7f42-4e4e-b423-e248d2831b5f
2026-05-30 06:32:05.411 8 INFO cinder.api.v3.volumes [None req-95acce81-e0f2-4fd1-a322-36a5487f9dea 427f2cc187214b1aad110d22fda842bb 487d569b59104dccbad2e0d2fe42d33e - - default default] Delete volume with id: 414c5f2e-7f42-4e4e-b423-e248d2831b5f /var/lib/openstack/lib/python3.12/site-packages/oslo_context/context.py:100: DeprecationWarning: Policy enforcement is depending on the value of is_admin. This key is deprecated. Please update your policy file to use the standard policy values. warnings.warn('Policy enforcement is depending on the value of '
2026-05-30 06:32:05.422 8 INFO cinder.volume.api [None req-95acce81-e0f2-4fd1-a322-36a5487f9dea 427f2cc187214b1aad110d22fda842bb 487d569b59104dccbad2e0d2fe42d33e - - default default] Volume info retrieved successfully.
2026-05-30 06:32:05.447 8 INFO cinder.volume.api [None req-95acce81-e0f2-4fd1-a322-36a5487f9dea 427f2cc187214b1aad110d22fda842bb 487d569b59104dccbad2e0d2fe42d33e - - default default] Delete volume request issued successfully.
2026-05-30 06:32:05.447 8 INFO cinder.api.openstack.wsgi [None req-95acce81-e0f2-4fd1-a322-36a5487f9dea 427f2cc187214b1aad110d22fda842bb 487d569b59104dccbad2e0d2fe42d33e - - default default] http://cinder-api.openstack.svc.cluster.local:8776/v3/487d569b59104dccbad2e0d2fe42d33e/volumes/414c5f2e-7f42-4e4e-b423-e248d2831b5f returned with HTTP 202 [pid: 8|app: 0|req: 395/794] 10.0.0.149 () {32 vars in 778 bytes} [Sat May 30 06:32:05 2026] DELETE /v3/487d569b59104dccbad2e0d2fe42d33e/volumes/414c5f2e-7f42-4e4e-b423-e248d2831b5f => generated 0 bytes in 45 msecs (HTTP/1.1 202) 6 headers in 233 bytes (1 switches on core 0) /var/lib/openstack/lib/python3.12/site-packages/pycadf/identifier.py:70: UserWarning: Invalid uuid: cinderv3. To ensure interoperability, identifiers should be a valid uuid. warnings.warn(('Invalid uuid: %s. To ensure interoperability, '
2026-05-30 06:32:05.462 7 INFO cinder.api.openstack.wsgi [None req-e86fc201-0e05-48f4-b66f-aebae149a121 427f2cc187214b1aad110d22fda842bb 487d569b59104dccbad2e0d2fe42d33e - - default default] GET http://cinder-api.openstack.svc.cluster.local:8776/v3/487d569b59104dccbad2e0d2fe42d33e/volumes/414c5f2e-7f42-4e4e-b423-e248d2831b5f /var/lib/openstack/lib/python3.12/site-packages/oslo_context/context.py:100: DeprecationWarning: Policy enforcement is depending on the value of is_admin. This key is deprecated. Please update your policy file to use the standard policy values. warnings.warn('Policy enforcement is depending on the value of '
2026-05-30 06:32:05.474 7 INFO cinder.volume.api [None req-e86fc201-0e05-48f4-b66f-aebae149a121 427f2cc187214b1aad110d22fda842bb 487d569b59104dccbad2e0d2fe42d33e - - default default] Volume info retrieved successfully.
2026-05-30 06:32:05.479 7 INFO cinder.api.openstack.wsgi [None req-e86fc201-0e05-48f4-b66f-aebae149a121 427f2cc187214b1aad110d22fda842bb 487d569b59104dccbad2e0d2fe42d33e - - default default] http://cinder-api.openstack.svc.cluster.local:8776/v3/487d569b59104dccbad2e0d2fe42d33e/volumes/414c5f2e-7f42-4e4e-b423-e248d2831b5f returned with HTTP 200 [pid: 7|app: 0|req: 400/795] 10.0.0.149 () {32 vars in 775 bytes} [Sat May 30 06:32:05 2026] GET /v3/487d569b59104dccbad2e0d2fe42d33e/volumes/414c5f2e-7f42-4e4e-b423-e248d2831b5f => generated 972 bytes in 24 msecs (HTTP/1.1 200) 7 headers in 285 bytes (1 switches on core 0)
2026-05-30 06:32:05.586 8 INFO cinder.api.openstack.wsgi [None req-95acce81-e0f2-4fd1-a322-36a5487f9dea 427f2cc187214b1aad110d22fda842bb 487d569b59104dccbad2e0d2fe42d33e - - default default] GET http://10.0.0.129:8776/
2026-05-30 06:32:05.586 7 INFO cinder.api.openstack.wsgi [None req-e86fc201-0e05-48f4-b66f-aebae149a121 427f2cc187214b1aad110d22fda842bb 487d569b59104dccbad2e0d2fe42d33e - - default default] GET http://10.0.0.129:8776/
2026-05-30 06:32:05.587 8 INFO cinder.api.openstack.wsgi [None req-95acce81-e0f2-4fd1-a322-36a5487f9dea 427f2cc187214b1aad110d22fda842bb 487d569b59104dccbad2e0d2fe42d33e - - default default] http://10.0.0.129:8776/ returned with HTTP 300
2026-05-30 06:32:05.587 7 INFO cinder.api.openstack.wsgi [None req-e86fc201-0e05-48f4-b66f-aebae149a121 427f2cc187214b1aad110d22fda842bb 487d569b59104dccbad2e0d2fe42d33e - - default default] http://10.0.0.129:8776/ returned with HTTP 300 /var/lib/openstack/lib/python3.12/site-packages/pycadf/identifier.py:70: UserWarning: Invalid uuid: cinderv3. To ensure interoperability, identifiers should be a valid uuid. warnings.warn(('Invalid uuid: %s. To ensure interoperability, '
2026-05-30 06:32:06.396 8 INFO cinder.api.openstack.wsgi [None req-527b9b2d-f65a-41c9-af5f-656a9f6cffbf bd88c86941fb41c2a98bf5a71faad9bb 1983345ed0224933b3d92a411e5a55d6 - - default default] GET http://cinder-api.openstack.svc.cluster.local:8776/v3/1983345ed0224933b3d92a411e5a55d6/volumes/detail?all_tenants=true
