+ COMMAND=start + start + for KEYSTONE_WSGI_SCRIPT in keystone-wsgi-public ++ type -p keystone-wsgi-public + cp -a /var/lib/openstack/bin/keystone-wsgi-public /var/www/cgi-bin/keystone/ + '[' -f /etc/apache2/envvars ']' + source /etc/apache2/envvars ++ unset HOME ++ '[' '' '!=' '' ']' ++ SUFFIX= ++ export APACHE_RUN_USER=www-data ++ APACHE_RUN_USER=www-data ++ export APACHE_RUN_GROUP=www-data ++ APACHE_RUN_GROUP=www-data ++ export APACHE_PID_FILE=/var/run/apache2/apache2.pid ++ APACHE_PID_FILE=/var/run/apache2/apache2.pid ++ export APACHE_RUN_DIR=/var/run/apache2 ++ APACHE_RUN_DIR=/var/run/apache2 ++ export APACHE_LOCK_DIR=/var/lock/apache2 ++ APACHE_LOCK_DIR=/var/lock/apache2 ++ export APACHE_LOG_DIR=/var/log/apache2 ++ APACHE_LOG_DIR=/var/log/apache2 ++ export LANG=C ++ LANG=C ++ export LANG + '[' -f /var/run/apache2/apache2.pid ']' + exec apache2 -DFOREGROUND AH00558: apache2: Could not reliably determine the server's fully qualified domain name, using 10.0.0.1. Set the 'ServerName' directive globally to suppress this message AH00558: apache2: Could not reliably determine the server's fully qualified domain name, using 10.0.0.1. Set the 'ServerName' directive globally to suppress this message
[Mon Jun 29 21:07:09.977165 2026] [mpm_event:notice] [pid 1:tid 139837379397504] AH00489: Apache/2.4.58 (Ubuntu) mod_wsgi/5.0.0 Python/3.12 configured -- resuming normal operations
[Mon Jun 29 21:07:09.977309 2026] [core:notice] [pid 1:tid 139837379397504] AH00094: Command line: 'apache2 -D FOREGROUND'
[Mon Jun 29 21:08:13.570074 2026] [wsgi:error] [pid 12:tid 139836741576384] /var/lib/openstack/lib/python3.12/site-packages/oslo_utils/importutils.py:77: EventletDeprecationWarning:
[Mon Jun 29 21:08:13.570112 2026] [wsgi:error] [pid 12:tid 139836741576384] Eventlet is deprecated. It is currently being maintained in bugfix mode, and
[Mon Jun 29 21:08:13.570114 2026] [wsgi:error] [pid 12:tid 139836741576384] we strongly recommend against using it for new projects.
[Mon Jun 29 21:08:13.570115 2026] [wsgi:error] [pid 12:tid 139836741576384]
[Mon Jun 29 21:08:13.570116 2026] [wsgi:error] [pid 12:tid 139836741576384] If you are already using Eventlet, we recommend migrating to a different
[Mon Jun 29 21:08:13.570117 2026] [wsgi:error] [pid 12:tid 139836741576384] framework. For more detail see
[Mon Jun 29 21:08:13.570118 2026] [wsgi:error] [pid 12:tid 139836741576384] https://eventlet.readthedocs.io/en/latest/asyncio/migration.html
[Mon Jun 29 21:08:13.570120 2026] [wsgi:error] [pid 12:tid 139836741576384]
[Mon Jun 29 21:08:13.570121 2026] [wsgi:error] [pid 12:tid 139836741576384] __import__(import_str)
[Mon Jun 29 21:08:13.600622 2026] [wsgi:error] [pid 11:tid 139836741576384] /var/lib/openstack/lib/python3.12/site-packages/oslo_utils/importutils.py:77: EventletDeprecationWarning:
[Mon Jun 29 21:08:13.600664 2026] [wsgi:error] [pid 11:tid 139836741576384] Eventlet is deprecated. It is currently being maintained in bugfix mode, and
[Mon Jun 29 21:08:13.600667 2026] [wsgi:error] [pid 11:tid 139836741576384] we strongly recommend against using it for new projects.
[Mon Jun 29 21:08:13.600669 2026] [wsgi:error] [pid 11:tid 139836741576384]
[Mon Jun 29 21:08:13.600670 2026] [wsgi:error] [pid 11:tid 139836741576384] If you are already using Eventlet, we recommend migrating to a different
[Mon Jun 29 21:08:13.600672 2026] [wsgi:error] [pid 11:tid 139836741576384] framework. For more detail see
[Mon Jun 29 21:08:13.600674 2026] [wsgi:error] [pid 11:tid 139836741576384] https://eventlet.readthedocs.io/en/latest/asyncio/migration.html
[Mon Jun 29 21:08:13.600675 2026] [wsgi:error] [pid 11:tid 139836741576384]
[Mon Jun 29 21:08:13.600677 2026] [wsgi:error] [pid 11:tid 139836741576384] __import__(import_str) 10.0.0.241 - - [29/Jun/2026:21:08:12 +0000] "GET /v3/ HTTP/1.1" 200 248 10.0.0.241 - - [29/Jun/2026:21:08:12 +0000] "GET /v3/ HTTP/1.1" 200 248
[Mon Jun 29 21:08:26.055956 2026] [wsgi:error] [pid 9:tid 139836741576384] /var/lib/openstack/lib/python3.12/site-packages/oslo_utils/importutils.py:77: EventletDeprecationWarning:
[Mon Jun 29 21:08:26.056000 2026] [wsgi:error] [pid 9:tid 139836741576384] Eventlet is deprecated. It is currently being maintained in bugfix mode, and
[Mon Jun 29 21:08:26.056002 2026] [wsgi:error] [pid 9:tid 139836741576384] we strongly recommend against using it for new projects.
[Mon Jun 29 21:08:26.056003 2026] [wsgi:error] [pid 9:tid 139836741576384]
[Mon Jun 29 21:08:26.056004 2026] [wsgi:error] [pid 9:tid 139836741576384] If you are already using Eventlet, we recommend migrating to a different
[Mon Jun 29 21:08:26.056005 2026] [wsgi:error] [pid 9:tid 139836741576384] framework. For more detail see
[Mon Jun 29 21:08:26.056006 2026] [wsgi:error] [pid 9:tid 139836741576384] https://eventlet.readthedocs.io/en/latest/asyncio/migration.html
[Mon Jun 29 21:08:26.056007 2026] [wsgi:error] [pid 9:tid 139836741576384]
[Mon Jun 29 21:08:26.056008 2026] [wsgi:error] [pid 9:tid 139836741576384] __import__(import_str) 10.0.0.44 - - [29/Jun/2026:21:08:25 +0000] "GET / HTTP/1.1" 300 295
[Mon Jun 29 21:08:31.457495 2026] [wsgi:error] [pid 10:tid 139836741576384] /var/lib/openstack/lib/python3.12/site-packages/oslo_utils/importutils.py:77: EventletDeprecationWarning:
[Mon Jun 29 21:08:31.457603 2026] [wsgi:error] [pid 10:tid 139836741576384] Eventlet is deprecated. It is currently being maintained in bugfix mode, and
[Mon Jun 29 21:08:31.457616 2026] [wsgi:error] [pid 10:tid 139836741576384] we strongly recommend against using it for new projects.
[Mon Jun 29 21:08:31.457630 2026] [wsgi:error] [pid 10:tid 139836741576384]
[Mon Jun 29 21:08:31.457642 2026] [wsgi:error] [pid 10:tid 139836741576384] If you are already using Eventlet, we recommend migrating to a different
[Mon Jun 29 21:08:31.457655 2026] [wsgi:error] [pid 10:tid 139836741576384] framework. For more detail see
[Mon Jun 29 21:08:31.457667 2026] [wsgi:error] [pid 10:tid 139836741576384] https://eventlet.readthedocs.io/en/latest/asyncio/migration.html
[Mon Jun 29 21:08:31.457677 2026] [wsgi:error] [pid 10:tid 139836741576384]
[Mon Jun 29 21:08:31.457687 2026] [wsgi:error] [pid 10:tid 139836741576384] __import__(import_str)
[Mon Jun 29 21:08:36.102099 2026] [wsgi:error] [pid 10:tid 139836741576384] [remote 10.0.0.44:54130] 2026-06-29 21:08:36.098 10 WARNING keystone.identity.core [None req-ff809fc3-5df0-4079-8554-9fa040f0c58d - - - - - -] Invalid domain name (atmosphere) found in config file name: keystone.exception.DomainNotFound: Could not find domain: atmosphere.
[Mon Jun 29 21:08:36.157363 2026] [wsgi:error] [pid 10:tid 139836741576384] [remote 10.0.0.44:54130] 2026-06-29 21:08:36.156 10 WARNING keystone.common.password_hashing [None req-ff809fc3-5df0-4079-8554-9fa040f0c58d - - - - - -] Truncating password to algorithm specific maximum length 72 characters.
[Mon Jun 29 21:08:36.442787 2026] [wsgi:error] [pid 10:tid 139836741576384] [remote 10.0.0.44:54130] 2026-06-29 21:08:36.442 10 WARNING keystone.common.fernet_utils [None req-ff809fc3-5df0-4079-8554-9fa040f0c58d - - - - - -] key_repository is world readable: /etc/keystone/fernet-keys/ 10.0.0.44 - - [29/Jun/2026:21:08:30 +0000] "POST /v3/auth/tokens HTTP/1.1" 201 1360
[Mon Jun 29 21:08:36.824343 2026] [wsgi:error] [pid 12:tid 139836741576384] [remote 10.0.0.44:54130] 2026-06-29 21:08:36.821 12 WARNING keystone.identity.core [None req-1bd1fb18-4f00-43a8-a09c-7f4ff4418230 - - - - - -] Invalid domain name (atmosphere) found in config file name: keystone.exception.DomainNotFound: Could not find domain: atmosphere. 10.0.0.44 - - [29/Jun/2026:21:08:36 +0000] "POST /v3/domains HTTP/1.1" 201 261 10.0.0.234 - - [29/Jun/2026:21:08:48 +0000] "GET / HTTP/1.1" 300 295
[Mon Jun 29 21:08:48.756756 2026] [wsgi:error] [pid 9:tid 139836741576384] [remote 10.0.0.234:58696] 2026-06-29 21:08:48.756 9 WARNING keystone.common.password_hashing [None req-30cb1c5f-c803-4bf4-9c66-66029c4b083c - - - - - -] Truncating password to algorithm specific maximum length 72 characters.
[Mon Jun 29 21:08:49.028830 2026] [wsgi:error] [pid 9:tid 139836741576384] [remote 10.0.0.234:58696] 2026-06-29 21:08:49.028 9 WARNING keystone.common.fernet_utils [None req-30cb1c5f-c803-4bf4-9c66-66029c4b083c - - - - - -] key_repository is world readable: /etc/keystone/fernet-keys/ 10.0.0.234 - - [29/Jun/2026:21:08:48 +0000] "POST /v3/auth/tokens HTTP/1.1" 201 1360 10.0.0.234 - - [29/Jun/2026:21:08:49 +0000] "GET /v3/roles/admin HTTP/1.1" 404 83
[Mon Jun 29 21:08:49.300594 2026] [wsgi:error] [pid 12:tid 139836741576384] [remote 10.0.0.234:58696] 2026-06-29 21:08:49.300 12 WARNING keystone.common.rbac_enforcer.enforcer [None req-08b5e96c-f352-40c5-b932-26a78d36776d 547ff52b8d094887b85e8edad5fd9a1e 9d40539042584f64b83ab2d3e7f9295c - - default default] Deprecated policy rules found. Use oslopolicy-policy-generator and oslopolicy-policy-upgrade to detect and resolve deprecated policies in your configuration. 10.0.0.234 - - [29/Jun/2026:21:08:49 +0000] "GET /v3/roles?name=admin HTTP/1.1" 200 389
[Mon Jun 29 21:08:49.804772 2026] [wsgi:error] [pid 11:tid 139836741576384] [remote 10.0.0.234:58696] 2026-06-29 21:08:49.804 11 WARNING keystone.common.rbac_enforcer.enforcer [None req-48bf00cc-9f4a-4859-83bc-d17b47807b21 547ff52b8d094887b85e8edad5fd9a1e 9d40539042584f64b83ab2d3e7f9295c - - default default] Deprecated policy rules found. Use oslopolicy-policy-generator and oslopolicy-policy-upgrade to detect and resolve deprecated policies in your configuration. 10.0.0.234 - - [29/Jun/2026:21:08:49 +0000] "GET /v3/users/admin-RegionOne HTTP/1.1" 404 93
[Mon Jun 29 21:08:49.948697 2026] [wsgi:error] [pid 9:tid 139836741576384] [remote 10.0.0.234:58696] 2026-06-29 21:08:49.948 9 WARNING keystone.common.rbac_enforcer.enforcer [None req-2c5b7202-5f02-4509-8b63-ac0203bdba49 547ff52b8d094887b85e8edad5fd9a1e 9d40539042584f64b83ab2d3e7f9295c - - default default] Deprecated policy rules found. Use oslopolicy-policy-generator and oslopolicy-policy-upgrade to detect and resolve deprecated policies in your configuration. 10.0.0.234 - - [29/Jun/2026:21:08:49 +0000] "GET /v3/users?name=admin-RegionOne HTTP/1.1" 200 422
[Mon Jun 29 21:08:50.115194 2026] [wsgi:error] [pid 10:tid 139836741576384] [remote 10.0.0.234:58696] 2026-06-29 21:08:50.114 10 WARNING keystone.common.rbac_enforcer.enforcer [None req-0d60ec2c-5784-4d25-a57c-863675747fe1 547ff52b8d094887b85e8edad5fd9a1e 9d40539042584f64b83ab2d3e7f9295c - - default default] Deprecated policy rules found. Use oslopolicy-policy-generator and oslopolicy-policy-upgrade to detect and resolve deprecated policies in your configuration. 10.0.0.234 - - [29/Jun/2026:21:08:49 +0000] "GET /v3/domains/default HTTP/1.1" 200 224 10.0.0.234 - - [29/Jun/2026:21:08:50 +0000] "PUT /v3/domains/default/users/547ff52b8d094887b85e8edad5fd9a1e/roles/5aa3b160208a405685fa0ad2eac7f166 HTTP/1.1" 204 - 10.0.0.241 - - [29/Jun/2026:21:09:00 +0000] "GET / HTTP/1.1" 300 281 10.0.0.241 - - [29/Jun/2026:21:09:01 +0000] "GET /v3 HTTP/1.1" 200 266
[Mon Jun 29 21:09:01.956451 2026] [wsgi:error] [pid 10:tid 139836741576384] [remote 10.0.0.241:56242] 2026-06-29 21:09:01.956 10 WARNING keystone.common.password_hashing [None req-5903d7df-65bb-4d37-9811-283a51c64b25 - - - - - -] Truncating password to algorithm specific maximum length 72 characters.
[Mon Jun 29 21:09:02.229290 2026] [wsgi:error] [pid 10:tid 139836741576384] [remote 10.0.0.241:56242] 2026-06-29 21:09:02.229 10 WARNING keystone.common.fernet_utils [None req-5903d7df-65bb-4d37-9811-283a51c64b25 - - - - - -] key_repository is world readable: /etc/keystone/fernet-keys/ 10.0.0.241 - - [29/Jun/2026:21:09:01 +0000] "POST /v3/auth/tokens HTTP/1.1" 201 1360 10.0.0.241 - - [29/Jun/2026:21:09:02 +0000] "GET / HTTP/1.1" 300 281 10.0.0.241 - - [29/Jun/2026:21:09:02 +0000] "GET /v3/domains/atmosphere HTTP/1.1" 404 90 10.0.0.241 - - [29/Jun/2026:21:09:02 +0000] "GET /v3/domains?name=atmosphere HTTP/1.1" 200 370 10.0.0.241 - - [29/Jun/2026:21:09:02 +0000] "GET /v3/domains/0946745b42454587b496e37030a909e8 HTTP/1.1" 200 247 10.0.0.241 - - [29/Jun/2026:21:09:03 +0000] "GET /v3 HTTP/1.1" 200 266
[Mon Jun 29 21:09:03.329150 2026] [wsgi:error] [pid 11:tid 139836741576384] [remote 10.0.0.241:56242] 2026-06-29 21:09:03.328 11 WARNING keystone.common.password_hashing [None req-737ff9f5-9a29-43ac-a12e-a5e083f59b63 - - - - - -] Truncating password to algorithm specific maximum length 72 characters.
[Mon Jun 29 21:09:03.611604 2026] [wsgi:error] [pid 11:tid 139836741576384] [remote 10.0.0.241:56242] 2026-06-29 21:09:03.611 11 WARNING keystone.common.fernet_utils [None req-737ff9f5-9a29-43ac-a12e-a5e083f59b63 - - - - - -] key_repository is world readable: /etc/keystone/fernet-keys/ 10.0.0.241 - - [29/Jun/2026:21:09:03 +0000] "POST /v3/auth/tokens HTTP/1.1" 201 1360 10.0.0.241 - - [29/Jun/2026:21:09:03 +0000] "GET / HTTP/1.1" 300 281 10.0.0.241 - - [29/Jun/2026:21:09:03 +0000] "GET /v3/OS-FEDERATION/identity_providers/atmosphere HTTP/1.1" 404 101 10.0.0.241 - - [29/Jun/2026:21:09:03 +0000] "GET /v3/OS-FEDERATION/identity_providers HTTP/1.1" 200 156 10.0.0.241 - - [29/Jun/2026:21:09:03 +0000] "PUT /v3/OS-FEDERATION/identity_providers/atmosphere HTTP/1.1" 201 342 10.0.0.241 - - [29/Jun/2026:21:09:04 +0000] "GET /v3 HTTP/1.1" 200 266
[Mon Jun 29 21:09:04.433369 2026] [wsgi:error] [pid 10:tid 139836741576384] [remote 10.0.0.241:32988] 2026-06-29 21:09:04.433 10 WARNING keystone.common.password_hashing [None req-27459ddc-38dc-4c6b-8702-56b840bca280 - - - - - -] Truncating password to algorithm specific maximum length 72 characters.
[Mon Jun 29 21:09:04.707674 2026] [wsgi:error] [pid 10:tid 139836741576384] [remote 10.0.0.241:32988] 2026-06-29 21:09:04.707 10 WARNING keystone.common.fernet_utils [None req-27459ddc-38dc-4c6b-8702-56b840bca280 - - - - - -] key_repository is world readable: /etc/keystone/fernet-keys/ 10.0.0.241 - - [29/Jun/2026:21:09:04 +0000] "POST /v3/auth/tokens HTTP/1.1" 201 1360 10.0.0.241 - - [29/Jun/2026:21:09:04 +0000] "GET / HTTP/1.1" 300 281 10.0.0.241 - - [29/Jun/2026:21:09:04 +0000] "GET /v3/OS-FEDERATION/mappings/atmosphere-openid HTTP/1.1" 404 98 10.0.0.241 - - [29/Jun/2026:21:09:04 +0000] "GET /v3/OS-FEDERATION/mappings HTTP/1.1" 200 136 10.0.0.241 - - [29/Jun/2026:21:09:04 +0000] "PUT /v3/OS-FEDERATION/mappings/atmosphere-openid HTTP/1.1" 201 357 10.0.0.241 - - [29/Jun/2026:21:09:05 +0000] "GET /v3 HTTP/1.1" 200 266
[Mon Jun 29 21:09:05.500122 2026] [wsgi:error] [pid 11:tid 139836741576384] [remote 10.0.0.241:32988] 2026-06-29 21:09:05.499 11 WARNING keystone.common.password_hashing [None req-425676eb-d363-4a73-b3e0-ca0689d08ce9 - - - - - -] Truncating password to algorithm specific maximum length 72 characters.
[Mon Jun 29 21:09:05.774727 2026] [wsgi:error] [pid 11:tid 139836741576384] [remote 10.0.0.241:32988] 2026-06-29 21:09:05.774 11 WARNING keystone.common.fernet_utils [None req-425676eb-d363-4a73-b3e0-ca0689d08ce9 - - - - - -] key_repository is world readable: /etc/keystone/fernet-keys/ 10.0.0.241 - - [29/Jun/2026:21:09:05 +0000] "POST /v3/auth/tokens HTTP/1.1" 201 1360 10.0.0.241 - - [29/Jun/2026:21:09:05 +0000] "GET / HTTP/1.1" 300 281 10.0.0.241 - - [29/Jun/2026:21:09:05 +0000] "GET /v3/OS-FEDERATION/identity_providers/atmosphere/protocols/openid?idp_id=atmosphere HTTP/1.1" 404 131 10.0.0.241 - - [29/Jun/2026:21:09:05 +0000] "GET /v3/OS-FEDERATION/identity_providers/atmosphere/protocols HTTP/1.1" 200 168 10.0.0.241 - - [29/Jun/2026:21:09:05 +0000] "PUT /v3/OS-FEDERATION/identity_providers/atmosphere/protocols/openid HTTP/1.1" 201 224 10.0.0.241 - - [29/Jun/2026:21:09:12 +0000] "GET /v3/ HTTP/1.1" 200 248 10.0.0.241 - - [29/Jun/2026:21:09:12 +0000] "GET /v3/ HTTP/1.1" 200 248 10.0.0.241 - - [29/Jun/2026:21:10:12 +0000] "GET /v3/ HTTP/1.1" 200 248 10.0.0.241 - - [29/Jun/2026:21:10:12 +0000] "GET /v3/ HTTP/1.1" 200 248 10.0.0.103 - - [29/Jun/2026:21:10:22 +0000] "GET / HTTP/1.1" 300 295
[Mon Jun 29 21:10:22.346307 2026] [wsgi:error] [pid 10:tid 139836741576384] [remote 10.0.0.103:45184] 2026-06-29 21:10:22.346 10 WARNING keystone.common.password_hashing [None req-d2c26b30-ccd7-4075-bda0-0284350a7d0d - - - - - -] Truncating password to algorithm specific maximum length 72 characters.
[Mon Jun 29 21:10:22.630077 2026] [wsgi:error] [pid 10:tid 139836741576384] [remote 10.0.0.103:45184] 2026-06-29 21:10:22.629 10 WARNING keystone.common.fernet_utils [None req-d2c26b30-ccd7-4075-bda0-0284350a7d0d - - - - - -] key_repository is world readable: /etc/keystone/fernet-keys/ 10.0.0.103 - - [29/Jun/2026:21:10:22 +0000] "POST /v3/auth/tokens HTTP/1.1" 201 1360 10.0.0.103 - - [29/Jun/2026:21:10:22 +0000] "GET /v3/services HTTP/1.1" 200 355 10.0.0.103 - - [29/Jun/2026:21:10:26 +0000] "GET / HTTP/1.1" 300 295
[Mon Jun 29 21:10:26.373844 2026] [wsgi:error] [pid 9:tid 139836741576384] [remote 10.0.0.103:54572] 2026-06-29 21:10:26.373 9 WARNING keystone.common.password_hashing [None req-7cefc4f5-581c-4453-ba76-83c17fd5a9f8 - - - - - -] Truncating password to algorithm specific maximum length 72 characters.
[Mon Jun 29 21:10:26.662942 2026] [wsgi:error] [pid 9:tid 139836741576384] [remote 10.0.0.103:54572] 2026-06-29 21:10:26.662 9 WARNING keystone.common.fernet_utils [None req-7cefc4f5-581c-4453-ba76-83c17fd5a9f8 - - - - - -] key_repository is world readable: /etc/keystone/fernet-keys/ 10.0.0.103 - - [29/Jun/2026:21:10:26 +0000] "POST /v3/auth/tokens HTTP/1.1" 201 1360 10.0.0.103 - - [29/Jun/2026:21:10:26 +0000] "GET /v3/services HTTP/1.1" 200 355 10.0.0.103 - - [29/Jun/2026:21:10:30 +0000] "GET / HTTP/1.1" 300 295
[Mon Jun 29 21:10:30.248995 2026] [wsgi:error] [pid 11:tid 139836741576384] [remote 10.0.0.103:54588] 2026-06-29 21:10:30.248 11 WARNING keystone.common.password_hashing [None req-a149407d-38d3-46e4-a36e-46c98ebefcf9 - - - - - -] Truncating password to algorithm specific maximum length 72 characters.
[Mon Jun 29 21:10:30.522833 2026] [wsgi:error] [pid 11:tid 139836741576384] [remote 10.0.0.103:54588] 2026-06-29 21:10:30.522 11 WARNING keystone.common.fernet_utils [None req-a149407d-38d3-46e4-a36e-46c98ebefcf9 - - - - - -] key_repository is world readable: /etc/keystone/fernet-keys/ 10.0.0.103 - - [29/Jun/2026:21:10:30 +0000] "POST /v3/auth/tokens HTTP/1.1" 201 1360 10.0.0.103 - - [29/Jun/2026:21:10:30 +0000] "GET /v3/services HTTP/1.1" 200 355 10.0.0.103 - - [29/Jun/2026:21:10:34 +0000] "GET / HTTP/1.1" 300 295
[Mon Jun 29 21:10:34.165301 2026] [wsgi:error] [pid 12:tid 139836741576384] [remote 10.0.0.103:33502] 2026-06-29 21:10:34.164 12 WARNING keystone.common.password_hashing [None req-e7368a55-d78e-4726-af73-e6effecaeca6 - - - - - -] Truncating password to algorithm specific maximum length 72 characters.
[Mon Jun 29 21:10:34.449558 2026] [wsgi:error] [pid 12:tid 139836741576384] [remote 10.0.0.103:33502] 2026-06-29 21:10:34.449 12 WARNING keystone.common.fernet_utils [None req-e7368a55-d78e-4726-af73-e6effecaeca6 - - - - - -] key_repository is world readable: /etc/keystone/fernet-keys/ 10.0.0.103 - - [29/Jun/2026:21:10:34 +0000] "POST /v3/auth/tokens HTTP/1.1" 201 1360 10.0.0.103 - - [29/Jun/2026:21:10:34 +0000] "POST /v3/services HTTP/1.1" 201 296 10.0.0.248 - - [29/Jun/2026:21:10:45 +0000] "GET / HTTP/1.1" 300 295
[Mon Jun 29 21:10:45.480708 2026] [wsgi:error] [pid 10:tid 139836741576384] [remote 10.0.0.248:58350] 2026-06-29 21:10:45.480 10 WARNING keystone.common.password_hashing [None req-d9f8b3d2-7878-4b41-81a8-2b642c17323c - - - - - -] Truncating password to algorithm specific maximum length 72 characters. 10.0.0.248 - - [29/Jun/2026:21:10:45 +0000] "GET / HTTP/1.1" 300 295
[Mon Jun 29 21:10:45.535597 2026] [wsgi:error] [pid 11:tid 139836741576384] [remote 10.0.0.248:58366] 2026-06-29 21:10:45.535 11 WARNING keystone.common.password_hashing [None req-56c7a164-96cb-4439-ba85-d95ff5e346ea - - - - - -] Truncating password to algorithm specific maximum length 72 characters. 10.0.0.248 - - [29/Jun/2026:21:10:45 +0000] "GET / HTTP/1.1" 300 295
[Mon Jun 29 21:10:45.700240 2026] [wsgi:error] [pid 12:tid 139836741576384] [remote 10.0.0.248:58382] 2026-06-29 21:10:45.700 12 WARNING keystone.common.password_hashing [None req-38735505-d62f-476e-9568-f4476caaeb54 - - - - - -] Truncating password to algorithm specific maximum length 72 characters.
[Mon Jun 29 21:10:45.764364 2026] [wsgi:error] [pid 10:tid 139836741576384] [remote 10.0.0.248:58350] 2026-06-29 21:10:45.764 10 WARNING keystone.common.fernet_utils [None req-d9f8b3d2-7878-4b41-81a8-2b642c17323c - - - - - -] key_repository is world readable: /etc/keystone/fernet-keys/ 10.0.0.248 - - [29/Jun/2026:21:10:45 +0000] "POST /v3/auth/tokens HTTP/1.1" 201 1464
[Mon Jun 29 21:10:45.833509 2026] [wsgi:error] [pid 11:tid 139836741576384] [remote 10.0.0.248:58366] 2026-06-29 21:10:45.833 11 WARNING keystone.common.fernet_utils [None req-56c7a164-96cb-4439-ba85-d95ff5e346ea - - - - - -] key_repository is world readable: /etc/keystone/fernet-keys/ 10.0.0.248 - - [29/Jun/2026:21:10:45 +0000] "POST /v3/auth/tokens HTTP/1.1" 201 1464 10.0.0.248 - - [29/Jun/2026:21:10:45 +0000] "GET /v3/services HTTP/1.1" 200 639 10.0.0.248 - - [29/Jun/2026:21:10:45 +0000] "GET /v3/services HTTP/1.1" 200 639
[Mon Jun 29 21:10:46.002879 2026] [wsgi:error] [pid 12:tid 139836741576384] [remote 10.0.0.248:58382] 2026-06-29 21:10:46.002 12 WARNING keystone.common.fernet_utils [None req-38735505-d62f-476e-9568-f4476caaeb54 - - - - - -] key_repository is world readable: /etc/keystone/fernet-keys/ 10.0.0.248 - - [29/Jun/2026:21:10:45 +0000] "POST /v3/auth/tokens HTTP/1.1" 201 1464 10.0.0.248 - - [29/Jun/2026:21:10:46 +0000] "GET /v3/services HTTP/1.1" 200 639 10.0.0.248 - - [29/Jun/2026:21:10:47 +0000] "GET / HTTP/1.1" 300 295
[Mon Jun 29 21:10:47.446069 2026] [wsgi:error] [pid 10:tid 139836741576384] [remote 10.0.0.248:58384] 2026-06-29 21:10:47.445 10 WARNING keystone.common.password_hashing [None req-b689b8cb-577c-45bd-9661-04fd892db874 - - - - - -] Truncating password to algorithm specific maximum length 72 characters. 10.0.0.248 - - [29/Jun/2026:21:10:47 +0000] "GET / HTTP/1.1" 300 295
[Mon Jun 29 21:10:47.541339 2026] [wsgi:error] [pid 11:tid 139836741576384] [remote 10.0.0.248:58386] 2026-06-29 21:10:47.541 11 WARNING keystone.common.password_hashing [None req-b2aa711e-35cb-43c2-b493-40d70ed0082e - - - - - -] Truncating password to algorithm specific maximum length 72 characters. 10.0.0.248 - - [29/Jun/2026:21:10:47 +0000] "GET / HTTP/1.1" 300 295
[Mon Jun 29 21:10:47.727313 2026] [wsgi:error] [pid 10:tid 139836741576384] [remote 10.0.0.248:58384] 2026-06-29 21:10:47.727 10 WARNING keystone.common.fernet_utils [None req-b689b8cb-577c-45bd-9661-04fd892db874 - - - - - -] key_repository is world readable: /etc/keystone/fernet-keys/
[Mon Jun 29 21:10:47.731993 2026] [wsgi:error] [pid 12:tid 139836741576384] [remote 10.0.0.248:58396] 2026-06-29 21:10:47.731 12 WARNING keystone.common.password_hashing [None req-36b3e9d7-fc88-4a72-a637-2b9dcf37f450 - - - - - -] Truncating password to algorithm specific maximum length 72 characters. 10.0.0.248 - - [29/Jun/2026:21:10:47 +0000] "POST /v3/auth/tokens HTTP/1.1" 201 1464
[Mon Jun 29 21:10:47.827901 2026] [wsgi:error] [pid 11:tid 139836741576384] [remote 10.0.0.248:58386] 2026-06-29 21:10:47.827 11 WARNING keystone.common.fernet_utils [None req-b2aa711e-35cb-43c2-b493-40d70ed0082e - - - - - -] key_repository is world readable: /etc/keystone/fernet-keys/ 10.0.0.248 - - [29/Jun/2026:21:10:47 +0000] "POST /v3/auth/tokens HTTP/1.1" 201 1464 10.0.0.248 - - [29/Jun/2026:21:10:47 +0000] "GET /v3/endpoints HTTP/1.1" 200 1227 10.0.0.248 - - [29/Jun/2026:21:10:47 +0000] "GET /v3/services/01162136769346e0877746eb520d8605 HTTP/1.1" 200 233 10.0.0.248 - - [29/Jun/2026:21:10:47 +0000] "GET /v3/services/01162136769346e0877746eb520d8605 HTTP/1.1" 200 233 10.0.0.248 - - [29/Jun/2026:21:10:47 +0000] "GET /v3/services/01162136769346e0877746eb520d8605 HTTP/1.1" 200 233 10.0.0.248 - - [29/Jun/2026:21:10:47 +0000] "GET /v3/endpoints HTTP/1.1" 200 1227 10.0.0.248 - - [29/Jun/2026:21:10:47 +0000] "GET /v3/services/01162136769346e0877746eb520d8605 HTTP/1.1" 200 233 10.0.0.248 - - [29/Jun/2026:21:10:47 +0000] "GET /v3/services/01162136769346e0877746eb520d8605 HTTP/1.1" 200 233
[Mon Jun 29 21:10:48.014529 2026] [wsgi:error] [pid 12:tid 139836741576384] [remote 10.0.0.248:58396] 2026-06-29 21:10:48.014 12 WARNING keystone.common.fernet_utils [None req-36b3e9d7-fc88-4a72-a637-2b9dcf37f450 - - - - - -] key_repository is world readable: /etc/keystone/fernet-keys/ 10.0.0.248 - - [29/Jun/2026:21:10:48 +0000] "GET /v3/services/01162136769346e0877746eb520d8605 HTTP/1.1" 200 233 10.0.0.248 - - [29/Jun/2026:21:10:47 +0000] "POST /v3/auth/tokens HTTP/1.1" 201 1464 10.0.0.248 - - [29/Jun/2026:21:10:48 +0000] "GET /v3/endpoints HTTP/1.1" 200 1227 10.0.0.248 - - [29/Jun/2026:21:10:48 +0000] "GET /v3/services/01162136769346e0877746eb520d8605 HTTP/1.1" 200 233 10.0.0.248 - - [29/Jun/2026:21:10:48 +0000] "GET /v3/services/01162136769346e0877746eb520d8605 HTTP/1.1" 200 233 10.0.0.248 - - [29/Jun/2026:21:10:48 +0000] "GET /v3/services/01162136769346e0877746eb520d8605 HTTP/1.1" 200 233 10.0.0.248 - - [29/Jun/2026:21:10:49 +0000] "GET / HTTP/1.1" 300 295
[Mon Jun 29 21:10:49.405610 2026] [wsgi:error] [pid 9:tid 139836741576384] [remote 10.0.0.248:58400] 2026-06-29 21:10:49.405 9 WARNING keystone.common.password_hashing [None req-b69242a1-2896-4949-99d5-c1577f7054de - - - - - -] Truncating password to algorithm specific maximum length 72 characters. 10.0.0.248 - - [29/Jun/2026:21:10:49 +0000] "GET / HTTP/1.1" 300 295
[Mon Jun 29 21:10:49.485334 2026] [wsgi:error] [pid 12:tid 139836741576384] [remote 10.0.0.248:58406] 2026-06-29 21:10:49.485 12 WARNING keystone.common.password_hashing [None req-c704aa82-2c03-4d0f-a523-18f2774784ed - - - - - -] Truncating password to algorithm specific maximum length 72 characters.
[Mon Jun 29 21:10:49.676587 2026] [wsgi:error] [pid 9:tid 139836741576384] [remote 10.0.0.248:58400] 2026-06-29 21:10:49.676 9 WARNING keystone.common.fernet_utils [None req-b69242a1-2896-4949-99d5-c1577f7054de - - - - - -] key_repository is world readable: /etc/keystone/fernet-keys/ 10.0.0.248 - - [29/Jun/2026:21:10:49 +0000] "POST /v3/auth/tokens HTTP/1.1" 201 1464 10.0.0.248 - - [29/Jun/2026:21:10:49 +0000] "GET / HTTP/1.1" 300 295
[Mon Jun 29 21:10:49.706142 2026] [wsgi:error] [pid 10:tid 139836741576384] [remote 10.0.0.248:58412] 2026-06-29 21:10:49.705 10 WARNING keystone.common.password_hashing [None req-8072003a-4d10-4e87-9fd9-dd0e436ba6fe - - - - - -] Truncating password to algorithm specific maximum length 72 characters.
[Mon Jun 29 21:10:49.775081 2026] [wsgi:error] [pid 12:tid 139836741576384] [remote 10.0.0.248:58406] 2026-06-29 21:10:49.774 12 WARNING keystone.common.fernet_utils [None req-c704aa82-2c03-4d0f-a523-18f2774784ed - - - - - -] key_repository is world readable: /etc/keystone/fernet-keys/ 10.0.0.248 - - [29/Jun/2026:21:10:49 +0000] "POST /v3/auth/tokens HTTP/1.1" 201 1464 10.0.0.248 - - [29/Jun/2026:21:10:49 +0000] "GET /v3/services/76a056c9bb7a4b5d81cc83ccf22ff11a HTTP/1.1" 200 296 10.0.0.248 - - [29/Jun/2026:21:10:49 +0000] "GET /v3/regions/RegionOne HTTP/1.1" 200 173 10.0.0.248 - - [29/Jun/2026:21:10:49 +0000] "POST /v3/endpoints HTTP/1.1" 201 380 10.0.0.248 - - [29/Jun/2026:21:10:49 +0000] "GET /v3/services/76a056c9bb7a4b5d81cc83ccf22ff11a HTTP/1.1" 200 296 10.0.0.248 - - [29/Jun/2026:21:10:49 +0000] "GET /v3/regions/RegionOne HTTP/1.1" 200 173 10.0.0.248 - - [29/Jun/2026:21:10:49 +0000] "POST /v3/endpoints HTTP/1.1" 201 383
[Mon Jun 29 21:10:49.996523 2026] [wsgi:error] [pid 10:tid 139836741576384] [remote 10.0.0.248:58412] 2026-06-29 21:10:49.996 10 WARNING keystone.common.fernet_utils [None req-8072003a-4d10-4e87-9fd9-dd0e436ba6fe - - - - - -] key_repository is world readable: /etc/keystone/fernet-keys/ 10.0.0.248 - - [29/Jun/2026:21:10:49 +0000] "POST /v3/auth/tokens HTTP/1.1" 201 1823 10.0.0.248 - - [29/Jun/2026:21:10:50 +0000] "GET /v3/services/76a056c9bb7a4b5d81cc83ccf22ff11a HTTP/1.1" 200 296 10.0.0.248 - - [29/Jun/2026:21:10:50 +0000] "GET /v3/regions/RegionOne HTTP/1.1" 200 173 10.0.0.248 - - [29/Jun/2026:21:10:50 +0000] "POST /v3/endpoints HTTP/1.1" 201 370 10.0.0.248 - - [29/Jun/2026:21:10:51 +0000] "GET / HTTP/1.1" 300 295
[Mon Jun 29 21:10:51.371012 2026] [wsgi:error] [pid 9:tid 139836741576384] [remote 10.0.0.248:58418] 2026-06-29 21:10:51.370 9 WARNING keystone.common.password_hashing [None req-4509f049-2515-4ee9-9ee3-affadefcf811 - - - - - -] Truncating password to algorithm specific maximum length 72 characters. 10.0.0.248 - - [29/Jun/2026:21:10:51 +0000] "GET / HTTP/1.1" 300 295
[Mon Jun 29 21:10:51.479036 2026] [wsgi:error] [pid 12:tid 139836741576384] [remote 10.0.0.248:58432] 2026-06-29 21:10:51.478 12 WARNING keystone.common.password_hashing [None req-603931e5-47c9-4e77-8366-3a1f4e590577 - - - - - -] Truncating password to algorithm specific maximum length 72 characters.
[Mon Jun 29 21:10:51.660449 2026] [wsgi:error] [pid 9:tid 139836741576384] [remote 10.0.0.248:58418] 2026-06-29 21:10:51.660 9 WARNING keystone.common.fernet_utils [None req-4509f049-2515-4ee9-9ee3-affadefcf811 - - - - - -] key_repository is world readable: /etc/keystone/fernet-keys/ 10.0.0.248 - - [29/Jun/2026:21:10:51 +0000] "POST /v3/auth/tokens HTTP/1.1" 201 1992 10.0.0.248 - - [29/Jun/2026:21:10:51 +0000] "GET / HTTP/1.1" 300 295
[Mon Jun 29 21:10:51.747469 2026] [wsgi:error] [pid 11:tid 139836741576384] [remote 10.0.0.248:58444] 2026-06-29 21:10:51.747 11 WARNING keystone.common.password_hashing [None req-ce5423a5-14b7-4f3f-a347-21b1a7f5a23f - - - - - -] Truncating password to algorithm specific maximum length 72 characters.
[Mon Jun 29 21:10:51.757391 2026] [wsgi:error] [pid 12:tid 139836741576384] [remote 10.0.0.248:58432] 2026-06-29 21:10:51.757 12 WARNING keystone.common.fernet_utils [None req-603931e5-47c9-4e77-8366-3a1f4e590577 - - - - - -] key_repository is world readable: /etc/keystone/fernet-keys/ 10.0.0.248 - - [29/Jun/2026:21:10:51 +0000] "POST /v3/auth/tokens HTTP/1.1" 201 1992 10.0.0.248 - - [29/Jun/2026:21:10:51 +0000] "GET /v3/endpoints/098aa5a0b9bd4fc3b8b11304516a14a9 HTTP/1.1" 200 380 10.0.0.248 - - [29/Jun/2026:21:10:51 +0000] "GET /v3/services/76a056c9bb7a4b5d81cc83ccf22ff11a HTTP/1.1" 200 296 10.0.0.248 - - [29/Jun/2026:21:10:51 +0000] "GET /v3/endpoints/764f75542ee84d0398ae6cf13be7a15f HTTP/1.1" 200 383 10.0.0.248 - - [29/Jun/2026:21:10:51 +0000] "GET /v3/services/76a056c9bb7a4b5d81cc83ccf22ff11a HTTP/1.1" 200 296
[Mon Jun 29 21:10:52.019475 2026] [wsgi:error] [pid 11:tid 139836741576384] [remote 10.0.0.248:58444] 2026-06-29 21:10:52.019 11 WARNING keystone.common.fernet_utils [None req-ce5423a5-14b7-4f3f-a347-21b1a7f5a23f - - - - - -] key_repository is world readable: /etc/keystone/fernet-keys/ 10.0.0.248 - - [29/Jun/2026:21:10:51 +0000] "POST /v3/auth/tokens HTTP/1.1" 201 1992 10.0.0.248 - - [29/Jun/2026:21:10:52 +0000] "GET /v3/endpoints/33524006a7bd484393da2fc10e55e1a4 HTTP/1.1" 200 370 10.0.0.248 - - [29/Jun/2026:21:10:52 +0000] "GET /v3/services/76a056c9bb7a4b5d81cc83ccf22ff11a HTTP/1.1" 200 296 10.0.0.17 - - [29/Jun/2026:21:11:03 +0000] "GET / HTTP/1.1" 300 295
[Mon Jun 29 21:11:03.562786 2026] [wsgi:error] [pid 11:tid 139836741576384] [remote 10.0.0.17:36876] 2026-06-29 21:11:03.562 11 WARNING keystone.common.password_hashing [None req-3de4e10d-95a0-4a19-a2a2-34f2c9f59b29 - - - - - -] Truncating password to algorithm specific maximum length 72 characters.
[Mon Jun 29 21:11:03.837607 2026] [wsgi:error] [pid 11:tid 139836741576384] [remote 10.0.0.17:36876] 2026-06-29 21:11:03.837 11 WARNING keystone.common.fernet_utils [None req-3de4e10d-95a0-4a19-a2a2-34f2c9f59b29 - - - - - -] key_repository is world readable: /etc/keystone/fernet-keys/ 10.0.0.17 - - [29/Jun/2026:21:11:03 +0000] "POST /v3/auth/tokens HTTP/1.1" 201 1992 10.0.0.17 - - [29/Jun/2026:21:11:03 +0000] "POST /v3/domains HTTP/1.1" 201 284 10.0.0.17 - - [29/Jun/2026:21:11:05 +0000] "GET / HTTP/1.1" 300 295
[Mon Jun 29 21:11:05.797791 2026] [wsgi:error] [pid 9:tid 139836741576384] [remote 10.0.0.17:37790] 2026-06-29 21:11:05.797 9 WARNING keystone.common.password_hashing [None req-d359f696-5720-49d2-9e5c-2394d2b63700 - - - - - -] Truncating password to algorithm specific maximum length 72 characters.
[Mon Jun 29 21:11:06.077967 2026] [wsgi:error] [pid 9:tid 139836741576384] [remote 10.0.0.17:37790] 2026-06-29 21:11:06.077 9 WARNING keystone.common.fernet_utils [None req-d359f696-5720-49d2-9e5c-2394d2b63700 - - - - - -] key_repository is world readable: /etc/keystone/fernet-keys/ 10.0.0.17 - - [29/Jun/2026:21:11:05 +0000] "POST /v3/auth/tokens HTTP/1.1" 201 1992
[Mon Jun 29 21:11:06.270064 2026] [wsgi:error] [pid 11:tid 139836741576384] [remote 10.0.0.17:37790] 2026-06-29 21:11:06.253 11 ERROR keystone.server.flask.application [None req-b0057caf-f124-417d-ab0a-8db5680e1bc9 547ff52b8d094887b85e8edad5fd9a1e 9d40539042584f64b83ab2d3e7f9295c - - default default] Conflict occurred attempting to store project - it is not permitted to have two projects acting as domains with the same name: service.: keystone.exception.Conflict: Conflict occurred attempting to store project - it is not permitted to have two projects acting as domains with the same name: service.
[Mon Jun 29 21:11:06.270097 2026] [wsgi:error] [pid 11:tid 139836741576384] [remote 10.0.0.17:37790] 2026-06-29 21:11:06.253 11 ERROR keystone.server.flask.application
Traceback (most recent call last):
[Mon Jun 29 21:11:06.270101 2026] [wsgi:error] [pid 11:tid 139836741576384] [remote 10.0.0.17:37790] 2026-06-29 21:11:06.253 11 ERROR keystone.server.flask.application
File "/var/lib/openstack/lib/python3.12/site-packages/sqlalchemy/engine/base.py", line 1969, in _exec_single_context
[Mon Jun 29 21:11:06.270103 2026] [wsgi:error] [pid 11:tid 139836741576384] [remote 10.0.0.17:37790] 2026-06-29 21:11:06.253 11 ERROR keystone.server.flask.application self.dialect.do_execute(
[Mon Jun 29 21:11:06.270105 2026] [wsgi:error] [pid 11:tid 139836741576384] [remote 10.0.0.17:37790] 2026-06-29 21:11:06.253 11 ERROR keystone.server.flask.application
File "/var/lib/openstack/lib/python3.12/site-packages/sqlalchemy/engine/default.py", line 952, in do_execute
[Mon Jun 29 21:11:06.270108 2026] [wsgi:error] [pid 11:tid 139836741576384] [remote 10.0.0.17:37790] 2026-06-29 21:11:06.253 11 ERROR keystone.server.flask.application cursor.execute(statement, parameters)
[Mon Jun 29 21:11:06.270110 2026] [wsgi:error] [pid 11:tid 139836741576384] [remote 10.0.0.17:37790] 2026-06-29 21:11:06.253 11 ERROR keystone.server.flask.application
File "/var/lib/openstack/lib/python3.12/site-packages/pymysql/cursors.py", line 159, in execute
[Mon Jun 29 21:11:06.270112 2026] [wsgi:error] [pid 11:tid 139836741576384] [remote 10.0.0.17:37790] 2026-06-29 21:11:06.253 11 ERROR keystone.server.flask.application result = self._query(query)
[Mon Jun 29 21:11:06.270114 2026] [wsgi:error] [pid 11:tid 139836741576384] [remote 10.0.0.17:37790] 2026-06-29 21:11:06.253 11 ERROR keystone.server.flask.application ^^^^^^^^^^^^^^^^^^
[Mon Jun 29 21:11:06.270116 2026] [wsgi:error] [pid 11:tid 139836741576384] [remote 10.0.0.17:37790] 2026-06-29 21:11:06.253 11 ERROR keystone.server.flask.application
File "/var/lib/openstack/lib/python3.12/site-packages/pymysql/cursors.py", line 330, in _query
[Mon Jun 29 21:11:06.270118 2026] [wsgi:error] [pid 11:tid 139836741576384] [remote 10.0.0.17:37790] 2026-06-29 21:11:06.253 11 ERROR keystone.server.flask.application conn.query(q)
[Mon Jun 29 21:11:06.270120 2026] [wsgi:error] [pid 11:tid 139836741576384] [remote 10.0.0.17:37790] 2026-06-29 21:11:06.253 11 ERROR keystone.server.flask.application
File "/var/lib/openstack/lib/python3.12/site-packages/pymysql/connections.py", line 582, in query
[Mon Jun 29 21:11:06.270123 2026] [wsgi:error] [pid 11:tid 139836741576384] [remote 10.0.0.17:37790] 2026-06-29 21:11:06.253 11 ERROR keystone.server.flask.application self._affected_rows = self._read_query_result(unbuffered=unbuffered)
[Mon Jun 29 21:11:06.270125 2026] [wsgi:error] [pid 11:tid 139836741576384] [remote 10.0.0.17:37790] 2026-06-29 21:11:06.253 11 ERROR keystone.server.flask.application ^^^^^^^^^^^^^^^^^^^^^^^^^^^^^^^^^^^^^^^^^^^^^^
[Mon Jun 29 21:11:06.270127 2026] [wsgi:error] [pid 11:tid 139836741576384] [remote 10.0.0.17:37790] 2026-06-29 21:11:06.253 11 ERROR keystone.server.flask.application
File "/var/lib/openstack/lib/python3.12/site-packages/pymysql/connections.py", line 847, in _read_query_result
[Mon Jun 29 21:11:06.270129 2026] [wsgi:error] [pid 11:tid 139836741576384] [remote 10.0.0.17:37790] 2026-06-29 21:11:06.253 11 ERROR keystone.server.flask.application result.read()
[Mon Jun 29 21:11:06.270134 2026] [wsgi:error] [pid 11:tid 139836741576384] [remote 10.0.0.17:37790] 2026-06-29 21:11:06.253 11 ERROR keystone.server.flask.application
File "/var/lib/openstack/lib/python3.12/site-packages/pymysql/connections.py", line 1245, in read
[Mon Jun 29 21:11:06.270137 2026] [wsgi:error] [pid 11:tid 139836741576384] [remote 10.0.0.17:37790] 2026-06-29 21:11:06.253 11 ERROR keystone.server.flask.application first_packet = self.connection._read_packet()
[Mon Jun 29 21:11:06.270139 2026] [wsgi:error] [pid 11:tid 139836741576384] [remote 10.0.0.17:37790] 2026-06-29 21:11:06.253 11 ERROR keystone.server.flask.application ^^^^^^^^^^^^^^^^^^^^^^^^^^^^^^
[Mon Jun 29 21:11:06.270141 2026] [wsgi:error] [pid 11:tid 139836741576384] [remote 10.0.0.17:37790] 2026-06-29 21:11:06.253 11 ERROR keystone.server.flask.application
File "/var/lib/openstack/lib/python3.12/site-packages/pymysql/connections.py", line 803, in _read_packet
[Mon Jun 29 21:11:06.270143 2026] [wsgi:error] [pid 11:tid 139836741576384] [remote 10.0.0.17:37790] 2026-06-29 21:11:06.253 11 ERROR keystone.server.flask.application packet.raise_for_error()
[Mon Jun 29 21:11:06.270145 2026] [wsgi:error] [pid 11:tid 139836741576384] [remote 10.0.0.17:37790] 2026-06-29 21:11:06.253 11 ERROR keystone.server.flask.application
File "/var/lib/openstack/lib/python3.12/site-packages/pymysql/protocol.py", line 219, in raise_for_error
[Mon Jun 29 21:11:06.270148 2026] [wsgi:error] [pid 11:tid 139836741576384] [remote 10.0.0.17:37790] 2026-06-29 21:11:06.253 11 ERROR keystone.server.flask.application err.raise_mysql_exception(self._data)
[Mon Jun 29 21:11:06.270159 2026] [wsgi:error] [pid 11:tid 139836741576384] [remote 10.0.0.17:37790] 2026-06-29 21:11:06.253 11 ERROR keystone.server.flask.application
File "/var/lib/openstack/lib/python3.12/site-packages/pymysql/err.py", line 154, in raise_mysql_exception
[Mon Jun 29 21:11:06.270161 2026] [wsgi:error] [pid 11:tid 139836741576384] [remote 10.0.0.17:37790] 2026-06-29 21:11:06.253 11 ERROR keystone.server.flask.application raise errorclass(errno, errval, sqlstate=sqlstate)
[Mon Jun 29 21:11:06.270164 2026] [wsgi:error] [pid 11:tid 139836741576384] [remote 10.0.0.17:37790] 2026-06-29 21:11:06.253 11 ERROR keystone.server.flask.application pymysql.err.IntegrityError: (1062, "Duplicate entry '<>-service' for key 'project.ixu_project_name_domain_id'")
[Mon Jun 29 21:11:06.270167 2026] [wsgi:error] [pid 11:tid 139836741576384] [remote 10.0.0.17:37790] 2026-06-29 21:11:06.253 11 ERROR keystone.server.flask.application
[Mon Jun 29 21:11:06.270169 2026] [wsgi:error] [pid 11:tid 139836741576384] [remote 10.0.0.17:37790] 2026-06-29 21:11:06.253 11 ERROR keystone.server.flask.application The above exception was the direct cause of the following exception:
[Mon Jun 29 21:11:06.270171 2026] [wsgi:error] [pid 11:tid 139836741576384] [remote 10.0.0.17:37790] 2026-06-29 21:11:06.253 11 ERROR keystone.server.flask.application
[Mon Jun 29 21:11:06.270173 2026] [wsgi:error] [pid 11:tid 139836741576384] [remote 10.0.0.17:37790] 2026-06-29 21:11:06.253 11 ERROR keystone.server.flask.application
Traceback (most recent call last):
[Mon Jun 29 21:11:06.270176 2026] [wsgi:error] [pid 11:tid 139836741576384] [remote 10.0.0.17:37790] 2026-06-29 21:11:06.253 11 ERROR keystone.server.flask.application
File "/var/lib/openstack/lib/python3.12/site-packages/keystone/common/sql/core.py", line 575, in wrapper
[Mon Jun 29 21:11:06.270178 2026] [wsgi:error] [pid 11:tid 139836741576384] [remote 10.0.0.17:37790] 2026-06-29 21:11:06.253 11 ERROR keystone.server.flask.application return method(*args, **kwargs)
[Mon Jun 29 21:11:06.270181 2026] [wsgi:error] [pid 11:tid 139836741576384] [remote 10.0.0.17:37790] 2026-06-29 21:11:06.253 11 ERROR keystone.server.flask.application ^^^^^^^^^^^^^^^^^^^^^^^
[Mon Jun 29 21:11:06.270183 2026] [wsgi:error] [pid 11:tid 139836741576384] [remote 10.0.0.17:37790] 2026-06-29 21:11:06.253 11 ERROR keystone.server.flask.application
File "/var/lib/openstack/lib/python3.12/site-packages/keystone/resource/backends/sql.py", line 278, in create_project
[Mon Jun 29 21:11:06.270186 2026] [wsgi:error] [pid 11:tid 139836741576384] [remote 10.0.0.17:37790] 2026-06-29 21:11:06.253 11 ERROR keystone.server.flask.application with sql.session_for_write() as session:
[Mon Jun 29 21:11:06.270188 2026] [wsgi:error] [pid 11:tid 139836741576384] [remote 10.0.0.17:37790] 2026-06-29 21:11:06.253 11 ERROR keystone.server.flask.application
File "/usr/lib/python3.12/contextlib.py", line 144, in __exit__
[Mon Jun 29 21:11:06.270192 2026] [wsgi:error] [pid 11:tid 139836741576384] [remote 10.0.0.17:37790] 2026-06-29 21:11:06.253 11 ERROR keystone.server.flask.application next(self.gen)
[Mon Jun 29 21:11:06.270194 2026] [wsgi:error] [pid 11:tid 139836741576384] [remote 10.0.0.17:37790] 2026-06-29 21:11:06.253 11 ERROR keystone.server.flask.application
File "/var/lib/openstack/lib/python3.12/site-packages/oslo_db/sqlalchemy/enginefacade.py", line 1175, in _transaction_scope
[Mon Jun 29 21:11:06.270197 2026] [wsgi:error] [pid 11:tid 139836741576384] [remote 10.0.0.17:37790] 2026-06-29 21:11:06.253 11 ERROR keystone.server.flask.application with current._produce_block(
[Mon Jun 29 21:11:06.270200 2026] [wsgi:error] [pid 11:tid 139836741576384] [remote 10.0.0.17:37790] 2026-06-29 21:11:06.253 11 ERROR keystone.server.flask.application
File "/usr/lib/python3.12/contextlib.py", line 144, in __exit__
[Mon Jun 29 21:11:06.270203 2026] [wsgi:error] [pid 11:tid 139836741576384] [remote 10.0.0.17:37790] 2026-06-29 21:11:06.253 11 ERROR keystone.server.flask.application next(self.gen)
[Mon Jun 29 21:11:06.270206 2026] [wsgi:error] [pid 11:tid 139836741576384] [remote 10.0.0.17:37790] 2026-06-29 21:11:06.253 11 ERROR keystone.server.flask.application
File "/var/lib/openstack/lib/python3.12/site-packages/oslo_db/sqlalchemy/enginefacade.py", line 837, in _session
[Mon Jun 29 21:11:06.270209 2026] [wsgi:error] [pid 11:tid 139836741576384] [remote 10.0.0.17:37790] 2026-06-29 21:11:06.253 11 ERROR keystone.server.flask.application with excutils.save_and_reraise_exception():
[Mon Jun 29 21:11:06.270212 2026] [wsgi:error] [pid 11:tid 139836741576384] [remote 10.0.0.17:37790] 2026-06-29 21:11:06.253 11 ERROR keystone.server.flask.application
File "/var/lib/openstack/lib/python3.12/site-packages/oslo_utils/excutils.py", line 266, in __exit__
[Mon Jun 29 21:11:06.270215 2026] [wsgi:error] [pid 11:tid 139836741576384] [remote 10.0.0.17:37790] 2026-06-29 21:11:06.253 11 ERROR keystone.server.flask.application self.force_reraise()
[Mon Jun 29 21:11:06.270218 2026] [wsgi:error] [pid 11:tid 139836741576384] [remote 10.0.0.17:37790] 2026-06-29 21:11:06.253 11 ERROR keystone.server.flask.application
File "/var/lib/openstack/lib/python3.12/site-packages/oslo_utils/excutils.py", line 232, in force_reraise
[Mon Jun 29 21:11:06.270221 2026] [wsgi:error] [pid 11:tid 139836741576384] [remote 10.0.0.17:37790] 2026-06-29 21:11:06.253 11 ERROR keystone.server.flask.application raise self.value
[Mon Jun 29 21:11:06.270224 2026] [wsgi:error] [pid 11:tid 139836741576384] [remote 10.0.0.17:37790] 2026-06-29 21:11:06.253 11 ERROR keystone.server.flask.application
File "/var/lib/openstack/lib/python3.12/site-packages/oslo_db/sqlalchemy/enginefacade.py", line 835, in _session
[Mon Jun 29 21:11:06.270227 2026] [wsgi:error] [pid 11:tid 139836741576384] [remote 10.0.0.17:37790] 2026-06-29 21:11:06.253 11 ERROR keystone.server.flask.application self._end_session_transaction(self.session)
[Mon Jun 29 21:11:06.270229 2026] [wsgi:error] [pid 11:tid 139836741576384] [remote 10.0.0.17:37790] 2026-06-29 21:11:06.253 11 ERROR keystone.server.flask.application
File "/var/lib/openstack/lib/python3.12/site-packages/oslo_db/sqlalchemy/enginefacade.py", line 748, in _end_session_transaction
[Mon Jun 29 21:11:06.270232 2026] [wsgi:error] [pid 11:tid 139836741576384] [remote 10.0.0.17:37790] 2026-06-29 21:11:06.253 11 ERROR keystone.server.flask.application session.commit()
[Mon Jun 29 21:11:06.270234 2026] [wsgi:error] [pid 11:tid 139836741576384] [remote 10.0.0.17:37790] 2026-06-29 21:11:06.253 11 ERROR keystone.server.flask.application
File "/var/lib/openstack/lib/python3.12/site-packages/sqlalchemy/orm/session.py", line 2034, in commit
[Mon Jun 29 21:11:06.270238 2026] [wsgi:error] [pid 11:tid 139836741576384] [remote 10.0.0.17:37790] 2026-06-29 21:11:06.253 11 ERROR keystone.server.flask.application trans.commit(_to_root=True)
[Mon Jun 29 21:11:06.270242 2026] [wsgi:error] [pid 11:tid 139836741576384] [remote 10.0.0.17:37790] 2026-06-29 21:11:06.253 11 ERROR keystone.server.flask.application File "", line 2, in commit
[Mon Jun 29 21:11:06.270245 2026] [wsgi:error] [pid 11:tid 139836741576384] [remote 10.0.0.17:37790] 2026-06-29 21:11:06.253 11 ERROR keystone.server.flask.application
File "/var/lib/openstack/lib/python3.12/site-packages/sqlalchemy/orm/state_changes.py", line 137, in _go
[Mon Jun 29 21:11:06.270248 2026] [wsgi:error] [pid 11:tid 139836741576384] [remote 10.0.0.17:37790] 2026-06-29 21:11:06.253 11 ERROR keystone.server.flask.application ret_value = fn(self, *arg, **kw)
[Mon Jun 29 21:11:06.270251 2026] [wsgi:error] [pid 11:tid 139836741576384] [remote 10.0.0.17:37790] 2026-06-29 21:11:06.253 11 ERROR keystone.server.flask.application ^^^^^^^^^^^^^^^^^^^^
[Mon Jun 29 21:11:06.270254 2026] [wsgi:error] [pid 11:tid 139836741576384] [remote 10.0.0.17:37790] 2026-06-29 21:11:06.253 11 ERROR keystone.server.flask.application
File "/var/lib/openstack/lib/python3.12/site-packages/sqlalchemy/orm/session.py", line 1315, in commit
[Mon Jun 29 21:11:06.270257 2026] [wsgi:error] [pid 11:tid 139836741576384] [remote 10.0.0.17:37790] 2026-06-29 21:11:06.253 11 ERROR keystone.server.flask.application self._prepare_impl()
[Mon Jun 29 21:11:06.270259 2026] [wsgi:error] [pid 11:tid 139836741576384] [remote 10.0.0.17:37790] 2026-06-29 21:11:06.253 11 ERROR keystone.server.flask.application File "", line 2, in _prepare_impl
[Mon Jun 29 21:11:06.270262 2026] [wsgi:error] [pid 11:tid 139836741576384] [remote 10.0.0.17:37790] 2026-06-29 21:11:06.253 11 ERROR keystone.server.flask.application
File "/var/lib/openstack/lib/python3.12/site-packages/sqlalchemy/orm/state_changes.py", line 137, in _go
[Mon Jun 29 21:11:06.270265 2026] [wsgi:error] [pid 11:tid 139836741576384] [remote 10.0.0.17:37790] 2026-06-29 21:11:06.253 11 ERROR keystone.server.flask.application ret_value = fn(self, *arg, **kw)
[Mon Jun 29 21:11:06.270268 2026] [wsgi:error] [pid 11:tid 139836741576384] [remote 10.0.0.17:37790] 2026-06-29 21:11:06.253 11 ERROR keystone.server.flask.application ^^^^^^^^^^^^^^^^^^^^
[Mon Jun 29 21:11:06.270271 2026] [wsgi:error] [pid 11:tid 139836741576384] [remote 10.0.0.17:37790] 2026-06-29 21:11:06.253 11 ERROR keystone.server.flask.application
File "/var/lib/openstack/lib/python3.12/site-packages/sqlalchemy/orm/session.py", line 1290, in _prepare_impl
[Mon Jun 29 21:11:06.270274 2026] [wsgi:error] [pid 11:tid 139836741576384] [remote 10.0.0.17:37790] 2026-06-29 21:11:06.253 11 ERROR keystone.server.flask.application self.session.flush()
[Mon Jun 29 21:11:06.270277 2026] [wsgi:error] [pid 11:tid 139836741576384] [remote 10.0.0.17:37790] 2026-06-29 21:11:06.253 11 ERROR keystone.server.flask.application
File "/var/lib/openstack/lib/python3.12/site-packages/sqlalchemy/orm/session.py", line 4352, in flush
[Mon Jun 29 21:11:06.270279 2026] [wsgi:error] [pid 11:tid 139836741576384] [remote 10.0.0.17:37790] 2026-06-29 21:11:06.253 11 ERROR keystone.server.flask.application self._flush(objects)
[Mon Jun 29 21:11:06.270282 2026] [wsgi:error] [pid 11:tid 139836741576384] [remote 10.0.0.17:37790] 2026-06-29 21:11:06.253 11 ERROR keystone.server.flask.application
File "/var/lib/openstack/lib/python3.12/site-packages/sqlalchemy/orm/session.py", line 4487, in _flush
[Mon Jun 29 21:11:06.270285 2026] [wsgi:error] [pid 11:tid 139836741576384] [remote 10.0.0.17:37790] 2026-06-29 21:11:06.253 11 ERROR keystone.server.flask.application with util.safe_reraise():
[Mon Jun 29 21:11:06.270287 2026] [wsgi:error] [pid 11:tid 139836741576384] [remote 10.0.0.17:37790] 2026-06-29 21:11:06.253 11 ERROR keystone.server.flask.application
File "/var/lib/openstack/lib/python3.12/site-packages/sqlalchemy/util/langhelpers.py", line 122, in __exit__
[Mon Jun 29 21:11:06.270290 2026] [wsgi:error] [pid 11:tid 139836741576384] [remote 10.0.0.17:37790] 2026-06-29 21:11:06.253 11 ERROR keystone.server.flask.application raise exc_value.with_traceback(exc_tb)
[Mon Jun 29 21:11:06.270293 2026] [wsgi:error] [pid 11:tid 139836741576384] [remote 10.0.0.17:37790] 2026-06-29 21:11:06.253 11 ERROR keystone.server.flask.application
File "/var/lib/openstack/lib/python3.12/site-packages/sqlalchemy/orm/session.py", line 4448, in _flush
[Mon Jun 29 21:11:06.270296 2026] [wsgi:error] [pid 11:tid 139836741576384] [remote 10.0.0.17:37790] 2026-06-29 21:11:06.253 11 ERROR keystone.server.flask.application flush_context.execute()
[Mon Jun 29 21:11:06.270299 2026] [wsgi:error] [pid 11:tid 139836741576384] [remote 10.0.0.17:37790] 2026-06-29 21:11:06.253 11 ERROR keystone.server.flask.application
File "/var/lib/openstack/lib/python3.12/site-packages/sqlalchemy/orm/unitofwork.py", line 465, in execute
