2026-05-27 11:06:52.017 9 INFO neutron.plugins.ml2.plugin [None req-d46e9b14-8c4a-422e-9eac-42634f76ae87 - - - - - -] Attempt 1 to provision port 28fb5a1a-2921-4f98-9af7-3e96ea515c5b
2026-05-27 11:06:52.451 10 INFO neutron.plugins.ml2.plugin [None req-c21a1680-3c7c-4e6a-9839-7cb39ddb5def - - - - - -] Attempt 1 to provision port 28fb5a1a-2921-4f98-9af7-3e96ea515c5b
2026-05-27 11:06:52.739 10 INFO neutron.plugins.ml2.plugin [None req-c21a1680-3c7c-4e6a-9839-7cb39ddb5def - - - - - -] Attempt 1 to provision port 5690cb66-6bef-49f3-9146-f00be9fa44ed
2026-05-27 11:06:52.982 10 INFO neutron.plugins.ml2.plugin [None req-7e353df2-cbd4-4067-970f-cc440fa3afd1 - - - - - -] Attempt 1 to provision port f0af96d5-25e7-4782-a582-0ec08dd7c094
2026-05-27 11:06:53.646 9 INFO neutron.plugins.ml2.plugin [None req-4167e8cc-26c7-4bf4-bf19-42de28f3dbf5 - - - - - -] Attempt 1 to provision port f0af96d5-25e7-4782-a582-0ec08dd7c094
2026-05-27 11:06:54.409 10 INFO neutron.plugins.ml2.plugin [None req-c21a1680-3c7c-4e6a-9839-7cb39ddb5def - - - - - -] Attempt 1 to provision port 368d5f2a-9876-4dfa-8bc5-06de68727130
2026-05-27 11:06:56.344 10 INFO neutron.plugins.ml2.plugin [None req-c21a1680-3c7c-4e6a-9839-7cb39ddb5def - - - - - -] Attempt 1 to provision port 368d5f2a-9876-4dfa-8bc5-06de68727130
2026-05-27 11:06:58.224 10 INFO neutron.plugins.ml2.plugin [None req-a57837a6-b696-4f47-904c-5b0995b16ebf - - - - - -] Attempt 1 to provision port 99681c23-2ab2-4c32-ba37-600ea64888dd
2026-05-27 11:07:02.527 10 INFO neutron.plugins.ml2.plugin [None req-c21a1680-3c7c-4e6a-9839-7cb39ddb5def - - - - - -] Attempt 1 to provision port 99681c23-2ab2-4c32-ba37-600ea64888dd
2026-05-27 11:07:02.681 10 INFO neutron.notifiers.nova [-] Nova event matching ['req-efe0ba5f-615c-46bf-89d4-437d09e6a294'] response: {'server_uuid': 'e71d796f-b321-47aa-9fce-f15cf13494ed', 'name': 'network-vif-plugged', 'status': 'completed', 'tag': '99681c23-2ab2-4c32-ba37-600ea64888dd', 'code': 200}
2026-05-27 11:07:04.440 9 INFO neutron.plugins.ml2.plugin [None req-c21a1680-3c7c-4e6a-9839-7cb39ddb5def - - - - - -] Attempt 1 to provision port 99681c23-2ab2-4c32-ba37-600ea64888dd
2026-05-27 11:07:08.485 10 INFO neutron.plugins.ml2.plugin [None req-c21a1680-3c7c-4e6a-9839-7cb39ddb5def - - - - - -] Attempt 1 to provision port e3d158da-10f6-4526-953a-789a385efdbf
2026-05-27 11:07:08.784 9 INFO neutron.plugins.ml2.plugin [None req-6f261a23-e154-4451-972c-0b7ae65b8190 - - - - - -] Attempt 1 to provision port e3d158da-10f6-4526-953a-789a385efdbf /var/lib/openstack/lib/python3.10/site-packages/oslo_db/sqlalchemy/enginefacade.py:664: SAWarning: DELETE statement on table 'portsecuritybindings' expected to delete 1 row(s); 0 were matched. Please set confirm_deleted_rows=False within the mapper configuration to prevent this warning. self.session.flush() /var/lib/openstack/lib/python3.10/site-packages/oslo_db/sqlalchemy/enginefacade.py:664: SAWarning: DELETE statement on table 'ml2_port_bindings' expected to delete 1 row(s); 0 were matched. Please set confirm_deleted_rows=False within the mapper configuration to prevent this warning. self.session.flush() /var/lib/openstack/lib/python3.10/site-packages/oslo_db/sqlalchemy/enginefacade.py:664: SAWarning: DELETE statement on table 'ml2_port_binding_levels' expected to delete 1 row(s); 0 were matched. Please set confirm_deleted_rows=False within the mapper configuration to prevent this warning. self.session.flush() /var/lib/openstack/lib/python3.10/site-packages/oslo_db/sqlalchemy/enginefacade.py:664: SAWarning: DELETE statement on table 'ports' expected to delete 1 row(s); 0 were matched. Please set confirm_deleted_rows=False within the mapper configuration to prevent this warning. self.session.flush()
2026-05-27 11:07:10.515 10 INFO neutron.plugins.ml2.plugin [None req-c21a1680-3c7c-4e6a-9839-7cb39ddb5def - - - - - -] Attempt 1 to provision port d4f80956-9898-4d42-9b69-bc43925d7fd3
2026-05-27 11:07:14.136 9 INFO neutron.plugins.ml2.plugin [None req-9868e230-54fe-4080-b1f3-64934ee6de93 - - - - - -] Attempt 1 to provision port 7811fa0a-9b1e-4f99-b58d-b27557c4a062
2026-05-27 11:07:14.417 10 INFO neutron.plugins.ml2.plugin [None req-c21a1680-3c7c-4e6a-9839-7cb39ddb5def - - - - - -] Attempt 1 to provision port 7811fa0a-9b1e-4f99-b58d-b27557c4a062
2026-05-27 11:07:14.471 9 INFO neutron.plugins.ml2.plugin [None req-32cd6292-a09b-4f52-b22a-a394634d17ec - - - - - -] Attempt 1 to provision port 492d5370-4eb4-4755-9dc3-0be1684f6acd
2026-05-27 11:07:14.678 10 INFO neutron.plugins.ml2.plugin [None req-c21a1680-3c7c-4e6a-9839-7cb39ddb5def - - - - - -] Attempt 1 to provision port 492d5370-4eb4-4755-9dc3-0be1684f6acd
2026-05-27 11:07:14.936 9 INFO neutron.plugins.ml2.plugin [None req-e5872d0b-3d1f-4512-a94a-1f025b430365 - - - - - -] Attempt 1 to provision port 595aadb1-2008-4e87-8e64-42d617005f0c
2026-05-27 11:07:15.984 9 INFO neutron.plugins.ml2.plugin [None req-5c0ab239-b254-4727-8b6e-a5fb57fcc312 - - - - - -] Attempt 1 to provision port 595aadb1-2008-4e87-8e64-42d617005f0c
2026-05-27 11:07:16.601 9 INFO neutron.plugins.ml2.plugin [None req-c21a1680-3c7c-4e6a-9839-7cb39ddb5def - - - - - -] Attempt 1 to provision port 7811fa0a-9b1e-4f99-b58d-b27557c4a062
2026-05-27 11:07:16.902 9 INFO neutron.plugins.ml2.plugin [None req-c21a1680-3c7c-4e6a-9839-7cb39ddb5def - - - - - -] Attempt 1 to provision port 492d5370-4eb4-4755-9dc3-0be1684f6acd
2026-05-27 11:07:17.057 9 INFO neutron.plugins.ml2.plugin [None req-3e1ef69c-5102-48a9-b65d-b254d65bbdea - - - - - -] Attempt 1 to provision port 637c2c2d-c7c0-4ddd-8e8e-6b4a77e39e4d
2026-05-27 11:07:17.722 9 INFO neutron.plugins.ml2.plugin [None req-181d2b82-4d9d-4add-a9dc-4612633d1862 - - - - - -] Attempt 1 to provision port 637c2c2d-c7c0-4ddd-8e8e-6b4a77e39e4d /var/lib/openstack/lib/python3.10/site-packages/oslo_db/sqlalchemy/enginefacade.py:664: SAWarning: DELETE statement on table 'portsecuritybindings' expected to delete 1 row(s); 0 were matched. Please set confirm_deleted_rows=False within the mapper configuration to prevent this warning. self.session.flush() /var/lib/openstack/lib/python3.10/site-packages/oslo_db/sqlalchemy/enginefacade.py:664: SAWarning: DELETE statement on table 'ml2_port_bindings' expected to delete 1 row(s); 0 were matched. Please set confirm_deleted_rows=False within the mapper configuration to prevent this warning. self.session.flush() /var/lib/openstack/lib/python3.10/site-packages/oslo_db/sqlalchemy/enginefacade.py:664: SAWarning: DELETE statement on table 'ml2_port_binding_levels' expected to delete 1 row(s); 0 were matched. Please set confirm_deleted_rows=False within the mapper configuration to prevent this warning. self.session.flush() /var/lib/openstack/lib/python3.10/site-packages/oslo_db/sqlalchemy/enginefacade.py:664: SAWarning: DELETE statement on table 'ports' expected to delete 1 row(s); 0 were matched. Please set confirm_deleted_rows=False within the mapper configuration to prevent this warning. self.session.flush()
2026-05-27 11:07:20.396 9 INFO neutron.plugins.ml2.plugin [None req-feee7af2-2dd7-4d51-be84-bd33f67351f5 - - - - - -] Attempt 1 to provision port ea3132b4-001c-4788-a57f-3951ca1d8305
2026-05-27 11:07:20.445 10 INFO neutron.plugins.ml2.plugin [None req-c21a1680-3c7c-4e6a-9839-7cb39ddb5def - - - - - -] Attempt 1 to provision port dd923b8e-5d6f-42ad-a4b4-c75f7dac078c
2026-05-27 11:07:20.856 9 INFO neutron.plugins.ml2.plugin [None req-7f125c45-f39f-401e-970a-c6ad52cfa8d2 - - - - - -] Attempt 1 to provision port dd923b8e-5d6f-42ad-a4b4-c75f7dac078c
2026-05-27 11:07:22.450 10 INFO neutron.plugins.ml2.plugin [None req-c21a1680-3c7c-4e6a-9839-7cb39ddb5def - - - - - -] Attempt 1 to provision port dd923b8e-5d6f-42ad-a4b4-c75f7dac078c
2026-05-27 11:07:23.479 10 INFO neutron.plugins.ml2.plugin [None req-30c5a230-34e8-4348-b595-2f4c5ede7b46 - - - - - -] Attempt 1 to provision port 0216de90-fb4f-4124-a70c-1523a57ab461
2026-05-27 11:07:24.139 9 INFO neutron.plugins.ml2.plugin [None req-155af633-7f5b-4e31-8ee3-8a687e7d0284 - - - - - -] Attempt 1 to provision port 0216de90-fb4f-4124-a70c-1523a57ab461
2026-05-27 11:07:24.496 10 INFO neutron.plugins.ml2.plugin [None req-c21a1680-3c7c-4e6a-9839-7cb39ddb5def - - - - - -] Attempt 1 to provision port c3bfdf4b-6f5b-42ab-a5a5-9675af2fc912
2026-05-27 11:07:25.528 10 INFO neutron.plugins.ml2.plugin [None req-7ecc2830-2f91-4292-bd69-3ca405b282e2 - - - - - -] Attempt 1 to provision port 645cbde3-ab37-4015-90b2-ead42fb939b8
2026-05-27 11:07:25.933 10 INFO neutron.plugins.ml2.plugin [None req-da2b1a84-0b1f-4230-84b4-0bf7cf898229 - - - - - -] Attempt 1 to provision port 734fc310-dc5b-4309-9f83-67bee51cca1f
2026-05-27 11:07:26.446 9 INFO neutron.plugins.ml2.plugin [None req-c21a1680-3c7c-4e6a-9839-7cb39ddb5def - - - - - -] Attempt 1 to provision port c3bfdf4b-6f5b-42ab-a5a5-9675af2fc912
2026-05-27 11:07:26.773 9 INFO neutron.plugins.ml2.plugin [None req-c21a1680-3c7c-4e6a-9839-7cb39ddb5def - - - - - -] Attempt 1 to provision port 645cbde3-ab37-4015-90b2-ead42fb939b8
2026-05-27 11:07:27.391 10 INFO neutron.plugins.ml2.plugin [None req-6b09b4b8-8d6b-40af-8efd-385afe6a091e - - - - - -] Attempt 1 to provision port 734fc310-dc5b-4309-9f83-67bee51cca1f
2026-05-27 11:07:27.534 9 INFO neutron.plugins.ml2.plugin [None req-8a6c42aa-3ebe-4ca9-8565-86cd2491133b - - - - - -] Attempt 1 to provision port 95ecb075-11e9-42de-b4b3-fa3d04a2895d
2026-05-27 11:07:30.587 9 INFO neutron.plugins.ml2.plugin [None req-c21a1680-3c7c-4e6a-9839-7cb39ddb5def - - - - - -] Attempt 1 to provision port 95ecb075-11e9-42de-b4b3-fa3d04a2895d
2026-05-27 11:07:30.746 9 INFO neutron.notifiers.nova [-] Nova event matching ['req-5e3a9a38-3ce1-449c-bf5b-9af225b36214'] response: {'server_uuid': 'f379f5cf-202c-4549-82b9-ee0d83ae8797', 'name': 'network-vif-plugged', 'status': 'completed', 'tag': '95ecb075-11e9-42de-b4b3-fa3d04a2895d', 'code': 200}
2026-05-27 11:07:32.369 9 INFO neutron.plugins.ml2.plugin [None req-c21a1680-3c7c-4e6a-9839-7cb39ddb5def - - - - - -] Attempt 1 to provision port 9422946a-4ff1-4e78-8726-f2087f8c48ab
2026-05-27 11:07:33.327 9 INFO neutron.plugins.ml2.plugin [None req-8522c3c1-f482-48b4-b71e-b66b7525c961 - - - - - -] Attempt 1 to provision port 9422946a-4ff1-4e78-8726-f2087f8c48ab
2026-05-27 11:07:33.698 9 INFO neutron.plugins.ml2.plugin [None req-9812296b-fbd5-4063-b276-ca359fe86ac8 - - - - - -] Attempt 1 to provision port 2993445b-dcc8-4f9b-bbde-672f02c22715
2026-05-27 11:07:34.343 9 INFO neutron.plugins.ml2.plugin [None req-1a22c595-6e24-4971-ab7c-4f9baa18682f - - - - - -] Attempt 1 to provision port 2993445b-dcc8-4f9b-bbde-672f02c22715
2026-05-27 11:07:34.408 10 INFO neutron.plugins.ml2.plugin [None req-c21a1680-3c7c-4e6a-9839-7cb39ddb5def - - - - - -] Attempt 1 to provision port 9422946a-4ff1-4e78-8726-f2087f8c48ab /var/lib/openstack/lib/python3.10/site-packages/oslo_db/sqlalchemy/enginefacade.py:664: SAWarning: DELETE statement on table 'portsecuritybindings' expected to delete 1 row(s); 0 were matched. Please set confirm_deleted_rows=False within the mapper configuration to prevent this warning. self.session.flush() /var/lib/openstack/lib/python3.10/site-packages/oslo_db/sqlalchemy/enginefacade.py:664: SAWarning: DELETE statement on table 'ml2_port_bindings' expected to delete 1 row(s); 0 were matched. Please set confirm_deleted_rows=False within the mapper configuration to prevent this warning. self.session.flush() /var/lib/openstack/lib/python3.10/site-packages/oslo_db/sqlalchemy/enginefacade.py:664: SAWarning: DELETE statement on table 'ml2_port_binding_levels' expected to delete 1 row(s); 0 were matched. Please set confirm_deleted_rows=False within the mapper configuration to prevent this warning. self.session.flush() /var/lib/openstack/lib/python3.10/site-packages/oslo_db/sqlalchemy/enginefacade.py:664: SAWarning: DELETE statement on table 'ports' expected to delete 1 row(s); 0 were matched. Please set confirm_deleted_rows=False within the mapper configuration to prevent this warning. self.session.flush()
2026-05-27 11:07:38.843 10 INFO neutron.plugins.ml2.plugin [None req-f5aae0cb-2ec2-4490-ae75-83023cbfd193 - - - - - -] Attempt 1 to provision port f44d2eff-5ca5-45d5-9a40-c4c9d4934403
2026-05-27 11:07:47.546 10 INFO neutron.plugins.ml2.plugin [None req-9dbecb6a-a089-40a4-a922-560815a9f5ee - - - - - -] Attempt 1 to provision port ce1a49d3-f30d-440c-b018-23c4e11508f0
2026-05-27 11:07:52.449 10 INFO neutron.plugins.ml2.plugin [None req-c21a1680-3c7c-4e6a-9839-7cb39ddb5def - - - - - -] Attempt 1 to provision port 6c79c385-eaef-4870-9b09-0f1ca837e0ba
2026-05-27 11:07:52.540 9 INFO neutron.plugins.ml2.plugin [None req-eaffd057-f0c0-4eff-87f2-f4c8dd283acc - - - - - -] Attempt 1 to provision port d18c7a93-5584-4270-9c95-660e1e4a3540
2026-05-27 11:07:52.586 9 INFO neutron.plugins.ml2.plugin [None req-eaffd057-f0c0-4eff-87f2-f4c8dd283acc - - - - - -] Attempt 1 to provision port 6c79c385-eaef-4870-9b09-0f1ca837e0ba
2026-05-27 11:07:52.785 9 INFO neutron.plugins.ml2.plugin [None req-9c4e6800-4b56-438c-b5e4-e30a2123a33a - - - - - -] Attempt 1 to provision port d18c7a93-5584-4270-9c95-660e1e4a3540
2026-05-27 11:07:52.991 10 INFO neutron.plugins.ml2.plugin [None req-c21a1680-3c7c-4e6a-9839-7cb39ddb5def - - - - - -] Attempt 1 to provision port 4507ba0f-fcf9-4014-a9c5-19e6a435a26a
2026-05-27 11:07:53.034 9 INFO neutron.plugins.ml2.plugin [None req-870a93a6-34d0-4eaa-a9eb-9e089a807f86 - - - - - -] Attempt 1 to provision port d18c7a93-5584-4270-9c95-660e1e4a3540
2026-05-27 11:07:54.385 9 INFO neutron.plugins.ml2.plugin [None req-c21a1680-3c7c-4e6a-9839-7cb39ddb5def - - - - - -] Attempt 1 to provision port 6c79c385-eaef-4870-9b09-0f1ca837e0ba
2026-05-27 11:07:54.694 9 INFO neutron.plugins.ml2.plugin [None req-c21a1680-3c7c-4e6a-9839-7cb39ddb5def - - - - - -] Attempt 1 to provision port 4507ba0f-fcf9-4014-a9c5-19e6a435a26a
2026-05-27 11:07:56.906 10 INFO neutron.plugins.ml2.plugin [None req-0cc51e1f-6a10-412c-9746-9d2f92f9a186 - - - - - -] Attempt 1 to provision port b7672965-9414-4a9b-9bcb-7da09b74ee1d
2026-05-27 11:08:00.564 9 INFO neutron.plugins.ml2.plugin [None req-c21a1680-3c7c-4e6a-9839-7cb39ddb5def - - - - - -] Attempt 1 to provision port b7672965-9414-4a9b-9bcb-7da09b74ee1d
2026-05-27 11:08:00.714 9 INFO neutron.notifiers.nova [-] Nova event matching ['req-fdb3ab2c-2e97-4267-b2ca-4b57c5f343be'] response: {'server_uuid': '25c6d007-f0c3-4a6d-8468-2dcac7fdcea1', 'name': 'network-vif-plugged', 'status': 'completed', 'tag': 'b7672965-9414-4a9b-9bcb-7da09b74ee1d', 'code': 200}
2026-05-27 11:08:02.451 10 INFO neutron.plugins.ml2.plugin [None req-c21a1680-3c7c-4e6a-9839-7cb39ddb5def - - - - - -] Attempt 1 to provision port b7672965-9414-4a9b-9bcb-7da09b74ee1d
2026-05-27 11:08:08.413 10 INFO neutron.plugins.ml2.plugin [None req-c21a1680-3c7c-4e6a-9839-7cb39ddb5def - - - - - -] Attempt 1 to provision port ce1a49d3-f30d-440c-b018-23c4e11508f0
2026-05-27 11:08:08.769 10 INFO neutron.plugins.ml2.plugin [None req-c21a1680-3c7c-4e6a-9839-7cb39ddb5def - - - - - -] Attempt 1 to provision port d18c7a93-5584-4270-9c95-660e1e4a3540
2026-05-27 11:08:10.422 9 INFO neutron.plugins.ml2.plugin [None req-c21a1680-3c7c-4e6a-9839-7cb39ddb5def - - - - - -] Attempt 1 to provision port ce1a49d3-f30d-440c-b018-23c4e11508f0
2026-05-27 11:08:10.635 9 INFO neutron.plugins.ml2.plugin [None req-c21a1680-3c7c-4e6a-9839-7cb39ddb5def - - - - - -] Attempt 1 to provision port d18c7a93-5584-4270-9c95-660e1e4a3540
2026-05-27 11:08:21.957 10 INFO neutron.plugins.ml2.plugin [None req-6a9aa521-cf45-4842-9b0f-643076b9d6c9 - - - - - -] Attempt 1 to provision port c811760d-7e3e-40b4-ba2f-178753331b4f
2026-05-27 11:08:22.401 10 INFO neutron.plugins.ml2.plugin [None req-f284fc10-04d8-4d0a-af99-bde65ad5e913 - - - - - -] Attempt 1 to provision port 1bc40479-13a2-455f-bfa0-bae8334e73cb
2026-05-27 11:08:22.423 9 INFO neutron.plugins.ml2.plugin [None req-c21a1680-3c7c-4e6a-9839-7cb39ddb5def - - - - - -] Attempt 1 to provision port 1bc40479-13a2-455f-bfa0-bae8334e73cb
2026-05-27 11:08:24.390 9 INFO neutron.plugins.ml2.plugin [None req-c21a1680-3c7c-4e6a-9839-7cb39ddb5def - - - - - -] Attempt 1 to provision port 1bc40479-13a2-455f-bfa0-bae8334e73cb
2026-05-27 11:08:24.951 10 INFO neutron.plugins.ml2.plugin [None req-aea48cc0-df95-4d55-8367-8bb1827b7aab - - - - - -] Attempt 1 to provision port 9d8d683e-1da9-4cb7-9842-c50d5572682b
2026-05-27 11:08:25.601 10 INFO neutron.plugins.ml2.plugin [None req-f9a535cf-4e7c-48fc-aec8-1fb57809cf03 - - - - - -] Attempt 1 to provision port 604079be-74ef-47e8-a538-f0106527e895
2026-05-27 11:08:26.419 9 INFO neutron.plugins.ml2.plugin [None req-c21a1680-3c7c-4e6a-9839-7cb39ddb5def - - - - - -] Attempt 1 to provision port 604079be-74ef-47e8-a538-f0106527e895
2026-05-27 11:08:27.512 9 INFO neutron.plugins.ml2.plugin [None req-17faee6d-5e35-4b65-a7db-252f9f8682e6 - - - - - -] Attempt 1 to provision port 5c598b6c-92b5-410e-9da7-e27813c6f798
2026-05-27 11:08:28.159 9 INFO neutron.plugins.ml2.plugin [None req-323aa8d9-7e5a-43b9-836e-cca2d98e0338 - - - - - -] Attempt 1 to provision port 5c598b6c-92b5-410e-9da7-e27813c6f798
2026-05-27 11:08:28.508 9 INFO neutron.plugins.ml2.plugin [None req-c21a1680-3c7c-4e6a-9839-7cb39ddb5def - - - - - -] Attempt 1 to provision port c811760d-7e3e-40b4-ba2f-178753331b4f
2026-05-27 11:08:28.694 9 INFO neutron.notifiers.nova [-] Nova event matching ['req-77933bb0-7812-4060-a27a-14da2d995fbb'] response: {'server_uuid': '559d049e-84b9-4e33-9655-512c0ad9f908', 'name': 'network-vif-plugged', 'status': 'completed', 'tag': 'c811760d-7e3e-40b4-ba2f-178753331b4f', 'code': 200}
2026-05-27 11:08:29.253 9 INFO neutron.plugins.ml2.plugin [None req-c21a1680-3c7c-4e6a-9839-7cb39ddb5def - - - - - -] Attempt 1 to provision port cf903bc1-24c5-4816-849b-ff7d3738fd2f
2026-05-27 11:08:30.423 10 INFO neutron.plugins.ml2.plugin [None req-c21a1680-3c7c-4e6a-9839-7cb39ddb5def - - - - - -] Attempt 1 to provision port c811760d-7e3e-40b4-ba2f-178753331b4f
2026-05-27 11:08:30.779 10 INFO neutron.plugins.ml2.plugin [None req-c21a1680-3c7c-4e6a-9839-7cb39ddb5def - - - - - -] Attempt 1 to provision port cf903bc1-24c5-4816-849b-ff7d3738fd2f
2026-05-27 11:08:33.957 10 INFO neutron.plugins.ml2.plugin [None req-c898dc1e-2bc2-4fdc-ade1-6fbfae9d3591 - - - - - -] Attempt 1 to provision port 081d76d9-e642-40ae-8364-210c2fb73c43
2026-05-27 11:08:34.542 9 INFO neutron.plugins.ml2.plugin [None req-c21a1680-3c7c-4e6a-9839-7cb39ddb5def - - - - - -] Attempt 1 to provision port 18b4f5b6-a29e-4f31-b697-0dfc2a500c47
2026-05-27 11:08:35.042 9 INFO neutron.plugins.ml2.plugin [None req-c21a1680-3c7c-4e6a-9839-7cb39ddb5def - - - - - -] Attempt 1 to provision port ce4ffa9a-1ff6-425a-a186-5e5a96d6f386
2026-05-27 11:08:35.210 10 INFO neutron.plugins.ml2.plugin [None req-2996f1a8-929f-42c8-b016-e6edff6362a3 - - - - - -] Attempt 1 to provision port ce4ffa9a-1ff6-425a-a186-5e5a96d6f386
2026-05-27 11:08:35.385 9 INFO neutron.plugins.ml2.plugin [None req-396b975c-5d09-455a-a0b7-9cc2bc548ddb - - - - - -] Attempt 1 to provision port 18b4f5b6-a29e-4f31-b697-0dfc2a500c47
2026-05-27 11:08:36.006 10 INFO neutron.plugins.ml2.plugin [None req-f42681f5-e06d-4791-8dca-c976c630c47e - - - - - -] Attempt 1 to provision port d21ee3f0-4cf7-41f5-a4fe-739b37e05f0f
2026-05-27 11:08:36.374 10 INFO neutron.plugins.ml2.plugin [None req-68836e42-78b7-40ed-9935-057c19052def - - - - - -] Attempt 1 to provision port d21ee3f0-4cf7-41f5-a4fe-739b37e05f0f
2026-05-27 11:08:36.390 9 INFO neutron.plugins.ml2.plugin [None req-c21a1680-3c7c-4e6a-9839-7cb39ddb5def - - - - - -] Attempt 1 to provision port 18b4f5b6-a29e-4f31-b697-0dfc2a500c47
2026-05-27 11:08:36.714 9 INFO neutron.plugins.ml2.plugin [None req-c21a1680-3c7c-4e6a-9839-7cb39ddb5def - - - - - -] Attempt 1 to provision port ce4ffa9a-1ff6-425a-a186-5e5a96d6f386
2026-05-27 11:08:37.422 9 INFO neutron.plugins.ml2.plugin [None req-cb021c9d-d453-41d1-8461-2d455a4580ec - - - - - -] Attempt 1 to provision port c40527f5-e020-4683-badd-ff30b9bfe78d
2026-05-27 11:08:37.985 10 INFO neutron.plugins.ml2.plugin [None req-bbc0dd0d-720e-4f92-be21-f0b03cc8ab4e - - - - - -] Attempt 1 to provision port c40527f5-e020-4683-badd-ff30b9bfe78d
2026-05-27 11:08:38.545 9 INFO neutron.plugins.ml2.plugin [None req-c21a1680-3c7c-4e6a-9839-7cb39ddb5def - - - - - -] Attempt 1 to provision port 081d76d9-e642-40ae-8364-210c2fb73c43
2026-05-27 11:08:38.665 9 INFO neutron.notifiers.nova [-] Nova event matching ['req-6ec3d238-c077-4eb5-8a31-3239db8ee892'] response: {'server_uuid': '539accfc-f838-4777-9506-b37da97ca366', 'name': 'network-vif-plugged', 'status': 'completed', 'tag': '081d76d9-e642-40ae-8364-210c2fb73c43', 'code': 200}
2026-05-27 11:08:40.493 10 INFO neutron.plugins.ml2.plugin [None req-c21a1680-3c7c-4e6a-9839-7cb39ddb5def - - - - - -] Attempt 1 to provision port 081d76d9-e642-40ae-8364-210c2fb73c43
2026-05-27 11:08:44.538 9 INFO neutron.plugins.ml2.plugin [None req-c21a1680-3c7c-4e6a-9839-7cb39ddb5def - - - - - -] Attempt 1 to provision port 5c598b6c-92b5-410e-9da7-e27813c6f798
2026-05-27 11:08:45.931 9 INFO neutron.plugins.ml2.plugin [None req-f0a5028b-4ba4-4e99-bd12-da273d0a3791 - - - - - -] Attempt 1 to provision port 74caa8f2-67f6-427d-9b12-60e8e6808d53
2026-05-27 11:08:45.967 9 INFO neutron.plugins.ml2.plugin [None req-f0a5028b-4ba4-4e99-bd12-da273d0a3791 - - - - - -] Attempt 1 to provision port a7d61e63-bd7b-4033-b956-9e8160317f6c
2026-05-27 11:08:46.715 9 INFO neutron.plugins.ml2.plugin [None req-c21a1680-3c7c-4e6a-9839-7cb39ddb5def - - - - - -] Attempt 1 to provision port 9d8d683e-1da9-4cb7-9842-c50d5572682b
2026-05-27 11:08:47.080 9 INFO neutron.plugins.ml2.plugin [None req-c21a1680-3c7c-4e6a-9839-7cb39ddb5def - - - - - -] Attempt 1 to provision port a7d61e63-bd7b-4033-b956-9e8160317f6c
2026-05-27 11:08:47.452 9 INFO neutron.plugins.ml2.plugin [None req-d5f189ac-8643-42df-9044-41a51adf697a - - - - - -] Attempt 1 to provision port 74caa8f2-67f6-427d-9b12-60e8e6808d53
2026-05-27 11:08:47.804 10 INFO neutron.plugins.ml2.plugin [None req-6169c818-c315-4576-80a1-7a30763dd1f3 - - - - - -] Attempt 1 to provision port 74caa8f2-67f6-427d-9b12-60e8e6808d53
2026-05-27 11:08:48.702 9 INFO neutron.notifiers.nova [-] Nova event matching ['req-45ca7e96-b819-4f02-8031-eb43766753ca'] response: {'server_uuid': '25c6d007-f0c3-4a6d-8468-2dcac7fdcea1', 'name': 'network-vif-unplugged', 'status': 'completed', 'tag': 'b7672965-9414-4a9b-9bcb-7da09b74ee1d', 'code': 200} /var/lib/openstack/lib/python3.10/site-packages/oslo_db/sqlalchemy/enginefacade.py:664: SAWarning: DELETE statement on table 'portsecuritybindings' expected to delete 1 row(s); 0 were matched. Please set confirm_deleted_rows=False within the mapper configuration to prevent this warning. self.session.flush() /var/lib/openstack/lib/python3.10/site-packages/oslo_db/sqlalchemy/enginefacade.py:664: SAWarning: DELETE statement on table 'ml2_port_bindings' expected to delete 1 row(s); 0 were matched. Please set confirm_deleted_rows=False within the mapper configuration to prevent this warning. self.session.flush() /var/lib/openstack/lib/python3.10/site-packages/oslo_db/sqlalchemy/enginefacade.py:664: SAWarning: DELETE statement on table 'ml2_port_binding_levels' expected to delete 1 row(s); 0 were matched. Please set confirm_deleted_rows=False within the mapper configuration to prevent this warning. self.session.flush() /var/lib/openstack/lib/python3.10/site-packages/oslo_db/sqlalchemy/enginefacade.py:664: SAWarning: DELETE statement on table 'ports' expected to delete 1 row(s); 0 were matched. Please set confirm_deleted_rows=False within the mapper configuration to prevent this warning. self.session.flush()
2026-05-27 11:08:52.665 10 INFO neutron.plugins.ml2.plugin [None req-c21a1680-3c7c-4e6a-9839-7cb39ddb5def - - - - - -] Attempt 1 to provision port e3b2b010-0aa2-4c45-856e-bfb4925cf9b0
2026-05-27 11:08:53.292 9 INFO neutron.plugins.ml2.plugin [None req-6f15d027-e825-4dfe-8ab0-78d22222a5c7 - - - - - -] Attempt 1 to provision port e3b2b010-0aa2-4c45-856e-bfb4925cf9b0
2026-05-27 11:08:54.405 10 INFO neutron.plugins.ml2.plugin [None req-f52087f6-8b9f-418a-8ed9-92782f668e4c - - - - - -] Attempt 1 to provision port e7f16fe6-ab21-463f-a8fb-69a6223b9edd
2026-05-27 11:08:54.566 9 INFO neutron.plugins.ml2.plugin [None req-dd45674b-7db1-489e-982d-e92b0a69c5c4 - - - - - -] Attempt 1 to provision port ce7580d7-21a7-4175-989b-570c79b4fc60
2026-05-27 11:08:54.750 10 INFO neutron.plugins.ml2.plugin [None req-c21a1680-3c7c-4e6a-9839-7cb39ddb5def - - - - - -] Attempt 1 to provision port ce7580d7-21a7-4175-989b-570c79b4fc60
2026-05-27 11:08:55.695 10 INFO neutron.plugins.ml2.plugin [None req-c21a1680-3c7c-4e6a-9839-7cb39ddb5def - - - - - -] Attempt 1 to provision port e3b2b010-0aa2-4c45-856e-bfb4925cf9b0
2026-05-27 11:08:55.977 9 INFO neutron.plugins.ml2.plugin [None req-8cce3880-0966-4561-b69c-31a79bb09658 - - - - - -] Attempt 1 to provision port eda9bbe6-1649-4d5f-8179-e69a7b8a4735
2026-05-27 11:08:56.523 10 INFO neutron.plugins.ml2.plugin [None req-3028b528-097a-4bcb-9431-5d19db1f293b - - - - - -] Attempt 1 to provision port eda9bbe6-1649-4d5f-8179-e69a7b8a4735
2026-05-27 11:08:56.533 9 INFO neutron.plugins.ml2.plugin [None req-c21a1680-3c7c-4e6a-9839-7cb39ddb5def - - - - - -] Attempt 1 to provision port ce7580d7-21a7-4175-989b-570c79b4fc60
2026-05-27 11:08:57.187 9 INFO neutron.plugins.ml2.plugin [None req-42ee3567-2b53-4111-9d3c-1aaf52034bf3 - - - - - -] Attempt 1 to provision port 62a9b34a-5a08-464c-ada4-4a18890ea6c4
2026-05-27 11:08:57.849 9 INFO neutron.plugins.ml2.plugin [None req-3580040b-a5be-4b6c-af37-d5edf37f3682 - - - - - -] Attempt 1 to provision port 62a9b34a-5a08-464c-ada4-4a18890ea6c4
2026-05-27 11:08:58.607 10 INFO neutron.plugins.ml2.plugin [None req-c21a1680-3c7c-4e6a-9839-7cb39ddb5def - - - - - -] Attempt 1 to provision port cc38f0e6-5834-48ff-8747-30687e45b91e
2026-05-27 11:09:00.514 9 INFO neutron.plugins.ml2.plugin [None req-88a77ddc-e182-4998-9c62-9cd105871d5f - - - - - -] Attempt 1 to provision port 70f9fa4d-f00a-4e04-b401-a1523adf4d17
2026-05-27 11:09:00.892 10 INFO neutron.plugins.ml2.plugin [None req-b700e8ff-c1d5-462d-bdab-fef2ef5edf5c - - - - - -] Attempt 1 to provision port 227240ab-671c-4bf2-8bba-cf7ea832dfe5
2026-05-27 11:09:00.940 9 INFO neutron.plugins.ml2.plugin [None req-c21a1680-3c7c-4e6a-9839-7cb39ddb5def - - - - - -] Attempt 1 to provision port cc38f0e6-5834-48ff-8747-30687e45b91e
2026-05-27 11:09:01.250 9 INFO neutron.plugins.ml2.plugin [None req-c21a1680-3c7c-4e6a-9839-7cb39ddb5def - - - - - -] Attempt 1 to provision port 3a67c3dc-500c-416a-984a-b370c0812755
2026-05-27 11:09:01.946 9 INFO neutron.plugins.ml2.plugin [None req-2b464255-38b4-42c2-ab55-15d9b2057a52 - - - - - -] Attempt 1 to provision port 3a67c3dc-500c-416a-984a-b370c0812755
2026-05-27 11:09:02.620 10 INFO neutron.plugins.ml2.plugin [None req-c21a1680-3c7c-4e6a-9839-7cb39ddb5def - - - - - -] Attempt 1 to provision port 3a67c3dc-500c-416a-984a-b370c0812755
2026-05-27 11:09:03.266 10 INFO neutron.plugins.ml2.plugin [None req-f5eee749-4456-4797-be1a-fa07ccc7b18c - - - - - -] Attempt 1 to provision port f48a1aa1-30d6-476a-855e-71b7ba0e06b6
2026-05-27 11:09:03.827 10 INFO neutron.plugins.ml2.plugin [None req-32053bfb-66ba-4aa8-a2a3-a06dee56c274 - - - - - -] Attempt 1 to provision port f48a1aa1-30d6-476a-855e-71b7ba0e06b6
2026-05-27 11:09:04.568 10 INFO neutron.plugins.ml2.plugin [None req-c21a1680-3c7c-4e6a-9839-7cb39ddb5def - - - - - -] Attempt 1 to provision port 16ba8ca7-7be0-4082-a7ed-8ae305d44879
2026-05-27 11:09:04.797 9 ERROR neutron.plugins.ml2.managers [None req-f65c496c-8220-411a-85b9-b4cc6810bd34 - - - - - -] Mechanism driver openvswitch failed in bind_port: neutron_lib.exceptions.SubnetNotFound: Subnet 38a955e1-d56f-4cb7-bfe4-b22e0f8653b1 could not be found.
2026-05-27 11:09:04.797 9 ERROR neutron.plugins.ml2.managers
Traceback (most recent call last):
2026-05-27 11:09:04.797 9 ERROR neutron.plugins.ml2.managers
File "/var/lib/openstack/lib/python3.10/site-packages/neutron/plugins/ml2/managers.py", line 850, in _bind_port_level
2026-05-27 11:09:04.797 9 ERROR neutron.plugins.ml2.managers driver.obj.bind_port(context)
2026-05-27 11:09:04.797 9 ERROR neutron.plugins.ml2.managers
File "/var/lib/openstack/lib/python3.10/site-packages/neutron/plugins/ml2/drivers/openvswitch/mech_driver/mech_openvswitch.py", line 133, in bind_port
2026-05-27 11:09:04.797 9 ERROR neutron.plugins.ml2.managers super(OpenvswitchMechanismDriver, self).bind_port(context)
2026-05-27 11:09:04.797 9 ERROR neutron.plugins.ml2.managers
File "/var/lib/openstack/lib/python3.10/site-packages/neutron/plugins/ml2/drivers/mech_agent.py", line 104, in bind_port
2026-05-27 11:09:04.797 9 ERROR neutron.plugins.ml2.managers subnets = self.get_subnets_from_fixed_ips(context)
2026-05-27 11:09:04.797 9 ERROR neutron.plugins.ml2.managers
File "/var/lib/openstack/lib/python3.10/site-packages/neutron/plugins/ml2/drivers/mech_agent.py", line 149, in get_subnets_from_fixed_ips
2026-05-27 11:09:04.797 9 ERROR neutron.plugins.ml2.managers subnets.append(context._plugin.get_subnet(
2026-05-27 11:09:04.797 9 ERROR neutron.plugins.ml2.managers
File "/var/lib/openstack/lib/python3.10/site-packages/neutron_lib/db/api.py", line 223, in wrapped
2026-05-27 11:09:04.797 9 ERROR neutron.plugins.ml2.managers return f_with_retry(*args, **kwargs,
2026-05-27 11:09:04.797 9 ERROR neutron.plugins.ml2.managers
File "/var/lib/openstack/lib/python3.10/site-packages/neutron_lib/db/api.py", line 137, in wrapped
2026-05-27 11:09:04.797 9 ERROR neutron.plugins.ml2.managers with excutils.save_and_reraise_exception():
2026-05-27 11:09:04.797 9 ERROR neutron.plugins.ml2.managers
File "/var/lib/openstack/lib/python3.10/site-packages/oslo_utils/excutils.py", line 227, in __exit__
2026-05-27 11:09:04.797 9 ERROR neutron.plugins.ml2.managers self.force_reraise()
2026-05-27 11:09:04.797 9 ERROR neutron.plugins.ml2.managers
File "/var/lib/openstack/lib/python3.10/site-packages/oslo_utils/excutils.py", line 200, in force_reraise
2026-05-27 11:09:04.797 9 ERROR neutron.plugins.ml2.managers raise self.value
2026-05-27 11:09:04.797 9 ERROR neutron.plugins.ml2.managers
File "/var/lib/openstack/lib/python3.10/site-packages/neutron_lib/db/api.py", line 135, in wrapped
2026-05-27 11:09:04.797 9 ERROR neutron.plugins.ml2.managers return f(*args, **kwargs)
2026-05-27 11:09:04.797 9 ERROR neutron.plugins.ml2.managers
File "/var/lib/openstack/lib/python3.10/site-packages/oslo_db/api.py", line 144, in wrapper
2026-05-27 11:09:04.797 9 ERROR neutron.plugins.ml2.managers with excutils.save_and_reraise_exception() as ectxt:
2026-05-27 11:09:04.797 9 ERROR neutron.plugins.ml2.managers
File "/var/lib/openstack/lib/python3.10/site-packages/oslo_utils/excutils.py", line 227, in __exit__
2026-05-27 11:09:04.797 9 ERROR neutron.plugins.ml2.managers self.force_reraise()
2026-05-27 11:09:04.797 9 ERROR neutron.plugins.ml2.managers
File "/var/lib/openstack/lib/python3.10/site-packages/oslo_utils/excutils.py", line 200, in force_reraise
2026-05-27 11:09:04.797 9 ERROR neutron.plugins.ml2.managers raise self.value
2026-05-27 11:09:04.797 9 ERROR neutron.plugins.ml2.managers
File "/var/lib/openstack/lib/python3.10/site-packages/oslo_db/api.py", line 142, in wrapper
2026-05-27 11:09:04.797 9 ERROR neutron.plugins.ml2.managers return f(*args, **kwargs)
2026-05-27 11:09:04.797 9 ERROR neutron.plugins.ml2.managers
File "/var/lib/openstack/lib/python3.10/site-packages/neutron_lib/db/api.py", line 183, in wrapped
2026-05-27 11:09:04.797 9 ERROR neutron.plugins.ml2.managers with excutils.save_and_reraise_exception():
2026-05-27 11:09:04.797 9 ERROR neutron.plugins.ml2.managers
File "/var/lib/openstack/lib/python3.10/site-packages/oslo_utils/excutils.py", line 227, in __exit__
2026-05-27 11:09:04.797 9 ERROR neutron.plugins.ml2.managers self.force_reraise()
2026-05-27 11:09:04.797 9 ERROR neutron.plugins.ml2.managers
File "/var/lib/openstack/lib/python3.10/site-packages/oslo_utils/excutils.py", line 200, in force_reraise
2026-05-27 11:09:04.797 9 ERROR neutron.plugins.ml2.managers raise self.value
2026-05-27 11:09:04.797 9 ERROR neutron.plugins.ml2.managers
File "/var/lib/openstack/lib/python3.10/site-packages/neutron_lib/db/api.py", line 181, in wrapped
2026-05-27 11:09:04.797 9 ERROR neutron.plugins.ml2.managers return f(*dup_args, **dup_kwargs)
2026-05-27 11:09:04.797 9 ERROR neutron.plugins.ml2.managers
File "/var/lib/openstack/lib/python3.10/site-packages/neutron/db/db_base_plugin_v2.py", line 1233, in get_subnet
2026-05-27 11:09:04.797 9 ERROR neutron.plugins.ml2.managers subnet_obj = self._get_subnet_object(context, id)
2026-05-27 11:09:04.797 9 ERROR neutron.plugins.ml2.managers
File "/var/lib/openstack/lib/python3.10/site-packages/neutron/db/db_base_plugin_common.py", line 282, in _get_subnet_object
2026-05-27 11:09:04.797 9 ERROR neutron.plugins.ml2.managers raise exceptions.SubnetNotFound(subnet_id=id)
2026-05-27 11:09:04.797 9 ERROR neutron.plugins.ml2.managers neutron_lib.exceptions.SubnetNotFound: Subnet 38a955e1-d56f-4cb7-bfe4-b22e0f8653b1 could not be found.
2026-05-27 11:09:04.797 9 ERROR neutron.plugins.ml2.managers 
2026-05-27 11:09:04.799 9 ERROR neutron.plugins.ml2.managers [None req-f65c496c-8220-411a-85b9-b4cc6810bd34 - - - - - -] Failed to bind port ade85967-45d1-4950-b7e3-ce0117de5aa0 on host instance for vnic_type normal using segments [{'id': '175e8e1d-cc26-4a33-822d-64e1dcdb7757', 'network_type': 'vxlan', 'physical_network': None, 'segmentation_id': 702, 'network_id': 'ca3e28eb-6563-4ef0-950e-d9c317cce9a2'}]
2026-05-27 11:09:04.799 9 INFO neutron.plugins.ml2.plugin [None req-f65c496c-8220-411a-85b9-b4cc6810bd34 - - - - - -] Attempt 2 to bind port ade85967-45d1-4950-b7e3-ce0117de5aa0
2026-05-27 11:09:04.830 9 ERROR neutron.plugins.ml2.managers [None req-f65c496c-8220-411a-85b9-b4cc6810bd34 - - - - - -] Mechanism driver openvswitch failed in bind_port: neutron_lib.exceptions.SubnetNotFound: Subnet 38a955e1-d56f-4cb7-bfe4-b22e0f8653b1 could not be found.
2026-05-27 11:09:04.830 9 ERROR neutron.plugins.ml2.managers
Traceback (most recent call last):
2026-05-27 11:09:04.830 9 ERROR neutron.plugins.ml2.managers
File "/var/lib/openstack/lib/python3.10/site-packages/neutron/plugins/ml2/managers.py", line 850, in _bind_port_level
2026-05-27 11:09:04.830 9 ERROR neutron.plugins.ml2.managers driver.obj.bind_port(context)
2026-05-27 11:09:04.830 9 ERROR neutron.plugins.ml2.managers
File "/var/lib/openstack/lib/python3.10/site-packages/neutron/plugins/ml2/drivers/openvswitch/mech_driver/mech_openvswitch.py", line 133, in bind_port
2026-05-27 11:09:04.830 9 ERROR neutron.plugins.ml2.managers super(OpenvswitchMechanismDriver, self).bind_port(context)
2026-05-27 11:09:04.830 9 ERROR neutron.plugins.ml2.managers
File "/var/lib/openstack/lib/python3.10/site-packages/neutron/plugins/ml2/drivers/mech_agent.py", line 104, in bind_port
2026-05-27 11:09:04.830 9 ERROR neutron.plugins.ml2.managers subnets = self.get_subnets_from_fixed_ips(context)
2026-05-27 11:09:04.830 9 ERROR neutron.plugins.ml2.managers
File "/var/lib/openstack/lib/python3.10/site-packages/neutron/plugins/ml2/drivers/mech_agent.py", line 149, in get_subnets_from_fixed_ips
2026-05-27 11:09:04.830 9 ERROR neutron.plugins.ml2.managers subnets.append(context._plugin.get_subnet(
2026-05-27 11:09:04.830 9 ERROR neutron.plugins.ml2.managers
File "/var/lib/openstack/lib/python3.10/site-packages/neutron_lib/db/api.py", line 223, in wrapped
2026-05-27 11:09:04.830 9 ERROR neutron.plugins.ml2.managers return f_with_retry(*args, **kwargs,
2026-05-27 11:09:04.830 9 ERROR neutron.plugins.ml2.managers
File "/var/lib/openstack/lib/python3.10/site-packages/neutron_lib/db/api.py", line 137, in wrapped
2026-05-27 11:09:04.830 9 ERROR neutron.plugins.ml2.managers with excutils.save_and_reraise_exception():
2026-05-27 11:09:04.830 9 ERROR neutron.plugins.ml2.managers
File "/var/lib/openstack/lib/python3.10/site-packages/oslo_utils/excutils.py", line 227, in __exit__
2026-05-27 11:09:04.830 9 ERROR neutron.plugins.ml2.managers self.force_reraise()
2026-05-27 11:09:04.830 9 ERROR neutron.plugins.ml2.managers
File "/var/lib/openstack/lib/python3.10/site-packages/oslo_utils/excutils.py", line 200, in force_reraise
2026-05-27 11:09:04.830 9 ERROR neutron.plugins.ml2.managers raise self.value
2026-05-27 11:09:04.830 9 ERROR neutron.plugins.ml2.managers
File "/var/lib/openstack/lib/python3.10/site-packages/neutron_lib/db/api.py", line 135, in wrapped
2026-05-27 11:09:04.830 9 ERROR neutron.plugins.ml2.managers return f(*args, **kwargs)
2026-05-27 11:09:04.830 9 ERROR neutron.plugins.ml2.managers
File "/var/lib/openstack/lib/python3.10/site-packages/oslo_db/api.py", line 144, in wrapper
2026-05-27 11:09:04.830 9 ERROR neutron.plugins.ml2.managers with excutils.save_and_reraise_exception() as ectxt:
2026-05-27 11:09:04.830 9 ERROR neutron.plugins.ml2.managers
File "/var/lib/openstack/lib/python3.10/site-packages/oslo_utils/excutils.py", line 227, in __exit__
2026-05-27 11:09:04.830 9 ERROR neutron.plugins.ml2.managers self.force_reraise()
2026-05-27 11:09:04.830 9 ERROR neutron.plugins.ml2.managers
File "/var/lib/openstack/lib/python3.10/site-packages/oslo_utils/excutils.py", line 200, in force_reraise
2026-05-27 11:09:04.830 9 ERROR neutron.plugins.ml2.managers raise self.value
2026-05-27 11:09:04.830 9 ERROR neutron.plugins.ml2.managers
File "/var/lib/openstack/lib/python3.10/site-packages/oslo_db/api.py", line 142, in wrapper
2026-05-27 11:09:04.830 9 ERROR neutron.plugins.ml2.managers return f(*args, **kwargs)
2026-05-27 11:09:04.830 9 ERROR neutron.plugins.ml2.managers
File "/var/lib/openstack/lib/python3.10/site-packages/neutron_lib/db/api.py", line 183, in wrapped
2026-05-27 11:09:04.830 9 ERROR neutron.plugins.ml2.managers with excutils.save_and_reraise_exception():
2026-05-27 11:09:04.830 9 ERROR neutron.plugins.ml2.managers
File "/var/lib/openstack/lib/python3.10/site-packages/oslo_utils/excutils.py", line 227, in __exit__
2026-05-27 11:09:04.830 9 ERROR neutron.plugins.ml2.managers self.force_reraise()
2026-05-27 11:09:04.830 9 ERROR neutron.plugins.ml2.managers
File "/var/lib/openstack/lib/python3.10/site-packages/oslo_utils/excutils.py", line 200, in force_reraise
2026-05-27 11:09:04.830 9 ERROR neutron.plugins.ml2.managers raise self.value
2026-05-27 11:09:04.830 9 ERROR neutron.plugins.ml2.managers
File "/var/lib/openstack/lib/python3.10/site-packages/neutron_lib/db/api.py", line 181, in wrapped
2026-05-27 11:09:04.830 9 ERROR neutron.plugins.ml2.managers return f(*dup_args, **dup_kwargs)
2026-05-27 11:09:04.830 9 ERROR neutron.plugins.ml2.managers
File "/var/lib/openstack/lib/python3.10/site-packages/neutron/db/db_base_plugin_v2.py", line 1233, in get_subnet
2026-05-27 11:09:04.830 9 ERROR neutron.plugins.ml2.managers subnet_obj = self._get_subnet_object(context, id)
2026-05-27 11:09:04.830 9 ERROR neutron.plugins.ml2.managers
File "/var/lib/openstack/lib/python3.10/site-packages/neutron/db/db_base_plugin_common.py", line 282, in _get_subnet_object
2026-05-27 11:09:04.830 9 ERROR neutron.plugins.ml2.managers raise exceptions.SubnetNotFound(subnet_id=id)
2026-05-27 11:09:04.830 9 ERROR neutron.plugins.ml2.managers neutron_lib.exceptions.SubnetNotFound: Subnet 38a955e1-d56f-4cb7-bfe4-b22e0f8653b1 could not be found.
2026-05-27 11:09:04.830 9 ERROR neutron.plugins.ml2.managers 
2026-05-27 11:09:04.831 9 ERROR neutron.plugins.ml2.managers [None req-f65c496c-8220-411a-85b9-b4cc6810bd34 - - - - - -] Failed to bind port ade85967-45d1-4950-b7e3-ce0117de5aa0 on host instance for vnic_type normal using segments [{'id': '175e8e1d-cc26-4a33-822d-64e1dcdb7757', 'network_type': 'vxlan', 'physical_network': None, 'segmentation_id': 702, 'network_id': 'ca3e28eb-6563-4ef0-950e-d9c317cce9a2'}]
2026-05-27 11:09:04.831 9 INFO neutron.plugins.ml2.plugin [None req-f65c496c-8220-411a-85b9-b4cc6810bd34 - - - - - -] Attempt 3 to bind port ade85967-45d1-4950-b7e3-ce0117de5aa0
2026-05-27 11:09:04.853 9 ERROR neutron.plugins.ml2.managers [None req-f65c496c-8220-411a-85b9-b4cc6810bd34 - - - - - -] Mechanism driver openvswitch failed in bind_port: neutron_lib.exceptions.SubnetNotFound: Subnet 38a955e1-d56f-4cb7-bfe4-b22e0f8653b1 could not be found.
2026-05-27 11:09:04.853 9 ERROR neutron.plugins.ml2.managers
Traceback (most recent call last):
2026-05-27 11:09:04.853 9 ERROR neutron.plugins.ml2.managers
File "/var/lib/openstack/lib/python3.10/site-packages/neutron/plugins/ml2/managers.py", line 850, in _bind_port_level
2026-05-27 11:09:04.853 9 ERROR neutron.plugins.ml2.managers driver.obj.bind_port(context)
2026-05-27 11:09:04.853 9 ERROR neutron.plugins.ml2.managers
File "/var/lib/openstack/lib/python3.10/site-packages/neutron/plugins/ml2/drivers/openvswitch/mech_driver/mech_openvswitch.py", line 133, in bind_port
2026-05-27 11:09:04.853 9 ERROR neutron.plugins.ml2.managers super(OpenvswitchMechanismDriver, self).bind_port(context)
2026-05-27 11:09:04.853 9 ERROR neutron.plugins.ml2.managers
File "/var/lib/openstack/lib/python3.10/site-packages/neutron/plugins/ml2/drivers/mech_agent.py", line 104, in bind_port
2026-05-27 11:09:04.853 9 ERROR neutron.plugins.ml2.managers subnets = self.get_subnets_from_fixed_ips(context)
2026-05-27 11:09:04.853 9 ERROR neutron.plugins.ml2.managers
File "/var/lib/openstack/lib/python3.10/site-packages/neutron/plugins/ml2/drivers/mech_agent.py", line 149, in get_subnets_from_fixed_ips
2026-05-27 11:09:04.853 9 ERROR neutron.plugins.ml2.managers subnets.append(context._plugin.get_subnet(
2026-05-27 11:09:04.853 9 ERROR neutron.plugins.ml2.managers
File "/var/lib/openstack/lib/python3.10/site-packages/neutron_lib/db/api.py", line 223, in wrapped
2026-05-27 11:09:04.853 9 ERROR neutron.plugins.ml2.managers return f_with_retry(*args, **kwargs,
2026-05-27 11:09:04.853 9 ERROR neutron.plugins.ml2.managers
File "/var/lib/openstack/lib/python3.10/site-packages/neutron_lib/db/api.py", line 137, in wrapped
2026-05-27 11:09:04.853 9 ERROR neutron.plugins.ml2.managers with excutils.save_and_reraise_exception():
2026-05-27 11:09:04.853 9 ERROR neutron.plugins.ml2.managers
File "/var/lib/openstack/lib/python3.10/site-packages/oslo_utils/excutils.py", line 227, in __exit__
2026-05-27 11:09:04.853 9 ERROR neutron.plugins.ml2.managers self.force_reraise()
2026-05-27 11:09:04.853 9 ERROR neutron.plugins.ml2.managers
File "/var/lib/openstack/lib/python3.10/site-packages/oslo_utils/excutils.py", line 200, in force_reraise
2026-05-27 11:09:04.853 9 ERROR neutron.plugins.ml2.managers raise self.value
2026-05-27 11:09:04.853 9 ERROR neutron.plugins.ml2.managers
File "/var/lib/openstack/lib/python3.10/site-packages/neutron_lib/db/api.py", line 135, in wrapped
2026-05-27 11:09:04.853 9 ERROR neutron.plugins.ml2.managers return f(*args, **kwargs)
2026-05-27 11:09:04.853 9 ERROR neutron.plugins.ml2.managers
File "/var/lib/openstack/lib/python3.10/site-packages/oslo_db/api.py", line 144, in wrapper
2026-05-27 11:09:04.853 9 ERROR neutron.plugins.ml2.managers with excutils.save_and_reraise_exception() as ectxt:
2026-05-27 11:09:04.853 9 ERROR neutron.plugins.ml2.managers
File "/var/lib/openstack/lib/python3.10/site-packages/oslo_utils/excutils.py", line 227, in __exit__
2026-05-27 11:09:04.853 9 ERROR neutron.plugins.ml2.managers self.force_reraise()
2026-05-27 11:09:04.853 9 ERROR neutron.plugins.ml2.managers
File "/var/lib/openstack/lib/python3.10/site-packages/oslo_utils/excutils.py", line 200, in force_reraise
2026-05-27 11:09:04.853 9 ERROR neutron.plugins.ml2.managers raise self.value
2026-05-27 11:09:04.853 9 ERROR neutron.plugins.ml2.managers
File "/var/lib/openstack/lib/python3.10/site-packages/oslo_db/api.py", line 142, in wrapper
2026-05-27 11:09:04.853 9 ERROR neutron.plugins.ml2.managers return f(*args, **kwargs)
2026-05-27 11:09:04.853 9 ERROR neutron.plugins.ml2.managers
File "/var/lib/openstack/lib/python3.10/site-packages/neutron_lib/db/api.py", line 183, in wrapped
2026-05-27 11:09:04.853 9 ERROR neutron.plugins.ml2.managers with excutils.save_and_reraise_exception():
2026-05-27 11:09:04.853 9 ERROR neutron.plugins.ml2.managers
File "/var/lib/openstack/lib/python3.10/site-packages/oslo_utils/excutils.py", line 227, in __exit__
2026-05-27 11:09:04.853 9 ERROR neutron.plugins.ml2.managers self.force_reraise()
2026-05-27 11:09:04.853 9 ERROR neutron.plugins.ml2.managers
File "/var/lib/openstack/lib/python3.10/site-packages/oslo_utils/excutils.py", line 200, in force_reraise
2026-05-27 11:09:04.853 9 ERROR neutron.plugins.ml2.managers raise self.value
2026-05-27 11:09:04.853 9 ERROR neutron.plugins.ml2.managers
File "/var/lib/openstack/lib/python3.10/site-packages/neutron_lib/db/api.py", line 181, in wrapped
2026-05-27 11:09:04.853 9 ERROR neutron.plugins.ml2.managers return f(*dup_args, **dup_kwargs)
2026-05-27 11:09:04.853 9 ERROR neutron.plugins.ml2.managers
File "/var/lib/openstack/lib/python3.10/site-packages/neutron/db/db_base_plugin_v2.py", line 1233, in get_subnet
2026-05-27 11:09:04.853 9 ERROR neutron.plugins.ml2.managers subnet_obj = self._get_subnet_object(context, id)
2026-05-27 11:09:04.853 9 ERROR neutron.plugins.ml2.managers
File "/var/lib/openstack/lib/python3.10/site-packages/neutron/db/db_base_plugin_common.py", line 282, in _get_subnet_object
2026-05-27 11:09:04.853 9 ERROR neutron.plugins.ml2.managers raise exceptions.SubnetNotFound(subnet_id=id)
2026-05-27 11:09:04.853 9 ERROR neutron.plugins.ml2.managers neutron_lib.exceptions.SubnetNotFound: Subnet 38a955e1-d56f-4cb7-bfe4-b22e0f8653b1 could not be found.
2026-05-27 11:09:04.853 9 ERROR neutron.plugins.ml2.managers 
2026-05-27 11:09:04.854 9 ERROR neutron.plugins.ml2.managers [None req-f65c496c-8220-411a-85b9-b4cc6810bd34 - - - - - -] Failed to bind port ade85967-45d1-4950-b7e3-ce0117de5aa0 on host instance for vnic_type normal using segments [{'id': '175e8e1d-cc26-4a33-822d-64e1dcdb7757', 'network_type': 'vxlan', 'physical_network': None, 'segmentation_id': 702, 'network_id': 'ca3e28eb-6563-4ef0-950e-d9c317cce9a2'}]
2026-05-27 11:09:04.854 9 INFO neutron.plugins.ml2.plugin [None req-f65c496c-8220-411a-85b9-b4cc6810bd34 - - - - - -] Attempt 4 to bind port ade85967-45d1-4950-b7e3-ce0117de5aa0
2026-05-27 11:09:04.882 9 ERROR neutron.plugins.ml2.managers [None req-f65c496c-8220-411a-85b9-b4cc6810bd34 - - - - - -] Mechanism driver openvswitch failed in bind_port: neutron_lib.exceptions.SubnetNotFound: Subnet 38a955e1-d56f-4cb7-bfe4-b22e0f8653b1 could not be found.
2026-05-27 11:09:04.882 9 ERROR neutron.plugins.ml2.managers
Traceback (most recent call last):
2026-05-27 11:09:04.882 9 ERROR neutron.plugins.ml2.managers
File "/var/lib/openstack/lib/python3.10/site-packages/neutron/plugins/ml2/managers.py", line 850, in _bind_port_level
2026-05-27 11:09:04.882 9 ERROR neutron.plugins.ml2.managers driver.obj.bind_port(context)
2026-05-27 11:09:04.882 9 ERROR neutron.plugins.ml2.managers
File "/var/lib/openstack/lib/python3.10/site-packages/neutron/plugins/ml2/drivers/openvswitch/mech_driver/mech_openvswitch.py", line 133, in bind_port
2026-05-27 11:09:04.882 9 ERROR neutron.plugins.ml2.managers super(OpenvswitchMechanismDriver, self).bind_port(context)
2026-05-27 11:09:04.882 9 ERROR neutron.plugins.ml2.managers
File "/var/lib/openstack/lib/python3.10/site-packages/neutron/plugins/ml2/drivers/mech_agent.py", line 104, in bind_port
2026-05-27 11:09:04.882 9 ERROR neutron.plugins.ml2.managers subnets = self.get_subnets_from_fixed_ips(context)
2026-05-27 11:09:04.882 9 ERROR neutron.plugins.ml2.managers
File "/var/lib/openstack/lib/python3.10/site-packages/neutron/plugins/ml2/drivers/mech_agent.py", line 149, in get_subnets_from_fixed_ips
2026-05-27 11:09:04.882 9 ERROR neutron.plugins.ml2.managers subnets.append(context._plugin.get_subnet(
2026-05-27 11:09:04.882 9 ERROR neutron.plugins.ml2.managers
File "/var/lib/openstack/lib/python3.10/site-packages/neutron_lib/db/api.py", line 223, in wrapped
2026-05-27 11:09:04.882 9 ERROR neutron.plugins.ml2.managers return f_with_retry(*args, **kwargs,
2026-05-27 11:09:04.882 9 ERROR neutron.plugins.ml2.managers
File "/var/lib/openstack/lib/python3.10/site-packages/neutron_lib/db/api.py", line 137, in wrapped
2026-05-27 11:09:04.882 9 ERROR neutron.plugins.ml2.managers with excutils.save_and_reraise_exception():
2026-05-27 11:09:04.882 9 ERROR neutron.plugins.ml2.managers
File "/var/lib/openstack/lib/python3.10/site-packages/oslo_utils/excutils.py", line 227, in __exit__
2026-05-27 11:09:04.882 9 ERROR neutron.plugins.ml2.managers self.force_reraise()
2026-05-27 11:09:04.882 9 ERROR neutron.plugins.ml2.managers
File "/var/lib/openstack/lib/python3.10/site-packages/oslo_utils/excutils.py", line 200, in force_reraise
2026-05-27 11:09:04.882 9 ERROR neutron.plugins.ml2.managers raise self.value
2026-05-27 11:09:04.882 9 ERROR neutron.plugins.ml2.managers
File "/var/lib/openstack/lib/python3.10/site-packages/neutron_lib/db/api.py", line 135, in wrapped
2026-05-27 11:09:04.882 9 ERROR neutron.plugins.ml2.managers return f(*args, **kwargs)
2026-05-27 11:09:04.882 9 ERROR neutron.plugins.ml2.managers
File "/var/lib/openstack/lib/python3.10/site-packages/oslo_db/api.py", line 144, in wrapper
2026-05-27 11:09:04.882 9 ERROR neutron.plugins.ml2.managers with excutils.save_and_reraise_exception() as ectxt:
2026-05-27 11:09:04.882 9 ERROR neutron.plugins.ml2.managers
File "/var/lib/openstack/lib/python3.10/site-packages/oslo_utils/excutils.py", line 227, in __exit__
2026-05-27 11:09:04.882 9 ERROR neutron.plugins.ml2.managers self.force_reraise()
2026-05-27 11:09:04.882 9 ERROR neutron.plugins.ml2.managers
File "/var/lib/openstack/lib/python3.10/site-packages/oslo_utils/excutils.py", line 200, in force_reraise
2026-05-27 11:09:04.882 9 ERROR neutron.plugins.ml2.managers raise self.value
2026-05-27 11:09:04.882 9 ERROR neutron.plugins.ml2.managers
File "/var/lib/openstack/lib/python3.10/site-packages/oslo_db/api.py", line 142, in wrapper
2026-05-27 11:09:04.882 9 ERROR neutron.plugins.ml2.managers return f(*args, **kwargs)
2026-05-27 11:09:04.882 9 ERROR neutron.plugins.ml2.managers
