+ exec neutron-metadata-agent --config-file /etc/neutron/neutron.conf --config-file /tmp/pod-shared/neutron-agent.ini --config-file /etc/neutron/metadata_agent.ini /var/lib/openstack/lib/python3.10/site-packages/neutron/common/utils.py:55: UserWarning: pkg_resources is deprecated as an API. See https://setuptools.pypa.io/en/latest/pkg_resources.html. The pkg_resources package is slated for removal as early as 2025-11-30. Refrain from using this package or pin to Setuptools<81. import pkg_resources
2026-05-27 10:31:03.015 38 INFO neutron.common.config [-] Logging enabled!
2026-05-27 10:31:03.015 38 INFO neutron.common.config [-] /var/lib/openstack/bin/neutron-metadata-agent version 24.2.2.dev7
2026-05-27 10:31:03.207 38 INFO oslo_service.service [None req-0df404f2-c0ad-41c0-9584-66e428601846 - - - - - -] Starting 2 workers
2026-05-27 10:31:03.218 47 INFO eventlet.wsgi.server [-] (47) wsgi starting up on http:/var/lib/neutron/openstack-helm/metadata_proxy
2026-05-27 10:31:03.218 46 INFO eventlet.wsgi.server [-] (46) wsgi starting up on http:/var/lib/neutron/openstack-helm/metadata_proxy
2026-05-27 10:31:33.322 46 INFO eventlet.wsgi.server [-] 169.254.169.254, "GET / HTTP/1.1" status: 404 len: 176 time: 0.1153526
2026-05-27 10:34:43.221 46 INFO eventlet.wsgi.server [-] 169.254.169.254, "GET / HTTP/1.1" status: 404 len: 176 time: 0.0087554
2026-05-27 10:37:53.232 47 INFO eventlet.wsgi.server [-] 169.254.169.254, "GET / HTTP/1.1" status: 404 len: 176 time: 0.0183127
2026-05-27 10:38:23.259 47 INFO eventlet.wsgi.server [-] 169.254.169.254, "GET / HTTP/1.1" status: 404 len: 176 time: 0.0157216
2026-05-27 10:41:03.211 47 INFO eventlet.wsgi.server [-] 169.254.169.254, "GET / HTTP/1.1" status: 404 len: 176 time: 0.0039053
2026-05-27 10:44:13.483 46 INFO eventlet.wsgi.server [-] 169.254.169.254, "GET / HTTP/1.1" status: 404 len: 176 time: 0.0704281
2026-05-27 10:47:24.512 46 INFO eventlet.wsgi.server [-] 169.254.169.254, "GET / HTTP/1.1" status: 404 len: 176 time: 0.0106921
2026-05-27 10:48:23.212 47 INFO eventlet.wsgi.server [-] 169.254.169.254, "GET / HTTP/1.1" status: 404 len: 176 time: 0.0050046
2026-05-27 10:50:33.220 46 INFO eventlet.wsgi.server [-] 169.254.169.254, "GET / HTTP/1.1" status: 404 len: 176 time: 0.0059059
2026-05-27 10:53:43.219 47 INFO eventlet.wsgi.server [-] 169.254.169.254, "GET / HTTP/1.1" status: 404 len: 176 time: 0.0058467
2026-05-27 10:56:53.302 47 INFO eventlet.wsgi.server [-] 169.254.169.254, "GET / HTTP/1.1" status: 404 len: 176 time: 0.0922673
2026-05-27 10:58:23.241 46 INFO eventlet.wsgi.server [-] 169.254.169.254, "GET / HTTP/1.1" status: 404 len: 176 time: 0.0051546
2026-05-27 11:00:03.223 47 INFO eventlet.wsgi.server [-] 169.254.169.254, "GET / HTTP/1.1" status: 404 len: 176 time: 0.0101519
2026-05-27 11:03:13.265 47 INFO eventlet.wsgi.server [-] 169.254.169.254, "GET / HTTP/1.1" status: 404 len: 176 time: 0.0073090
2026-05-27 11:06:23.239 46 INFO eventlet.wsgi.server [-] 169.254.169.254, "GET / HTTP/1.1" status: 404 len: 176 time: 0.0064180
2026-05-27 11:06:23.758 47 INFO eventlet.wsgi.server [-] 10.100.0.8, "GET /2009-04-04/meta-data/instance-id HTTP/1.1" status: 200 len: 146 time: 2.2357795
2026-05-27 11:06:23.790 47 INFO eventlet.wsgi.server [-] 10.100.0.8, "GET /2009-04-04/meta-data/public-keys HTTP/1.1" status: 200 len: 164 time: 0.0198455
2026-05-27 11:06:23.809 47 INFO eventlet.wsgi.server [-] 10.100.0.8, "GET /2009-04-04/meta-data/public-keys/0/openssh-key HTTP/1.1" status: 200 len: 341 time: 0.0128453
2026-05-27 11:06:23.829 47 INFO eventlet.wsgi.server [-] 10.100.0.8, "GET /2009-04-04/meta-data/instance-id HTTP/1.1" status: 200 len: 146 time: 0.0134513
2026-05-27 11:06:23.864 46 INFO eventlet.wsgi.server [-] 10.100.0.8, "GET /2009-04-04/meta-data/ami-launch-index HTTP/1.1" status: 200 len: 136 time: 0.0304995
2026-05-27 11:06:23.888 46 INFO eventlet.wsgi.server [-] 10.100.0.8, "GET /2009-04-04/meta-data/instance-type HTTP/1.1" status: 200 len: 142 time: 0.0147824
2026-05-27 11:06:23.905 46 INFO eventlet.wsgi.server [-] 10.100.0.8, "GET /2009-04-04/meta-data/local-ipv4 HTTP/1.1" status: 200 len: 146 time: 0.0105348
2026-05-27 11:06:23.924 46 INFO eventlet.wsgi.server [-] 10.100.0.8, "GET /2009-04-04/meta-data/public-ipv4 HTTP/1.1" status: 200 len: 149 time: 0.0135601
2026-05-27 11:06:23.947 47 INFO eventlet.wsgi.server [-] 10.100.0.8, "GET /2009-04-04/meta-data/hostname HTTP/1.1" status: 200 len: 201 time: 0.0159554
2026-05-27 11:06:23.974 47 INFO eventlet.wsgi.server [-] 10.100.0.8, "GET /2009-04-04/meta-data/local-hostname HTTP/1.1" status: 200 len: 201 time: 0.0194697
2026-05-27 11:06:23.992 47 INFO eventlet.wsgi.server [-] 10.100.0.8, "GET /2009-04-04/user-data HTTP/1.1" status: 200 len: 231 time: 0.0128193
2026-05-27 11:06:24.036 47 INFO eventlet.wsgi.server [-] 10.100.0.8, "GET /2009-04-04/meta-data/block-device-mapping HTTP/1.1" status: 200 len: 143 time: 0.0138109
2026-05-27 11:06:24.055 47 INFO eventlet.wsgi.server [-] 10.100.0.8, "GET /2009-04-04/meta-data/block-device-mapping/ami HTTP/1.1" status: 200 len: 138 time: 0.0120184
2026-05-27 11:06:24.078 47 INFO eventlet.wsgi.server [-] 10.100.0.8, "GET /2009-04-04/meta-data/block-device-mapping/root HTTP/1.1" status: 200 len: 143 time: 0.0161035
2026-05-27 11:06:24.095 47 INFO eventlet.wsgi.server [-] 10.100.0.8, "GET /2009-04-04/meta-data/public-hostname HTTP/1.1" status: 200 len: 201 time: 0.0108726
2026-05-27 11:06:24.112 47 INFO eventlet.wsgi.server [-] 10.100.0.8, "GET /2009-04-04/meta-data/placement/availability-zone HTTP/1.1" status: 200 len: 139 time: 0.0112424
2026-05-27 11:06:39.503 46 INFO eventlet.wsgi.server [-] 10.100.0.12, "GET /2009-04-04/meta-data/instance-id HTTP/1.1" status: 200 len: 146 time: 0.7411108
2026-05-27 11:06:39.530 46 INFO eventlet.wsgi.server [-] 10.100.0.12, "GET /2009-04-04/meta-data/public-keys HTTP/1.1" status: 200 len: 162 time: 0.0193040
2026-05-27 11:06:39.552 46 INFO eventlet.wsgi.server [-] 10.100.0.12, "GET /2009-04-04/meta-data/public-keys/0/openssh-key HTTP/1.1" status: 200 len: 341 time: 0.0180128
2026-05-27 11:06:39.571 46 INFO eventlet.wsgi.server [-] 10.100.0.12, "GET /2009-04-04/meta-data/instance-id HTTP/1.1" status: 200 len: 146 time: 0.0137012
2026-05-27 11:06:39.591 46 INFO eventlet.wsgi.server [-] 10.100.0.12, "GET /2009-04-04/meta-data/ami-launch-index HTTP/1.1" status: 200 len: 136 time: 0.0120637
2026-05-27 11:06:39.609 46 INFO eventlet.wsgi.server [-] 10.100.0.12, "GET /2009-04-04/meta-data/instance-type HTTP/1.1" status: 200 len: 142 time: 0.0120573
2026-05-27 11:06:39.630 46 INFO eventlet.wsgi.server [-] 10.100.0.12, "GET /2009-04-04/meta-data/local-ipv4 HTTP/1.1" status: 200 len: 147 time: 0.0156772
2026-05-27 11:06:39.650 46 INFO eventlet.wsgi.server [-] 10.100.0.12, "GET /2009-04-04/meta-data/public-ipv4 HTTP/1.1" status: 200 len: 149 time: 0.0128374
2026-05-27 11:06:39.670 46 INFO eventlet.wsgi.server [-] 10.100.0.12, "GET /2009-04-04/meta-data/hostname HTTP/1.1" status: 200 len: 193 time: 0.0128787
2026-05-27 11:06:39.690 46 INFO eventlet.wsgi.server [-] 10.100.0.12, "GET /2009-04-04/meta-data/local-hostname HTTP/1.1" status: 200 len: 193 time: 0.0112152
2026-05-27 11:06:39.716 46 INFO eventlet.wsgi.server [-] 10.100.0.12, "GET /2009-04-04/user-data HTTP/1.1" status: 200 len: 231 time: 0.0137634
2026-05-27 11:06:39.763 47 INFO eventlet.wsgi.server [-] 10.100.0.12, "GET /2009-04-04/meta-data/block-device-mapping HTTP/1.1" status: 200 len: 143 time: 0.0124991
2026-05-27 11:06:39.784 46 INFO eventlet.wsgi.server [-] 10.100.0.12, "GET /2009-04-04/meta-data/block-device-mapping/ami HTTP/1.1" status: 200 len: 138 time: 0.0158787
2026-05-27 11:06:39.804 46 INFO eventlet.wsgi.server [-] 10.100.0.12, "GET /2009-04-04/meta-data/block-device-mapping/root HTTP/1.1" status: 200 len: 143 time: 0.0153854
2026-05-27 11:06:39.826 46 INFO eventlet.wsgi.server [-] 10.100.0.12, "GET /2009-04-04/meta-data/public-hostname HTTP/1.1" status: 200 len: 193 time: 0.0132535
2026-05-27 11:06:39.840 46 INFO eventlet.wsgi.server [-] 10.100.0.12, "GET /2009-04-04/meta-data/placement/availability-zone HTTP/1.1" status: 200 len: 139 time: 0.0102289
2026-05-27 11:07:02.057 47 INFO eventlet.wsgi.server [-] 10.100.0.12, "GET /2009-04-04/meta-data/instance-id HTTP/1.1" status: 200 len: 146 time: 0.6095943
2026-05-27 11:07:02.088 46 INFO eventlet.wsgi.server [-] 10.100.0.12, "GET /2009-04-04/meta-data/public-keys HTTP/1.1" status: 200 len: 162 time: 0.0205858
2026-05-27 11:07:02.109 46 INFO eventlet.wsgi.server [-] 10.100.0.12, "GET /2009-04-04/meta-data/public-keys/0/openssh-key HTTP/1.1" status: 200 len: 341 time: 0.0155036
2026-05-27 11:07:02.132 46 INFO eventlet.wsgi.server [-] 10.100.0.12, "GET /2009-04-04/meta-data/instance-id HTTP/1.1" status: 200 len: 146 time: 0.0169015
2026-05-27 11:07:02.150 47 INFO eventlet.wsgi.server [-] 10.100.0.12, "GET /2009-04-04/meta-data/ami-launch-index HTTP/1.1" status: 200 len: 136 time: 0.0104587
2026-05-27 11:07:02.167 47 INFO eventlet.wsgi.server [-] 10.100.0.12, "GET /2009-04-04/meta-data/instance-type HTTP/1.1" status: 200 len: 142 time: 0.0117338
2026-05-27 11:07:02.187 46 INFO eventlet.wsgi.server [-] 10.100.0.12, "GET /2009-04-04/meta-data/local-ipv4 HTTP/1.1" status: 200 len: 147 time: 0.0123215
2026-05-27 11:07:02.205 46 INFO eventlet.wsgi.server [-] 10.100.0.12, "GET /2009-04-04/meta-data/public-ipv4 HTTP/1.1" status: 200 len: 149 time: 0.0128284
2026-05-27 11:07:02.237 47 INFO eventlet.wsgi.server [-] 10.100.0.12, "GET /2009-04-04/meta-data/hostname HTTP/1.1" status: 200 len: 193 time: 0.0214794
2026-05-27 11:07:02.256 47 INFO eventlet.wsgi.server [-] 10.100.0.12, "GET /2009-04-04/meta-data/local-hostname HTTP/1.1" status: 200 len: 193 time: 0.0120802
2026-05-27 11:07:02.274 47 INFO eventlet.wsgi.server [-] 10.100.0.12, "GET /2009-04-04/user-data HTTP/1.1" status: 200 len: 231 time: 0.0108531
2026-05-27 11:07:02.292 47 INFO eventlet.wsgi.server [-] 10.100.0.12, "GET /2009-04-04/meta-data/block-device-mapping HTTP/1.1" status: 200 len: 143 time: 0.0109680
2026-05-27 11:07:02.312 47 INFO eventlet.wsgi.server [-] 10.100.0.12, "GET /2009-04-04/meta-data/block-device-mapping/ami HTTP/1.1" status: 200 len: 138 time: 0.0147209
2026-05-27 11:07:02.332 47 INFO eventlet.wsgi.server [-] 10.100.0.12, "GET /2009-04-04/meta-data/block-device-mapping/root HTTP/1.1" status: 200 len: 143 time: 0.0147233
2026-05-27 11:07:02.359 47 INFO eventlet.wsgi.server [-] 10.100.0.12, "GET /2009-04-04/meta-data/public-hostname HTTP/1.1" status: 200 len: 193 time: 0.0178375
2026-05-27 11:07:02.374 47 INFO eventlet.wsgi.server [-] 10.100.0.12, "GET /2009-04-04/meta-data/placement/availability-zone HTTP/1.1" status: 200 len: 139 time: 0.0092711
2026-05-27 11:08:12.009 46 INFO eventlet.wsgi.server [-] 10.100.0.9, "GET /2009-04-04/meta-data/instance-id HTTP/1.1" status: 200 len: 146 time: 1.2857983
2026-05-27 11:08:12.053 47 INFO eventlet.wsgi.server [-] 10.100.0.9, "GET /2009-04-04/meta-data/public-keys HTTP/1.1" status: 200 len: 175 time: 0.0301785
2026-05-27 11:08:12.071 47 INFO eventlet.wsgi.server [-] 10.100.0.9, "GET /2009-04-04/meta-data/public-keys/0/openssh-key HTTP/1.1" status: 200 len: 341 time: 0.0142498
2026-05-27 11:08:12.096 47 INFO eventlet.wsgi.server [-] 10.100.0.9, "GET /2009-04-04/meta-data/instance-id HTTP/1.1" status: 200 len: 146 time: 0.0165350
2026-05-27 11:08:12.111 46 INFO eventlet.wsgi.server [-] 10.100.0.9, "GET /2009-04-04/meta-data/ami-launch-index HTTP/1.1" status: 200 len: 136 time: 0.0105536
2026-05-27 11:08:12.130 46 INFO eventlet.wsgi.server [-] 10.100.0.9, "GET /2009-04-04/meta-data/instance-type HTTP/1.1" status: 200 len: 142 time: 0.0134535
2026-05-27 11:08:12.149 46 INFO eventlet.wsgi.server [-] 10.100.0.9, "GET /2009-04-04/meta-data/local-ipv4 HTTP/1.1" status: 200 len: 146 time: 0.0130002
2026-05-27 11:08:12.166 46 INFO eventlet.wsgi.server [-] 10.100.0.9, "GET /2009-04-04/meta-data/public-ipv4 HTTP/1.1" status: 200 len: 149 time: 0.0123215
2026-05-27 11:08:12.187 46 INFO eventlet.wsgi.server [-] 10.100.0.9, "GET /2009-04-04/meta-data/hostname HTTP/1.1" status: 200 len: 191 time: 0.0133829
2026-05-27 11:08:12.206 47 INFO eventlet.wsgi.server [-] 10.100.0.9, "GET /2009-04-04/meta-data/local-hostname HTTP/1.1" status: 200 len: 191 time: 0.0129597
2026-05-27 11:08:12.223 47 INFO neutron.agent.metadata.agent [-] The instance: 25c6d007-f0c3-4a6d-8468-2dcac7fdcea1 is not present anymore, skipping cache...
2026-05-27 11:08:12.275 47 INFO eventlet.wsgi.server [-] 10.100.0.9, "GET /2009-04-04/user-data HTTP/1.1" status: 404 len: 297 time: 0.0632579
2026-05-27 11:08:12.302 47 INFO eventlet.wsgi.server [-] 10.100.0.9, "GET /2009-04-04/meta-data/block-device-mapping HTTP/1.1" status: 200 len: 143 time: 0.0161982
2026-05-27 11:08:12.318 47 INFO eventlet.wsgi.server [-] 10.100.0.9, "GET /2009-04-04/meta-data/block-device-mapping/ami HTTP/1.1" status: 200 len: 138 time: 0.0098469
2026-05-27 11:08:12.334 47 INFO eventlet.wsgi.server [-] 10.100.0.9, "GET /2009-04-04/meta-data/block-device-mapping/root HTTP/1.1" status: 200 len: 143 time: 0.0111878
2026-05-27 11:08:12.351 47 INFO eventlet.wsgi.server [-] 10.100.0.9, "GET /2009-04-04/meta-data/public-hostname HTTP/1.1" status: 200 len: 191 time: 0.0102682
2026-05-27 11:08:12.372 47 INFO eventlet.wsgi.server [-] 10.100.0.9, "GET /2009-04-04/meta-data/placement/availability-zone HTTP/1.1" status: 200 len: 139 time: 0.0155022
2026-05-27 11:08:23.331 47 INFO eventlet.wsgi.server [-] 169.254.169.254, "GET / HTTP/1.1" status: 404 len: 176 time: 0.0640190
2026-05-27 11:08:40.999 46 INFO eventlet.wsgi.server [-] 10.100.0.12, "GET /2009-04-04/meta-data/instance-id HTTP/1.1" status: 200 len: 146 time: 0.2121053
2026-05-27 11:08:41.026 46 INFO eventlet.wsgi.server [-] 10.100.0.12, "GET /2009-04-04/meta-data/public-keys HTTP/1.1" status: 200 len: 176 time: 0.0133808
2026-05-27 11:08:41.048 46 INFO eventlet.wsgi.server [-] 10.100.0.12, "GET /2009-04-04/meta-data/public-keys/0/openssh-key HTTP/1.1" status: 200 len: 341 time: 0.0159254
2026-05-27 11:08:41.072 46 INFO eventlet.wsgi.server [-] 10.100.0.12, "GET /2009-04-04/meta-data/instance-id HTTP/1.1" status: 200 len: 146 time: 0.0153601
2026-05-27 11:08:41.092 47 INFO eventlet.wsgi.server [-] 10.100.0.12, "GET /2009-04-04/meta-data/ami-launch-index HTTP/1.1" status: 200 len: 136 time: 0.0137517
2026-05-27 11:08:41.114 47 INFO eventlet.wsgi.server [-] 10.100.0.12, "GET /2009-04-04/meta-data/instance-type HTTP/1.1" status: 200 len: 142 time: 0.0144196
2026-05-27 11:08:41.135 47 INFO eventlet.wsgi.server [-] 10.100.0.12, "GET /2009-04-04/meta-data/local-ipv4 HTTP/1.1" status: 200 len: 147 time: 0.0129642
2026-05-27 11:08:41.154 47 INFO eventlet.wsgi.server [-] 10.100.0.12, "GET /2009-04-04/meta-data/public-ipv4 HTTP/1.1" status: 200 len: 149 time: 0.0111270
2026-05-27 11:08:41.175 47 INFO eventlet.wsgi.server [-] 10.100.0.12, "GET /2009-04-04/meta-data/hostname HTTP/1.1" status: 200 len: 191 time: 0.0140932
2026-05-27 11:08:41.190 47 INFO eventlet.wsgi.server [-] 10.100.0.12, "GET /2009-04-04/meta-data/local-hostname HTTP/1.1" status: 200 len: 191 time: 0.0103927
2026-05-27 11:08:41.208 47 INFO neutron.agent.metadata.agent [-] The instance: 559d049e-84b9-4e33-9655-512c0ad9f908 is not present anymore, skipping cache...
2026-05-27 11:08:41.277 47 INFO eventlet.wsgi.server [-] 10.100.0.12, "GET /2009-04-04/user-data HTTP/1.1" status: 404 len: 297 time: 0.0787930
2026-05-27 11:08:41.304 46 INFO eventlet.wsgi.server [-] 10.100.0.12, "GET /2009-04-04/meta-data/block-device-mapping HTTP/1.1" status: 200 len: 143 time: 0.0134294
2026-05-27 11:08:41.323 46 INFO eventlet.wsgi.server [-] 10.100.0.12, "GET /2009-04-04/meta-data/block-device-mapping/ami HTTP/1.1" status: 200 len: 138 time: 0.0124733
2026-05-27 11:08:41.345 46 INFO eventlet.wsgi.server [-] 10.100.0.12, "GET /2009-04-04/meta-data/block-device-mapping/root HTTP/1.1" status: 200 len: 143 time: 0.0168567
2026-05-27 11:08:41.372 46 INFO eventlet.wsgi.server [-] 10.100.0.12, "GET /2009-04-04/meta-data/public-hostname HTTP/1.1" status: 200 len: 191 time: 0.0165691
2026-05-27 11:08:41.397 46 INFO eventlet.wsgi.server [-] 10.100.0.12, "GET /2009-04-04/meta-data/placement/availability-zone HTTP/1.1" status: 200 len: 139 time: 0.0160584
2026-05-27 11:09:26.194 46 INFO eventlet.wsgi.server [-] 10.100.0.10, "GET /latest/meta-data/public-ipv4 HTTP/1.1" status: 200 len: 149 time: 0.2657194
2026-05-27 11:09:26.462 46 INFO eventlet.wsgi.server [-] 10.100.0.10, "POST /openstack/2013-10-17/password HTTP/1.1" status: 200 len: 134 time: 0.1983142
2026-05-27 11:09:33.239 47 INFO eventlet.wsgi.server [-] 169.254.169.254, "GET / HTTP/1.1" status: 404 len: 176 time: 0.0057547
2026-05-27 11:10:52.913 47 INFO eventlet.wsgi.server [-] 10.2.1.59, "GET /2009-04-04/meta-data/instance-id HTTP/1.1" status: 200 len: 146 time: 0.2252462
2026-05-27 11:10:52.940 47 INFO eventlet.wsgi.server [-] 10.2.1.59, "GET /2009-04-04/meta-data/public-keys HTTP/1.1" status: 200 len: 173 time: 0.0146475
2026-05-27 11:10:52.958 47 INFO eventlet.wsgi.server [-] 10.2.1.59, "GET /2009-04-04/meta-data/public-keys/0/openssh-key HTTP/1.1" status: 200 len: 341 time: 0.0121465
2026-05-27 11:10:52.987 46 INFO eventlet.wsgi.server [-] 10.2.1.59, "GET /2009-04-04/meta-data/instance-id HTTP/1.1" status: 200 len: 146 time: 0.0204940
2026-05-27 11:10:53.000 46 INFO eventlet.wsgi.server [-] 10.2.1.59, "GET /2009-04-04/meta-data/ami-launch-index HTTP/1.1" status: 200 len: 136 time: 0.0085025
2026-05-27 11:10:53.024 46 INFO eventlet.wsgi.server [-] 10.2.1.59, "GET /2009-04-04/meta-data/instance-type HTTP/1.1" status: 200 len: 142 time: 0.0159960
2026-05-27 11:10:53.043 46 INFO eventlet.wsgi.server [-] 10.2.1.59, "GET /2009-04-04/meta-data/local-ipv4 HTTP/1.1" status: 200 len: 144 time: 0.0095925
2026-05-27 11:10:53.061 46 INFO eventlet.wsgi.server [-] 10.2.1.59, "GET /2009-04-04/meta-data/public-ipv4 HTTP/1.1" status: 200 len: 149 time: 0.0127478
2026-05-27 11:10:53.079 47 INFO eventlet.wsgi.server [-] 10.2.1.59, "GET /2009-04-04/meta-data/hostname HTTP/1.1" status: 200 len: 185 time: 0.0126317
2026-05-27 11:10:53.096 47 INFO eventlet.wsgi.server [-] 10.2.1.59, "GET /2009-04-04/meta-data/local-hostname HTTP/1.1" status: 200 len: 185 time: 0.0100284
2026-05-27 11:10:53.140 47 INFO neutron.agent.metadata.agent [-] The instance: b526bbae-6ce1-4320-8274-5fa13bac8155 is not present anymore, skipping cache...
2026-05-27 11:10:53.194 47 INFO eventlet.wsgi.server [-] 10.2.1.59, "GET /2009-04-04/user-data HTTP/1.1" status: 404 len: 297 time: 0.0677648
2026-05-27 11:10:53.215 46 INFO eventlet.wsgi.server [-] 10.2.1.59, "GET /2009-04-04/meta-data/block-device-mapping HTTP/1.1" status: 200 len: 143 time: 0.0109029
2026-05-27 11:10:53.232 46 INFO eventlet.wsgi.server [-] 10.2.1.59, "GET /2009-04-04/meta-data/block-device-mapping/ami HTTP/1.1" status: 200 len: 138 time: 0.0110090
2026-05-27 11:10:53.248 46 INFO eventlet.wsgi.server [-] 10.2.1.59, "GET /2009-04-04/meta-data/block-device-mapping/root HTTP/1.1" status: 200 len: 143 time: 0.0105875
2026-05-27 11:10:53.270 46 INFO eventlet.wsgi.server [-] 10.2.1.59, "GET /2009-04-04/meta-data/public-hostname HTTP/1.1" status: 200 len: 185 time: 0.0160179
2026-05-27 11:10:53.292 46 INFO eventlet.wsgi.server [-] 10.2.1.59, "GET /2009-04-04/meta-data/placement/availability-zone HTTP/1.1" status: 200 len: 139 time: 0.0149212
2026-05-27 11:10:59.470 46 INFO eventlet.wsgi.server [-] 10.2.2.128, "GET /2009-04-04/meta-data/instance-id HTTP/1.1" status: 200 len: 146 time: 0.2490423
2026-05-27 11:10:59.492 46 INFO eventlet.wsgi.server [-] 10.2.2.128, "GET /2009-04-04/meta-data/public-keys HTTP/1.1" status: 200 len: 173 time: 0.0133739
2026-05-27 11:10:59.509 46 INFO eventlet.wsgi.server [-] 10.2.2.128, "GET /2009-04-04/meta-data/public-keys/0/openssh-key HTTP/1.1" status: 200 len: 341 time: 0.0129328
2026-05-27 11:10:59.530 46 INFO eventlet.wsgi.server [-] 10.2.2.128, "GET /2009-04-04/meta-data/instance-id HTTP/1.1" status: 200 len: 146 time: 0.0135202
2026-05-27 11:10:59.546 46 INFO eventlet.wsgi.server [-] 10.2.2.128, "GET /2009-04-04/meta-data/ami-launch-index HTTP/1.1" status: 200 len: 136 time: 0.0094430
2026-05-27 11:10:59.563 46 INFO eventlet.wsgi.server [-] 10.2.2.128, "GET /2009-04-04/meta-data/instance-type HTTP/1.1" status: 200 len: 142 time: 0.0110207
2026-05-27 11:10:59.579 46 INFO eventlet.wsgi.server [-] 10.2.2.128, "GET /2009-04-04/meta-data/local-ipv4 HTTP/1.1" status: 200 len: 146 time: 0.0108805
2026-05-27 11:10:59.624 47 INFO eventlet.wsgi.server [-] 10.2.2.128, "GET /2009-04-04/meta-data/public-ipv4 HTTP/1.1" status: 200 len: 149 time: 0.0175991
2026-05-27 11:10:59.642 47 INFO eventlet.wsgi.server [-] 10.2.2.128, "GET /2009-04-04/meta-data/hostname HTTP/1.1" status: 200 len: 185 time: 0.0117888
2026-05-27 11:10:59.659 47 INFO eventlet.wsgi.server [-] 10.2.2.128, "GET /2009-04-04/meta-data/local-hostname HTTP/1.1" status: 200 len: 185 time: 0.0121253
2026-05-27 11:10:59.678 47 INFO neutron.agent.metadata.agent [-] The instance: bef99dbe-63a9-4c0c-b90a-aae720e1e2b3 is not present anymore, skipping cache...
2026-05-27 11:10:59.724 47 INFO eventlet.wsgi.server [-] 10.2.2.128, "GET /2009-04-04/user-data HTTP/1.1" status: 404 len: 297 time: 0.0590456
2026-05-27 11:10:59.748 47 INFO eventlet.wsgi.server [-] 10.2.2.128, "GET /2009-04-04/meta-data/block-device-mapping HTTP/1.1" status: 200 len: 143 time: 0.0130739
2026-05-27 11:10:59.767 47 INFO eventlet.wsgi.server [-] 10.2.2.128, "GET /2009-04-04/meta-data/block-device-mapping/ami HTTP/1.1" status: 200 len: 138 time: 0.0124643
2026-05-27 11:10:59.784 47 INFO eventlet.wsgi.server [-] 10.2.2.128, "GET /2009-04-04/meta-data/block-device-mapping/root HTTP/1.1" status: 200 len: 143 time: 0.0099335
2026-05-27 11:10:59.800 47 INFO eventlet.wsgi.server [-] 10.2.2.128, "GET /2009-04-04/meta-data/public-hostname HTTP/1.1" status: 200 len: 185 time: 0.0101495
2026-05-27 11:10:59.819 47 INFO eventlet.wsgi.server [-] 10.2.2.128, "GET /2009-04-04/meta-data/placement/availability-zone HTTP/1.1" status: 200 len: 139 time: 0.0110478
2026-05-27 11:12:43.204 47 INFO eventlet.wsgi.server [-] 169.254.169.254, "GET / HTTP/1.1" status: 404 len: 176 time: 0.0071597
2026-05-27 11:15:53.205 47 INFO eventlet.wsgi.server [-] 169.254.169.254, "GET / HTTP/1.1" status: 404 len: 176 time: 0.0048206
2026-05-27 11:18:23.240 47 INFO eventlet.wsgi.server [-] 169.254.169.254, "GET / HTTP/1.1" status: 404 len: 176 time: 0.0078423
2026-05-27 11:19:03.242 46 INFO eventlet.wsgi.server [-] 169.254.169.254, "GET / HTTP/1.1" status: 404 len: 176 time: 0.0535393