Jun 26 06:23:34.137567 np0000183140 neutron-rpc-server[104925]: ERROR neutron.plugins.ml2.drivers.ovn.mech_driver.ovsdb.ovsdb_monitor
File "/opt/stack/neutron/neutron/common/ovn/hash_ring_manager.py", line 117, in get_node
Jun 26 06:23:34.137567 np0000183140 neutron-rpc-server[104925]: ERROR neutron.plugins.ml2.drivers.ovn.mech_driver.ovsdb.ovsdb_monitor self._load_hash_ring()
Jun 26 06:23:34.137567 np0000183140 neutron-rpc-server[104925]: ERROR neutron.plugins.ml2.drivers.ovn.mech_driver.ovsdb.ovsdb_monitor
File "/opt/stack/neutron/neutron/common/ovn/hash_ring_manager.py", line 95, in _load_hash_ring
Jun 26 06:23:34.137567 np0000183140 neutron-rpc-server[104925]: ERROR neutron.plugins.ml2.drivers.ovn.mech_driver.ovsdb.ovsdb_monitor self._wait_startup_before_caching or
Jun 26 06:23:34.137567 np0000183140 neutron-rpc-server[104925]: ERROR neutron.plugins.ml2.drivers.ovn.mech_driver.ovsdb.ovsdb_monitor ^^^^^^^^^^^^^^^^^^^^^^^^^^^^^^^^^
Jun 26 06:23:34.137567 np0000183140 neutron-rpc-server[104925]: ERROR neutron.plugins.ml2.drivers.ovn.mech_driver.ovsdb.ovsdb_monitor
File "/opt/stack/neutron/neutron/common/ovn/hash_ring_manager.py", line 63, in _wait_startup_before_caching
Jun 26 06:23:34.137567 np0000183140 neutron-rpc-server[104925]: ERROR neutron.plugins.ml2.drivers.ovn.mech_driver.ovsdb.ovsdb_monitor raise RuntimeError(msg)
Jun 26 06:23:34.137567 np0000183140 neutron-rpc-server[104925]: ERROR neutron.plugins.ml2.drivers.ovn.mech_driver.ovsdb.ovsdb_monitor RuntimeError: The Neutron API workers count is zero
Jun 26 06:23:34.137935 np0000183140 neutron-rpc-server[104925]: ERROR neutron.plugins.ml2.drivers.ovn.mech_driver.ovsdb.ovsdb_monitor
Jun 26 06:23:34.138025 np0000183140 neutron-rpc-server[104964]: DEBUG cotyledon.oslo_config_glue [-] rpc_resources_processing_step = 20 {{(pid=104964) log_opt_values /opt/stack/data/venv/lib/python3.12/site-packages/oslo_config/cfg.py:3242}}
Jun 26 06:23:34.138133 np0000183140 neutron-rpc-server[104933]: DEBUG ovsdbapp.backend.ovs_idl [None req-906a80c3-6cfb-4fb6-ae14-af23a445e8cc None None] Created schema index Load_Balancer_Group.name {{(pid=104933) autocreate_indices /opt/stack/data/venv/lib/python3.12/site-packages/ovsdbapp/backend/ovs_idl/__init__.py:106}}
Jun 26 06:23:34.138269 np0000183140 neutron-rpc-server[104925]: ERROR neutron.common.ovn.hash_ring_manager [None req-3f703956-c7e6-4b0b-bea9-0c39d763ea2b None None] The Neutron API workers count is zero
Jun 26 06:23:34.138354 np0000183140 neutron-rpc-server[104964]: DEBUG cotyledon.oslo_config_glue [-] rpc_response_max_timeout = 600 {{(pid=104964) log_opt_values /opt/stack/data/venv/lib/python3.12/site-packages/oslo_config/cfg.py:3242}}
Jun 26 06:23:34.138354 np0000183140 neutron-rpc-server[104964]: DEBUG cotyledon.oslo_config_glue [-] rpc_response_timeout = 60 {{(pid=104964) log_opt_values /opt/stack/data/venv/lib/python3.12/site-packages/oslo_config/cfg.py:3242}}
Jun 26 06:23:34.138483 np0000183140 neutron-rpc-server[104939]: DEBUG ovsdbapp.backend.ovs_idl [None req-981db49f-b1f5-44ea-97b1-c58fec102e02 None None] Created lookup_table index Logical_Switch.name {{(pid=104939) autocreate_indices /opt/stack/data/venv/lib/python3.12/site-packages/ovsdbapp/backend/ovs_idl/__init__.py:87}}
Jun 26 06:23:34.138606 np0000183140 neutron-rpc-server[104964]: DEBUG cotyledon.oslo_config_glue [-] rpc_state_report_workers = 0 {{(pid=104964) log_opt_values /opt/stack/data/venv/lib/python3.12/site-packages/oslo_config/cfg.py:3242}}
Jun 26 06:23:34.138606 np0000183140 neutron-rpc-server[104964]: DEBUG cotyledon.oslo_config_glue [-] rpc_workers = None {{(pid=104964) log_opt_values /opt/stack/data/venv/lib/python3.12/site-packages/oslo_config/cfg.py:3242}}
Jun 26 06:23:34.138747 np0000183140 neutron-rpc-server[104925]: ERROR neutron.plugins.ml2.drivers.ovn.mech_driver.ovsdb.ovsdb_monitor [None req-3f703956-c7e6-4b0b-bea9-0c39d763ea2b None None] The Neutron API workers count is zero: RuntimeError: The Neutron API workers count is zero
Jun 26 06:23:34.138747 np0000183140 neutron-rpc-server[104925]: ERROR neutron.plugins.ml2.drivers.ovn.mech_driver.ovsdb.ovsdb_monitor
Traceback (most recent call last):
Jun 26 06:23:34.138747 np0000183140 neutron-rpc-server[104925]: ERROR neutron.plugins.ml2.drivers.ovn.mech_driver.ovsdb.ovsdb_monitor
File "/opt/stack/neutron/neutron/plugins/ml2/drivers/ovn/mech_driver/ovsdb/ovsdb_monitor.py", line 989, in notify
Jun 26 06:23:34.138747 np0000183140 neutron-rpc-server[104925]: ERROR neutron.plugins.ml2.drivers.ovn.mech_driver.ovsdb.ovsdb_monitor target_node, node_last_touch = self._hash_ring.get_node(
Jun 26 06:23:34.138747 np0000183140 neutron-rpc-server[104925]: ERROR neutron.plugins.ml2.drivers.ovn.mech_driver.ovsdb.ovsdb_monitor ^^^^^^^^^^^^^^^^^^^^^^^^^
Jun 26 06:23:34.138747 np0000183140 neutron-rpc-server[104925]: ERROR neutron.plugins.ml2.drivers.ovn.mech_driver.ovsdb.ovsdb_monitor
File "/opt/stack/neutron/neutron/common/ovn/hash_ring_manager.py", line 117, in get_node
Jun 26 06:23:34.138747 np0000183140 neutron-rpc-server[104925]: ERROR neutron.plugins.ml2.drivers.ovn.mech_driver.ovsdb.ovsdb_monitor self._load_hash_ring()
Jun 26 06:23:34.138747 np0000183140 neutron-rpc-server[104925]: ERROR neutron.plugins.ml2.drivers.ovn.mech_driver.ovsdb.ovsdb_monitor
File "/opt/stack/neutron/neutron/common/ovn/hash_ring_manager.py", line 95, in _load_hash_ring
Jun 26 06:23:34.138747 np0000183140 neutron-rpc-server[104925]: ERROR neutron.plugins.ml2.drivers.ovn.mech_driver.ovsdb.ovsdb_monitor self._wait_startup_before_caching or
Jun 26 06:23:34.138747 np0000183140 neutron-rpc-server[104925]: ERROR neutron.plugins.ml2.drivers.ovn.mech_driver.ovsdb.ovsdb_monitor ^^^^^^^^^^^^^^^^^^^^^^^^^^^^^^^^^
Jun 26 06:23:34.138747 np0000183140 neutron-rpc-server[104925]: ERROR neutron.plugins.ml2.drivers.ovn.mech_driver.ovsdb.ovsdb_monitor
File "/opt/stack/neutron/neutron/common/ovn/hash_ring_manager.py", line 63, in _wait_startup_before_caching
Jun 26 06:23:34.138747 np0000183140 neutron-rpc-server[104925]: ERROR neutron.plugins.ml2.drivers.ovn.mech_driver.ovsdb.ovsdb_monitor raise RuntimeError(msg)
Jun 26 06:23:34.138747 np0000183140 neutron-rpc-server[104925]: ERROR neutron.plugins.ml2.drivers.ovn.mech_driver.ovsdb.ovsdb_monitor RuntimeError: The Neutron API workers count is zero
Jun 26 06:23:34.139045 np0000183140 neutron-rpc-server[104925]: ERROR neutron.plugins.ml2.drivers.ovn.mech_driver.ovsdb.ovsdb_monitor
Jun 26 06:23:34.139134 np0000183140 neutron-rpc-server[104939]: DEBUG ovsdbapp.backend.ovs_idl [None req-981db49f-b1f5-44ea-97b1-c58fec102e02 None None] Created lookup_table index Logical_Router.name {{(pid=104939) autocreate_indices /opt/stack/data/venv/lib/python3.12/site-packages/ovsdbapp/backend/ovs_idl/__init__.py:87}}
Jun 26 06:23:34.139219 np0000183140 neutron-rpc-server[104933]: DEBUG ovsdbapp.backend.ovs_idl [None req-906a80c3-6cfb-4fb6-ae14-af23a445e8cc None None] Created schema index HA_Chassis_Group.name {{(pid=104933) autocreate_indices /opt/stack/data/venv/lib/python3.12/site-packages/ovsdbapp/backend/ovs_idl/__init__.py:106}}
Jun 26 06:23:34.139305 np0000183140 neutron-rpc-server[104925]: ERROR neutron.common.ovn.hash_ring_manager [None req-3f703956-c7e6-4b0b-bea9-0c39d763ea2b None None] The Neutron API workers count is zero
Jun 26 06:23:34.139392 np0000183140 neutron-rpc-server[104964]: DEBUG cotyledon.oslo_config_glue [-] send_events_interval = 2 {{(pid=104964) log_opt_values /opt/stack/data/venv/lib/python3.12/site-packages/oslo_config/cfg.py:3242}}
Jun 26 06:23:34.139508 np0000183140 neutron-rpc-server[104933]: DEBUG ovsdbapp.backend.ovs_idl [None req-906a80c3-6cfb-4fb6-ae14-af23a445e8cc None None] Created schema index Address_Set.name {{(pid=104933) autocreate_indices /opt/stack/data/venv/lib/python3.12/site-packages/ovsdbapp/backend/ovs_idl/__init__.py:106}}
Jun 26 06:23:34.139508 np0000183140 neutron-rpc-server[104933]: DEBUG ovsdbapp.backend.ovs_idl [None req-906a80c3-6cfb-4fb6-ae14-af23a445e8cc None None] Created schema index Connection.target {{(pid=104933) autocreate_indices /opt/stack/data/venv/lib/python3.12/site-packages/ovsdbapp/backend/ovs_idl/__init__.py:106}}
Jun 26 06:23:34.139508 np0000183140 neutron-rpc-server[104933]: DEBUG ovsdbapp.backend.ovs_idl [None req-906a80c3-6cfb-4fb6-ae14-af23a445e8cc None None] Created schema index Gateway_Chassis.name {{(pid=104933) autocreate_indices /opt/stack/data/venv/lib/python3.12/site-packages/ovsdbapp/backend/ovs_idl/__init__.py:106}}
Jun 26 06:23:34.139649 np0000183140 neutron-rpc-server[104925]: ERROR neutron.plugins.ml2.drivers.ovn.mech_driver.ovsdb.ovsdb_monitor [None req-3f703956-c7e6-4b0b-bea9-0c39d763ea2b None None] The Neutron API workers count is zero: RuntimeError: The Neutron API workers count is zero
Jun 26 06:23:34.139649 np0000183140 neutron-rpc-server[104925]: ERROR neutron.plugins.ml2.drivers.ovn.mech_driver.ovsdb.ovsdb_monitor
Traceback (most recent call last):
Jun 26 06:23:34.139649 np0000183140 neutron-rpc-server[104925]: ERROR neutron.plugins.ml2.drivers.ovn.mech_driver.ovsdb.ovsdb_monitor
File "/opt/stack/neutron/neutron/plugins/ml2/drivers/ovn/mech_driver/ovsdb/ovsdb_monitor.py", line 989, in notify
Jun 26 06:23:34.139649 np0000183140 neutron-rpc-server[104925]: ERROR neutron.plugins.ml2.drivers.ovn.mech_driver.ovsdb.ovsdb_monitor target_node, node_last_touch = self._hash_ring.get_node(
Jun 26 06:23:34.139649 np0000183140 neutron-rpc-server[104925]: ERROR neutron.plugins.ml2.drivers.ovn.mech_driver.ovsdb.ovsdb_monitor ^^^^^^^^^^^^^^^^^^^^^^^^^
Jun 26 06:23:34.139649 np0000183140 neutron-rpc-server[104925]: ERROR neutron.plugins.ml2.drivers.ovn.mech_driver.ovsdb.ovsdb_monitor
File "/opt/stack/neutron/neutron/common/ovn/hash_ring_manager.py", line 117, in get_node
Jun 26 06:23:34.139649 np0000183140 neutron-rpc-server[104925]: ERROR neutron.plugins.ml2.drivers.ovn.mech_driver.ovsdb.ovsdb_monitor self._load_hash_ring()
Jun 26 06:23:34.139649 np0000183140 neutron-rpc-server[104925]: ERROR neutron.plugins.ml2.drivers.ovn.mech_driver.ovsdb.ovsdb_monitor
File "/opt/stack/neutron/neutron/common/ovn/hash_ring_manager.py", line 95, in _load_hash_ring
Jun 26 06:23:34.139649 np0000183140 neutron-rpc-server[104925]: ERROR neutron.plugins.ml2.drivers.ovn.mech_driver.ovsdb.ovsdb_monitor self._wait_startup_before_caching or
Jun 26 06:23:34.139649 np0000183140 neutron-rpc-server[104925]: ERROR neutron.plugins.ml2.drivers.ovn.mech_driver.ovsdb.ovsdb_monitor ^^^^^^^^^^^^^^^^^^^^^^^^^^^^^^^^^
Jun 26 06:23:34.139649 np0000183140 neutron-rpc-server[104925]: ERROR neutron.plugins.ml2.drivers.ovn.mech_driver.ovsdb.ovsdb_monitor
File "/opt/stack/neutron/neutron/common/ovn/hash_ring_manager.py", line 63, in _wait_startup_before_caching
Jun 26 06:23:34.139649 np0000183140 neutron-rpc-server[104925]: ERROR neutron.plugins.ml2.drivers.ovn.mech_driver.ovsdb.ovsdb_monitor raise RuntimeError(msg)
Jun 26 06:23:34.139649 np0000183140 neutron-rpc-server[104925]: ERROR neutron.plugins.ml2.drivers.ovn.mech_driver.ovsdb.ovsdb_monitor RuntimeError: The Neutron API workers count is zero
Jun 26 06:23:34.139978 np0000183140 neutron-rpc-server[104925]: ERROR neutron.plugins.ml2.drivers.ovn.mech_driver.ovsdb.ovsdb_monitor
Jun 26 06:23:34.140086 np0000183140 neutron-rpc-server[104933]: DEBUG ovsdbapp.backend.ovs_idl [None req-906a80c3-6cfb-4fb6-ae14-af23a445e8cc None None] Created schema index Mirror.name {{(pid=104933) autocreate_indices /opt/stack/data/venv/lib/python3.12/site-packages/ovsdbapp/backend/ovs_idl/__init__.py:106}}
Jun 26 06:23:34.140173 np0000183140 neutron-rpc-server[104925]: ERROR neutron.common.ovn.hash_ring_manager [None req-3f703956-c7e6-4b0b-bea9-0c39d763ea2b None None] The Neutron API workers count is zero
Jun 26 06:23:34.140321 np0000183140 neutron-rpc-server[104933]: DEBUG ovsdbapp.backend.ovs_idl [None req-906a80c3-6cfb-4fb6-ae14-af23a445e8cc None None] Created schema index Chassis_Template_Var.chassis {{(pid=104933) autocreate_indices /opt/stack/data/venv/lib/python3.12/site-packages/ovsdbapp/backend/ovs_idl/__init__.py:106}}
Jun 26 06:23:34.140321 np0000183140 neutron-rpc-server[104933]: DEBUG ovsdbapp.backend.ovs_idl [None req-906a80c3-6cfb-4fb6-ae14-af23a445e8cc None None] Created schema index Logical_Router_Port.name {{(pid=104933) autocreate_indices /opt/stack/data/venv/lib/python3.12/site-packages/ovsdbapp/backend/ovs_idl/__init__.py:106}}
Jun 26 06:23:34.140487 np0000183140 neutron-rpc-server[104964]: DEBUG cotyledon.oslo_config_glue [-] service_plugins = ['ovn-router'] {{(pid=104964) log_opt_values /opt/stack/data/venv/lib/python3.12/site-packages/oslo_config/cfg.py:3242}}
Jun 26 06:23:34.140584 np0000183140 neutron-rpc-server[104933]: DEBUG ovsdbapp.backend.ovs_idl [None req-906a80c3-6cfb-4fb6-ae14-af23a445e8cc None None] Created schema index Port_Group.name {{(pid=104933) autocreate_indices /opt/stack/data/venv/lib/python3.12/site-packages/ovsdbapp/backend/ovs_idl/__init__.py:106}}
Jun 26 06:23:34.140584 np0000183140 neutron-rpc-server[104933]: DEBUG ovsdbapp.backend.ovs_idl [None req-906a80c3-6cfb-4fb6-ae14-af23a445e8cc None None] Created schema index Logical_Switch_Port.name {{(pid=104933) autocreate_indices /opt/stack/data/venv/lib/python3.12/site-packages/ovsdbapp/backend/ovs_idl/__init__.py:106}}
Jun 26 06:23:34.140742 np0000183140 neutron-rpc-server[104925]: ERROR neutron.plugins.ml2.drivers.ovn.mech_driver.ovsdb.ovsdb_monitor [None req-3f703956-c7e6-4b0b-bea9-0c39d763ea2b None None] The Neutron API workers count is zero: RuntimeError: The Neutron API workers count is zero
Jun 26 06:23:34.140742 np0000183140 neutron-rpc-server[104925]: ERROR neutron.plugins.ml2.drivers.ovn.mech_driver.ovsdb.ovsdb_monitor
Traceback (most recent call last):
Jun 26 06:23:34.140742 np0000183140 neutron-rpc-server[104925]: ERROR neutron.plugins.ml2.drivers.ovn.mech_driver.ovsdb.ovsdb_monitor
File "/opt/stack/neutron/neutron/plugins/ml2/drivers/ovn/mech_driver/ovsdb/ovsdb_monitor.py", line 989, in notify
Jun 26 06:23:34.140742 np0000183140 neutron-rpc-server[104925]: ERROR neutron.plugins.ml2.drivers.ovn.mech_driver.ovsdb.ovsdb_monitor target_node, node_last_touch = self._hash_ring.get_node(
Jun 26 06:23:34.140742 np0000183140 neutron-rpc-server[104925]: ERROR neutron.plugins.ml2.drivers.ovn.mech_driver.ovsdb.ovsdb_monitor ^^^^^^^^^^^^^^^^^^^^^^^^^
Jun 26 06:23:34.140742 np0000183140 neutron-rpc-server[104925]: ERROR neutron.plugins.ml2.drivers.ovn.mech_driver.ovsdb.ovsdb_monitor
File "/opt/stack/neutron/neutron/common/ovn/hash_ring_manager.py", line 117, in get_node
Jun 26 06:23:34.140742 np0000183140 neutron-rpc-server[104925]: ERROR neutron.plugins.ml2.drivers.ovn.mech_driver.ovsdb.ovsdb_monitor self._load_hash_ring()
Jun 26 06:23:34.140742 np0000183140 neutron-rpc-server[104925]: ERROR neutron.plugins.ml2.drivers.ovn.mech_driver.ovsdb.ovsdb_monitor
File "/opt/stack/neutron/neutron/common/ovn/hash_ring_manager.py", line 95, in _load_hash_ring
Jun 26 06:23:34.140742 np0000183140 neutron-rpc-server[104925]: ERROR neutron.plugins.ml2.drivers.ovn.mech_driver.ovsdb.ovsdb_monitor self._wait_startup_before_caching or
Jun 26 06:23:34.140742 np0000183140 neutron-rpc-server[104925]: ERROR neutron.plugins.ml2.drivers.ovn.mech_driver.ovsdb.ovsdb_monitor ^^^^^^^^^^^^^^^^^^^^^^^^^^^^^^^^^
Jun 26 06:23:34.140742 np0000183140 neutron-rpc-server[104925]: ERROR neutron.plugins.ml2.drivers.ovn.mech_driver.ovsdb.ovsdb_monitor
File "/opt/stack/neutron/neutron/common/ovn/hash_ring_manager.py", line 63, in _wait_startup_before_caching
Jun 26 06:23:34.140742 np0000183140 neutron-rpc-server[104925]: ERROR neutron.plugins.ml2.drivers.ovn.mech_driver.ovsdb.ovsdb_monitor raise RuntimeError(msg)
Jun 26 06:23:34.140742 np0000183140 neutron-rpc-server[104925]: ERROR neutron.plugins.ml2.drivers.ovn.mech_driver.ovsdb.ovsdb_monitor RuntimeError: The Neutron API workers count is zero
Jun 26 06:23:34.141082 np0000183140 neutron-rpc-server[104925]: ERROR neutron.plugins.ml2.drivers.ovn.mech_driver.ovsdb.ovsdb_monitor
Jun 26 06:23:34.141191 np0000183140 neutron-rpc-server[104964]: DEBUG cotyledon.oslo_config_glue [-] setproctitle = on {{(pid=104964) log_opt_values /opt/stack/data/venv/lib/python3.12/site-packages/oslo_config/cfg.py:3242}}
Jun 26 06:23:34.141316 np0000183140 neutron-rpc-server[104925]: ERROR neutron.common.ovn.hash_ring_manager [None req-3f703956-c7e6-4b0b-bea9-0c39d763ea2b None None] The Neutron API workers count is zero
Jun 26 06:23:34.141461 np0000183140 neutron-rpc-server[104964]: DEBUG cotyledon.oslo_config_glue [-] shell_completion = None {{(pid=104964) log_opt_values /opt/stack/data/venv/lib/python3.12/site-packages/oslo_config/cfg.py:3242}}
Jun 26 06:23:34.141461 np0000183140 neutron-rpc-server[104964]: DEBUG cotyledon.oslo_config_glue [-] state_path = /opt/stack/data/neutron {{(pid=104964) log_opt_values /opt/stack/data/venv/lib/python3.12/site-packages/oslo_config/cfg.py:3242}}
Jun 26 06:23:34.141583 np0000183140 neutron-rpc-server[104925]: ERROR neutron.plugins.ml2.drivers.ovn.mech_driver.ovsdb.ovsdb_monitor [None req-3f703956-c7e6-4b0b-bea9-0c39d763ea2b None None] The Neutron API workers count is zero: RuntimeError: The Neutron API workers count is zero
Jun 26 06:23:34.141583 np0000183140 neutron-rpc-server[104925]: ERROR neutron.plugins.ml2.drivers.ovn.mech_driver.ovsdb.ovsdb_monitor
Traceback (most recent call last):
Jun 26 06:23:34.141583 np0000183140 neutron-rpc-server[104925]: ERROR neutron.plugins.ml2.drivers.ovn.mech_driver.ovsdb.ovsdb_monitor
File "/opt/stack/neutron/neutron/plugins/ml2/drivers/ovn/mech_driver/ovsdb/ovsdb_monitor.py", line 989, in notify
Jun 26 06:23:34.141583 np0000183140 neutron-rpc-server[104925]: ERROR neutron.plugins.ml2.drivers.ovn.mech_driver.ovsdb.ovsdb_monitor target_node, node_last_touch = self._hash_ring.get_node(
Jun 26 06:23:34.141583 np0000183140 neutron-rpc-server[104925]: ERROR neutron.plugins.ml2.drivers.ovn.mech_driver.ovsdb.ovsdb_monitor ^^^^^^^^^^^^^^^^^^^^^^^^^
Jun 26 06:23:34.141583 np0000183140 neutron-rpc-server[104925]: ERROR neutron.plugins.ml2.drivers.ovn.mech_driver.ovsdb.ovsdb_monitor
File "/opt/stack/neutron/neutron/common/ovn/hash_ring_manager.py", line 117, in get_node
Jun 26 06:23:34.141583 np0000183140 neutron-rpc-server[104925]: ERROR neutron.plugins.ml2.drivers.ovn.mech_driver.ovsdb.ovsdb_monitor self._load_hash_ring()
Jun 26 06:23:34.141583 np0000183140 neutron-rpc-server[104925]: ERROR neutron.plugins.ml2.drivers.ovn.mech_driver.ovsdb.ovsdb_monitor
File "/opt/stack/neutron/neutron/common/ovn/hash_ring_manager.py", line 95, in _load_hash_ring
Jun 26 06:23:34.141583 np0000183140 neutron-rpc-server[104925]: ERROR neutron.plugins.ml2.drivers.ovn.mech_driver.ovsdb.ovsdb_monitor self._wait_startup_before_caching or
Jun 26 06:23:34.141583 np0000183140 neutron-rpc-server[104925]: ERROR neutron.plugins.ml2.drivers.ovn.mech_driver.ovsdb.ovsdb_monitor ^^^^^^^^^^^^^^^^^^^^^^^^^^^^^^^^^
Jun 26 06:23:34.141583 np0000183140 neutron-rpc-server[104925]: ERROR neutron.plugins.ml2.drivers.ovn.mech_driver.ovsdb.ovsdb_monitor
File "/opt/stack/neutron/neutron/common/ovn/hash_ring_manager.py", line 63, in _wait_startup_before_caching
Jun 26 06:23:34.141583 np0000183140 neutron-rpc-server[104925]: ERROR neutron.plugins.ml2.drivers.ovn.mech_driver.ovsdb.ovsdb_monitor raise RuntimeError(msg)
Jun 26 06:23:34.141583 np0000183140 neutron-rpc-server[104925]: ERROR neutron.plugins.ml2.drivers.ovn.mech_driver.ovsdb.ovsdb_monitor RuntimeError: The Neutron API workers count is zero
Jun 26 06:23:34.141954 np0000183140 neutron-rpc-server[104925]: ERROR neutron.plugins.ml2.drivers.ovn.mech_driver.ovsdb.ovsdb_monitor
Jun 26 06:23:34.142048 np0000183140 neutron-rpc-server[104964]: DEBUG cotyledon.oslo_config_glue [-] syslog_log_facility = LOG_USER {{(pid=104964) log_opt_values /opt/stack/data/venv/lib/python3.12/site-packages/oslo_config/cfg.py:3242}}
Jun 26 06:23:34.142145 np0000183140 neutron-rpc-server[104925]: ERROR neutron.common.ovn.hash_ring_manager [None req-3f703956-c7e6-4b0b-bea9-0c39d763ea2b None None] The Neutron API workers count is zero
Jun 26 06:23:34.142290 np0000183140 neutron-rpc-server[104939]: DEBUG ovsdbapp.backend.ovs_idl [None req-981db49f-b1f5-44ea-97b1-c58fec102e02 None None] Created lookup_table index Load_Balancer.name {{(pid=104939) autocreate_indices /opt/stack/data/venv/lib/python3.12/site-packages/ovsdbapp/backend/ovs_idl/__init__.py:87}}
Jun 26 06:23:34.142290 np0000183140 neutron-rpc-server[104939]: DEBUG ovsdbapp.backend.ovs_idl [None req-981db49f-b1f5-44ea-97b1-c58fec102e02 None None] Created schema index Copp.name {{(pid=104939) autocreate_indices /opt/stack/data/venv/lib/python3.12/site-packages/ovsdbapp/backend/ovs_idl/__init__.py:106}}
Jun 26 06:23:34.142420 np0000183140 neutron-rpc-server[104925]: ERROR neutron.plugins.ml2.drivers.ovn.mech_driver.ovsdb.ovsdb_monitor [None req-3f703956-c7e6-4b0b-bea9-0c39d763ea2b None None] The Neutron API workers count is zero: RuntimeError: The Neutron API workers count is zero
Jun 26 06:23:34.142420 np0000183140 neutron-rpc-server[104925]: ERROR neutron.plugins.ml2.drivers.ovn.mech_driver.ovsdb.ovsdb_monitor
Traceback (most recent call last):
Jun 26 06:23:34.142420 np0000183140 neutron-rpc-server[104925]: ERROR neutron.plugins.ml2.drivers.ovn.mech_driver.ovsdb.ovsdb_monitor
File "/opt/stack/neutron/neutron/plugins/ml2/drivers/ovn/mech_driver/ovsdb/ovsdb_monitor.py", line 989, in notify
Jun 26 06:23:34.142420 np0000183140 neutron-rpc-server[104925]: ERROR neutron.plugins.ml2.drivers.ovn.mech_driver.ovsdb.ovsdb_monitor target_node, node_last_touch = self._hash_ring.get_node(
Jun 26 06:23:34.142420 np0000183140 neutron-rpc-server[104925]: ERROR neutron.plugins.ml2.drivers.ovn.mech_driver.ovsdb.ovsdb_monitor ^^^^^^^^^^^^^^^^^^^^^^^^^
Jun 26 06:23:34.142420 np0000183140 neutron-rpc-server[104925]: ERROR neutron.plugins.ml2.drivers.ovn.mech_driver.ovsdb.ovsdb_monitor
File "/opt/stack/neutron/neutron/common/ovn/hash_ring_manager.py", line 117, in get_node
Jun 26 06:23:34.142420 np0000183140 neutron-rpc-server[104925]: ERROR neutron.plugins.ml2.drivers.ovn.mech_driver.ovsdb.ovsdb_monitor self._load_hash_ring()
Jun 26 06:23:34.142420 np0000183140 neutron-rpc-server[104925]: ERROR neutron.plugins.ml2.drivers.ovn.mech_driver.ovsdb.ovsdb_monitor
File "/opt/stack/neutron/neutron/common/ovn/hash_ring_manager.py", line 95, in _load_hash_ring
Jun 26 06:23:34.142420 np0000183140 neutron-rpc-server[104925]: ERROR neutron.plugins.ml2.drivers.ovn.mech_driver.ovsdb.ovsdb_monitor self._wait_startup_before_caching or
Jun 26 06:23:34.142420 np0000183140 neutron-rpc-server[104925]: ERROR neutron.plugins.ml2.drivers.ovn.mech_driver.ovsdb.ovsdb_monitor ^^^^^^^^^^^^^^^^^^^^^^^^^^^^^^^^^
Jun 26 06:23:34.142420 np0000183140 neutron-rpc-server[104925]: ERROR neutron.plugins.ml2.drivers.ovn.mech_driver.ovsdb.ovsdb_monitor
File "/opt/stack/neutron/neutron/common/ovn/hash_ring_manager.py", line 63, in _wait_startup_before_caching
Jun 26 06:23:34.142420 np0000183140 neutron-rpc-server[104925]: ERROR neutron.plugins.ml2.drivers.ovn.mech_driver.ovsdb.ovsdb_monitor raise RuntimeError(msg)
Jun 26 06:23:34.142420 np0000183140 neutron-rpc-server[104925]: ERROR neutron.plugins.ml2.drivers.ovn.mech_driver.ovsdb.ovsdb_monitor RuntimeError: The Neutron API workers count is zero
Jun 26 06:23:34.144320 np0000183140 neutron-rpc-server[104925]: ERROR neutron.plugins.ml2.drivers.ovn.mech_driver.ovsdb.ovsdb_monitor
Jun 26 06:23:34.144694 np0000183140 neutron-rpc-server[104939]: DEBUG ovsdbapp.backend.ovs_idl [None req-981db49f-b1f5-44ea-97b1-c58fec102e02 None None] Created schema index Meter.name {{(pid=104939) autocreate_indices /opt/stack/data/venv/lib/python3.12/site-packages/ovsdbapp/backend/ovs_idl/__init__.py:106}}
Jun 26 06:23:34.144694 np0000183140 neutron-rpc-server[104939]: DEBUG ovsdbapp.backend.ovs_idl [None req-981db49f-b1f5-44ea-97b1-c58fec102e02 None None] Created schema index Load_Balancer_Group.name {{(pid=104939) autocreate_indices /opt/stack/data/venv/lib/python3.12/site-packages/ovsdbapp/backend/ovs_idl/__init__.py:106}}
Jun 26 06:23:34.144694 np0000183140 neutron-rpc-server[104939]: DEBUG ovsdbapp.backend.ovs_idl [None req-981db49f-b1f5-44ea-97b1-c58fec102e02 None None] Created schema index HA_Chassis_Group.name {{(pid=104939) autocreate_indices /opt/stack/data/venv/lib/python3.12/site-packages/ovsdbapp/backend/ovs_idl/__init__.py:106}}
Jun 26 06:23:34.144694 np0000183140 neutron-rpc-server[104939]: DEBUG ovsdbapp.backend.ovs_idl [None req-981db49f-b1f5-44ea-97b1-c58fec102e02 None None] Created schema index Address_Set.name {{(pid=104939) autocreate_indices /opt/stack/data/venv/lib/python3.12/site-packages/ovsdbapp/backend/ovs_idl/__init__.py:106}}
Jun 26 06:23:34.144694 np0000183140 neutron-rpc-server[104939]: DEBUG ovsdbapp.backend.ovs_idl [None req-981db49f-b1f5-44ea-97b1-c58fec102e02 None None] Created schema index Connection.target {{(pid=104939) autocreate_indices /opt/stack/data/venv/lib/python3.12/site-packages/ovsdbapp/backend/ovs_idl/__init__.py:106}}
Jun 26 06:23:34.144694 np0000183140 neutron-rpc-server[104939]: DEBUG ovsdbapp.backend.ovs_idl [None req-981db49f-b1f5-44ea-97b1-c58fec102e02 None None] Created schema index Gateway_Chassis.name {{(pid=104939) autocreate_indices /opt/stack/data/venv/lib/python3.12/site-packages/ovsdbapp/backend/ovs_idl/__init__.py:106}}
Jun 26 06:23:34.145190 np0000183140 neutron-rpc-server[104964]: DEBUG cotyledon.oslo_config_glue [-] tcp_keepidle = 600 {{(pid=104964) log_opt_values /opt/stack/data/venv/lib/python3.12/site-packages/oslo_config/cfg.py:3242}}
Jun 26 06:23:34.145417 np0000183140 neutron-rpc-server[104939]: DEBUG ovsdbapp.backend.ovs_idl [None req-981db49f-b1f5-44ea-97b1-c58fec102e02 None None] Created schema index Mirror.name {{(pid=104939) autocreate_indices /opt/stack/data/venv/lib/python3.12/site-packages/ovsdbapp/backend/ovs_idl/__init__.py:106}}
Jun 26 06:23:34.145610 np0000183140 neutron-rpc-server[104964]: DEBUG cotyledon.oslo_config_glue [-] transport_url = **** {{(pid=104964) log_opt_values /opt/stack/data/venv/lib/python3.12/site-packages/oslo_config/cfg.py:3242}}
Jun 26 06:23:34.145828 np0000183140 neutron-rpc-server[104939]: DEBUG ovsdbapp.backend.ovs_idl [None req-981db49f-b1f5-44ea-97b1-c58fec102e02 None None] Created schema index Chassis_Template_Var.chassis {{(pid=104939) autocreate_indices /opt/stack/data/venv/lib/python3.12/site-packages/ovsdbapp/backend/ovs_idl/__init__.py:106}}
Jun 26 06:23:34.146040 np0000183140 neutron-rpc-server[104964]: DEBUG cotyledon.oslo_config_glue [-] use_journal = False {{(pid=104964) log_opt_values /opt/stack/data/venv/lib/python3.12/site-packages/oslo_config/cfg.py:3242}}
Jun 26 06:23:34.146297 np0000183140 neutron-rpc-server[104939]: DEBUG ovsdbapp.backend.ovs_idl [None req-981db49f-b1f5-44ea-97b1-c58fec102e02 None None] Created schema index Logical_Router_Port.name {{(pid=104939) autocreate_indices /opt/stack/data/venv/lib/python3.12/site-packages/ovsdbapp/backend/ovs_idl/__init__.py:106}}
Jun 26 06:23:34.146297 np0000183140 neutron-rpc-server[104939]: DEBUG ovsdbapp.backend.ovs_idl [None req-981db49f-b1f5-44ea-97b1-c58fec102e02 None None] Created schema index Port_Group.name {{(pid=104939) autocreate_indices /opt/stack/data/venv/lib/python3.12/site-packages/ovsdbapp/backend/ovs_idl/__init__.py:106}}
Jun 26 06:23:34.146297 np0000183140 neutron-rpc-server[104939]: DEBUG ovsdbapp.backend.ovs_idl [None req-981db49f-b1f5-44ea-97b1-c58fec102e02 None None] Created schema index Logical_Switch_Port.name {{(pid=104939) autocreate_indices /opt/stack/data/venv/lib/python3.12/site-packages/ovsdbapp/backend/ovs_idl/__init__.py:106}}
Jun 26 06:23:34.146597 np0000183140 neutron-rpc-server[104964]: DEBUG cotyledon.oslo_config_glue [-] use_json = False {{(pid=104964) log_opt_values /opt/stack/data/venv/lib/python3.12/site-packages/oslo_config/cfg.py:3242}}
Jun 26 06:23:34.146597 np0000183140 neutron-rpc-server[104964]: DEBUG cotyledon.oslo_config_glue [-] use_stderr = False {{(pid=104964) log_opt_values /opt/stack/data/venv/lib/python3.12/site-packages/oslo_config/cfg.py:3242}}
Jun 26 06:23:34.146597 np0000183140 neutron-rpc-server[104964]: DEBUG cotyledon.oslo_config_glue [-] use_syslog = False {{(pid=104964) log_opt_values /opt/stack/data/venv/lib/python3.12/site-packages/oslo_config/cfg.py:3242}}
Jun 26 06:23:34.146597 np0000183140 neutron-rpc-server[104964]: DEBUG cotyledon.oslo_config_glue [-] vlan_qinq = None {{(pid=104964) log_opt_values /opt/stack/data/venv/lib/python3.12/site-packages/oslo_config/cfg.py:3242}}
Jun 26 06:23:34.146597 np0000183140 neutron-rpc-server[104964]: DEBUG cotyledon.oslo_config_glue [-] vlan_transparent = None {{(pid=104964) log_opt_values /opt/stack/data/venv/lib/python3.12/site-packages/oslo_config/cfg.py:3242}}
Jun 26 06:23:34.146597 np0000183140 neutron-rpc-server[104964]: DEBUG cotyledon.oslo_config_glue [-] wsgi_default_pool_size = 100 {{(pid=104964) log_opt_values /opt/stack/data/venv/lib/python3.12/site-packages/oslo_config/cfg.py:3242}}
Jun 26 06:23:34.146597 np0000183140 neutron-rpc-server[104964]: DEBUG cotyledon.oslo_config_glue [-] wsgi_keep_alive = True {{(pid=104964) log_opt_values /opt/stack/data/venv/lib/python3.12/site-packages/oslo_config/cfg.py:3242}}
Jun 26 06:23:34.146597 np0000183140 neutron-rpc-server[104964]: DEBUG cotyledon.oslo_config_glue [-] wsgi_log_format = %(client_ip)s "%(request_line)s" status: %(status_code)s len: %(body_length)s time: %(wall_seconds).7f {{(pid=104964) log_opt_values /opt/stack/data/venv/lib/python3.12/site-packages/oslo_config/cfg.py:3242}}
Jun 26 06:23:34.146597 np0000183140 neutron-rpc-server[104964]: DEBUG cotyledon.oslo_config_glue [-] wsgi_server_debug = False {{(pid=104964) log_opt_values /opt/stack/data/venv/lib/python3.12/site-packages/oslo_config/cfg.py:3242}}
Jun 26 06:23:34.147296 np0000183140 neutron-rpc-server[104925]: INFO neutron.plugins.ml2.drivers.ovn.mech_driver.ovsdb.impl_idl_ovn [None req-3f703956-c7e6-4b0b-bea9-0c39d763ea2b None None] Getting OvsdbSbOvnIdl for RpcWorker with retry
Jun 26 06:23:34.147557 np0000183140 neutron-rpc-server[104964]: DEBUG cotyledon.oslo_config_glue [-] oslo_concurrency.disable_process_locking = False {{(pid=104964) log_opt_values /opt/stack/data/venv/lib/python3.12/site-packages/oslo_config/cfg.py:3253}}
Jun 26 06:23:34.147557 np0000183140 neutron-rpc-server[104964]: DEBUG cotyledon.oslo_config_glue [-] oslo_concurrency.lock_path = /opt/stack/data/neutron/lock {{(pid=104964) log_opt_values /opt/stack/data/venv/lib/python3.12/site-packages/oslo_config/cfg.py:3253}}
Jun 26 06:23:34.147557 np0000183140 neutron-rpc-server[104964]: DEBUG cotyledon.oslo_config_glue [-] profiler.connection_string = messaging:// {{(pid=104964) log_opt_values /opt/stack/data/venv/lib/python3.12/site-packages/oslo_config/cfg.py:3253}}
Jun 26 06:23:34.147557 np0000183140 neutron-rpc-server[104964]: DEBUG cotyledon.oslo_config_glue [-] profiler.enabled = False {{(pid=104964) log_opt_values /opt/stack/data/venv/lib/python3.12/site-packages/oslo_config/cfg.py:3253}}
Jun 26 06:23:34.147557 np0000183140 neutron-rpc-server[104964]: DEBUG cotyledon.oslo_config_glue [-] profiler.es_doc_type = notification {{(pid=104964) log_opt_values /opt/stack/data/venv/lib/python3.12/site-packages/oslo_config/cfg.py:3253}}
Jun 26 06:23:34.147557 np0000183140 neutron-rpc-server[104964]: DEBUG cotyledon.oslo_config_glue [-] profiler.es_scroll_size = 10000 {{(pid=104964) log_opt_values /opt/stack/data/venv/lib/python3.12/site-packages/oslo_config/cfg.py:3253}}
Jun 26 06:23:34.147557 np0000183140 neutron-rpc-server[104964]: DEBUG cotyledon.oslo_config_glue [-] profiler.es_scroll_time = 2m {{(pid=104964) log_opt_values /opt/stack/data/venv/lib/python3.12/site-packages/oslo_config/cfg.py:3253}}
Jun 26 06:23:34.147557 np0000183140 neutron-rpc-server[104964]: DEBUG cotyledon.oslo_config_glue [-] profiler.filter_error_trace = False {{(pid=104964) log_opt_values /opt/stack/data/venv/lib/python3.12/site-packages/oslo_config/cfg.py:3253}}
Jun 26 06:23:34.147557 np0000183140 neutron-rpc-server[104964]: DEBUG cotyledon.oslo_config_glue [-] profiler.hmac_keys = **** {{(pid=104964) log_opt_values /opt/stack/data/venv/lib/python3.12/site-packages/oslo_config/cfg.py:3253}}
Jun 26 06:23:34.148183 np0000183140 neutron-rpc-server[104964]: DEBUG cotyledon.oslo_config_glue [-] profiler.sentinel_service_name = mymaster {{(pid=104964) log_opt_values /opt/stack/data/venv/lib/python3.12/site-packages/oslo_config/cfg.py:3253}}
Jun 26 06:23:34.148183 np0000183140 neutron-rpc-server[104964]: DEBUG cotyledon.oslo_config_glue [-] profiler.socket_timeout = 0.1 {{(pid=104964) log_opt_values /opt/stack/data/venv/lib/python3.12/site-packages/oslo_config/cfg.py:3253}}
Jun 26 06:23:34.148443 np0000183140 neutron-rpc-server[104933]: INFO ovsdbapp.backend.ovs_idl.vlog [None req-906a80c3-6cfb-4fb6-ae14-af23a445e8cc None None] ssl:199.204.45.138:6641: connecting...
Jun 26 06:23:34.148690 np0000183140 neutron-rpc-server[104964]: DEBUG cotyledon.oslo_config_glue [-] profiler.trace_requests = False {{(pid=104964) log_opt_values /opt/stack/data/venv/lib/python3.12/site-packages/oslo_config/cfg.py:3253}}
Jun 26 06:23:34.148690 np0000183140 neutron-rpc-server[104964]: DEBUG cotyledon.oslo_config_glue [-] profiler.trace_sqlalchemy = False {{(pid=104964) log_opt_values /opt/stack/data/venv/lib/python3.12/site-packages/oslo_config/cfg.py:3253}}
Jun 26 06:23:34.148978 np0000183140 neutron-rpc-server[104916]: ERROR neutron.common.ovn.hash_ring_manager [None req-885a4c25-24b7-48fd-b720-a55a9f9aa833 None None] The Neutron API workers count is zero
Jun 26 06:23:34.149212 np0000183140 neutron-rpc-server[104939]: INFO ovsdbapp.backend.ovs_idl.vlog [None req-981db49f-b1f5-44ea-97b1-c58fec102e02 None None] ssl:199.204.45.138:6641: connecting...
Jun 26 06:23:34.149594 np0000183140 neutron-rpc-server[104964]: DEBUG cotyledon.oslo_config_glue [-] profiler_jaeger.process_tags = {} {{(pid=104964) log_opt_values /opt/stack/data/venv/lib/python3.12/site-packages/oslo_config/cfg.py:3253}}
Jun 26 06:23:34.149594 np0000183140 neutron-rpc-server[104964]: DEBUG cotyledon.oslo_config_glue [-] profiler_jaeger.service_name_prefix = None {{(pid=104964) log_opt_values /opt/stack/data/venv/lib/python3.12/site-packages/oslo_config/cfg.py:3253}}
Jun 26 06:23:34.149594 np0000183140 neutron-rpc-server[104964]: DEBUG cotyledon.oslo_config_glue [-] profiler_otlp.service_name_prefix = None {{(pid=104964) log_opt_values /opt/stack/data/venv/lib/python3.12/site-packages/oslo_config/cfg.py:3253}}
Jun 26 06:23:34.149594 np0000183140 neutron-rpc-server[104964]: DEBUG cotyledon.oslo_config_glue [-] oslo_messaging_metrics.metrics_buffer_size = 1000 {{(pid=104964) log_opt_values /opt/stack/data/venv/lib/python3.12/site-packages/oslo_config/cfg.py:3253}}
Jun 26 06:23:34.149594 np0000183140 neutron-rpc-server[104964]: DEBUG cotyledon.oslo_config_glue [-] oslo_messaging_metrics.metrics_enabled = False {{(pid=104964) log_opt_values /opt/stack/data/venv/lib/python3.12/site-packages/oslo_config/cfg.py:3253}}
Jun 26 06:23:34.149594 np0000183140 neutron-rpc-server[104964]: DEBUG cotyledon.oslo_config_glue [-] oslo_messaging_metrics.metrics_process_name = {{(pid=104964) log_opt_values /opt/stack/data/venv/lib/python3.12/site-packages/oslo_config/cfg.py:3253}}
Jun 26 06:23:34.149594 np0000183140 neutron-rpc-server[104964]: DEBUG cotyledon.oslo_config_glue [-] oslo_messaging_metrics.metrics_socket_file = /var/tmp/metrics_collector.sock {{(pid=104964) log_opt_values /opt/stack/data/venv/lib/python3.12/site-packages/oslo_config/cfg.py:3253}}
Jun 26 06:23:34.149594 np0000183140 neutron-rpc-server[104964]: DEBUG cotyledon.oslo_config_glue [-] oslo_messaging_metrics.metrics_thread_stop_timeout = 10 {{(pid=104964) log_opt_values /opt/stack/data/venv/lib/python3.12/site-packages/oslo_config/cfg.py:3253}}
Jun 26 06:23:34.149594 np0000183140 neutron-rpc-server[104964]: DEBUG cotyledon.oslo_config_glue [-] oslo_policy.enforce_new_defaults = True {{(pid=104964) log_opt_values /opt/stack/data/venv/lib/python3.12/site-packages/oslo_config/cfg.py:3253}}
Jun 26 06:23:34.150337 np0000183140 neutron-rpc-server[104964]: DEBUG cotyledon.oslo_config_glue [-] oslo_policy.enforce_scope = True {{(pid=104964) log_opt_values /opt/stack/data/venv/lib/python3.12/site-packages/oslo_config/cfg.py:3253}}
Jun 26 06:23:34.150337 np0000183140 neutron-rpc-server[104964]: DEBUG cotyledon.oslo_config_glue [-] oslo_policy.policy_default_rule = default {{(pid=104964) log_opt_values /opt/stack/data/venv/lib/python3.12/site-packages/oslo_config/cfg.py:3253}}
Jun 26 06:23:34.150337 np0000183140 neutron-rpc-server[104964]: DEBUG cotyledon.oslo_config_glue [-] oslo_policy.policy_dirs = ['policy.d'] {{(pid=104964) log_opt_values /opt/stack/data/venv/lib/python3.12/site-packages/oslo_config/cfg.py:3253}}
Jun 26 06:23:34.150337 np0000183140 neutron-rpc-server[104964]: DEBUG cotyledon.oslo_config_glue [-] oslo_policy.policy_file = /etc/neutron/policy.json {{(pid=104964) log_opt_values /opt/stack/data/venv/lib/python3.12/site-packages/oslo_config/cfg.py:3253}}
Jun 26 06:23:34.150337 np0000183140 neutron-rpc-server[104964]: DEBUG cotyledon.oslo_config_glue [-] oslo_policy.remote_content_type = application/x-www-form-urlencoded {{(pid=104964) log_opt_values /opt/stack/data/venv/lib/python3.12/site-packages/oslo_config/cfg.py:3253}}
Jun 26 06:23:34.150337 np0000183140 neutron-rpc-server[104964]: DEBUG cotyledon.oslo_config_glue [-] oslo_policy.remote_ssl_ca_crt_file = None {{(pid=104964) log_opt_values /opt/stack/data/venv/lib/python3.12/site-packages/oslo_config/cfg.py:3253}}
Jun 26 06:23:34.150337 np0000183140 neutron-rpc-server[104964]: DEBUG cotyledon.oslo_config_glue [-] oslo_policy.remote_ssl_client_crt_file = None {{(pid=104964) log_opt_values /opt/stack/data/venv/lib/python3.12/site-packages/oslo_config/cfg.py:3253}}
Jun 26 06:23:34.150337 np0000183140 neutron-rpc-server[104964]: DEBUG cotyledon.oslo_config_glue [-] oslo_policy.remote_ssl_client_key_file = None {{(pid=104964) log_opt_values /opt/stack/data/venv/lib/python3.12/site-packages/oslo_config/cfg.py:3253}}
Jun 26 06:23:34.150337 np0000183140 neutron-rpc-server[104964]: DEBUG cotyledon.oslo_config_glue [-] oslo_policy.remote_ssl_verify_server_crt = False {{(pid=104964) log_opt_values /opt/stack/data/venv/lib/python3.12/site-packages/oslo_config/cfg.py:3253}}
Jun 26 06:23:34.151006 np0000183140 neutron-rpc-server[104964]: DEBUG cotyledon.oslo_config_glue [-] oslo_policy.remote_timeout = 60.0 {{(pid=104964) log_opt_values /opt/stack/data/venv/lib/python3.12/site-packages/oslo_config/cfg.py:3253}}
Jun 26 06:23:34.151006 np0000183140 neutron-rpc-server[104964]: DEBUG cotyledon.oslo_config_glue [-] oslo_middleware.http_basic_auth_user_file = /etc/htpasswd {{(pid=104964) log_opt_values /opt/stack/data/venv/lib/python3.12/site-packages/oslo_config/cfg.py:3253}}
Jun 26 06:23:34.151006 np0000183140 neutron-rpc-server[104964]: DEBUG cotyledon.oslo_config_glue [-] service_providers.service_provider = [] {{(pid=104964) log_opt_values /opt/stack/data/venv/lib/python3.12/site-packages/oslo_config/cfg.py:3253}}
Jun 26 06:23:34.151006 np0000183140 neutron-rpc-server[104964]: DEBUG cotyledon.oslo_config_glue [-] nova.auth_section = None {{(pid=104964) log_opt_values /opt/stack/data/venv/lib/python3.12/site-packages/oslo_config/cfg.py:3253}}
Jun 26 06:23:34.151006 np0000183140 neutron-rpc-server[104964]: DEBUG cotyledon.oslo_config_glue [-] nova.auth_type = password {{(pid=104964) log_opt_values /opt/stack/data/venv/lib/python3.12/site-packages/oslo_config/cfg.py:3253}}
Jun 26 06:23:34.151006 np0000183140 neutron-rpc-server[104964]: DEBUG cotyledon.oslo_config_glue [-] nova.auth_url = https://199.204.45.138/identity {{(pid=104964) log_opt_values /opt/stack/data/venv/lib/python3.12/site-packages/oslo_config/cfg.py:3253}}
Jun 26 06:23:34.151006 np0000183140 neutron-rpc-server[104964]: DEBUG cotyledon.oslo_config_glue [-] nova.cafile = None {{(pid=104964) log_opt_values /opt/stack/data/venv/lib/python3.12/site-packages/oslo_config/cfg.py:3253}}
Jun 26 06:23:34.151006 np0000183140 neutron-rpc-server[104964]: DEBUG cotyledon.oslo_config_glue [-] nova.certfile = None {{(pid=104964) log_opt_values /opt/stack/data/venv/lib/python3.12/site-packages/oslo_config/cfg.py:3253}}
Jun 26 06:23:34.151006 np0000183140 neutron-rpc-server[104964]: DEBUG cotyledon.oslo_config_glue [-] nova.collect_timing = False {{(pid=104964) log_opt_values /opt/stack/data/venv/lib/python3.12/site-packages/oslo_config/cfg.py:3253}}
Jun 26 06:23:34.151781 np0000183140 neutron-rpc-server[104964]: DEBUG cotyledon.oslo_config_glue [-] nova.default_domain_id = None {{(pid=104964) log_opt_values /opt/stack/data/venv/lib/python3.12/site-packages/oslo_config/cfg.py:3253}}
Jun 26 06:23:34.151781 np0000183140 neutron-rpc-server[104964]: DEBUG cotyledon.oslo_config_glue [-] nova.default_domain_name = None {{(pid=104964) log_opt_values /opt/stack/data/venv/lib/python3.12/site-packages/oslo_config/cfg.py:3253}}
Jun 26 06:23:34.151781 np0000183140 neutron-rpc-server[104964]: DEBUG cotyledon.oslo_config_glue [-] nova.domain_id = None {{(pid=104964) log_opt_values /opt/stack/data/venv/lib/python3.12/site-packages/oslo_config/cfg.py:3253}}
Jun 26 06:23:34.151781 np0000183140 neutron-rpc-server[104964]: DEBUG cotyledon.oslo_config_glue [-] nova.domain_name = None {{(pid=104964) log_opt_values /opt/stack/data/venv/lib/python3.12/site-packages/oslo_config/cfg.py:3253}}
Jun 26 06:23:34.151781 np0000183140 neutron-rpc-server[104964]: DEBUG cotyledon.oslo_config_glue [-] nova.endpoint_type = public {{(pid=104964) log_opt_values /opt/stack/data/venv/lib/python3.12/site-packages/oslo_config/cfg.py:3253}}
Jun 26 06:23:34.152071 np0000183140 neutron-rpc-server[104916]: ERROR neutron.plugins.ml2.drivers.ovn.mech_driver.ovsdb.ovsdb_monitor [None req-885a4c25-24b7-48fd-b720-a55a9f9aa833 None None] The Neutron API workers count is zero: RuntimeError: The Neutron API workers count is zero
Jun 26 06:23:34.152071 np0000183140 neutron-rpc-server[104916]: ERROR neutron.plugins.ml2.drivers.ovn.mech_driver.ovsdb.ovsdb_monitor
Traceback (most recent call last):
Jun 26 06:23:34.152071 np0000183140 neutron-rpc-server[104916]: ERROR neutron.plugins.ml2.drivers.ovn.mech_driver.ovsdb.ovsdb_monitor
File "/opt/stack/neutron/neutron/plugins/ml2/drivers/ovn/mech_driver/ovsdb/ovsdb_monitor.py", line 989, in notify
Jun 26 06:23:34.152071 np0000183140 neutron-rpc-server[104916]: ERROR neutron.plugins.ml2.drivers.ovn.mech_driver.ovsdb.ovsdb_monitor target_node, node_last_touch = self._hash_ring.get_node(
Jun 26 06:23:34.152071 np0000183140 neutron-rpc-server[104916]: ERROR neutron.plugins.ml2.drivers.ovn.mech_driver.ovsdb.ovsdb_monitor ^^^^^^^^^^^^^^^^^^^^^^^^^
Jun 26 06:23:34.152071 np0000183140 neutron-rpc-server[104916]: ERROR neutron.plugins.ml2.drivers.ovn.mech_driver.ovsdb.ovsdb_monitor
File "/opt/stack/neutron/neutron/common/ovn/hash_ring_manager.py", line 117, in get_node
Jun 26 06:23:34.152071 np0000183140 neutron-rpc-server[104916]: ERROR neutron.plugins.ml2.drivers.ovn.mech_driver.ovsdb.ovsdb_monitor self._load_hash_ring()
Jun 26 06:23:34.152071 np0000183140 neutron-rpc-server[104916]: ERROR neutron.plugins.ml2.drivers.ovn.mech_driver.ovsdb.ovsdb_monitor
File "/opt/stack/neutron/neutron/common/ovn/hash_ring_manager.py", line 95, in _load_hash_ring
Jun 26 06:23:34.152071 np0000183140 neutron-rpc-server[104916]: ERROR neutron.plugins.ml2.drivers.ovn.mech_driver.ovsdb.ovsdb_monitor self._wait_startup_before_caching or
Jun 26 06:23:34.152071 np0000183140 neutron-rpc-server[104916]: ERROR neutron.plugins.ml2.drivers.ovn.mech_driver.ovsdb.ovsdb_monitor ^^^^^^^^^^^^^^^^^^^^^^^^^^^^^^^^^
Jun 26 06:23:34.152071 np0000183140 neutron-rpc-server[104916]: ERROR neutron.plugins.ml2.drivers.ovn.mech_driver.ovsdb.ovsdb_monitor
File "/opt/stack/neutron/neutron/common/ovn/hash_ring_manager.py", line 63, in _wait_startup_before_caching
Jun 26 06:23:34.152071 np0000183140 neutron-rpc-server[104916]: ERROR neutron.plugins.ml2.drivers.ovn.mech_driver.ovsdb.ovsdb_monitor raise RuntimeError(msg)
Jun 26 06:23:34.152071 np0000183140 neutron-rpc-server[104916]: ERROR neutron.plugins.ml2.drivers.ovn.mech_driver.ovsdb.ovsdb_monitor RuntimeError: The Neutron API workers count is zero
Jun 26 06:23:34.152572 np0000183140 neutron-rpc-server[104916]: ERROR neutron.plugins.ml2.drivers.ovn.mech_driver.ovsdb.ovsdb_monitor
Jun 26 06:23:34.152764 np0000183140 neutron-rpc-server[104964]: DEBUG cotyledon.oslo_config_glue [-] nova.insecure = False {{(pid=104964) log_opt_values /opt/stack/data/venv/lib/python3.12/site-packages/oslo_config/cfg.py:3253}}
Jun 26 06:23:34.152764 np0000183140 neutron-rpc-server[104964]: DEBUG cotyledon.oslo_config_glue [-] nova.keyfile = None {{(pid=104964) log_opt_values /opt/stack/data/venv/lib/python3.12/site-packages/oslo_config/cfg.py:3253}}
Jun 26 06:23:34.152764 np0000183140 neutron-rpc-server[104964]: DEBUG cotyledon.oslo_config_glue [-] nova.password = **** {{(pid=104964) log_opt_values /opt/stack/data/venv/lib/python3.12/site-packages/oslo_config/cfg.py:3253}}
Jun 26 06:23:34.152764 np0000183140 neutron-rpc-server[104964]: DEBUG cotyledon.oslo_config_glue [-] nova.project_domain_id = None {{(pid=104964) log_opt_values /opt/stack/data/venv/lib/python3.12/site-packages/oslo_config/cfg.py:3253}}
Jun 26 06:23:34.153026 np0000183140 neutron-rpc-server[104916]: ERROR neutron.common.ovn.hash_ring_manager [None req-885a4c25-24b7-48fd-b720-a55a9f9aa833 None None] The Neutron API workers count is zero
Jun 26 06:23:34.153180 np0000183140 neutron-rpc-server[104964]: DEBUG cotyledon.oslo_config_glue [-] nova.project_domain_name = Default {{(pid=104964) log_opt_values /opt/stack/data/venv/lib/python3.12/site-packages/oslo_config/cfg.py:3253}}
Jun 26 06:23:34.153180 np0000183140 neutron-rpc-server[104964]: DEBUG cotyledon.oslo_config_glue [-] nova.project_id = None {{(pid=104964) log_opt_values /opt/stack/data/venv/lib/python3.12/site-packages/oslo_config/cfg.py:3253}}
Jun 26 06:23:34.153180 np0000183140 neutron-rpc-server[104964]: DEBUG cotyledon.oslo_config_glue [-] nova.project_name = service {{(pid=104964) log_opt_values /opt/stack/data/venv/lib/python3.12/site-packages/oslo_config/cfg.py:3253}}
Jun 26 06:23:34.153180 np0000183140 neutron-rpc-server[104964]: DEBUG cotyledon.oslo_config_glue [-] nova.region_name = RegionOne {{(pid=104964) log_opt_values /opt/stack/data/venv/lib/python3.12/site-packages/oslo_config/cfg.py:3253}}
Jun 26 06:23:34.153180 np0000183140 neutron-rpc-server[104964]: DEBUG cotyledon.oslo_config_glue [-] nova.split_loggers = False {{(pid=104964) log_opt_values /opt/stack/data/venv/lib/python3.12/site-packages/oslo_config/cfg.py:3253}}
Jun 26 06:23:34.153180 np0000183140 neutron-rpc-server[104964]: DEBUG cotyledon.oslo_config_glue [-] nova.system_scope = None {{(pid=104964) log_opt_values /opt/stack/data/venv/lib/python3.12/site-packages/oslo_config/cfg.py:3253}}
Jun 26 06:23:34.153180 np0000183140 neutron-rpc-server[104964]: DEBUG cotyledon.oslo_config_glue [-] nova.timeout = None {{(pid=104964) log_opt_values /opt/stack/data/venv/lib/python3.12/site-packages/oslo_config/cfg.py:3253}}
Jun 26 06:23:34.153180 np0000183140 neutron-rpc-server[104964]: DEBUG cotyledon.oslo_config_glue [-] nova.trust_id = None {{(pid=104964) log_opt_values /opt/stack/data/venv/lib/python3.12/site-packages/oslo_config/cfg.py:3253}}
Jun 26 06:23:34.153526 np0000183140 neutron-rpc-server[104916]: ERROR neutron.plugins.ml2.drivers.ovn.mech_driver.ovsdb.ovsdb_monitor [None req-885a4c25-24b7-48fd-b720-a55a9f9aa833 None None] The Neutron API workers count is zero: RuntimeError: The Neutron API workers count is zero
Jun 26 06:23:34.153526 np0000183140 neutron-rpc-server[104916]: ERROR neutron.plugins.ml2.drivers.ovn.mech_driver.ovsdb.ovsdb_monitor
Traceback (most recent call last):
Jun 26 06:23:34.153526 np0000183140 neutron-rpc-server[104916]: ERROR neutron.plugins.ml2.drivers.ovn.mech_driver.ovsdb.ovsdb_monitor
File "/opt/stack/neutron/neutron/plugins/ml2/drivers/ovn/mech_driver/ovsdb/ovsdb_monitor.py", line 989, in notify
Jun 26 06:23:34.153526 np0000183140 neutron-rpc-server[104916]: ERROR neutron.plugins.ml2.drivers.ovn.mech_driver.ovsdb.ovsdb_monitor target_node, node_last_touch = self._hash_ring.get_node(
Jun 26 06:23:34.153526 np0000183140 neutron-rpc-server[104916]: ERROR neutron.plugins.ml2.drivers.ovn.mech_driver.ovsdb.ovsdb_monitor ^^^^^^^^^^^^^^^^^^^^^^^^^
Jun 26 06:23:34.153526 np0000183140 neutron-rpc-server[104916]: ERROR neutron.plugins.ml2.drivers.ovn.mech_driver.ovsdb.ovsdb_monitor
File "/opt/stack/neutron/neutron/common/ovn/hash_ring_manager.py", line 117, in get_node
Jun 26 06:23:34.153526 np0000183140 neutron-rpc-server[104916]: ERROR neutron.plugins.ml2.drivers.ovn.mech_driver.ovsdb.ovsdb_monitor self._load_hash_ring()
Jun 26 06:23:34.153526 np0000183140 neutron-rpc-server[104916]: ERROR neutron.plugins.ml2.drivers.ovn.mech_driver.ovsdb.ovsdb_monitor
File "/opt/stack/neutron/neutron/common/ovn/hash_ring_manager.py", line 95, in _load_hash_ring
Jun 26 06:23:34.153526 np0000183140 neutron-rpc-server[104916]: ERROR neutron.plugins.ml2.drivers.ovn.mech_driver.ovsdb.ovsdb_monitor self._wait_startup_before_caching or
Jun 26 06:23:34.153526 np0000183140 neutron-rpc-server[104916]: ERROR neutron.plugins.ml2.drivers.ovn.mech_driver.ovsdb.ovsdb_monitor ^^^^^^^^^^^^^^^^^^^^^^^^^^^^^^^^^
Jun 26 06:23:34.153526 np0000183140 neutron-rpc-server[104916]: ERROR neutron.plugins.ml2.drivers.ovn.mech_driver.ovsdb.ovsdb_monitor
File "/opt/stack/neutron/neutron/common/ovn/hash_ring_manager.py", line 63, in _wait_startup_before_caching
Jun 26 06:23:34.153526 np0000183140 neutron-rpc-server[104916]: ERROR neutron.plugins.ml2.drivers.ovn.mech_driver.ovsdb.ovsdb_monitor raise RuntimeError(msg)
Jun 26 06:23:34.153526 np0000183140 neutron-rpc-server[104916]: ERROR neutron.plugins.ml2.drivers.ovn.mech_driver.ovsdb.ovsdb_monitor RuntimeError: The Neutron API workers count is zero
