2026-04-07 01:29:07.870 7 INFO placement.requestlog [req-1247faf4-3155-44ba-baa9-1673593988d8 req-be348ff9-1bc3-47da-b2a3-819271543c68 2e9eccc42c994e2ca07a685b95a14e9f cf940c5aa7a941789ae59fea51ccbe2c - - f7899d2964574a58abc387e262caeb74 f7899d2964574a58abc387e262caeb74] 199.204.45.77 "GET /allocations/53c98d43-1725-41f5-b5b4-758df2b3480e" status: 200 len: 258 microversion: 1.28 [pid: 7|app: 0|req: 562/1128] 199.204.45.77 () {34 vars in 861 bytes} [Tue Apr 7 01:29:07 2026] GET /allocations/53c98d43-1725-41f5-b5b4-758df2b3480e => generated 258 bytes in 11 msecs (HTTP/1.1 200) 8 headers in 296 bytes (1 switches on core 0)
2026-04-07 01:29:13.385 7 INFO placement.requestlog [None req-301b8220-76f2-4b1b-9f0d-8c9515da4f04 - - - - - -] 10.0.0.215 "GET /" status: 200 len: 136 microversion: 1.0
2026-04-07 01:29:13.385 8 INFO placement.requestlog [None req-c5249275-70c0-4337-ab26-e63c776711d5 - - - - - -] 10.0.0.215 "GET /" status: 200 len: 136 microversion: 1.0
2026-04-07 01:29:23.384 7 INFO placement.requestlog [None req-00c41ba8-304e-42b1-ab86-8906dbc90c70 - - - - - -] 10.0.0.215 "GET /" status: 200 len: 136 microversion: 1.0
2026-04-07 01:29:23.385 8 INFO placement.requestlog [None req-746b2260-9f29-4dac-b2b9-7d50cadf3b56 - - - - - -] 10.0.0.215 "GET /" status: 200 len: 136 microversion: 1.0
2026-04-07 01:29:30.020 7 INFO placement.requestlog [req-9eb5386a-1220-4e4a-acdc-b8c2578817eb req-23deec80-b62f-4671-965a-2cbc7fdbdf50 2e9eccc42c994e2ca07a685b95a14e9f cf940c5aa7a941789ae59fea51ccbe2c - - f7899d2964574a58abc387e262caeb74 f7899d2964574a58abc387e262caeb74] 10.0.0.53 "GET /allocation_candidates?limit=1000&resources=MEMORY_MB%3A2048%2CVCPU%3A2&root_required=%21COMPUTE_STATUS_DISABLED" status: 200 len: 2771 microversion: 1.36 [pid: 7|app: 0|req: 565/1133] 10.0.0.53 () {34 vars in 984 bytes} [Tue Apr 7 01:29:29 2026] GET /allocation_candidates?limit=1000&resources=MEMORY_MB%3A2048%2CVCPU%3A2&root_required=%21COMPUTE_STATUS_DISABLED => generated 2771 bytes in 43 msecs (HTTP/1.1 200) 8 headers in 297 bytes (1 switches on core 0)
2026-04-07 01:29:30.063 8 INFO placement.requestlog [req-9eb5386a-1220-4e4a-acdc-b8c2578817eb req-225e0edb-805f-47b5-8b56-482489ea33a9 2e9eccc42c994e2ca07a685b95a14e9f cf940c5aa7a941789ae59fea51ccbe2c - - f7899d2964574a58abc387e262caeb74 f7899d2964574a58abc387e262caeb74] 10.0.0.53 "GET /allocations/c05718b5-f5a4-4860-85ad-45126dbf0ccf" status: 200 len: 19 microversion: 1.28 [pid: 8|app: 0|req: 569/1134] 10.0.0.53 () {34 vars in 859 bytes} [Tue Apr 7 01:29:30 2026] GET /allocations/c05718b5-f5a4-4860-85ad-45126dbf0ccf => generated 19 bytes in 23 msecs (HTTP/1.1 200) 8 headers in 295 bytes (1 switches on core 0)
2026-04-07 01:29:30.124 7 INFO placement.requestlog [req-9eb5386a-1220-4e4a-acdc-b8c2578817eb req-62dffdc4-ba0b-4a9b-9997-150d556dfa21 2e9eccc42c994e2ca07a685b95a14e9f cf940c5aa7a941789ae59fea51ccbe2c - - f7899d2964574a58abc387e262caeb74 f7899d2964574a58abc387e262caeb74] 10.0.0.53 "PUT /allocations/c05718b5-f5a4-4860-85ad-45126dbf0ccf" status: 204 len: 0 microversion: 1.36 [pid: 7|app: 0|req: 566/1135] 10.0.0.53 () {38 vars in 912 bytes} [Tue Apr 7 01:29:30 2026] PUT /allocations/c05718b5-f5a4-4860-85ad-45126dbf0ccf => generated 0 bytes in 54 msecs (HTTP/1.1 204) 5 headers in 199 bytes (1 switches on core 0)
2026-04-07 01:29:31.629 8 INFO placement.requestlog [req-9eb5386a-1220-4e4a-acdc-b8c2578817eb req-04b8a4b1-bd94-4a28-8c57-354cd9d28946 2e9eccc42c994e2ca07a685b95a14e9f cf940c5aa7a941789ae59fea51ccbe2c - - f7899d2964574a58abc387e262caeb74 f7899d2964574a58abc387e262caeb74] 199.204.45.77 "GET /allocations/c05718b5-f5a4-4860-85ad-45126dbf0ccf" status: 200 len: 245 microversion: 1.28 [pid: 8|app: 0|req: 570/1136] 199.204.45.77 () {34 vars in 861 bytes} [Tue Apr 7 01:29:31 2026] GET /allocations/c05718b5-f5a4-4860-85ad-45126dbf0ccf => generated 245 bytes in 13 msecs (HTTP/1.1 200) 8 headers in 296 bytes (1 switches on core 0)
2026-04-07 01:29:32.678 7 INFO placement.requestlog [req-9eb5386a-1220-4e4a-acdc-b8c2578817eb req-85651780-297b-4d7e-a670-63d98a1849f1 2e9eccc42c994e2ca07a685b95a14e9f cf940c5aa7a941789ae59fea51ccbe2c - - f7899d2964574a58abc387e262caeb74 f7899d2964574a58abc387e262caeb74] 199.204.45.77 "GET /resource_providers/33b4f43f-56ea-43c5-9f9b-7315187e1cc9/allocations" status: 200 len: 340 microversion: 1.0 [pid: 7|app: 0|req: 567/1137] 199.204.45.77 () {32 vars in 855 bytes} [Tue Apr 7 01:29:32 2026] GET /resource_providers/33b4f43f-56ea-43c5-9f9b-7315187e1cc9/allocations => generated 340 bytes in 21 msecs (HTTP/1.1 200) 6 headers in 224 bytes (1 switches on core 0)
2026-04-07 01:29:32.695 8 INFO placement.requestlog [req-9eb5386a-1220-4e4a-acdc-b8c2578817eb req-adb032db-de95-491b-9284-ca2d141917aa 2e9eccc42c994e2ca07a685b95a14e9f cf940c5aa7a941789ae59fea51ccbe2c - - f7899d2964574a58abc387e262caeb74 f7899d2964574a58abc387e262caeb74] 199.204.45.77 "GET /allocations/55a01e67-77c0-442f-ba7d-a3d387180364" status: 200 len: 258 microversion: 1.28 [pid: 8|app: 0|req: 571/1138] 199.204.45.77 () {34 vars in 861 bytes} [Tue Apr 7 01:29:32 2026] GET /allocations/55a01e67-77c0-442f-ba7d-a3d387180364 => generated 258 bytes in 10 msecs (HTTP/1.1 200) 8 headers in 296 bytes (1 switches on core 0)
2026-04-07 01:29:32.718 7 INFO placement.requestlog [req-9eb5386a-1220-4e4a-acdc-b8c2578817eb req-c301c4ba-884b-4f1e-bf8c-227bc38426a8 2e9eccc42c994e2ca07a685b95a14e9f cf940c5aa7a941789ae59fea51ccbe2c - - f7899d2964574a58abc387e262caeb74 f7899d2964574a58abc387e262caeb74] 199.204.45.77 "GET /allocations/c05718b5-f5a4-4860-85ad-45126dbf0ccf" status: 200 len: 245 microversion: 1.28 [pid: 7|app: 0|req: 568/1139] 199.204.45.77 () {34 vars in 861 bytes} [Tue Apr 7 01:29:32 2026] GET /allocations/c05718b5-f5a4-4860-85ad-45126dbf0ccf => generated 245 bytes in 19 msecs (HTTP/1.1 200) 8 headers in 296 bytes (1 switches on core 0)
2026-04-07 01:29:32.754 8 INFO placement.requestlog [req-9eb5386a-1220-4e4a-acdc-b8c2578817eb req-a42fe706-5f04-4005-a1b2-5e37f9fac28c 2e9eccc42c994e2ca07a685b95a14e9f cf940c5aa7a941789ae59fea51ccbe2c - - f7899d2964574a58abc387e262caeb74 f7899d2964574a58abc387e262caeb74] 199.204.45.77 "GET /allocations/53c98d43-1725-41f5-b5b4-758df2b3480e" status: 200 len: 258 microversion: 1.28 [pid: 8|app: 0|req: 572/1140] 199.204.45.77 () {34 vars in 861 bytes} [Tue Apr 7 01:29:32 2026] GET /allocations/53c98d43-1725-41f5-b5b4-758df2b3480e => generated 258 bytes in 30 msecs (HTTP/1.1 200) 8 headers in 296 bytes (1 switches on core 0)
2026-04-07 01:29:33.385 7 INFO placement.requestlog [None req-d3dfa350-b3fa-4c3a-b37c-7249fe5d4942 - - - - - -] 10.0.0.215 "GET /" status: 200 len: 136 microversion: 1.0
2026-04-07 01:29:33.386 8 INFO placement.requestlog [None req-4b33563c-7538-4379-a198-119e18ecd3e0 - - - - - -] 10.0.0.215 "GET /" status: 200 len: 136 microversion: 1.0
2026-04-07 01:29:43.384 8 INFO placement.requestlog [None req-02a54ec3-f8e0-41a2-ab95-12780ec3f962 - - - - - -] 10.0.0.215 "GET /" status: 200 len: 136 microversion: 1.0
2026-04-07 01:29:43.384 7 INFO placement.requestlog [None req-a20093a9-c47f-4c2b-83bf-d8bc63458e2d - - - - - -] 10.0.0.215 "GET /" status: 200 len: 136 microversion: 1.0
2026-04-07 01:29:53.384 8 INFO placement.requestlog [None req-5944840c-204a-4d70-9c50-f42abb82e13f - - - - - -] 10.0.0.215 "GET /" status: 200 len: 136 microversion: 1.0
2026-04-07 01:29:53.385 7 INFO placement.requestlog [None req-6b757bce-3b37-49a0-b4e6-5b045717ad4d - - - - - -] 10.0.0.215 "GET /" status: 200 len: 136 microversion: 1.0
2026-04-07 01:30:03.384 8 INFO placement.requestlog [None req-faa6dbf1-fb14-454c-b1fb-4dc9f1b26a21 - - - - - -] 10.0.0.215 "GET /" status: 200 len: 136 microversion: 1.0
2026-04-07 01:30:03.385 7 INFO placement.requestlog [None req-0e661c09-fb7e-4970-a6bf-779748039cc9 - - - - - -] 10.0.0.215 "GET /" status: 200 len: 136 microversion: 1.0
2026-04-07 01:30:08.986 8 INFO placement.requestlog [req-2fee100a-9aad-4f53-b14e-e19aad844523 req-ebecc7f9-908c-4938-a6d9-a6a7f0c777b3 2e9eccc42c994e2ca07a685b95a14e9f cf940c5aa7a941789ae59fea51ccbe2c - - f7899d2964574a58abc387e262caeb74 f7899d2964574a58abc387e262caeb74] 199.204.45.77 "GET /resource_providers/33b4f43f-56ea-43c5-9f9b-7315187e1cc9/allocations" status: 200 len: 340 microversion: 1.0 [pid: 8|app: 0|req: 577/1149] 199.204.45.77 () {32 vars in 855 bytes} [Tue Apr 7 01:30:08 2026] GET /resource_providers/33b4f43f-56ea-43c5-9f9b-7315187e1cc9/allocations => generated 340 bytes in 24 msecs (HTTP/1.1 200) 6 headers in 224 bytes (1 switches on core 0)
2026-04-07 01:30:09.012 7 INFO placement.requestlog [req-2fee100a-9aad-4f53-b14e-e19aad844523 req-2646168c-fe9d-41fb-8fcf-eeb6680831d1 2e9eccc42c994e2ca07a685b95a14e9f cf940c5aa7a941789ae59fea51ccbe2c - - f7899d2964574a58abc387e262caeb74 f7899d2964574a58abc387e262caeb74] 199.204.45.77 "GET /resource_providers/33b4f43f-56ea-43c5-9f9b-7315187e1cc9/allocations" status: 200 len: 340 microversion: 1.0 [pid: 7|app: 0|req: 573/1150] 199.204.45.77 () {32 vars in 855 bytes} [Tue Apr 7 01:30:08 2026] GET /resource_providers/33b4f43f-56ea-43c5-9f9b-7315187e1cc9/allocations => generated 340 bytes in 21 msecs (HTTP/1.1 200) 6 headers in 224 bytes (1 switches on core 0)
2026-04-07 01:30:09.037 8 INFO placement.requestlog [req-2fee100a-9aad-4f53-b14e-e19aad844523 req-1b9459bc-1278-452f-b978-3a0d76270de3 2e9eccc42c994e2ca07a685b95a14e9f cf940c5aa7a941789ae59fea51ccbe2c - - f7899d2964574a58abc387e262caeb74 f7899d2964574a58abc387e262caeb74] 199.204.45.77 "GET /allocations/55a01e67-77c0-442f-ba7d-a3d387180364" status: 200 len: 258 microversion: 1.28 [pid: 8|app: 0|req: 578/1151] 199.204.45.77 () {34 vars in 861 bytes} [Tue Apr 7 01:30:09 2026] GET /allocations/55a01e67-77c0-442f-ba7d-a3d387180364 => generated 258 bytes in 15 msecs (HTTP/1.1 200) 8 headers in 296 bytes (1 switches on core 0)
2026-04-07 01:30:09.056 7 INFO placement.requestlog [req-2fee100a-9aad-4f53-b14e-e19aad844523 req-1cb31fd5-5b40-487d-8d55-63053c599c39 2e9eccc42c994e2ca07a685b95a14e9f cf940c5aa7a941789ae59fea51ccbe2c - - f7899d2964574a58abc387e262caeb74 f7899d2964574a58abc387e262caeb74] 199.204.45.77 "GET /allocations/c05718b5-f5a4-4860-85ad-45126dbf0ccf" status: 200 len: 245 microversion: 1.28 [pid: 7|app: 0|req: 574/1152] 199.204.45.77 () {34 vars in 861 bytes} [Tue Apr 7 01:30:09 2026] GET /allocations/c05718b5-f5a4-4860-85ad-45126dbf0ccf => generated 245 bytes in 12 msecs (HTTP/1.1 200) 8 headers in 296 bytes (1 switches on core 0)
2026-04-07 01:30:09.080 8 INFO placement.requestlog [req-2fee100a-9aad-4f53-b14e-e19aad844523 req-e6ac496e-cabc-4952-a6e6-318d04850797 2e9eccc42c994e2ca07a685b95a14e9f cf940c5aa7a941789ae59fea51ccbe2c - - f7899d2964574a58abc387e262caeb74 f7899d2964574a58abc387e262caeb74] 199.204.45.77 "GET /allocations/53c98d43-1725-41f5-b5b4-758df2b3480e" status: 200 len: 258 microversion: 1.28 [pid: 8|app: 0|req: 579/1153] 199.204.45.77 () {34 vars in 861 bytes} [Tue Apr 7 01:30:09 2026] GET /allocations/53c98d43-1725-41f5-b5b4-758df2b3480e => generated 258 bytes in 17 msecs (HTTP/1.1 200) 8 headers in 296 bytes (1 switches on core 0)
2026-04-07 01:30:13.384 7 INFO placement.requestlog [None req-a044c3e4-5481-4fab-97f4-e44de22cfaff - - - - - -] 10.0.0.215 "GET /" status: 200 len: 136 microversion: 1.0
2026-04-07 01:30:13.384 8 INFO placement.requestlog [None req-7d2be002-7515-4346-8217-1c70814aa25e - - - - - -] 10.0.0.215 "GET /" status: 200 len: 136 microversion: 1.0
2026-04-07 01:30:23.385 7 INFO placement.requestlog [None req-45302264-dc68-4070-a8ec-8eccb7e5daae - - - - - -] 10.0.0.215 "GET /" status: 200 len: 136 microversion: 1.0
2026-04-07 01:30:23.385 8 INFO placement.requestlog [None req-6bffc898-6f07-473c-8d1c-85d3734cfbe5 - - - - - -] 10.0.0.215 "GET /" status: 200 len: 136 microversion: 1.0
2026-04-07 01:30:33.384 8 INFO placement.requestlog [None req-019ffdbc-517f-4c00-ba2b-a2ab1925f3f7 - - - - - -] 10.0.0.215 "GET /" status: 200 len: 136 microversion: 1.0
2026-04-07 01:30:33.384 7 INFO placement.requestlog [None req-95d181d4-f197-431e-81ab-11bb384369f1 - - - - - -] 10.0.0.215 "GET /" status: 200 len: 136 microversion: 1.0
2026-04-07 01:30:43.383 7 INFO placement.requestlog [None req-4b95181f-5a9f-4990-953a-5a56b5fed2c1 - - - - - -] 10.0.0.215 "GET /" status: 200 len: 136 microversion: 1.0
2026-04-07 01:30:43.383 8 INFO placement.requestlog [None req-0671d0b8-8c45-4917-8ab3-fb11a18ad9b9 - - - - - -] 10.0.0.215 "GET /" status: 200 len: 136 microversion: 1.0
2026-04-07 01:30:53.384 7 INFO placement.requestlog [None req-96e22b39-2b75-4bf3-9812-076b105bea64 - - - - - -] 10.0.0.215 "GET /" status: 200 len: 136 microversion: 1.0
2026-04-07 01:30:53.385 8 INFO placement.requestlog [None req-9d2e72e7-7ac4-43b4-a109-b4b321258b3a - - - - - -] 10.0.0.215 "GET /" status: 200 len: 136 microversion: 1.0
2026-04-07 01:31:03.383 7 INFO placement.requestlog [None req-08bf44f2-afc9-4314-b4d1-299d05ae6f46 - - - - - -] 10.0.0.215 "GET /" status: 200 len: 136 microversion: 1.0
2026-04-07 01:31:03.384 8 INFO placement.requestlog [None req-b0d303f0-144c-46cd-80bc-cac4961ebb2f - - - - - -] 10.0.0.215 "GET /" status: 200 len: 136 microversion: 1.0
2026-04-07 01:31:10.779 7 INFO placement.requestlog [req-b7106521-afe5-4bf0-965b-88a60eeaa805 req-d5791034-7e83-4f36-a955-838489117353 2e9eccc42c994e2ca07a685b95a14e9f cf940c5aa7a941789ae59fea51ccbe2c - - f7899d2964574a58abc387e262caeb74 f7899d2964574a58abc387e262caeb74] 199.204.45.77 "GET /resource_providers/33b4f43f-56ea-43c5-9f9b-7315187e1cc9/allocations" status: 200 len: 340 microversion: 1.0 [pid: 7|app: 0|req: 581/1166] 199.204.45.77 () {32 vars in 855 bytes} [Tue Apr 7 01:31:10 2026] GET /resource_providers/33b4f43f-56ea-43c5-9f9b-7315187e1cc9/allocations => generated 340 bytes in 96 msecs (HTTP/1.1 200) 6 headers in 224 bytes (1 switches on core 0)
2026-04-07 01:31:10.808 8 INFO placement.requestlog [req-b7106521-afe5-4bf0-965b-88a60eeaa805 req-45e5c3fc-01d4-4137-96b8-b1a6a6e9c0bc 2e9eccc42c994e2ca07a685b95a14e9f cf940c5aa7a941789ae59fea51ccbe2c - - f7899d2964574a58abc387e262caeb74 f7899d2964574a58abc387e262caeb74] 199.204.45.77 "GET /resource_providers?in_tree=33b4f43f-56ea-43c5-9f9b-7315187e1cc9" status: 200 len: 798 microversion: 1.14 [pid: 8|app: 0|req: 586/1167] 199.204.45.77 () {34 vars in 890 bytes} [Tue Apr 7 01:31:10 2026] GET /resource_providers?in_tree=33b4f43f-56ea-43c5-9f9b-7315187e1cc9 => generated 798 bytes in 21 msecs (HTTP/1.1 200) 6 headers in 225 bytes (1 switches on core 0)
2026-04-07 01:31:10.835 7 INFO placement.requestlog [req-b7106521-afe5-4bf0-965b-88a60eeaa805 req-f517352a-bfeb-4b66-943f-4ebeb63080d7 2e9eccc42c994e2ca07a685b95a14e9f cf940c5aa7a941789ae59fea51ccbe2c - - f7899d2964574a58abc387e262caeb74 f7899d2964574a58abc387e262caeb74] 199.204.45.77 "GET /resource_providers/33b4f43f-56ea-43c5-9f9b-7315187e1cc9/inventories" status: 200 len: 401 microversion: 1.0 [pid: 7|app: 0|req: 582/1168] 199.204.45.77 () {32 vars in 855 bytes} [Tue Apr 7 01:31:10 2026] GET /resource_providers/33b4f43f-56ea-43c5-9f9b-7315187e1cc9/inventories => generated 401 bytes in 19 msecs (HTTP/1.1 200) 6 headers in 224 bytes (1 switches on core 0)
2026-04-07 01:31:10.852 8 INFO placement.requestlog [req-b7106521-afe5-4bf0-965b-88a60eeaa805 req-aa555658-26c5-46b0-ac3d-af6d94c59db9 2e9eccc42c994e2ca07a685b95a14e9f cf940c5aa7a941789ae59fea51ccbe2c - - f7899d2964574a58abc387e262caeb74 f7899d2964574a58abc387e262caeb74] 199.204.45.77 "GET /resource_providers/33b4f43f-56ea-43c5-9f9b-7315187e1cc9/aggregates" status: 200 len: 54 microversion: 1.19 [pid: 8|app: 0|req: 587/1169] 199.204.45.77 () {34 vars in 897 bytes} [Tue Apr 7 01:31:10 2026] GET /resource_providers/33b4f43f-56ea-43c5-9f9b-7315187e1cc9/aggregates => generated 54 bytes in 10 msecs (HTTP/1.1 200) 8 headers in 295 bytes (1 switches on core 0)
2026-04-07 01:31:10.880 7 INFO placement.requestlog [req-b7106521-afe5-4bf0-965b-88a60eeaa805 req-bd4eb44d-f32d-419b-bb66-9c858804a6f8 2e9eccc42c994e2ca07a685b95a14e9f cf940c5aa7a941789ae59fea51ccbe2c - - f7899d2964574a58abc387e262caeb74 f7899d2964574a58abc387e262caeb74] 199.204.45.77 "GET /resource_providers/33b4f43f-56ea-43c5-9f9b-7315187e1cc9/traits" status: 200 len: 2317 microversion: 1.6 [pid: 7|app: 0|req: 583/1170] 199.204.45.77 () {34 vars in 888 bytes} [Tue Apr 7 01:31:10 2026] GET /resource_providers/33b4f43f-56ea-43c5-9f9b-7315187e1cc9/traits => generated 2317 bytes in 23 msecs (HTTP/1.1 200) 6 headers in 225 bytes (1 switches on core 0)
2026-04-07 01:31:10.905 8 INFO placement.requestlog [req-b7106521-afe5-4bf0-965b-88a60eeaa805 req-612ca5d9-9444-4e68-9916-b00e5b46a88c 2e9eccc42c994e2ca07a685b95a14e9f cf940c5aa7a941789ae59fea51ccbe2c - - f7899d2964574a58abc387e262caeb74 f7899d2964574a58abc387e262caeb74] 199.204.45.77 "GET /resource_providers/33b4f43f-56ea-43c5-9f9b-7315187e1cc9/allocations" status: 200 len: 340 microversion: 1.0 [pid: 8|app: 0|req: 588/1171] 199.204.45.77 () {32 vars in 855 bytes} [Tue Apr 7 01:31:10 2026] GET /resource_providers/33b4f43f-56ea-43c5-9f9b-7315187e1cc9/allocations => generated 340 bytes in 18 msecs (HTTP/1.1 200) 6 headers in 224 bytes (1 switches on core 0)
2026-04-07 01:31:10.926 7 INFO placement.requestlog [req-b7106521-afe5-4bf0-965b-88a60eeaa805 req-6e7d92bc-7e98-4817-82b7-b36385a81673 2e9eccc42c994e2ca07a685b95a14e9f cf940c5aa7a941789ae59fea51ccbe2c - - f7899d2964574a58abc387e262caeb74 f7899d2964574a58abc387e262caeb74] 199.204.45.77 "GET /allocations/55a01e67-77c0-442f-ba7d-a3d387180364" status: 200 len: 258 microversion: 1.28 [pid: 7|app: 0|req: 584/1172] 199.204.45.77 () {34 vars in 861 bytes} [Tue Apr 7 01:31:10 2026] GET /allocations/55a01e67-77c0-442f-ba7d-a3d387180364 => generated 258 bytes in 14 msecs (HTTP/1.1 200) 8 headers in 296 bytes (1 switches on core 0)
2026-04-07 01:31:10.945 8 INFO placement.requestlog [req-b7106521-afe5-4bf0-965b-88a60eeaa805 req-f23425ec-fb1e-4401-b89c-d9c925046e6f 2e9eccc42c994e2ca07a685b95a14e9f cf940c5aa7a941789ae59fea51ccbe2c - - f7899d2964574a58abc387e262caeb74 f7899d2964574a58abc387e262caeb74] 199.204.45.77 "GET /allocations/c05718b5-f5a4-4860-85ad-45126dbf0ccf" status: 200 len: 245 microversion: 1.28 [pid: 8|app: 0|req: 589/1173] 199.204.45.77 () {34 vars in 861 bytes} [Tue Apr 7 01:31:10 2026] GET /allocations/c05718b5-f5a4-4860-85ad-45126dbf0ccf => generated 245 bytes in 13 msecs (HTTP/1.1 200) 8 headers in 296 bytes (1 switches on core 0)
2026-04-07 01:31:10.966 7 INFO placement.requestlog [req-b7106521-afe5-4bf0-965b-88a60eeaa805 req-b2396e38-d1cc-4c70-a770-f86a49157143 2e9eccc42c994e2ca07a685b95a14e9f cf940c5aa7a941789ae59fea51ccbe2c - - f7899d2964574a58abc387e262caeb74 f7899d2964574a58abc387e262caeb74] 199.204.45.77 "GET /allocations/53c98d43-1725-41f5-b5b4-758df2b3480e" status: 200 len: 258 microversion: 1.28 [pid: 7|app: 0|req: 585/1174] 199.204.45.77 () {34 vars in 861 bytes} [Tue Apr 7 01:31:10 2026] GET /allocations/53c98d43-1725-41f5-b5b4-758df2b3480e => generated 258 bytes in 15 msecs (HTTP/1.1 200) 8 headers in 296 bytes (1 switches on core 0)
2026-04-07 01:31:13.384 7 INFO placement.requestlog [None req-93435237-95e4-4dfd-8874-c214f743e196 - - - - - -] 10.0.0.215 "GET /" status: 200 len: 136 microversion: 1.0
2026-04-07 01:31:13.384 8 INFO placement.requestlog [None req-ecfa7b70-1a54-4f9c-9e40-a1661e995329 - - - - - -] 10.0.0.215 "GET /" status: 200 len: 136 microversion: 1.0
2026-04-07 01:31:23.384 8 INFO placement.requestlog [None req-fe2d4773-23b9-43e5-8bfe-546a215b6431 - - - - - -] 10.0.0.215 "GET /" status: 200 len: 136 microversion: 1.0
2026-04-07 01:31:23.385 7 INFO placement.requestlog [None req-37222470-6018-4a63-a107-797264f889f1 - - - - - -] 10.0.0.215 "GET /" status: 200 len: 136 microversion: 1.0
2026-04-07 01:31:33.384 7 INFO placement.requestlog [None req-4b14d530-3c96-4904-aa6c-ba9a88a32a79 - - - - - -] 10.0.0.215 "GET /" status: 200 len: 136 microversion: 1.0
2026-04-07 01:31:33.384 8 INFO placement.requestlog [None req-a4df6b47-1462-4f0e-82d9-5c352a0820ec - - - - - -] 10.0.0.215 "GET /" status: 200 len: 136 microversion: 1.0
2026-04-07 01:31:43.384 7 INFO placement.requestlog [None req-d7576077-78fc-4b81-9717-cdb38d90076d - - - - - -] 10.0.0.215 "GET /" status: 200 len: 136 microversion: 1.0
2026-04-07 01:31:43.384 8 INFO placement.requestlog [None req-198a2474-651f-4368-99d6-cb85161e87c0 - - - - - -] 10.0.0.215 "GET /" status: 200 len: 136 microversion: 1.0
2026-04-07 01:31:53.384 7 INFO placement.requestlog [None req-841643fe-1b6f-4fe2-a81f-e9b172ca763d - - - - - -] 10.0.0.215 "GET /" status: 200 len: 136 microversion: 1.0
2026-04-07 01:31:53.385 8 INFO placement.requestlog [None req-4f15620b-b7ff-484d-94b7-23d267a45cba - - - - - -] 10.0.0.215 "GET /" status: 200 len: 136 microversion: 1.0
2026-04-07 01:32:03.384 7 INFO placement.requestlog [None req-93374e0a-c73c-41e7-a074-0d2b3a7683f6 - - - - - -] 10.0.0.215 "GET /" status: 200 len: 136 microversion: 1.0
2026-04-07 01:32:03.386 8 INFO placement.requestlog [None req-cb563eaa-1ead-4649-9569-4d93964f73b0 - - - - - -] 10.0.0.215 "GET /" status: 200 len: 136 microversion: 1.0
2026-04-07 01:32:11.813 7 INFO placement.requestlog [req-bc42bbe6-7e01-4b9a-a578-00780e9dbb22 req-9b0e6a75-f606-4104-b0a9-10f6cd152094 2e9eccc42c994e2ca07a685b95a14e9f cf940c5aa7a941789ae59fea51ccbe2c - - f7899d2964574a58abc387e262caeb74 f7899d2964574a58abc387e262caeb74] 199.204.45.77 "GET /resource_providers/33b4f43f-56ea-43c5-9f9b-7315187e1cc9/allocations" status: 200 len: 340 microversion: 1.0 [pid: 7|app: 0|req: 592/1187] 199.204.45.77 () {32 vars in 855 bytes} [Tue Apr 7 01:32:11 2026] GET /resource_providers/33b4f43f-56ea-43c5-9f9b-7315187e1cc9/allocations => generated 340 bytes in 16 msecs (HTTP/1.1 200) 6 headers in 224 bytes (1 switches on core 0)
2026-04-07 01:32:11.840 8 INFO placement.requestlog [req-bc42bbe6-7e01-4b9a-a578-00780e9dbb22 req-398c90f6-61dd-4e98-a363-9b1b9a6754a0 2e9eccc42c994e2ca07a685b95a14e9f cf940c5aa7a941789ae59fea51ccbe2c - - f7899d2964574a58abc387e262caeb74 f7899d2964574a58abc387e262caeb74] 199.204.45.77 "GET /resource_providers/33b4f43f-56ea-43c5-9f9b-7315187e1cc9/allocations" status: 200 len: 340 microversion: 1.0 [pid: 8|app: 0|req: 596/1188] 199.204.45.77 () {32 vars in 855 bytes} [Tue Apr 7 01:32:11 2026] GET /resource_providers/33b4f43f-56ea-43c5-9f9b-7315187e1cc9/allocations => generated 340 bytes in 20 msecs (HTTP/1.1 200) 6 headers in 224 bytes (1 switches on core 0)
2026-04-07 01:32:11.859 7 INFO placement.requestlog [req-bc42bbe6-7e01-4b9a-a578-00780e9dbb22 req-93b20e9c-0702-4ff7-a84b-130e4a55e4f5 2e9eccc42c994e2ca07a685b95a14e9f cf940c5aa7a941789ae59fea51ccbe2c - - f7899d2964574a58abc387e262caeb74 f7899d2964574a58abc387e262caeb74] 199.204.45.77 "GET /allocations/55a01e67-77c0-442f-ba7d-a3d387180364" status: 200 len: 258 microversion: 1.28 [pid: 7|app: 0|req: 593/1189] 199.204.45.77 () {34 vars in 861 bytes} [Tue Apr 7 01:32:11 2026] GET /allocations/55a01e67-77c0-442f-ba7d-a3d387180364 => generated 258 bytes in 13 msecs (HTTP/1.1 200) 8 headers in 296 bytes (1 switches on core 0)
2026-04-07 01:32:11.879 8 INFO placement.requestlog [req-bc42bbe6-7e01-4b9a-a578-00780e9dbb22 req-10142feb-a31c-450c-8fd1-e6b16da15069 2e9eccc42c994e2ca07a685b95a14e9f cf940c5aa7a941789ae59fea51ccbe2c - - f7899d2964574a58abc387e262caeb74 f7899d2964574a58abc387e262caeb74] 199.204.45.77 "GET /allocations/c05718b5-f5a4-4860-85ad-45126dbf0ccf" status: 200 len: 245 microversion: 1.28 [pid: 8|app: 0|req: 597/1190] 199.204.45.77 () {34 vars in 861 bytes} [Tue Apr 7 01:32:11 2026] GET /allocations/c05718b5-f5a4-4860-85ad-45126dbf0ccf => generated 245 bytes in 16 msecs (HTTP/1.1 200) 8 headers in 296 bytes (1 switches on core 0)
2026-04-07 01:32:11.901 7 INFO placement.requestlog [req-bc42bbe6-7e01-4b9a-a578-00780e9dbb22 req-ec04d5b9-0c4e-4725-a905-26280c5dc024 2e9eccc42c994e2ca07a685b95a14e9f cf940c5aa7a941789ae59fea51ccbe2c - - f7899d2964574a58abc387e262caeb74 f7899d2964574a58abc387e262caeb74] 199.204.45.77 "GET /allocations/53c98d43-1725-41f5-b5b4-758df2b3480e" status: 200 len: 258 microversion: 1.28 [pid: 7|app: 0|req: 594/1191] 199.204.45.77 () {34 vars in 861 bytes} [Tue Apr 7 01:32:11 2026] GET /allocations/53c98d43-1725-41f5-b5b4-758df2b3480e => generated 258 bytes in 14 msecs (HTTP/1.1 200) 8 headers in 296 bytes (1 switches on core 0)
2026-04-07 01:32:13.384 8 INFO placement.requestlog [None req-8b0f5bec-a01e-4cdb-b262-c9af68dc9720 - - - - - -] 10.0.0.215 "GET /" status: 200 len: 136 microversion: 1.0
2026-04-07 01:32:13.384 7 INFO placement.requestlog [None req-9179b3a8-5273-48ea-8b7b-2aac7ac57a14 - - - - - -] 10.0.0.215 "GET /" status: 200 len: 136 microversion: 1.0
2026-04-07 01:32:19.905 8 INFO placement.requestlog [req-c06c8def-0e43-47ec-a637-211272ed99f9 req-3320ce43-0f8c-4bce-93e9-f47a56c08d25 2e9eccc42c994e2ca07a685b95a14e9f cf940c5aa7a941789ae59fea51ccbe2c - - f7899d2964574a58abc387e262caeb74 f7899d2964574a58abc387e262caeb74] 199.204.45.77 "GET /resource_providers/33b4f43f-56ea-43c5-9f9b-7315187e1cc9/allocations" status: 200 len: 340 microversion: 1.0 [pid: 8|app: 0|req: 599/1194] 199.204.45.77 () {32 vars in 855 bytes} [Tue Apr 7 01:32:19 2026] GET /resource_providers/33b4f43f-56ea-43c5-9f9b-7315187e1cc9/allocations => generated 340 bytes in 17 msecs (HTTP/1.1 200) 6 headers in 224 bytes (1 switches on core 0)
2026-04-07 01:32:19.923 7 INFO placement.requestlog [req-c06c8def-0e43-47ec-a637-211272ed99f9 req-f9cec0ff-2299-4d25-8a9e-d9142f5e43d1 2e9eccc42c994e2ca07a685b95a14e9f cf940c5aa7a941789ae59fea51ccbe2c - - f7899d2964574a58abc387e262caeb74 f7899d2964574a58abc387e262caeb74] 199.204.45.77 "GET /allocations/55a01e67-77c0-442f-ba7d-a3d387180364" status: 200 len: 258 microversion: 1.28 [pid: 7|app: 0|req: 596/1195] 199.204.45.77 () {34 vars in 861 bytes} [Tue Apr 7 01:32:19 2026] GET /allocations/55a01e67-77c0-442f-ba7d-a3d387180364 => generated 258 bytes in 11 msecs (HTTP/1.1 200) 8 headers in 296 bytes (1 switches on core 0)
2026-04-07 01:32:19.937 8 INFO placement.requestlog [req-c06c8def-0e43-47ec-a637-211272ed99f9 req-a17a4e61-a6a9-4591-8cf2-db5b3d215948 2e9eccc42c994e2ca07a685b95a14e9f cf940c5aa7a941789ae59fea51ccbe2c - - f7899d2964574a58abc387e262caeb74 f7899d2964574a58abc387e262caeb74] 199.204.45.77 "GET /allocations/c05718b5-f5a4-4860-85ad-45126dbf0ccf" status: 200 len: 245 microversion: 1.28 [pid: 8|app: 0|req: 600/1196] 199.204.45.77 () {34 vars in 861 bytes} [Tue Apr 7 01:32:19 2026] GET /allocations/c05718b5-f5a4-4860-85ad-45126dbf0ccf => generated 245 bytes in 9 msecs (HTTP/1.1 200) 8 headers in 296 bytes (1 switches on core 0)
2026-04-07 01:32:19.955 7 INFO placement.requestlog [req-c06c8def-0e43-47ec-a637-211272ed99f9 req-f4eafb6f-de23-4ba1-8961-96f257e8b26f 2e9eccc42c994e2ca07a685b95a14e9f cf940c5aa7a941789ae59fea51ccbe2c - - f7899d2964574a58abc387e262caeb74 f7899d2964574a58abc387e262caeb74] 199.204.45.77 "GET /allocations/53c98d43-1725-41f5-b5b4-758df2b3480e" status: 200 len: 258 microversion: 1.28 [pid: 7|app: 0|req: 597/1197] 199.204.45.77 () {34 vars in 861 bytes} [Tue Apr 7 01:32:19 2026] GET /allocations/53c98d43-1725-41f5-b5b4-758df2b3480e => generated 258 bytes in 13 msecs (HTTP/1.1 200) 8 headers in 296 bytes (1 switches on core 0)
2026-04-07 01:32:21.021 8 INFO placement.requestlog [req-c06c8def-0e43-47ec-a637-211272ed99f9 req-159fcfd7-a479-48b1-84fb-ba93ea7ad785 2e9eccc42c994e2ca07a685b95a14e9f cf940c5aa7a941789ae59fea51ccbe2c - - f7899d2964574a58abc387e262caeb74 f7899d2964574a58abc387e262caeb74] 199.204.45.77 "DELETE /allocations/c05718b5-f5a4-4860-85ad-45126dbf0ccf" status: 204 len: 0 microversion: 1.0 [pid: 8|app: 0|req: 601/1198] 199.204.45.77 () {34 vars in 839 bytes} [Tue Apr 7 01:32:20 2026] DELETE /allocations/c05718b5-f5a4-4860-85ad-45126dbf0ccf => generated 0 bytes in 27 msecs (HTTP/1.1 204) 5 headers in 198 bytes (1 switches on core 0)
2026-04-07 01:32:23.157 7 INFO placement.requestlog [req-a86168c8-9ee3-4b3e-be36-ec376fa647df req-f37dfb89-f238-4bd2-b458-f73dce82f734 2e9eccc42c994e2ca07a685b95a14e9f cf940c5aa7a941789ae59fea51ccbe2c - - f7899d2964574a58abc387e262caeb74 f7899d2964574a58abc387e262caeb74] 199.204.45.77 "GET /resource_providers/33b4f43f-56ea-43c5-9f9b-7315187e1cc9/allocations" status: 200 len: 253 microversion: 1.0 [pid: 7|app: 0|req: 598/1199] 199.204.45.77 () {32 vars in 855 bytes} [Tue Apr 7 01:32:23 2026] GET /resource_providers/33b4f43f-56ea-43c5-9f9b-7315187e1cc9/allocations => generated 253 bytes in 15 msecs (HTTP/1.1 200) 6 headers in 224 bytes (1 switches on core 0)
2026-04-07 01:32:23.176 8 INFO placement.requestlog [req-a86168c8-9ee3-4b3e-be36-ec376fa647df req-c1c905b0-4c66-4eb0-9247-cbfd76f5b81a 2e9eccc42c994e2ca07a685b95a14e9f cf940c5aa7a941789ae59fea51ccbe2c - - f7899d2964574a58abc387e262caeb74 f7899d2964574a58abc387e262caeb74] 199.204.45.77 "GET /allocations/55a01e67-77c0-442f-ba7d-a3d387180364" status: 200 len: 258 microversion: 1.28 [pid: 8|app: 0|req: 602/1200] 199.204.45.77 () {34 vars in 861 bytes} [Tue Apr 7 01:32:23 2026] GET /allocations/55a01e67-77c0-442f-ba7d-a3d387180364 => generated 258 bytes in 12 msecs (HTTP/1.1 200) 8 headers in 296 bytes (1 switches on core 0)
2026-04-07 01:32:23.191 7 INFO placement.requestlog [req-a86168c8-9ee3-4b3e-be36-ec376fa647df req-1169148d-0960-4829-9bef-73135ba33143 2e9eccc42c994e2ca07a685b95a14e9f cf940c5aa7a941789ae59fea51ccbe2c - - f7899d2964574a58abc387e262caeb74 f7899d2964574a58abc387e262caeb74] 199.204.45.77 "GET /allocations/53c98d43-1725-41f5-b5b4-758df2b3480e" status: 200 len: 258 microversion: 1.28 [pid: 7|app: 0|req: 599/1201] 199.204.45.77 () {34 vars in 861 bytes} [Tue Apr 7 01:32:23 2026] GET /allocations/53c98d43-1725-41f5-b5b4-758df2b3480e => generated 258 bytes in 9 msecs (HTTP/1.1 200) 8 headers in 296 bytes (1 switches on core 0)
2026-04-07 01:32:23.384 8 INFO placement.requestlog [None req-25a94874-50a6-442a-aeeb-6eee4562ee01 - - - - - -] 10.0.0.215 "GET /" status: 200 len: 136 microversion: 1.0
2026-04-07 01:32:23.384 7 INFO placement.requestlog [None req-e51f0f63-699f-4427-8490-5d82a0a3bf94 - - - - - -] 10.0.0.215 "GET /" status: 200 len: 136 microversion: 1.0
2026-04-07 01:32:24.243 8 INFO placement.requestlog [req-a86168c8-9ee3-4b3e-be36-ec376fa647df req-30482b3f-492a-496c-8e13-44e7c8833142 2e9eccc42c994e2ca07a685b95a14e9f cf940c5aa7a941789ae59fea51ccbe2c - - f7899d2964574a58abc387e262caeb74 f7899d2964574a58abc387e262caeb74] 199.204.45.77 "DELETE /allocations/53c98d43-1725-41f5-b5b4-758df2b3480e" status: 204 len: 0 microversion: 1.0 [pid: 8|app: 0|req: 604/1204] 199.204.45.77 () {34 vars in 839 bytes} [Tue Apr 7 01:32:24 2026] DELETE /allocations/53c98d43-1725-41f5-b5b4-758df2b3480e => generated 0 bytes in 28 msecs (HTTP/1.1 204) 5 headers in 198 bytes (1 switches on core 0)
2026-04-07 01:32:33.384 8 INFO placement.requestlog [None req-1a08ffb6-decc-4a87-8472-1b517e06e8d4 - - - - - -] 10.0.0.215 "GET /" status: 200 len: 136 microversion: 1.0
2026-04-07 01:32:33.384 7 INFO placement.requestlog [None req-f2453cfa-158d-476a-a46e-8c5c80f03228 - - - - - -] 10.0.0.215 "GET /" status: 200 len: 136 microversion: 1.0
2026-04-07 01:32:34.142 8 INFO placement.requestlog [req-f4216604-deb2-43a4-bda6-8becad6b6c10 req-28035f84-6d3a-4c98-9453-417ec630c472 2e9eccc42c994e2ca07a685b95a14e9f cf940c5aa7a941789ae59fea51ccbe2c - - f7899d2964574a58abc387e262caeb74 f7899d2964574a58abc387e262caeb74] 199.204.45.77 "GET /resource_providers/33b4f43f-56ea-43c5-9f9b-7315187e1cc9/allocations" status: 200 len: 153 microversion: 1.0 [pid: 8|app: 0|req: 606/1207] 199.204.45.77 () {32 vars in 855 bytes} [Tue Apr 7 01:32:34 2026] GET /resource_providers/33b4f43f-56ea-43c5-9f9b-7315187e1cc9/allocations => generated 153 bytes in 23 msecs (HTTP/1.1 200) 6 headers in 224 bytes (1 switches on core 0)
2026-04-07 01:32:34.166 7 INFO placement.requestlog [req-f4216604-deb2-43a4-bda6-8becad6b6c10 req-25568d37-1bc1-46c3-bcb0-3e0dba5f7d69 2e9eccc42c994e2ca07a685b95a14e9f cf940c5aa7a941789ae59fea51ccbe2c - - f7899d2964574a58abc387e262caeb74 f7899d2964574a58abc387e262caeb74] 199.204.45.77 "GET /allocations/55a01e67-77c0-442f-ba7d-a3d387180364" status: 200 len: 258 microversion: 1.28 [pid: 7|app: 0|req: 602/1208] 199.204.45.77 () {34 vars in 861 bytes} [Tue Apr 7 01:32:34 2026] GET /allocations/55a01e67-77c0-442f-ba7d-a3d387180364 => generated 258 bytes in 17 msecs (HTTP/1.1 200) 8 headers in 296 bytes (1 switches on core 0)
2026-04-07 01:32:35.225 8 INFO placement.requestlog [req-f4216604-deb2-43a4-bda6-8becad6b6c10 req-a77a3a86-acae-403d-b74a-a11db1890998 2e9eccc42c994e2ca07a685b95a14e9f cf940c5aa7a941789ae59fea51ccbe2c - - f7899d2964574a58abc387e262caeb74 f7899d2964574a58abc387e262caeb74] 199.204.45.77 "DELETE /allocations/55a01e67-77c0-442f-ba7d-a3d387180364" status: 204 len: 0 microversion: 1.0 [pid: 8|app: 0|req: 607/1209] 199.204.45.77 () {34 vars in 839 bytes} [Tue Apr 7 01:32:35 2026] DELETE /allocations/55a01e67-77c0-442f-ba7d-a3d387180364 => generated 0 bytes in 31 msecs (HTTP/1.1 204) 5 headers in 198 bytes (1 switches on core 0)
2026-04-07 01:32:43.384 7 INFO placement.requestlog [None req-f8d0753f-c643-4ae8-872f-d1d76f9d24c1 - - - - - -] 10.0.0.215 "GET /" status: 200 len: 136 microversion: 1.0
2026-04-07 01:32:43.384 8 INFO placement.requestlog [None req-814bdf88-1d85-4bda-bc5c-30b8c72c5807 - - - - - -] 10.0.0.215 "GET /" status: 200 len: 136 microversion: 1.0
2026-04-07 01:32:46.742 7 INFO placement.requestlog [None req-09949370-169a-4731-b0db-82d3b70caaf6 c8efeb7380fd43e6a1b6d4461bddf8c4 cf940c5aa7a941789ae59fea51ccbe2c - - f7899d2964574a58abc387e262caeb74 f7899d2964574a58abc387e262caeb74] 10.0.0.107 "GET /resource_providers/b2fe6f4d-46de-40ae-a547-0cd5777b655d/aggregates" status: 404 len: 235 microversion: 1.1 [pid: 7|app: 0|req: 604/1212] 10.0.0.107 () {32 vars in 815 bytes} [Tue Apr 7 01:32:46 2026] GET /resource_providers/b2fe6f4d-46de-40ae-a547-0cd5777b655d/aggregates => generated 235 bytes in 13 msecs (HTTP/1.1 404) 5 headers in 202 bytes (1 switches on core 0)
2026-04-07 01:32:46.743 8 INFO placement.requestlog [None req-7db72976-0c92-4c24-b4aa-15d5f6cfa243 c8efeb7380fd43e6a1b6d4461bddf8c4 cf940c5aa7a941789ae59fea51ccbe2c - - f7899d2964574a58abc387e262caeb74 f7899d2964574a58abc387e262caeb74] 10.0.0.107 "GET /resource_providers/b2fe6f4d-46de-40ae-a547-0cd5777b655d/aggregates" status: 404 len: 235 microversion: 1.1 [pid: 8|app: 0|req: 609/1213] 10.0.0.107 () {32 vars in 815 bytes} [Tue Apr 7 01:32:46 2026] GET /resource_providers/b2fe6f4d-46de-40ae-a547-0cd5777b655d/aggregates => generated 235 bytes in 13 msecs (HTTP/1.1 404) 5 headers in 202 bytes (1 switches on core 0)
2026-04-07 01:32:46.769 8 INFO placement.requestlog [None req-4b492a12-06bb-494d-adca-1d32da20d8ea c8efeb7380fd43e6a1b6d4461bddf8c4 cf940c5aa7a941789ae59fea51ccbe2c - - f7899d2964574a58abc387e262caeb74 f7899d2964574a58abc387e262caeb74] 10.0.0.107 "DELETE /resource_providers/b2fe6f4d-46de-40ae-a547-0cd5777b655d" status: 404 len: 246 microversion: 1.1 [pid: 8|app: 0|req: 610/1214] 10.0.0.107 () {34 vars in 815 bytes} [Tue Apr 7 01:32:46 2026] DELETE /resource_providers/b2fe6f4d-46de-40ae-a547-0cd5777b655d => generated 246 bytes in 14 msecs (HTTP/1.1 404) 6 headers in 231 bytes (1 switches on core 0)
2026-04-07 01:32:46.772 7 INFO placement.requestlog [None req-490d26f3-738a-48a6-ac02-a3176384f23c c8efeb7380fd43e6a1b6d4461bddf8c4 cf940c5aa7a941789ae59fea51ccbe2c - - f7899d2964574a58abc387e262caeb74 f7899d2964574a58abc387e262caeb74] 10.0.0.107 "DELETE /resource_providers/b2fe6f4d-46de-40ae-a547-0cd5777b655d" status: 404 len: 246 microversion: 1.1 [pid: 7|app: 0|req: 605/1215] 10.0.0.107 () {34 vars in 815 bytes} [Tue Apr 7 01:32:46 2026] DELETE /resource_providers/b2fe6f4d-46de-40ae-a547-0cd5777b655d => generated 246 bytes in 18 msecs (HTTP/1.1 404) 6 headers in 231 bytes (1 switches on core 0)
2026-04-07 01:32:48.809 8 INFO placement.requestlog [None req-96b4ce61-5e21-4193-bded-5f8add9496d9 c8efeb7380fd43e6a1b6d4461bddf8c4 cf940c5aa7a941789ae59fea51ccbe2c - - f7899d2964574a58abc387e262caeb74 f7899d2964574a58abc387e262caeb74] 10.0.0.107 "GET /resource_providers/deca9576-1d78-4971-b617-a3d552d31a5b/aggregates" status: 404 len: 235 microversion: 1.1 [pid: 8|app: 0|req: 611/1216] 10.0.0.107 () {32 vars in 815 bytes} [Tue Apr 7 01:32:48 2026] GET /resource_providers/deca9576-1d78-4971-b617-a3d552d31a5b/aggregates => generated 235 bytes in 15 msecs (HTTP/1.1 404) 5 headers in 202 bytes (1 switches on core 0)
2026-04-07 01:32:48.810 7 INFO placement.requestlog [None req-f2a2a803-52c4-404e-8d2a-8ddc550e1049 c8efeb7380fd43e6a1b6d4461bddf8c4 cf940c5aa7a941789ae59fea51ccbe2c - - f7899d2964574a58abc387e262caeb74 f7899d2964574a58abc387e262caeb74] 10.0.0.107 "GET /resource_providers/deca9576-1d78-4971-b617-a3d552d31a5b/aggregates" status: 404 len: 235 microversion: 1.1 [pid: 7|app: 0|req: 606/1217] 10.0.0.107 () {32 vars in 815 bytes} [Tue Apr 7 01:32:48 2026] GET /resource_providers/deca9576-1d78-4971-b617-a3d552d31a5b/aggregates => generated 235 bytes in 15 msecs (HTTP/1.1 404) 5 headers in 202 bytes (1 switches on core 0)
2026-04-07 01:32:48.835 7 INFO placement.requestlog [None req-16359a10-9ead-4f7f-b4e0-12d2c189e773 c8efeb7380fd43e6a1b6d4461bddf8c4 cf940c5aa7a941789ae59fea51ccbe2c - - f7899d2964574a58abc387e262caeb74 f7899d2964574a58abc387e262caeb74] 10.0.0.107 "DELETE /resource_providers/deca9576-1d78-4971-b617-a3d552d31a5b" status: 404 len: 246 microversion: 1.1 [pid: 7|app: 0|req: 607/1218] 10.0.0.107 () {34 vars in 815 bytes} [Tue Apr 7 01:32:48 2026] DELETE /resource_providers/deca9576-1d78-4971-b617-a3d552d31a5b => generated 246 bytes in 13 msecs (HTTP/1.1 404) 6 headers in 231 bytes (1 switches on core 0)
2026-04-07 01:32:48.842 8 INFO placement.requestlog [None req-e183f2d3-7b02-43f8-bc31-d41030717317 c8efeb7380fd43e6a1b6d4461bddf8c4 cf940c5aa7a941789ae59fea51ccbe2c - - f7899d2964574a58abc387e262caeb74 f7899d2964574a58abc387e262caeb74] 10.0.0.107 "DELETE /resource_providers/deca9576-1d78-4971-b617-a3d552d31a5b" status: 404 len: 246 microversion: 1.1 [pid: 8|app: 0|req: 612/1219] 10.0.0.107 () {34 vars in 815 bytes} [Tue Apr 7 01:32:48 2026] DELETE /resource_providers/deca9576-1d78-4971-b617-a3d552d31a5b => generated 246 bytes in 22 msecs (HTTP/1.1 404) 6 headers in 231 bytes (1 switches on core 0)
2026-04-07 01:32:48.869 7 INFO placement.requestlog [None req-c560f788-aaef-4a3b-baf8-320d21473da3 c8efeb7380fd43e6a1b6d4461bddf8c4 cf940c5aa7a941789ae59fea51ccbe2c - - f7899d2964574a58abc387e262caeb74 f7899d2964574a58abc387e262caeb74] 10.0.0.107 "GET /resource_providers/368d25b1-810b-4ce5-9785-6cd925ac46be/aggregates" status: 404 len: 235 microversion: 1.1 [pid: 7|app: 0|req: 608/1220] 10.0.0.107 () {32 vars in 815 bytes} [Tue Apr 7 01:32:48 2026] GET /resource_providers/368d25b1-810b-4ce5-9785-6cd925ac46be/aggregates => generated 235 bytes in 13 msecs (HTTP/1.1 404) 5 headers in 202 bytes (1 switches on core 0)
2026-04-07 01:32:48.870 8 INFO placement.requestlog [None req-cf9ebf2d-b4fa-43f4-9026-dc41117d030a c8efeb7380fd43e6a1b6d4461bddf8c4 cf940c5aa7a941789ae59fea51ccbe2c - - f7899d2964574a58abc387e262caeb74 f7899d2964574a58abc387e262caeb74] 10.0.0.107 "GET /resource_providers/368d25b1-810b-4ce5-9785-6cd925ac46be/aggregates" status: 404 len: 235 microversion: 1.1 [pid: 8|app: 0|req: 613/1221] 10.0.0.107 () {32 vars in 815 bytes} [Tue Apr 7 01:32:48 2026] GET /resource_providers/368d25b1-810b-4ce5-9785-6cd925ac46be/aggregates => generated 235 bytes in 12 msecs (HTTP/1.1 404) 5 headers in 202 bytes (1 switches on core 0)
2026-04-07 01:32:48.896 7 INFO placement.requestlog [None req-f0254096-a43e-432e-bc23-2d632ad68de1 c8efeb7380fd43e6a1b6d4461bddf8c4 cf940c5aa7a941789ae59fea51ccbe2c - - f7899d2964574a58abc387e262caeb74 f7899d2964574a58abc387e262caeb74] 10.0.0.107 "DELETE /resource_providers/368d25b1-810b-4ce5-9785-6cd925ac46be" status: 404 len: 246 microversion: 1.1 [pid: 7|app: 0|req: 609/1222] 10.0.0.107 () {34 vars in 815 bytes} [Tue Apr 7 01:32:48 2026] DELETE /resource_providers/368d25b1-810b-4ce5-9785-6cd925ac46be => generated 246 bytes in 17 msecs (HTTP/1.1 404) 6 headers in 231 bytes (1 switches on core 0)
2026-04-07 01:32:48.900 8 INFO placement.requestlog [None req-87058157-01b7-4214-b085-e9da48ca450a c8efeb7380fd43e6a1b6d4461bddf8c4 cf940c5aa7a941789ae59fea51ccbe2c - - f7899d2964574a58abc387e262caeb74 f7899d2964574a58abc387e262caeb74] 10.0.0.107 "DELETE /resource_providers/368d25b1-810b-4ce5-9785-6cd925ac46be" status: 404 len: 246 microversion: 1.1 [pid: 8|app: 0|req: 614/1223] 10.0.0.107 () {34 vars in 815 bytes} [Tue Apr 7 01:32:48 2026] DELETE /resource_providers/368d25b1-810b-4ce5-9785-6cd925ac46be => generated 246 bytes in 14 msecs (HTTP/1.1 404) 6 headers in 231 bytes (1 switches on core 0)
2026-04-07 01:32:53.385 8 INFO placement.requestlog [None req-cfcead49-52e0-4f52-8603-3e9301d73320 - - - - - -] 10.0.0.215 "GET /" status: 200 len: 136 microversion: 1.0
2026-04-07 01:32:53.385 7 INFO placement.requestlog [None req-e3d374cf-1903-4789-b091-72c11a13534d - - - - - -] 10.0.0.215 "GET /" status: 200 len: 136 microversion: 1.0
2026-04-07 01:33:03.384 8 INFO placement.requestlog [None req-3a13c671-c1d2-459e-984b-9d8e7923cd5a - - - - - -] 10.0.0.215 "GET /" status: 200 len: 136 microversion: 1.0
2026-04-07 01:33:03.385 7 INFO placement.requestlog [None req-089e3c70-9a8b-4a49-b48d-35752c4c6a22 - - - - - -] 10.0.0.215 "GET /" status: 200 len: 136 microversion: 1.0
2026-04-07 01:33:10.378 8 INFO placement.requestlog [req-498683e9-1e84-4a4d-8aef-dbc55ff86244 req-e0b42105-1a51-4163-891a-307d9d057e15 2e9eccc42c994e2ca07a685b95a14e9f cf940c5aa7a941789ae59fea51ccbe2c - - f7899d2964574a58abc387e262caeb74 f7899d2964574a58abc387e262caeb74] 199.204.45.77 "GET /resource_providers/33b4f43f-56ea-43c5-9f9b-7315187e1cc9/allocations" status: 200 len: 55 microversion: 1.0 [pid: 8|app: 0|req: 617/1228] 199.204.45.77 () {32 vars in 855 bytes} [Tue Apr 7 01:33:10 2026] GET /resource_providers/33b4f43f-56ea-43c5-9f9b-7315187e1cc9/allocations => generated 55 bytes in 13 msecs (HTTP/1.1 200) 6 headers in 223 bytes (1 switches on core 0)
2026-04-07 01:33:10.399 7 INFO placement.requestlog [req-498683e9-1e84-4a4d-8aef-dbc55ff86244 req-1b18b25f-9d59-4cc5-a889-adee1bea5166 2e9eccc42c994e2ca07a685b95a14e9f cf940c5aa7a941789ae59fea51ccbe2c - - f7899d2964574a58abc387e262caeb74 f7899d2964574a58abc387e262caeb74] 199.204.45.77 "GET /resource_providers/33b4f43f-56ea-43c5-9f9b-7315187e1cc9/allocations" status: 200 len: 55 microversion: 1.0 [pid: 7|app: 0|req: 612/1229] 199.204.45.77 () {32 vars in 855 bytes} [Tue Apr 7 01:33:10 2026] GET /resource_providers/33b4f43f-56ea-43c5-9f9b-7315187e1cc9/allocations => generated 55 bytes in 18 msecs (HTTP/1.1 200) 6 headers in 223 bytes (1 switches on core 0)
2026-04-07 01:33:13.384 7 INFO placement.requestlog [None req-a481db9a-a29a-48fc-ae87-4afd67ae4953 - - - - - -] 10.0.0.215 "GET /" status: 200 len: 136 microversion: 1.0
2026-04-07 01:33:13.384 8 INFO placement.requestlog [None req-c5737531-9b48-45a3-92e6-83889273ad26 - - - - - -] 10.0.0.215 "GET /" status: 200 len: 136 microversion: 1.0
2026-04-07 01:33:23.385 7 INFO placement.requestlog [None req-3c63eb89-db68-4f9d-93d9-057825f3f7f9 - - - - - -] 10.0.0.215 "GET /" status: 200 len: 136 microversion: 1.0
2026-04-07 01:33:23.385 8 INFO placement.requestlog [None req-57991dc4-5a5c-4f35-a88c-08023206f334 - - - - - -] 10.0.0.215 "GET /" status: 200 len: 136 microversion: 1.0
2026-04-07 01:33:29.461 8 INFO placement.requestlog [None req-558f99eb-d4a8-4680-9adf-9d88a6b8fd54 c8efeb7380fd43e6a1b6d4461bddf8c4 cf940c5aa7a941789ae59fea51ccbe2c - - f7899d2964574a58abc387e262caeb74 f7899d2964574a58abc387e262caeb74] 10.0.0.107 "GET /resource_providers/29ea0703-8274-4444-bf81-03496853d296/aggregates" status: 404 len: 235 microversion: 1.1 [pid: 8|app: 0|req: 620/1234] 10.0.0.107 () {32 vars in 815 bytes} [Tue Apr 7 01:33:29 2026] GET /resource_providers/29ea0703-8274-4444-bf81-03496853d296/aggregates => generated 235 bytes in 115 msecs (HTTP/1.1 404) 5 headers in 202 bytes (1 switches on core 0)
2026-04-07 01:33:29.463 7 INFO placement.requestlog [None req-f6c88aef-8a9f-4a20-849f-121f6437dbe9 c8efeb7380fd43e6a1b6d4461bddf8c4 cf940c5aa7a941789ae59fea51ccbe2c - - f7899d2964574a58abc387e262caeb74 f7899d2964574a58abc387e262caeb74] 10.0.0.107 "GET /resource_providers/29ea0703-8274-4444-bf81-03496853d296/aggregates" status: 404 len: 235 microversion: 1.1 [pid: 7|app: 0|req: 615/1235] 10.0.0.107 () {32 vars in 815 bytes} [Tue Apr 7 01:33:29 2026] GET /resource_providers/29ea0703-8274-4444-bf81-03496853d296/aggregates => generated 235 bytes in 124 msecs (HTTP/1.1 404) 5 headers in 202 bytes (1 switches on core 0)
2026-04-07 01:33:29.484 8 INFO placement.requestlog [None req-75786c94-1dec-489a-9e25-b200abc37b7f c8efeb7380fd43e6a1b6d4461bddf8c4 cf940c5aa7a941789ae59fea51ccbe2c - - f7899d2964574a58abc387e262caeb74 f7899d2964574a58abc387e262caeb74] 10.0.0.107 "DELETE /resource_providers/29ea0703-8274-4444-bf81-03496853d296" status: 404 len: 246 microversion: 1.1 [pid: 8|app: 0|req: 621/1236] 10.0.0.107 () {34 vars in 815 bytes} [Tue Apr 7 01:33:29 2026] DELETE /resource_providers/29ea0703-8274-4444-bf81-03496853d296 => generated 246 bytes in 11 msecs (HTTP/1.1 404) 6 headers in 231 bytes (1 switches on core 0)
2026-04-07 01:33:29.486 7 INFO placement.requestlog [None req-e7a37628-8296-4340-98ca-ac672c984f26 c8efeb7380fd43e6a1b6d4461bddf8c4 cf940c5aa7a941789ae59fea51ccbe2c - - f7899d2964574a58abc387e262caeb74 f7899d2964574a58abc387e262caeb74] 10.0.0.107 "DELETE /resource_providers/29ea0703-8274-4444-bf81-03496853d296" status: 404 len: 246 microversion: 1.1 [pid: 7|app: 0|req: 616/1237] 10.0.0.107 () {34 vars in 815 bytes} [Tue Apr 7 01:33:29 2026] DELETE /resource_providers/29ea0703-8274-4444-bf81-03496853d296 => generated 246 bytes in 9 msecs (HTTP/1.1 404) 6 headers in 231 bytes (1 switches on core 0)
2026-04-07 01:33:29.744 7 INFO placement.requestlog [None req-af0f719d-ee56-4a2b-99d5-0654ab66a670 c8efeb7380fd43e6a1b6d4461bddf8c4 cf940c5aa7a941789ae59fea51ccbe2c - - f7899d2964574a58abc387e262caeb74 f7899d2964574a58abc387e262caeb74] 10.0.0.107 "GET /resource_providers/adcd5634-ec7e-4248-a8d1-6eafb5ad8caa/aggregates" status: 404 len: 235 microversion: 1.1 [pid: 7|app: 0|req: 617/1238] 10.0.0.107 () {32 vars in 815 bytes} [Tue Apr 7 01:33:29 2026] GET /resource_providers/adcd5634-ec7e-4248-a8d1-6eafb5ad8caa/aggregates => generated 235 bytes in 44 msecs (HTTP/1.1 404) 5 headers in 202 bytes (1 switches on core 0)
2026-04-07 01:33:29.761 8 INFO placement.requestlog [None req-289da17d-a5d5-4a4e-b844-68ce1ce52858 c8efeb7380fd43e6a1b6d4461bddf8c4 cf940c5aa7a941789ae59fea51ccbe2c - - f7899d2964574a58abc387e262caeb74 f7899d2964574a58abc387e262caeb74] 10.0.0.107 "GET /resource_providers/adcd5634-ec7e-4248-a8d1-6eafb5ad8caa/aggregates" status: 404 len: 235 microversion: 1.1 [pid: 8|app: 0|req: 622/1239] 10.0.0.107 () {32 vars in 815 bytes} [Tue Apr 7 01:33:29 2026] GET /resource_providers/adcd5634-ec7e-4248-a8d1-6eafb5ad8caa/aggregates => generated 235 bytes in 64 msecs (HTTP/1.1 404) 5 headers in 202 bytes (1 switches on core 0)
2026-04-07 01:33:29.766 7 INFO placement.requestlog [None req-8cf29db7-6114-45b8-a142-0d161cdca358 c8efeb7380fd43e6a1b6d4461bddf8c4 cf940c5aa7a941789ae59fea51ccbe2c - - f7899d2964574a58abc387e262caeb74 f7899d2964574a58abc387e262caeb74] 10.0.0.107 "DELETE /resource_providers/adcd5634-ec7e-4248-a8d1-6eafb5ad8caa" status: 404 len: 246 microversion: 1.1 [pid: 7|app: 0|req: 618/1240] 10.0.0.107 () {34 vars in 815 bytes} [Tue Apr 7 01:33:29 2026] DELETE /resource_providers/adcd5634-ec7e-4248-a8d1-6eafb5ad8caa => generated 246 bytes in 13 msecs (HTTP/1.1 404) 6 headers in 231 bytes (1 switches on core 0)
2026-04-07 01:33:29.780 8 INFO placement.requestlog [None req-393c2d63-7aa0-4fe0-bab2-49586c026ff6 c8efeb7380fd43e6a1b6d4461bddf8c4 cf940c5aa7a941789ae59fea51ccbe2c - - f7899d2964574a58abc387e262caeb74 f7899d2964574a58abc387e262caeb74] 10.0.0.107 "DELETE /resource_providers/adcd5634-ec7e-4248-a8d1-6eafb5ad8caa" status: 404 len: 246 microversion: 1.1 [pid: 8|app: 0|req: 623/1241] 10.0.0.107 () {34 vars in 815 bytes} [Tue Apr 7 01:33:29 2026] DELETE /resource_providers/adcd5634-ec7e-4248-a8d1-6eafb5ad8caa => generated 246 bytes in 11 msecs (HTTP/1.1 404) 6 headers in 231 bytes (1 switches on core 0)
2026-04-07 01:33:31.505 7 INFO placement.requestlog [None req-1d240372-b381-4429-8b6c-13ee9aa94bca c8efeb7380fd43e6a1b6d4461bddf8c4 cf940c5aa7a941789ae59fea51ccbe2c - - f7899d2964574a58abc387e262caeb74 f7899d2964574a58abc387e262caeb74] 10.0.0.107 "GET /resource_providers/d5bd3188-724a-40c7-a7b0-64fbcb42115a/aggregates" status: 404 len: 235 microversion: 1.1 [pid: 7|app: 0|req: 619/1242] 10.0.0.107 () {32 vars in 815 bytes} [Tue Apr 7 01:33:31 2026] GET /resource_providers/d5bd3188-724a-40c7-a7b0-64fbcb42115a/aggregates => generated 235 bytes in 10 msecs (HTTP/1.1 404) 5 headers in 202 bytes (1 switches on core 0)
2026-04-07 01:33:31.506 8 INFO placement.requestlog [None req-b13d5610-7c7f-42ab-8958-46d8649a5ae5 c8efeb7380fd43e6a1b6d4461bddf8c4 cf940c5aa7a941789ae59fea51ccbe2c - - f7899d2964574a58abc387e262caeb74 f7899d2964574a58abc387e262caeb74] 10.0.0.107 "GET /resource_providers/d5bd3188-724a-40c7-a7b0-64fbcb42115a/aggregates" status: 404 len: 235 microversion: 1.1 [pid: 8|app: 0|req: 624/1243] 10.0.0.107 () {32 vars in 815 bytes} [Tue Apr 7 01:33:31 2026] GET /resource_providers/d5bd3188-724a-40c7-a7b0-64fbcb42115a/aggregates => generated 235 bytes in 10 msecs (HTTP/1.1 404) 5 headers in 202 bytes (1 switches on core 0)
2026-04-07 01:33:31.522 7 INFO placement.requestlog [None req-34d8d27a-b5fe-43a1-a966-2dbe620e7ef0 c8efeb7380fd43e6a1b6d4461bddf8c4 cf940c5aa7a941789ae59fea51ccbe2c - - f7899d2964574a58abc387e262caeb74 f7899d2964574a58abc387e262caeb74] 10.0.0.107 "DELETE /resource_providers/d5bd3188-724a-40c7-a7b0-64fbcb42115a" status: 404 len: 246 microversion: 1.1 [pid: 7|app: 0|req: 620/1244] 10.0.0.107 () {34 vars in 815 bytes} [Tue Apr 7 01:33:31 2026] DELETE /resource_providers/d5bd3188-724a-40c7-a7b0-64fbcb42115a => generated 246 bytes in 6 msecs (HTTP/1.1 404) 6 headers in 231 bytes (1 switches on core 0)
