2026-04-07 01:25:09.780 7 INFO neutron.db.ovn_revision_numbers_db [None req-d7108d58-d62b-46f8-a2d7-e0f6aca49393 69e031291c9146ad9cf93b9bdeaa724f c861b0ba27c443eaa41f2a705b569aaf - - default default] Successfully bumped revision number for resource fb5563aa-4597-4db0-b023-2b68bf58373a (type: security_group_rules) to 0 [pid: 7|app: 0|req: 897/1704] 10.0.0.186 () {32 vars in 774 bytes} [Tue Apr 7 01:25:09 2026] GET /v2.0/security-groups?tenant_id=bcab6a06840c412f9db0ab9e7073f789&name=default => generated 2925 bytes in 495 msecs (HTTP/1.1 200) 4 headers in 158 bytes (1 switches on core 0) [pid: 7|app: 0|req: 898/1705] 10.0.0.253 () {34 vars in 990 bytes} [Tue Apr 7 01:25:09 2026] GET /v2.0/ports?device_id=e4d49531-a428-454c-9b6d-6916153eb1cf => generated 975 bytes in 35 msecs (HTTP/1.1 200) 4 headers in 157 bytes (1 switches on core 0) [pid: 8|app: 0|req: 808/1706] 10.0.0.186 () {32 vars in 740 bytes} [Tue Apr 7 01:25:09 2026] DELETE /v2.0/security-groups/22f504cf-f18f-443c-afd1-6d292e305f7e => generated 0 bytes in 267 msecs (HTTP/1.1 204) 2 headers in 112 bytes (1 switches on core 0) [pid: 8|app: 0|req: 809/1707] 10.0.0.253 () {34 vars in 1040 bytes} [Tue Apr 7 01:25:10 2026] GET /v2.0/security-groups?id=d14cf32f-8306-41ae-8eec-51315088f442&fields=id&fields=name => generated 114 bytes in 35 msecs (HTTP/1.1 200) 4 headers in 157 bytes (1 switches on core 0) [pid: 8|app: 0|req: 810/1708] 10.0.0.253 () {34 vars in 990 bytes} [Tue Apr 7 01:25:10 2026] GET /v2.0/ports?device_id=e4d49531-a428-454c-9b6d-6916153eb1cf => generated 975 bytes in 53 msecs (HTTP/1.1 200) 4 headers in 157 bytes (1 switches on core 0)
2026-04-07 01:25:10.296 7 INFO neutron.db.ovn_revision_numbers_db [None req-d18fbb79-2618-45b2-8418-bc5090f1842a 69e031291c9146ad9cf93b9bdeaa724f c861b0ba27c443eaa41f2a705b569aaf - - default default] Successfully bumped revision number for resource f7fb036d-9dc1-43ac-ae33-2e9e4b5e1dcc (type: security_groups) to 1
2026-04-07 01:25:10.311 7 INFO neutron.db.ovn_revision_numbers_db [None req-d18fbb79-2618-45b2-8418-bc5090f1842a 69e031291c9146ad9cf93b9bdeaa724f c861b0ba27c443eaa41f2a705b569aaf - - default default] Successfully bumped revision number for resource 522e6392-160b-4404-99e7-e844f0be2529 (type: security_group_rules) to 0
2026-04-07 01:25:10.327 7 INFO neutron.db.ovn_revision_numbers_db [None req-d18fbb79-2618-45b2-8418-bc5090f1842a 69e031291c9146ad9cf93b9bdeaa724f c861b0ba27c443eaa41f2a705b569aaf - - default default] Successfully bumped revision number for resource 653d21dd-8d0a-40f4-9fc7-13e5134f52a6 (type: security_group_rules) to 0 [pid: 8|app: 0|req: 811/1709] 10.0.0.253 () {34 vars in 1040 bytes} [Tue Apr 7 01:25:10 2026] GET /v2.0/security-groups?id=d14cf32f-8306-41ae-8eec-51315088f442&fields=id&fields=name => generated 114 bytes in 31 msecs (HTTP/1.1 200) 4 headers in 157 bytes (1 switches on core 0)
2026-04-07 01:25:10.343 7 INFO neutron.db.ovn_revision_numbers_db [None req-d18fbb79-2618-45b2-8418-bc5090f1842a 69e031291c9146ad9cf93b9bdeaa724f c861b0ba27c443eaa41f2a705b569aaf - - default default] Successfully bumped revision number for resource 74e3b9ca-2506-4c95-9beb-30e9d3fb1021 (type: security_group_rules) to 0
2026-04-07 01:25:10.386 7 INFO neutron.db.ovn_revision_numbers_db [None req-d18fbb79-2618-45b2-8418-bc5090f1842a 69e031291c9146ad9cf93b9bdeaa724f c861b0ba27c443eaa41f2a705b569aaf - - default default] Successfully bumped revision number for resource d3a8732e-8ba2-4857-8608-91fa968327fe (type: security_group_rules) to 0 [pid: 8|app: 0|req: 812/1710] 10.0.0.186 () {32 vars in 736 bytes} [Tue Apr 7 01:25:10 2026] GET /v2.0/ports?device_id=e4d49531-a428-454c-9b6d-6916153eb1cf => generated 1213 bytes in 39 msecs (HTTP/1.1 200) 4 headers in 158 bytes (1 switches on core 0) [pid: 7|app: 0|req: 899/1711] 10.0.0.186 () {32 vars in 774 bytes} [Tue Apr 7 01:25:09 2026] GET /v2.0/security-groups?tenant_id=d9fa8880600a43f38a9cc6bd5cbd7de3&name=default => generated 2925 bytes in 517 msecs (HTTP/1.1 200) 4 headers in 158 bytes (1 switches on core 0)
2026-04-07 01:25:10.867 8 WARNING neutron.scheduler.dhcp_agent_scheduler [None req-2635a083-73c0-4293-9ce8-3e77e039b506 0f12949441c449ef977cb13df8a43abf fa9521c47cb34cb6b8e2901f2f1b236e - - default default] No more DHCP agents
2026-04-07 01:25:10.869 8 WARNING neutron.api.rpc.agentnotifiers.dhcp_rpc_agent_api [None req-2635a083-73c0-4293-9ce8-3e77e039b506 0f12949441c449ef977cb13df8a43abf fa9521c47cb34cb6b8e2901f2f1b236e - - default default] Unable to schedule network a154dc25-4ed1-4082-a8ed-ef87133a4c8b: no agents available; will retry on subsequent port and subnet creation events. [pid: 7|app: 0|req: 900/1712] 10.0.0.186 () {32 vars in 740 bytes} [Tue Apr 7 01:25:10 2026] DELETE /v2.0/security-groups/f7fb036d-9dc1-43ac-ae33-2e9e4b5e1dcc => generated 0 bytes in 623 msecs (HTTP/1.1 204) 2 headers in 112 bytes (1 switches on core 0)
2026-04-07 01:25:11.935 8 INFO neutron.db.ovn_revision_numbers_db [None req-2635a083-73c0-4293-9ce8-3e77e039b506 0f12949441c449ef977cb13df8a43abf fa9521c47cb34cb6b8e2901f2f1b236e - - default default] Successfully bumped revision number for resource a1cb94ae-6ddf-4c2d-becf-7233c9b6c80f (type: floatingips) to 1
2026-04-07 01:25:11.936 8 INFO neutron.db.l3_db [None req-2635a083-73c0-4293-9ce8-3e77e039b506 0f12949441c449ef977cb13df8a43abf fa9521c47cb34cb6b8e2901f2f1b236e - - default default] Floating IP a1cb94ae-6ddf-4c2d-becf-7233c9b6c80f associated. External IP: 10.96.250.212, port: 3a956b0c-2249-43e1-8f5f-1e8cb0a8e759. [pid: 8|app: 0|req: 813/1715] 10.0.0.186 () {34 vars in 677 bytes} [Tue Apr 7 01:25:10 2026] POST /v2.0/floatingips => generated 856 bytes in 1662 msecs (HTTP/1.1 201) 4 headers in 162 bytes (1 switches on core 0) /var/lib/openstack/lib/python3.12/site-packages/pycadf/identifier.py:70: UserWarning: Invalid uuid: neutron. To ensure interoperability, identifiers should be a valid uuid. warnings.warn(('Invalid uuid: %s. To ensure interoperability, '
2026-04-07 01:25:12.099 8 INFO neutron.notifiers.nova [-] Nova event matching ['req-49eb5636-056d-45fd-b7f2-ef4589ebfc6e'] response: {'name': 'network-changed', 'server_uuid': 'e4d49531-a428-454c-9b6d-6916153eb1cf', 'tag': '3a956b0c-2249-43e1-8f5f-1e8cb0a8e759', 'status': 'completed', 'code': 200} [pid: 7|app: 0|req: 903/1716] 10.0.0.186 () {32 vars in 729 bytes} [Tue Apr 7 01:25:12 2026] GET /v2.0/floatingips/a1cb94ae-6ddf-4c2d-becf-7233c9b6c80f => generated 858 bytes in 49 msecs (HTTP/1.1 200) 4 headers in 157 bytes (1 switches on core 0) [pid: 8|app: 0|req: 814/1717] 199.204.45.77 () {34 vars in 1079 bytes} [Tue Apr 7 01:25:12 2026] GET /v2.0/ports?tenant_id=fa9521c47cb34cb6b8e2901f2f1b236e&device_id=e4d49531-a428-454c-9b6d-6916153eb1cf => generated 1213 bytes in 42 msecs (HTTP/1.1 200) 4 headers in 158 bytes (1 switches on core 0) [pid: 7|app: 0|req: 904/1718] 199.204.45.77 () {34 vars in 985 bytes} [Tue Apr 7 01:25:12 2026] GET /v2.0/networks?id=0d5cabc8-370c-4dee-a1bf-3689d3c14ea3 => generated 797 bytes in 62 msecs (HTTP/1.1 200) 4 headers in 157 bytes (1 switches on core 0) [pid: 8|app: 0|req: 815/1719] 199.204.45.77 () {34 vars in 1059 bytes} [Tue Apr 7 01:25:12 2026] GET /v2.0/floatingips?fixed_ip_address=10.100.0.10&port_id=3a956b0c-2249-43e1-8f5f-1e8cb0a8e759 => generated 861 bytes in 48 msecs (HTTP/1.1 200) 4 headers in 157 bytes (1 switches on core 0) [pid: 7|app: 0|req: 905/1720] 199.204.45.77 () {34 vars in 983 bytes} [Tue Apr 7 01:25:12 2026] GET /v2.0/subnets?id=5e0e8232-a8a1-4c5d-84f9-5c840f4130bf => generated 677 bytes in 39 msecs (HTTP/1.1 200) 4 headers in 157 bytes (1 switches on core 0) [pid: 8|app: 0|req: 816/1721] 199.204.45.77 () {34 vars in 1051 bytes} [Tue Apr 7 01:25:12 2026] GET /v2.0/ports?network_id=0d5cabc8-370c-4dee-a1bf-3689d3c14ea3&device_owner=network%3Adhcp => generated 12 bytes in 23 msecs (HTTP/1.1 200) 4 headers in 156 bytes (1 switches on core 0) [pid: 7|app: 0|req: 906/1722] 199.204.45.77 () {34 vars in 1011 bytes} [Tue Apr 7 01:25:12 2026] GET /v2.0/networks/0d5cabc8-370c-4dee-a1bf-3689d3c14ea3?fields=segments => generated 14 bytes in 50 msecs (HTTP/1.1 200) 4 headers in 156 bytes (1 switches on core 0) [pid: 8|app: 0|req: 817/1723] 199.204.45.77 () {34 vars in 1111 bytes} [Tue Apr 7 01:25:12 2026] GET /v2.0/networks/0d5cabc8-370c-4dee-a1bf-3689d3c14ea3?fields=provider%3Aphysical_network&fields=provider%3Anetwork_type => generated 79 bytes in 50 msecs (HTTP/1.1 200) 4 headers in 156 bytes (1 switches on core 0)
2026-04-07 01:25:13.449 7 INFO neutron.db.ovn_revision_numbers_db [None req-cacc2d55-6673-42c3-98ad-2a54ad74e5d2 38c53d44e160405fa416d5dd2cd34ea0 595073da07d7486c8238cbd0b8b392a2 - - default default] Successfully bumped revision number for resource 83ceaf4f-3fec-42b5-8591-eb2ddcf56cf1 (type: security_groups) to 1
2026-04-07 01:25:13.464 7 INFO neutron.db.ovn_revision_numbers_db [None req-cacc2d55-6673-42c3-98ad-2a54ad74e5d2 38c53d44e160405fa416d5dd2cd34ea0 595073da07d7486c8238cbd0b8b392a2 - - default default] Successfully bumped revision number for resource a2850fba-2281-45ba-9310-509feb2fbc78 (type: security_group_rules) to 0
2026-04-07 01:25:13.491 7 INFO neutron.db.ovn_revision_numbers_db [None req-cacc2d55-6673-42c3-98ad-2a54ad74e5d2 38c53d44e160405fa416d5dd2cd34ea0 595073da07d7486c8238cbd0b8b392a2 - - default default] Successfully bumped revision number for resource a64ca359-4110-439f-8f4b-249b5c856f20 (type: security_group_rules) to 0
2026-04-07 01:25:13.506 7 INFO neutron.db.ovn_revision_numbers_db [None req-cacc2d55-6673-42c3-98ad-2a54ad74e5d2 38c53d44e160405fa416d5dd2cd34ea0 595073da07d7486c8238cbd0b8b392a2 - - default default] Successfully bumped revision number for resource af4a2023-32c4-4c98-a702-de8c5a26b012 (type: security_group_rules) to 0
2026-04-07 01:25:13.519 7 INFO neutron.db.ovn_revision_numbers_db [None req-cacc2d55-6673-42c3-98ad-2a54ad74e5d2 38c53d44e160405fa416d5dd2cd34ea0 595073da07d7486c8238cbd0b8b392a2 - - default default] Successfully bumped revision number for resource c5496224-1d85-4614-a3e0-e61d5e71cf5d (type: security_group_rules) to 0
2026-04-07 01:25:13.620 8 INFO neutron.db.ovn_revision_numbers_db [None req-22a34ec5-9c90-4851-9c99-1503a0519ec8 69e031291c9146ad9cf93b9bdeaa724f c861b0ba27c443eaa41f2a705b569aaf - - default default] Successfully bumped revision number for resource 9f7ae64e-50cd-4d3d-abad-4ae54b247c31 (type: security_groups) to 1
2026-04-07 01:25:13.622 7 INFO neutron.db.segments_db [None req-cacc2d55-6673-42c3-98ad-2a54ad74e5d2 38c53d44e160405fa416d5dd2cd34ea0 595073da07d7486c8238cbd0b8b392a2 - - default default] Added segment 2c22fb79-93ae-42b4-879e-6a8e9c71eedc of type geneve for network c71f9f26-66f6-4a5b-a2d7-1d0a1ca33219
2026-04-07 01:25:13.632 8 INFO neutron.db.ovn_revision_numbers_db [None req-22a34ec5-9c90-4851-9c99-1503a0519ec8 69e031291c9146ad9cf93b9bdeaa724f c861b0ba27c443eaa41f2a705b569aaf - - default default] Successfully bumped revision number for resource 00685181-0dd1-4b8c-a5b3-3d58babdbac7 (type: security_group_rules) to 0
2026-04-07 01:25:13.645 8 INFO neutron.db.ovn_revision_numbers_db [None req-22a34ec5-9c90-4851-9c99-1503a0519ec8 69e031291c9146ad9cf93b9bdeaa724f c861b0ba27c443eaa41f2a705b569aaf - - default default] Successfully bumped revision number for resource 0cb0eb7a-9108-4115-8929-053bccd730f3 (type: security_group_rules) to 0
2026-04-07 01:25:13.660 8 INFO neutron.db.ovn_revision_numbers_db [None req-22a34ec5-9c90-4851-9c99-1503a0519ec8 69e031291c9146ad9cf93b9bdeaa724f c861b0ba27c443eaa41f2a705b569aaf - - default default] Successfully bumped revision number for resource 17b4f3c8-3fc0-4cbe-af3a-f1b5f80bca07 (type: security_group_rules) to 0
2026-04-07 01:25:13.679 8 INFO neutron.db.ovn_revision_numbers_db [None req-22a34ec5-9c90-4851-9c99-1503a0519ec8 69e031291c9146ad9cf93b9bdeaa724f c861b0ba27c443eaa41f2a705b569aaf - - default default] Successfully bumped revision number for resource 9c4419e2-0131-44f3-85ac-a3db9180290d (type: security_group_rules) to 0
2026-04-07 01:25:13.720 7 INFO neutron.db.segments_db [None req-cacc2d55-6673-42c3-98ad-2a54ad74e5d2 38c53d44e160405fa416d5dd2cd34ea0 595073da07d7486c8238cbd0b8b392a2 - - default default] Added segment dd636c03-b444-4d6f-8e92-6a4d34d7e6fa of type geneve for network cffcee16-03dd-4513-8d0e-e4296eaca25f [pid: 8|app: 0|req: 818/1724] 10.0.0.186 () {32 vars in 774 bytes} [Tue Apr 7 01:25:13 2026] GET /v2.0/security-groups?tenant_id=68cd8f2cd6414d9281e1299b7bca06e7&name=default => generated 2925 bytes in 321 msecs (HTTP/1.1 200) 4 headers in 158 bytes (1 switches on core 0)
2026-04-07 01:25:13.883 7 INFO neutron.db.ovn_revision_numbers_db [None req-cacc2d55-6673-42c3-98ad-2a54ad74e5d2 38c53d44e160405fa416d5dd2cd34ea0 595073da07d7486c8238cbd0b8b392a2 - - default default] Successfully bumped revision number for resource c71f9f26-66f6-4a5b-a2d7-1d0a1ca33219 (type: networks) to 1 [pid: 8|app: 0|req: 819/1725] 10.0.0.186 () {32 vars in 740 bytes} [Tue Apr 7 01:25:13 2026] DELETE /v2.0/security-groups/9f7ae64e-50cd-4d3d-abad-4ae54b247c31 => generated 0 bytes in 306 msecs (HTTP/1.1 204) 2 headers in 112 bytes (1 switches on core 0)
2026-04-07 01:25:14.148 7 WARNING neutron.scheduler.dhcp_agent_scheduler [None req-cacc2d55-6673-42c3-98ad-2a54ad74e5d2 38c53d44e160405fa416d5dd2cd34ea0 595073da07d7486c8238cbd0b8b392a2 - - default default] No more DHCP agents
2026-04-07 01:25:14.149 7 WARNING neutron.api.rpc.agentnotifiers.dhcp_rpc_agent_api [None req-cacc2d55-6673-42c3-98ad-2a54ad74e5d2 38c53d44e160405fa416d5dd2cd34ea0 595073da07d7486c8238cbd0b8b392a2 - - default default] Unable to schedule network c71f9f26-66f6-4a5b-a2d7-1d0a1ca33219: no agents available; will retry on subsequent port and subnet creation events.
2026-04-07 01:25:14.198 8 INFO neutron.plugins.ml2.drivers.ovn.mech_driver.mech_driver [None req-7a2daea0-1fff-458c-96bf-4313495099d2 - - - - - -] OVN reports status down for port: 025528b9-2fb8-4bc3-8109-879b164ba297
2026-04-07 01:25:14.241 7 INFO neutron.db.ovn_revision_numbers_db [None req-cacc2d55-6673-42c3-98ad-2a54ad74e5d2 38c53d44e160405fa416d5dd2cd34ea0 595073da07d7486c8238cbd0b8b392a2 - - default default] Successfully bumped revision number for resource 025528b9-2fb8-4bc3-8109-879b164ba297 (type: ports) to 1
2026-04-07 01:25:14.338 7 INFO neutron.db.ovn_revision_numbers_db [None req-cacc2d55-6673-42c3-98ad-2a54ad74e5d2 38c53d44e160405fa416d5dd2cd34ea0 595073da07d7486c8238cbd0b8b392a2 - - default default] Successfully bumped revision number for resource cffcee16-03dd-4513-8d0e-e4296eaca25f (type: networks) to 1
2026-04-07 01:25:14.523 7 WARNING neutron.scheduler.dhcp_agent_scheduler [None req-cacc2d55-6673-42c3-98ad-2a54ad74e5d2 38c53d44e160405fa416d5dd2cd34ea0 595073da07d7486c8238cbd0b8b392a2 - - default default] No more DHCP agents
2026-04-07 01:25:14.525 7 WARNING neutron.api.rpc.agentnotifiers.dhcp_rpc_agent_api [None req-cacc2d55-6673-42c3-98ad-2a54ad74e5d2 38c53d44e160405fa416d5dd2cd34ea0 595073da07d7486c8238cbd0b8b392a2 - - default default] Unable to schedule network cffcee16-03dd-4513-8d0e-e4296eaca25f: no agents available; will retry on subsequent port and subnet creation events.
2026-04-07 01:25:14.594 7 INFO neutron.plugins.ml2.drivers.ovn.mech_driver.mech_driver [None req-04681437-d067-452a-98e8-7209da60a8b6 - - - - - -] OVN reports status down for port: 97d3d510-d2dd-4624-93cf-9a9cc06dd634
2026-04-07 01:25:14.653 7 INFO neutron.db.ovn_revision_numbers_db [None req-cacc2d55-6673-42c3-98ad-2a54ad74e5d2 38c53d44e160405fa416d5dd2cd34ea0 595073da07d7486c8238cbd0b8b392a2 - - default default] Successfully bumped revision number for resource 97d3d510-d2dd-4624-93cf-9a9cc06dd634 (type: ports) to 1 [pid: 7|app: 0|req: 907/1726] 10.0.0.186 () {34 vars in 670 bytes} [Tue Apr 7 01:25:13 2026] POST /v2.0/networks => generated 1284 bytes in 1668 msecs (HTTP/1.1 201) 4 headers in 163 bytes (1 switches on core 0) [pid: 8|app: 0|req: 820/1727] 10.0.0.186 () {32 vars in 649 bytes} [Tue Apr 7 01:25:14 2026] GET /v2.0/networks => generated 1971 bytes in 54 msecs (HTTP/1.1 200) 4 headers in 158 bytes (1 switches on core 0)
2026-04-07 01:25:14.901 7 INFO neutron_taas.services.taas.taas_plugin [None req-405eb2d3-7253-4e21-873b-3ebb34fe0c7c 38c53d44e160405fa416d5dd2cd34ea0 595073da07d7486c8238cbd0b8b392a2 - - default default] TaaS: Handle Delete Port: 025528b9-2fb8-4bc3-8109-879b164ba297
2026-04-07 01:25:14.905 7 INFO neutron_taas.services.taas.tap_mirror_plugin [None req-405eb2d3-7253-4e21-873b-3ebb34fe0c7c 38c53d44e160405fa416d5dd2cd34ea0 595073da07d7486c8238cbd0b8b392a2 - - default default] Tap Mirror: Handle Delete Port: 025528b9-2fb8-4bc3-8109-879b164ba297
2026-04-07 01:25:15.114 7 INFO neutron.services.segments.plugin [-] Segment 2c22fb79-93ae-42b4-879e-6a8e9c71eedc resource provider aggregate not found
2026-04-07 01:25:15.121 7 INFO neutron.services.segments.plugin [-] Segment 2c22fb79-93ae-42b4-879e-6a8e9c71eedc resource provider aggregate not found
2026-04-07 01:25:15.132 7 INFO neutron.services.segments.plugin [-] Segment 2c22fb79-93ae-42b4-879e-6a8e9c71eedc resource provider not found; error: Placement Client Error (4xx): {"errors": [{"status": 404, "title": "Not Found", "detail": "The resource could not be found.\n\n No resource provider with uuid 2c22fb79-93ae-42b4-879e-6a8e9c71eedc found for delete ", "request_id": "req-45ea1d06-3755-4986-81b6-57aa497e901b"}]}
2026-04-07 01:25:15.145 7 INFO neutron.services.segments.plugin [-] Segment 2c22fb79-93ae-42b4-879e-6a8e9c71eedc resource provider not found; error: Placement Client Error (4xx): {"errors": [{"status": 404, "title": "Not Found", "detail": "The resource could not be found.\n\n No resource provider with uuid 2c22fb79-93ae-42b4-879e-6a8e9c71eedc found for delete ", "request_id": "req-64533c03-0f07-433e-9c48-fe4e646807c3"}]} [pid: 7|app: 0|req: 908/1728] 10.0.0.186 () {32 vars in 726 bytes} [Tue Apr 7 01:25:14 2026] DELETE /v2.0/networks/c71f9f26-66f6-4a5b-a2d7-1d0a1ca33219 => generated 0 bytes in 416 msecs (HTTP/1.1 204) 3 headers in 131 bytes (1 switches on core 0)
2026-04-07 01:25:15.335 8 INFO neutron_taas.services.taas.taas_plugin [None req-c72681a7-abe7-42d7-9ebb-06751add4823 38c53d44e160405fa416d5dd2cd34ea0 595073da07d7486c8238cbd0b8b392a2 - - default default] TaaS: Handle Delete Port: 97d3d510-d2dd-4624-93cf-9a9cc06dd634
2026-04-07 01:25:15.338 8 INFO neutron_taas.services.taas.tap_mirror_plugin [None req-c72681a7-abe7-42d7-9ebb-06751add4823 38c53d44e160405fa416d5dd2cd34ea0 595073da07d7486c8238cbd0b8b392a2 - - default default] Tap Mirror: Handle Delete Port: 97d3d510-d2dd-4624-93cf-9a9cc06dd634
2026-04-07 01:25:15.525 8 INFO neutron.services.segments.plugin [-] Segment dd636c03-b444-4d6f-8e92-6a4d34d7e6fa resource provider aggregate not found
2026-04-07 01:25:15.532 8 INFO neutron.services.segments.plugin [-] Segment dd636c03-b444-4d6f-8e92-6a4d34d7e6fa resource provider aggregate not found
2026-04-07 01:25:15.556 8 INFO neutron.services.segments.plugin [-] Segment dd636c03-b444-4d6f-8e92-6a4d34d7e6fa resource provider not found; error: Placement Client Error (4xx): {"errors": [{"status": 404, "title": "Not Found", "detail": "The resource could not be found.\n\n No resource provider with uuid dd636c03-b444-4d6f-8e92-6a4d34d7e6fa found for delete ", "request_id": "req-54272542-d89e-455d-a066-37cf1ff5a881"}]}
2026-04-07 01:25:15.567 8 INFO neutron.services.segments.plugin [-] Segment dd636c03-b444-4d6f-8e92-6a4d34d7e6fa resource provider not found; error: Placement Client Error (4xx): {"errors": [{"status": 404, "title": "Not Found", "detail": "The resource could not be found.\n\n No resource provider with uuid dd636c03-b444-4d6f-8e92-6a4d34d7e6fa found for delete ", "request_id": "req-f035bd6d-988d-4210-993f-411871e35828"}]} [pid: 8|app: 0|req: 821/1729] 10.0.0.186 () {32 vars in 726 bytes} [Tue Apr 7 01:25:15 2026] DELETE /v2.0/networks/cffcee16-03dd-4513-8d0e-e4296eaca25f => generated 0 bytes in 425 msecs (HTTP/1.1 204) 3 headers in 131 bytes (1 switches on core 0) [pid: 7|app: 0|req: 909/1730] 10.0.0.186 () {32 vars in 649 bytes} [Tue Apr 7 01:25:15 2026] GET /v2.0/networks => generated 689 bytes in 51 msecs (HTTP/1.1 200) 4 headers in 157 bytes (1 switches on core 0)
2026-04-07 01:25:15.765 8 INFO neutron.db.segments_db [None req-b1dff1f5-5962-4c0b-9d2e-fc34a9c79652 38c53d44e160405fa416d5dd2cd34ea0 595073da07d7486c8238cbd0b8b392a2 - - default default] Added segment 38c8b5ff-d342-4bba-80e9-bbc725487289 of type geneve for network ecc70276-9114-487a-b6f9-665a1186a867
2026-04-07 01:25:15.897 8 INFO neutron.db.ovn_revision_numbers_db [None req-b1dff1f5-5962-4c0b-9d2e-fc34a9c79652 38c53d44e160405fa416d5dd2cd34ea0 595073da07d7486c8238cbd0b8b392a2 - - default default] Successfully bumped revision number for resource ecc70276-9114-487a-b6f9-665a1186a867 (type: networks) to 1
2026-04-07 01:25:16.088 8 WARNING neutron.scheduler.dhcp_agent_scheduler [None req-b1dff1f5-5962-4c0b-9d2e-fc34a9c79652 38c53d44e160405fa416d5dd2cd34ea0 595073da07d7486c8238cbd0b8b392a2 - - default default] No more DHCP agents
2026-04-07 01:25:16.089 8 WARNING neutron.api.rpc.agentnotifiers.dhcp_rpc_agent_api [None req-b1dff1f5-5962-4c0b-9d2e-fc34a9c79652 38c53d44e160405fa416d5dd2cd34ea0 595073da07d7486c8238cbd0b8b392a2 - - default default] Unable to schedule network ecc70276-9114-487a-b6f9-665a1186a867: no agents available; will retry on subsequent port and subnet creation events.
2026-04-07 01:25:16.142 7 INFO neutron.plugins.ml2.drivers.ovn.mech_driver.mech_driver [None req-04681437-d067-452a-98e8-7209da60a8b6 - - - - - -] OVN reports status down for port: 17061826-7ff8-4227-80ca-dbfa5c24618a
2026-04-07 01:25:16.177 8 INFO neutron.db.ovn_revision_numbers_db [None req-b1dff1f5-5962-4c0b-9d2e-fc34a9c79652 38c53d44e160405fa416d5dd2cd34ea0 595073da07d7486c8238cbd0b8b392a2 - - default default] Successfully bumped revision number for resource 17061826-7ff8-4227-80ca-dbfa5c24618a (type: ports) to 1
2026-04-07 01:25:16.183 7 INFO neutron.db.ovn_revision_numbers_db [None req-80214d75-8f4c-45ef-9359-f4d3002b73c9 69e031291c9146ad9cf93b9bdeaa724f c861b0ba27c443eaa41f2a705b569aaf - - default default] Successfully bumped revision number for resource d03e5622-7686-4e9b-83e8-ef40a15cd0ba (type: security_groups) to 1
2026-04-07 01:25:16.219 7 INFO neutron.db.ovn_revision_numbers_db [None req-80214d75-8f4c-45ef-9359-f4d3002b73c9 69e031291c9146ad9cf93b9bdeaa724f c861b0ba27c443eaa41f2a705b569aaf - - default default] Successfully bumped revision number for resource 50ca5cf6-d006-4834-95da-cd94fcd4cb63 (type: security_group_rules) to 0 [pid: 8|app: 0|req: 822/1731] 10.0.0.186 () {34 vars in 670 bytes} [Tue Apr 7 01:25:15 2026] POST /v2.0/networks => generated 669 bytes in 550 msecs (HTTP/1.1 201) 4 headers in 162 bytes (1 switches on core 0)
2026-04-07 01:25:16.245 7 INFO neutron.db.ovn_revision_numbers_db [None req-80214d75-8f4c-45ef-9359-f4d3002b73c9 69e031291c9146ad9cf93b9bdeaa724f c861b0ba27c443eaa41f2a705b569aaf - - default default] Successfully bumped revision number for resource 50d60cf7-9ddc-4ad5-b569-3130ba91eaff (type: security_group_rules) to 0
2026-04-07 01:25:16.267 7 INFO neutron.db.ovn_revision_numbers_db [None req-80214d75-8f4c-45ef-9359-f4d3002b73c9 69e031291c9146ad9cf93b9bdeaa724f c861b0ba27c443eaa41f2a705b569aaf - - default default] Successfully bumped revision number for resource 55d7d2bb-2838-43a6-9959-5f7da4e3063d (type: security_group_rules) to 0
2026-04-07 01:25:16.279 7 INFO neutron.db.ovn_revision_numbers_db [None req-80214d75-8f4c-45ef-9359-f4d3002b73c9 69e031291c9146ad9cf93b9bdeaa724f c861b0ba27c443eaa41f2a705b569aaf - - default default] Successfully bumped revision number for resource 5bdb98b9-e787-4a81-84b7-d463fb85ce8b (type: security_group_rules) to 0 [pid: 7|app: 0|req: 910/1732] 10.0.0.186 () {32 vars in 774 bytes} [Tue Apr 7 01:25:15 2026] GET /v2.0/security-groups?tenant_id=8680d59eb2c649dbae0bcd331eb749f3&name=default => generated 2925 bytes in 499 msecs (HTTP/1.1 200) 4 headers in 158 bytes (1 switches on core 0)
2026-04-07 01:25:16.327 8 INFO neutron.db.segments_db [None req-1da31498-7847-4853-a01e-d97083d6161f 38c53d44e160405fa416d5dd2cd34ea0 595073da07d7486c8238cbd0b8b392a2 - - default default] Added segment 520a947f-8633-4a02-8cd2-3068e8434578 of type geneve for network d0731c94-f5ed-484b-bfa8-5dcdfcb11e95
2026-04-07 01:25:16.464 8 INFO neutron.db.ovn_revision_numbers_db [None req-1da31498-7847-4853-a01e-d97083d6161f 38c53d44e160405fa416d5dd2cd34ea0 595073da07d7486c8238cbd0b8b392a2 - - default default] Successfully bumped revision number for resource d0731c94-f5ed-484b-bfa8-5dcdfcb11e95 (type: networks) to 1 [pid: 7|app: 0|req: 911/1733] 10.0.0.186 () {32 vars in 740 bytes} [Tue Apr 7 01:25:16 2026] DELETE /v2.0/security-groups/d03e5622-7686-4e9b-83e8-ef40a15cd0ba => generated 0 bytes in 264 msecs (HTTP/1.1 204) 2 headers in 112 bytes (1 switches on core 0)
2026-04-07 01:25:16.669 8 WARNING neutron.scheduler.dhcp_agent_scheduler [None req-1da31498-7847-4853-a01e-d97083d6161f 38c53d44e160405fa416d5dd2cd34ea0 595073da07d7486c8238cbd0b8b392a2 - - default default] No more DHCP agents
2026-04-07 01:25:16.671 8 WARNING neutron.api.rpc.agentnotifiers.dhcp_rpc_agent_api [None req-1da31498-7847-4853-a01e-d97083d6161f 38c53d44e160405fa416d5dd2cd34ea0 595073da07d7486c8238cbd0b8b392a2 - - default default] Unable to schedule network d0731c94-f5ed-484b-bfa8-5dcdfcb11e95: no agents available; will retry on subsequent port and subnet creation events.
2026-04-07 01:25:16.749 7 INFO neutron.plugins.ml2.drivers.ovn.mech_driver.mech_driver [None req-04681437-d067-452a-98e8-7209da60a8b6 - - - - - -] OVN reports status down for port: 351bfeda-e86c-4587-845d-32434c799421
2026-04-07 01:25:16.777 8 INFO neutron.db.ovn_revision_numbers_db [None req-1da31498-7847-4853-a01e-d97083d6161f 38c53d44e160405fa416d5dd2cd34ea0 595073da07d7486c8238cbd0b8b392a2 - - default default] Successfully bumped revision number for resource 351bfeda-e86c-4587-845d-32434c799421 (type: ports) to 1 [pid: 8|app: 0|req: 823/1734] 10.0.0.186 () {34 vars in 670 bytes} [Tue Apr 7 01:25:16 2026] POST /v2.0/networks => generated 669 bytes in 579 msecs (HTTP/1.1 201) 4 headers in 162 bytes (1 switches on core 0)
2026-04-07 01:25:16.949 7 INFO neutron.db.ovn_revision_numbers_db [None req-9536967a-f132-48e2-b853-33939ea4d28b 69e031291c9146ad9cf93b9bdeaa724f c861b0ba27c443eaa41f2a705b569aaf - - default default] Successfully bumped revision number for resource 9ec392a1-0244-442c-87fd-65ee8dc4200c (type: security_groups) to 1
2026-04-07 01:25:16.966 7 INFO neutron.db.ovn_revision_numbers_db [None req-9536967a-f132-48e2-b853-33939ea4d28b 69e031291c9146ad9cf93b9bdeaa724f c861b0ba27c443eaa41f2a705b569aaf - - default default] Successfully bumped revision number for resource 3a07ae0b-f8b0-48cb-99ff-bc4a35139708 (type: security_group_rules) to 0
2026-04-07 01:25:16.979 7 INFO neutron.db.ovn_revision_numbers_db [None req-9536967a-f132-48e2-b853-33939ea4d28b 69e031291c9146ad9cf93b9bdeaa724f c861b0ba27c443eaa41f2a705b569aaf - - default default] Successfully bumped revision number for resource 3e00389a-173d-4375-b5f4-3b53d4d03679 (type: security_group_rules) to 0
2026-04-07 01:25:16.991 7 INFO neutron.db.ovn_revision_numbers_db [None req-9536967a-f132-48e2-b853-33939ea4d28b 69e031291c9146ad9cf93b9bdeaa724f c861b0ba27c443eaa41f2a705b569aaf - - default default] Successfully bumped revision number for resource 45fc9762-ab23-4d4a-83a8-282219477b59 (type: security_group_rules) to 0
2026-04-07 01:25:17.003 7 INFO neutron.db.ovn_revision_numbers_db [None req-9536967a-f132-48e2-b853-33939ea4d28b 69e031291c9146ad9cf93b9bdeaa724f c861b0ba27c443eaa41f2a705b569aaf - - default default] Successfully bumped revision number for resource 9843f325-a6a1-4bc5-b301-28421c7bf61c (type: security_group_rules) to 0 [pid: 7|app: 0|req: 912/1735] 10.0.0.186 () {32 vars in 774 bytes} [Tue Apr 7 01:25:16 2026] GET /v2.0/security-groups?tenant_id=554710100a0f4e379bfbfc0c019e2e41&name=default => generated 2925 bytes in 329 msecs (HTTP/1.1 200) 4 headers in 158 bytes (1 switches on core 0)
2026-04-07 01:25:17.299 8 WARNING neutron.scheduler.dhcp_agent_scheduler [None req-ccc1c9b3-080e-4b78-a9c4-04880cd94410 38c53d44e160405fa416d5dd2cd34ea0 595073da07d7486c8238cbd0b8b392a2 - - default default] No more DHCP agents
2026-04-07 01:25:17.300 8 WARNING neutron.api.rpc.agentnotifiers.dhcp_rpc_agent_api [None req-ccc1c9b3-080e-4b78-a9c4-04880cd94410 38c53d44e160405fa416d5dd2cd34ea0 595073da07d7486c8238cbd0b8b392a2 - - default default] Unable to schedule network ecc70276-9114-487a-b6f9-665a1186a867: no agents available; will retry on subsequent port and subnet creation events. [pid: 7|app: 0|req: 913/1736] 10.0.0.186 () {32 vars in 740 bytes} [Tue Apr 7 01:25:17 2026] DELETE /v2.0/security-groups/9ec392a1-0244-442c-87fd-65ee8dc4200c => generated 0 bytes in 256 msecs (HTTP/1.1 204) 2 headers in 112 bytes (1 switches on core 0)
2026-04-07 01:25:17.363 8 INFO neutron.plugins.ml2.drivers.ovn.mech_driver.mech_driver [None req-7a2daea0-1fff-458c-96bf-4313495099d2 - - - - - -] OVN reports status down for port: e61a367f-3e9e-457f-9d31-f4b04cbcc71e
2026-04-07 01:25:17.434 8 INFO neutron.db.ovn_revision_numbers_db [None req-ccc1c9b3-080e-4b78-a9c4-04880cd94410 38c53d44e160405fa416d5dd2cd34ea0 595073da07d7486c8238cbd0b8b392a2 - - default default] Successfully bumped revision number for resource e61a367f-3e9e-457f-9d31-f4b04cbcc71e (type: ports) to 1
2026-04-07 01:25:17.501 8 WARNING neutron.scheduler.dhcp_agent_scheduler [None req-ccc1c9b3-080e-4b78-a9c4-04880cd94410 38c53d44e160405fa416d5dd2cd34ea0 595073da07d7486c8238cbd0b8b392a2 - - default default] No more DHCP agents
2026-04-07 01:25:17.503 8 WARNING neutron.api.rpc.agentnotifiers.dhcp_rpc_agent_api [None req-ccc1c9b3-080e-4b78-a9c4-04880cd94410 38c53d44e160405fa416d5dd2cd34ea0 595073da07d7486c8238cbd0b8b392a2 - - default default] Unable to schedule network d0731c94-f5ed-484b-bfa8-5dcdfcb11e95: no agents available; will retry on subsequent port and subnet creation events.
2026-04-07 01:25:17.564 8 INFO neutron.plugins.ml2.drivers.ovn.mech_driver.mech_driver [None req-7a2daea0-1fff-458c-96bf-4313495099d2 - - - - - -] OVN reports status down for port: bef54bbb-8773-45a7-9a15-8809c5268772
2026-04-07 01:25:17.637 8 INFO neutron.db.ovn_revision_numbers_db [None req-ccc1c9b3-080e-4b78-a9c4-04880cd94410 38c53d44e160405fa416d5dd2cd34ea0 595073da07d7486c8238cbd0b8b392a2 - - default default] Successfully bumped revision number for resource bef54bbb-8773-45a7-9a15-8809c5268772 (type: ports) to 1 [pid: 8|app: 0|req: 824/1737] 10.0.0.186 () {34 vars in 665 bytes} [Tue Apr 7 01:25:16 2026] POST /v2.0/ports => generated 1505 bytes in 944 msecs (HTTP/1.1 201) 4 headers in 163 bytes (1 switches on core 0) [pid: 7|app: 0|req: 914/1738] 10.0.0.186 () {32 vars in 643 bytes} [Tue Apr 7 01:25:17 2026] GET /v2.0/ports => generated 3017 bytes in 125 msecs (HTTP/1.1 200) 4 headers in 158 bytes (1 switches on core 0) /var/lib/openstack/lib/python3.12/site-packages/pycadf/identifier.py:70: UserWarning: Invalid uuid: neutron. To ensure interoperability, identifiers should be a valid uuid. warnings.warn(('Invalid uuid: %s. To ensure interoperability, '
2026-04-07 01:25:18.031 8 INFO neutron_taas.services.taas.taas_plugin [None req-282daa33-a1cc-4720-9330-c6258a0891c6 38c53d44e160405fa416d5dd2cd34ea0 595073da07d7486c8238cbd0b8b392a2 - - default default] TaaS: Handle Delete Port: e61a367f-3e9e-457f-9d31-f4b04cbcc71e
2026-04-07 01:25:18.035 8 INFO neutron_taas.services.taas.tap_mirror_plugin [None req-282daa33-a1cc-4720-9330-c6258a0891c6 38c53d44e160405fa416d5dd2cd34ea0 595073da07d7486c8238cbd0b8b392a2 - - default default] Tap Mirror: Handle Delete Port: e61a367f-3e9e-457f-9d31-f4b04cbcc71e [pid: 8|app: 0|req: 825/1739] 10.0.0.186 () {32 vars in 720 bytes} [Tue Apr 7 01:25:17 2026] DELETE /v2.0/ports/e61a367f-3e9e-457f-9d31-f4b04cbcc71e => generated 0 bytes in 268 msecs (HTTP/1.1 204) 3 headers in 131 bytes (1 switches on core 0)
2026-04-07 01:25:18.286 7 INFO neutron_taas.services.taas.taas_plugin [None req-dcd243a2-829a-4d33-9a46-09f4b2661319 38c53d44e160405fa416d5dd2cd34ea0 595073da07d7486c8238cbd0b8b392a2 - - default default] TaaS: Handle Delete Port: bef54bbb-8773-45a7-9a15-8809c5268772
2026-04-07 01:25:18.288 7 INFO neutron_taas.services.taas.tap_mirror_plugin [None req-dcd243a2-829a-4d33-9a46-09f4b2661319 38c53d44e160405fa416d5dd2cd34ea0 595073da07d7486c8238cbd0b8b392a2 - - default default] Tap Mirror: Handle Delete Port: bef54bbb-8773-45a7-9a15-8809c5268772 [pid: 7|app: 0|req: 915/1740] 10.0.0.186 () {32 vars in 720 bytes} [Tue Apr 7 01:25:18 2026] DELETE /v2.0/ports/bef54bbb-8773-45a7-9a15-8809c5268772 => generated 0 bytes in 228 msecs (HTTP/1.1 204) 3 headers in 131 bytes (1 switches on core 0) [pid: 8|app: 0|req: 826/1741] 10.0.0.186 () {32 vars in 643 bytes} [Tue Apr 7 01:25:18 2026] GET /v2.0/ports => generated 1523 bytes in 44 msecs (HTTP/1.1 200) 4 headers in 158 bytes (1 switches on core 0)
2026-04-07 01:25:18.546 7 INFO neutron.db.segments_db [None req-a562978a-c2da-4f10-8ceb-f5ff1126b1bd 38c53d44e160405fa416d5dd2cd34ea0 595073da07d7486c8238cbd0b8b392a2 - - default default] Added segment 889b82a1-7758-40f7-bb10-d6a9285d1a8f of type geneve for network c70c247b-71dc-43d7-bb2e-060975472029
2026-04-07 01:25:18.663 7 INFO neutron.db.ovn_revision_numbers_db [None req-a562978a-c2da-4f10-8ceb-f5ff1126b1bd 38c53d44e160405fa416d5dd2cd34ea0 595073da07d7486c8238cbd0b8b392a2 - - default default] Successfully bumped revision number for resource c70c247b-71dc-43d7-bb2e-060975472029 (type: networks) to 1
2026-04-07 01:25:18.841 7 WARNING neutron.scheduler.dhcp_agent_scheduler [None req-a562978a-c2da-4f10-8ceb-f5ff1126b1bd 38c53d44e160405fa416d5dd2cd34ea0 595073da07d7486c8238cbd0b8b392a2 - - default default] No more DHCP agents
2026-04-07 01:25:18.842 7 WARNING neutron.api.rpc.agentnotifiers.dhcp_rpc_agent_api [None req-a562978a-c2da-4f10-8ceb-f5ff1126b1bd 38c53d44e160405fa416d5dd2cd34ea0 595073da07d7486c8238cbd0b8b392a2 - - default default] Unable to schedule network c70c247b-71dc-43d7-bb2e-060975472029: no agents available; will retry on subsequent port and subnet creation events.
2026-04-07 01:25:18.938 7 INFO neutron.plugins.ml2.drivers.ovn.mech_driver.mech_driver [None req-04681437-d067-452a-98e8-7209da60a8b6 - - - - - -] OVN reports status down for port: cc97db9f-f272-41eb-a561-49ba094b2810
2026-04-07 01:25:19.106 7 INFO neutron.db.ovn_revision_numbers_db [None req-a562978a-c2da-4f10-8ceb-f5ff1126b1bd 38c53d44e160405fa416d5dd2cd34ea0 595073da07d7486c8238cbd0b8b392a2 - - default default] Successfully bumped revision number for resource cc97db9f-f272-41eb-a561-49ba094b2810 (type: ports) to 1 [pid: 7|app: 0|req: 916/1742] 10.0.0.186 () {34 vars in 670 bytes} [Tue Apr 7 01:25:18 2026] POST /v2.0/networks => generated 669 bytes in 728 msecs (HTTP/1.1 201) 4 headers in 162 bytes (1 switches on core 0)
2026-04-07 01:25:19.714 8 INFO neutron.db.segments_db [None req-44fa7bcc-e729-4261-af2f-d930bdf8dcc6 38c53d44e160405fa416d5dd2cd34ea0 595073da07d7486c8238cbd0b8b392a2 - - default default] Added segment 215bba4a-3676-40ca-a1bf-49a1c1df492a of type geneve for network ea1def23-d172-46a6-9348-2b343d155416
2026-04-07 01:25:20.051 8 INFO neutron.db.ovn_revision_numbers_db [None req-44fa7bcc-e729-4261-af2f-d930bdf8dcc6 38c53d44e160405fa416d5dd2cd34ea0 595073da07d7486c8238cbd0b8b392a2 - - default default] Successfully bumped revision number for resource ea1def23-d172-46a6-9348-2b343d155416 (type: networks) to 1
2026-04-07 01:25:20.290 8 WARNING neutron.scheduler.dhcp_agent_scheduler [None req-44fa7bcc-e729-4261-af2f-d930bdf8dcc6 38c53d44e160405fa416d5dd2cd34ea0 595073da07d7486c8238cbd0b8b392a2 - - default default] No more DHCP agents
2026-04-07 01:25:20.291 8 WARNING neutron.api.rpc.agentnotifiers.dhcp_rpc_agent_api [None req-44fa7bcc-e729-4261-af2f-d930bdf8dcc6 38c53d44e160405fa416d5dd2cd34ea0 595073da07d7486c8238cbd0b8b392a2 - - default default] Unable to schedule network ea1def23-d172-46a6-9348-2b343d155416: no agents available; will retry on subsequent port and subnet creation events.
2026-04-07 01:25:20.370 7 INFO neutron.plugins.ml2.drivers.ovn.mech_driver.mech_driver [None req-04681437-d067-452a-98e8-7209da60a8b6 - - - - - -] OVN reports status down for port: fdbcb021-8b3e-40d8-9f3e-90dffd918117
2026-04-07 01:25:20.396 8 INFO neutron.db.ovn_revision_numbers_db [None req-44fa7bcc-e729-4261-af2f-d930bdf8dcc6 38c53d44e160405fa416d5dd2cd34ea0 595073da07d7486c8238cbd0b8b392a2 - - default default] Successfully bumped revision number for resource fdbcb021-8b3e-40d8-9f3e-90dffd918117 (type: ports) to 1 [pid: 8|app: 0|req: 827/1743] 10.0.0.186 () {34 vars in 670 bytes} [Tue Apr 7 01:25:19 2026] POST /v2.0/networks => generated 668 bytes in 1337 msecs (HTTP/1.1 201) 4 headers in 162 bytes (1 switches on core 0) [pid: 8|app: 0|req: 828/1744] 10.0.0.211 () {34 vars in 990 bytes} [Tue Apr 7 01:25:20 2026] GET /v2.0/ports?device_id=e4d49531-a428-454c-9b6d-6916153eb1cf => generated 1213 bytes in 33 msecs (HTTP/1.1 200) 4 headers in 158 bytes (1 switches on core 0)
2026-04-07 01:25:21.054 7 WARNING neutron.scheduler.dhcp_agent_scheduler [None req-251f153f-0687-4cd1-beff-b0afd016fc35 38c53d44e160405fa416d5dd2cd34ea0 595073da07d7486c8238cbd0b8b392a2 - - default default] No more DHCP agents
2026-04-07 01:25:21.055 7 WARNING neutron.api.rpc.agentnotifiers.dhcp_rpc_agent_api [None req-251f153f-0687-4cd1-beff-b0afd016fc35 38c53d44e160405fa416d5dd2cd34ea0 595073da07d7486c8238cbd0b8b392a2 - - default default] Unable to schedule network c70c247b-71dc-43d7-bb2e-060975472029: no agents available; will retry on subsequent port and subnet creation events. [pid: 8|app: 0|req: 829/1745] 10.0.0.211 () {34 vars in 1040 bytes} [Tue Apr 7 01:25:21 2026] GET /v2.0/security-groups?id=d14cf32f-8306-41ae-8eec-51315088f442&fields=id&fields=name => generated 114 bytes in 35 msecs (HTTP/1.1 200) 4 headers in 157 bytes (1 switches on core 0)
2026-04-07 01:25:21.878 7 INFO neutron.db.ovn_revision_numbers_db [None req-5f390c58-70f6-4b2a-bc35-f035db6f4873 - - - - - -] Successfully bumped revision number for resource cc97db9f-f272-41eb-a561-49ba094b2810 (type: ports) to 2
2026-04-07 01:25:22.114 7 INFO neutron.db.ovn_revision_numbers_db [None req-5f390c58-70f6-4b2a-bc35-f035db6f4873 - - - - - -] Successfully bumped revision number for resource b8cca5bc-dc75-4988-bdbb-142ddc300a23 (type: subnets) to 0
2026-04-07 01:25:22.158 7 WARNING neutron.scheduler.dhcp_agent_scheduler [None req-251f153f-0687-4cd1-beff-b0afd016fc35 38c53d44e160405fa416d5dd2cd34ea0 595073da07d7486c8238cbd0b8b392a2 - - default default] No more DHCP agents
2026-04-07 01:25:22.160 7 WARNING neutron.api.rpc.agentnotifiers.dhcp_rpc_agent_api [None req-251f153f-0687-4cd1-beff-b0afd016fc35 38c53d44e160405fa416d5dd2cd34ea0 595073da07d7486c8238cbd0b8b392a2 - - default default] Unable to schedule network ea1def23-d172-46a6-9348-2b343d155416: no agents available; will retry on subsequent port and subnet creation events.
2026-04-07 01:25:23.360 7 INFO neutron.db.ovn_revision_numbers_db [None req-b8ddea97-0d18-4e9a-b361-affc09498a36 - - - - - -] Successfully bumped revision number for resource fdbcb021-8b3e-40d8-9f3e-90dffd918117 (type: ports) to 2
2026-04-07 01:25:23.558 7 INFO neutron.db.ovn_revision_numbers_db [None req-b8ddea97-0d18-4e9a-b361-affc09498a36 - - - - - -] Successfully bumped revision number for resource 849cc760-c892-4add-898d-d5dd3ecc3630 (type: subnets) to 0 [pid: 7|app: 0|req: 917/1746] 10.0.0.186 () {34 vars in 669 bytes} [Tue Apr 7 01:25:20 2026] POST /v2.0/subnets => generated 1273 bytes in 3146 msecs (HTTP/1.1 201) 4 headers in 163 bytes (1 switches on core 0) [pid: 7|app: 0|req: 918/1747] 10.0.0.186 () {32 vars in 826 bytes} [Tue Apr 7 01:25:23 2026] GET /v2.0/ports?project_id=fa9521c47cb34cb6b8e2901f2f1b236e&network_id=0d5cabc8-370c-4dee-a1bf-3689d3c14ea3 => generated 3319 bytes in 69 msecs (HTTP/1.1 200) 4 headers in 158 bytes (1 switches on core 0) [pid: 7|app: 0|req: 919/1748] 10.0.0.186 () {32 vars in 647 bytes} [Tue Apr 7 01:25:23 2026] GET /v2.0/subnets => generated 1909 bytes in 30 msecs (HTTP/1.1 200) 4 headers in 158 bytes (1 switches on core 0)
2026-04-07 01:25:24.111 8 INFO neutron.db.ovn_revision_numbers_db [None req-89c0f9d3-c4c6-495f-9c96-573b2fb272e2 916649a83e684245ac18b76c41b19c2a 3e33c54546cc4c50b1731ecd0c30c0b1 - - default default] Successfully bumped revision number for resource 40b52806-5435-410a-a64a-6d30bc7eebb5 (type: security_groups) to 1 [pid: 7|app: 0|req: 920/1749] 10.0.0.186 () {32 vars in 724 bytes} [Tue Apr 7 01:25:23 2026] DELETE /v2.0/subnets/b8cca5bc-dc75-4988-bdbb-142ddc300a23 => generated 0 bytes in 369 msecs (HTTP/1.1 204) 3 headers in 131 bytes (1 switches on core 0)
2026-04-07 01:25:24.248 8 INFO neutron.db.ovn_revision_numbers_db [None req-89c0f9d3-c4c6-495f-9c96-573b2fb272e2 916649a83e684245ac18b76c41b19c2a 3e33c54546cc4c50b1731ecd0c30c0b1 - - default default] Successfully bumped revision number for resource 487e6515-4927-4b11-a4a7-1bcef5c9b6d3 (type: security_group_rules) to 0
2026-04-07 01:25:24.270 8 INFO neutron.db.ovn_revision_numbers_db [None req-89c0f9d3-c4c6-495f-9c96-573b2fb272e2 916649a83e684245ac18b76c41b19c2a 3e33c54546cc4c50b1731ecd0c30c0b1 - - default default] Successfully bumped revision number for resource 6729a9e1-469c-4964-8785-f78af67122a7 (type: security_group_rules) to 0
2026-04-07 01:25:24.288 8 INFO neutron.db.ovn_revision_numbers_db [None req-89c0f9d3-c4c6-495f-9c96-573b2fb272e2 916649a83e684245ac18b76c41b19c2a 3e33c54546cc4c50b1731ecd0c30c0b1 - - default default] Successfully bumped revision number for resource 6bafb87f-04fc-409e-a549-dc8dddc3d52d (type: security_group_rules) to 0
2026-04-07 01:25:24.320 8 INFO neutron.db.ovn_revision_numbers_db [None req-89c0f9d3-c4c6-495f-9c96-573b2fb272e2 916649a83e684245ac18b76c41b19c2a 3e33c54546cc4c50b1731ecd0c30c0b1 - - default default] Successfully bumped revision number for resource ca608461-dc9c-4876-9dd2-52af263db9c6 (type: security_group_rules) to 0
2026-04-07 01:25:24.402 8 INFO neutron.db.segments_db [None req-89c0f9d3-c4c6-495f-9c96-573b2fb272e2 916649a83e684245ac18b76c41b19c2a 3e33c54546cc4c50b1731ecd0c30c0b1 - - default default] Added segment 43ba2cee-8d3a-4011-835b-70a81a18aa04 of type geneve for network 6f25cdcb-1cd7-43be-977c-d94bc3eb0ca5 [pid: 7|app: 0|req: 921/1750] 10.0.0.186 () {32 vars in 724 bytes} [Tue Apr 7 01:25:24 2026] DELETE /v2.0/subnets/849cc760-c892-4add-898d-d5dd3ecc3630 => generated 0 bytes in 208 msecs (HTTP/1.1 204) 3 headers in 131 bytes (1 switches on core 0) [pid: 7|app: 0|req: 922/1751] 10.0.0.186 () {32 vars in 742 bytes} [Tue Apr 7 01:25:24 2026] GET /v2.0/subnets?network_id=a154dc25-4ed1-4082-a8ed-ef87133a4c8b => generated 667 bytes in 42 msecs (HTTP/1.1 200) 4 headers in 157 bytes (1 switches on core 0) [pid: 7|app: 0|req: 923/1752] 10.0.0.186 () {32 vars in 647 bytes} [Tue Apr 7 01:25:24 2026] GET /v2.0/subnets => generated 649 bytes in 26 msecs (HTTP/1.1 200) 4 headers in 157 bytes (1 switches on core 0)
2026-04-07 01:25:24.604 7 INFO neutron_taas.services.taas.taas_plugin [None req-596d064c-c28c-454c-8d59-fe3db2187eaa 38c53d44e160405fa416d5dd2cd34ea0 595073da07d7486c8238cbd0b8b392a2 - - default default] TaaS: Handle Delete Port: fdbcb021-8b3e-40d8-9f3e-90dffd918117
2026-04-07 01:25:24.607 7 INFO neutron_taas.services.taas.tap_mirror_plugin [None req-596d064c-c28c-454c-8d59-fe3db2187eaa 38c53d44e160405fa416d5dd2cd34ea0 595073da07d7486c8238cbd0b8b392a2 - - default default] Tap Mirror: Handle Delete Port: fdbcb021-8b3e-40d8-9f3e-90dffd918117
2026-04-07 01:25:25.045 8 INFO neutron.db.ovn_revision_numbers_db [None req-89c0f9d3-c4c6-495f-9c96-573b2fb272e2 916649a83e684245ac18b76c41b19c2a 3e33c54546cc4c50b1731ecd0c30c0b1 - - default default] Successfully bumped revision number for resource 6f25cdcb-1cd7-43be-977c-d94bc3eb0ca5 (type: networks) to 1
2026-04-07 01:25:25.165 7 INFO neutron.services.segments.plugin [-] Segment 215bba4a-3676-40ca-a1bf-49a1c1df492a resource provider aggregate not found
2026-04-07 01:25:25.166 7 INFO neutron.services.segments.plugin [-] Segment 215bba4a-3676-40ca-a1bf-49a1c1df492a resource provider aggregate not found
2026-04-07 01:25:25.187 7 INFO neutron.services.segments.plugin [-] Segment 215bba4a-3676-40ca-a1bf-49a1c1df492a resource provider not found; error: Placement Client Error (4xx): {"errors": [{"status": 404, "title": "Not Found", "detail": "The resource could not be found.\n\n No resource provider with uuid 215bba4a-3676-40ca-a1bf-49a1c1df492a found for delete ", "request_id": "req-2d91acd6-ab6d-44a6-8549-1e03bb43f242"}]}
2026-04-07 01:25:25.190 7 INFO neutron.services.segments.plugin [-] Segment 215bba4a-3676-40ca-a1bf-49a1c1df492a resource provider not found; error: Placement Client Error (4xx): {"errors": [{"status": 404, "title": "Not Found", "detail": "The resource could not be found.\n\n No resource provider with uuid 215bba4a-3676-40ca-a1bf-49a1c1df492a found for delete ", "request_id": "req-f7639640-8eb9-43ca-869f-78339ba4bda7"}]} [pid: 7|app: 0|req: 924/1753] 10.0.0.186 () {32 vars in 726 bytes} [Tue Apr 7 01:25:24 2026] DELETE /v2.0/networks/ea1def23-d172-46a6-9348-2b343d155416 => generated 0 bytes in 798 msecs (HTTP/1.1 204) 3 headers in 131 bytes (1 switches on core 0)
2026-04-07 01:25:25.299 8 WARNING neutron.scheduler.dhcp_agent_scheduler [None req-89c0f9d3-c4c6-495f-9c96-573b2fb272e2 916649a83e684245ac18b76c41b19c2a 3e33c54546cc4c50b1731ecd0c30c0b1 - - default default] No more DHCP agents
2026-04-07 01:25:25.300 8 WARNING neutron.api.rpc.agentnotifiers.dhcp_rpc_agent_api [None req-89c0f9d3-c4c6-495f-9c96-573b2fb272e2 916649a83e684245ac18b76c41b19c2a 3e33c54546cc4c50b1731ecd0c30c0b1 - - default default] Unable to schedule network 6f25cdcb-1cd7-43be-977c-d94bc3eb0ca5: no agents available; will retry on subsequent port and subnet creation events.
2026-04-07 01:25:25.348 8 INFO neutron.plugins.ml2.drivers.ovn.mech_driver.mech_driver [None req-7a2daea0-1fff-458c-96bf-4313495099d2 - - - - - -] OVN reports status down for port: 89c0fe90-eb75-4d94-ab84-27b177ec91ea
2026-04-07 01:25:25.434 8 INFO neutron.db.ovn_revision_numbers_db [None req-89c0f9d3-c4c6-495f-9c96-573b2fb272e2 916649a83e684245ac18b76c41b19c2a 3e33c54546cc4c50b1731ecd0c30c0b1 - - default default] Successfully bumped revision number for resource 89c0fe90-eb75-4d94-ab84-27b177ec91ea (type: ports) to 1 [pid: 8|app: 0|req: 830/1754] 10.0.0.186 () {34 vars in 670 bytes} [Tue Apr 7 01:25:22 2026] POST /v2.0/networks => generated 651 bytes in 2856 msecs (HTTP/1.1 201) 4 headers in 162 bytes (1 switches on core 0)
2026-04-07 01:25:25.731 8 INFO neutron_taas.services.taas.taas_plugin [None req-dc300fa5-19d2-4a6b-b2fa-ea545f8ea337 38c53d44e160405fa416d5dd2cd34ea0 595073da07d7486c8238cbd0b8b392a2 - - default default] TaaS: Handle Delete Port: cc97db9f-f272-41eb-a561-49ba094b2810
2026-04-07 01:25:25.735 8 INFO neutron_taas.services.taas.tap_mirror_plugin [None req-dc300fa5-19d2-4a6b-b2fa-ea545f8ea337 38c53d44e160405fa416d5dd2cd34ea0 595073da07d7486c8238cbd0b8b392a2 - - default default] Tap Mirror: Handle Delete Port: cc97db9f-f272-41eb-a561-49ba094b2810
2026-04-07 01:25:25.736 7 INFO neutron.db.ovn_revision_numbers_db [None req-b4b5c767-73a8-40e4-997e-4027d3936b35 0f12949441c449ef977cb13df8a43abf fa9521c47cb34cb6b8e2901f2f1b236e - - default default] Successfully bumped revision number for resource a1cb94ae-6ddf-4c2d-becf-7233c9b6c80f (type: floatingips) to 2
2026-04-07 01:25:25.805 7 INFO neutron.db.l3_db [None req-b4b5c767-73a8-40e4-997e-4027d3936b35 0f12949441c449ef977cb13df8a43abf fa9521c47cb34cb6b8e2901f2f1b236e - - default default] Floating IP a1cb94ae-6ddf-4c2d-becf-7233c9b6c80f disassociated. External IP: 10.96.250.212, port: 3a956b0c-2249-43e1-8f5f-1e8cb0a8e759. [pid: 7|app: 0|req: 925/1755] 10.0.0.186 () {34 vars in 749 bytes} [Tue Apr 7 01:25:25 2026] PUT /v2.0/floatingips/a1cb94ae-6ddf-4c2d-becf-7233c9b6c80f => generated 554 bytes in 575 msecs (HTTP/1.1 200) 4 headers in 157 bytes (1 switches on core 0) /var/lib/openstack/lib/python3.12/site-packages/pycadf/identifier.py:70: UserWarning: Invalid uuid: neutron. To ensure interoperability, identifiers should be a valid uuid. warnings.warn(('Invalid uuid: %s. To ensure interoperability, '
2026-04-07 01:25:25.925 7 INFO neutron.notifiers.nova [-] Nova event matching ['req-d77ed5ce-7fef-44ee-aa38-0438f060a7a7'] response: {'name': 'network-changed', 'server_uuid': 'e4d49531-a428-454c-9b6d-6916153eb1cf', 'tag': '3a956b0c-2249-43e1-8f5f-1e8cb0a8e759', 'status': 'completed', 'code': 200}
2026-04-07 01:25:25.953 8 INFO neutron.services.segments.plugin [-] Segment 889b82a1-7758-40f7-bb10-d6a9285d1a8f resource provider aggregate not found
2026-04-07 01:25:25.961 8 INFO neutron.services.segments.plugin [-] Segment 889b82a1-7758-40f7-bb10-d6a9285d1a8f resource provider aggregate not found
2026-04-07 01:25:25.976 8 INFO neutron.services.segments.plugin [-] Segment 889b82a1-7758-40f7-bb10-d6a9285d1a8f resource provider not found; error: Placement Client Error (4xx): {"errors": [{"status": 404, "title": "Not Found", "detail": "The resource could not be found.\n\n No resource provider with uuid 889b82a1-7758-40f7-bb10-d6a9285d1a8f found for delete ", "request_id": "req-d87a5915-bd43-4edb-a493-7d9eec0d479a"}]}
2026-04-07 01:25:25.982 8 INFO neutron.services.segments.plugin [-] Segment 889b82a1-7758-40f7-bb10-d6a9285d1a8f resource provider not found; error: Placement Client Error (4xx): {"errors": [{"status": 404, "title": "Not Found", "detail": "The resource could not be found.\n\n No resource provider with uuid 889b82a1-7758-40f7-bb10-d6a9285d1a8f found for delete ", "request_id": "req-a5cb2f11-0af8-4d11-9a65-a5d098300e39"}]}
