2026-04-07 01:25:35.497 7 INFO neutron.db.ovn_revision_numbers_db [None req-2ee1080c-d58d-4f91-87c4-aa17f9842851 - - - - - -] Successfully bumped revision number for resource 83f0bdbe-734e-4631-99c4-b432d8e1c18f (type: subnets) to 1 [pid: 7|app: 0|req: 961/1829] 10.0.0.186 () {34 vars in 741 bytes} [Tue Apr 7 01:25:34 2026] PUT /v2.0/subnets/83f0bdbe-734e-4631-99c4-b432d8e1c18f => generated 656 bytes in 663 msecs (HTTP/1.1 200) 4 headers in 157 bytes (1 switches on core 0) [pid: 7|app: 0|req: 962/1830] 10.0.0.253 () {34 vars in 990 bytes} [Tue Apr 7 01:25:35 2026] GET /v2.0/ports?device_id=488a5570-ec58-4716-b536-fa405ad64a43 => generated 12 bytes in 19 msecs (HTTP/1.1 200) 4 headers in 156 bytes (1 switches on core 0)
2026-04-07 01:25:35.646 7 INFO neutron_taas.services.taas.taas_plugin [None req-9aeed539-4b5f-4979-97fd-57fabb70feb1 95683e6f2147485c9ac2133611a81cf5 2ceaad144b1648828f83dafb6cce8eda - - default default] TaaS: Handle Delete Port: 30e53da0-3215-4f6b-8953-414063a31cfc
2026-04-07 01:25:35.648 7 INFO neutron_taas.services.taas.tap_mirror_plugin [None req-9aeed539-4b5f-4979-97fd-57fabb70feb1 95683e6f2147485c9ac2133611a81cf5 2ceaad144b1648828f83dafb6cce8eda - - default default] Tap Mirror: Handle Delete Port: 30e53da0-3215-4f6b-8953-414063a31cfc [pid: 8|app: 0|req: 869/1831] 10.0.0.186 () {32 vars in 740 bytes} [Tue Apr 7 01:25:35 2026] DELETE /v2.0/security-groups/e88e1cb5-c4c8-420e-9047-a2ee85576dfd => generated 0 bytes in 250 msecs (HTTP/1.1 204) 2 headers in 112 bytes (1 switches on core 0)
2026-04-07 01:25:35.952 7 INFO neutron.services.segments.plugin [-] Segment 12d72e4f-3b9c-47df-b3e4-2fddd470ca9e resource provider aggregate not found
2026-04-07 01:25:35.976 7 INFO neutron.services.segments.plugin [-] Segment 12d72e4f-3b9c-47df-b3e4-2fddd470ca9e resource provider not found; error: Placement Client Error (4xx): {"errors": [{"status": 404, "title": "Not Found", "detail": "The resource could not be found.\n\n No resource provider with uuid 12d72e4f-3b9c-47df-b3e4-2fddd470ca9e found for delete ", "request_id": "req-fb4d7aa0-53be-4e09-a282-993795929f6a"}]}
2026-04-07 01:25:35.989 7 INFO neutron.services.segments.plugin [-] Segment 12d72e4f-3b9c-47df-b3e4-2fddd470ca9e resource provider aggregate not found
2026-04-07 01:25:35.996 8 INFO neutron.db.ovn_revision_numbers_db [None req-73ad4d5f-ebce-4d23-8a07-d333f575f26d 69e031291c9146ad9cf93b9bdeaa724f c861b0ba27c443eaa41f2a705b569aaf - - default default] Successfully bumped revision number for resource 91562271-aa30-40fa-aa7f-478fa68256b8 (type: security_groups) to 1 [pid: 7|app: 0|req: 963/1832] 10.0.0.186 () {32 vars in 726 bytes} [Tue Apr 7 01:25:35 2026] DELETE /v2.0/networks/ffa5b3e1-c3ea-4842-b1bb-7f2333aaf805 => generated 0 bytes in 490 msecs (HTTP/1.1 204) 3 headers in 131 bytes (1 switches on core 0)
2026-04-07 01:25:36.013 7 INFO neutron.services.segments.plugin [-] Segment 12d72e4f-3b9c-47df-b3e4-2fddd470ca9e resource provider not found; error: Placement Client Error (4xx): {"errors": [{"status": 404, "title": "Not Found", "detail": "The resource could not be found.\n\n No resource provider with uuid 12d72e4f-3b9c-47df-b3e4-2fddd470ca9e found for delete ", "request_id": "req-15701fe6-36b3-4d72-ab97-2c9d9f2a128d"}]}
2026-04-07 01:25:36.015 8 INFO neutron.db.ovn_revision_numbers_db [None req-73ad4d5f-ebce-4d23-8a07-d333f575f26d 69e031291c9146ad9cf93b9bdeaa724f c861b0ba27c443eaa41f2a705b569aaf - - default default] Successfully bumped revision number for resource 2f07ac36-cba5-4184-8c9a-5845d150d07b (type: security_group_rules) to 0
2026-04-07 01:25:36.027 8 INFO neutron.db.ovn_revision_numbers_db [None req-73ad4d5f-ebce-4d23-8a07-d333f575f26d 69e031291c9146ad9cf93b9bdeaa724f c861b0ba27c443eaa41f2a705b569aaf - - default default] Successfully bumped revision number for resource ab38f745-69e1-44ed-8524-55f3cd1facf2 (type: security_group_rules) to 0
2026-04-07 01:25:36.035 7 INFO neutron.pecan_wsgi.hooks.translation [None req-3eaba4e7-6143-4d06-beda-a8e239454b1d 95683e6f2147485c9ac2133611a81cf5 2ceaad144b1648828f83dafb6cce8eda - - default default] DELETE failed (client error): The resource could not be found. [pid: 7|app: 0|req: 964/1833] 10.0.0.186 () {32 vars in 726 bytes} [Tue Apr 7 01:25:36 2026] DELETE /v2.0/networks/ffa5b3e1-c3ea-4842-b1bb-7f2333aaf805 => generated 138 bytes in 20 msecs (HTTP/1.1 404) 4 headers in 164 bytes (1 switches on core 0)
2026-04-07 01:25:36.044 8 INFO neutron.db.ovn_revision_numbers_db [None req-73ad4d5f-ebce-4d23-8a07-d333f575f26d 69e031291c9146ad9cf93b9bdeaa724f c861b0ba27c443eaa41f2a705b569aaf - - default default] Successfully bumped revision number for resource adf85310-e331-438a-96fd-a1565933b0ca (type: security_group_rules) to 0
2026-04-07 01:25:36.063 8 INFO neutron.db.ovn_revision_numbers_db [None req-73ad4d5f-ebce-4d23-8a07-d333f575f26d 69e031291c9146ad9cf93b9bdeaa724f c861b0ba27c443eaa41f2a705b569aaf - - default default] Successfully bumped revision number for resource e6f61403-75f6-4da8-b3e6-495caabfd5d9 (type: security_group_rules) to 0 [pid: 7|app: 0|req: 965/1834] 10.0.0.186 () {32 vars in 694 bytes} [Tue Apr 7 01:25:36 2026] GET /v2.0/networks?router%3Aexternal=True => generated 689 bytes in 55 msecs (HTTP/1.1 200) 4 headers in 157 bytes (1 switches on core 0) [pid: 8|app: 0|req: 870/1835] 10.0.0.186 () {32 vars in 774 bytes} [Tue Apr 7 01:25:35 2026] GET /v2.0/security-groups?tenant_id=dd275103369249db9d1c052e8a8aea87&name=default => generated 2925 bytes in 304 msecs (HTTP/1.1 200) 4 headers in 158 bytes (1 switches on core 0) [pid: 7|app: 0|req: 966/1836] 10.0.0.186 () {32 vars in 742 bytes} [Tue Apr 7 01:25:36 2026] GET /v2.0/subnets?network_id=a154dc25-4ed1-4082-a8ed-ef87133a4c8b => generated 649 bytes in 32 msecs (HTTP/1.1 200) 4 headers in 157 bytes (1 switches on core 0) [pid: 7|app: 0|req: 967/1837] 10.0.0.186 () {32 vars in 653 bytes} [Tue Apr 7 01:25:36 2026] GET /v2.0/extensions => generated 20541 bytes in 9 msecs (HTTP/1.1 200) 4 headers in 159 bytes (1 switches on core 0) [pid: 7|app: 0|req: 968/1838] 10.0.0.186 () {32 vars in 649 bytes} [Tue Apr 7 01:25:36 2026] GET /v2.0/networks => generated 1388 bytes in 70 msecs (HTTP/1.1 200) 4 headers in 158 bytes (1 switches on core 0) [pid: 7|app: 0|req: 969/1839] 10.0.0.186 () {32 vars in 647 bytes} [Tue Apr 7 01:25:36 2026] GET /v2.0/subnets => generated 1312 bytes in 32 msecs (HTTP/1.1 200) 4 headers in 158 bytes (1 switches on core 0) [pid: 7|app: 0|req: 970/1840] 10.0.0.186 () {32 vars in 723 bytes} [Tue Apr 7 01:25:36 2026] GET /v2.0/networks/ad3df5c3-455e-4fad-b8f6-03365fddbb15 => generated 710 bytes in 61 msecs (HTTP/1.1 200) 4 headers in 157 bytes (1 switches on core 0) [pid: 7|app: 0|req: 971/1841] 10.0.0.186 () {32 vars in 721 bytes} [Tue Apr 7 01:25:36 2026] GET /v2.0/subnets/df5beb5a-a0de-4f07-be99-1cdb80141308 => generated 673 bytes in 36 msecs (HTTP/1.1 200) 4 headers in 157 bytes (1 switches on core 0)
2026-04-07 01:25:36.414 7 INFO neutron.pecan_wsgi.hooks.translation [None req-1847aae9-8a23-44d0-a945-21403c22502c 95683e6f2147485c9ac2133611a81cf5 2ceaad144b1648828f83dafb6cce8eda - - default default] DELETE failed (client error): The resource could not be found. [pid: 7|app: 0|req: 972/1842] 10.0.0.186 () {32 vars in 724 bytes} [Tue Apr 7 01:25:36 2026] DELETE /v2.0/subnets/83f0bdbe-734e-4631-99c4-b432d8e1c18f => generated 136 bytes in 19 msecs (HTTP/1.1 404) 4 headers in 164 bytes (1 switches on core 0)
2026-04-07 01:25:36.436 7 INFO neutron.pecan_wsgi.hooks.translation [None req-8f63d01c-9e09-46fd-a167-0f1fd710badf 95683e6f2147485c9ac2133611a81cf5 2ceaad144b1648828f83dafb6cce8eda - - default default] DELETE failed (client error): The resource could not be found. [pid: 7|app: 0|req: 973/1843] 10.0.0.186 () {32 vars in 726 bytes} [Tue Apr 7 01:25:36 2026] DELETE /v2.0/networks/ffa5b3e1-c3ea-4842-b1bb-7f2333aaf805 => generated 138 bytes in 15 msecs (HTTP/1.1 404) 4 headers in 164 bytes (1 switches on core 0) [pid: 8|app: 0|req: 871/1844] 10.0.0.186 () {32 vars in 740 bytes} [Tue Apr 7 01:25:36 2026] DELETE /v2.0/security-groups/91562271-aa30-40fa-aa7f-478fa68256b8 => generated 0 bytes in 516 msecs (HTTP/1.1 204) 2 headers in 112 bytes (1 switches on core 0) [pid: 7|app: 0|req: 974/1845] 10.0.0.186 () {32 vars in 724 bytes} [Tue Apr 7 01:25:36 2026] DELETE /v2.0/subnets/df5beb5a-a0de-4f07-be99-1cdb80141308 => generated 0 bytes in 199 msecs (HTTP/1.1 204) 3 headers in 131 bytes (1 switches on core 0) [pid: 8|app: 0|req: 872/1846] 10.0.0.253 () {34 vars in 990 bytes} [Tue Apr 7 01:25:36 2026] GET /v2.0/ports?device_id=488a5570-ec58-4716-b536-fa405ad64a43 => generated 12 bytes in 21 msecs (HTTP/1.1 200) 4 headers in 156 bytes (1 switches on core 0)
2026-04-07 01:25:36.776 7 INFO neutron_taas.services.taas.taas_plugin [None req-5aa017ab-cb54-4efe-8490-3fc1b4127373 95683e6f2147485c9ac2133611a81cf5 2ceaad144b1648828f83dafb6cce8eda - - default default] TaaS: Handle Delete Port: 74a1a2a3-9e48-4fee-8bf3-a17322a52d22
2026-04-07 01:25:36.781 7 INFO neutron_taas.services.taas.tap_mirror_plugin [None req-5aa017ab-cb54-4efe-8490-3fc1b4127373 95683e6f2147485c9ac2133611a81cf5 2ceaad144b1648828f83dafb6cce8eda - - default default] Tap Mirror: Handle Delete Port: 74a1a2a3-9e48-4fee-8bf3-a17322a52d22 [pid: 7|app: 0|req: 975/1847] 10.0.0.186 () {32 vars in 726 bytes} [Tue Apr 7 01:25:36 2026] DELETE /v2.0/networks/ad3df5c3-455e-4fad-b8f6-03365fddbb15 => generated 0 bytes in 347 msecs (HTTP/1.1 204) 3 headers in 131 bytes (1 switches on core 0) [pid: 7|app: 0|req: 976/1848] 199.204.45.77 () {34 vars in 985 bytes} [Tue Apr 7 01:25:37 2026] GET /v2.0/networks?id=0d5cabc8-370c-4dee-a1bf-3689d3c14ea3 => generated 698 bytes in 42 msecs (HTTP/1.1 200) 4 headers in 157 bytes (1 switches on core 0) [pid: 7|app: 0|req: 977/1849] 199.204.45.77 () {34 vars in 1049 bytes} [Tue Apr 7 01:25:37 2026] GET /v2.0/security-groups?fields=id&fields=name&tenant_id=fa9521c47cb34cb6b8e2901f2f1b236e => generated 274 bytes in 34 msecs (HTTP/1.1 200) 4 headers in 157 bytes (1 switches on core 0) [pid: 8|app: 0|req: 873/1850] 10.0.0.186 () {32 vars in 774 bytes} [Tue Apr 7 01:25:37 2026] GET /v2.0/security-groups?tenant_id=2ceaad144b1648828f83dafb6cce8eda&name=default => generated 2925 bytes in 144 msecs (HTTP/1.1 200) 4 headers in 158 bytes (1 switches on core 0)
2026-04-07 01:25:37.944 7 WARNING neutron.scheduler.dhcp_agent_scheduler [req-969ef0db-4967-45e1-b86f-79af7922853f req-e537fe9d-5154-4014-a2d7-d16d7e0279e0 0f12949441c449ef977cb13df8a43abf fa9521c47cb34cb6b8e2901f2f1b236e - - default default] No more DHCP agents
2026-04-07 01:25:37.945 7 WARNING neutron.api.rpc.agentnotifiers.dhcp_rpc_agent_api [req-969ef0db-4967-45e1-b86f-79af7922853f req-e537fe9d-5154-4014-a2d7-d16d7e0279e0 0f12949441c449ef977cb13df8a43abf fa9521c47cb34cb6b8e2901f2f1b236e - - default default] Unable to schedule network 0d5cabc8-370c-4dee-a1bf-3689d3c14ea3: no agents available; will retry on subsequent port and subnet creation events. [pid: 8|app: 0|req: 874/1851] 10.0.0.186 () {32 vars in 740 bytes} [Tue Apr 7 01:25:37 2026] DELETE /v2.0/security-groups/233929b8-6b8c-482a-9d4d-7dd8ef62a992 => generated 0 bytes in 250 msecs (HTTP/1.1 204) 2 headers in 112 bytes (1 switches on core 0)
2026-04-07 01:25:37.997 7 INFO neutron.services.segments.plugin [-] Segment 5415c9f1-eea7-4c40-a441-6bc3a7c5fc53 resource provider aggregate not found
2026-04-07 01:25:38.026 7 INFO neutron.services.segments.plugin [-] Segment 5415c9f1-eea7-4c40-a441-6bc3a7c5fc53 resource provider not found; error: Placement Client Error (4xx): {"errors": [{"status": 404, "title": "Not Found", "detail": "The resource could not be found.\n\n No resource provider with uuid 5415c9f1-eea7-4c40-a441-6bc3a7c5fc53 found for delete ", "request_id": "req-8eb8a6a5-5ded-4a36-95f7-eef4f3ec4c18"}]}
2026-04-07 01:25:38.037 7 INFO neutron.services.segments.plugin [-] Segment 5415c9f1-eea7-4c40-a441-6bc3a7c5fc53 resource provider aggregate not found [pid: 8|app: 0|req: 875/1852] 10.0.0.253 () {34 vars in 990 bytes} [Tue Apr 7 01:25:37 2026] GET /v2.0/ports?device_id=488a5570-ec58-4716-b536-fa405ad64a43 => generated 961 bytes in 96 msecs (HTTP/1.1 200) 4 headers in 157 bytes (1 switches on core 0)
2026-04-07 01:25:38.071 7 INFO neutron.services.segments.plugin [-] Segment 5415c9f1-eea7-4c40-a441-6bc3a7c5fc53 resource provider not found; error: Placement Client Error (4xx): {"errors": [{"status": 404, "title": "Not Found", "detail": "The resource could not be found.\n\n No resource provider with uuid 5415c9f1-eea7-4c40-a441-6bc3a7c5fc53 found for delete ", "request_id": "req-752201c4-4d36-479f-b8c1-643734d41d22"}]}
2026-04-07 01:25:38.085 8 INFO neutron.plugins.ml2.drivers.ovn.mech_driver.mech_driver [None req-7a2daea0-1fff-458c-96bf-4313495099d2 - - - - - -] OVN reports status down for port: a538934d-769e-4049-bc56-179cb9e96246
2026-04-07 01:25:38.120 7 INFO neutron.db.ovn_revision_numbers_db [req-969ef0db-4967-45e1-b86f-79af7922853f req-e537fe9d-5154-4014-a2d7-d16d7e0279e0 0f12949441c449ef977cb13df8a43abf fa9521c47cb34cb6b8e2901f2f1b236e - - default default] Successfully bumped revision number for resource a538934d-769e-4049-bc56-179cb9e96246 (type: ports) to 1 [pid: 8|app: 0|req: 876/1853] 10.0.0.253 () {34 vars in 1040 bytes} [Tue Apr 7 01:25:38 2026] GET /v2.0/security-groups?id=f2f55e22-4de6-4b4f-b344-e6793df12884&fields=id&fields=name => generated 114 bytes in 60 msecs (HTTP/1.1 200) 4 headers in 157 bytes (1 switches on core 0) [pid: 7|app: 0|req: 978/1854] 199.204.45.77 () {38 vars in 954 bytes} [Tue Apr 7 01:25:37 2026] POST /v2.0/ports => generated 958 bytes in 518 msecs (HTTP/1.1 201) 4 headers in 162 bytes (1 switches on core 0)
2026-04-07 01:25:38.668 8 INFO neutron.db.ovn_revision_numbers_db [req-969ef0db-4967-45e1-b86f-79af7922853f req-47ea9b50-e75c-46bd-b0d3-325b0a2e2f6c c8efeb7380fd43e6a1b6d4461bddf8c4 cf940c5aa7a941789ae59fea51ccbe2c - - f7899d2964574a58abc387e262caeb74 f7899d2964574a58abc387e262caeb74] Successfully bumped revision number for resource a538934d-769e-4049-bc56-179cb9e96246 (type: ports) to 2
2026-04-07 01:25:38.940 8 INFO neutron.db.ovn_revision_numbers_db [req-969ef0db-4967-45e1-b86f-79af7922853f req-47ea9b50-e75c-46bd-b0d3-325b0a2e2f6c c8efeb7380fd43e6a1b6d4461bddf8c4 cf940c5aa7a941789ae59fea51ccbe2c - - f7899d2964574a58abc387e262caeb74 f7899d2964574a58abc387e262caeb74] Successfully bumped revision number for resource a538934d-769e-4049-bc56-179cb9e96246 (type: ports) to 4 [pid: 8|app: 0|req: 877/1855] 199.204.45.77 () {38 vars in 1027 bytes} [Tue Apr 7 01:25:38 2026] PUT /v2.0/ports/a538934d-769e-4049-bc56-179cb9e96246 => generated 1208 bytes in 759 msecs (HTTP/1.1 200) 4 headers in 158 bytes (1 switches on core 0)
2026-04-07 01:25:38.999 8 INFO neutron.notifiers.nova [-] Nova event matching ['req-d5e5dc98-2cd9-4a76-b56f-8dd8a8a982e8'] response: {'name': 'network-changed', 'server_uuid': '488a5570-ec58-4716-b536-fa405ad64a43', 'tag': 'a538934d-769e-4049-bc56-179cb9e96246', 'status': 'completed', 'code': 200} /var/lib/openstack/lib/python3.12/site-packages/pycadf/identifier.py:70: UserWarning: Invalid uuid: neutron. To ensure interoperability, identifiers should be a valid uuid. warnings.warn(('Invalid uuid: %s. To ensure interoperability, ' [pid: 7|app: 0|req: 979/1856] 10.0.0.253 () {34 vars in 990 bytes} [Tue Apr 7 01:25:39 2026] GET /v2.0/ports?device_id=488a5570-ec58-4716-b536-fa405ad64a43 => generated 973 bytes in 33 msecs (HTTP/1.1 200) 4 headers in 157 bytes (1 switches on core 0) /var/lib/openstack/lib/python3.12/site-packages/pycadf/identifier.py:70: UserWarning: Invalid uuid: neutron. To ensure interoperability, identifiers should be a valid uuid. warnings.warn(('Invalid uuid: %s. To ensure interoperability, ' [pid: 8|app: 0|req: 878/1857] 10.0.0.253 () {34 vars in 1040 bytes} [Tue Apr 7 01:25:39 2026] GET /v2.0/security-groups?id=f2f55e22-4de6-4b4f-b344-e6793df12884&fields=id&fields=name => generated 114 bytes in 34 msecs (HTTP/1.1 200) 4 headers in 157 bytes (1 switches on core 0) [pid: 8|app: 0|req: 879/1858] 199.204.45.77 () {34 vars in 1079 bytes} [Tue Apr 7 01:25:39 2026] GET /v2.0/ports?tenant_id=fa9521c47cb34cb6b8e2901f2f1b236e&device_id=488a5570-ec58-4716-b536-fa405ad64a43 => generated 1211 bytes in 38 msecs (HTTP/1.1 200) 4 headers in 158 bytes (1 switches on core 0) [pid: 8|app: 0|req: 880/1859] 199.204.45.77 () {34 vars in 1017 bytes} [Tue Apr 7 01:25:39 2026] GET /v2.0/networks?tenant_id=fa9521c47cb34cb6b8e2901f2f1b236e&shared=False => generated 797 bytes in 44 msecs (HTTP/1.1 200) 4 headers in 157 bytes (1 switches on core 0) [pid: 8|app: 0|req: 881/1860] 199.204.45.77 () {34 vars in 929 bytes} [Tue Apr 7 01:25:39 2026] GET /v2.0/networks?shared=True => generated 791 bytes in 52 msecs (HTTP/1.1 200) 4 headers in 157 bytes (1 switches on core 0)
2026-04-07 01:25:39.766 7 INFO neutron.db.ovn_revision_numbers_db [None req-2719822c-b6ee-452d-b5ca-fb3b28a579c0 2ac8865818aa4427974b85ef75b69380 677fa295740645068aee20cfe21d4759 - - default default] Successfully bumped revision number for resource 0156e65e-d4c3-4b41-b413-733977887211 (type: security_groups) to 1
2026-04-07 01:25:39.784 7 INFO neutron.db.ovn_revision_numbers_db [None req-2719822c-b6ee-452d-b5ca-fb3b28a579c0 2ac8865818aa4427974b85ef75b69380 677fa295740645068aee20cfe21d4759 - - default default] Successfully bumped revision number for resource 6272f200-86db-413d-81bc-9e957e83649b (type: security_group_rules) to 0
2026-04-07 01:25:39.798 7 INFO neutron.db.ovn_revision_numbers_db [None req-2719822c-b6ee-452d-b5ca-fb3b28a579c0 2ac8865818aa4427974b85ef75b69380 677fa295740645068aee20cfe21d4759 - - default default] Successfully bumped revision number for resource 6ee03394-ddac-4b02-852a-9bb505c9f5e7 (type: security_group_rules) to 0
2026-04-07 01:25:39.812 7 INFO neutron.db.ovn_revision_numbers_db [None req-2719822c-b6ee-452d-b5ca-fb3b28a579c0 2ac8865818aa4427974b85ef75b69380 677fa295740645068aee20cfe21d4759 - - default default] Successfully bumped revision number for resource 7b05fe23-798c-451d-b3db-06810c2f860c (type: security_group_rules) to 0
2026-04-07 01:25:39.826 7 INFO neutron.db.ovn_revision_numbers_db [None req-2719822c-b6ee-452d-b5ca-fb3b28a579c0 2ac8865818aa4427974b85ef75b69380 677fa295740645068aee20cfe21d4759 - - default default] Successfully bumped revision number for resource d8c7262c-29aa-4ea2-9a0d-b2a0b5e6e82a (type: security_group_rules) to 0
2026-04-07 01:25:39.916 7 INFO neutron.db.segments_db [None req-2719822c-b6ee-452d-b5ca-fb3b28a579c0 2ac8865818aa4427974b85ef75b69380 677fa295740645068aee20cfe21d4759 - - default default] Added segment 2a2630ad-5866-407b-8b68-c5dbed7b88de of type geneve for network 492e4de7-97d6-44c4-9368-4b0db5750ce4
2026-04-07 01:25:40.035 7 INFO neutron.db.ovn_revision_numbers_db [None req-2719822c-b6ee-452d-b5ca-fb3b28a579c0 2ac8865818aa4427974b85ef75b69380 677fa295740645068aee20cfe21d4759 - - default default] Successfully bumped revision number for resource 492e4de7-97d6-44c4-9368-4b0db5750ce4 (type: networks) to 1
2026-04-07 01:25:40.175 8 INFO neutron.db.ovn_revision_numbers_db [None req-5c9cffe8-7b4a-484d-b850-2502a509fb21 ca3f28ad2af7426c986da18ca3c34ea1 ef74118942ba4cf7b47b762aa836e350 - - default default] Successfully bumped revision number for resource f56aee76-fa82-4138-8bd1-3d6ea93355a4 (type: security_groups) to 1
2026-04-07 01:25:40.190 8 INFO neutron.db.ovn_revision_numbers_db [None req-5c9cffe8-7b4a-484d-b850-2502a509fb21 ca3f28ad2af7426c986da18ca3c34ea1 ef74118942ba4cf7b47b762aa836e350 - - default default] Successfully bumped revision number for resource 66ab9ab1-1fb2-4693-a81c-e98965bf3ca5 (type: security_group_rules) to 0
2026-04-07 01:25:40.203 8 INFO neutron.db.ovn_revision_numbers_db [None req-5c9cffe8-7b4a-484d-b850-2502a509fb21 ca3f28ad2af7426c986da18ca3c34ea1 ef74118942ba4cf7b47b762aa836e350 - - default default] Successfully bumped revision number for resource a59688b7-f01b-427e-a67a-35d8adcc979a (type: security_group_rules) to 0
2026-04-07 01:25:40.221 8 INFO neutron.db.ovn_revision_numbers_db [None req-5c9cffe8-7b4a-484d-b850-2502a509fb21 ca3f28ad2af7426c986da18ca3c34ea1 ef74118942ba4cf7b47b762aa836e350 - - default default] Successfully bumped revision number for resource b4e191a4-9f98-4f1c-8d79-297579f0d71a (type: security_group_rules) to 0
2026-04-07 01:25:40.237 7 WARNING neutron.scheduler.dhcp_agent_scheduler [None req-2719822c-b6ee-452d-b5ca-fb3b28a579c0 2ac8865818aa4427974b85ef75b69380 677fa295740645068aee20cfe21d4759 - - default default] No more DHCP agents
2026-04-07 01:25:40.238 8 INFO neutron.db.ovn_revision_numbers_db [None req-5c9cffe8-7b4a-484d-b850-2502a509fb21 ca3f28ad2af7426c986da18ca3c34ea1 ef74118942ba4cf7b47b762aa836e350 - - default default] Successfully bumped revision number for resource cf7feeac-5cb1-4e05-bbec-3cc75d165113 (type: security_group_rules) to 0
2026-04-07 01:25:40.239 7 WARNING neutron.api.rpc.agentnotifiers.dhcp_rpc_agent_api [None req-2719822c-b6ee-452d-b5ca-fb3b28a579c0 2ac8865818aa4427974b85ef75b69380 677fa295740645068aee20cfe21d4759 - - default default] Unable to schedule network 492e4de7-97d6-44c4-9368-4b0db5750ce4: no agents available; will retry on subsequent port and subnet creation events.
2026-04-07 01:25:40.289 8 INFO neutron.plugins.ml2.drivers.ovn.mech_driver.mech_driver [None req-7a2daea0-1fff-458c-96bf-4313495099d2 - - - - - -] OVN reports status down for port: cb0da281-069f-4390-9293-ad5d5a2bb6f2
2026-04-07 01:25:40.326 7 INFO neutron.db.ovn_revision_numbers_db [None req-2719822c-b6ee-452d-b5ca-fb3b28a579c0 2ac8865818aa4427974b85ef75b69380 677fa295740645068aee20cfe21d4759 - - default default] Successfully bumped revision number for resource cb0da281-069f-4390-9293-ad5d5a2bb6f2 (type: ports) to 1
2026-04-07 01:25:40.331 8 INFO neutron.db.segments_db [None req-5c9cffe8-7b4a-484d-b850-2502a509fb21 ca3f28ad2af7426c986da18ca3c34ea1 ef74118942ba4cf7b47b762aa836e350 - - default default] Added segment 32aeeb8f-af6d-4f92-a8e9-08debd8b3da5 of type geneve for network f26bf353-d7ef-4d63-97bc-ee2baf667fd6 [pid: 7|app: 0|req: 980/1861] 10.0.0.186 () {34 vars in 670 bytes} [Tue Apr 7 01:25:39 2026] POST /v2.0/networks => generated 749 bytes in 944 msecs (HTTP/1.1 201) 4 headers in 162 bytes (1 switches on core 0) [pid: 7|app: 0|req: 981/1862] 10.0.0.253 () {34 vars in 990 bytes} [Tue Apr 7 01:25:40 2026] GET /v2.0/ports?device_id=488a5570-ec58-4716-b536-fa405ad64a43 => generated 973 bytes in 46 msecs (HTTP/1.1 200) 4 headers in 157 bytes (1 switches on core 0)
2026-04-07 01:25:40.564 8 INFO neutron.db.ovn_revision_numbers_db [None req-5c9cffe8-7b4a-484d-b850-2502a509fb21 ca3f28ad2af7426c986da18ca3c34ea1 ef74118942ba4cf7b47b762aa836e350 - - default default] Successfully bumped revision number for resource f26bf353-d7ef-4d63-97bc-ee2baf667fd6 (type: networks) to 1
2026-04-07 01:25:40.699 7 WARNING neutron.scheduler.dhcp_agent_scheduler [None req-2f2f18e9-cdd5-438a-bf8b-578fdc982048 2ac8865818aa4427974b85ef75b69380 677fa295740645068aee20cfe21d4759 - - default default] No more DHCP agents
2026-04-07 01:25:40.701 7 WARNING neutron.api.rpc.agentnotifiers.dhcp_rpc_agent_api [None req-2f2f18e9-cdd5-438a-bf8b-578fdc982048 2ac8865818aa4427974b85ef75b69380 677fa295740645068aee20cfe21d4759 - - default default] Unable to schedule network 492e4de7-97d6-44c4-9368-4b0db5750ce4: no agents available; will retry on subsequent port and subnet creation events.
2026-04-07 01:25:40.732 8 WARNING neutron.scheduler.dhcp_agent_scheduler [None req-5c9cffe8-7b4a-484d-b850-2502a509fb21 ca3f28ad2af7426c986da18ca3c34ea1 ef74118942ba4cf7b47b762aa836e350 - - default default] No more DHCP agents
2026-04-07 01:25:40.733 8 WARNING neutron.api.rpc.agentnotifiers.dhcp_rpc_agent_api [None req-5c9cffe8-7b4a-484d-b850-2502a509fb21 ca3f28ad2af7426c986da18ca3c34ea1 ef74118942ba4cf7b47b762aa836e350 - - default default] Unable to schedule network f26bf353-d7ef-4d63-97bc-ee2baf667fd6: no agents available; will retry on subsequent port and subnet creation events.
2026-04-07 01:25:40.777 8 INFO neutron.plugins.ml2.drivers.ovn.mech_driver.mech_driver [None req-7a2daea0-1fff-458c-96bf-4313495099d2 - - - - - -] OVN reports status down for port: 4bdc2710-5086-41ac-a395-15dc85543a18
2026-04-07 01:25:40.835 8 INFO neutron.db.ovn_revision_numbers_db [None req-5c9cffe8-7b4a-484d-b850-2502a509fb21 ca3f28ad2af7426c986da18ca3c34ea1 ef74118942ba4cf7b47b762aa836e350 - - default default] Successfully bumped revision number for resource 4bdc2710-5086-41ac-a395-15dc85543a18 (type: ports) to 1 [pid: 8|app: 0|req: 882/1863] 10.0.0.186 () {34 vars in 670 bytes} [Tue Apr 7 01:25:39 2026] POST /v2.0/networks => generated 649 bytes in 1005 msecs (HTTP/1.1 201) 4 headers in 162 bytes (1 switches on core 0) [pid: 8|app: 0|req: 883/1864] 10.0.0.253 () {34 vars in 1040 bytes} [Tue Apr 7 01:25:40 2026] GET /v2.0/security-groups?id=f2f55e22-4de6-4b4f-b344-e6793df12884&fields=id&fields=name => generated 114 bytes in 37 msecs (HTTP/1.1 200) 4 headers in 157 bytes (1 switches on core 0) [pid: 8|app: 0|req: 884/1865] 199.204.45.77 () {34 vars in 1079 bytes} [Tue Apr 7 01:25:40 2026] GET /v2.0/ports?tenant_id=fa9521c47cb34cb6b8e2901f2f1b236e&device_id=488a5570-ec58-4716-b536-fa405ad64a43 => generated 1211 bytes in 37 msecs (HTTP/1.1 200) 4 headers in 158 bytes (1 switches on core 0)
2026-04-07 01:25:41.048 8 INFO neutron.db.segments_db [None req-5e2e54db-9a12-42bf-b960-b8c6cc93a44a ca3f28ad2af7426c986da18ca3c34ea1 ef74118942ba4cf7b47b762aa836e350 - - default default] Added segment 3fb8fe6a-5d3f-43e7-9e98-9f6960e2da14 of type geneve for network 66171d7d-87f3-4e4b-9c64-3104fc62ba3b
2026-04-07 01:25:41.151 7 INFO neutron.db.ovn_revision_numbers_db [None req-d647c5bb-3da4-4e12-ac9c-3a432c625103 - - - - - -] Successfully bumped revision number for resource cb0da281-069f-4390-9293-ad5d5a2bb6f2 (type: ports) to 2
2026-04-07 01:25:41.167 8 INFO neutron.db.ovn_revision_numbers_db [None req-5e2e54db-9a12-42bf-b960-b8c6cc93a44a ca3f28ad2af7426c986da18ca3c34ea1 ef74118942ba4cf7b47b762aa836e350 - - default default] Successfully bumped revision number for resource 66171d7d-87f3-4e4b-9c64-3104fc62ba3b (type: networks) to 1
2026-04-07 01:25:41.184 7 INFO neutron.db.ovn_revision_numbers_db [None req-d647c5bb-3da4-4e12-ac9c-3a432c625103 - - - - - -] Successfully bumped revision number for resource d445586b-99af-47be-83f1-b31e4464333a (type: subnets) to 0 [pid: 7|app: 0|req: 982/1866] 10.0.0.186 () {34 vars in 669 bytes} [Tue Apr 7 01:25:40 2026] POST /v2.0/subnets => generated 644 bytes in 804 msecs (HTTP/1.1 201) 4 headers in 162 bytes (1 switches on core 0) [pid: 7|app: 0|req: 985/1869] 199.204.45.77 () {34 vars in 1059 bytes} [Tue Apr 7 01:25:41 2026] GET /v2.0/floatingips?fixed_ip_address=10.100.0.14&port_id=a538934d-769e-4049-bc56-179cb9e96246 => generated 19 bytes in 17 msecs (HTTP/1.1 200) 4 headers in 156 bytes (1 switches on core 0)
2026-04-07 01:25:41.335 8 WARNING neutron.scheduler.dhcp_agent_scheduler [None req-5e2e54db-9a12-42bf-b960-b8c6cc93a44a ca3f28ad2af7426c986da18ca3c34ea1 ef74118942ba4cf7b47b762aa836e350 - - default default] No more DHCP agents
2026-04-07 01:25:41.336 8 WARNING neutron.api.rpc.agentnotifiers.dhcp_rpc_agent_api [None req-5e2e54db-9a12-42bf-b960-b8c6cc93a44a ca3f28ad2af7426c986da18ca3c34ea1 ef74118942ba4cf7b47b762aa836e350 - - default default] Unable to schedule network 66171d7d-87f3-4e4b-9c64-3104fc62ba3b: no agents available; will retry on subsequent port and subnet creation events.
2026-04-07 01:25:41.378 8 INFO neutron.plugins.ml2.drivers.ovn.mech_driver.mech_driver [None req-7a2daea0-1fff-458c-96bf-4313495099d2 - - - - - -] OVN reports status down for port: cb5d6ba7-4016-4c8e-88bf-2472332fc750
2026-04-07 01:25:41.437 8 INFO neutron.db.ovn_revision_numbers_db [None req-5e2e54db-9a12-42bf-b960-b8c6cc93a44a ca3f28ad2af7426c986da18ca3c34ea1 ef74118942ba4cf7b47b762aa836e350 - - default default] Successfully bumped revision number for resource cb5d6ba7-4016-4c8e-88bf-2472332fc750 (type: ports) to 1 [pid: 8|app: 0|req: 885/1870] 10.0.0.186 () {34 vars in 670 bytes} [Tue Apr 7 01:25:40 2026] POST /v2.0/networks => generated 649 bytes in 524 msecs (HTTP/1.1 201) 4 headers in 162 bytes (1 switches on core 0)
2026-04-07 01:25:41.501 8 WARNING neutron.api.v2.base [None req-2ff27d2a-20ca-4efb-8444-836d6603e2aa 2ac8865818aa4427974b85ef75b69380 677fa295740645068aee20cfe21d4759 - - default default] An exception happened while processing the request body. The exception message is [Invalid input for target_tenant. Reason: 'None' is not a valid string.].: webob.exc.HTTPBadRequest: Invalid input for target_tenant. Reason: 'None' is not a valid string.
2026-04-07 01:25:41.503 8 INFO neutron.api.v2.resource [None req-2ff27d2a-20ca-4efb-8444-836d6603e2aa 2ac8865818aa4427974b85ef75b69380 677fa295740645068aee20cfe21d4759 - - default default] create failed (client error): Invalid input for target_tenant. Reason: 'None' is not a valid string. [pid: 8|app: 0|req: 886/1871] 10.0.0.186 () {34 vars in 681 bytes} [Tue Apr 7 01:25:41 2026] POST /v2.0/rbac-policies => generated 143 bytes in 17 msecs (HTTP/1.1 400) 4 headers in 166 bytes (1 switches on core 0)
2026-04-07 01:25:41.513 7 INFO neutron.db.ovn_revision_numbers_db [None req-417083c1-36b7-493d-a34e-cbe269fef747 27364a3b70034bfe8a5d5ef4a3bb03b8 b278fe28ea7c430296649f1425cf818c - - default default] Successfully bumped revision number for resource 18ccc634-1899-4e8c-a6a6-21ce9ef888a2 (type: security_groups) to 1
2026-04-07 01:25:41.526 7 INFO neutron.db.ovn_revision_numbers_db [None req-417083c1-36b7-493d-a34e-cbe269fef747 27364a3b70034bfe8a5d5ef4a3bb03b8 b278fe28ea7c430296649f1425cf818c - - default default] Successfully bumped revision number for resource 1a8c8f4b-0a6b-436d-902b-3ee718d3658d (type: security_group_rules) to 0 [pid: 8|app: 0|req: 887/1872] 199.204.45.77 () {34 vars in 983 bytes} [Tue Apr 7 01:25:41 2026] GET /v2.0/subnets?id=5e0e8232-a8a1-4c5d-84f9-5c840f4130bf => generated 677 bytes in 28 msecs (HTTP/1.1 200) 4 headers in 157 bytes (1 switches on core 0)
2026-04-07 01:25:41.545 7 INFO neutron.db.ovn_revision_numbers_db [None req-417083c1-36b7-493d-a34e-cbe269fef747 27364a3b70034bfe8a5d5ef4a3bb03b8 b278fe28ea7c430296649f1425cf818c - - default default] Successfully bumped revision number for resource 4c354ec4-9d8a-4b80-9ae4-d8b71859dc7e (type: security_group_rules) to 0
2026-04-07 01:25:41.557 7 INFO neutron.db.ovn_revision_numbers_db [None req-417083c1-36b7-493d-a34e-cbe269fef747 27364a3b70034bfe8a5d5ef4a3bb03b8 b278fe28ea7c430296649f1425cf818c - - default default] Successfully bumped revision number for resource 8d871ee3-d2ae-4dd0-88bb-86ea9b18292c (type: security_group_rules) to 0
2026-04-07 01:25:41.569 7 INFO neutron.db.ovn_revision_numbers_db [None req-417083c1-36b7-493d-a34e-cbe269fef747 27364a3b70034bfe8a5d5ef4a3bb03b8 b278fe28ea7c430296649f1425cf818c - - default default] Successfully bumped revision number for resource c3773028-5d2d-4a78-b93f-119efb941e6a (type: security_group_rules) to 0
2026-04-07 01:25:41.648 7 INFO neutron.db.segments_db [None req-417083c1-36b7-493d-a34e-cbe269fef747 27364a3b70034bfe8a5d5ef4a3bb03b8 b278fe28ea7c430296649f1425cf818c - - default default] Added segment 9d4b353e-8845-490d-aef0-b526e46b7d4a of type geneve for network 3dba1d35-0c26-4ab4-8753-2023994a2691
2026-04-07 01:25:41.744 8 WARNING neutron.scheduler.dhcp_agent_scheduler [None req-8b974487-0af0-4fd3-b3b7-b31be6202da8 ca3f28ad2af7426c986da18ca3c34ea1 ef74118942ba4cf7b47b762aa836e350 - - default default] No more DHCP agents
2026-04-07 01:25:41.746 8 WARNING neutron.api.rpc.agentnotifiers.dhcp_rpc_agent_api [None req-8b974487-0af0-4fd3-b3b7-b31be6202da8 ca3f28ad2af7426c986da18ca3c34ea1 ef74118942ba4cf7b47b762aa836e350 - - default default] Unable to schedule network f26bf353-d7ef-4d63-97bc-ee2baf667fd6: no agents available; will retry on subsequent port and subnet creation events.
2026-04-07 01:25:41.758 7 INFO neutron.db.ovn_revision_numbers_db [None req-417083c1-36b7-493d-a34e-cbe269fef747 27364a3b70034bfe8a5d5ef4a3bb03b8 b278fe28ea7c430296649f1425cf818c - - default default] Successfully bumped revision number for resource 3dba1d35-0c26-4ab4-8753-2023994a2691 (type: networks) to 1
2026-04-07 01:25:41.925 7 WARNING neutron.scheduler.dhcp_agent_scheduler [None req-417083c1-36b7-493d-a34e-cbe269fef747 27364a3b70034bfe8a5d5ef4a3bb03b8 b278fe28ea7c430296649f1425cf818c - - default default] No more DHCP agents
2026-04-07 01:25:41.927 7 WARNING neutron.api.rpc.agentnotifiers.dhcp_rpc_agent_api [None req-417083c1-36b7-493d-a34e-cbe269fef747 27364a3b70034bfe8a5d5ef4a3bb03b8 b278fe28ea7c430296649f1425cf818c - - default default] Unable to schedule network 3dba1d35-0c26-4ab4-8753-2023994a2691: no agents available; will retry on subsequent port and subnet creation events.
2026-04-07 01:25:41.971 8 INFO neutron.plugins.ml2.drivers.ovn.mech_driver.mech_driver [None req-7a2daea0-1fff-458c-96bf-4313495099d2 - - - - - -] OVN reports status down for port: e4056aa4-5c68-4488-ac1b-27872ce3da3d
2026-04-07 01:25:42.011 7 INFO neutron.db.ovn_revision_numbers_db [None req-417083c1-36b7-493d-a34e-cbe269fef747 27364a3b70034bfe8a5d5ef4a3bb03b8 b278fe28ea7c430296649f1425cf818c - - default default] Successfully bumped revision number for resource e4056aa4-5c68-4488-ac1b-27872ce3da3d (type: ports) to 1 [pid: 7|app: 0|req: 986/1873] 10.0.0.186 () {34 vars in 670 bytes} [Tue Apr 7 01:25:41 2026] POST /v2.0/networks => generated 651 bytes in 819 msecs (HTTP/1.1 201) 4 headers in 162 bytes (1 switches on core 0)
2026-04-07 01:25:42.173 7 INFO neutron_taas.services.taas.taas_plugin [None req-0cca33a0-b47b-409f-b826-701d23bf9750 2ac8865818aa4427974b85ef75b69380 677fa295740645068aee20cfe21d4759 - - default default] TaaS: Handle Delete Port: cb0da281-069f-4390-9293-ad5d5a2bb6f2
2026-04-07 01:25:42.175 7 INFO neutron_taas.services.taas.tap_mirror_plugin [None req-0cca33a0-b47b-409f-b826-701d23bf9750 2ac8865818aa4427974b85ef75b69380 677fa295740645068aee20cfe21d4759 - - default default] Tap Mirror: Handle Delete Port: cb0da281-069f-4390-9293-ad5d5a2bb6f2
2026-04-07 01:25:42.241 8 INFO neutron.db.ovn_revision_numbers_db [None req-65cc9fe8-ed63-4008-b9b1-616b97315328 - - - - - -] Successfully bumped revision number for resource 4bdc2710-5086-41ac-a395-15dc85543a18 (type: ports) to 2
2026-04-07 01:25:42.269 8 INFO neutron.db.ovn_revision_numbers_db [None req-65cc9fe8-ed63-4008-b9b1-616b97315328 - - - - - -] Successfully bumped revision number for resource 700307aa-2eff-4e78-822b-c290baf5a505 (type: subnets) to 0 [pid: 8|app: 0|req: 888/1874] 10.0.0.186 () {34 vars in 669 bytes} [Tue Apr 7 01:25:41 2026] POST /v2.0/subnets => generated 626 bytes in 750 msecs (HTTP/1.1 201) 4 headers in 162 bytes (1 switches on core 0) [pid: 8|app: 0|req: 889/1875] 199.204.45.77 () {34 vars in 1051 bytes} [Tue Apr 7 01:25:42 2026] GET /v2.0/ports?network_id=0d5cabc8-370c-4dee-a1bf-3689d3c14ea3&device_owner=network%3Adhcp => generated 12 bytes in 18 msecs (HTTP/1.1 200) 4 headers in 156 bytes (1 switches on core 0) [pid: 8|app: 0|req: 890/1876] 10.0.0.253 () {34 vars in 990 bytes} [Tue Apr 7 01:25:42 2026] GET /v2.0/ports?device_id=488a5570-ec58-4716-b536-fa405ad64a43 => generated 973 bytes in 45 msecs (HTTP/1.1 200) 4 headers in 157 bytes (1 switches on core 0)
2026-04-07 01:25:42.470 7 INFO neutron.services.segments.plugin [-] Segment 2a2630ad-5866-407b-8b68-c5dbed7b88de resource provider aggregate not found
2026-04-07 01:25:42.477 7 INFO neutron.services.segments.plugin [-] Segment 2a2630ad-5866-407b-8b68-c5dbed7b88de resource provider aggregate not found
2026-04-07 01:25:42.488 7 INFO neutron.services.segments.plugin [-] Segment 2a2630ad-5866-407b-8b68-c5dbed7b88de resource provider not found; error: Placement Client Error (4xx): {"errors": [{"status": 404, "title": "Not Found", "detail": "The resource could not be found.\n\n No resource provider with uuid 2a2630ad-5866-407b-8b68-c5dbed7b88de found for delete ", "request_id": "req-5d6b10d6-5bbc-4ee2-960b-62def4cfac79"}]}
2026-04-07 01:25:42.499 7 INFO neutron.services.segments.plugin [-] Segment 2a2630ad-5866-407b-8b68-c5dbed7b88de resource provider not found; error: Placement Client Error (4xx): {"errors": [{"status": 404, "title": "Not Found", "detail": "The resource could not be found.\n\n No resource provider with uuid 2a2630ad-5866-407b-8b68-c5dbed7b88de found for delete ", "request_id": "req-3022fba6-56a7-4956-9a89-bb6cefa1dbd9"}]} [pid: 7|app: 0|req: 987/1877] 10.0.0.186 () {32 vars in 726 bytes} [Tue Apr 7 01:25:42 2026] DELETE /v2.0/networks/492e4de7-97d6-44c4-9368-4b0db5750ce4 => generated 0 bytes in 477 msecs (HTTP/1.1 204) 3 headers in 131 bytes (1 switches on core 0)
2026-04-07 01:25:42.581 8 WARNING neutron.scheduler.dhcp_agent_scheduler [None req-6c7881b8-23a7-42cc-84a5-13bac929374d 27364a3b70034bfe8a5d5ef4a3bb03b8 b278fe28ea7c430296649f1425cf818c - - default default] No more DHCP agents
2026-04-07 01:25:42.584 8 WARNING neutron.api.rpc.agentnotifiers.dhcp_rpc_agent_api [None req-6c7881b8-23a7-42cc-84a5-13bac929374d 27364a3b70034bfe8a5d5ef4a3bb03b8 b278fe28ea7c430296649f1425cf818c - - default default] Unable to schedule network 3dba1d35-0c26-4ab4-8753-2023994a2691: no agents available; will retry on subsequent port and subnet creation events.
2026-04-07 01:25:42.648 8 INFO neutron.plugins.ml2.drivers.ovn.mech_driver.mech_driver [None req-7a2daea0-1fff-458c-96bf-4313495099d2 - - - - - -] OVN reports status down for port: f1279cf0-16d9-4d84-98a6-dd4557d6f161
2026-04-07 01:25:42.716 8 INFO neutron.db.ovn_revision_numbers_db [None req-6c7881b8-23a7-42cc-84a5-13bac929374d 27364a3b70034bfe8a5d5ef4a3bb03b8 b278fe28ea7c430296649f1425cf818c - - default default] Successfully bumped revision number for resource f1279cf0-16d9-4d84-98a6-dd4557d6f161 (type: ports) to 1
2026-04-07 01:25:42.775 7 WARNING neutron.scheduler.dhcp_agent_scheduler [None req-fd9b9347-cc6c-462e-ab44-0fbfaff49177 ca3f28ad2af7426c986da18ca3c34ea1 ef74118942ba4cf7b47b762aa836e350 - - default default] No more DHCP agents
2026-04-07 01:25:42.777 7 WARNING neutron.api.rpc.agentnotifiers.dhcp_rpc_agent_api [None req-fd9b9347-cc6c-462e-ab44-0fbfaff49177 ca3f28ad2af7426c986da18ca3c34ea1 ef74118942ba4cf7b47b762aa836e350 - - default default] Unable to schedule network 66171d7d-87f3-4e4b-9c64-3104fc62ba3b: no agents available; will retry on subsequent port and subnet creation events. [pid: 8|app: 0|req: 891/1878] 10.0.0.186 () {34 vars in 664 bytes} [Tue Apr 7 01:25:42 2026] POST /v2.0/ports => generated 743 bytes in 547 msecs (HTTP/1.1 201) 4 headers in 162 bytes (1 switches on core 0) /var/lib/openstack/lib/python3.12/site-packages/pycadf/identifier.py:70: UserWarning: Invalid uuid: neutron. To ensure interoperability, identifiers should be a valid uuid. warnings.warn(('Invalid uuid: %s. To ensure interoperability, ' [pid: 8|app: 0|req: 892/1879] 199.204.45.77 () {34 vars in 1011 bytes} [Tue Apr 7 01:25:42 2026] GET /v2.0/networks/0d5cabc8-370c-4dee-a1bf-3689d3c14ea3?fields=segments => generated 14 bytes in 41 msecs (HTTP/1.1 200) 4 headers in 156 bytes (1 switches on core 0) [pid: 8|app: 0|req: 893/1880] 10.0.0.253 () {34 vars in 1040 bytes} [Tue Apr 7 01:25:42 2026] GET /v2.0/security-groups?id=f2f55e22-4de6-4b4f-b344-e6793df12884&fields=id&fields=name => generated 114 bytes in 28 msecs (HTTP/1.1 200) 4 headers in 157 bytes (1 switches on core 0)
2026-04-07 01:25:43.205 8 INFO neutron.db.segments_db [None req-0505b725-beea-440f-95e2-b77ea96905bb 2ac8865818aa4427974b85ef75b69380 677fa295740645068aee20cfe21d4759 - - default default] Added segment 0156b11c-e921-421e-916b-4a025536524d of type geneve for network eebe4206-d0cb-4b6c-ad37-3932aa2d26a9
2026-04-07 01:25:43.664 8 INFO neutron.db.ovn_revision_numbers_db [None req-0505b725-beea-440f-95e2-b77ea96905bb 2ac8865818aa4427974b85ef75b69380 677fa295740645068aee20cfe21d4759 - - default default] Successfully bumped revision number for resource eebe4206-d0cb-4b6c-ad37-3932aa2d26a9 (type: networks) to 1
2026-04-07 01:25:43.665 7 INFO neutron.db.ovn_revision_numbers_db [None req-9c155f19-36a1-4d41-996d-beb9304e3f5b - - - - - -] Successfully bumped revision number for resource cb5d6ba7-4016-4c8e-88bf-2472332fc750 (type: ports) to 2
2026-04-07 01:25:43.898 7 INFO neutron.db.ovn_revision_numbers_db [None req-9c155f19-36a1-4d41-996d-beb9304e3f5b - - - - - -] Successfully bumped revision number for resource 42ace459-1953-4e9f-b1e8-9c6db27adcef (type: subnets) to 0 [pid: 7|app: 0|req: 988/1881] 10.0.0.186 () {34 vars in 669 bytes} [Tue Apr 7 01:25:42 2026] POST /v2.0/subnets => generated 626 bytes in 1567 msecs (HTTP/1.1 201) 4 headers in 162 bytes (1 switches on core 0)
2026-04-07 01:25:44.100 8 WARNING neutron.scheduler.dhcp_agent_scheduler [None req-0505b725-beea-440f-95e2-b77ea96905bb 2ac8865818aa4427974b85ef75b69380 677fa295740645068aee20cfe21d4759 - - default default] No more DHCP agents
2026-04-07 01:25:44.102 8 WARNING neutron.api.rpc.agentnotifiers.dhcp_rpc_agent_api [None req-0505b725-beea-440f-95e2-b77ea96905bb 2ac8865818aa4427974b85ef75b69380 677fa295740645068aee20cfe21d4759 - - default default] Unable to schedule network eebe4206-d0cb-4b6c-ad37-3932aa2d26a9: no agents available; will retry on subsequent port and subnet creation events.
2026-04-07 01:25:44.146 8 INFO neutron.plugins.ml2.drivers.ovn.mech_driver.mech_driver [None req-7a2daea0-1fff-458c-96bf-4313495099d2 - - - - - -] OVN reports status down for port: 89351e8b-d526-40ff-8a41-01975c66821a
2026-04-07 01:25:44.191 7 INFO neutron.db.segments_db [None req-dfacc2d1-cd65-4de1-b80b-39d8c56943c4 27364a3b70034bfe8a5d5ef4a3bb03b8 b278fe28ea7c430296649f1425cf818c - - default default] Added segment f5c51d18-75e2-4ff1-949b-638147ee32f4 of type geneve for network 44cf2949-d23f-4341-adb1-6822850b118a
2026-04-07 01:25:44.378 8 INFO neutron.db.ovn_revision_numbers_db [None req-0505b725-beea-440f-95e2-b77ea96905bb 2ac8865818aa4427974b85ef75b69380 677fa295740645068aee20cfe21d4759 - - default default] Successfully bumped revision number for resource 89351e8b-d526-40ff-8a41-01975c66821a (type: ports) to 1 [pid: 8|app: 0|req: 894/1882] 10.0.0.186 () {34 vars in 670 bytes} [Tue Apr 7 01:25:42 2026] POST /v2.0/networks => generated 748 bytes in 1485 msecs (HTTP/1.1 201) 4 headers in 162 bytes (1 switches on core 0)
2026-04-07 01:25:44.493 7 INFO neutron.db.ovn_revision_numbers_db [None req-dfacc2d1-cd65-4de1-b80b-39d8c56943c4 27364a3b70034bfe8a5d5ef4a3bb03b8 b278fe28ea7c430296649f1425cf818c - - default default] Successfully bumped revision number for resource 44cf2949-d23f-4341-adb1-6822850b118a (type: networks) to 1 [pid: 8|app: 0|req: 895/1883] 199.204.45.77 () {34 vars in 1111 bytes} [Tue Apr 7 01:25:44 2026] GET /v2.0/networks/0d5cabc8-370c-4dee-a1bf-3689d3c14ea3?fields=provider%3Aphysical_network&fields=provider%3Anetwork_type => generated 79 bytes in 58 msecs (HTTP/1.1 200) 4 headers in 156 bytes (1 switches on core 0) [pid: 8|app: 0|req: 896/1884] 10.0.0.253 () {34 vars in 990 bytes} [Tue Apr 7 01:25:44 2026] GET /v2.0/ports?device_id=488a5570-ec58-4716-b536-fa405ad64a43 => generated 973 bytes in 88 msecs (HTTP/1.1 200) 4 headers in 157 bytes (1 switches on core 0)
2026-04-07 01:25:44.700 7 WARNING neutron.scheduler.dhcp_agent_scheduler [None req-dfacc2d1-cd65-4de1-b80b-39d8c56943c4 27364a3b70034bfe8a5d5ef4a3bb03b8 b278fe28ea7c430296649f1425cf818c - - default default] No more DHCP agents
2026-04-07 01:25:44.702 7 WARNING neutron.api.rpc.agentnotifiers.dhcp_rpc_agent_api [None req-dfacc2d1-cd65-4de1-b80b-39d8c56943c4 27364a3b70034bfe8a5d5ef4a3bb03b8 b278fe28ea7c430296649f1425cf818c - - default default] Unable to schedule network 44cf2949-d23f-4341-adb1-6822850b118a: no agents available; will retry on subsequent port and subnet creation events.
2026-04-07 01:25:44.721 8 INFO neutron.db.ovn_revision_numbers_db [None req-76e24829-37a2-4b8f-87ec-bac5332d9708 ca3f28ad2af7426c986da18ca3c34ea1 ef74118942ba4cf7b47b762aa836e350 - - default default] Successfully bumped revision number for resource e6daf307-3a42-4b21-a93f-d7093b2cfc5c (type: routers) to 1 [pid: 8|app: 0|req: 897/1885] 10.0.0.186 () {34 vars in 669 bytes} [Tue Apr 7 01:25:44 2026] POST /v2.0/routers => generated 603 bytes in 143 msecs (HTTP/1.1 201) 4 headers in 162 bytes (1 switches on core 0)
2026-04-07 01:25:44.760 8 INFO neutron.plugins.ml2.drivers.ovn.mech_driver.mech_driver [None req-7a2daea0-1fff-458c-96bf-4313495099d2 - - - - - -] OVN reports status down for port: 982dec9d-1b49-4f1b-8861-57abfb27cd47
2026-04-07 01:25:44.792 7 INFO neutron.db.ovn_revision_numbers_db [None req-dfacc2d1-cd65-4de1-b80b-39d8c56943c4 27364a3b70034bfe8a5d5ef4a3bb03b8 b278fe28ea7c430296649f1425cf818c - - default default] Successfully bumped revision number for resource 982dec9d-1b49-4f1b-8861-57abfb27cd47 (type: ports) to 1 [pid: 7|app: 0|req: 989/1886] 10.0.0.186 () {34 vars in 670 bytes} [Tue Apr 7 01:25:44 2026] POST /v2.0/networks => generated 650 bytes in 729 msecs (HTTP/1.1 201) 4 headers in 162 bytes (1 switches on core 0) [pid: 7|app: 0|req: 990/1887] 10.0.0.253 () {34 vars in 1040 bytes} [Tue Apr 7 01:25:44 2026] GET /v2.0/security-groups?id=f2f55e22-4de6-4b4f-b344-e6793df12884&fields=id&fields=name => generated 114 bytes in 32 msecs (HTTP/1.1 200) 4 headers in 157 bytes (1 switches on core 0)
2026-04-07 01:25:44.969 8 WARNING neutron.scheduler.dhcp_agent_scheduler [None req-d1c81291-a5de-4379-9d33-43454c70b521 2ac8865818aa4427974b85ef75b69380 677fa295740645068aee20cfe21d4759 - - default default] No more DHCP agents
2026-04-07 01:25:44.970 8 WARNING neutron.api.rpc.agentnotifiers.dhcp_rpc_agent_api [None req-d1c81291-a5de-4379-9d33-43454c70b521 2ac8865818aa4427974b85ef75b69380 677fa295740645068aee20cfe21d4759 - - default default] Unable to schedule network eebe4206-d0cb-4b6c-ad37-3932aa2d26a9: no agents available; will retry on subsequent port and subnet creation events.
2026-04-07 01:25:45.311 7 WARNING neutron.scheduler.dhcp_agent_scheduler [None req-bfd2233b-88c2-4d8d-a1ee-dd7712253ef0 ca3f28ad2af7426c986da18ca3c34ea1 ef74118942ba4cf7b47b762aa836e350 - - default default] No more DHCP agents
2026-04-07 01:25:45.312 7 WARNING neutron.api.rpc.agentnotifiers.dhcp_rpc_agent_api [None req-bfd2233b-88c2-4d8d-a1ee-dd7712253ef0 ca3f28ad2af7426c986da18ca3c34ea1 ef74118942ba4cf7b47b762aa836e350 - - default default] Unable to schedule network f26bf353-d7ef-4d63-97bc-ee2baf667fd6: no agents available; will retry on subsequent port and subnet creation events.
2026-04-07 01:25:45.417 8 INFO neutron.plugins.ml2.drivers.ovn.mech_driver.mech_driver [None req-7a2daea0-1fff-458c-96bf-4313495099d2 - - - - - -] OVN reports status down for port: 716ed270-4eeb-4c9f-a955-bded30cf6ba4
2026-04-07 01:25:45.440 7 INFO neutron.db.ovn_revision_numbers_db [None req-bfd2233b-88c2-4d8d-a1ee-dd7712253ef0 ca3f28ad2af7426c986da18ca3c34ea1 ef74118942ba4cf7b47b762aa836e350 - - default default] Successfully bumped revision number for resource 716ed270-4eeb-4c9f-a955-bded30cf6ba4 (type: ports) to 1
2026-04-07 01:25:45.574 8 INFO neutron.db.ovn_revision_numbers_db [None req-482311d3-bea8-4161-bfa4-1a7b91dd069f - - - - - -] Successfully bumped revision number for resource 89351e8b-d526-40ff-8a41-01975c66821a (type: ports) to 2
2026-04-07 01:25:45.615 8 INFO neutron.db.ovn_revision_numbers_db [None req-482311d3-bea8-4161-bfa4-1a7b91dd069f - - - - - -] Successfully bumped revision number for resource eaaf5646-3709-4ca2-ac45-0b6ce92be4ee (type: subnets) to 0 [pid: 8|app: 0|req: 898/1888] 10.0.0.186 () {34 vars in 669 bytes} [Tue Apr 7 01:25:44 2026] POST /v2.0/subnets => generated 647 bytes in 893 msecs (HTTP/1.1 201) 4 headers in 162 bytes (1 switches on core 0)
2026-04-07 01:25:45.863 8 WARNING neutron.scheduler.dhcp_agent_scheduler [None req-7485dc96-3110-4c08-b4d6-d15f385c0d5c 27364a3b70034bfe8a5d5ef4a3bb03b8 b278fe28ea7c430296649f1425cf818c - - default default] No more DHCP agents
2026-04-07 01:25:45.865 8 WARNING neutron.api.rpc.agentnotifiers.dhcp_rpc_agent_api [None req-7485dc96-3110-4c08-b4d6-d15f385c0d5c 27364a3b70034bfe8a5d5ef4a3bb03b8 b278fe28ea7c430296649f1425cf818c - - default default] Unable to schedule network 44cf2949-d23f-4341-adb1-6822850b118a: no agents available; will retry on subsequent port and subnet creation events.
2026-04-07 01:25:45.908 8 INFO neutron.plugins.ml2.drivers.ovn.mech_driver.mech_driver [None req-7a2daea0-1fff-458c-96bf-4313495099d2 - - - - - -] OVN reports status down for port: f21f9870-6704-47f2-b9df-320de9df8c0d
2026-04-07 01:25:45.962 8 INFO neutron.db.ovn_revision_numbers_db [None req-7485dc96-3110-4c08-b4d6-d15f385c0d5c 27364a3b70034bfe8a5d5ef4a3bb03b8 b278fe28ea7c430296649f1425cf818c - - default default] Successfully bumped revision number for resource f21f9870-6704-47f2-b9df-320de9df8c0d (type: ports) to 1
2026-04-07 01:25:46.051 8 INFO neutron.plugins.ml2.drivers.ovn.mech_driver.mech_driver [None req-7a2daea0-1fff-458c-96bf-4313495099d2 - - - - - -] OVN reports status up for port: 716ed270-4eeb-4c9f-a955-bded30cf6ba4
2026-04-07 01:25:46.059 7 WARNING neutron.scheduler.dhcp_agent_scheduler [None req-bfd2233b-88c2-4d8d-a1ee-dd7712253ef0 ca3f28ad2af7426c986da18ca3c34ea1 ef74118942ba4cf7b47b762aa836e350 - - default default] No more DHCP agents
2026-04-07 01:25:46.060 7 WARNING neutron.api.rpc.agentnotifiers.dhcp_rpc_agent_api [None req-bfd2233b-88c2-4d8d-a1ee-dd7712253ef0 ca3f28ad2af7426c986da18ca3c34ea1 ef74118942ba4cf7b47b762aa836e350 - - default default] Unable to schedule network f26bf353-d7ef-4d63-97bc-ee2baf667fd6: no agents available; will retry on subsequent port and subnet creation events.
