2026-04-07 01:26:42.528 7 INFO neutron.db.ovn_revision_numbers_db [None req-67023a83-b75c-4fd1-bb53-93e81b440188 - - - - - -] Successfully bumped revision number for resource 84cd2ab0-b23d-47fc-8a7f-bbd142863c24 (type: subnets) to 0 [pid: 7|app: 0|req: 1195/2270] 10.0.0.186 () {34 vars in 669 bytes} [Tue Apr 7 01:26:41 2026] POST /v2.0/subnets => generated 626 bytes in 735 msecs (HTTP/1.1 201) 4 headers in 162 bytes (1 switches on core 0)
2026-04-07 01:26:42.694 7 INFO neutron.db.segments_db [None req-0646d39b-96e6-4575-bf60-403bd7be6925 967729dd5bce4cf48924bd8b9d491238 556ee84a5c6446a4ad710069c059a444 - - default default] Added segment ef8e3861-0443-43d9-85cb-d69cdcdb79e6 of type geneve for network 0cea8876-f95a-4a8f-854c-ca3f636c7a54
2026-04-07 01:26:42.845 8 INFO neutron.db.ovn_revision_numbers_db [None req-66990932-57d9-4021-aa3e-76af6c710b8e 69e031291c9146ad9cf93b9bdeaa724f c861b0ba27c443eaa41f2a705b569aaf - - default default] Successfully bumped revision number for resource 43717e71-4f4f-41af-aa12-4f5c7ce67424 (type: router_ports) to 1 [pid: 8|app: 0|req: 1076/2273] 10.0.0.186 () {34 vars in 783 bytes} [Tue Apr 7 01:26:40 2026] PUT /v2.0/routers/01e63712-9e70-4fe0-b3b2-21a958c2fd4f/add_router_interface => generated 309 bytes in 2209 msecs (HTTP/1.1 200) 4 headers in 157 bytes (1 switches on core 0)
2026-04-07 01:26:42.916 7 INFO neutron.db.ovn_revision_numbers_db [None req-0646d39b-96e6-4575-bf60-403bd7be6925 967729dd5bce4cf48924bd8b9d491238 556ee84a5c6446a4ad710069c059a444 - - default default] Successfully bumped revision number for resource 0cea8876-f95a-4a8f-854c-ca3f636c7a54 (type: networks) to 1
2026-04-07 01:26:43.112 7 WARNING neutron.scheduler.dhcp_agent_scheduler [None req-0646d39b-96e6-4575-bf60-403bd7be6925 967729dd5bce4cf48924bd8b9d491238 556ee84a5c6446a4ad710069c059a444 - - default default] No more DHCP agents
2026-04-07 01:26:43.113 7 WARNING neutron.api.rpc.agentnotifiers.dhcp_rpc_agent_api [None req-0646d39b-96e6-4575-bf60-403bd7be6925 967729dd5bce4cf48924bd8b9d491238 556ee84a5c6446a4ad710069c059a444 - - default default] Unable to schedule network 0cea8876-f95a-4a8f-854c-ca3f636c7a54: no agents available; will retry on subsequent port and subnet creation events.
2026-04-07 01:26:43.159 7 INFO neutron.plugins.ml2.drivers.ovn.mech_driver.mech_driver [None req-e0504120-a008-4890-8d88-5c030b633e88 - - - - - -] OVN reports status down for port: e8afb4df-982f-4b37-ac7b-8447a6a7c152
2026-04-07 01:26:43.186 8 INFO neutron.db.ovn_revision_numbers_db [None req-27858614-0511-494b-9e62-ddccc066d89d 69e031291c9146ad9cf93b9bdeaa724f c861b0ba27c443eaa41f2a705b569aaf - - default default] Successfully bumped revision number for resource 69fb2399-2324-4797-a2a5-2741647ec64b (type: security_groups) to 1
2026-04-07 01:26:43.212 8 INFO neutron.db.ovn_revision_numbers_db [None req-c8995755-6f0e-4405-823c-b804e2ba3662 - - - - - -] Successfully bumped revision number for resource c27f787f-65dd-4dd1-908f-09dbd08dd3a7 (type: ports) to 2
2026-04-07 01:26:43.218 8 INFO neutron.db.ovn_revision_numbers_db [None req-27858614-0511-494b-9e62-ddccc066d89d 69e031291c9146ad9cf93b9bdeaa724f c861b0ba27c443eaa41f2a705b569aaf - - default default] Successfully bumped revision number for resource 2d54dd84-8c00-4a1b-b78b-fbd17e32bc2f (type: security_group_rules) to 0
2026-04-07 01:26:43.227 7 INFO neutron.db.ovn_revision_numbers_db [None req-0646d39b-96e6-4575-bf60-403bd7be6925 967729dd5bce4cf48924bd8b9d491238 556ee84a5c6446a4ad710069c059a444 - - default default] Successfully bumped revision number for resource e8afb4df-982f-4b37-ac7b-8447a6a7c152 (type: ports) to 1
2026-04-07 01:26:43.241 8 INFO neutron.db.ovn_revision_numbers_db [None req-27858614-0511-494b-9e62-ddccc066d89d 69e031291c9146ad9cf93b9bdeaa724f c861b0ba27c443eaa41f2a705b569aaf - - default default] Successfully bumped revision number for resource 931ffb0a-87a4-4254-bcca-fe06ab1cda45 (type: security_group_rules) to 0
2026-04-07 01:26:43.277 8 INFO neutron.db.ovn_revision_numbers_db [None req-27858614-0511-494b-9e62-ddccc066d89d 69e031291c9146ad9cf93b9bdeaa724f c861b0ba27c443eaa41f2a705b569aaf - - default default] Successfully bumped revision number for resource 97f098a4-fc03-4556-8131-77ab7b091ea2 (type: security_group_rules) to 0 [pid: 7|app: 0|req: 1198/2274] 10.0.0.186 () {34 vars in 670 bytes} [Tue Apr 7 01:26:42 2026] POST /v2.0/networks => generated 650 bytes in 728 msecs (HTTP/1.1 201) 4 headers in 162 bytes (1 switches on core 0)
2026-04-07 01:26:43.302 8 INFO neutron.db.ovn_revision_numbers_db [None req-27858614-0511-494b-9e62-ddccc066d89d 69e031291c9146ad9cf93b9bdeaa724f c861b0ba27c443eaa41f2a705b569aaf - - default default] Successfully bumped revision number for resource 98b24546-b012-411b-aacb-a94f7a3873b8 (type: security_group_rules) to 0
2026-04-07 01:26:43.409 8 INFO neutron.db.segments_db [None req-27858614-0511-494b-9e62-ddccc066d89d 69e031291c9146ad9cf93b9bdeaa724f c861b0ba27c443eaa41f2a705b569aaf - - default default] Added segment 2fa79293-380a-47bf-887d-12d5dcf5386f of type geneve for network 3931aaa1-8223-429d-a613-e091ebbf0a94
2026-04-07 01:26:43.535 8 INFO neutron.db.ovn_revision_numbers_db [None req-27858614-0511-494b-9e62-ddccc066d89d 69e031291c9146ad9cf93b9bdeaa724f c861b0ba27c443eaa41f2a705b569aaf - - default default] Successfully bumped revision number for resource 3931aaa1-8223-429d-a613-e091ebbf0a94 (type: networks) to 1
2026-04-07 01:26:43.727 8 WARNING neutron.scheduler.dhcp_agent_scheduler [None req-27858614-0511-494b-9e62-ddccc066d89d 69e031291c9146ad9cf93b9bdeaa724f c861b0ba27c443eaa41f2a705b569aaf - - default default] No more DHCP agents
2026-04-07 01:26:43.728 8 WARNING neutron.api.rpc.agentnotifiers.dhcp_rpc_agent_api [None req-27858614-0511-494b-9e62-ddccc066d89d 69e031291c9146ad9cf93b9bdeaa724f c861b0ba27c443eaa41f2a705b569aaf - - default default] Unable to schedule network 3931aaa1-8223-429d-a613-e091ebbf0a94: no agents available; will retry on subsequent port and subnet creation events.
2026-04-07 01:26:43.758 7 WARNING neutron.scheduler.dhcp_agent_scheduler [None req-84741114-232a-4fed-ba24-77244514f632 b8d25950755b47fab6e39e19ba0d8ac3 bb33ce222860412999ec692408b42d16 - - default default] No more DHCP agents
2026-04-07 01:26:43.760 7 WARNING neutron.api.rpc.agentnotifiers.dhcp_rpc_agent_api [None req-84741114-232a-4fed-ba24-77244514f632 b8d25950755b47fab6e39e19ba0d8ac3 bb33ce222860412999ec692408b42d16 - - default default] Unable to schedule network a154dc25-4ed1-4082-a8ed-ef87133a4c8b: no agents available; will retry on subsequent port and subnet creation events.
2026-04-07 01:26:43.786 7 INFO neutron.plugins.ml2.drivers.ovn.mech_driver.mech_driver [None req-e0504120-a008-4890-8d88-5c030b633e88 - - - - - -] OVN reports status down for port: d864461e-ac4f-4222-931f-6db21566d4ff
2026-04-07 01:26:43.822 8 INFO neutron.db.ovn_revision_numbers_db [None req-27858614-0511-494b-9e62-ddccc066d89d 69e031291c9146ad9cf93b9bdeaa724f c861b0ba27c443eaa41f2a705b569aaf - - default default] Successfully bumped revision number for resource d864461e-ac4f-4222-931f-6db21566d4ff (type: ports) to 1 [pid: 8|app: 0|req: 1077/2275] 10.0.0.186 () {34 vars in 671 bytes} [Tue Apr 7 01:26:42 2026] POST /v2.0/networks => generated 763 bytes in 1002 msecs (HTTP/1.1 201) 4 headers in 162 bytes (1 switches on core 0) [pid: 8|app: 0|req: 1078/2276] 10.0.0.186 () {34 vars in 753 bytes} [Tue Apr 7 01:26:43 2026] PUT /v2.0/networks/5fc9bc81-a19c-4453-8ec9-acda0757e627/tags => generated 25 bytes in 67 msecs (HTTP/1.1 200) 4 headers in 156 bytes (1 switches on core 0)
2026-04-07 01:26:43.966 7 INFO neutron.plugins.ml2.drivers.ovn.mech_driver.mech_driver [None req-e0504120-a008-4890-8d88-5c030b633e88 - - - - - -] OVN reports status down for port: bb89caf2-2706-41a3-8494-844f5cfc97e6
2026-04-07 01:26:44.038 7 INFO neutron.db.ovn_revision_numbers_db [None req-84741114-232a-4fed-ba24-77244514f632 b8d25950755b47fab6e39e19ba0d8ac3 bb33ce222860412999ec692408b42d16 - - default default] Successfully bumped revision number for resource bb89caf2-2706-41a3-8494-844f5cfc97e6 (type: ports) to 1
2026-04-07 01:26:44.094 8 WARNING neutron.scheduler.dhcp_agent_scheduler [None req-48d87c9d-3f59-422a-b7ae-c0da6b167974 69e031291c9146ad9cf93b9bdeaa724f c861b0ba27c443eaa41f2a705b569aaf - - default default] No more DHCP agents
2026-04-07 01:26:44.095 8 WARNING neutron.api.rpc.agentnotifiers.dhcp_rpc_agent_api [None req-48d87c9d-3f59-422a-b7ae-c0da6b167974 69e031291c9146ad9cf93b9bdeaa724f c861b0ba27c443eaa41f2a705b569aaf - - default default] Unable to schedule network 3931aaa1-8223-429d-a613-e091ebbf0a94: no agents available; will retry on subsequent port and subnet creation events.
2026-04-07 01:26:44.643 8 INFO neutron.db.ovn_revision_numbers_db [None req-bc935bd1-f434-4747-9542-31c8ac6a8e03 - - - - - -] Successfully bumped revision number for resource d864461e-ac4f-4222-931f-6db21566d4ff (type: ports) to 2
2026-04-07 01:26:44.736 7 INFO neutron.plugins.ml2.drivers.ovn.mech_driver.ovsdb.commands [None req-8d8f5bea-ee61-481c-a24d-8493d0689031 - - - - - -] Schedule LRP lrp-bb89caf2-2706-41a3-8494-844f5cfc97e6 on gateway d646d187-9d60-4366-838e-b1b8e1a34871 with priority 1
2026-04-07 01:26:44.757 7 INFO neutron.plugins.ml2.drivers.ovn.mech_driver.mech_driver [None req-e0504120-a008-4890-8d88-5c030b633e88 - - - - - -] OVN reports status up for port: bb89caf2-2706-41a3-8494-844f5cfc97e6
2026-04-07 01:26:44.963 8 INFO neutron.db.ovn_revision_numbers_db [None req-bc935bd1-f434-4747-9542-31c8ac6a8e03 - - - - - -] Successfully bumped revision number for resource 4ffd50fc-a89b-43f8-945e-ae73df9d174b (type: subnets) to 0
2026-04-07 01:26:44.968 7 INFO neutron.plugins.ml2.plugin [None req-e0504120-a008-4890-8d88-5c030b633e88 - - - - - -] Attempt 1 to provision port bb89caf2-2706-41a3-8494-844f5cfc97e6
2026-04-07 01:26:44.970 7 INFO neutron.db.ovn_revision_numbers_db [None req-84741114-232a-4fed-ba24-77244514f632 b8d25950755b47fab6e39e19ba0d8ac3 bb33ce222860412999ec692408b42d16 - - default default] Successfully bumped revision number for resource bb89caf2-2706-41a3-8494-844f5cfc97e6 (type: router_ports) to 1 [pid: 8|app: 0|req: 1079/2277] 10.0.0.186 () {34 vars in 669 bytes} [Tue Apr 7 01:26:43 2026] POST /v2.0/subnets => generated 688 bytes in 1087 msecs (HTTP/1.1 201) 4 headers in 162 bytes (1 switches on core 0) [pid: 8|app: 0|req: 1080/2278] 10.0.0.186 () {32 vars in 733 bytes} [Tue Apr 7 01:26:45 2026] GET /v2.0/networks/5fc9bc81-a19c-4453-8ec9-acda0757e627/tags => generated 25 bytes in 68 msecs (HTTP/1.1 200) 4 headers in 156 bytes (1 switches on core 0)
2026-04-07 01:26:45.170 7 INFO neutron.db.ovn_revision_numbers_db [None req-84741114-232a-4fed-ba24-77244514f632 b8d25950755b47fab6e39e19ba0d8ac3 bb33ce222860412999ec692408b42d16 - - default default] Successfully bumped revision number for resource 3b376cff-197a-40a1-bb6c-e7750b8accec (type: routers) to 2 [pid: 7|app: 0|req: 1199/2279] 10.0.0.186 () {34 vars in 669 bytes} [Tue Apr 7 01:26:43 2026] POST /v2.0/routers => generated 936 bytes in 1906 msecs (HTTP/1.1 201) 4 headers in 162 bytes (1 switches on core 0) [pid: 7|app: 0|req: 1200/2280] 10.0.0.186 () {34 vars in 753 bytes} [Tue Apr 7 01:26:45 2026] PUT /v2.0/networks/0cea8876-f95a-4a8f-854c-ca3f636c7a54/tags => generated 17 bytes in 97 msecs (HTTP/1.1 200) 4 headers in 156 bytes (1 switches on core 0)
2026-04-07 01:26:45.631 8 WARNING neutron.scheduler.dhcp_agent_scheduler [None req-ced21ca6-cf96-413d-a42c-06654dcdc228 69e031291c9146ad9cf93b9bdeaa724f c861b0ba27c443eaa41f2a705b569aaf - - default default] No more DHCP agents
2026-04-07 01:26:45.632 8 WARNING neutron.api.rpc.agentnotifiers.dhcp_rpc_agent_api [None req-ced21ca6-cf96-413d-a42c-06654dcdc228 69e031291c9146ad9cf93b9bdeaa724f c861b0ba27c443eaa41f2a705b569aaf - - default default] Unable to schedule network a154dc25-4ed1-4082-a8ed-ef87133a4c8b: no agents available; will retry on subsequent port and subnet creation events.
2026-04-07 01:26:45.986 8 INFO neutron.db.ovn_revision_numbers_db [None req-ced21ca6-cf96-413d-a42c-06654dcdc228 69e031291c9146ad9cf93b9bdeaa724f c861b0ba27c443eaa41f2a705b569aaf - - default default] Successfully bumped revision number for resource a8c7eb7b-ad80-46c2-8e06-beae16dd9ff0 (type: ports) to 1
2026-04-07 01:26:46.011 7 WARNING neutron.scheduler.dhcp_agent_scheduler [None req-73089f77-194e-4167-9248-a0f3419b15a1 b8d25950755b47fab6e39e19ba0d8ac3 bb33ce222860412999ec692408b42d16 - - default default] No more DHCP agents
2026-04-07 01:26:46.013 7 WARNING neutron.api.rpc.agentnotifiers.dhcp_rpc_agent_api [None req-73089f77-194e-4167-9248-a0f3419b15a1 b8d25950755b47fab6e39e19ba0d8ac3 bb33ce222860412999ec692408b42d16 - - default default] Unable to schedule network c5003bc0-945d-446d-ba97-e8dab1d36f71: no agents available; will retry on subsequent port and subnet creation events.
2026-04-07 01:26:46.233 7 INFO neutron.db.ovn_revision_numbers_db [None req-73089f77-194e-4167-9248-a0f3419b15a1 b8d25950755b47fab6e39e19ba0d8ac3 bb33ce222860412999ec692408b42d16 - - default default] Successfully bumped revision number for resource 77ccdf02-fbcf-4c92-aa70-fd76b3154f17 (type: ports) to 1
2026-04-07 01:26:46.766 8 INFO neutron.plugins.ml2.drivers.ovn.mech_driver.ovsdb.commands [None req-791d2175-9d89-4304-849b-96cbd3126eca - - - - - -] Schedule LRP lrp-a8c7eb7b-ad80-46c2-8e06-beae16dd9ff0 on gateway d646d187-9d60-4366-838e-b1b8e1a34871 with priority 1
2026-04-07 01:26:46.975 7 INFO neutron.plugins.ml2.drivers.ovn.mech_driver.ovsdb.ovsdb_monitor [None req-f9e3f694-dedc-4c27-9a4e-4a4c28ff25dd - - - - - -] Router 7de87f09-1cc0-41a5-90ef-2384b32ec3cd is bound to host instance
2026-04-07 01:26:47.056 8 INFO neutron.db.ovn_revision_numbers_db [None req-ced21ca6-cf96-413d-a42c-06654dcdc228 69e031291c9146ad9cf93b9bdeaa724f c861b0ba27c443eaa41f2a705b569aaf - - default default] Successfully bumped revision number for resource a8c7eb7b-ad80-46c2-8e06-beae16dd9ff0 (type: router_ports) to 1
2026-04-07 01:26:47.142 8 INFO neutron.db.ovn_revision_numbers_db [None req-ced21ca6-cf96-413d-a42c-06654dcdc228 69e031291c9146ad9cf93b9bdeaa724f c861b0ba27c443eaa41f2a705b569aaf - - default default] Successfully bumped revision number for resource 7de87f09-1cc0-41a5-90ef-2384b32ec3cd (type: routers) to 2 [pid: 8|app: 0|req: 1081/2281] 10.0.0.186 () {34 vars in 669 bytes} [Tue Apr 7 01:26:45 2026] POST /v2.0/routers => generated 966 bytes in 2107 msecs (HTTP/1.1 201) 4 headers in 162 bytes (1 switches on core 0) [pid: 8|app: 0|req: 1082/2282] 10.0.0.253 () {34 vars in 982 bytes} [Tue Apr 7 01:26:47 2026] GET /v2.0/networks?id=1ecf9c84-49d0-4f69-972d-86f3ffa58727 => generated 710 bytes in 55 msecs (HTTP/1.1 200) 4 headers in 157 bytes (1 switches on core 0) [pid: 8|app: 0|req: 1083/2283] 10.0.0.186 () {32 vars in 733 bytes} [Tue Apr 7 01:26:47 2026] GET /v2.0/networks/0cea8876-f95a-4a8f-854c-ca3f636c7a54/tags => generated 17 bytes in 44 msecs (HTTP/1.1 200) 4 headers in 156 bytes (1 switches on core 0)
2026-04-07 01:26:47.504 7 WARNING neutron.scheduler.dhcp_agent_scheduler [None req-73089f77-194e-4167-9248-a0f3419b15a1 b8d25950755b47fab6e39e19ba0d8ac3 bb33ce222860412999ec692408b42d16 - - default default] No more DHCP agents
2026-04-07 01:26:47.505 7 WARNING neutron.api.rpc.agentnotifiers.dhcp_rpc_agent_api [None req-73089f77-194e-4167-9248-a0f3419b15a1 b8d25950755b47fab6e39e19ba0d8ac3 bb33ce222860412999ec692408b42d16 - - default default] Unable to schedule network c5003bc0-945d-446d-ba97-e8dab1d36f71: no agents available; will retry on subsequent port and subnet creation events.
2026-04-07 01:26:47.958 8 WARNING neutron.scheduler.dhcp_agent_scheduler [None req-fa4551cf-70a2-4b10-aab5-5b84f9f00e39 69e031291c9146ad9cf93b9bdeaa724f c861b0ba27c443eaa41f2a705b569aaf - - default default] No more DHCP agents
2026-04-07 01:26:47.966 8 WARNING neutron.api.rpc.agentnotifiers.dhcp_rpc_agent_api [None req-fa4551cf-70a2-4b10-aab5-5b84f9f00e39 69e031291c9146ad9cf93b9bdeaa724f c861b0ba27c443eaa41f2a705b569aaf - - default default] Unable to schedule network 3931aaa1-8223-429d-a613-e091ebbf0a94: no agents available; will retry on subsequent port and subnet creation events.
2026-04-07 01:26:48.345 8 INFO neutron.db.ovn_revision_numbers_db [None req-fa4551cf-70a2-4b10-aab5-5b84f9f00e39 69e031291c9146ad9cf93b9bdeaa724f c861b0ba27c443eaa41f2a705b569aaf - - default default] Successfully bumped revision number for resource f3ed93d9-a67f-4c4f-b7b4-df93461b1e2e (type: ports) to 1
2026-04-07 01:26:48.712 7 INFO neutron.db.ovn_revision_numbers_db [None req-73089f77-194e-4167-9248-a0f3419b15a1 b8d25950755b47fab6e39e19ba0d8ac3 bb33ce222860412999ec692408b42d16 - - default default] Successfully bumped revision number for resource 77ccdf02-fbcf-4c92-aa70-fd76b3154f17 (type: router_ports) to 1 [pid: 7|app: 0|req: 1201/2284] 10.0.0.186 () {34 vars in 783 bytes} [Tue Apr 7 01:26:45 2026] PUT /v2.0/routers/3b376cff-197a-40a1-bb6c-e7750b8accec/add_router_interface => generated 309 bytes in 3434 msecs (HTTP/1.1 200) 4 headers in 157 bytes (1 switches on core 0) [pid: 7|app: 0|req: 1202/2285] 10.0.0.253 () {34 vars in 965 bytes} [Tue Apr 7 01:26:48 2026] GET /v2.0/quotas/923e8380a7a44a3fb8e0fc269053071d => generated 292 bytes in 27 msecs (HTTP/1.1 200) 4 headers in 157 bytes (1 switches on core 0) [pid: 7|app: 0|req: 1203/2286] 10.0.0.186 () {34 vars in 753 bytes} [Tue Apr 7 01:26:48 2026] PUT /v2.0/networks/0cea8876-f95a-4a8f-854c-ca3f636c7a54/tags => generated 12 bytes in 155 msecs (HTTP/1.1 200) 4 headers in 156 bytes (1 switches on core 0)
2026-04-07 01:26:49.050 7 INFO neutron.db.ovn_revision_numbers_db [None req-671b108c-4b01-4eab-b932-84305e1f0e7a - - - - - -] Successfully bumped revision number for resource a8c7eb7b-ad80-46c2-8e06-beae16dd9ff0 (type: ports) to 4
2026-04-07 01:26:49.158 8 WARNING neutron.plugins.ml2.drivers.ovn.mech_driver.ovsdb.ovn_client [None req-abbe10b5-56d1-4f23-bfe4-5f2a9b7ff75b - - - - - -] No hosting information found for port c27f787f-65dd-4dd1-908f-09dbd08dd3a7: RuntimeError: No hosting information found for port c27f787f-65dd-4dd1-908f-09dbd08dd3a7
2026-04-07 01:26:49.315 8 INFO neutron.db.ovn_revision_numbers_db [None req-abbe10b5-56d1-4f23-bfe4-5f2a9b7ff75b - - - - - -] Successfully bumped revision number for resource c27f787f-65dd-4dd1-908f-09dbd08dd3a7 (type: router_ports) to 2
2026-04-07 01:26:49.317 8 INFO neutron.plugins.ml2.drivers.ovn.mech_driver.mech_driver [None req-abbe10b5-56d1-4f23-bfe4-5f2a9b7ff75b - - - - - -] OVN reports status down for port: 43717e71-4f4f-41af-aa12-4f5c7ce67424
2026-04-07 01:26:49.445 8 WARNING neutron.plugins.ml2.drivers.ovn.mech_driver.ovsdb.ovn_client [None req-abbe10b5-56d1-4f23-bfe4-5f2a9b7ff75b - - - - - -] Logical_Switch_Port %s host information not removed, the port state is up
2026-04-07 01:26:49.445 8 INFO neutron.plugins.ml2.drivers.ovn.mech_driver.mech_driver [None req-abbe10b5-56d1-4f23-bfe4-5f2a9b7ff75b - - - - - -] OVN reports status down for port: 4bd9e3a5-6ad2-42be-9fe6-f866f2a796f9
2026-04-07 01:26:49.466 8 WARNING neutron.scheduler.dhcp_agent_scheduler [None req-fa4551cf-70a2-4b10-aab5-5b84f9f00e39 69e031291c9146ad9cf93b9bdeaa724f c861b0ba27c443eaa41f2a705b569aaf - - default default] No more DHCP agents
2026-04-07 01:26:49.469 8 WARNING neutron.api.rpc.agentnotifiers.dhcp_rpc_agent_api [None req-fa4551cf-70a2-4b10-aab5-5b84f9f00e39 69e031291c9146ad9cf93b9bdeaa724f c861b0ba27c443eaa41f2a705b569aaf - - default default] Unable to schedule network 3931aaa1-8223-429d-a613-e091ebbf0a94: no agents available; will retry on subsequent port and subnet creation events.
2026-04-07 01:26:49.608 8 INFO neutron.plugins.ml2.drivers.ovn.mech_driver.mech_driver [None req-abbe10b5-56d1-4f23-bfe4-5f2a9b7ff75b - - - - - -] OVN reports status up for port: 43717e71-4f4f-41af-aa12-4f5c7ce67424
2026-04-07 01:26:49.649 8 INFO neutron.plugins.ml2.plugin [None req-abbe10b5-56d1-4f23-bfe4-5f2a9b7ff75b - - - - - -] Attempt 1 to provision port 43717e71-4f4f-41af-aa12-4f5c7ce67424
2026-04-07 01:26:50.154 7 INFO neutron.db.ovn_revision_numbers_db [None req-671b108c-4b01-4eab-b932-84305e1f0e7a - - - - - -] Successfully bumped revision number for resource a8c7eb7b-ad80-46c2-8e06-beae16dd9ff0 (type: ports) to 5
2026-04-07 01:26:50.354 8 INFO neutron.db.ovn_revision_numbers_db [None req-fa4551cf-70a2-4b10-aab5-5b84f9f00e39 69e031291c9146ad9cf93b9bdeaa724f c861b0ba27c443eaa41f2a705b569aaf - - default default] Successfully bumped revision number for resource f3ed93d9-a67f-4c4f-b7b4-df93461b1e2e (type: router_ports) to 1 [pid: 8|app: 0|req: 1084/2287] 10.0.0.186 () {34 vars in 783 bytes} [Tue Apr 7 01:26:47 2026] PUT /v2.0/routers/7de87f09-1cc0-41a5-90ef-2384b32ec3cd/add_router_interface => generated 309 bytes in 3077 msecs (HTTP/1.1 200) 4 headers in 157 bytes (1 switches on core 0)
2026-04-07 01:26:50.429 7 WARNING neutron.plugins.ml2.drivers.ovn.mech_driver.ovsdb.ovn_client [None req-e0504120-a008-4890-8d88-5c030b633e88 - - - - - -] No hosting information found for port bb89caf2-2706-41a3-8494-844f5cfc97e6: RuntimeError: No hosting information found for port bb89caf2-2706-41a3-8494-844f5cfc97e6
2026-04-07 01:26:50.431 7 INFO neutron.plugins.ml2.drivers.ovn.mech_driver.mech_driver [None req-e0504120-a008-4890-8d88-5c030b633e88 - - - - - -] OVN reports status down for port: 77ccdf02-fbcf-4c92-aa70-fd76b3154f17
2026-04-07 01:26:50.449 7 WARNING neutron.scheduler.dhcp_agent_scheduler [None req-7761dbf9-1253-4ef2-bcda-76a4c9990646 - - - - - -] No more DHCP agents
2026-04-07 01:26:50.451 7 WARNING neutron.api.rpc.agentnotifiers.dhcp_rpc_agent_api [None req-7761dbf9-1253-4ef2-bcda-76a4c9990646 - - - - - -] Unable to schedule network a154dc25-4ed1-4082-a8ed-ef87133a4c8b: no agents available; will retry on subsequent port and subnet creation events. [pid: 8|app: 0|req: 1085/2288] 10.0.0.253 () {34 vars in 1002 bytes} [Tue Apr 7 01:26:50 2026] GET /v2.0/ports?tenant_id=923e8380a7a44a3fb8e0fc269053071d&fields=id => generated 103 bytes in 186 msecs (HTTP/1.1 200) 4 headers in 157 bytes (1 switches on core 0)
2026-04-07 01:26:50.592 8 INFO neutron.db.ovn_revision_numbers_db [None req-abbe10b5-56d1-4f23-bfe4-5f2a9b7ff75b - - - - - -] Successfully bumped revision number for resource 43717e71-4f4f-41af-aa12-4f5c7ce67424 (type: ports) to 2 [pid: 8|app: 0|req: 1086/2289] 10.0.0.186 () {32 vars in 733 bytes} [Tue Apr 7 01:26:50 2026] GET /v2.0/networks/0cea8876-f95a-4a8f-854c-ca3f636c7a54/tags => generated 12 bytes in 74 msecs (HTTP/1.1 200) 4 headers in 156 bytes (1 switches on core 0)
2026-04-07 01:26:50.648 7 WARNING neutron.plugins.ml2.drivers.ovn.mech_driver.ovsdb.ovn_client [None req-e0504120-a008-4890-8d88-5c030b633e88 - - - - - -] Logical_Switch_Port %s host information not removed, the port state is up
2026-04-07 01:26:50.650 7 INFO neutron.plugins.ml2.drivers.ovn.mech_driver.mech_driver [None req-e0504120-a008-4890-8d88-5c030b633e88 - - - - - -] OVN reports status up for port: 77ccdf02-fbcf-4c92-aa70-fd76b3154f17
2026-04-07 01:26:50.682 7 INFO neutron.plugins.ml2.plugin [None req-e0504120-a008-4890-8d88-5c030b633e88 - - - - - -] Attempt 1 to provision port 77ccdf02-fbcf-4c92-aa70-fd76b3154f17
2026-04-07 01:26:50.695 7 INFO neutron.db.ovn_revision_numbers_db [None req-7761dbf9-1253-4ef2-bcda-76a4c9990646 - - - - - -] Successfully bumped revision number for resource 5f123748-349b-43d0-bfee-4a23bbc7aa7c (type: ports) to 1 [pid: 8|app: 0|req: 1087/2290] 10.0.0.253 () {34 vars in 1008 bytes} [Tue Apr 7 01:26:50 2026] GET /v2.0/networks/1ecf9c84-49d0-4f69-972d-86f3ffa58727?fields=segments => generated 14 bytes in 108 msecs (HTTP/1.1 200) 4 headers in 156 bytes (1 switches on core 0) [pid: 8|app: 0|req: 1088/2291] 10.0.0.186 () {32 vars in 733 bytes} [Tue Apr 7 01:26:50 2026] GET /v2.0/networks/5fc9bc81-a19c-4453-8ec9-acda0757e627/tags => generated 25 bytes in 107 msecs (HTTP/1.1 200) 4 headers in 156 bytes (1 switches on core 0) [pid: 8|app: 0|req: 1089/2292] 10.0.0.253 () {34 vars in 1108 bytes} [Tue Apr 7 01:26:50 2026] GET /v2.0/networks/1ecf9c84-49d0-4f69-972d-86f3ffa58727?fields=provider%3Aphysical_network&fields=provider%3Anetwork_type => generated 79 bytes in 44 msecs (HTTP/1.1 200) 4 headers in 156 bytes (1 switches on core 0)
2026-04-07 01:26:51.018 8 INFO neutron_taas.services.taas.taas_plugin [None req-d12b24a4-63e2-42be-8430-77f6ca1a7666 967729dd5bce4cf48924bd8b9d491238 556ee84a5c6446a4ad710069c059a444 - - default default] TaaS: Handle Delete Port: 4bd9e3a5-6ad2-42be-9fe6-f866f2a796f9
2026-04-07 01:26:51.021 8 INFO neutron_taas.services.taas.tap_mirror_plugin [None req-d12b24a4-63e2-42be-8430-77f6ca1a7666 967729dd5bce4cf48924bd8b9d491238 556ee84a5c6446a4ad710069c059a444 - - default default] Tap Mirror: Handle Delete Port: 4bd9e3a5-6ad2-42be-9fe6-f866f2a796f9
2026-04-07 01:26:51.222 7 INFO neutron.db.ovn_revision_numbers_db [None req-7761dbf9-1253-4ef2-bcda-76a4c9990646 - - - - - -] Successfully bumped revision number for resource 5f123748-349b-43d0-bfee-4a23bbc7aa7c (type: ports) to 3
2026-04-07 01:26:51.288 7 INFO neutron.db.segments_db [None req-7761dbf9-1253-4ef2-bcda-76a4c9990646 - - - - - -] Added segment 86c8f399-8a8b-4bc6-a201-33db92cf9642 of type geneve for network 63642fbe-8f4e-4049-8502-f1fe537b0cbd
2026-04-07 01:26:51.470 8 INFO neutron.services.segments.plugin [-] Segment 1f32892e-2291-4291-9a53-4506780b975f resource provider aggregate not found
2026-04-07 01:26:51.475 8 INFO neutron.services.segments.plugin [-] Segment 1f32892e-2291-4291-9a53-4506780b975f resource provider aggregate not found
2026-04-07 01:26:51.498 8 INFO neutron.services.segments.plugin [-] Segment 1f32892e-2291-4291-9a53-4506780b975f resource provider not found; error: Placement Client Error (4xx): {"errors": [{"status": 404, "title": "Not Found", "detail": "The resource could not be found.\n\n No resource provider with uuid 1f32892e-2291-4291-9a53-4506780b975f found for delete ", "request_id": "req-33621464-76f2-4fbe-891e-777bb26ac8fa"}]}
2026-04-07 01:26:51.500 8 INFO neutron.services.segments.plugin [-] Segment 1f32892e-2291-4291-9a53-4506780b975f resource provider not found; error: Placement Client Error (4xx): {"errors": [{"status": 404, "title": "Not Found", "detail": "The resource could not be found.\n\n No resource provider with uuid 1f32892e-2291-4291-9a53-4506780b975f found for delete ", "request_id": "req-64d63b29-e36d-4a04-a276-3253b6dcfa93"}]}
2026-04-07 01:26:51.549 7 INFO neutron.db.ovn_revision_numbers_db [None req-cec1aff7-6ed8-4b50-b108-4ce3588d9783 - - - - - -] Successfully bumped revision number for resource 63642fbe-8f4e-4049-8502-f1fe537b0cbd (type: networks) to 1 [pid: 8|app: 0|req: 1090/2293] 10.0.0.186 () {32 vars in 726 bytes} [Tue Apr 7 01:26:50 2026] DELETE /v2.0/networks/5fc9bc81-a19c-4453-8ec9-acda0757e627 => generated 0 bytes in 747 msecs (HTTP/1.1 204) 3 headers in 131 bytes (1 switches on core 0)
2026-04-07 01:26:51.688 7 INFO neutron.db.ovn_revision_numbers_db [None req-e0504120-a008-4890-8d88-5c030b633e88 - - - - - -] Successfully bumped revision number for resource 77ccdf02-fbcf-4c92-aa70-fd76b3154f17 (type: ports) to 2
2026-04-07 01:26:51.788 7 WARNING neutron.scheduler.dhcp_agent_scheduler [None req-cec1aff7-6ed8-4b50-b108-4ce3588d9783 - - - - - -] No more DHCP agents
2026-04-07 01:26:51.789 7 WARNING neutron.api.rpc.agentnotifiers.dhcp_rpc_agent_api [None req-cec1aff7-6ed8-4b50-b108-4ce3588d9783 - - - - - -] Unable to schedule network 63642fbe-8f4e-4049-8502-f1fe537b0cbd: no agents available; will retry on subsequent port and subnet creation events.
2026-04-07 01:26:51.923 8 INFO neutron.db.ovn_revision_numbers_db [None req-618fd458-a033-42e2-be01-accd6c57fff9 ae73b3adcc454fe494f6557237bbac27 4b3f9b19a86647a9b8180dcd6925f962 - - default default] Successfully bumped revision number for resource d442c1b5-b56e-4dc2-8d1a-d7c008437088 (type: security_groups) to 1
2026-04-07 01:26:51.949 8 INFO neutron.db.ovn_revision_numbers_db [None req-618fd458-a033-42e2-be01-accd6c57fff9 ae73b3adcc454fe494f6557237bbac27 4b3f9b19a86647a9b8180dcd6925f962 - - default default] Successfully bumped revision number for resource 08bc1db7-ca0f-43e6-aa75-6a51b3a2d82e (type: security_group_rules) to 0
2026-04-07 01:26:51.971 8 INFO neutron.db.ovn_revision_numbers_db [None req-618fd458-a033-42e2-be01-accd6c57fff9 ae73b3adcc454fe494f6557237bbac27 4b3f9b19a86647a9b8180dcd6925f962 - - default default] Successfully bumped revision number for resource debb8c9c-42d8-4c37-aa31-9c29b4057578 (type: security_group_rules) to 0
2026-04-07 01:26:52.005 7 INFO neutron.db.ovn_revision_numbers_db [None req-cec1aff7-6ed8-4b50-b108-4ce3588d9783 - - - - - -] Successfully bumped revision number for resource a38f5976-be56-4d4c-ae52-8f049f4f42ba (type: ports) to 1 [pid: 8|app: 0|req: 1091/2294] 10.0.0.186 () {34 vars in 685 bytes} [Tue Apr 7 01:26:51 2026] POST /v2.0/security-groups => generated 1675 bytes in 383 msecs (HTTP/1.1 201) 4 headers in 163 bytes (1 switches on core 0) [pid: 8|app: 0|req: 1092/2295] 10.0.0.253 () {34 vars in 990 bytes} [Tue Apr 7 01:26:52 2026] GET /v2.0/ports?device_id=9cd0d9b6-f3c4-4a04-97ba-78f64838af49 => generated 12 bytes in 19 msecs (HTTP/1.1 200) 4 headers in 156 bytes (1 switches on core 0)
2026-04-07 01:26:52.165 8 INFO neutron_taas.services.taas.taas_plugin [None req-69233b2c-f57a-4e26-aa4d-97455c2b5b68 967729dd5bce4cf48924bd8b9d491238 556ee84a5c6446a4ad710069c059a444 - - default default] TaaS: Handle Delete Port: e8afb4df-982f-4b37-ac7b-8447a6a7c152
2026-04-07 01:26:52.171 8 INFO neutron_taas.services.taas.tap_mirror_plugin [None req-69233b2c-f57a-4e26-aa4d-97455c2b5b68 967729dd5bce4cf48924bd8b9d491238 556ee84a5c6446a4ad710069c059a444 - - default default] Tap Mirror: Handle Delete Port: e8afb4df-982f-4b37-ac7b-8447a6a7c152
2026-04-07 01:26:52.184 7 WARNING neutron.scheduler.dhcp_agent_scheduler [None req-cec1aff7-6ed8-4b50-b108-4ce3588d9783 - - - - - -] No more DHCP agents
2026-04-07 01:26:52.185 7 WARNING neutron.api.rpc.agentnotifiers.dhcp_rpc_agent_api [None req-cec1aff7-6ed8-4b50-b108-4ce3588d9783 - - - - - -] Unable to schedule network 63642fbe-8f4e-4049-8502-f1fe537b0cbd: no agents available; will retry on subsequent port and subnet creation events.
2026-04-07 01:26:52.228 7 INFO neutron.db.ovn_revision_numbers_db [None req-cec1aff7-6ed8-4b50-b108-4ce3588d9783 - - - - - -] Successfully bumped revision number for resource c48854df-213a-4c97-a148-c8633f7e3212 (type: subnets) to 0 [pid: 8|app: 0|req: 1093/2296] 10.0.0.186 () {32 vars in 726 bytes} [Tue Apr 7 01:26:52 2026] DELETE /v2.0/networks/0cea8876-f95a-4a8f-854c-ca3f636c7a54 => generated 0 bytes in 507 msecs (HTTP/1.1 204) 3 headers in 131 bytes (1 switches on core 0)
2026-04-07 01:26:52.699 7 WARNING neutron.scheduler.dhcp_agent_scheduler [None req-cec1aff7-6ed8-4b50-b108-4ce3588d9783 - - - - - -] No more DHCP agents
2026-04-07 01:26:52.701 7 WARNING neutron.api.rpc.agentnotifiers.dhcp_rpc_agent_api [None req-cec1aff7-6ed8-4b50-b108-4ce3588d9783 - - - - - -] Unable to schedule network 63642fbe-8f4e-4049-8502-f1fe537b0cbd: no agents available; will retry on subsequent port and subnet creation events.
2026-04-07 01:26:52.873 8 INFO neutron.db.ovn_revision_numbers_db [None req-d6d18e9b-a692-4684-9b08-cb1c4fae3253 ae73b3adcc454fe494f6557237bbac27 4b3f9b19a86647a9b8180dcd6925f962 - - default default] Successfully bumped revision number for resource e27a38f4-8ac4-4904-b196-78256fd15c2e (type: security_group_rules) to 0 [pid: 8|app: 0|req: 1094/2297] 10.0.0.186 () {34 vars in 695 bytes} [Tue Apr 7 01:26:52 2026] POST /v2.0/security-group-rules => generated 597 bytes in 375 msecs (HTTP/1.1 201) 4 headers in 162 bytes (1 switches on core 0)
2026-04-07 01:26:52.991 7 INFO neutron.db.ovn_revision_numbers_db [None req-cec1aff7-6ed8-4b50-b108-4ce3588d9783 - - - - - -] Successfully bumped revision number for resource 2349a6f1-750a-4d48-a901-64ca4ca2f121 (type: ports) to 1
2026-04-07 01:26:53.118 8 INFO neutron.db.ovn_revision_numbers_db [None req-f660f8d7-121c-4856-a032-548d384ced87 ae73b3adcc454fe494f6557237bbac27 4b3f9b19a86647a9b8180dcd6925f962 - - default default] Successfully bumped revision number for resource 448e8820-2e9c-4db9-ac1f-97e357ed63fa (type: security_group_rules) to 0 [pid: 8|app: 0|req: 1095/2298] 10.0.0.186 () {34 vars in 695 bytes} [Tue Apr 7 01:26:52 2026] POST /v2.0/security-group-rules => generated 596 bytes in 234 msecs (HTTP/1.1 201) 4 headers in 162 bytes (1 switches on core 0) [pid: 8|app: 0|req: 1096/2299] 10.0.0.253 () {34 vars in 990 bytes} [Tue Apr 7 01:26:53 2026] GET /v2.0/ports?device_id=9cd0d9b6-f3c4-4a04-97ba-78f64838af49 => generated 12 bytes in 27 msecs (HTTP/1.1 200) 4 headers in 156 bytes (1 switches on core 0)
2026-04-07 01:26:53.359 8 INFO neutron.db.ovn_revision_numbers_db [None req-6f19d006-e83b-4681-8ecd-7fe2887082f6 ae73b3adcc454fe494f6557237bbac27 4b3f9b19a86647a9b8180dcd6925f962 - - default default] Successfully bumped revision number for resource f2f70dc2-668c-4636-8c04-2ec461d4a160 (type: security_group_rules) to 0 [pid: 8|app: 0|req: 1097/2300] 10.0.0.186 () {34 vars in 695 bytes} [Tue Apr 7 01:26:53 2026] POST /v2.0/security-group-rules => generated 602 bytes in 210 msecs (HTTP/1.1 201) 4 headers in 162 bytes (1 switches on core 0)
2026-04-07 01:26:53.523 8 INFO neutron.services.segments.plugin [-] Segment ef8e3861-0443-43d9-85cb-d69cdcdb79e6 resource provider aggregate not found
2026-04-07 01:26:53.528 8 INFO neutron.services.segments.plugin [-] Segment ef8e3861-0443-43d9-85cb-d69cdcdb79e6 resource provider aggregate not found
2026-04-07 01:26:53.547 8 INFO neutron.services.segments.plugin [-] Segment ef8e3861-0443-43d9-85cb-d69cdcdb79e6 resource provider not found; error: Placement Client Error (4xx): {"errors": [{"status": 404, "title": "Not Found", "detail": "The resource could not be found.\n\n No resource provider with uuid ef8e3861-0443-43d9-85cb-d69cdcdb79e6 found for delete ", "request_id": "req-6e527f35-c8c1-4e25-8a06-3de6d69b6cb5"}]}
2026-04-07 01:26:53.549 8 INFO neutron.services.segments.plugin [-] Segment ef8e3861-0443-43d9-85cb-d69cdcdb79e6 resource provider not found; error: Placement Client Error (4xx): {"errors": [{"status": 404, "title": "Not Found", "detail": "The resource could not be found.\n\n No resource provider with uuid ef8e3861-0443-43d9-85cb-d69cdcdb79e6 found for delete ", "request_id": "req-43d24744-3715-4009-9851-95d3cd699d95"}]}
2026-04-07 01:26:53.567 8 INFO neutron.db.ovn_revision_numbers_db [None req-9fb9002d-8dfc-4dc7-b186-a2efb671759e ae73b3adcc454fe494f6557237bbac27 4b3f9b19a86647a9b8180dcd6925f962 - - default default] Successfully bumped revision number for resource 5a9ed05f-0091-46d4-b23e-efbcfd21c768 (type: security_group_rules) to 0 [pid: 8|app: 0|req: 1098/2301] 10.0.0.186 () {34 vars in 695 bytes} [Tue Apr 7 01:26:53 2026] POST /v2.0/security-group-rules => generated 601 bytes in 213 msecs (HTTP/1.1 201) 4 headers in 162 bytes (1 switches on core 0)
2026-04-07 01:26:53.732 7 WARNING neutron.scheduler.dhcp_agent_scheduler [None req-cec1aff7-6ed8-4b50-b108-4ce3588d9783 - - - - - -] No more DHCP agents
2026-04-07 01:26:53.734 7 WARNING neutron.api.rpc.agentnotifiers.dhcp_rpc_agent_api [None req-cec1aff7-6ed8-4b50-b108-4ce3588d9783 - - - - - -] Unable to schedule network 63642fbe-8f4e-4049-8502-f1fe537b0cbd: no agents available; will retry on subsequent port and subnet creation events. [pid: 8|app: 0|req: 1099/2302] 10.0.0.186 () {32 vars in 774 bytes} [Tue Apr 7 01:26:53 2026] GET /v2.0/security-groups?tenant_id=556ee84a5c6446a4ad710069c059a444&name=default => generated 2925 bytes in 194 msecs (HTTP/1.1 200) 4 headers in 158 bytes (1 switches on core 0)
2026-04-07 01:26:53.863 8 INFO neutron.db.securitygroups_db [None req-d0216d9a-9afe-4e59-b8f0-0e48dc3a203f ae73b3adcc454fe494f6557237bbac27 4b3f9b19a86647a9b8180dcd6925f962 - - default default] Project 4b3f9b19a86647a9b8180dcd6925f962 added a security group rule with legacy IPv6 ICMP protocol name icmp, ipv6-icmp should be used instead. It was automatically converted.
2026-04-07 01:26:53.987 8 INFO neutron.db.ovn_revision_numbers_db [None req-d0216d9a-9afe-4e59-b8f0-0e48dc3a203f ae73b3adcc454fe494f6557237bbac27 4b3f9b19a86647a9b8180dcd6925f962 - - default default] Successfully bumped revision number for resource 15a77b7e-42e5-44b5-965a-90e0b819b8f9 (type: security_group_rules) to 0 [pid: 8|app: 0|req: 1100/2303] 10.0.0.186 () {34 vars in 695 bytes} [Tue Apr 7 01:26:53 2026] POST /v2.0/security-group-rules => generated 607 bytes in 217 msecs (HTTP/1.1 201) 4 headers in 162 bytes (1 switches on core 0)
2026-04-07 01:26:54.273 7 INFO neutron.db.ovn_revision_numbers_db [None req-cec1aff7-6ed8-4b50-b108-4ce3588d9783 - - - - - -] Successfully bumped revision number for resource 2349a6f1-750a-4d48-a901-64ca4ca2f121 (type: router_ports) to 1 [pid: 8|app: 0|req: 1101/2304] 10.0.0.186 () {32 vars in 740 bytes} [Tue Apr 7 01:26:54 2026] DELETE /v2.0/security-groups/fedec029-e37e-42b0-96b0-0b10ed1afff8 => generated 0 bytes in 297 msecs (HTTP/1.1 204) 2 headers in 112 bytes (1 switches on core 0)
2026-04-07 01:26:54.358 8 INFO neutron.db.securitygroups_db [None req-b6ca2551-05b2-491e-9575-8f12ad3a4e1f ae73b3adcc454fe494f6557237bbac27 4b3f9b19a86647a9b8180dcd6925f962 - - default default] Project 4b3f9b19a86647a9b8180dcd6925f962 added a security group rule with legacy IPv6 ICMP protocol name icmp, ipv6-icmp should be used instead. It was automatically converted.
2026-04-07 01:26:54.471 8 INFO neutron.db.ovn_revision_numbers_db [None req-b6ca2551-05b2-491e-9575-8f12ad3a4e1f ae73b3adcc454fe494f6557237bbac27 4b3f9b19a86647a9b8180dcd6925f962 - - default default] Successfully bumped revision number for resource 178e0500-bfe2-4d40-8d27-03ee6c3c09ee (type: security_group_rules) to 0
2026-04-07 01:26:54.483 7 WARNING neutron.scheduler.dhcp_agent_scheduler [None req-cec1aff7-6ed8-4b50-b108-4ce3588d9783 - - - - - -] No more DHCP agents
2026-04-07 01:26:54.487 7 WARNING neutron.api.rpc.agentnotifiers.dhcp_rpc_agent_api [None req-cec1aff7-6ed8-4b50-b108-4ce3588d9783 - - - - - -] Unable to schedule network 63642fbe-8f4e-4049-8502-f1fe537b0cbd: no agents available; will retry on subsequent port and subnet creation events. [pid: 8|app: 0|req: 1102/2305] 10.0.0.186 () {34 vars in 695 bytes} [Tue Apr 7 01:26:54 2026] POST /v2.0/security-group-rules => generated 606 bytes in 175 msecs (HTTP/1.1 201) 4 headers in 162 bytes (1 switches on core 0) [pid: 8|app: 0|req: 1103/2306] 10.0.0.253 () {34 vars in 990 bytes} [Tue Apr 7 01:26:54 2026] GET /v2.0/ports?device_id=9cd0d9b6-f3c4-4a04-97ba-78f64838af49 => generated 12 bytes in 18 msecs (HTTP/1.1 200) 4 headers in 156 bytes (1 switches on core 0)
2026-04-07 01:26:54.662 7 INFO neutron.db.ovn_revision_numbers_db [None req-cec1aff7-6ed8-4b50-b108-4ce3588d9783 - - - - - -] Successfully bumped revision number for resource 8aa66d1e-a9a2-453f-9ae5-eb0f98800d41 (type: ports) to 1
2026-04-07 01:26:54.731 8 INFO neutron.db.ovn_revision_numbers_db [None req-d6baebf8-b3f6-40a4-95b2-953708a40d6c 69e031291c9146ad9cf93b9bdeaa724f c861b0ba27c443eaa41f2a705b569aaf - - default default] Successfully bumped revision number for resource 0893a4e1-025a-4b66-b7b0-ad541df910f9 (type: security_groups) to 1
2026-04-07 01:26:54.748 8 INFO neutron.db.ovn_revision_numbers_db [None req-d6baebf8-b3f6-40a4-95b2-953708a40d6c 69e031291c9146ad9cf93b9bdeaa724f c861b0ba27c443eaa41f2a705b569aaf - - default default] Successfully bumped revision number for resource 53653f39-84cb-4dba-847c-62e25c01100d (type: security_group_rules) to 0
2026-04-07 01:26:54.761 8 INFO neutron.db.ovn_revision_numbers_db [None req-d6baebf8-b3f6-40a4-95b2-953708a40d6c 69e031291c9146ad9cf93b9bdeaa724f c861b0ba27c443eaa41f2a705b569aaf - - default default] Successfully bumped revision number for resource b647f893-0152-45f8-a000-621c2f7f1b5a (type: security_group_rules) to 0
2026-04-07 01:26:54.779 8 INFO neutron.db.ovn_revision_numbers_db [None req-d6baebf8-b3f6-40a4-95b2-953708a40d6c 69e031291c9146ad9cf93b9bdeaa724f c861b0ba27c443eaa41f2a705b569aaf - - default default] Successfully bumped revision number for resource b7266ff4-022e-45d4-923a-e9d26416f264 (type: security_group_rules) to 0
2026-04-07 01:26:54.790 8 INFO neutron.db.ovn_revision_numbers_db [None req-d6baebf8-b3f6-40a4-95b2-953708a40d6c 69e031291c9146ad9cf93b9bdeaa724f c861b0ba27c443eaa41f2a705b569aaf - - default default] Successfully bumped revision number for resource bb711f13-5176-4040-a61a-9a75f5ad195c (type: security_group_rules) to 0 [pid: 8|app: 0|req: 1104/2307] 10.0.0.186 () {32 vars in 774 bytes} [Tue Apr 7 01:26:54 2026] GET /v2.0/security-groups?tenant_id=424f690f1dcd4d538816e075d654be9e&name=default => generated 2925 bytes in 307 msecs (HTTP/1.1 200) 4 headers in 158 bytes (1 switches on core 0)
2026-04-07 01:26:54.933 7 INFO neutron.db.ovn_revision_numbers_db [None req-cec1aff7-6ed8-4b50-b108-4ce3588d9783 - - - - - -] Successfully bumped revision number for resource 8aa66d1e-a9a2-453f-9ae5-eb0f98800d41 (type: ports) to 3 [pid: 8|app: 0|req: 1105/2308] 10.0.0.186 () {32 vars in 740 bytes} [Tue Apr 7 01:26:54 2026] DELETE /v2.0/security-groups/0893a4e1-025a-4b66-b7b0-ad541df910f9 => generated 0 bytes in 280 msecs (HTTP/1.1 204) 2 headers in 112 bytes (1 switches on core 0)
2026-04-07 01:26:55.247 8 INFO neutron.db.ovn_revision_numbers_db [None req-21e93516-9fa9-4cb9-a7cd-1976ee6c2f36 ae73b3adcc454fe494f6557237bbac27 4b3f9b19a86647a9b8180dcd6925f962 - - default default] Successfully bumped revision number for resource 86980f9f-f1d2-4890-bf75-d8f71a76de8d (type: security_groups) to 1
2026-04-07 01:26:55.261 8 INFO neutron.db.ovn_revision_numbers_db [None req-21e93516-9fa9-4cb9-a7cd-1976ee6c2f36 ae73b3adcc454fe494f6557237bbac27 4b3f9b19a86647a9b8180dcd6925f962 - - default default] Successfully bumped revision number for resource 37fffa77-bbd2-4776-8d21-d6f6a7e9ca72 (type: security_group_rules) to 0
2026-04-07 01:26:55.272 8 INFO neutron.db.ovn_revision_numbers_db [None req-21e93516-9fa9-4cb9-a7cd-1976ee6c2f36 ae73b3adcc454fe494f6557237bbac27 4b3f9b19a86647a9b8180dcd6925f962 - - default default] Successfully bumped revision number for resource c54e611a-465f-4bfb-b9f1-c1c86c9bc023 (type: security_group_rules) to 0 [pid: 8|app: 0|req: 1106/2309] 10.0.0.186 () {34 vars in 685 bytes} [Tue Apr 7 01:26:55 2026] POST /v2.0/security-groups => generated 1660 bytes in 193 msecs (HTTP/1.1 201) 4 headers in 163 bytes (1 switches on core 0)
2026-04-07 01:26:55.456 8 INFO neutron.db.ovn_revision_numbers_db [None req-d50272bf-9c3f-4357-92f2-ee5b3769b2c4 ae73b3adcc454fe494f6557237bbac27 4b3f9b19a86647a9b8180dcd6925f962 - - default default] Successfully bumped revision number for resource 722b2ef5-ea8f-4276-b18a-8bffe149b44b (type: security_group_rules) to 0 [pid: 8|app: 0|req: 1107/2310] 10.0.0.186 () {34 vars in 695 bytes} [Tue Apr 7 01:26:55 2026] POST /v2.0/security-group-rules => generated 597 bytes in 179 msecs (HTTP/1.1 201) 4 headers in 162 bytes (1 switches on core 0)
2026-04-07 01:26:55.634 8 INFO neutron.db.ovn_revision_numbers_db [None req-a3f27c50-80aa-4295-a83c-5493f71c9de5 ae73b3adcc454fe494f6557237bbac27 4b3f9b19a86647a9b8180dcd6925f962 - - default default] Successfully bumped revision number for resource 5b37ea94-ba51-4542-a66f-4ef645305065 (type: security_group_rules) to 0 [pid: 8|app: 0|req: 1108/2311] 10.0.0.186 () {34 vars in 695 bytes} [Tue Apr 7 01:26:55 2026] POST /v2.0/security-group-rules => generated 602 bytes in 171 msecs (HTTP/1.1 201) 4 headers in 162 bytes (1 switches on core 0) [pid: 8|app: 0|req: 1109/2312] 10.0.0.253 () {34 vars in 990 bytes} [Tue Apr 7 01:26:55 2026] GET /v2.0/ports?device_id=9cd0d9b6-f3c4-4a04-97ba-78f64838af49 => generated 12 bytes in 20 msecs (HTTP/1.1 200) 4 headers in 156 bytes (1 switches on core 0) [pid: 7|app: 0|req: 1204/2313] 10.0.0.186 () {34 vars in 685 bytes} [Tue Apr 7 01:26:48 2026] POST /v2.0/vpn/vpnservices => generated 457 bytes in 6855 msecs (HTTP/1.1 201) 4 headers in 162 bytes (1 switches on core 0)
2026-04-07 01:26:55.913 8 WARNING neutron.scheduler.dhcp_agent_scheduler [None req-28108a50-59f8-43b9-8519-f8689a3a04c6 ae73b3adcc454fe494f6557237bbac27 4b3f9b19a86647a9b8180dcd6925f962 - - default default] No more DHCP agents
2026-04-07 01:26:55.915 8 WARNING neutron.api.rpc.agentnotifiers.dhcp_rpc_agent_api [None req-28108a50-59f8-43b9-8519-f8689a3a04c6 ae73b3adcc454fe494f6557237bbac27 4b3f9b19a86647a9b8180dcd6925f962 - - default default] Unable to schedule network a154dc25-4ed1-4082-a8ed-ef87133a4c8b: no agents available; will retry on subsequent port and subnet creation events. [pid: 8|app: 0|req: 1110/2314] 10.0.0.186 () {34 vars in 676 bytes} [Tue Apr 7 01:26:55 2026] POST /v2.0/floatingips => generated 552 bytes in 518 msecs (HTTP/1.1 201) 4 headers in 162 bytes (1 switches on core 0) [pid: 7|app: 0|req: 1205/2315] 10.0.0.186 () {34 vars in 685 bytes} [Tue Apr 7 01:26:55 2026] POST /v2.0/vpn/vpnservices => generated 424 bytes in 454 msecs (HTTP/1.1 201) 4 headers in 162 bytes (1 switches on core 0) [pid: 8|app: 0|req: 1111/2318] 199.204.45.77 () {34 vars in 985 bytes} [Tue Apr 7 01:26:56 2026] GET /v2.0/networks?id=1ecf9c84-49d0-4f69-972d-86f3ffa58727 => generated 710 bytes in 33 msecs (HTTP/1.1 200) 4 headers in 157 bytes (1 switches on core 0) [pid: 7|app: 0|req: 1208/2319] 10.0.0.186 () {34 vars in 684 bytes} [Tue Apr 7 01:26:56 2026] POST /v2.0/vpn/ikepolicies => generated 403 bytes in 50 msecs (HTTP/1.1 201) 4 headers in 162 bytes (1 switches on core 0) [pid: 7|app: 0|req: 1209/2320] 10.0.0.186 () {34 vars in 688 bytes} [Tue Apr 7 01:26:56 2026] POST /v2.0/vpn/ipsecpolicies => generated 412 bytes in 54 msecs (HTTP/1.1 201) 4 headers in 162 bytes (1 switches on core 0) [pid: 7|app: 0|req: 1210/2321] 10.0.0.253 () {34 vars in 1100 bytes} [Tue Apr 7 01:26:56 2026] GET /v2.0/security-groups?name=tempest-securitygroup--1227831695&fields=id&tenant_id=4b3f9b19a86647a9b8180dcd6925f962 => generated 69 bytes in 47 msecs (HTTP/1.1 200) 4 headers in 156 bytes (1 switches on core 0) [pid: 7|app: 0|req: 1211/2322] 10.0.0.186 () {34 vars in 693 bytes} [Tue Apr 7 01:26:56 2026] POST /v2.0/vpn/endpoint-groups => generated 329 bytes in 59 msecs (HTTP/1.1 201) 4 headers in 162 bytes (1 switches on core 0) [pid: 7|app: 0|req: 1212/2323] 10.0.0.253 () {34 vars in 1100 bytes} [Tue Apr 7 01:26:56 2026] GET /v2.0/security-groups?name=tempest-secgroup-smoke-1461001850&fields=id&tenant_id=4b3f9b19a86647a9b8180dcd6925f962 => generated 69 bytes in 33 msecs (HTTP/1.1 200) 4 headers in 156 bytes (1 switches on core 0)
2026-04-07 01:26:56.505 8 WARNING neutron.scheduler.dhcp_agent_scheduler [req-95950004-f234-4fec-96df-b694ed976d29 req-97b13a37-21b0-4753-ab26-90db2c5605e9 2ca0d5d65eb94e23ad98978fc9d45412 923e8380a7a44a3fb8e0fc269053071d - - default default] No more DHCP agents
2026-04-07 01:26:56.509 8 WARNING neutron.api.rpc.agentnotifiers.dhcp_rpc_agent_api [req-95950004-f234-4fec-96df-b694ed976d29 req-97b13a37-21b0-4753-ab26-90db2c5605e9 2ca0d5d65eb94e23ad98978fc9d45412 923e8380a7a44a3fb8e0fc269053071d - - default default] Unable to schedule network 1ecf9c84-49d0-4f69-972d-86f3ffa58727: no agents available; will retry on subsequent port and subnet creation events. [pid: 7|app: 0|req: 1213/2324] 10.0.0.186 () {34 vars in 693 bytes} [Tue Apr 7 01:26:56 2026] POST /v2.0/vpn/endpoint-groups => generated 320 bytes in 47 msecs (HTTP/1.1 201) 4 headers in 162 bytes (1 switches on core 0)
2026-04-07 01:26:56.537 8 WARNING neutron.plugins.ml2.drivers.ovn.mech_driver.ovsdb.ovn_client [None req-4ac93cdd-6e32-4fa2-ac5a-32225b9b7143 - - - - - -] No hosting information found for port 43717e71-4f4f-41af-aa12-4f5c7ce67424: RuntimeError: No hosting information found for port 43717e71-4f4f-41af-aa12-4f5c7ce67424 [pid: 7|app: 0|req: 1214/2325] 10.0.0.253 () {34 vars in 982 bytes} [Tue Apr 7 01:26:56 2026] GET /v2.0/networks?id=2543efc3-3d41-4a42-8ddf-efe9a9b86990 => generated 711 bytes in 55 msecs (HTTP/1.1 200) 4 headers in 157 bytes (1 switches on core 0)
2026-04-07 01:26:56.704 8 INFO neutron.db.ovn_revision_numbers_db [None req-4ac93cdd-6e32-4fa2-ac5a-32225b9b7143 - - - - - -] Successfully bumped revision number for resource 43717e71-4f4f-41af-aa12-4f5c7ce67424 (type: router_ports) to 2
2026-04-07 01:26:56.796 8 INFO neutron.plugins.ml2.drivers.ovn.mech_driver.mech_driver [None req-4ac93cdd-6e32-4fa2-ac5a-32225b9b7143 - - - - - -] OVN reports status down for port: a8c7eb7b-ad80-46c2-8e06-beae16dd9ff0
2026-04-07 01:26:56.862 8 INFO neutron.db.ovn_revision_numbers_db [req-95950004-f234-4fec-96df-b694ed976d29 req-97b13a37-21b0-4753-ab26-90db2c5605e9 2ca0d5d65eb94e23ad98978fc9d45412 923e8380a7a44a3fb8e0fc269053071d - - default default] Successfully bumped revision number for resource ff287060-4303-4952-84ec-95a1a36c6d22 (type: ports) to 1 [pid: 8|app: 0|req: 1112/2326] 199.204.45.77 () {38 vars in 954 bytes} [Tue Apr 7 01:26:56 2026] POST /v2.0/ports => generated 958 bytes in 742 msecs (HTTP/1.1 201) 4 headers in 162 bytes (1 switches on core 0) /var/lib/openstack/lib/python3.12/site-packages/pycadf/identifier.py:70: UserWarning: Invalid uuid: neutron. To ensure interoperability, identifiers should be a valid uuid. warnings.warn(('Invalid uuid: %s. To ensure interoperability, ' [pid: 8|app: 0|req: 1113/2327] 10.0.0.253 () {34 vars in 965 bytes} [Tue Apr 7 01:26:56 2026] GET /v2.0/quotas/4b3f9b19a86647a9b8180dcd6925f962 => generated 292 bytes in 28 msecs (HTTP/1.1 200) 4 headers in 157 bytes (1 switches on core 0) [pid: 8|app: 0|req: 1114/2328] 10.0.0.253 () {34 vars in 990 bytes} [Tue Apr 7 01:26:57 2026] GET /v2.0/ports?device_id=9cd0d9b6-f3c4-4a04-97ba-78f64838af49 => generated 961 bytes in 89 msecs (HTTP/1.1 200) 4 headers in 157 bytes (1 switches on core 0)
2026-04-07 01:26:57.323 7 WARNING neutron.plugins.ml2.drivers.ovn.mech_driver.ovsdb.ovn_client [None req-e79b5f4a-acb2-4587-bc39-37fc87f17816 - - - - - -] No hosting information found for port 77ccdf02-fbcf-4c92-aa70-fd76b3154f17: RuntimeError: No hosting information found for port 77ccdf02-fbcf-4c92-aa70-fd76b3154f17
