Jun 29 04:28:52.901762 np0000183362 devstack@neutron-api.service[103411]: DEBUG ovsdbapp.backend.ovs_idl.transaction [None req-21203f5d-eec4-4c4f-a201-f5679cd747d0 None None] Running txn n=1 command(idx=0): CheckRevisionNumberCommand(_result=None, name=neutron-a8cf761b-f670-4438-8282-0e3f6a6bd662, resource={'id': 'a8cf761b-f670-4438-8282-0e3f6a6bd662', 'name': 'router1', 'project_id': 'd42c7a845125468fbae95e23e7405af6', 'admin_state_up': True, 'status': 'ACTIVE', 'enable_snat': True, 'external_gateway_info': {'network_id': 'f08328b6-ac4c-44f6-bd66-061db617981f', 'external_fixed_ips': [{'subnet_id': 'ca64e4cc-2464-47f1-b368-7d53187b1597', 'ip_address': '172.24.5.246'}], 'enable_snat': True}, 'gw_port_id': '051a9f57-c8ca-4f77-88dd-7a43ac1ebcaf', 'description': '', 'availability_zones': [], 'distributed': False, 'ha': True, 'ha_vr_id': 0, 'availability_zone_hints': [], 'enable_default_route_ecmp': False, 'enable_default_route_bfd': False, 'external_gateways': [{'network_id': 'f08328b6-ac4c-44f6-bd66-061db617981f', 'external_fixed_ips': [{'ip_address': '172.24.5.246', 'subnet_id': 'ca64e4cc-2464-47f1-b368-7d53187b1597'}]}], 'routes': [], 'flavor_id': None, 'tags': [], 'created_at': '2026-06-29T04:28:46Z', 'updated_at': '2026-06-29T04:28:51Z', 'revision_number': 3, 'tenant_id': 'd42c7a845125468fbae95e23e7405af6'}, resource_type=routers, if_exists=True) {{(pid=103411) do_commit /opt/stack/data/venv/lib/python3.12/site-packages/ovsdbapp/backend/ovs_idl/transaction.py:89}}
Jun 29 04:28:52.902294 np0000183362 devstack@neutron-api.service[103411]: DEBUG ovsdbapp.backend.ovs_idl.transaction [None req-21203f5d-eec4-4c4f-a201-f5679cd747d0 None None] Running txn n=1 command(idx=1): DeleteLRouterExtGwCommand(_result=None, lrouter=neutron-a8cf761b-f670-4438-8282-0e3f6a6bd662, if_exists=True, maintain_bfd=True) {{(pid=103411) do_commit /opt/stack/data/venv/lib/python3.12/site-packages/ovsdbapp/backend/ovs_idl/transaction.py:89}}
Jun 29 04:28:52.903137 np0000183362 devstack@neutron-api.service[103411]: DEBUG ovsdbapp.backend.ovs_idl.transaction [None req-21203f5d-eec4-4c4f-a201-f5679cd747d0 None None] Running txn n=1 command(idx=2): DeleteNATRuleInLRouterCommand(_result=None, lrouter=neutron-a8cf761b-f670-4438-8282-0e3f6a6bd662, type=snat, logical_ip=0.0.0.0/0, external_ip=172.24.5.246, if_exists=True) {{(pid=103411) do_commit /opt/stack/data/venv/lib/python3.12/site-packages/ovsdbapp/backend/ovs_idl/transaction.py:89}}
Jun 29 04:28:52.903418 np0000183362 devstack@neutron-api.service[103411]: DEBUG ovsdbapp.backend.ovs_idl.transaction [None req-21203f5d-eec4-4c4f-a201-f5679cd747d0 None None] Running txn n=1 command(idx=3): DelStaticRoutesCommand(_result=None, lrouter=neutron-a8cf761b-f670-4438-8282-0e3f6a6bd662, routes=[('0.0.0.0/0', '172.24.5.1')], if_exists=True) {{(pid=103411) do_commit /opt/stack/data/venv/lib/python3.12/site-packages/ovsdbapp/backend/ovs_idl/transaction.py:89}}
Jun 29 04:28:52.903723 np0000183362 devstack@neutron-api.service[103411]: DEBUG ovsdbapp.backend.ovs_idl.transaction [None req-21203f5d-eec4-4c4f-a201-f5679cd747d0 None None] Running txn n=1 command(idx=4): DelLRouterPortCommand(_result=None, name=lrp-051a9f57-c8ca-4f77-88dd-7a43ac1ebcaf, lrouter=neutron-a8cf761b-f670-4438-8282-0e3f6a6bd662, if_exists=True) {{(pid=103411) do_commit /opt/stack/data/venv/lib/python3.12/site-packages/ovsdbapp/backend/ovs_idl/transaction.py:89}}
Jun 29 04:28:52.904024 np0000183362 devstack@neutron-api.service[103411]: DEBUG ovsdbapp.backend.ovs_idl.transaction [None req-21203f5d-eec4-4c4f-a201-f5679cd747d0 None None] Running txn n=1 command(idx=5): AddLRouterPortCommand(_result=None, name=lrp-051a9f57-c8ca-4f77-88dd-7a43ac1ebcaf, lrouter=neutron-a8cf761b-f670-4438-8282-0e3f6a6bd662, may_exist=True, columns={'mac': 'fa:16:3e:0b:c4:3a', 'networks': ['172.24.5.246/24'], 'external_ids': {'neutron:revision_number': '1', 'neutron:subnet_ids': 'ca64e4cc-2464-47f1-b368-7d53187b1597', 'neutron:network_name': 'neutron-f08328b6-ac4c-44f6-bd66-061db617981f', 'neutron:is_ext_gw': 'True', 'neutron:router_name': 'neutron-a8cf761b-f670-4438-8282-0e3f6a6bd662'}, 'options': {'reside-on-redirect-chassis': 'true', 'gateway_mtu': '1372'}}) {{(pid=103411) do_commit /opt/stack/data/venv/lib/python3.12/site-packages/ovsdbapp/backend/ovs_idl/transaction.py:89}}
Jun 29 04:28:52.904971 np0000183362 devstack@neutron-api.service[103411]: DEBUG ovsdbapp.backend.ovs_idl.transaction [None req-21203f5d-eec4-4c4f-a201-f5679cd747d0 None None] Running txn n=1 command(idx=6): ScheduleNewGatewayCommand(_result=None, g_name=lrp-051a9f57-c8ca-4f77-88dd-7a43ac1ebcaf, sb_api=, lrouter_name=neutron-a8cf761b-f670-4438-8282-0e3f6a6bd662, ovn_client=, scheduler=, physnet=public, az_hints=[]) {{(pid=103411) do_commit /opt/stack/data/venv/lib/python3.12/site-packages/ovsdbapp/backend/ovs_idl/transaction.py:89}}
Jun 29 04:28:52.906137 np0000183362 devstack@neutron-api.service[103411]: DEBUG neutron.plugins.ml2.drivers.ovn.mech_driver.ovsdb.ovn_client [None req-21203f5d-eec4-4c4f-a201-f5679cd747d0 None None] Chassis candidates for scheduling gateway router ports for "public" physical network: ['072ae061-a83a-4f1e-867d-ceb1f288315b'] {{(pid=103411) get_candidates_for_scheduling /opt/stack/neutron/neutron/plugins/ml2/drivers/ovn/mech_driver/ovsdb/ovn_client.py:1759}}
Jun 29 04:28:52.907090 np0000183362 devstack@neutron-api.service[103411]: DEBUG neutron.scheduler.l3_ovn_scheduler [None req-21203f5d-eec4-4c4f-a201-f5679cd747d0 None None] Gateway lrp-051a9f57-c8ca-4f77-88dd-7a43ac1ebcaf scheduled on chassis ['072ae061-a83a-4f1e-867d-ceb1f288315b'] {{(pid=103411) _schedule_gateway /opt/stack/neutron/neutron/scheduler/l3_ovn_scheduler.py:88}}
Jun 29 04:28:52.907792 np0000183362 devstack@neutron-api.service[103411]: DEBUG ovsdbapp.backend.ovs_idl.transaction [None req-21203f5d-eec4-4c4f-a201-f5679cd747d0 None None] Running txn n=1 command(idx=7): SetLRouterPortInLSwitchPortCommand(_result=None, lswitch_port=051a9f57-c8ca-4f77-88dd-7a43ac1ebcaf, lrouter_port=lrp-051a9f57-c8ca-4f77-88dd-7a43ac1ebcaf, is_gw_port=True, if_exists=True, lsp_address=router) {{(pid=103411) do_commit /opt/stack/data/venv/lib/python3.12/site-packages/ovsdbapp/backend/ovs_idl/transaction.py:89}}
Jun 29 04:28:52.908276 np0000183362 devstack@neutron-api.service[103411]: DEBUG ovsdbapp.backend.ovs_idl.transaction [None req-21203f5d-eec4-4c4f-a201-f5679cd747d0 None None] Running txn n=1 command(idx=8): AddStaticRouteCommand(_result=None, lrouter=neutron-a8cf761b-f670-4438-8282-0e3f6a6bd662, maintain_bfd=False, columns={'ip_prefix': '0.0.0.0/0', 'nexthop': '172.24.5.1', 'external_ids': {'neutron:is_ext_gw': 'true', 'neutron:subnet_id': 'ca64e4cc-2464-47f1-b368-7d53187b1597', 'neutron:is_static_route': 'true'}}) {{(pid=103411) do_commit /opt/stack/data/venv/lib/python3.12/site-packages/ovsdbapp/backend/ovs_idl/transaction.py:89}}
Jun 29 04:28:52.908748 np0000183362 devstack@neutron-api.service[103411]: DEBUG ovsdbapp.backend.ovs_idl.transaction [None req-21203f5d-eec4-4c4f-a201-f5679cd747d0 None None] Running txn n=1 command(idx=9): AddNATRuleInLRouterCommand(_result=None, lrouter=neutron-a8cf761b-f670-4438-8282-0e3f6a6bd662, nat_uuid=None, columns={'type': 'snat', 'logical_ip': '0.0.0.0/0', 'external_ip': '172.24.5.246'}) {{(pid=103411) do_commit /opt/stack/data/venv/lib/python3.12/site-packages/ovsdbapp/backend/ovs_idl/transaction.py:89}}
Jun 29 04:28:52.909150 np0000183362 devstack@neutron-api.service[103411]: DEBUG ovsdbapp.backend.ovs_idl.transaction [None req-21203f5d-eec4-4c4f-a201-f5679cd747d0 None None] Running txn n=1 command(idx=10): UpdateLRouterCommand(_result=None, name=neutron-a8cf761b-f670-4438-8282-0e3f6a6bd662, columns={'external_ids': {'neutron:router_name': 'router1', 'neutron:revision_number': '3', 'neutron:availability_zone_hints': ''}, 'enabled': True}, if_exists=True) {{(pid=103411) do_commit /opt/stack/data/venv/lib/python3.12/site-packages/ovsdbapp/backend/ovs_idl/transaction.py:89}}
Jun 29 04:28:52.909729 np0000183362 devstack@neutron-api.service[103411]: DEBUG ovsdbapp.backend.ovs_idl.transaction [None req-21203f5d-eec4-4c4f-a201-f5679cd747d0 None None] Running txn n=1 command(idx=11): QoSDelCommand(_result=None, switch=neutron-f08328b6-ac4c-44f6-bd66-061db617981f, conditions=[('direction', '=', 'from-lport'), ('priority', '=', 2002), ('match', '=', 'inport == "051a9f57-c8ca-4f77-88dd-7a43ac1ebcaf"')], if_exists=True) {{(pid=103411) do_commit /opt/stack/data/venv/lib/python3.12/site-packages/ovsdbapp/backend/ovs_idl/transaction.py:89}}
Jun 29 04:28:52.910053 np0000183362 devstack@neutron-api.service[103411]: DEBUG ovsdbapp.backend.ovs_idl.transaction [None req-21203f5d-eec4-4c4f-a201-f5679cd747d0 None None] Running txn n=1 command(idx=12): QoSDelCommand(_result=None, switch=neutron-f08328b6-ac4c-44f6-bd66-061db617981f, conditions=[('direction', '=', 'to-lport'), ('priority', '=', 2002), ('match', '=', 'outport == "051a9f57-c8ca-4f77-88dd-7a43ac1ebcaf"')], if_exists=True) {{(pid=103411) do_commit /opt/stack/data/venv/lib/python3.12/site-packages/ovsdbapp/backend/ovs_idl/transaction.py:89}}
Jun 29 04:28:52.979514 np0000183362 devstack@neutron-api.service[103413]: DEBUG neutron.plugins.ml2.drivers.ovn.mech_driver.ovsdb.ovsdb_monitor [None req-d23259fd-918d-400c-bae3-308f746f93e5 None None] Touching Hash Ring node "0a7a436d572f5554bf2a24687bece96e" from IDL notify handler {{(pid=103413) notify /opt/stack/neutron/neutron/plugins/ml2/drivers/ovn/mech_driver/ovsdb/ovsdb_monitor.py:1007}}
Jun 29 04:28:52.986560 np0000183362 devstack@neutron-api.service[103411]: DEBUG neutron.plugins.ml2.drivers.ovn.mech_driver.ovsdb.ovsdb_monitor [None req-21203f5d-eec4-4c4f-a201-f5679cd747d0 None None] Touching Hash Ring node "8ee66ea1806f52a8ad2522ec3338422d" from IDL notify handler {{(pid=103411) notify /opt/stack/neutron/neutron/plugins/ml2/drivers/ovn/mech_driver/ovsdb/ovsdb_monitor.py:1007}}
Jun 29 04:28:52.989248 np0000183362 devstack@neutron-api.service[103414]: DEBUG neutron.plugins.ml2.drivers.ovn.mech_driver.ovsdb.ovsdb_monitor [None req-80d0bb3e-3879-4546-8fe4-c9e9d32e15bd None None] Touching Hash Ring node "d8e83f40f1a55a40a17137670f297844" from IDL notify handler {{(pid=103414) notify /opt/stack/neutron/neutron/plugins/ml2/drivers/ovn/mech_driver/ovsdb/ovsdb_monitor.py:1007}}
Jun 29 04:28:52.991341 np0000183362 devstack@neutron-api.service[103413]: DEBUG neutron.plugins.ml2.drivers.ovn.mech_driver.ovsdb.ovsdb_monitor [None req-5d07a138-4eee-467d-a993-e63a375f2bd0 None None] Touching Hash Ring node "0a7a436d572f5554bf2a24687bece96e" from IDL notify handler {{(pid=103413) notify /opt/stack/neutron/neutron/plugins/ml2/drivers/ovn/mech_driver/ovsdb/ovsdb_monitor.py:1007}}
Jun 29 04:28:52.995793 np0000183362 devstack@neutron-api.service[103412]: DEBUG neutron.plugins.ml2.drivers.ovn.mech_driver.ovsdb.ovsdb_monitor [None req-5119720e-2f4a-4ae6-86bb-5908b2ed05df None None] Touching Hash Ring node "f12a60dd66f05fdfb3b1f85c966ff9f5" from IDL notify handler {{(pid=103412) notify /opt/stack/neutron/neutron/plugins/ml2/drivers/ovn/mech_driver/ovsdb/ovsdb_monitor.py:1007}}
Jun 29 04:28:52.996436 np0000183362 devstack@neutron-api.service[103414]: DEBUG neutron.plugins.ml2.drivers.ovn.mech_driver.ovsdb.ovsdb_monitor [None req-d755adcd-4543-4213-8963-a4bcc97be448 None None] Touching Hash Ring node "d8e83f40f1a55a40a17137670f297844" from IDL notify handler {{(pid=103414) notify /opt/stack/neutron/neutron/plugins/ml2/drivers/ovn/mech_driver/ovsdb/ovsdb_monitor.py:1007}}
Jun 29 04:28:53.000530 np0000183362 devstack@neutron-api.service[103412]: DEBUG neutron.plugins.ml2.drivers.ovn.mech_driver.ovsdb.ovsdb_monitor [None req-9cc0bb06-d24b-4e33-9ab7-ff6f07d781a9 None None] Touching Hash Ring node "f12a60dd66f05fdfb3b1f85c966ff9f5" from IDL notify handler {{(pid=103412) notify /opt/stack/neutron/neutron/plugins/ml2/drivers/ovn/mech_driver/ovsdb/ovsdb_monitor.py:1007}}
Jun 29 04:28:53.005461 np0000183362 devstack@neutron-api.service[103413]: DEBUG neutron.plugins.ml2.drivers.ovn.mech_driver.ovsdb.ovsdb_monitor [None req-d23259fd-918d-400c-bae3-308f746f93e5 None None] Hash Ring: Node 0a7a436d572f5554bf2a24687bece96e (host: np0000183362) handling event "create" for row b2c9954a-b795-41a2-8298-257b866d694d (table: HA_Chassis) {{(pid=103413) notify /opt/stack/neutron/neutron/plugins/ml2/drivers/ovn/mech_driver/ovsdb/ovsdb_monitor.py:1015}}
Jun 29 04:28:53.005761 np0000183362 devstack@neutron-api.service[103411]: DEBUG neutron.plugins.ml2.drivers.ovn.mech_driver.ovsdb.ovsdb_monitor [None req-21203f5d-eec4-4c4f-a201-f5679cd747d0 None None] Hash Ring: Node 8ee66ea1806f52a8ad2522ec3338422d (host: np0000183362) handling event "update" for row ee630d62-96e4-4bae-a3e6-b5fff386cf3f (table: Logical_Router) {{(pid=103411) notify /opt/stack/neutron/neutron/plugins/ml2/drivers/ovn/mech_driver/ovsdb/ovsdb_monitor.py:1015}}
Jun 29 04:28:53.006934 np0000183362 devstack@neutron-api.service[103413]: DEBUG neutron.plugins.ml2.drivers.ovn.mech_driver.ovsdb.ovsdb_monitor [None req-d23259fd-918d-400c-bae3-308f746f93e5 None None] Touching Hash Ring node "0a7a436d572f5554bf2a24687bece96e" from IDL notify handler {{(pid=103413) notify /opt/stack/neutron/neutron/plugins/ml2/drivers/ovn/mech_driver/ovsdb/ovsdb_monitor.py:1007}}
Jun 29 04:28:53.007177 np0000183362 devstack@neutron-api.service[103411]: DEBUG neutron.plugins.ml2.drivers.ovn.mech_driver.ovsdb.ovsdb_monitor [None req-21203f5d-eec4-4c4f-a201-f5679cd747d0 None None] Touching Hash Ring node "8ee66ea1806f52a8ad2522ec3338422d" from IDL notify handler {{(pid=103411) notify /opt/stack/neutron/neutron/plugins/ml2/drivers/ovn/mech_driver/ovsdb/ovsdb_monitor.py:1007}}
Jun 29 04:28:53.008016 np0000183362 devstack@neutron-api.service[103412]: DEBUG neutron.plugins.ml2.drivers.ovn.mech_driver.ovsdb.ovsdb_monitor [None req-5119720e-2f4a-4ae6-86bb-5908b2ed05df None None] Hash Ring: Node f12a60dd66f05fdfb3b1f85c966ff9f5 (host: np0000183362) handling event "update" for row e92cb509-2bc4-4a64-8c6d-16e59a992e71 (table: Logical_Switch_Port) {{(pid=103412) notify /opt/stack/neutron/neutron/plugins/ml2/drivers/ovn/mech_driver/ovsdb/ovsdb_monitor.py:1015}}
Jun 29 04:28:53.008478 np0000183362 devstack@neutron-api.service[103412]: DEBUG neutron.plugins.ml2.drivers.ovn.mech_driver.ovsdb.ovsdb_monitor [None req-9cc0bb06-d24b-4e33-9ab7-ff6f07d781a9 None None] Hash Ring: Node f12a60dd66f05fdfb3b1f85c966ff9f5 (host: np0000183362) handling event "update" for row 605748b8-f9ab-49ca-8617-26ced84e5ec9 (table: Port_Binding) {{(pid=103412) notify /opt/stack/neutron/neutron/plugins/ml2/drivers/ovn/mech_driver/ovsdb/ovsdb_monitor.py:1015}}
Jun 29 04:28:53.009526 np0000183362 devstack@neutron-api.service[103413]: DEBUG neutron.plugins.ml2.drivers.ovn.mech_driver.ovsdb.ovsdb_monitor [None req-5d07a138-4eee-467d-a993-e63a375f2bd0 None None] Hash Ring: Node 0a7a436d572f5554bf2a24687bece96e (host: np0000183362) handling event "create" for row 9dfaa3c0-e262-487e-aa94-4a1952dff899 (table: Port_Binding) {{(pid=103413) notify /opt/stack/neutron/neutron/plugins/ml2/drivers/ovn/mech_driver/ovsdb/ovsdb_monitor.py:1015}}
Jun 29 04:28:53.010092 np0000183362 devstack@neutron-api.service[103414]: DEBUG neutron.plugins.ml2.drivers.ovn.mech_driver.ovsdb.ovsdb_monitor [None req-80d0bb3e-3879-4546-8fe4-c9e9d32e15bd None None] Hash Ring: Node d8e83f40f1a55a40a17137670f297844 (host: np0000183362) handling event "create" for row b2c9954a-b795-41a2-8298-257b866d694d (table: HA_Chassis) {{(pid=103414) notify /opt/stack/neutron/neutron/plugins/ml2/drivers/ovn/mech_driver/ovsdb/ovsdb_monitor.py:1015}}
Jun 29 04:28:53.010823 np0000183362 devstack@neutron-api.service[103414]: DEBUG neutron.plugins.ml2.drivers.ovn.mech_driver.ovsdb.ovsdb_monitor [None req-d755adcd-4543-4213-8963-a4bcc97be448 None None] Hash Ring: Node d8e83f40f1a55a40a17137670f297844 (host: np0000183362) handling event "create" for row 13b18ba8-b46a-4651-b66e-1748f7c421b7 (table: Port_Binding) {{(pid=103414) notify /opt/stack/neutron/neutron/plugins/ml2/drivers/ovn/mech_driver/ovsdb/ovsdb_monitor.py:1015}}
Jun 29 04:28:53.011394 np0000183362 devstack@neutron-api.service[103414]: DEBUG neutron.plugins.ml2.drivers.ovn.mech_driver.ovsdb.ovsdb_monitor [None req-80d0bb3e-3879-4546-8fe4-c9e9d32e15bd None None] Touching Hash Ring node "d8e83f40f1a55a40a17137670f297844" from IDL notify handler {{(pid=103414) notify /opt/stack/neutron/neutron/plugins/ml2/drivers/ovn/mech_driver/ovsdb/ovsdb_monitor.py:1007}}
Jun 29 04:28:53.012370 np0000183362 devstack@neutron-api.service[103411]: DEBUG neutron.plugins.ml2.drivers.ovn.mech_driver.ovsdb.ovsdb_monitor [None req-21203f5d-eec4-4c4f-a201-f5679cd747d0 None None] Hash Ring: Node 8ee66ea1806f52a8ad2522ec3338422d (host: np0000183362) handling event "create" for row 994b2c0b-e36e-42b7-a95b-0d73cf867af0 (table: Logical_Router_Port) {{(pid=103411) notify /opt/stack/neutron/neutron/plugins/ml2/drivers/ovn/mech_driver/ovsdb/ovsdb_monitor.py:1015}}
Jun 29 04:28:53.013346 np0000183362 devstack@neutron-api.service[103413]: DEBUG neutron.plugins.ml2.drivers.ovn.mech_driver.ovsdb.ovsdb_monitor [None req-d23259fd-918d-400c-bae3-308f746f93e5 None None] Hash Ring: Node 0a7a436d572f5554bf2a24687bece96e (host: np0000183362) handling event "create" for row 287ff0e0-a076-431b-8748-440c1ff2b49c (table: HA_Chassis_Group) {{(pid=103413) notify /opt/stack/neutron/neutron/plugins/ml2/drivers/ovn/mech_driver/ovsdb/ovsdb_monitor.py:1015}}
Jun 29 04:28:53.013587 np0000183362 devstack@neutron-api.service[103412]: DEBUG neutron.plugins.ml2.drivers.ovn.mech_driver.ovsdb.ovsdb_monitor [None req-5119720e-2f4a-4ae6-86bb-5908b2ed05df None None] Touching Hash Ring node "f12a60dd66f05fdfb3b1f85c966ff9f5" from IDL notify handler {{(pid=103412) notify /opt/stack/neutron/neutron/plugins/ml2/drivers/ovn/mech_driver/ovsdb/ovsdb_monitor.py:1007}}
Jun 29 04:28:53.013762 np0000183362 devstack@neutron-api.service[103411]: DEBUG ovsdbapp.backend.ovs_idl.event [None req-21203f5d-eec4-4c4f-a201-f5679cd747d0 None None] Matched CREATE: LogicalRouterPortEvent(events=('create', 'delete'), table='Logical_Router_Port', conditions=None, old_conditions=None), priority=20 to row=Logical_Router_Port(uuid=994b2c0b-e36e-42b7-a95b-0d73cf867af0, enabled=[], external_ids={'neutron:is_ext_gw': 'True', 'neutron:network_name': 'neutron-f08328b6-ac4c-44f6-bd66-061db617981f', 'neutron:revision_number': '1', 'neutron:router_name': 'neutron-a8cf761b-f670-4438-8282-0e3f6a6bd662', 'neutron:subnet_ids': 'ca64e4cc-2464-47f1-b368-7d53187b1597'}, gateway_chassis=[], ha_chassis_group=287ff0e0-a076-431b-8748-440c1ff2b49c, ipv6_prefix=[], ipv6_ra_configs={}, mac='fa:16:3e:0b:c4:3a', name='lrp-051a9f57-c8ca-4f77-88dd-7a43ac1ebcaf', networks=['172.24.5.246/24'], options={'gateway_mtu': '1372', 'reside-on-redirect-chassis': 'true'}, peer=[], status={}) old= {{(pid=103411) matches /opt/stack/data/venv/lib/python3.12/site-packages/ovsdbapp/backend/ovs_idl/event.py:55}}
Jun 29 04:28:53.014508 np0000183362 devstack@neutron-api.service[103413]: DEBUG neutron.plugins.ml2.drivers.ovn.mech_driver.ovsdb.ovsdb_monitor [None req-d23259fd-918d-400c-bae3-308f746f93e5 None None] Touching Hash Ring node "0a7a436d572f5554bf2a24687bece96e" from IDL notify handler {{(pid=103413) notify /opt/stack/neutron/neutron/plugins/ml2/drivers/ovn/mech_driver/ovsdb/ovsdb_monitor.py:1007}}
Jun 29 04:28:53.014747 np0000183362 devstack@neutron-api.service[103414]: DEBUG neutron.plugins.ml2.drivers.ovn.mech_driver.ovsdb.ovsdb_monitor [None req-d755adcd-4543-4213-8963-a4bcc97be448 None None] Touching Hash Ring node "d8e83f40f1a55a40a17137670f297844" from IDL notify handler {{(pid=103414) notify /opt/stack/neutron/neutron/plugins/ml2/drivers/ovn/mech_driver/ovsdb/ovsdb_monitor.py:1007}}
Jun 29 04:28:53.015335 np0000183362 devstack@neutron-api.service[103411]: DEBUG neutron.plugins.ml2.drivers.ovn.mech_driver.ovsdb.ovsdb_monitor [None req-21203f5d-eec4-4c4f-a201-f5679cd747d0 None None] Touching Hash Ring node "8ee66ea1806f52a8ad2522ec3338422d" from IDL notify handler {{(pid=103411) notify /opt/stack/neutron/neutron/plugins/ml2/drivers/ovn/mech_driver/ovsdb/ovsdb_monitor.py:1007}}
Jun 29 04:28:53.016060 np0000183362 devstack@neutron-api.service[103412]: DEBUG neutron.plugins.ml2.drivers.ovn.mech_driver.ovsdb.ovsdb_monitor [None req-5119720e-2f4a-4ae6-86bb-5908b2ed05df None None] Hash Ring: Node f12a60dd66f05fdfb3b1f85c966ff9f5 (host: np0000183362) handling event "update" for row e92cb509-2bc4-4a64-8c6d-16e59a992e71 (table: Logical_Switch_Port) {{(pid=103412) notify /opt/stack/neutron/neutron/plugins/ml2/drivers/ovn/mech_driver/ovsdb/ovsdb_monitor.py:1015}}
Jun 29 04:28:53.016727 np0000183362 devstack@neutron-api.service[103413]: DEBUG neutron.plugins.ml2.drivers.ovn.mech_driver.ovsdb.ovsdb_monitor [None req-d23259fd-918d-400c-bae3-308f746f93e5 None None] Hash Ring: Node 0a7a436d572f5554bf2a24687bece96e (host: np0000183362) handling event "create" for row 321627a8-7ba5-4a40-ae52-d655ee62a591 (table: NAT) {{(pid=103413) notify /opt/stack/neutron/neutron/plugins/ml2/drivers/ovn/mech_driver/ovsdb/ovsdb_monitor.py:1015}}
Jun 29 04:28:53.017442 np0000183362 devstack@neutron-api.service[103411]: DEBUG neutron.plugins.ml2.drivers.ovn.mech_driver.ovsdb.ovsdb_monitor [None req-21203f5d-eec4-4c4f-a201-f5679cd747d0 None None] Hash Ring: Node 8ee66ea1806f52a8ad2522ec3338422d (host: np0000183362) handling event "create" for row edbef13b-d1ba-4887-bfbe-cf60b848dbbb (table: Logical_Router_Static_Route) {{(pid=103411) notify /opt/stack/neutron/neutron/plugins/ml2/drivers/ovn/mech_driver/ovsdb/ovsdb_monitor.py:1015}}
Jun 29 04:28:53.018328 np0000183362 devstack@neutron-api.service[103412]: DEBUG ovsdbapp.backend.ovs_idl.event [None req-5119720e-2f4a-4ae6-86bb-5908b2ed05df None None] Matched UPDATE: LogicalSwitchPortUpdateUpEvent(events=('update',), table='Logical_Switch_Port', conditions=None, old_conditions=None), priority=20 to row=Logical_Switch_Port(uuid=e92cb509-2bc4-4a64-8c6d-16e59a992e71, addresses=['router'], dhcpv4_options=[], dhcpv6_options=[], dynamic_addresses=[], enabled=True, external_ids={'neutron:cidrs': '172.24.5.246/24', 'neutron:device_id': 'a8cf761b-f670-4438-8282-0e3f6a6bd662', 'neutron:device_owner': 'network:router_gateway', 'neutron:mtu': '', 'neutron:network_name': 'neutron-f08328b6-ac4c-44f6-bd66-061db617981f', 'neutron:port_capabilities': '', 'neutron:port_name': '', 'neutron:project_id': '', 'neutron:revision_number': '1', 'neutron:security_group_ids': '', 'neutron:subnet_pool_addr_scope4': '', 'neutron:subnet_pool_addr_scope6': '', 'neutron:vnic_type': 'normal'}, ha_chassis_group=[], mirror_rules=[], name='051a9f57-c8ca-4f77-88dd-7a43ac1ebcaf', options={'exclude-lb-vips-from-garp': 'true', 'nat-addresses': 'router', 'router-port': 'lrp-051a9f57-c8ca-4f77-88dd-7a43ac1ebcaf'}, parent_name=[], port_security=[], tag=[], tag_request=[], type='router', up=True) old=Logical_Switch_Port(uuid=e92cb509-2bc4-4a64-8c6d-16e59a992e71, up=False) {{(pid=103412) matches /opt/stack/data/venv/lib/python3.12/site-packages/ovsdbapp/backend/ovs_idl/event.py:55}}
Jun 29 04:28:53.018807 np0000183362 devstack@neutron-api.service[103414]: DEBUG neutron.plugins.ml2.drivers.ovn.mech_driver.ovsdb.ovsdb_monitor [None req-d755adcd-4543-4213-8963-a4bcc97be448 None None] Hash Ring: Node d8e83f40f1a55a40a17137670f297844 (host: np0000183362) handling event "update" for row 605748b8-f9ab-49ca-8617-26ced84e5ec9 (table: Port_Binding) {{(pid=103414) notify /opt/stack/neutron/neutron/plugins/ml2/drivers/ovn/mech_driver/ovsdb/ovsdb_monitor.py:1015}}
Jun 29 04:28:53.019762 np0000183362 devstack@neutron-api.service[103412]: INFO neutron.plugins.ml2.drivers.ovn.mech_driver.mech_driver [None req-74498d3d-d513-4dd9-a3f1-ab6594307884 None None] OVN reports status up for port: 051a9f57-c8ca-4f77-88dd-7a43ac1ebcaf
Jun 29 04:28:53.020190 np0000183362 devstack@neutron-api.service[103411]: DEBUG neutron.plugins.ml2.drivers.ovn.mech_driver.ovsdb.ovsdb_monitor [None req-21203f5d-eec4-4c4f-a201-f5679cd747d0 None None] Touching Hash Ring node "8ee66ea1806f52a8ad2522ec3338422d" from IDL notify handler {{(pid=103411) notify /opt/stack/neutron/neutron/plugins/ml2/drivers/ovn/mech_driver/ovsdb/ovsdb_monitor.py:1007}}
Jun 29 04:28:53.020300 np0000183362 devstack@neutron-api.service[103414]: DEBUG neutron.plugins.ml2.drivers.ovn.mech_driver.ovsdb.ovsdb_monitor [None req-80d0bb3e-3879-4546-8fe4-c9e9d32e15bd None None] Hash Ring: Node d8e83f40f1a55a40a17137670f297844 (host: np0000183362) handling event "create" for row 287ff0e0-a076-431b-8748-440c1ff2b49c (table: HA_Chassis_Group) {{(pid=103414) notify /opt/stack/neutron/neutron/plugins/ml2/drivers/ovn/mech_driver/ovsdb/ovsdb_monitor.py:1015}}
Jun 29 04:28:53.022097 np0000183362 devstack@neutron-api.service[103414]: DEBUG neutron.plugins.ml2.drivers.ovn.mech_driver.ovsdb.ovsdb_monitor [None req-d755adcd-4543-4213-8963-a4bcc97be448 None None] Touching Hash Ring node "d8e83f40f1a55a40a17137670f297844" from IDL notify handler {{(pid=103414) notify /opt/stack/neutron/neutron/plugins/ml2/drivers/ovn/mech_driver/ovsdb/ovsdb_monitor.py:1007}}
Jun 29 04:28:53.022538 np0000183362 devstack@neutron-api.service[103411]: DEBUG neutron.plugins.ml2.drivers.ovn.mech_driver.ovsdb.ovsdb_monitor [None req-21203f5d-eec4-4c4f-a201-f5679cd747d0 None None] Hash Ring: Node 8ee66ea1806f52a8ad2522ec3338422d (host: np0000183362) handling event "update" for row 994b2c0b-e36e-42b7-a95b-0d73cf867af0 (table: Logical_Router_Port) {{(pid=103411) notify /opt/stack/neutron/neutron/plugins/ml2/drivers/ovn/mech_driver/ovsdb/ovsdb_monitor.py:1015}}
Jun 29 04:28:53.023958 np0000183362 devstack@neutron-api.service[103414]: DEBUG neutron.plugins.ml2.drivers.ovn.mech_driver.ovsdb.ovsdb_monitor [None req-80d0bb3e-3879-4546-8fe4-c9e9d32e15bd None None] Touching Hash Ring node "d8e83f40f1a55a40a17137670f297844" from IDL notify handler {{(pid=103414) notify /opt/stack/neutron/neutron/plugins/ml2/drivers/ovn/mech_driver/ovsdb/ovsdb_monitor.py:1007}}
Jun 29 04:28:53.027668 np0000183362 devstack@neutron-api.service[103414]: DEBUG neutron.plugins.ml2.drivers.ovn.mech_driver.ovsdb.ovsdb_monitor [None req-d755adcd-4543-4213-8963-a4bcc97be448 None None] Hash Ring: Node d8e83f40f1a55a40a17137670f297844 (host: np0000183362) handling event "create" for row 9dfaa3c0-e262-487e-aa94-4a1952dff899 (table: Port_Binding) {{(pid=103414) notify /opt/stack/neutron/neutron/plugins/ml2/drivers/ovn/mech_driver/ovsdb/ovsdb_monitor.py:1015}}
Jun 29 04:28:53.028349 np0000183362 devstack@neutron-api.service[103412]: DEBUG neutron.db.provisioning_blocks [None req-74498d3d-d513-4dd9-a3f1-ab6594307884 None None] Provisioning for port 051a9f57-c8ca-4f77-88dd-7a43ac1ebcaf completed by entity L2. {{(pid=103412) provisioning_complete /opt/stack/neutron/neutron/db/provisioning_blocks.py:133}}
Jun 29 04:28:53.029010 np0000183362 devstack@neutron-api.service[103414]: DEBUG neutron.plugins.ml2.drivers.ovn.mech_driver.ovsdb.ovsdb_monitor [None req-80d0bb3e-3879-4546-8fe4-c9e9d32e15bd None None] Hash Ring: Node d8e83f40f1a55a40a17137670f297844 (host: np0000183362) handling event "update" for row ee630d62-96e4-4bae-a3e6-b5fff386cf3f (table: Logical_Router) {{(pid=103414) notify /opt/stack/neutron/neutron/plugins/ml2/drivers/ovn/mech_driver/ovsdb/ovsdb_monitor.py:1015}}
Jun 29 04:28:53.032612 np0000183362 devstack@neutron-api.service[103414]: DEBUG neutron.plugins.ml2.drivers.ovn.mech_driver.ovsdb.ovsdb_monitor [None req-d755adcd-4543-4213-8963-a4bcc97be448 None None] Touching Hash Ring node "d8e83f40f1a55a40a17137670f297844" from IDL notify handler {{(pid=103414) notify /opt/stack/neutron/neutron/plugins/ml2/drivers/ovn/mech_driver/ovsdb/ovsdb_monitor.py:1007}}
Jun 29 04:28:53.034251 np0000183362 devstack@neutron-api.service[103414]: DEBUG neutron.plugins.ml2.drivers.ovn.mech_driver.ovsdb.ovsdb_monitor [None req-80d0bb3e-3879-4546-8fe4-c9e9d32e15bd None None] Touching Hash Ring node "d8e83f40f1a55a40a17137670f297844" from IDL notify handler {{(pid=103414) notify /opt/stack/neutron/neutron/plugins/ml2/drivers/ovn/mech_driver/ovsdb/ovsdb_monitor.py:1007}}
Jun 29 04:28:53.034808 np0000183362 devstack@neutron-api.service[103412]: DEBUG neutron.db.provisioning_blocks [None req-74498d3d-d513-4dd9-a3f1-ab6594307884 None None] Provisioning complete for port 051a9f57-c8ca-4f77-88dd-7a43ac1ebcaf triggered by entity L2. {{(pid=103412) provisioning_complete /opt/stack/neutron/neutron/db/provisioning_blocks.py:141}}
Jun 29 04:28:53.034808 np0000183362 devstack@neutron-api.service[103412]: DEBUG neutron_lib.callbacks.manager [None req-74498d3d-d513-4dd9-a3f1-ab6594307884 None None] Publish callbacks ['neutron.plugins.ml2.plugin.Ml2Plugin._port_provisioned-2219360'] for port (051a9f57-c8ca-4f77-88dd-7a43ac1ebcaf), provisioning_complete {{(pid=103412) _notify_loop /opt/stack/data/venv/lib/python3.12/site-packages/neutron_lib/callbacks/manager.py:184}}
Jun 29 04:28:53.035229 np0000183362 devstack@neutron-api.service[103412]: INFO neutron.plugins.ml2.plugin [None req-74498d3d-d513-4dd9-a3f1-ab6594307884 None None] Attempt 1 to provision port 051a9f57-c8ca-4f77-88dd-7a43ac1ebcaf
Jun 29 04:28:53.037203 np0000183362 devstack@neutron-api.service[103414]: DEBUG neutron.plugins.ml2.drivers.ovn.mech_driver.ovsdb.ovsdb_monitor [None req-d755adcd-4543-4213-8963-a4bcc97be448 None None] Hash Ring: Node d8e83f40f1a55a40a17137670f297844 (host: np0000183362) handling event "update" for row 13b18ba8-b46a-4651-b66e-1748f7c421b7 (table: Port_Binding) {{(pid=103414) notify /opt/stack/neutron/neutron/plugins/ml2/drivers/ovn/mech_driver/ovsdb/ovsdb_monitor.py:1015}}
Jun 29 04:28:53.039533 np0000183362 devstack@neutron-api.service[103414]: DEBUG ovsdbapp.backend.ovs_idl.event [None req-d755adcd-4543-4213-8963-a4bcc97be448 None None] Matched UPDATE: PortBindingChassisEvent(events=('update',), table='Port_Binding', conditions=None, old_conditions=None), priority=20 to row=Port_Binding(uuid=13b18ba8-b46a-4651-b66e-1748f7c421b7, additional_chassis=[], additional_encap=[], chassis=70b0766b-c015-42b2-b577-b19b769e3d28, datapath=9fecbecc-ec05-4213-990a-589d2424cbb5, encap=[], external_ids={'neutron:is_ext_gw': 'True', 'neutron:network_name': 'neutron-f08328b6-ac4c-44f6-bd66-061db617981f', 'neutron:revision_number': '1', 'neutron:router_name': 'neutron-a8cf761b-f670-4438-8282-0e3f6a6bd662', 'neutron:subnet_ids': 'ca64e4cc-2464-47f1-b368-7d53187b1597'}, gateway_chassis=[], logical_port='cr-lrp-051a9f57-c8ca-4f77-88dd-7a43ac1ebcaf', mac=['fa:16:3e:0b:c4:3a 172.24.5.246/24'], mirror_rules=[], nat_addresses=[], options={'always-redirect': 'true', 'distributed-port': 'lrp-051a9f57-c8ca-4f77-88dd-7a43ac1ebcaf'}, parent_port=[], port_security=[], requested_additional_chassis=[], requested_chassis=[], tag=[], tunnel_key=3, type='chassisredirect', up=True, virtual_parent=[]) old=Port_Binding(uuid=13b18ba8-b46a-4651-b66e-1748f7c421b7, chassis=[], up=False) {{(pid=103414) matches /opt/stack/data/venv/lib/python3.12/site-packages/ovsdbapp/backend/ovs_idl/event.py:55}}
Jun 29 04:28:53.040651 np0000183362 devstack@neutron-api.service[103414]: INFO neutron.plugins.ml2.drivers.ovn.mech_driver.ovsdb.ovsdb_monitor [-] Router a8cf761b-f670-4438-8282-0e3f6a6bd662 is bound to host np0000183362
Jun 29 04:28:53.042910 np0000183362 devstack@neutron-api.service[103414]: DEBUG neutron.plugins.ml2.drivers.ovn.mech_driver.ovsdb.ovsdb_monitor [None req-80d0bb3e-3879-4546-8fe4-c9e9d32e15bd None None] Hash Ring: Node d8e83f40f1a55a40a17137670f297844 (host: np0000183362) handling event "create" for row 994b2c0b-e36e-42b7-a95b-0d73cf867af0 (table: Logical_Router_Port) {{(pid=103414) notify /opt/stack/neutron/neutron/plugins/ml2/drivers/ovn/mech_driver/ovsdb/ovsdb_monitor.py:1015}}
Jun 29 04:28:53.044302 np0000183362 devstack@neutron-api.service[103414]: DEBUG ovsdbapp.backend.ovs_idl.event [None req-80d0bb3e-3879-4546-8fe4-c9e9d32e15bd None None] Matched CREATE: LogicalRouterPortEvent(events=('create', 'delete'), table='Logical_Router_Port', conditions=None, old_conditions=None), priority=20 to row=Logical_Router_Port(uuid=994b2c0b-e36e-42b7-a95b-0d73cf867af0, enabled=[], external_ids={'neutron:is_ext_gw': 'True', 'neutron:network_name': 'neutron-f08328b6-ac4c-44f6-bd66-061db617981f', 'neutron:revision_number': '1', 'neutron:router_name': 'neutron-a8cf761b-f670-4438-8282-0e3f6a6bd662', 'neutron:subnet_ids': 'ca64e4cc-2464-47f1-b368-7d53187b1597'}, gateway_chassis=[], ha_chassis_group=287ff0e0-a076-431b-8748-440c1ff2b49c, ipv6_prefix=[], ipv6_ra_configs={}, mac='fa:16:3e:0b:c4:3a', name='lrp-051a9f57-c8ca-4f77-88dd-7a43ac1ebcaf', networks=['172.24.5.246/24'], options={'gateway_mtu': '1372', 'reside-on-redirect-chassis': 'true'}, peer=[], status={}) old= {{(pid=103414) matches /opt/stack/data/venv/lib/python3.12/site-packages/ovsdbapp/backend/ovs_idl/event.py:55}}
Jun 29 04:28:53.047991 np0000183362 devstack@neutron-api.service[103414]: DEBUG neutron.plugins.ml2.drivers.ovn.mech_driver.ovsdb.ovsdb_monitor [None req-80d0bb3e-3879-4546-8fe4-c9e9d32e15bd None None] Touching Hash Ring node "d8e83f40f1a55a40a17137670f297844" from IDL notify handler {{(pid=103414) notify /opt/stack/neutron/neutron/plugins/ml2/drivers/ovn/mech_driver/ovsdb/ovsdb_monitor.py:1007}}
Jun 29 04:28:53.058113 np0000183362 devstack@neutron-api.service[103412]: DEBUG neutron.plugins.ml2.plugin [None req-74498d3d-d513-4dd9-a3f1-ab6594307884 None None] Port 051a9f57-c8ca-4f77-88dd-7a43ac1ebcaf cannot update to ACTIVE because it is not bound. {{(pid=103412) _port_provisioned /opt/stack/neutron/neutron/plugins/ml2/plugin.py:393}}
Jun 29 04:28:53.073111 np0000183362 devstack@neutron-api.service[103414]: DEBUG neutron.plugins.ml2.drivers.ovn.mech_driver.ovsdb.ovsdb_monitor [None req-80d0bb3e-3879-4546-8fe4-c9e9d32e15bd None None] Hash Ring: Node d8e83f40f1a55a40a17137670f297844 (host: np0000183362) handling event "create" for row edbef13b-d1ba-4887-bfbe-cf60b848dbbb (table: Logical_Router_Static_Route) {{(pid=103414) notify /opt/stack/neutron/neutron/plugins/ml2/drivers/ovn/mech_driver/ovsdb/ovsdb_monitor.py:1015}}
Jun 29 04:28:53.075247 np0000183362 devstack@neutron-api.service[103414]: DEBUG neutron.plugins.ml2.drivers.ovn.mech_driver.ovsdb.ovsdb_monitor [None req-80d0bb3e-3879-4546-8fe4-c9e9d32e15bd None None] Touching Hash Ring node "d8e83f40f1a55a40a17137670f297844" from IDL notify handler {{(pid=103414) notify /opt/stack/neutron/neutron/plugins/ml2/drivers/ovn/mech_driver/ovsdb/ovsdb_monitor.py:1007}}
Jun 29 04:28:53.089630 np0000183362 devstack@neutron-api.service[103414]: DEBUG neutron.plugins.ml2.drivers.ovn.mech_driver.ovsdb.ovsdb_monitor [None req-80d0bb3e-3879-4546-8fe4-c9e9d32e15bd None None] Hash Ring: Node d8e83f40f1a55a40a17137670f297844 (host: np0000183362) handling event "update" for row e92cb509-2bc4-4a64-8c6d-16e59a992e71 (table: Logical_Switch_Port) {{(pid=103414) notify /opt/stack/neutron/neutron/plugins/ml2/drivers/ovn/mech_driver/ovsdb/ovsdb_monitor.py:1015}}
Jun 29 04:28:53.092359 np0000183362 devstack@neutron-api.service[103414]: DEBUG neutron.plugins.ml2.drivers.ovn.mech_driver.ovsdb.ovsdb_monitor [None req-80d0bb3e-3879-4546-8fe4-c9e9d32e15bd None None] Touching Hash Ring node "d8e83f40f1a55a40a17137670f297844" from IDL notify handler {{(pid=103414) notify /opt/stack/neutron/neutron/plugins/ml2/drivers/ovn/mech_driver/ovsdb/ovsdb_monitor.py:1007}}
Jun 29 04:28:53.103356 np0000183362 devstack@neutron-api.service[103414]: DEBUG neutron.plugins.ml2.drivers.ovn.mech_driver.ovsdb.ovsdb_monitor [None req-80d0bb3e-3879-4546-8fe4-c9e9d32e15bd None None] Hash Ring: Node d8e83f40f1a55a40a17137670f297844 (host: np0000183362) handling event "create" for row 321627a8-7ba5-4a40-ae52-d655ee62a591 (table: NAT) {{(pid=103414) notify /opt/stack/neutron/neutron/plugins/ml2/drivers/ovn/mech_driver/ovsdb/ovsdb_monitor.py:1015}}
Jun 29 04:28:53.111217 np0000183362 devstack@neutron-api.service[103414]: DEBUG neutron.plugins.ml2.drivers.ovn.mech_driver.ovsdb.ovsdb_monitor [None req-80d0bb3e-3879-4546-8fe4-c9e9d32e15bd None None] Touching Hash Ring node "d8e83f40f1a55a40a17137670f297844" from IDL notify handler {{(pid=103414) notify /opt/stack/neutron/neutron/plugins/ml2/drivers/ovn/mech_driver/ovsdb/ovsdb_monitor.py:1007}}
Jun 29 04:28:53.128882 np0000183362 devstack@neutron-api.service[103411]: INFO neutron.common.ovn.utils [-] HA Chassis Group neutron-69191245-7dcd-4e34-a393-90a63f66635e synchronized; highest priority chassis 072ae061-a83a-4f1e-867d-ceb1f288315b
Jun 29 04:28:53.130244 np0000183362 devstack@neutron-api.service[103414]: DEBUG neutron.plugins.ml2.drivers.ovn.mech_driver.ovsdb.ovsdb_monitor [None req-80d0bb3e-3879-4546-8fe4-c9e9d32e15bd None None] Hash Ring: Node d8e83f40f1a55a40a17137670f297844 (host: np0000183362) handling event "update" for row e92cb509-2bc4-4a64-8c6d-16e59a992e71 (table: Logical_Switch_Port) {{(pid=103414) notify /opt/stack/neutron/neutron/plugins/ml2/drivers/ovn/mech_driver/ovsdb/ovsdb_monitor.py:1015}}
Jun 29 04:28:53.132260 np0000183362 devstack@neutron-api.service[103411]: DEBUG ovsdbapp.backend.ovs_idl.transaction [None req-21203f5d-eec4-4c4f-a201-f5679cd747d0 None None] Running txn n=1 command(idx=0): HAChassisGroupAddCommand(_result=None, name=neutron-69191245-7dcd-4e34-a393-90a63f66635e, may_exist=True, columns={'external_ids': {'neutron:availability_zone_hints': '', 'neutron:network_id': '69191245-7dcd-4e34-a393-90a63f66635e', 'neutron:router_id': 'a8cf761b-f670-4438-8282-0e3f6a6bd662'}}) {{(pid=103411) do_commit /opt/stack/data/venv/lib/python3.12/site-packages/ovsdbapp/backend/ovs_idl/transaction.py:89}}
Jun 29 04:28:53.132675 np0000183362 devstack@neutron-api.service[103411]: DEBUG ovsdbapp.backend.ovs_idl.transaction [None req-21203f5d-eec4-4c4f-a201-f5679cd747d0 None None] Running txn n=1 command(idx=1): HAChassisGroupAddChassisCommand(_result=None, hcg=neutron-69191245-7dcd-4e34-a393-90a63f66635e, chassis=072ae061-a83a-4f1e-867d-ceb1f288315b, priority=1, columns={}) {{(pid=103411) do_commit /opt/stack/data/venv/lib/python3.12/site-packages/ovsdbapp/backend/ovs_idl/transaction.py:89}}
Jun 29 04:28:53.132999 np0000183362 devstack@neutron-api.service[103414]: DEBUG ovsdbapp.backend.ovs_idl.event [None req-80d0bb3e-3879-4546-8fe4-c9e9d32e15bd None None] Matched UPDATE: LogicalSwitchPortUpdateUpEvent(events=('update',), table='Logical_Switch_Port', conditions=None, old_conditions=None), priority=20 to row=Logical_Switch_Port(uuid=e92cb509-2bc4-4a64-8c6d-16e59a992e71, addresses=['router'], dhcpv4_options=[], dhcpv6_options=[], dynamic_addresses=[], enabled=True, external_ids={'neutron:cidrs': '172.24.5.246/24', 'neutron:device_id': 'a8cf761b-f670-4438-8282-0e3f6a6bd662', 'neutron:device_owner': 'network:router_gateway', 'neutron:mtu': '', 'neutron:network_name': 'neutron-f08328b6-ac4c-44f6-bd66-061db617981f', 'neutron:port_capabilities': '', 'neutron:port_name': '', 'neutron:project_id': '', 'neutron:revision_number': '1', 'neutron:security_group_ids': '', 'neutron:subnet_pool_addr_scope4': '', 'neutron:subnet_pool_addr_scope6': '', 'neutron:vnic_type': 'normal'}, ha_chassis_group=[], mirror_rules=[], name='051a9f57-c8ca-4f77-88dd-7a43ac1ebcaf', options={'exclude-lb-vips-from-garp': 'true', 'nat-addresses': 'router', 'router-port': 'lrp-051a9f57-c8ca-4f77-88dd-7a43ac1ebcaf'}, parent_name=[], port_security=[], tag=[], tag_request=[], type='router', up=True) old=Logical_Switch_Port(uuid=e92cb509-2bc4-4a64-8c6d-16e59a992e71, up=False) {{(pid=103414) matches /opt/stack/data/venv/lib/python3.12/site-packages/ovsdbapp/backend/ovs_idl/event.py:55}}
Jun 29 04:28:53.136115 np0000183362 devstack@neutron-api.service[103414]: DEBUG neutron.plugins.ml2.drivers.ovn.mech_driver.ovsdb.ovsdb_monitor [None req-80d0bb3e-3879-4546-8fe4-c9e9d32e15bd None None] Touching Hash Ring node "d8e83f40f1a55a40a17137670f297844" from IDL notify handler {{(pid=103414) notify /opt/stack/neutron/neutron/plugins/ml2/drivers/ovn/mech_driver/ovsdb/ovsdb_monitor.py:1007}}
Jun 29 04:28:53.142571 np0000183362 devstack@neutron-api.service[103414]: DEBUG neutron.plugins.ml2.drivers.ovn.mech_driver.ovsdb.ovsdb_monitor [None req-80d0bb3e-3879-4546-8fe4-c9e9d32e15bd None None] Hash Ring: Node d8e83f40f1a55a40a17137670f297844 (host: np0000183362) handling event "update" for row 994b2c0b-e36e-42b7-a95b-0d73cf867af0 (table: Logical_Router_Port) {{(pid=103414) notify /opt/stack/neutron/neutron/plugins/ml2/drivers/ovn/mech_driver/ovsdb/ovsdb_monitor.py:1015}}
Jun 29 04:28:53.142728 np0000183362 devstack@neutron-api.service[103411]: INFO neutron.db.ovn_revision_numbers_db [None req-36c231a4-bd12-4539-814f-3abc70a5254d admin admin] Successfully bumped revision number for resource a8cf761b-f670-4438-8282-0e3f6a6bd662 (type: routers) to 3
Jun 29 04:28:53.145117 np0000183362 devstack@neutron-api.service[103411]: DEBUG neutron.plugins.ml2.drivers.ovn.mech_driver.ovsdb.ovsdb_monitor [None req-21203f5d-eec4-4c4f-a201-f5679cd747d0 None None] Touching Hash Ring node "8ee66ea1806f52a8ad2522ec3338422d" from IDL notify handler {{(pid=103411) notify /opt/stack/neutron/neutron/plugins/ml2/drivers/ovn/mech_driver/ovsdb/ovsdb_monitor.py:1007}}
Jun 29 04:28:53.153396 np0000183362 devstack@neutron-api.service[103411]: DEBUG neutron.plugins.ml2.drivers.ovn.mech_driver.ovsdb.ovsdb_monitor [None req-21203f5d-eec4-4c4f-a201-f5679cd747d0 None None] Hash Ring: Node 8ee66ea1806f52a8ad2522ec3338422d (host: np0000183362) handling event "create" for row 1aea6b9f-c4fa-46ca-ae66-ef6dbcb73ad8 (table: HA_Chassis_Group) {{(pid=103411) notify /opt/stack/neutron/neutron/plugins/ml2/drivers/ovn/mech_driver/ovsdb/ovsdb_monitor.py:1015}}
Jun 29 04:28:53.161180 np0000183362 devstack@neutron-api.service[103414]: DEBUG neutron.plugins.ml2.drivers.ovn.mech_driver.ovsdb.ovsdb_monitor [None req-80d0bb3e-3879-4546-8fe4-c9e9d32e15bd None None] Touching Hash Ring node "d8e83f40f1a55a40a17137670f297844" from IDL notify handler {{(pid=103414) notify /opt/stack/neutron/neutron/plugins/ml2/drivers/ovn/mech_driver/ovsdb/ovsdb_monitor.py:1007}}
Jun 29 04:28:53.168785 np0000183362 devstack@neutron-api.service[103414]: DEBUG neutron.plugins.ml2.drivers.ovn.mech_driver.ovsdb.ovsdb_monitor [None req-80d0bb3e-3879-4546-8fe4-c9e9d32e15bd None None] Hash Ring: Node d8e83f40f1a55a40a17137670f297844 (host: np0000183362) handling event "create" for row 3b900fb1-3518-47c1-881a-e0778f394853 (table: HA_Chassis) {{(pid=103414) notify /opt/stack/neutron/neutron/plugins/ml2/drivers/ovn/mech_driver/ovsdb/ovsdb_monitor.py:1015}}
Jun 29 04:28:53.171580 np0000183362 devstack@neutron-api.service[103414]: DEBUG neutron.plugins.ml2.drivers.ovn.mech_driver.ovsdb.ovsdb_monitor [None req-80d0bb3e-3879-4546-8fe4-c9e9d32e15bd None None] Touching Hash Ring node "d8e83f40f1a55a40a17137670f297844" from IDL notify handler {{(pid=103414) notify /opt/stack/neutron/neutron/plugins/ml2/drivers/ovn/mech_driver/ovsdb/ovsdb_monitor.py:1007}}
Jun 29 04:28:53.172403 np0000183362 devstack@neutron-api.service[103411]: INFO neutron.db.ovn_revision_numbers_db [None req-36c231a4-bd12-4539-814f-3abc70a5254d admin admin] Successfully bumped revision number for resource 051a9f57-c8ca-4f77-88dd-7a43ac1ebcaf (type: router_ports) to 1
Jun 29 04:28:53.172562 np0000183362 devstack@neutron-api.service[103411]: DEBUG neutron.db.ovn_revision_numbers_db [None req-36c231a4-bd12-4539-814f-3abc70a5254d admin admin] delete_revision(051a9f57-c8ca-4f77-88dd-7a43ac1ebcaf) {{(pid=103411) delete_revision /opt/stack/neutron/neutron/db/ovn_revision_numbers_db.py:112}}
Jun 29 04:28:53.172808 np0000183362 devstack@neutron-api.service[103414]: DEBUG neutron_lib.callbacks.manager [None req-64cbb4c7-47f2-471d-8997-03a0396003d4 None None] Publish callbacks ['neutron.plugins.ml2.plugin.SecurityGroupDbMixin._ensure_default_security_group_handler-254844', 'neutron.services.ovn_l3.plugin.OVNL3RouterPlugin._port_update-8535471627268', 'neutron.db.l3_db.L3_NAT_dbonly_mixin._prevent_internal_ip_change_for_fip-8535472220110'] for port (051a9f57-c8ca-4f77-88dd-7a43ac1ebcaf), before_update {{(pid=103414) _notify_loop /opt/stack/data/venv/lib/python3.12/site-packages/neutron_lib/callbacks/manager.py:184}}
Jun 29 04:28:53.183948 np0000183362 devstack@neutron-api.service[103411]: [pid: 103411|app: 0|req: 6/25] 199.19.213.122 () {68 vars in 1539 bytes} [Mon Jun 29 04:28:51 2026] PUT /networking/v2.0/routers/a8cf761b-f670-4438-8282-0e3f6a6bd662/update_external_gateways => generated 1033 bytes in 2079 msecs (HTTP/1.1 200) 4 headers in 158 bytes (1 switches on core 0)
Jun 29 04:28:53.192521 np0000183362 devstack@neutron-api.service[103414]: DEBUG neutron.plugins.ml2.drivers.ovn.mech_driver.ovsdb.ovsdb_monitor [None req-80d0bb3e-3879-4546-8fe4-c9e9d32e15bd None None] Hash Ring: Node d8e83f40f1a55a40a17137670f297844 (host: np0000183362) handling event "create" for row 1aea6b9f-c4fa-46ca-ae66-ef6dbcb73ad8 (table: HA_Chassis_Group) {{(pid=103414) notify /opt/stack/neutron/neutron/plugins/ml2/drivers/ovn/mech_driver/ovsdb/ovsdb_monitor.py:1015}}
Jun 29 04:28:53.381218 np0000183362 devstack@neutron-api.service[103414]: DEBUG neutron_lib.callbacks.manager [None req-64cbb4c7-47f2-471d-8997-03a0396003d4 None None] Publish callbacks [] for port (051a9f57-c8ca-4f77-88dd-7a43ac1ebcaf), precommit_update {{(pid=103414) _notify_loop /opt/stack/data/venv/lib/python3.12/site-packages/neutron_lib/callbacks/manager.py:184}}
Jun 29 04:28:53.388089 np0000183362 devstack@neutron-api.service[103414]: DEBUG neutron.db.provisioning_blocks [None req-64cbb4c7-47f2-471d-8997-03a0396003d4 None None] Transition to ACTIVE for port object 051a9f57-c8ca-4f77-88dd-7a43ac1ebcaf will not be triggered until provisioned by entity L2. {{(pid=103414) add_provisioning_component /opt/stack/neutron/neutron/db/provisioning_blocks.py:74}}
Jun 29 04:28:53.448017 np0000183362 devstack@neutron-api.service[103414]: DEBUG neutron_lib.callbacks.manager [None req-64cbb4c7-47f2-471d-8997-03a0396003d4 None None] Publish callbacks ['neutron.plugins.ml2.ovo_rpc._ObjectChangeHandler.handle_event-7859598', 'neutron.services.ovn_l3.plugin.OVNL3RouterPlugin._port_update-8535471627268'] for port (051a9f57-c8ca-4f77-88dd-7a43ac1ebcaf), after_update {{(pid=103414) _notify_loop /opt/stack/data/venv/lib/python3.12/site-packages/neutron_lib/callbacks/manager.py:184}}
Jun 29 04:28:53.492824 np0000183362 devstack@neutron-api.service[103414]: DEBUG neutron.api.rpc.handlers.resources_rpc [None req-64cbb4c7-47f2-471d-8997-03a0396003d4 None None] Pushing event updated for resources: {'Port': ['ID=051a9f57-c8ca-4f77-88dd-7a43ac1ebcaf,revision_number=2']} {{(pid=103414) push /opt/stack/neutron/neutron/api/rpc/handlers/resources_rpc.py:237}}
Jun 29 04:28:53.499711 np0000183362 devstack@neutron-api.service[103414]: DEBUG neutron.api.rpc.callbacks.version_manager [None req-64cbb4c7-47f2-471d-8997-03a0396003d4 None None] Tracked resource versions report:
Jun 29 04:28:53.499711 np0000183362 devstack@neutron-api.service[103414]: pushed versions:
Jun 29 04:28:53.499711 np0000183362 devstack@neutron-api.service[103414]: { 'AddressGroup': {'1.2'},
Jun 29 04:28:53.499711 np0000183362 devstack@neutron-api.service[103414]: 'Agent': {'1.1'},
Jun 29 04:28:53.499711 np0000183362 devstack@neutron-api.service[103414]: 'ConntrackHelper': {'1.0'},
Jun 29 04:28:53.499711 np0000183362 devstack@neutron-api.service[103414]: 'LocalIPAssociation': {'1.0'},
Jun 29 04:28:53.499711 np0000183362 devstack@neutron-api.service[103414]: 'Log': {'1.0'},
Jun 29 04:28:53.499711 np0000183362 devstack@neutron-api.service[103414]: 'NDPProxy': {'1.0'},
Jun 29 04:28:53.499711 np0000183362 devstack@neutron-api.service[103414]: 'Network': {'1.3'},
Jun 29 04:28:53.499711 np0000183362 devstack@neutron-api.service[103414]: 'Port': {'1.11'},
Jun 29 04:28:53.499711 np0000183362 devstack@neutron-api.service[103414]: 'PortForwarding': {'1.3'},
Jun 29 04:28:53.499711 np0000183362 devstack@neutron-api.service[103414]: 'QosPolicy': {'1.10'},
Jun 29 04:28:53.499711 np0000183362 devstack@neutron-api.service[103414]: 'SecurityGroup': {'1.6'},
Jun 29 04:28:53.499711 np0000183362 devstack@neutron-api.service[103414]: 'SecurityGroupRule': {'1.3'},
Jun 29 04:28:53.499711 np0000183362 devstack@neutron-api.service[103414]: 'SubPort': {'1.0'},
Jun 29 04:28:53.499711 np0000183362 devstack@neutron-api.service[103414]: 'Subnet': {'1.2'},
Jun 29 04:28:53.499711 np0000183362 devstack@neutron-api.service[103414]: 'Trunk': {'1.1'}}
Jun 29 04:28:53.499711 np0000183362 devstack@neutron-api.service[103414]: consumer versions:
Jun 29 04:28:53.499711 np0000183362 devstack@neutron-api.service[103414]: { OVN Controller Gateway agent@np0000183362: {},
Jun 29 04:28:53.499711 np0000183362 devstack@neutron-api.service[103414]: OVN Neutron agent@np0000183362: {}}
Jun 29 04:28:53.499711 np0000183362 devstack@neutron-api.service[103414]: {{(pid=103414) report /opt/stack/neutron/neutron/api/rpc/callbacks/version_manager.py:183}}
Jun 29 04:28:53.663754 np0000183362 devstack@neutron-api.service[103414]: DEBUG neutron.plugins.ml2.drivers.ovn.mech_driver.ovsdb.commands [None req-64cbb4c7-47f2-471d-8997-03a0396003d4 None None] Converting tag [] to a tag_request {{(pid=103414) _tag_column_to_tag_request /opt/stack/neutron/neutron/plugins/ml2/drivers/ovn/mech_driver/ovsdb/commands.py:205}}
