Mar 27 01:17:06.634716 np0000161117 devstack@neutron-api.service[102210]: DEBUG dbcounter [-] [102210] Writing DB stats neutron:UPDATE=1,neutron:SELECT=1 {{(pid=102210) stat_writer /opt/stack/data/venv/lib/python3.12/site-packages/dbcounter.py:115}}
Mar 27 01:17:08.388870 np0000161117 devstack@neutron-api.service[102211]: DEBUG dbcounter [-] [102211] Writing DB stats neutron:UPDATE=1,neutron:SELECT=5,neutron:INSERT=1 {{(pid=102211) stat_writer /opt/stack/data/venv/lib/python3.12/site-packages/dbcounter.py:115}}
Mar 27 01:17:08.687520 np0000161117 devstack@neutron-api.service[102209]: DEBUG dbcounter [-] [102209] Writing DB stats neutron:UPDATE=1,neutron:SELECT=5,neutron:INSERT=1 {{(pid=102209) stat_writer /opt/stack/data/venv/lib/python3.12/site-packages/dbcounter.py:115}}
Mar 27 01:17:11.410898 np0000161117 devstack@neutron-api.service[102212]: DEBUG futurist.periodics [-] Submitting periodic callback 'neutron.plugins.ml2.drivers.ovn.mech_driver.ovsdb.maintenance.HashRingHealthCheckPeriodics.touch_hash_ring_node' {{(pid=102212) _process_scheduled /opt/stack/data/venv/lib/python3.12/site-packages/futurist/periodics.py:638}}
Mar 27 01:17:11.414143 np0000161117 devstack@neutron-api.service[102212]: DEBUG neutron.plugins.ml2.drivers.ovn.mech_driver.ovsdb.maintenance [-] Touching Hash Ring node "40df5c59a0b6554d88e5a6a8d8e8c755" from periodic health check thread {{(pid=102212) touch_hash_ring_node /opt/stack/neutron/neutron/plugins/ml2/drivers/ovn/mech_driver/ovsdb/maintenance.py:1232}}
Mar 27 01:17:11.624177 np0000161117 devstack@neutron-api.service[102210]: DEBUG futurist.periodics [-] Submitting periodic callback 'neutron.plugins.ml2.drivers.ovn.mech_driver.ovsdb.maintenance.HashRingHealthCheckPeriodics.touch_hash_ring_node' {{(pid=102210) _process_scheduled /opt/stack/data/venv/lib/python3.12/site-packages/futurist/periodics.py:638}}
Mar 27 01:17:11.625397 np0000161117 devstack@neutron-api.service[102210]: DEBUG neutron.plugins.ml2.drivers.ovn.mech_driver.ovsdb.maintenance [-] Touching Hash Ring node "69dd8b930230571ca9937c0ef04eae94" from periodic health check thread {{(pid=102210) touch_hash_ring_node /opt/stack/neutron/neutron/plugins/ml2/drivers/ovn/mech_driver/ovsdb/maintenance.py:1232}}
Mar 27 01:17:11.742427 np0000161117 devstack@neutron-api.service[102211]: DEBUG futurist.periodics [-] Submitting periodic callback 'neutron.plugins.ml2.drivers.ovn.mech_driver.ovsdb.maintenance.HashRingHealthCheckPeriodics.touch_hash_ring_node' {{(pid=102211) _process_scheduled /opt/stack/data/venv/lib/python3.12/site-packages/futurist/periodics.py:638}}
Mar 27 01:17:11.743981 np0000161117 devstack@neutron-api.service[102211]: DEBUG neutron.plugins.ml2.drivers.ovn.mech_driver.ovsdb.maintenance [-] Touching Hash Ring node "504161ce7578507fac9c1c1295a9f31d" from periodic health check thread {{(pid=102211) touch_hash_ring_node /opt/stack/neutron/neutron/plugins/ml2/drivers/ovn/mech_driver/ovsdb/maintenance.py:1232}}
Mar 27 01:17:11.795205 np0000161117 devstack@neutron-api.service[102209]: DEBUG futurist.periodics [-] Submitting periodic callback 'neutron.plugins.ml2.drivers.ovn.mech_driver.ovsdb.maintenance.HashRingHealthCheckPeriodics.touch_hash_ring_node' {{(pid=102209) _process_scheduled /opt/stack/data/venv/lib/python3.12/site-packages/futurist/periodics.py:638}}
Mar 27 01:17:11.796345 np0000161117 devstack@neutron-api.service[102209]: DEBUG neutron.plugins.ml2.drivers.ovn.mech_driver.ovsdb.maintenance [-] Touching Hash Ring node "657607d3ab235e2c946ed3d5e8e87ed3" from periodic health check thread {{(pid=102209) touch_hash_ring_node /opt/stack/neutron/neutron/plugins/ml2/drivers/ovn/mech_driver/ovsdb/maintenance.py:1232}}
Mar 27 01:17:13.538427 np0000161117 devstack@neutron-api.service[102212]: DEBUG neutron.pecan_wsgi.hooks.policy_enforcement [None req-858b432b-4611-4275-a21d-a833caaa59b7 admin admin] Attributes excluded by policy engine: ['standard_attr_id'] {{(pid=102212) _exclude_attributes_by_policy /opt/stack/neutron/neutron/pecan_wsgi/hooks/policy_enforcement.py:258}}
Mar 27 01:17:13.540990 np0000161117 devstack@neutron-api.service[102212]: DEBUG neutron.pecan_wsgi.hooks.policy_enforcement [None req-858b432b-4611-4275-a21d-a833caaa59b7 admin admin] Attributes excluded by policy engine: ['standard_attr_id'] {{(pid=102212) _exclude_attributes_by_policy /opt/stack/neutron/neutron/pecan_wsgi/hooks/policy_enforcement.py:258}}
Mar 27 01:17:13.541886 np0000161117 devstack@neutron-api.service[102212]: [pid: 102212|app: 0|req: 24/90] 199.204.45.6 () {64 vars in 1364 bytes} [Fri Mar 27 01:17:13 2026] GET /networking/v2.0/ports?device_owner=network%3Adistributed => generated 1650 bytes in 107 msecs (HTTP/1.1 200) 4 headers in 158 bytes (1 switches on core 0)
Mar 27 01:17:15.343367 np0000161117 devstack@neutron-api.service[102212]: DEBUG neutron.common.ovn.hash_ring_manager [None req-f64b7034-19b6-423b-b4f5-237915ca4745 None None] Hash Ring loaded. 4 active nodes. 0 offline nodes {{(pid=102212) _load_hash_ring /opt/stack/neutron/neutron/common/ovn/hash_ring_manager.py:102}}
Mar 27 01:17:15.343746 np0000161117 devstack@neutron-api.service[102210]: DEBUG neutron.common.ovn.hash_ring_manager [None req-1acd4972-bf4b-4ab7-928b-66048530e905 None None] Hash Ring loaded. 4 active nodes. 0 offline nodes {{(pid=102210) _load_hash_ring /opt/stack/neutron/neutron/common/ovn/hash_ring_manager.py:102}}
Mar 27 01:17:15.344047 np0000161117 devstack@neutron-api.service[102212]: DEBUG neutron.plugins.ml2.drivers.ovn.mech_driver.ovsdb.ovsdb_monitor [None req-f64b7034-19b6-423b-b4f5-237915ca4745 None None] Hash Ring: Node 40df5c59a0b6554d88e5a6a8d8e8c755 (host: np0000161117) handling event "update" for row b03a1c63-c916-4bde-8ffd-d1cf52a3d3a7 (table: Connection) {{(pid=102212) notify /opt/stack/neutron/neutron/plugins/ml2/drivers/ovn/mech_driver/ovsdb/ovsdb_monitor.py:912}}
Mar 27 01:17:15.344496 np0000161117 devstack@neutron-api.service[102209]: DEBUG neutron.common.ovn.hash_ring_manager [None req-0e5c1cab-b36e-45fa-9711-cd6987a83aac None None] Hash Ring loaded. 4 active nodes. 0 offline nodes {{(pid=102209) _load_hash_ring /opt/stack/neutron/neutron/common/ovn/hash_ring_manager.py:102}}
Mar 27 01:17:15.344751 np0000161117 devstack@neutron-api.service[102211]: DEBUG neutron.common.ovn.hash_ring_manager [None req-9aa432b4-3411-4a77-a1bb-fb2099dc996b None None] Hash Ring loaded. 4 active nodes. 0 offline nodes {{(pid=102211) _load_hash_ring /opt/stack/neutron/neutron/common/ovn/hash_ring_manager.py:102}}
Mar 27 01:17:25.341635 np0000161117 devstack@neutron-api.service[102212]: DEBUG dbcounter [-] [102212] Writing DB stats neutron:UPDATE=1,neutron:SELECT=12 {{(pid=102212) stat_writer /opt/stack/data/venv/lib/python3.12/site-packages/dbcounter.py:115}}
Mar 27 01:17:25.342052 np0000161117 devstack@neutron-api.service[102210]: DEBUG dbcounter [-] [102210] Writing DB stats neutron:UPDATE=1,neutron:SELECT=3 {{(pid=102210) stat_writer /opt/stack/data/venv/lib/python3.12/site-packages/dbcounter.py:115}}
Mar 27 01:17:25.343672 np0000161117 devstack@neutron-api.service[102209]: DEBUG dbcounter [-] [102209] Writing DB stats neutron:UPDATE=1,neutron:SELECT=3 {{(pid=102209) stat_writer /opt/stack/data/venv/lib/python3.12/site-packages/dbcounter.py:115}}
Mar 27 01:17:25.344590 np0000161117 devstack@neutron-api.service[102211]: DEBUG dbcounter [-] [102211] Writing DB stats neutron:UPDATE=1,neutron:SELECT=3 {{(pid=102211) stat_writer /opt/stack/data/venv/lib/python3.12/site-packages/dbcounter.py:115}}
Mar 27 01:17:26.290674 np0000161117 devstack@neutron-api.service[102210]: INFO neutron.pecan_wsgi.hooks.translation [None req-ba2594de-707d-43a4-bff1-f88cccb0c290 admin admin] GET failed (client error): The resource could not be found.
Mar 27 01:17:26.291197 np0000161117 devstack@neutron-api.service[102210]: [pid: 102210|app: 0|req: 23/91] 199.204.45.6 () {64 vars in 1320 bytes} [Fri Mar 27 01:17:26 2026] GET /networking/v2.0/networks/admin_net => generated 111 bytes in 13 msecs (HTTP/1.1 404) 4 headers in 164 bytes (1 switches on core 0)
Mar 27 01:17:26.326212 np0000161117 devstack@neutron-api.service[102211]: [pid: 102211|app: 0|req: 23/92] 199.204.45.6 () {64 vars in 1332 bytes} [Fri Mar 27 01:17:26 2026] GET /networking/v2.0/networks?name=admin_net => generated 15 bytes in 22 msecs (HTTP/1.1 200) 4 headers in 156 bytes (1 switches on core 0)
Mar 27 01:17:26.412610 np0000161117 devstack@neutron-api.service[102212]: DEBUG futurist.periodics [-] Submitting periodic callback 'neutron.plugins.ml2.drivers.ovn.mech_driver.ovsdb.maintenance.HashRingHealthCheckPeriodics.touch_hash_ring_node' {{(pid=102212) _process_scheduled /opt/stack/data/venv/lib/python3.12/site-packages/futurist/periodics.py:638}}
Mar 27 01:17:26.414208 np0000161117 devstack@neutron-api.service[102212]: DEBUG neutron.plugins.ml2.drivers.ovn.mech_driver.ovsdb.maintenance [-] Touching Hash Ring node "40df5c59a0b6554d88e5a6a8d8e8c755" from periodic health check thread {{(pid=102212) touch_hash_ring_node /opt/stack/neutron/neutron/plugins/ml2/drivers/ovn/mech_driver/ovsdb/maintenance.py:1232}}
Mar 27 01:17:26.591280 np0000161117 devstack@neutron-api.service[102209]: DEBUG neutron.api.v2.base [None req-7bd320a7-10be-4423-a7e9-62ee47461374 admin admin] Request body: {'network': {'name': 'admin_net', 'project_id': '755ccca7b0974ef1bb97c595f57b42d0', 'admin_state_up': True}} {{(pid=102209) prepare_request_body /opt/stack/neutron/neutron/api/v2/base.py:729}}
Mar 27 01:17:26.624733 np0000161117 devstack@neutron-api.service[102209]: DEBUG neutron.pecan_wsgi.hooks.quota_enforcement [None req-7bd320a7-10be-4423-a7e9-62ee47461374 admin admin] Made reservation on behalf of 755ccca7b0974ef1bb97c595f57b42d0 for: {'network': 1} {{(pid=102209) before /opt/stack/neutron/neutron/pecan_wsgi/hooks/quota_enforcement.py:66}}
Mar 27 01:17:26.625560 np0000161117 devstack@neutron-api.service[102210]: DEBUG futurist.periodics [-] Submitting periodic callback 'neutron.plugins.ml2.drivers.ovn.mech_driver.ovsdb.maintenance.HashRingHealthCheckPeriodics.touch_hash_ring_node' {{(pid=102210) _process_scheduled /opt/stack/data/venv/lib/python3.12/site-packages/futurist/periodics.py:638}}
Mar 27 01:17:26.627047 np0000161117 devstack@neutron-api.service[102210]: DEBUG neutron.plugins.ml2.drivers.ovn.mech_driver.ovsdb.maintenance [-] Touching Hash Ring node "69dd8b930230571ca9937c0ef04eae94" from periodic health check thread {{(pid=102210) touch_hash_ring_node /opt/stack/neutron/neutron/plugins/ml2/drivers/ovn/mech_driver/ovsdb/maintenance.py:1232}}
Mar 27 01:17:26.629257 np0000161117 devstack@neutron-api.service[102209]: DEBUG neutron_lib.callbacks.manager [None req-7bd320a7-10be-4423-a7e9-62ee47461374 admin admin] Publish callbacks ['neutron.plugins.ml2.plugin.SecurityGroupDbMixin._ensure_default_security_group_handler-3031581'] for network (None), before_create {{(pid=102209) _notify_loop /opt/stack/data/venv/lib/python3.12/site-packages/neutron_lib/callbacks/manager.py:184}}
Mar 27 01:17:26.635040 np0000161117 devstack@neutron-api.service[102209]: DEBUG neutron_lib.callbacks.manager [None req-7bd320a7-10be-4423-a7e9-62ee47461374 admin admin] Publish callbacks [] for security_group (None), before_create {{(pid=102209) _notify_loop /opt/stack/data/venv/lib/python3.12/site-packages/neutron_lib/callbacks/manager.py:184}}
Mar 27 01:17:26.694413 np0000161117 devstack@neutron-api.service[102209]: DEBUG neutron_lib.callbacks.manager [None req-7bd320a7-10be-4423-a7e9-62ee47461374 admin admin] Publish callbacks ['neutron.plugins.ml2.drivers.ovn.mech_driver.mech_driver.OVNMechanismDriver._create_security_group_precommit-249536'] for security_group (6be4e9c0-3930-44f7-aa78-7e68e8d4e609), precommit_create {{(pid=102209) _notify_loop /opt/stack/data/venv/lib/python3.12/site-packages/neutron_lib/callbacks/manager.py:184}}
Mar 27 01:17:26.694653 np0000161117 devstack@neutron-api.service[102209]: DEBUG neutron.db.ovn_revision_numbers_db [None req-7bd320a7-10be-4423-a7e9-62ee47461374 admin admin] create_initial_revision uuid=6be4e9c0-3930-44f7-aa78-7e68e8d4e609, type=security_groups, rev=-1 {{(pid=102209) create_initial_revision /opt/stack/neutron/neutron/db/ovn_revision_numbers_db.py:98}}
Mar 27 01:17:26.696019 np0000161117 devstack@neutron-api.service[102209]: DEBUG neutron.db.ovn_revision_numbers_db [None req-7bd320a7-10be-4423-a7e9-62ee47461374 admin admin] create_initial_revision uuid=0845c66a-69b4-40c4-a43f-b3fd978f0bfe, type=security_group_rules, rev=-1 {{(pid=102209) create_initial_revision /opt/stack/neutron/neutron/db/ovn_revision_numbers_db.py:98}}
Mar 27 01:17:26.697464 np0000161117 devstack@neutron-api.service[102209]: DEBUG neutron.db.ovn_revision_numbers_db [None req-7bd320a7-10be-4423-a7e9-62ee47461374 admin admin] create_initial_revision uuid=682de513-1665-4fe2-b812-74a584a9d576, type=security_group_rules, rev=-1 {{(pid=102209) create_initial_revision /opt/stack/neutron/neutron/db/ovn_revision_numbers_db.py:98}}
Mar 27 01:17:26.698914 np0000161117 devstack@neutron-api.service[102209]: DEBUG neutron.db.ovn_revision_numbers_db [None req-7bd320a7-10be-4423-a7e9-62ee47461374 admin admin] create_initial_revision uuid=6a2cf5c7-bc4c-428a-8d80-94c463de4caf, type=security_group_rules, rev=-1 {{(pid=102209) create_initial_revision /opt/stack/neutron/neutron/db/ovn_revision_numbers_db.py:98}}
Mar 27 01:17:26.700499 np0000161117 devstack@neutron-api.service[102209]: DEBUG neutron.db.ovn_revision_numbers_db [None req-7bd320a7-10be-4423-a7e9-62ee47461374 admin admin] create_initial_revision uuid=c79eb570-f62b-4677-96f7-5c377a8c3f0a, type=security_group_rules, rev=-1 {{(pid=102209) create_initial_revision /opt/stack/neutron/neutron/db/ovn_revision_numbers_db.py:98}}
Mar 27 01:17:26.743949 np0000161117 devstack@neutron-api.service[102211]: DEBUG futurist.periodics [-] Submitting periodic callback 'neutron.plugins.ml2.drivers.ovn.mech_driver.ovsdb.maintenance.HashRingHealthCheckPeriodics.touch_hash_ring_node' {{(pid=102211) _process_scheduled /opt/stack/data/venv/lib/python3.12/site-packages/futurist/periodics.py:638}}
Mar 27 01:17:26.745717 np0000161117 devstack@neutron-api.service[102211]: DEBUG neutron.plugins.ml2.drivers.ovn.mech_driver.ovsdb.maintenance [-] Touching Hash Ring node "504161ce7578507fac9c1c1295a9f31d" from periodic health check thread {{(pid=102211) touch_hash_ring_node /opt/stack/neutron/neutron/plugins/ml2/drivers/ovn/mech_driver/ovsdb/maintenance.py:1232}}
Mar 27 01:17:26.751472 np0000161117 devstack@neutron-api.service[102209]: DEBUG neutron_lib.callbacks.manager [None req-7bd320a7-10be-4423-a7e9-62ee47461374 admin admin] Publish callbacks ['neutron.plugins.ml2.drivers.ovn.mech_driver.mech_driver.OVNMechanismDriver._create_security_group-249526', 'neutron.plugins.ml2.ovo_rpc._ObjectChangeHandler.handle_event-1576392'] for security_group (6be4e9c0-3930-44f7-aa78-7e68e8d4e609), after_create {{(pid=102209) _notify_loop /opt/stack/data/venv/lib/python3.12/site-packages/neutron_lib/callbacks/manager.py:184}}
Mar 27 01:17:26.752244 np0000161117 devstack@neutron-api.service[102209]: DEBUG ovsdbapp.backend.ovs_idl.transaction [None req-0e5c1cab-b36e-45fa-9711-cd6987a83aac None None] Running txn n=1 command(idx=0): PgAddCommand(_result=None, name=pg_6be4e9c0_3930_44f7_aa78_7e68e8d4e609, may_exist=False, columns={'acls': [], 'external_ids': {'neutron:security_group_id': '6be4e9c0-3930-44f7-aa78-7e68e8d4e609'}}) {{(pid=102209) do_commit /opt/stack/data/venv/lib/python3.12/site-packages/ovsdbapp/backend/ovs_idl/transaction.py:89}}
Mar 27 01:17:26.763136 np0000161117 devstack@neutron-api.service[102209]: DEBUG ovsdbapp.backend.ovs_idl.transaction [None req-0e5c1cab-b36e-45fa-9711-cd6987a83aac None None] Running txn n=1 command(idx=1): PgAclAddCommand(_result=None, entity=pg_6be4e9c0_3930_44f7_aa78_7e68e8d4e609, direction=from-lport, priority=1002, match=inport == @pg_6be4e9c0_3930_44f7_aa78_7e68e8d4e609 && ip4, action=allow-related, log=False, may_exist=True, severity=[], name=[], meter=[], external_ids={'neutron:security_group_rule_id': '0845c66a-69b4-40c4-a43f-b3fd978f0bfe'}) {{(pid=102209) do_commit /opt/stack/data/venv/lib/python3.12/site-packages/ovsdbapp/backend/ovs_idl/transaction.py:89}}
Mar 27 01:17:26.763136 np0000161117 devstack@neutron-api.service[102209]: DEBUG ovsdbapp.backend.ovs_idl.transaction [None req-0e5c1cab-b36e-45fa-9711-cd6987a83aac None None] Running txn n=1 command(idx=2): PgAclAddCommand(_result=None, entity=pg_6be4e9c0_3930_44f7_aa78_7e68e8d4e609, direction=to-lport, priority=1002, match=outport == @pg_6be4e9c0_3930_44f7_aa78_7e68e8d4e609 && ip6 && ip6.src == $pg_6be4e9c0_3930_44f7_aa78_7e68e8d4e609_ip6, action=allow-related, log=False, may_exist=True, severity=[], name=[], meter=[], external_ids={'neutron:security_group_rule_id': '682de513-1665-4fe2-b812-74a584a9d576'}) {{(pid=102209) do_commit /opt/stack/data/venv/lib/python3.12/site-packages/ovsdbapp/backend/ovs_idl/transaction.py:89}}
Mar 27 01:17:26.763136 np0000161117 devstack@neutron-api.service[102209]: DEBUG ovsdbapp.backend.ovs_idl.transaction [None req-0e5c1cab-b36e-45fa-9711-cd6987a83aac None None] Running txn n=1 command(idx=3): PgAclAddCommand(_result=None, entity=pg_6be4e9c0_3930_44f7_aa78_7e68e8d4e609, direction=from-lport, priority=1002, match=inport == @pg_6be4e9c0_3930_44f7_aa78_7e68e8d4e609 && ip6, action=allow-related, log=False, may_exist=True, severity=[], name=[], meter=[], external_ids={'neutron:security_group_rule_id': '6a2cf5c7-bc4c-428a-8d80-94c463de4caf'}) {{(pid=102209) do_commit /opt/stack/data/venv/lib/python3.12/site-packages/ovsdbapp/backend/ovs_idl/transaction.py:89}}
Mar 27 01:17:26.763136 np0000161117 devstack@neutron-api.service[102209]: DEBUG ovsdbapp.backend.ovs_idl.transaction [None req-0e5c1cab-b36e-45fa-9711-cd6987a83aac None None] Running txn n=1 command(idx=4): PgAclAddCommand(_result=None, entity=pg_6be4e9c0_3930_44f7_aa78_7e68e8d4e609, direction=to-lport, priority=1002, match=outport == @pg_6be4e9c0_3930_44f7_aa78_7e68e8d4e609 && ip4 && ip4.src == $pg_6be4e9c0_3930_44f7_aa78_7e68e8d4e609_ip4, action=allow-related, log=False, may_exist=True, severity=[], name=[], meter=[], external_ids={'neutron:security_group_rule_id': 'c79eb570-f62b-4677-96f7-5c377a8c3f0a'}) {{(pid=102209) do_commit /opt/stack/data/venv/lib/python3.12/site-packages/ovsdbapp/backend/ovs_idl/transaction.py:89}}
Mar 27 01:17:26.764206 np0000161117 devstack@neutron-api.service[102210]: DEBUG neutron.plugins.ml2.drivers.ovn.mech_driver.ovsdb.ovsdb_monitor [None req-1acd4972-bf4b-4ab7-928b-66048530e905 None None] Hash Ring: Node 69dd8b930230571ca9937c0ef04eae94 (host: np0000161117) handling event "create" for row 1a541d83-d432-4c29-a5c5-363e77898308 (table: ACL) {{(pid=102210) notify /opt/stack/neutron/neutron/plugins/ml2/drivers/ovn/mech_driver/ovsdb/ovsdb_monitor.py:912}}
Mar 27 01:17:26.764206 np0000161117 devstack@neutron-api.service[102210]: DEBUG neutron.plugins.ml2.drivers.ovn.mech_driver.ovsdb.ovsdb_monitor [None req-1acd4972-bf4b-4ab7-928b-66048530e905 None None] Hash Ring: Node 69dd8b930230571ca9937c0ef04eae94 (host: np0000161117) handling event "create" for row 4b9ca766-b1e1-46ef-8ddb-182e4cc7b3c3 (table: Port_Group) {{(pid=102210) notify /opt/stack/neutron/neutron/plugins/ml2/drivers/ovn/mech_driver/ovsdb/ovsdb_monitor.py:912}}
Mar 27 01:17:26.766218 np0000161117 devstack@neutron-api.service[102212]: DEBUG neutron.plugins.ml2.drivers.ovn.mech_driver.ovsdb.ovsdb_monitor [None req-f64b7034-19b6-423b-b4f5-237915ca4745 None None] Touching Hash Ring node "40df5c59a0b6554d88e5a6a8d8e8c755" from IDL notify handler {{(pid=102212) notify /opt/stack/neutron/neutron/plugins/ml2/drivers/ovn/mech_driver/ovsdb/ovsdb_monitor.py:904}}
Mar 27 01:17:26.766374 np0000161117 devstack@neutron-api.service[102211]: DEBUG neutron.plugins.ml2.drivers.ovn.mech_driver.ovsdb.ovsdb_monitor [None req-9aa432b4-3411-4a77-a1bb-fb2099dc996b None None] Hash Ring: Node 504161ce7578507fac9c1c1295a9f31d (host: np0000161117) handling event "create" for row 59890253-478c-4380-a95a-d7141370e5b2 (table: ACL) {{(pid=102211) notify /opt/stack/neutron/neutron/plugins/ml2/drivers/ovn/mech_driver/ovsdb/ovsdb_monitor.py:912}}
Mar 27 01:17:26.766680 np0000161117 devstack@neutron-api.service[102211]: DEBUG neutron.plugins.ml2.drivers.ovn.mech_driver.ovsdb.ovsdb_monitor [None req-9aa432b4-3411-4a77-a1bb-fb2099dc996b None None] Hash Ring: Node 504161ce7578507fac9c1c1295a9f31d (host: np0000161117) handling event "create" for row 85712c31-cdf4-45ab-a758-7f24030ac216 (table: ACL) {{(pid=102211) notify /opt/stack/neutron/neutron/plugins/ml2/drivers/ovn/mech_driver/ovsdb/ovsdb_monitor.py:912}}
Mar 27 01:17:26.775025 np0000161117 devstack@neutron-api.service[102212]: DEBUG neutron.plugins.ml2.drivers.ovn.mech_driver.ovsdb.ovsdb_monitor [None req-f64b7034-19b6-423b-b4f5-237915ca4745 None None] Hash Ring: Node 40df5c59a0b6554d88e5a6a8d8e8c755 (host: np0000161117) handling event "create" for row 7b3cbe31-e2f0-4277-83fe-9e7e92ae639d (table: ACL) {{(pid=102212) notify /opt/stack/neutron/neutron/plugins/ml2/drivers/ovn/mech_driver/ovsdb/ovsdb_monitor.py:912}}
Mar 27 01:17:26.778096 np0000161117 devstack@neutron-api.service[102209]: INFO neutron.db.ovn_revision_numbers_db [None req-7bd320a7-10be-4423-a7e9-62ee47461374 admin admin] Successfully bumped revision number for resource 6be4e9c0-3930-44f7-aa78-7e68e8d4e609 (type: security_groups) to 1
Mar 27 01:17:26.796275 np0000161117 devstack@neutron-api.service[102209]: DEBUG futurist.periodics [-] Submitting periodic callback 'neutron.plugins.ml2.drivers.ovn.mech_driver.ovsdb.maintenance.HashRingHealthCheckPeriodics.touch_hash_ring_node' {{(pid=102209) _process_scheduled /opt/stack/data/venv/lib/python3.12/site-packages/futurist/periodics.py:638}}
Mar 27 01:17:26.797148 np0000161117 devstack@neutron-api.service[102209]: DEBUG neutron.plugins.ml2.drivers.ovn.mech_driver.ovsdb.maintenance [-] Touching Hash Ring node "657607d3ab235e2c946ed3d5e8e87ed3" from periodic health check thread {{(pid=102209) touch_hash_ring_node /opt/stack/neutron/neutron/plugins/ml2/drivers/ovn/mech_driver/ovsdb/maintenance.py:1232}}
Mar 27 01:17:26.806911 np0000161117 devstack@neutron-api.service[102209]: INFO neutron.db.ovn_revision_numbers_db [None req-7bd320a7-10be-4423-a7e9-62ee47461374 admin admin] Successfully bumped revision number for resource 0845c66a-69b4-40c4-a43f-b3fd978f0bfe (type: security_group_rules) to 0
Mar 27 01:17:26.854224 np0000161117 devstack@neutron-api.service[102209]: INFO neutron.db.ovn_revision_numbers_db [None req-7bd320a7-10be-4423-a7e9-62ee47461374 admin admin] Successfully bumped revision number for resource 682de513-1665-4fe2-b812-74a584a9d576 (type: security_group_rules) to 0
Mar 27 01:17:26.941132 np0000161117 devstack@neutron-api.service[102209]: INFO neutron.db.ovn_revision_numbers_db [None req-7bd320a7-10be-4423-a7e9-62ee47461374 admin admin] Successfully bumped revision number for resource 6a2cf5c7-bc4c-428a-8d80-94c463de4caf (type: security_group_rules) to 0
Mar 27 01:17:26.979110 np0000161117 devstack@neutron-api.service[102209]: INFO neutron.db.ovn_revision_numbers_db [None req-7bd320a7-10be-4423-a7e9-62ee47461374 admin admin] Successfully bumped revision number for resource c79eb570-f62b-4677-96f7-5c377a8c3f0a (type: security_group_rules) to 0
Mar 27 01:17:27.010863 np0000161117 devstack@neutron-api.service[102209]: DEBUG neutron.api.rpc.handlers.resources_rpc [None req-7bd320a7-10be-4423-a7e9-62ee47461374 admin admin] Pushing event updated for resources: {'SecurityGroup': ['ID=6be4e9c0-3930-44f7-aa78-7e68e8d4e609,revision_number=1']} {{(pid=102209) push /opt/stack/neutron/neutron/api/rpc/handlers/resources_rpc.py:237}}
Mar 27 01:17:27.015883 np0000161117 devstack@neutron-api.service[102209]: DEBUG ovsdbapp.backend.ovs_idl.transaction [None req-0e5c1cab-b36e-45fa-9711-cd6987a83aac None None] Running txn n=1 command(idx=0): CheckLivenessCommand(_result=None) {{(pid=102209) do_commit /opt/stack/data/venv/lib/python3.12/site-packages/ovsdbapp/backend/ovs_idl/transaction.py:89}}
Mar 27 01:17:27.020373 np0000161117 devstack@neutron-api.service[102212]: DEBUG neutron.plugins.ml2.drivers.ovn.mech_driver.ovsdb.ovsdb_monitor [None req-f64b7034-19b6-423b-b4f5-237915ca4745 None None] Touching Hash Ring node "40df5c59a0b6554d88e5a6a8d8e8c755" from IDL notify handler {{(pid=102212) notify /opt/stack/neutron/neutron/plugins/ml2/drivers/ovn/mech_driver/ovsdb/ovsdb_monitor.py:904}}
Mar 27 01:17:27.022695 np0000161117 devstack@neutron-api.service[102210]: DEBUG neutron.plugins.ml2.drivers.ovn.mech_driver.ovsdb.ovsdb_monitor [None req-d0a34ceb-0e08-4685-9e91-2473bdcb97a9 None None] ChassisAgentWriteEvent : Matched Chassis_Private, update, None None {{(pid=102210) matches /opt/stack/neutron/neutron/plugins/ml2/drivers/ovn/mech_driver/ovsdb/ovsdb_monitor.py:64}}
Mar 27 01:17:27.026097 np0000161117 devstack@neutron-api.service[102211]: DEBUG neutron.plugins.ml2.drivers.ovn.mech_driver.ovsdb.ovsdb_monitor [None req-d50c37f8-966a-4ce0-a84f-1c8e7875def0 None None] ChassisAgentWriteEvent : Matched Chassis_Private, update, None None {{(pid=102211) matches /opt/stack/neutron/neutron/plugins/ml2/drivers/ovn/mech_driver/ovsdb/ovsdb_monitor.py:64}}
Mar 27 01:17:27.026419 np0000161117 devstack@neutron-api.service[102209]: DEBUG neutron.api.rpc.callbacks.version_manager [None req-7bd320a7-10be-4423-a7e9-62ee47461374 admin admin] Tracked resource versions report:
Mar 27 01:17:27.026419 np0000161117 devstack@neutron-api.service[102209]: pushed versions:
Mar 27 01:17:27.026419 np0000161117 devstack@neutron-api.service[102209]: { 'AddressGroup': {'1.2'},
Mar 27 01:17:27.026419 np0000161117 devstack@neutron-api.service[102209]: 'Agent': {'1.1'},
Mar 27 01:17:27.026419 np0000161117 devstack@neutron-api.service[102209]: 'ConntrackHelper': {'1.0'},
Mar 27 01:17:27.026419 np0000161117 devstack@neutron-api.service[102209]: 'LocalIPAssociation': {'1.0'},
Mar 27 01:17:27.026419 np0000161117 devstack@neutron-api.service[102209]: 'Log': {'1.0'},
Mar 27 01:17:27.026419 np0000161117 devstack@neutron-api.service[102209]: 'NDPProxy': {'1.0'},
Mar 27 01:17:27.026419 np0000161117 devstack@neutron-api.service[102209]: 'Network': {'1.2'},
Mar 27 01:17:27.026419 np0000161117 devstack@neutron-api.service[102209]: 'Port': {'1.10'},
Mar 27 01:17:27.026419 np0000161117 devstack@neutron-api.service[102209]: 'PortForwarding': {'1.3'},
Mar 27 01:17:27.026419 np0000161117 devstack@neutron-api.service[102209]: 'QosPolicy': {'1.10'},
Mar 27 01:17:27.026419 np0000161117 devstack@neutron-api.service[102209]: 'SecurityGroup': {'1.6'},
Mar 27 01:17:27.026419 np0000161117 devstack@neutron-api.service[102209]: 'SecurityGroupRule': {'1.3'},
Mar 27 01:17:27.026419 np0000161117 devstack@neutron-api.service[102209]: 'SubPort': {'1.0'},
Mar 27 01:17:27.026419 np0000161117 devstack@neutron-api.service[102209]: 'Subnet': {'1.2'},
Mar 27 01:17:27.026419 np0000161117 devstack@neutron-api.service[102209]: 'Trunk': {'1.1'}}
Mar 27 01:17:27.026419 np0000161117 devstack@neutron-api.service[102209]: consumer versions:
Mar 27 01:17:27.026419 np0000161117 devstack@neutron-api.service[102209]: { OVN Neutron agent@np0000161117: {},
Mar 27 01:17:27.026419 np0000161117 devstack@neutron-api.service[102209]: OVN Controller Gateway agent@np0000161117: {}}
Mar 27 01:17:27.026419 np0000161117 devstack@neutron-api.service[102209]: {{(pid=102209) report /opt/stack/neutron/neutron/api/rpc/callbacks/version_manager.py:183}}
Mar 27 01:17:27.027590 np0000161117 devstack@neutron-api.service[102212]: DEBUG neutron.plugins.ml2.drivers.ovn.mech_driver.ovsdb.ovsdb_monitor [None req-a3a7ad5c-79a5-41fa-95a1-e6f0aeb289ca None None] ChassisAgentWriteEvent : Matched Chassis_Private, update, None None {{(pid=102212) matches /opt/stack/neutron/neutron/plugins/ml2/drivers/ovn/mech_driver/ovsdb/ovsdb_monitor.py:64}}
Mar 27 01:17:27.029415 np0000161117 devstack@neutron-api.service[102212]: DEBUG neutron.plugins.ml2.drivers.ovn.mech_driver.ovsdb.ovsdb_monitor [None req-f64b7034-19b6-423b-b4f5-237915ca4745 None None] Hash Ring: Node 40df5c59a0b6554d88e5a6a8d8e8c755 (host: np0000161117) handling event "update" for row e1af15b4-1d64-44fa-b523-e45539c73dc1 (table: NB_Global) {{(pid=102212) notify /opt/stack/neutron/neutron/plugins/ml2/drivers/ovn/mech_driver/ovsdb/ovsdb_monitor.py:912}}
Mar 27 01:17:27.030873 np0000161117 devstack@neutron-api.service[102212]: DEBUG neutron.plugins.ml2.drivers.ovn.mech_driver.ovsdb.ovsdb_monitor [None req-f64b7034-19b6-423b-b4f5-237915ca4745 None None] Touching Hash Ring node "40df5c59a0b6554d88e5a6a8d8e8c755" from IDL notify handler {{(pid=102212) notify /opt/stack/neutron/neutron/plugins/ml2/drivers/ovn/mech_driver/ovsdb/ovsdb_monitor.py:904}}
Mar 27 01:17:27.031298 np0000161117 devstack@neutron-api.service[102209]: DEBUG neutron.plugins.ml2.drivers.ovn.mech_driver.ovsdb.ovsdb_monitor [None req-dd309600-29fb-4840-a7f4-a6ef00bb74ef None None] ChassisAgentWriteEvent : Matched Chassis_Private, update, None None {{(pid=102209) matches /opt/stack/neutron/neutron/plugins/ml2/drivers/ovn/mech_driver/ovsdb/ovsdb_monitor.py:64}}
Mar 27 01:17:27.047186 np0000161117 devstack@neutron-api.service[102212]: DEBUG neutron.plugins.ml2.drivers.ovn.mech_driver.ovsdb.ovsdb_monitor [None req-f64b7034-19b6-423b-b4f5-237915ca4745 None None] Hash Ring: Node 40df5c59a0b6554d88e5a6a8d8e8c755 (host: np0000161117) handling event "update" for row e1af15b4-1d64-44fa-b523-e45539c73dc1 (table: NB_Global) {{(pid=102212) notify /opt/stack/neutron/neutron/plugins/ml2/drivers/ovn/mech_driver/ovsdb/ovsdb_monitor.py:912}}
Mar 27 01:17:27.047745 np0000161117 devstack@neutron-api.service[102211]: DEBUG neutron.common.ovn.hash_ring_manager [None req-d50c37f8-966a-4ce0-a84f-1c8e7875def0 None None] Hash Ring loaded. 4 active nodes. 0 offline nodes {{(pid=102211) _load_hash_ring /opt/stack/neutron/neutron/common/ovn/hash_ring_manager.py:102}}
Mar 27 01:17:27.049543 np0000161117 devstack@neutron-api.service[102210]: DEBUG neutron.common.ovn.hash_ring_manager [None req-d0a34ceb-0e08-4685-9e91-2473bdcb97a9 None None] Hash Ring loaded. 4 active nodes. 0 offline nodes {{(pid=102210) _load_hash_ring /opt/stack/neutron/neutron/common/ovn/hash_ring_manager.py:102}}
Mar 27 01:17:27.052988 np0000161117 devstack@neutron-api.service[102209]: DEBUG neutron.common.ovn.hash_ring_manager [None req-dd309600-29fb-4840-a7f4-a6ef00bb74ef None None] Hash Ring loaded. 4 active nodes. 0 offline nodes {{(pid=102209) _load_hash_ring /opt/stack/neutron/neutron/common/ovn/hash_ring_manager.py:102}}
Mar 27 01:17:27.053270 np0000161117 devstack@neutron-api.service[102212]: DEBUG neutron.plugins.ml2.drivers.ovn.mech_driver.ovsdb.ovsdb_monitor [None req-f64b7034-19b6-423b-b4f5-237915ca4745 None None] Touching Hash Ring node "40df5c59a0b6554d88e5a6a8d8e8c755" from IDL notify handler {{(pid=102212) notify /opt/stack/neutron/neutron/plugins/ml2/drivers/ovn/mech_driver/ovsdb/ovsdb_monitor.py:904}}
Mar 27 01:17:27.053324 np0000161117 devstack@neutron-api.service[102209]: DEBUG neutron.plugins.ml2.drivers.ovn.mech_driver.ovsdb.ovsdb_monitor [None req-dd309600-29fb-4840-a7f4-a6ef00bb74ef None None] Hash Ring: Node 657607d3ab235e2c946ed3d5e8e87ed3 (host: np0000161117) handling event "update" for row 8359adc4-0448-44a5-8750-c83e6ab3daaa (table: Chassis_Private) {{(pid=102209) notify /opt/stack/neutron/neutron/plugins/ml2/drivers/ovn/mech_driver/ovsdb/ovsdb_monitor.py:912}}
Mar 27 01:17:27.054589 np0000161117 devstack@neutron-api.service[102212]: DEBUG neutron.common.ovn.hash_ring_manager [None req-a3a7ad5c-79a5-41fa-95a1-e6f0aeb289ca None None] Hash Ring loaded. 4 active nodes. 0 offline nodes {{(pid=102212) _load_hash_ring /opt/stack/neutron/neutron/common/ovn/hash_ring_manager.py:102}}
Mar 27 01:17:27.056840 np0000161117 devstack@neutron-api.service[102212]: DEBUG neutron.plugins.ml2.drivers.ovn.mech_driver.ovsdb.ovsdb_monitor [None req-f64b7034-19b6-423b-b4f5-237915ca4745 None None] Hash Ring: Node 40df5c59a0b6554d88e5a6a8d8e8c755 (host: np0000161117) handling event "update" for row e1af15b4-1d64-44fa-b523-e45539c73dc1 (table: NB_Global) {{(pid=102212) notify /opt/stack/neutron/neutron/plugins/ml2/drivers/ovn/mech_driver/ovsdb/ovsdb_monitor.py:912}}
Mar 27 01:17:27.058392 np0000161117 devstack@neutron-api.service[102212]: DEBUG neutron.plugins.ml2.drivers.ovn.mech_driver.ovsdb.ovsdb_monitor [None req-f64b7034-19b6-423b-b4f5-237915ca4745 None None] Touching Hash Ring node "40df5c59a0b6554d88e5a6a8d8e8c755" from IDL notify handler {{(pid=102212) notify /opt/stack/neutron/neutron/plugins/ml2/drivers/ovn/mech_driver/ovsdb/ovsdb_monitor.py:904}}
Mar 27 01:17:27.060856 np0000161117 devstack@neutron-api.service[102212]: DEBUG neutron.plugins.ml2.drivers.ovn.mech_driver.ovsdb.ovsdb_monitor [None req-f64b7034-19b6-423b-b4f5-237915ca4745 None None] Hash Ring: Node 40df5c59a0b6554d88e5a6a8d8e8c755 (host: np0000161117) handling event "update" for row e1af15b4-1d64-44fa-b523-e45539c73dc1 (table: NB_Global) {{(pid=102212) notify /opt/stack/neutron/neutron/plugins/ml2/drivers/ovn/mech_driver/ovsdb/ovsdb_monitor.py:912}}
Mar 27 01:17:27.201448 np0000161117 devstack@neutron-api.service[102209]: DEBUG neutron.plugins.ml2.drivers.helpers [None req-7bd320a7-10be-4423-a7e9-62ee47461374 admin admin] geneve segment allocate from pool success with {'geneve_vni': 13568} {{(pid=102209) allocate_partially_specified_segment /opt/stack/neutron/neutron/plugins/ml2/drivers/helpers.py:142}}
Mar 27 01:17:27.211763 np0000161117 devstack@neutron-api.service[102209]: DEBUG neutron_lib.callbacks.manager [None req-7bd320a7-10be-4423-a7e9-62ee47461374 admin admin] Publish callbacks ['neutron.services.segments.db._add_segment_host_mapping_for_segment-8118253297624', 'neutron.plugins.ml2.plugin.Ml2Plugin._handle_segment_change-2984841'] for segment (52ed9d08-d354-43da-8088-8788166c3cda), precommit_create {{(pid=102209) _notify_loop /opt/stack/data/venv/lib/python3.12/site-packages/neutron_lib/callbacks/manager.py:184}}
Mar 27 01:17:27.211883 np0000161117 devstack@neutron-api.service[102209]: INFO neutron.db.segments_db [None req-7bd320a7-10be-4423-a7e9-62ee47461374 admin admin] Added segment 52ed9d08-d354-43da-8088-8788166c3cda of type geneve for network 22925afb-e955-4672-9128-836d30628f64
Mar 27 01:17:27.225874 np0000161117 devstack@neutron-api.service[102209]: DEBUG neutron_lib.callbacks.manager [None req-7bd320a7-10be-4423-a7e9-62ee47461374 admin admin] Publish callbacks ['neutron.services.auto_allocate.db._ensure_external_network_default_value_callback-8118251664354'] for network (22925afb-e955-4672-9128-836d30628f64), precommit_create {{(pid=102209) _notify_loop /opt/stack/data/venv/lib/python3.12/site-packages/neutron_lib/callbacks/manager.py:184}}
Mar 27 01:17:27.236114 np0000161117 devstack@neutron-api.service[102209]: DEBUG neutron.plugins.ml2.drivers.ovn.mech_driver.mech_driver [None req-7bd320a7-10be-4423-a7e9-62ee47461374 admin admin] Validating network segment with type geneve, segmentation ID 13568, physical network None {{(pid=102209) _validate_network_segments /opt/stack/neutron/neutron/plugins/ml2/drivers/ovn/mech_driver/mech_driver.py:631}}
Mar 27 01:17:27.236343 np0000161117 devstack@neutron-api.service[102209]: DEBUG neutron.db.ovn_revision_numbers_db [None req-7bd320a7-10be-4423-a7e9-62ee47461374 admin admin] create_initial_revision uuid=22925afb-e955-4672-9128-836d30628f64, type=networks, rev=-1 {{(pid=102209) create_initial_revision /opt/stack/neutron/neutron/db/ovn_revision_numbers_db.py:98}}
Mar 27 01:17:27.419961 np0000161117 devstack@neutron-api.service[102209]: DEBUG neutron_lib.callbacks.manager [None req-7bd320a7-10be-4423-a7e9-62ee47461374 admin admin] Publish callbacks ['neutron.plugins.ml2.ovo_rpc._ObjectChangeHandler.handle_event-1576399'] for network (22925afb-e955-4672-9128-836d30628f64), after_create {{(pid=102209) _notify_loop /opt/stack/data/venv/lib/python3.12/site-packages/neutron_lib/callbacks/manager.py:184}}
Mar 27 01:17:27.440656 np0000161117 devstack@neutron-api.service[102209]: DEBUG neutron.api.rpc.handlers.resources_rpc [None req-7bd320a7-10be-4423-a7e9-62ee47461374 admin admin] Pushing event updated for resources: {'Network': ['ID=22925afb-e955-4672-9128-836d30628f64,revision_number=1']} {{(pid=102209) push /opt/stack/neutron/neutron/api/rpc/handlers/resources_rpc.py:237}}
Mar 27 01:17:27.449803 np0000161117 devstack@neutron-api.service[102209]: DEBUG ovsdbapp.backend.ovs_idl.transaction [None req-0e5c1cab-b36e-45fa-9711-cd6987a83aac None None] Running txn n=1 command(idx=0): AddNetworkCommand(_result=None, network_uuid=22925afb-e955-4672-9128-836d30628f64, may_exist=True, columns={'external_ids': {'neutron:network_name': 'admin_net', 'neutron:mtu': '1372', 'neutron:revision_number': '1', 'neutron:availability_zone_hints': '', 'neutron:provnet-network-type': 'geneve'}, 'other_config': {'mcast_snoop': 'false', 'mcast_flood_unregistered': 'false', 'vlan-passthru': 'false'}}) {{(pid=102209) do_commit /opt/stack/data/venv/lib/python3.12/site-packages/ovsdbapp/backend/ovs_idl/transaction.py:89}}
Mar 27 01:17:27.454597 np0000161117 devstack@neutron-api.service[102209]: DEBUG neutron.plugins.ml2.drivers.ovn.mech_driver.ovsdb.ovsdb_monitor [None req-0e5c1cab-b36e-45fa-9711-cd6987a83aac None None] Touching Hash Ring node "657607d3ab235e2c946ed3d5e8e87ed3" from IDL notify handler {{(pid=102209) notify /opt/stack/neutron/neutron/plugins/ml2/drivers/ovn/mech_driver/ovsdb/ovsdb_monitor.py:904}}
Mar 27 01:17:27.458056 np0000161117 devstack@neutron-api.service[102209]: DEBUG neutron.plugins.ml2.drivers.ovn.mech_driver.ovsdb.ovsdb_monitor [None req-0e5c1cab-b36e-45fa-9711-cd6987a83aac None None] Hash Ring: Node 657607d3ab235e2c946ed3d5e8e87ed3 (host: np0000161117) handling event "create" for row 22925afb-e955-4672-9128-836d30628f64 (table: Logical_Switch) {{(pid=102209) notify /opt/stack/neutron/neutron/plugins/ml2/drivers/ovn/mech_driver/ovsdb/ovsdb_monitor.py:912}}
Mar 27 01:17:27.464444 np0000161117 devstack@neutron-api.service[102209]: DEBUG neutron.plugins.ml2.drivers.ovn.mech_driver.ovsdb.ovsdb_monitor [None req-dd309600-29fb-4840-a7f4-a6ef00bb74ef None None] Hash Ring: Node 657607d3ab235e2c946ed3d5e8e87ed3 (host: np0000161117) handling event "create" for row 835c048d-84e7-457b-93b3-76951131a92b (table: Datapath_Binding) {{(pid=102209) notify /opt/stack/neutron/neutron/plugins/ml2/drivers/ovn/mech_driver/ovsdb/ovsdb_monitor.py:912}}
Mar 27 01:17:27.564090 np0000161117 devstack@neutron-api.service[102209]: INFO neutron.db.ovn_revision_numbers_db [None req-7bd320a7-10be-4423-a7e9-62ee47461374 admin admin] Successfully bumped revision number for resource 22925afb-e955-4672-9128-836d30628f64 (type: networks) to 1
Mar 27 01:17:27.609859 np0000161117 devstack@neutron-api.service[102209]: DEBUG neutron_lib.callbacks.manager [None req-7bd320a7-10be-4423-a7e9-62ee47461374 admin admin] Publish callbacks ['neutron.plugins.ml2.plugin.SecurityGroupDbMixin._ensure_default_security_group_handler-3031581'] for port (None), before_create {{(pid=102209) _notify_loop /opt/stack/data/venv/lib/python3.12/site-packages/neutron_lib/callbacks/manager.py:184}}
Mar 27 01:17:27.688051 np0000161117 devstack@neutron-api.service[102209]: DEBUG neutron_lib.callbacks.manager [None req-7bd320a7-10be-4423-a7e9-62ee47461374 admin admin] Publish callbacks ['neutron.plugins.ml2.drivers.ovn.mech_driver.mech_driver.OVNMechanismDriver._validate_allowed_address_pairs-249416'] for allowed_address_pair (148994d8-7e85-403f-9c79-2424f270b00a), before_create {{(pid=102209) _notify_loop /opt/stack/data/venv/lib/python3.12/site-packages/neutron_lib/callbacks/manager.py:184}}
Mar 27 01:17:27.688445 np0000161117 devstack@neutron-api.service[102209]: DEBUG neutron_lib.callbacks.manager [None req-7bd320a7-10be-4423-a7e9-62ee47461374 admin admin] Publish callbacks [] for port (148994d8-7e85-403f-9c79-2424f270b00a), precommit_create {{(pid=102209) _notify_loop /opt/stack/data/venv/lib/python3.12/site-packages/neutron_lib/callbacks/manager.py:184}}
Mar 27 01:17:27.688607 np0000161117 devstack@neutron-api.service[102209]: DEBUG neutron.plugins.ml2.drivers.ovn.mech_driver.mech_driver [None req-7bd320a7-10be-4423-a7e9-62ee47461374 admin admin] No provisioning block for port 148994d8-7e85-403f-9c79-2424f270b00a since it does not have a host {{(pid=102209) _is_port_provisioning_required /opt/stack/neutron/neutron/plugins/ml2/drivers/ovn/mech_driver/mech_driver.py:884}}
Mar 27 01:17:27.688682 np0000161117 devstack@neutron-api.service[102209]: DEBUG neutron.db.ovn_revision_numbers_db [None req-7bd320a7-10be-4423-a7e9-62ee47461374 admin admin] create_initial_revision uuid=148994d8-7e85-403f-9c79-2424f270b00a, type=ports, rev=-1 {{(pid=102209) create_initial_revision /opt/stack/neutron/neutron/db/ovn_revision_numbers_db.py:98}}
Mar 27 01:17:27.870161 np0000161117 devstack@neutron-api.service[102209]: DEBUG neutron_lib.callbacks.manager [None req-7bd320a7-10be-4423-a7e9-62ee47461374 admin admin] Publish callbacks ['neutron.plugins.ml2.ovo_rpc._ObjectChangeHandler.handle_event-1575998'] for port (148994d8-7e85-403f-9c79-2424f270b00a), after_create {{(pid=102209) _notify_loop /opt/stack/data/venv/lib/python3.12/site-packages/neutron_lib/callbacks/manager.py:184}}
Mar 27 01:17:27.910002 np0000161117 devstack@neutron-api.service[102209]: DEBUG neutron.api.rpc.handlers.resources_rpc [None req-7bd320a7-10be-4423-a7e9-62ee47461374 admin admin] Pushing event updated for resources: {'Port': ['ID=148994d8-7e85-403f-9c79-2424f270b00a,revision_number=1']} {{(pid=102209) push /opt/stack/neutron/neutron/api/rpc/handlers/resources_rpc.py:237}}
Mar 27 01:17:27.916932 np0000161117 devstack@neutron-api.service[102209]: DEBUG ovsdbapp.backend.ovs_idl.transaction [None req-0e5c1cab-b36e-45fa-9711-cd6987a83aac None None] Running txn n=1 command(idx=0): AddLSwitchPortCommand(_result=None, lport=148994d8-7e85-403f-9c79-2424f270b00a, lswitch=neutron-22925afb-e955-4672-9128-836d30628f64, may_exist=True, network_uuid=22925afb-e955-4672-9128-836d30628f64, columns={'addresses': ['fa:16:3e:cd:be:e4'], 'external_ids': {'neutron:port_name': '', 'neutron:device_id': 'ovnmeta-22925afb-e955-4672-9128-836d30628f64', 'neutron:project_id': '755ccca7b0974ef1bb97c595f57b42d0', 'neutron:cidrs': '', 'neutron:device_owner': 'network:distributed', 'neutron:subnet_pool_addr_scope4': '', 'neutron:subnet_pool_addr_scope6': '', 'neutron:network_name': 'neutron-22925afb-e955-4672-9128-836d30628f64', 'neutron:security_group_ids': '', 'neutron:revision_number': '1', 'neutron:vnic_type': 'normal', 'neutron:port_capabilities': '', 'neutron:mtu': ''}, 'parent_name': [], 'tag': [], 'enabled': True, 'options': {}, 'type': 'localport', 'port_security': [], 'dhcpv4_options': [], 'dhcpv6_options': []}) {{(pid=102209) do_commit /opt/stack/data/venv/lib/python3.12/site-packages/ovsdbapp/backend/ovs_idl/transaction.py:89}}
Mar 27 01:17:27.948740 np0000161117 devstack@neutron-api.service[102209]: DEBUG ovsdbapp.backend.ovs_idl.transaction [None req-0e5c1cab-b36e-45fa-9711-cd6987a83aac None None] Running txn n=1 command(idx=1): QoSDelCommand(_result=None, switch=neutron-22925afb-e955-4672-9128-836d30628f64, conditions=[('direction', '=', 'to-lport'), ('priority', '=', 2002), ('match', '=', 'outport == "148994d8-7e85-403f-9c79-2424f270b00a"')], if_exists=True) {{(pid=102209) do_commit /opt/stack/data/venv/lib/python3.12/site-packages/ovsdbapp/backend/ovs_idl/transaction.py:89}}
Mar 27 01:17:27.948740 np0000161117 devstack@neutron-api.service[102209]: DEBUG ovsdbapp.backend.ovs_idl.transaction [None req-0e5c1cab-b36e-45fa-9711-cd6987a83aac None None] Running txn n=1 command(idx=2): QoSDelCommand(_result=None, switch=neutron-22925afb-e955-4672-9128-836d30628f64, conditions=[('direction', '=', 'from-lport'), ('priority', '=', 2002), ('match', '=', 'inport == "148994d8-7e85-403f-9c79-2424f270b00a"')], if_exists=True) {{(pid=102209) do_commit /opt/stack/data/venv/lib/python3.12/site-packages/ovsdbapp/backend/ovs_idl/transaction.py:89}}
Mar 27 01:17:27.948740 np0000161117 devstack@neutron-api.service[102209]: DEBUG neutron.plugins.ml2.drivers.ovn.mech_driver.ovsdb.ovsdb_monitor [None req-0e5c1cab-b36e-45fa-9711-cd6987a83aac None None] Touching Hash Ring node "657607d3ab235e2c946ed3d5e8e87ed3" from IDL notify handler {{(pid=102209) notify /opt/stack/neutron/neutron/plugins/ml2/drivers/ovn/mech_driver/ovsdb/ovsdb_monitor.py:904}}
Mar 27 01:17:27.949384 np0000161117 devstack@neutron-api.service[102211]: DEBUG neutron.plugins.ml2.drivers.ovn.mech_driver.ovsdb.ovsdb_monitor [None req-9aa432b4-3411-4a77-a1bb-fb2099dc996b None None] Touching Hash Ring node "504161ce7578507fac9c1c1295a9f31d" from IDL notify handler {{(pid=102211) notify /opt/stack/neutron/neutron/plugins/ml2/drivers/ovn/mech_driver/ovsdb/ovsdb_monitor.py:904}}
Mar 27 01:17:27.950045 np0000161117 devstack@neutron-api.service[102212]: DEBUG neutron.plugins.ml2.drivers.ovn.mech_driver.ovsdb.ovsdb_monitor [None req-a3a7ad5c-79a5-41fa-95a1-e6f0aeb289ca None None] Hash Ring: Node 40df5c59a0b6554d88e5a6a8d8e8c755 (host: np0000161117) handling event "create" for row e94f9f56-9e01-481c-a4af-d0744d308c5b (table: Port_Binding) {{(pid=102212) notify /opt/stack/neutron/neutron/plugins/ml2/drivers/ovn/mech_driver/ovsdb/ovsdb_monitor.py:912}}
Mar 27 01:17:28.101690 np0000161117 devstack@neutron-api.service[102211]: DEBUG neutron.plugins.ml2.drivers.ovn.mech_driver.ovsdb.ovsdb_monitor [None req-9aa432b4-3411-4a77-a1bb-fb2099dc996b None None] Hash Ring: Node 504161ce7578507fac9c1c1295a9f31d (host: np0000161117) handling event "create" for row ceece67f-7408-4fc3-966c-645c869e43db (table: Logical_Switch_Port) {{(pid=102211) notify /opt/stack/neutron/neutron/plugins/ml2/drivers/ovn/mech_driver/ovsdb/ovsdb_monitor.py:912}}
Mar 27 01:17:28.103113 np0000161117 devstack@neutron-api.service[102211]: DEBUG ovsdbapp.backend.ovs_idl.event [None req-9aa432b4-3411-4a77-a1bb-fb2099dc996b None None] Matched CREATE: LogicalSwitchPortCreateEvent(events=('create',), table='Logical_Switch_Port', conditions=[], old_conditions=None), priority=20 to row=Logical_Switch_Port(uuid=ceece67f-7408-4fc3-966c-645c869e43db, addresses=['fa:16:3e:cd:be:e4'], dhcpv4_options=[], dhcpv6_options=[], dynamic_addresses=[], enabled=True, external_ids={'neutron:cidrs': '', 'neutron:device_id': 'ovnmeta-22925afb-e955-4672-9128-836d30628f64', 'neutron:device_owner': 'network:distributed', 'neutron:mtu': '', 'neutron:network_name': 'neutron-22925afb-e955-4672-9128-836d30628f64', 'neutron:port_capabilities': '', 'neutron:port_name': '', 'neutron:project_id': '755ccca7b0974ef1bb97c595f57b42d0', 'neutron:revision_number': '1', 'neutron:security_group_ids': '', 'neutron:subnet_pool_addr_scope4': '', 'neutron:subnet_pool_addr_scope6': '', 'neutron:vnic_type': 'normal'}, ha_chassis_group=[], mirror_rules=[], name='148994d8-7e85-403f-9c79-2424f270b00a', options={}, parent_name=[], port_security=[], tag=[], tag_request=[], type='localport', up=[]) old= {{(pid=102211) matches /opt/stack/data/venv/lib/python3.12/site-packages/ovsdbapp/backend/ovs_idl/event.py:55}}
Mar 27 01:17:28.104531 np0000161117 devstack@neutron-api.service[102211]: INFO neutron.plugins.ml2.drivers.ovn.mech_driver.mech_driver [None req-c767462a-e486-423f-93ff-4e06e9c9cf36 None None] OVN reports status down for port: 148994d8-7e85-403f-9c79-2424f270b00a
Mar 27 01:17:28.106239 np0000161117 devstack@neutron-api.service[102211]: DEBUG neutron.plugins.ml2.drivers.ovn.mech_driver.ovsdb.ovsdb_monitor [None req-9aa432b4-3411-4a77-a1bb-fb2099dc996b None None] Touching Hash Ring node "504161ce7578507fac9c1c1295a9f31d" from IDL notify handler {{(pid=102211) notify /opt/stack/neutron/neutron/plugins/ml2/drivers/ovn/mech_driver/ovsdb/ovsdb_monitor.py:904}}
Mar 27 01:17:28.109417 np0000161117 devstack@neutron-api.service[102211]: DEBUG neutron.plugins.ml2.drivers.ovn.mech_driver.ovsdb.ovsdb_monitor [None req-9aa432b4-3411-4a77-a1bb-fb2099dc996b None None] Hash Ring: Node 504161ce7578507fac9c1c1295a9f31d (host: np0000161117) handling event "update" for row ceece67f-7408-4fc3-966c-645c869e43db (table: Logical_Switch_Port) {{(pid=102211) notify /opt/stack/neutron/neutron/plugins/ml2/drivers/ovn/mech_driver/ovsdb/ovsdb_monitor.py:912}}
Mar 27 01:17:28.138026 np0000161117 devstack@neutron-api.service[102211]: DEBUG neutron.db.provisioning_blocks [None req-c767462a-e486-423f-93ff-4e06e9c9cf36 None None] Transition to ACTIVE for port object 148994d8-7e85-403f-9c79-2424f270b00a will not be triggered until provisioned by entity L2. {{(pid=102211) add_provisioning_component /opt/stack/neutron/neutron/db/provisioning_blocks.py:74}}
Mar 27 01:17:28.209225 np0000161117 devstack@neutron-api.service[102209]: DEBUG neutron.plugins.ml2.drivers.ovn.mech_driver.ovsdb.ovsdb_monitor [None req-0e5c1cab-b36e-45fa-9711-cd6987a83aac None None] Hash Ring: Node 657607d3ab235e2c946ed3d5e8e87ed3 (host: np0000161117) handling event "update" for row 22925afb-e955-4672-9128-836d30628f64 (table: Logical_Switch) {{(pid=102209) notify /opt/stack/neutron/neutron/plugins/ml2/drivers/ovn/mech_driver/ovsdb/ovsdb_monitor.py:912}}
Mar 27 01:17:28.284753 np0000161117 devstack@neutron-api.service[102209]: INFO neutron.db.ovn_revision_numbers_db [None req-7bd320a7-10be-4423-a7e9-62ee47461374 admin admin] Successfully bumped revision number for resource 148994d8-7e85-403f-9c79-2424f270b00a (type: ports) to 1
Mar 27 01:17:28.297635 np0000161117 devstack@neutron-api.service[102209]: DEBUG neutron.pecan_wsgi.hooks.policy_enforcement [None req-7bd320a7-10be-4423-a7e9-62ee47461374 admin admin] Attributes excluded by policy engine: ['standard_attr_id'] {{(pid=102209) _exclude_attributes_by_policy /opt/stack/neutron/neutron/pecan_wsgi/hooks/policy_enforcement.py:258}}
