2026-04-23 10:42:11.421 7 INFO neutron.db.ovn_revision_numbers_db [None req-4e6e4125-a5ac-41a6-8935-56605792e138 c9edbcefe979470f96441eaa4e3134f4 2d32bb2de9264c38bd6bdedffc189730 - - default default] Successfully bumped revision number for resource b77e6dfa-c87b-4122-a76e-d150014e6b47 (type: router_ports) to 1
2026-04-23 10:42:11.548 7 INFO neutron.db.ovn_revision_numbers_db [None req-4e6e4125-a5ac-41a6-8935-56605792e138 c9edbcefe979470f96441eaa4e3134f4 2d32bb2de9264c38bd6bdedffc189730 - - default default] Successfully bumped revision number for resource bee3c1c0-0dba-41cf-b1be-28bca854e394 (type: routers) to 2 [pid: 7|app: 0|req: 1059/2347] 10.0.0.242 () {34 vars in 669 bytes} [Thu Apr 23 10:42:09 2026] POST /v2.0/routers => generated 944 bytes in 1713 msecs (HTTP/1.1 201) 4 headers in 162 bytes (1 switches on core 0)
2026-04-23 10:42:11.656 7 INFO neutron.db.segments_db [None req-b49438e3-6be5-42ab-90b7-fd301f7b715f 7d6f2bb16ab9461ab96df1f94177bc4f 9d187712fda84112aae26fd0f8685bb0 - - default default] Added segment 4fbb4d78-91a2-441b-a581-058cc23c02fd of type geneve for network 0b240be9-88cf-41c4-bd82-499c5f8b3509
2026-04-23 10:42:11.771 7 INFO neutron.db.ovn_revision_numbers_db [None req-b49438e3-6be5-42ab-90b7-fd301f7b715f 7d6f2bb16ab9461ab96df1f94177bc4f 9d187712fda84112aae26fd0f8685bb0 - - default default] Successfully bumped revision number for resource 0b240be9-88cf-41c4-bd82-499c5f8b3509 (type: networks) to 1
2026-04-23 10:42:11.864 8 INFO neutron.db.ovn_revision_numbers_db [None req-eacca146-4afd-4ccc-b512-4496cca359b0 - - - - - -] Successfully bumped revision number for resource 2dc9ebdd-8912-4082-ae1c-ce157c10e9b6 (type: ports) to 2
2026-04-23 10:42:11.917 8 INFO neutron.db.ovn_revision_numbers_db [None req-eacca146-4afd-4ccc-b512-4496cca359b0 - - - - - -] Successfully bumped revision number for resource a0bbc4ab-4a5f-4df6-b316-7dd95cc86a61 (type: subnets) to 0
2026-04-23 10:42:11.923 7 WARNING neutron.scheduler.dhcp_agent_scheduler [None req-b49438e3-6be5-42ab-90b7-fd301f7b715f 7d6f2bb16ab9461ab96df1f94177bc4f 9d187712fda84112aae26fd0f8685bb0 - - default default] No more DHCP agents
2026-04-23 10:42:11.924 7 WARNING neutron.api.rpc.agentnotifiers.dhcp_rpc_agent_api [None req-b49438e3-6be5-42ab-90b7-fd301f7b715f 7d6f2bb16ab9461ab96df1f94177bc4f 9d187712fda84112aae26fd0f8685bb0 - - default default] Unable to schedule network 0b240be9-88cf-41c4-bd82-499c5f8b3509: no agents available; will retry on subsequent port and subnet creation events. [pid: 8|app: 0|req: 1289/2348] 10.0.0.242 () {34 vars in 669 bytes} [Thu Apr 23 10:42:10 2026] POST /v2.0/subnets => generated 629 bytes in 1132 msecs (HTTP/1.1 201) 4 headers in 162 bytes (1 switches on core 0)
2026-04-23 10:42:12.028 7 INFO neutron.db.ovn_revision_numbers_db [None req-b49438e3-6be5-42ab-90b7-fd301f7b715f 7d6f2bb16ab9461ab96df1f94177bc4f 9d187712fda84112aae26fd0f8685bb0 - - default default] Successfully bumped revision number for resource cb6f84f7-39f0-4aa5-94ec-ec9cdee03332 (type: ports) to 1 [pid: 7|app: 0|req: 1060/2349] 10.0.0.242 () {34 vars in 670 bytes} [Thu Apr 23 10:42:11 2026] POST /v2.0/networks => generated 650 bytes in 489 msecs (HTTP/1.1 201) 4 headers in 162 bytes (1 switches on core 0)
2026-04-23 10:42:12.146 7 INFO neutron.db.segments_db [None req-ed44492c-d262-442a-8a46-a9ce95b0538d 5328ce33e29344b7bed4f5aeaa978ca4 9f181b94ecd048d490cd6a6ff0688ffe - - default default] Added segment a7c3c2dc-a781-4caa-b36f-664ca6706d8f of type geneve for network 81c52c76-da54-40b0-bfea-738231910e21
2026-04-23 10:42:12.277 7 INFO neutron.db.ovn_revision_numbers_db [None req-ed44492c-d262-442a-8a46-a9ce95b0538d 5328ce33e29344b7bed4f5aeaa978ca4 9f181b94ecd048d490cd6a6ff0688ffe - - default default] Successfully bumped revision number for resource 81c52c76-da54-40b0-bfea-738231910e21 (type: networks) to 1
2026-04-23 10:42:12.440 7 WARNING neutron.scheduler.dhcp_agent_scheduler [None req-ed44492c-d262-442a-8a46-a9ce95b0538d 5328ce33e29344b7bed4f5aeaa978ca4 9f181b94ecd048d490cd6a6ff0688ffe - - default default] No more DHCP agents
2026-04-23 10:42:12.441 7 WARNING neutron.api.rpc.agentnotifiers.dhcp_rpc_agent_api [None req-ed44492c-d262-442a-8a46-a9ce95b0538d 5328ce33e29344b7bed4f5aeaa978ca4 9f181b94ecd048d490cd6a6ff0688ffe - - default default] Unable to schedule network 81c52c76-da54-40b0-bfea-738231910e21: no agents available; will retry on subsequent port and subnet creation events.
2026-04-23 10:42:12.532 7 INFO neutron.db.ovn_revision_numbers_db [None req-ed44492c-d262-442a-8a46-a9ce95b0538d 5328ce33e29344b7bed4f5aeaa978ca4 9f181b94ecd048d490cd6a6ff0688ffe - - default default] Successfully bumped revision number for resource dd5efd21-7550-488d-83cd-209595c321f8 (type: ports) to 1 [pid: 7|app: 0|req: 1061/2350] 10.0.0.242 () {34 vars in 670 bytes} [Thu Apr 23 10:42:12 2026] POST /v2.0/networks => generated 651 bytes in 504 msecs (HTTP/1.1 201) 4 headers in 162 bytes (1 switches on core 0)
2026-04-23 10:42:12.651 7 INFO neutron.db.segments_db [None req-f1538d56-357b-43c8-bd1d-108e8df87751 7d6f2bb16ab9461ab96df1f94177bc4f 9d187712fda84112aae26fd0f8685bb0 - - default default] Added segment 496a2774-5283-4e73-9571-1a175cdce14c of type geneve for network 5ef05cd1-05ac-4a9d-834f-5ed9226e3c1a
2026-04-23 10:42:12.769 7 INFO neutron.db.ovn_revision_numbers_db [None req-f1538d56-357b-43c8-bd1d-108e8df87751 7d6f2bb16ab9461ab96df1f94177bc4f 9d187712fda84112aae26fd0f8685bb0 - - default default] Successfully bumped revision number for resource 5ef05cd1-05ac-4a9d-834f-5ed9226e3c1a (type: networks) to 1
2026-04-23 10:42:12.924 7 WARNING neutron.scheduler.dhcp_agent_scheduler [None req-f1538d56-357b-43c8-bd1d-108e8df87751 7d6f2bb16ab9461ab96df1f94177bc4f 9d187712fda84112aae26fd0f8685bb0 - - default default] No more DHCP agents
2026-04-23 10:42:12.925 7 WARNING neutron.api.rpc.agentnotifiers.dhcp_rpc_agent_api [None req-f1538d56-357b-43c8-bd1d-108e8df87751 7d6f2bb16ab9461ab96df1f94177bc4f 9d187712fda84112aae26fd0f8685bb0 - - default default] Unable to schedule network 5ef05cd1-05ac-4a9d-834f-5ed9226e3c1a: no agents available; will retry on subsequent port and subnet creation events.
2026-04-23 10:42:13.005 8 WARNING neutron.scheduler.dhcp_agent_scheduler [None req-8773a81e-b27f-4dd0-a64f-5e58571b0d75 c9edbcefe979470f96441eaa4e3134f4 2d32bb2de9264c38bd6bdedffc189730 - - default default] No more DHCP agents
2026-04-23 10:42:13.008 8 WARNING neutron.api.rpc.agentnotifiers.dhcp_rpc_agent_api [None req-8773a81e-b27f-4dd0-a64f-5e58571b0d75 c9edbcefe979470f96441eaa4e3134f4 2d32bb2de9264c38bd6bdedffc189730 - - default default] Unable to schedule network b94b3665-dbf7-4b18-bdb8-4a5c6b98b0b3: no agents available; will retry on subsequent port and subnet creation events.
2026-04-23 10:42:13.029 7 INFO neutron.db.ovn_revision_numbers_db [None req-f1538d56-357b-43c8-bd1d-108e8df87751 7d6f2bb16ab9461ab96df1f94177bc4f 9d187712fda84112aae26fd0f8685bb0 - - default default] Successfully bumped revision number for resource e372f39a-4f73-48f0-a06d-cf42f509771f (type: ports) to 1 [pid: 7|app: 0|req: 1062/2351] 10.0.0.242 () {34 vars in 670 bytes} [Thu Apr 23 10:42:12 2026] POST /v2.0/networks => generated 651 bytes in 492 msecs (HTTP/1.1 201) 4 headers in 162 bytes (1 switches on core 0)
2026-04-23 10:42:13.064 8 INFO neutron.db.ovn_revision_numbers_db [None req-1b383393-67de-4780-a9c8-1c8b960d9973 - - - - - -] Successfully bumped revision number for resource b77e6dfa-c87b-4122-a76e-d150014e6b47 (type: ports) to 4
2026-04-23 10:42:13.279 8 INFO neutron.db.ovn_revision_numbers_db [None req-8773a81e-b27f-4dd0-a64f-5e58571b0d75 c9edbcefe979470f96441eaa4e3134f4 2d32bb2de9264c38bd6bdedffc189730 - - default default] Successfully bumped revision number for resource af9e23c1-ec36-4a87-906b-8e54a5f35307 (type: ports) to 1
2026-04-23 10:42:13.300 7 WARNING neutron.scheduler.dhcp_agent_scheduler [None req-2f512fcf-4408-423f-a77a-85b66a7a51f7 5328ce33e29344b7bed4f5aeaa978ca4 9f181b94ecd048d490cd6a6ff0688ffe - - default default] No more DHCP agents
2026-04-23 10:42:13.302 7 WARNING neutron.api.rpc.agentnotifiers.dhcp_rpc_agent_api [None req-2f512fcf-4408-423f-a77a-85b66a7a51f7 5328ce33e29344b7bed4f5aeaa978ca4 9f181b94ecd048d490cd6a6ff0688ffe - - default default] Unable to schedule network 81c52c76-da54-40b0-bfea-738231910e21: no agents available; will retry on subsequent port and subnet creation events.
2026-04-23 10:42:13.725 8 INFO neutron.db.ovn_revision_numbers_db [None req-1b383393-67de-4780-a9c8-1c8b960d9973 - - - - - -] Successfully bumped revision number for resource b77e6dfa-c87b-4122-a76e-d150014e6b47 (type: ports) to 5
2026-04-23 10:42:13.776 7 INFO neutron.db.ovn_revision_numbers_db [None req-0eccf516-b6a6-4073-a13b-9bb3ec934580 - - - - - -] Successfully bumped revision number for resource dd5efd21-7550-488d-83cd-209595c321f8 (type: ports) to 2
2026-04-23 10:42:13.809 7 INFO neutron.db.ovn_revision_numbers_db [None req-0eccf516-b6a6-4073-a13b-9bb3ec934580 - - - - - -] Successfully bumped revision number for resource 8d1c5e2d-09c8-4f21-b600-c85f87127e9e (type: subnets) to 0 [pid: 7|app: 0|req: 1063/2352] 10.0.0.242 () {34 vars in 669 bytes} [Thu Apr 23 10:42:13 2026] POST /v2.0/subnets => generated 629 bytes in 775 msecs (HTTP/1.1 201) 4 headers in 162 bytes (1 switches on core 0) [pid: 7|app: 0|req: 1064/2353] 10.0.0.242 () {34 vars in 753 bytes} [Thu Apr 23 10:42:13 2026] PUT /v2.0/networks/ab0a7e5e-774f-4a07-a6f0-0cfd8eb6b91a/tags => generated 17 bytes in 56 msecs (HTTP/1.1 200) 4 headers in 156 bytes (1 switches on core 0) [pid: 7|app: 0|req: 1065/2354] 10.0.0.242 () {34 vars in 751 bytes} [Thu Apr 23 10:42:13 2026] PUT /v2.0/subnets/004ca82b-636d-4043-8bae-06943ff8e04e/tags => generated 17 bytes in 65 msecs (HTTP/1.1 200) 4 headers in 156 bytes (1 switches on core 0) [pid: 7|app: 0|req: 1066/2355] 10.0.0.242 () {34 vars in 753 bytes} [Thu Apr 23 10:42:13 2026] PUT /v2.0/networks/e2d567f6-9340-4fbd-a51b-6b5f7ff879cd/tags => generated 25 bytes in 61 msecs (HTTP/1.1 200) 4 headers in 156 bytes (1 switches on core 0) [pid: 7|app: 0|req: 1067/2356] 10.0.0.242 () {34 vars in 751 bytes} [Thu Apr 23 10:42:14 2026] PUT /v2.0/subnets/656fc141-1375-4319-8044-dc435f9dde7b/tags => generated 25 bytes in 44 msecs (HTTP/1.1 200) 4 headers in 156 bytes (1 switches on core 0) [pid: 7|app: 0|req: 1068/2357] 10.0.0.242 () {34 vars in 753 bytes} [Thu Apr 23 10:42:14 2026] PUT /v2.0/networks/efe87c42-4516-41d5-a824-c4c92be3cb0c/tags => generated 34 bytes in 59 msecs (HTTP/1.1 200) 4 headers in 156 bytes (1 switches on core 0) [pid: 7|app: 0|req: 1069/2358] 10.0.0.242 () {34 vars in 751 bytes} [Thu Apr 23 10:42:14 2026] PUT /v2.0/subnets/a6f849d2-b49e-4d03-872d-3fb1f4ff8017/tags => generated 34 bytes in 53 msecs (HTTP/1.1 200) 4 headers in 156 bytes (1 switches on core 0) [pid: 7|app: 0|req: 1070/2359] 10.0.0.242 () {34 vars in 753 bytes} [Thu Apr 23 10:42:14 2026] PUT /v2.0/networks/0b240be9-88cf-41c4-bd82-499c5f8b3509/tags => generated 19 bytes in 52 msecs (HTTP/1.1 200) 4 headers in 156 bytes (1 switches on core 0) [pid: 7|app: 0|req: 1071/2360] 10.0.0.242 () {34 vars in 751 bytes} [Thu Apr 23 10:42:14 2026] PUT /v2.0/subnets/a0bbc4ab-4a5f-4df6-b316-7dd95cc86a61/tags => generated 19 bytes in 87 msecs (HTTP/1.1 200) 4 headers in 156 bytes (1 switches on core 0)
2026-04-23 10:42:14.353 7 INFO neutron.plugins.ml2.drivers.ovn.mech_driver.mech_driver [None req-2ee503f2-13a0-45e0-8389-71556c6d96c6 - - - - - -] OVN reports status down for port: cb6f84f7-39f0-4aa5-94ec-ec9cdee03332
2026-04-23 10:42:14.376 8 WARNING neutron.scheduler.dhcp_agent_scheduler [None req-8773a81e-b27f-4dd0-a64f-5e58571b0d75 c9edbcefe979470f96441eaa4e3134f4 2d32bb2de9264c38bd6bdedffc189730 - - default default] No more DHCP agents
2026-04-23 10:42:14.377 8 WARNING neutron.api.rpc.agentnotifiers.dhcp_rpc_agent_api [None req-8773a81e-b27f-4dd0-a64f-5e58571b0d75 c9edbcefe979470f96441eaa4e3134f4 2d32bb2de9264c38bd6bdedffc189730 - - default default] Unable to schedule network b94b3665-dbf7-4b18-bdb8-4a5c6b98b0b3: no agents available; will retry on subsequent port and subnet creation events. [pid: 7|app: 0|req: 1072/2361] 10.0.0.242 () {32 vars in 666 bytes} [Thu Apr 23 10:42:14 2026] GET /v2.0/networks?tags=red => generated 1987 bytes in 104 msecs (HTTP/1.1 200) 4 headers in 158 bytes (1 switches on core 0) [pid: 7|app: 0|req: 1073/2362] 10.0.0.242 () {32 vars in 664 bytes} [Thu Apr 23 10:42:14 2026] GET /v2.0/subnets?tags=red => generated 1904 bytes in 78 msecs (HTTP/1.1 200) 4 headers in 158 bytes (1 switches on core 0)
2026-04-23 10:42:14.505 7 INFO neutron.plugins.ml2.drivers.ovn.mech_driver.mech_driver [None req-2ee503f2-13a0-45e0-8389-71556c6d96c6 - - - - - -] OVN reports status down for port: dd5efd21-7550-488d-83cd-209595c321f8 [pid: 7|app: 0|req: 1074/2363] 10.0.0.242 () {32 vars in 680 bytes} [Thu Apr 23 10:42:14 2026] GET /v2.0/networks?tags=red%2Cblue => generated 1336 bytes in 76 msecs (HTTP/1.1 200) 4 headers in 158 bytes (1 switches on core 0)
2026-04-23 10:42:14.641 7 INFO neutron.plugins.ml2.drivers.ovn.mech_driver.mech_driver [None req-2ee503f2-13a0-45e0-8389-71556c6d96c6 - - - - - -] OVN reports status down for port: e372f39a-4f73-48f0-a06d-cf42f509771f [pid: 7|app: 0|req: 1075/2364] 10.0.0.242 () {32 vars in 678 bytes} [Thu Apr 23 10:42:14 2026] GET /v2.0/subnets?tags=red%2Cblue => generated 1283 bytes in 78 msecs (HTTP/1.1 200) 4 headers in 158 bytes (1 switches on core 0)
2026-04-23 10:42:14.782 8 INFO neutron.db.ovn_revision_numbers_db [None req-8773a81e-b27f-4dd0-a64f-5e58571b0d75 c9edbcefe979470f96441eaa4e3134f4 2d32bb2de9264c38bd6bdedffc189730 - - default default] Successfully bumped revision number for resource af9e23c1-ec36-4a87-906b-8e54a5f35307 (type: router_ports) to 1 [pid: 8|app: 0|req: 1290/2365] 10.0.0.242 () {34 vars in 783 bytes} [Thu Apr 23 10:42:11 2026] PUT /v2.0/routers/bee3c1c0-0dba-41cf-b1be-28bca854e394/add_router_interface => generated 309 bytes in 2842 msecs (HTTP/1.1 200) 4 headers in 157 bytes (1 switches on core 0) [pid: 8|app: 0|req: 1291/2366] 10.0.0.242 () {32 vars in 674 bytes} [Thu Apr 23 10:42:14 2026] GET /v2.0/subnets?tags-any=blue => generated 1283 bytes in 44 msecs (HTTP/1.1 200) 4 headers in 158 bytes (1 switches on core 0)
2026-04-23 10:42:14.904 7 INFO neutron.plugins.ml2.drivers.ovn.mech_driver.mech_driver [None req-2ee503f2-13a0-45e0-8389-71556c6d96c6 - - - - - -] OVN reports status down for port: af9e23c1-ec36-4a87-906b-8e54a5f35307 [pid: 7|app: 0|req: 1076/2367] 10.0.0.242 () {32 vars in 676 bytes} [Thu Apr 23 10:42:14 2026] GET /v2.0/networks?tags-any=blue => generated 1336 bytes in 292 msecs (HTTP/1.1 200) 4 headers in 158 bytes (1 switches on core 0) [pid: 7|app: 0|req: 1077/2368] 10.0.0.242 () {32 vars in 686 bytes} [Thu Apr 23 10:42:14 2026] GET /v2.0/subnets?tags-any=red%2Cblue => generated 1904 bytes in 71 msecs (HTTP/1.1 200) 4 headers in 158 bytes (1 switches on core 0)
2026-04-23 10:42:15.026 7 WARNING neutron.plugins.ml2.drivers.ovn.mech_driver.ovsdb.ovn_client [None req-2ee503f2-13a0-45e0-8389-71556c6d96c6 - - - - - -] Logical_Switch_Port %s host information not removed, the port state is up
2026-04-23 10:42:15.027 7 INFO neutron.plugins.ml2.drivers.ovn.mech_driver.mech_driver [None req-2ee503f2-13a0-45e0-8389-71556c6d96c6 - - - - - -] OVN reports status up for port: af9e23c1-ec36-4a87-906b-8e54a5f35307
2026-04-23 10:42:15.045 7 INFO neutron.plugins.ml2.plugin [None req-2ee503f2-13a0-45e0-8389-71556c6d96c6 - - - - - -] Attempt 1 to provision port af9e23c1-ec36-4a87-906b-8e54a5f35307 [pid: 7|app: 0|req: 1078/2369] 10.0.0.242 () {32 vars in 688 bytes} [Thu Apr 23 10:42:15 2026] GET /v2.0/networks?tags-any=red%2Cblue => generated 1987 bytes in 69 msecs (HTTP/1.1 200) 4 headers in 158 bytes (1 switches on core 0) [pid: 7|app: 0|req: 1079/2370] 10.0.0.242 () {32 vars in 672 bytes} [Thu Apr 23 10:42:15 2026] GET /v2.0/subnets?not-tags=red => generated 1894 bytes in 76 msecs (HTTP/1.1 200) 4 headers in 158 bytes (1 switches on core 0) [pid: 7|app: 0|req: 1080/2371] 10.0.0.242 () {32 vars in 674 bytes} [Thu Apr 23 10:42:15 2026] GET /v2.0/networks?not-tags=red => generated 1987 bytes in 101 msecs (HTTP/1.1 200) 4 headers in 158 bytes (1 switches on core 0) [pid: 7|app: 0|req: 1081/2372] 10.0.0.242 () {32 vars in 686 bytes} [Thu Apr 23 10:42:15 2026] GET /v2.0/subnets?not-tags=red%2Cblue => generated 2515 bytes in 94 msecs (HTTP/1.1 200) 4 headers in 158 bytes (1 switches on core 0)
2026-04-23 10:42:15.436 8 WARNING neutron.scheduler.dhcp_agent_scheduler [None req-01781559-1e92-4035-a61b-c39f22c86ef0 c9edbcefe979470f96441eaa4e3134f4 2d32bb2de9264c38bd6bdedffc189730 - - default default] No more DHCP agents
2026-04-23 10:42:15.438 8 WARNING neutron.api.rpc.agentnotifiers.dhcp_rpc_agent_api [None req-01781559-1e92-4035-a61b-c39f22c86ef0 c9edbcefe979470f96441eaa4e3134f4 2d32bb2de9264c38bd6bdedffc189730 - - default default] Unable to schedule network bcab537c-48e0-4f6b-af16-6f72c7e6556f: no agents available; will retry on subsequent port and subnet creation events. [pid: 7|app: 0|req: 1082/2373] 10.0.0.242 () {32 vars in 688 bytes} [Thu Apr 23 10:42:15 2026] GET /v2.0/networks?not-tags=red%2Cblue => generated 2638 bytes in 127 msecs (HTTP/1.1 200) 4 headers in 158 bytes (1 switches on core 0)
2026-04-23 10:42:15.551 8 INFO neutron.plugins.ml2.drivers.ovn.mech_driver.mech_driver [None req-9b881ac8-5b61-457e-974a-655b692dc87e - - - - - -] OVN reports status down for port: 4ef08635-760d-4651-b7d8-084534af2c80 [pid: 7|app: 0|req: 1083/2374] 10.0.0.242 () {32 vars in 682 bytes} [Thu Apr 23 10:42:15 2026] GET /v2.0/subnets?not-tags-any=blue => generated 2515 bytes in 113 msecs (HTTP/1.1 200) 4 headers in 158 bytes (1 switches on core 0)
2026-04-23 10:42:15.612 8 INFO neutron.db.ovn_revision_numbers_db [None req-01781559-1e92-4035-a61b-c39f22c86ef0 c9edbcefe979470f96441eaa4e3134f4 2d32bb2de9264c38bd6bdedffc189730 - - default default] Successfully bumped revision number for resource 4ef08635-760d-4651-b7d8-084534af2c80 (type: ports) to 1 [pid: 7|app: 0|req: 1084/2375] 10.0.0.242 () {32 vars in 684 bytes} [Thu Apr 23 10:42:15 2026] GET /v2.0/networks?not-tags-any=blue => generated 2638 bytes in 140 msecs (HTTP/1.1 200) 4 headers in 158 bytes (1 switches on core 0) [pid: 7|app: 0|req: 1085/2376] 10.0.0.242 () {32 vars in 694 bytes} [Thu Apr 23 10:42:15 2026] GET /v2.0/subnets?not-tags-any=red%2Cblue => generated 1894 bytes in 59 msecs (HTTP/1.1 200) 4 headers in 158 bytes (1 switches on core 0) [pid: 7|app: 0|req: 1086/2377] 10.0.0.242 () {32 vars in 696 bytes} [Thu Apr 23 10:42:15 2026] GET /v2.0/networks?not-tags-any=red%2Cblue => generated 1987 bytes in 134 msecs (HTTP/1.1 200) 4 headers in 158 bytes (1 switches on core 0)
2026-04-23 10:42:15.949 7 INFO neutron.db.ovn_revision_numbers_db [None req-2ee503f2-13a0-45e0-8389-71556c6d96c6 - - - - - -] Successfully bumped revision number for resource af9e23c1-ec36-4a87-906b-8e54a5f35307 (type: ports) to 2 [pid: 7|app: 0|req: 1087/2378] 10.0.0.242 () {32 vars in 724 bytes} [Thu Apr 23 10:42:15 2026] DELETE /v2.0/subnets/004ca82b-636d-4043-8bae-06943ff8e04e => generated 0 bytes in 281 msecs (HTTP/1.1 204) 3 headers in 131 bytes (1 switches on core 0)
2026-04-23 10:42:16.323 7 INFO neutron_taas.services.taas.taas_plugin [None req-1c4240c2-0988-4997-a0d6-7ac13b0ed68a 7d6f2bb16ab9461ab96df1f94177bc4f 9d187712fda84112aae26fd0f8685bb0 - - default default] TaaS: Handle Delete Port: 1c4779f2-d571-4b53-98cd-e5d600bc024a
2026-04-23 10:42:16.326 7 INFO neutron_taas.services.taas.tap_mirror_plugin [None req-1c4240c2-0988-4997-a0d6-7ac13b0ed68a 7d6f2bb16ab9461ab96df1f94177bc4f 9d187712fda84112aae26fd0f8685bb0 - - default default] Tap Mirror: Handle Delete Port: 1c4779f2-d571-4b53-98cd-e5d600bc024a
2026-04-23 10:42:16.406 8 INFO neutron.plugins.ml2.drivers.ovn.mech_driver.mech_driver [None req-9b881ac8-5b61-457e-974a-655b692dc87e - - - - - -] OVN reports status up for port: 4ef08635-760d-4651-b7d8-084534af2c80
2026-04-23 10:42:16.449 8 INFO neutron.plugins.ml2.plugin [None req-9b881ac8-5b61-457e-974a-655b692dc87e - - - - - -] Attempt 1 to provision port 4ef08635-760d-4651-b7d8-084534af2c80
2026-04-23 10:42:16.524 7 INFO neutron.services.segments.plugin [-] Segment b50b9fb2-222d-47e9-86d3-15bf4772c394 resource provider aggregate not found
2026-04-23 10:42:16.529 7 INFO neutron.services.segments.plugin [-] Segment b50b9fb2-222d-47e9-86d3-15bf4772c394 resource provider aggregate not found
2026-04-23 10:42:16.544 7 INFO neutron.services.segments.plugin [-] Segment b50b9fb2-222d-47e9-86d3-15bf4772c394 resource provider not found; error: Placement Client Error (4xx): {"errors": [{"status": 404, "title": "Not Found", "detail": "The resource could not be found.\n\n No resource provider with uuid b50b9fb2-222d-47e9-86d3-15bf4772c394 found for delete ", "request_id": "req-9a1afef6-6fa1-4d9f-ae6f-cd6c47f2a3c2"}]}
2026-04-23 10:42:16.552 7 INFO neutron.services.segments.plugin [-] Segment b50b9fb2-222d-47e9-86d3-15bf4772c394 resource provider not found; error: Placement Client Error (4xx): {"errors": [{"status": 404, "title": "Not Found", "detail": "The resource could not be found.\n\n No resource provider with uuid b50b9fb2-222d-47e9-86d3-15bf4772c394 found for delete ", "request_id": "req-136385c7-34e3-4a13-9fbc-11dd6032412d"}]} [pid: 7|app: 0|req: 1088/2379] 10.0.0.242 () {32 vars in 726 bytes} [Thu Apr 23 10:42:16 2026] DELETE /v2.0/networks/ab0a7e5e-774f-4a07-a6f0-0cfd8eb6b91a => generated 0 bytes in 379 msecs (HTTP/1.1 204) 3 headers in 131 bytes (1 switches on core 0)
2026-04-23 10:42:16.597 8 WARNING neutron.scheduler.dhcp_agent_scheduler [None req-01781559-1e92-4035-a61b-c39f22c86ef0 c9edbcefe979470f96441eaa4e3134f4 2d32bb2de9264c38bd6bdedffc189730 - - default default] No more DHCP agents
2026-04-23 10:42:16.601 8 WARNING neutron.api.rpc.agentnotifiers.dhcp_rpc_agent_api [None req-01781559-1e92-4035-a61b-c39f22c86ef0 c9edbcefe979470f96441eaa4e3134f4 2d32bb2de9264c38bd6bdedffc189730 - - default default] Unable to schedule network bcab537c-48e0-4f6b-af16-6f72c7e6556f: no agents available; will retry on subsequent port and subnet creation events. [pid: 7|app: 0|req: 1089/2380] 10.0.0.242 () {32 vars in 724 bytes} [Thu Apr 23 10:42:16 2026] DELETE /v2.0/subnets/656fc141-1375-4319-8044-dc435f9dde7b => generated 0 bytes in 189 msecs (HTTP/1.1 204) 3 headers in 131 bytes (1 switches on core 0)
2026-04-23 10:42:16.913 7 INFO neutron_taas.services.taas.taas_plugin [None req-0421f1e9-782f-47a1-9350-44c65e8785a8 7d6f2bb16ab9461ab96df1f94177bc4f 9d187712fda84112aae26fd0f8685bb0 - - default default] TaaS: Handle Delete Port: 3e09d1cb-e971-4b54-b7bb-e4fca2c8273e
2026-04-23 10:42:16.916 7 INFO neutron_taas.services.taas.tap_mirror_plugin [None req-0421f1e9-782f-47a1-9350-44c65e8785a8 7d6f2bb16ab9461ab96df1f94177bc4f 9d187712fda84112aae26fd0f8685bb0 - - default default] Tap Mirror: Handle Delete Port: 3e09d1cb-e971-4b54-b7bb-e4fca2c8273e [pid: 7|app: 0|req: 1090/2381] 10.0.0.242 () {32 vars in 726 bytes} [Thu Apr 23 10:42:16 2026] DELETE /v2.0/networks/e2d567f6-9340-4fbd-a51b-6b5f7ff879cd => generated 0 bytes in 408 msecs (HTTP/1.1 204) 3 headers in 131 bytes (1 switches on core 0) [pid: 7|app: 0|req: 1091/2382] 10.0.0.242 () {32 vars in 724 bytes} [Thu Apr 23 10:42:17 2026] DELETE /v2.0/subnets/a6f849d2-b49e-4d03-872d-3fb1f4ff8017 => generated 0 bytes in 184 msecs (HTTP/1.1 204) 3 headers in 131 bytes (1 switches on core 0)
2026-04-23 10:42:17.489 7 INFO neutron_taas.services.taas.taas_plugin [None req-397140e8-48b8-4e48-8a26-47424cb4a0c2 7d6f2bb16ab9461ab96df1f94177bc4f 9d187712fda84112aae26fd0f8685bb0 - - default default] TaaS: Handle Delete Port: 90eff70b-af03-4593-bceb-1737ffb6ad16
2026-04-23 10:42:17.492 7 INFO neutron_taas.services.taas.tap_mirror_plugin [None req-397140e8-48b8-4e48-8a26-47424cb4a0c2 7d6f2bb16ab9461ab96df1f94177bc4f 9d187712fda84112aae26fd0f8685bb0 - - default default] Tap Mirror: Handle Delete Port: 90eff70b-af03-4593-bceb-1737ffb6ad16
2026-04-23 10:42:17.730 8 INFO neutron.db.ovn_revision_numbers_db [None req-9b881ac8-5b61-457e-974a-655b692dc87e - - - - - -] Successfully bumped revision number for resource 4ef08635-760d-4651-b7d8-084534af2c80 (type: ports) to 2 [pid: 7|app: 0|req: 1092/2383] 10.0.0.242 () {32 vars in 726 bytes} [Thu Apr 23 10:42:17 2026] DELETE /v2.0/networks/efe87c42-4516-41d5-a824-c4c92be3cb0c => generated 0 bytes in 361 msecs (HTTP/1.1 204) 3 headers in 131 bytes (1 switches on core 0) [pid: 7|app: 0|req: 1093/2384] 10.0.0.242 () {32 vars in 724 bytes} [Thu Apr 23 10:42:17 2026] DELETE /v2.0/subnets/a0bbc4ab-4a5f-4df6-b316-7dd95cc86a61 => generated 0 bytes in 191 msecs (HTTP/1.1 204) 3 headers in 131 bytes (1 switches on core 0)
2026-04-23 10:42:17.946 8 INFO neutron.db.ovn_revision_numbers_db [None req-01781559-1e92-4035-a61b-c39f22c86ef0 c9edbcefe979470f96441eaa4e3134f4 2d32bb2de9264c38bd6bdedffc189730 - - default default] Successfully bumped revision number for resource 4ef08635-760d-4651-b7d8-084534af2c80 (type: router_ports) to 1 [pid: 8|app: 0|req: 1292/2385] 10.0.0.242 () {34 vars in 783 bytes} [Thu Apr 23 10:42:14 2026] PUT /v2.0/routers/bee3c1c0-0dba-41cf-b1be-28bca854e394/add_router_interface => generated 309 bytes in 3117 msecs (HTTP/1.1 200) 4 headers in 157 bytes (1 switches on core 0)
2026-04-23 10:42:18.051 7 INFO neutron_taas.services.taas.taas_plugin [None req-9563b93f-37e4-43f7-a2f2-ece5a325c40a 7d6f2bb16ab9461ab96df1f94177bc4f 9d187712fda84112aae26fd0f8685bb0 - - default default] TaaS: Handle Delete Port: cb6f84f7-39f0-4aa5-94ec-ec9cdee03332
2026-04-23 10:42:18.054 7 INFO neutron_taas.services.taas.tap_mirror_plugin [None req-9563b93f-37e4-43f7-a2f2-ece5a325c40a 7d6f2bb16ab9461ab96df1f94177bc4f 9d187712fda84112aae26fd0f8685bb0 - - default default] Tap Mirror: Handle Delete Port: cb6f84f7-39f0-4aa5-94ec-ec9cdee03332 [pid: 8|app: 0|req: 1293/2386] 10.0.0.242 () {32 vars in 724 bytes} [Thu Apr 23 10:42:17 2026] DELETE /v2.0/subnets/8d1c5e2d-09c8-4f21-b600-c85f87127e9e => generated 0 bytes in 179 msecs (HTTP/1.1 204) 3 headers in 131 bytes (1 switches on core 0) [pid: 7|app: 0|req: 1094/2387] 10.0.0.242 () {32 vars in 726 bytes} [Thu Apr 23 10:42:17 2026] DELETE /v2.0/networks/0b240be9-88cf-41c4-bd82-499c5f8b3509 => generated 0 bytes in 379 msecs (HTTP/1.1 204) 3 headers in 131 bytes (1 switches on core 0)
2026-04-23 10:42:18.435 7 INFO neutron_taas.services.taas.taas_plugin [None req-377341af-2742-4d79-9dc2-c79bb1afd35c 5328ce33e29344b7bed4f5aeaa978ca4 9f181b94ecd048d490cd6a6ff0688ffe - - default default] TaaS: Handle Delete Port: 8fd69b31-16de-45ef-8c99-416e39854e41
2026-04-23 10:42:18.438 7 INFO neutron_taas.services.taas.tap_mirror_plugin [None req-377341af-2742-4d79-9dc2-c79bb1afd35c 5328ce33e29344b7bed4f5aeaa978ca4 9f181b94ecd048d490cd6a6ff0688ffe - - default default] Tap Mirror: Handle Delete Port: 8fd69b31-16de-45ef-8c99-416e39854e41
2026-04-23 10:42:18.576 7 INFO neutron.services.segments.plugin [-] Segment abc2aef4-cd01-42c9-8532-b63799f076f4 resource provider aggregate not found
2026-04-23 10:42:18.581 7 INFO neutron.services.segments.plugin [-] Segment abc2aef4-cd01-42c9-8532-b63799f076f4 resource provider aggregate not found
2026-04-23 10:42:18.595 7 INFO neutron.services.segments.plugin [-] Segment abc2aef4-cd01-42c9-8532-b63799f076f4 resource provider not found; error: Placement Client Error (4xx): {"errors": [{"status": 404, "title": "Not Found", "detail": "The resource could not be found.\n\n No resource provider with uuid abc2aef4-cd01-42c9-8532-b63799f076f4 found for delete ", "request_id": "req-f4aa8d96-8dc9-4218-bf1d-2f7db6395cc9"}]}
2026-04-23 10:42:18.604 7 INFO neutron.services.segments.plugin [-] Segment abc2aef4-cd01-42c9-8532-b63799f076f4 resource provider not found; error: Placement Client Error (4xx): {"errors": [{"status": 404, "title": "Not Found", "detail": "The resource could not be found.\n\n No resource provider with uuid abc2aef4-cd01-42c9-8532-b63799f076f4 found for delete ", "request_id": "req-0e151567-2d98-4ab6-ad12-f7b1e72cd0bb"}]}
2026-04-23 10:42:18.620 7 INFO neutron.services.segments.plugin [-] Segment ee8ad069-4994-4a9b-b898-6c37afbb7220 resource provider aggregate not found
2026-04-23 10:42:18.627 7 INFO neutron.services.segments.plugin [-] Segment ee8ad069-4994-4a9b-b898-6c37afbb7220 resource provider aggregate not found
2026-04-23 10:42:18.650 7 INFO neutron.services.segments.plugin [-] Segment ee8ad069-4994-4a9b-b898-6c37afbb7220 resource provider not found; error: Placement Client Error (4xx): {"errors": [{"status": 404, "title": "Not Found", "detail": "The resource could not be found.\n\n No resource provider with uuid ee8ad069-4994-4a9b-b898-6c37afbb7220 found for delete ", "request_id": "req-98c6d776-2275-4cae-88ad-723da65fe755"}]}
2026-04-23 10:42:18.655 7 INFO neutron.services.segments.plugin [-] Segment ee8ad069-4994-4a9b-b898-6c37afbb7220 resource provider not found; error: Placement Client Error (4xx): {"errors": [{"status": 404, "title": "Not Found", "detail": "The resource could not be found.\n\n No resource provider with uuid ee8ad069-4994-4a9b-b898-6c37afbb7220 found for delete ", "request_id": "req-f0cc4f2b-34b6-4262-b638-7f13807a0eae"}]}
2026-04-23 10:42:18.670 7 INFO neutron.services.segments.plugin [-] Segment 4fbb4d78-91a2-441b-a581-058cc23c02fd resource provider aggregate not found
2026-04-23 10:42:18.679 7 INFO neutron.services.segments.plugin [-] Segment 4fbb4d78-91a2-441b-a581-058cc23c02fd resource provider aggregate not found
2026-04-23 10:42:18.679 8 WARNING neutron.scheduler.dhcp_agent_scheduler [None req-6fd9ac16-beb3-42d9-8cb2-513e33b2fe0c c9edbcefe979470f96441eaa4e3134f4 2d32bb2de9264c38bd6bdedffc189730 - - default default] No more DHCP agents
2026-04-23 10:42:18.680 8 WARNING neutron.api.rpc.agentnotifiers.dhcp_rpc_agent_api [None req-6fd9ac16-beb3-42d9-8cb2-513e33b2fe0c c9edbcefe979470f96441eaa4e3134f4 2d32bb2de9264c38bd6bdedffc189730 - - default default] Unable to schedule network acf4f6d3-274a-4099-806f-beefe33cf4b5: no agents available; will retry on subsequent port and subnet creation events.
2026-04-23 10:42:18.695 7 INFO neutron.services.segments.plugin [-] Segment 4fbb4d78-91a2-441b-a581-058cc23c02fd resource provider not found; error: Placement Client Error (4xx): {"errors": [{"status": 404, "title": "Not Found", "detail": "The resource could not be found.\n\n No resource provider with uuid 4fbb4d78-91a2-441b-a581-058cc23c02fd found for delete ", "request_id": "req-38c0f40f-8f50-4869-b126-dd83ccd6a640"}]}
2026-04-23 10:42:18.703 7 INFO neutron.services.segments.plugin [-] Segment 4fbb4d78-91a2-441b-a581-058cc23c02fd resource provider not found; error: Placement Client Error (4xx): {"errors": [{"status": 404, "title": "Not Found", "detail": "The resource could not be found.\n\n No resource provider with uuid 4fbb4d78-91a2-441b-a581-058cc23c02fd found for delete ", "request_id": "req-82d2b1a0-61f4-4685-b4b1-d387b9c9f173"}]} [pid: 7|app: 0|req: 1095/2388] 10.0.0.242 () {32 vars in 726 bytes} [Thu Apr 23 10:42:18 2026] DELETE /v2.0/networks/d26f71d6-fba3-4e5b-ba49-fa97871f3e48 => generated 0 bytes in 459 msecs (HTTP/1.1 204) 3 headers in 131 bytes (1 switches on core 0)
2026-04-23 10:42:18.848 8 INFO neutron.db.ovn_revision_numbers_db [None req-6fd9ac16-beb3-42d9-8cb2-513e33b2fe0c c9edbcefe979470f96441eaa4e3134f4 2d32bb2de9264c38bd6bdedffc189730 - - default default] Successfully bumped revision number for resource 2f2b4dfe-74d3-4597-a253-2890c151fe52 (type: ports) to 1
2026-04-23 10:42:18.922 7 INFO neutron_taas.services.taas.taas_plugin [None req-7c56f238-a8eb-4f28-a87a-c99bd56a7486 7d6f2bb16ab9461ab96df1f94177bc4f 9d187712fda84112aae26fd0f8685bb0 - - default default] TaaS: Handle Delete Port: e372f39a-4f73-48f0-a06d-cf42f509771f
2026-04-23 10:42:18.925 7 INFO neutron_taas.services.taas.tap_mirror_plugin [None req-7c56f238-a8eb-4f28-a87a-c99bd56a7486 7d6f2bb16ab9461ab96df1f94177bc4f 9d187712fda84112aae26fd0f8685bb0 - - default default] Tap Mirror: Handle Delete Port: e372f39a-4f73-48f0-a06d-cf42f509771f [pid: 7|app: 0|req: 1096/2389] 10.0.0.242 () {32 vars in 726 bytes} [Thu Apr 23 10:42:18 2026] DELETE /v2.0/networks/5ef05cd1-05ac-4a9d-834f-5ed9226e3c1a => generated 0 bytes in 385 msecs (HTTP/1.1 204) 3 headers in 131 bytes (1 switches on core 0)
2026-04-23 10:42:19.283 7 INFO neutron_taas.services.taas.taas_plugin [None req-f9ee5c76-79cb-4ef2-bc54-99967af0cb29 5328ce33e29344b7bed4f5aeaa978ca4 9f181b94ecd048d490cd6a6ff0688ffe - - default default] TaaS: Handle Delete Port: ce71aaa5-dfa4-41d5-bed3-b8951a1963c8
2026-04-23 10:42:19.285 7 INFO neutron_taas.services.taas.tap_mirror_plugin [None req-f9ee5c76-79cb-4ef2-bc54-99967af0cb29 5328ce33e29344b7bed4f5aeaa978ca4 9f181b94ecd048d490cd6a6ff0688ffe - - default default] Tap Mirror: Handle Delete Port: ce71aaa5-dfa4-41d5-bed3-b8951a1963c8 [pid: 7|app: 0|req: 1097/2390] 10.0.0.242 () {32 vars in 726 bytes} [Thu Apr 23 10:42:19 2026] DELETE /v2.0/networks/390248d1-d6e0-4367-8aa3-bd631f0385c2 => generated 0 bytes in 395 msecs (HTTP/1.1 204) 3 headers in 131 bytes (1 switches on core 0)
2026-04-23 10:42:19.703 7 INFO neutron_taas.services.taas.taas_plugin [None req-e2c3b715-bf8d-446f-9260-ef67a67d3f89 5328ce33e29344b7bed4f5aeaa978ca4 9f181b94ecd048d490cd6a6ff0688ffe - - default default] TaaS: Handle Delete Port: 79716e07-272f-45f3-8e91-87ee527692d6
2026-04-23 10:42:19.707 7 INFO neutron_taas.services.taas.tap_mirror_plugin [None req-e2c3b715-bf8d-446f-9260-ef67a67d3f89 5328ce33e29344b7bed4f5aeaa978ca4 9f181b94ecd048d490cd6a6ff0688ffe - - default default] Tap Mirror: Handle Delete Port: 79716e07-272f-45f3-8e91-87ee527692d6
2026-04-23 10:42:19.732 8 WARNING neutron.scheduler.dhcp_agent_scheduler [None req-6fd9ac16-beb3-42d9-8cb2-513e33b2fe0c c9edbcefe979470f96441eaa4e3134f4 2d32bb2de9264c38bd6bdedffc189730 - - default default] No more DHCP agents
2026-04-23 10:42:19.733 8 WARNING neutron.api.rpc.agentnotifiers.dhcp_rpc_agent_api [None req-6fd9ac16-beb3-42d9-8cb2-513e33b2fe0c c9edbcefe979470f96441eaa4e3134f4 2d32bb2de9264c38bd6bdedffc189730 - - default default] Unable to schedule network acf4f6d3-274a-4099-806f-beefe33cf4b5: no agents available; will retry on subsequent port and subnet creation events. [pid: 7|app: 0|req: 1098/2391] 10.0.0.242 () {32 vars in 726 bytes} [Thu Apr 23 10:42:19 2026] DELETE /v2.0/networks/95c1e4eb-60e2-4887-a7c8-628927b9f32f => generated 0 bytes in 390 msecs (HTTP/1.1 204) 3 headers in 131 bytes (1 switches on core 0)
2026-04-23 10:42:20.129 8 INFO neutron.db.ovn_revision_numbers_db [None req-6fd9ac16-beb3-42d9-8cb2-513e33b2fe0c c9edbcefe979470f96441eaa4e3134f4 2d32bb2de9264c38bd6bdedffc189730 - - default default] Successfully bumped revision number for resource 2f2b4dfe-74d3-4597-a253-2890c151fe52 (type: router_ports) to 1 [pid: 8|app: 0|req: 1294/2392] 10.0.0.242 () {34 vars in 783 bytes} [Thu Apr 23 10:42:18 2026] PUT /v2.0/routers/bee3c1c0-0dba-41cf-b1be-28bca854e394/add_router_interface => generated 309 bytes in 2003 msecs (HTTP/1.1 200) 4 headers in 157 bytes (1 switches on core 0)
2026-04-23 10:42:20.209 7 INFO neutron_taas.services.taas.taas_plugin [None req-841ca280-dae7-42af-97f1-cf3dade674f3 5328ce33e29344b7bed4f5aeaa978ca4 9f181b94ecd048d490cd6a6ff0688ffe - - default default] TaaS: Handle Delete Port: 2dc9ebdd-8912-4082-ae1c-ce157c10e9b6
2026-04-23 10:42:20.212 7 INFO neutron_taas.services.taas.tap_mirror_plugin [None req-841ca280-dae7-42af-97f1-cf3dade674f3 5328ce33e29344b7bed4f5aeaa978ca4 9f181b94ecd048d490cd6a6ff0688ffe - - default default] Tap Mirror: Handle Delete Port: 2dc9ebdd-8912-4082-ae1c-ce157c10e9b6 [pid: 8|app: 0|req: 1295/2393] 10.0.0.242 () {32 vars in 774 bytes} [Thu Apr 23 10:42:20 2026] GET /v2.0/security-groups?tenant_id=9d187712fda84112aae26fd0f8685bb0&name=default => generated 2929 bytes in 210 msecs (HTTP/1.1 200) 4 headers in 158 bytes (1 switches on core 0) [pid: 7|app: 0|req: 1099/2394] 10.0.0.242 () {32 vars in 726 bytes} [Thu Apr 23 10:42:19 2026] DELETE /v2.0/networks/c8bb60c0-f1b3-402b-a01a-e80f77e79c2b => generated 0 bytes in 503 msecs (HTTP/1.1 204) 3 headers in 131 bytes (1 switches on core 0)
2026-04-23 10:42:20.493 8 INFO neutron.db.ovn_revision_numbers_db [None req-48d5317f-4b55-4a16-904c-7b88cf065ec1 c9edbcefe979470f96441eaa4e3134f4 2d32bb2de9264c38bd6bdedffc189730 - - default default] Successfully bumped revision number for resource 5549c4c9-dc76-49cd-93c4-d713cdef63fc (type: security_groups) to 1
2026-04-23 10:42:20.503 8 INFO neutron.db.ovn_revision_numbers_db [None req-48d5317f-4b55-4a16-904c-7b88cf065ec1 c9edbcefe979470f96441eaa4e3134f4 2d32bb2de9264c38bd6bdedffc189730 - - default default] Successfully bumped revision number for resource 01aa7a9a-1317-407c-9411-e43181ec7d46 (type: security_group_rules) to 0
2026-04-23 10:42:20.516 8 INFO neutron.db.ovn_revision_numbers_db [None req-48d5317f-4b55-4a16-904c-7b88cf065ec1 c9edbcefe979470f96441eaa4e3134f4 2d32bb2de9264c38bd6bdedffc189730 - - default default] Successfully bumped revision number for resource 404c91be-d228-4e62-91da-51a3a133bbed (type: security_group_rules) to 0 [pid: 8|app: 0|req: 1296/2395] 10.0.0.242 () {34 vars in 684 bytes} [Thu Apr 23 10:42:20 2026] POST /v2.0/security-groups => generated 1630 bytes in 210 msecs (HTTP/1.1 201) 4 headers in 163 bytes (1 switches on core 0) [pid: 7|app: 0|req: 1100/2396] 10.0.0.242 () {32 vars in 740 bytes} [Thu Apr 23 10:42:20 2026] DELETE /v2.0/security-groups/bd18d485-569a-4192-aef2-c816064dae6e => generated 0 bytes in 234 msecs (HTTP/1.1 204) 2 headers in 112 bytes (1 switches on core 0)
2026-04-23 10:42:20.712 8 INFO neutron_taas.services.taas.taas_plugin [None req-14b2b8ba-6fc3-434d-9662-4fbdda79d38f 5328ce33e29344b7bed4f5aeaa978ca4 9f181b94ecd048d490cd6a6ff0688ffe - - default default] TaaS: Handle Delete Port: dd5efd21-7550-488d-83cd-209595c321f8
2026-04-23 10:42:20.715 8 INFO neutron_taas.services.taas.tap_mirror_plugin [None req-14b2b8ba-6fc3-434d-9662-4fbdda79d38f 5328ce33e29344b7bed4f5aeaa978ca4 9f181b94ecd048d490cd6a6ff0688ffe - - default default] Tap Mirror: Handle Delete Port: dd5efd21-7550-488d-83cd-209595c321f8
2026-04-23 10:42:20.735 7 INFO neutron.services.segments.plugin [-] Segment c023c953-6e2e-4c1f-a722-b0987d8e95d3 resource provider aggregate not found
2026-04-23 10:42:20.744 7 INFO neutron.services.segments.plugin [-] Segment c023c953-6e2e-4c1f-a722-b0987d8e95d3 resource provider aggregate not found
2026-04-23 10:42:20.773 7 INFO neutron.services.segments.plugin [-] Segment c023c953-6e2e-4c1f-a722-b0987d8e95d3 resource provider not found; error: Placement Client Error (4xx): {"errors": [{"status": 404, "title": "Not Found", "detail": "The resource could not be found.\n\n No resource provider with uuid c023c953-6e2e-4c1f-a722-b0987d8e95d3 found for delete ", "request_id": "req-7a76f166-a5a1-45e2-8cca-ab4041a8d4bd"}]}
2026-04-23 10:42:20.777 7 INFO neutron.services.segments.plugin [-] Segment c023c953-6e2e-4c1f-a722-b0987d8e95d3 resource provider not found; error: Placement Client Error (4xx): {"errors": [{"status": 404, "title": "Not Found", "detail": "The resource could not be found.\n\n No resource provider with uuid c023c953-6e2e-4c1f-a722-b0987d8e95d3 found for delete ", "request_id": "req-571e64ab-db42-4bf1-ad8e-5aa7e77a2507"}]}
2026-04-23 10:42:20.796 7 INFO neutron.services.segments.plugin [-] Segment 496a2774-5283-4e73-9571-1a175cdce14c resource provider aggregate not found
2026-04-23 10:42:20.800 7 INFO neutron.services.segments.plugin [-] Segment 496a2774-5283-4e73-9571-1a175cdce14c resource provider aggregate not found
2026-04-23 10:42:20.821 7 INFO neutron.services.segments.plugin [-] Segment 496a2774-5283-4e73-9571-1a175cdce14c resource provider not found; error: Placement Client Error (4xx): {"errors": [{"status": 404, "title": "Not Found", "detail": "The resource could not be found.\n\n No resource provider with uuid 496a2774-5283-4e73-9571-1a175cdce14c found for delete ", "request_id": "req-b6c180ec-6a88-4fe0-aecc-cf9a28721a9d"}]}
2026-04-23 10:42:20.829 7 INFO neutron.services.segments.plugin [-] Segment 496a2774-5283-4e73-9571-1a175cdce14c resource provider not found; error: Placement Client Error (4xx): {"errors": [{"status": 404, "title": "Not Found", "detail": "The resource could not be found.\n\n No resource provider with uuid 496a2774-5283-4e73-9571-1a175cdce14c found for delete ", "request_id": "req-2cd27d00-163b-4f07-9a5b-d7d58ffd9f98"}]}
2026-04-23 10:42:20.839 7 INFO neutron.services.segments.plugin [-] Segment a7e1276d-ae20-49b5-8905-8e8cb7db69dc resource provider aggregate not found
2026-04-23 10:42:20.855 7 INFO neutron.services.segments.plugin [-] Segment a7e1276d-ae20-49b5-8905-8e8cb7db69dc resource provider aggregate not found
2026-04-23 10:42:20.863 7 INFO neutron.services.segments.plugin [-] Segment a7e1276d-ae20-49b5-8905-8e8cb7db69dc resource provider not found; error: Placement Client Error (4xx): {"errors": [{"status": 404, "title": "Not Found", "detail": "The resource could not be found.\n\n No resource provider with uuid a7e1276d-ae20-49b5-8905-8e8cb7db69dc found for delete ", "request_id": "req-e5881e1e-0463-42e7-8269-f5a8a3d2a6d2"}]}
2026-04-23 10:42:20.900 7 INFO neutron.services.segments.plugin [-] Segment a7e1276d-ae20-49b5-8905-8e8cb7db69dc resource provider not found; error: Placement Client Error (4xx): {"errors": [{"status": 404, "title": "Not Found", "detail": "The resource could not be found.\n\n No resource provider with uuid a7e1276d-ae20-49b5-8905-8e8cb7db69dc found for delete ", "request_id": "req-90a0c260-43aa-4a57-82d5-dc8f78c2580a"}]}
2026-04-23 10:42:20.907 7 INFO neutron.services.segments.plugin [-] Segment 0b949964-474f-498a-8c8a-efb72421e88e resource provider aggregate not found
2026-04-23 10:42:20.935 7 INFO neutron.services.segments.plugin [-] Segment 0b949964-474f-498a-8c8a-efb72421e88e resource provider not found; error: Placement Client Error (4xx): {"errors": [{"status": 404, "title": "Not Found", "detail": "The resource could not be found.\n\n No resource provider with uuid 0b949964-474f-498a-8c8a-efb72421e88e found for delete ", "request_id": "req-a72747e0-67d2-4494-b6a1-701dd69585cc"}]}
2026-04-23 10:42:20.939 7 INFO neutron.services.segments.plugin [-] Segment 0b949964-474f-498a-8c8a-efb72421e88e resource provider aggregate not found
2026-04-23 10:42:20.957 7 INFO neutron.services.segments.plugin [-] Segment 0ef6ecc4-fc00-4f80-b7a2-0432cb9d0e27 resource provider aggregate not found
2026-04-23 10:42:20.966 7 INFO neutron.services.segments.plugin [-] Segment 0b949964-474f-498a-8c8a-efb72421e88e resource provider not found; error: Placement Client Error (4xx): {"errors": [{"status": 404, "title": "Not Found", "detail": "The resource could not be found.\n\n No resource provider with uuid 0b949964-474f-498a-8c8a-efb72421e88e found for delete ", "request_id": "req-82c83a63-90a7-470d-9223-c14009a7384d"}]}
2026-04-23 10:42:20.987 7 INFO neutron.services.segments.plugin [-] Segment 0ef6ecc4-fc00-4f80-b7a2-0432cb9d0e27 resource provider aggregate not found
2026-04-23 10:42:20.988 7 INFO neutron.services.segments.plugin [-] Segment 0ef6ecc4-fc00-4f80-b7a2-0432cb9d0e27 resource provider not found; error: Placement Client Error (4xx): {"errors": [{"status": 404, "title": "Not Found", "detail": "The resource could not be found.\n\n No resource provider with uuid 0ef6ecc4-fc00-4f80-b7a2-0432cb9d0e27 found for delete ", "request_id": "req-2f1a31f4-3b08-43bd-b451-6b155b692ac2"}]}
2026-04-23 10:42:20.995 8 INFO neutron.services.segments.plugin [-] Segment a7c3c2dc-a781-4caa-b36f-664ca6706d8f resource provider aggregate not found
2026-04-23 10:42:21.000 8 INFO neutron.services.segments.plugin [-] Segment a7c3c2dc-a781-4caa-b36f-664ca6706d8f resource provider aggregate not found
2026-04-23 10:42:21.001 7 INFO neutron.db.ovn_revision_numbers_db [None req-fccd456f-4d22-4383-8475-aeecfc4baff8 c9edbcefe979470f96441eaa4e3134f4 2d32bb2de9264c38bd6bdedffc189730 - - default default] Successfully bumped revision number for resource 8cb2fb02-872a-400a-9fec-b527b9e0069d (type: security_group_rules) to 0
2026-04-23 10:42:21.003 7 INFO neutron.services.segments.plugin [-] Segment 0ef6ecc4-fc00-4f80-b7a2-0432cb9d0e27 resource provider not found; error: Placement Client Error (4xx): {"errors": [{"status": 404, "title": "Not Found", "detail": "The resource could not be found.\n\n No resource provider with uuid 0ef6ecc4-fc00-4f80-b7a2-0432cb9d0e27 found for delete ", "request_id": "req-b703a254-409e-499f-a96a-aa96a93c1fb7"}]}
2026-04-23 10:42:21.022 8 INFO neutron.services.segments.plugin [-] Segment a7c3c2dc-a781-4caa-b36f-664ca6706d8f resource provider not found; error: Placement Client Error (4xx): {"errors": [{"status": 404, "title": "Not Found", "detail": "The resource could not be found.\n\n No resource provider with uuid a7c3c2dc-a781-4caa-b36f-664ca6706d8f found for delete ", "request_id": "req-ea539fbc-b09d-4833-8a66-506abb2f51c3"}]}
2026-04-23 10:42:21.026 8 INFO neutron.services.segments.plugin [-] Segment a7c3c2dc-a781-4caa-b36f-664ca6706d8f resource provider not found; error: Placement Client Error (4xx): {"errors": [{"status": 404, "title": "Not Found", "detail": "The resource could not be found.\n\n No resource provider with uuid a7c3c2dc-a781-4caa-b36f-664ca6706d8f found for delete ", "request_id": "req-e1b5af9d-e51a-4ae0-bc6d-a2cd750abca8"}]} [pid: 7|app: 0|req: 1101/2397] 10.0.0.242 () {34 vars in 695 bytes} [Thu Apr 23 10:42:20 2026] POST /v2.0/security-group-rules => generated 597 bytes in 358 msecs (HTTP/1.1 201) 4 headers in 162 bytes (1 switches on core 0) [pid: 8|app: 0|req: 1297/2398] 10.0.0.242 () {32 vars in 726 bytes} [Thu Apr 23 10:42:20 2026] DELETE /v2.0/networks/81c52c76-da54-40b0-bfea-738231910e21 => generated 0 bytes in 510 msecs (HTTP/1.1 204) 3 headers in 131 bytes (1 switches on core 0)
2026-04-23 10:42:21.173 7 INFO neutron.db.ovn_revision_numbers_db [None req-9f3e6da1-6cbc-4e7f-b9d7-7ee5b6155704 76502dad7ee54962814fa3c123e32cb4 87ce34ec73a54ad5b03b3f20fba0413d - - default default] Successfully bumped revision number for resource bb51b7a5-cd84-4f31-98b9-1375862c5067 (type: security_groups) to 1
2026-04-23 10:42:21.186 7 INFO neutron.db.ovn_revision_numbers_db [None req-9f3e6da1-6cbc-4e7f-b9d7-7ee5b6155704 76502dad7ee54962814fa3c123e32cb4 87ce34ec73a54ad5b03b3f20fba0413d - - default default] Successfully bumped revision number for resource 06c3ccfe-3cd5-4835-b11b-1cba06c18b50 (type: security_group_rules) to 0
2026-04-23 10:42:21.224 7 INFO neutron.db.ovn_revision_numbers_db [None req-9f3e6da1-6cbc-4e7f-b9d7-7ee5b6155704 76502dad7ee54962814fa3c123e32cb4 87ce34ec73a54ad5b03b3f20fba0413d - - default default] Successfully bumped revision number for resource 5d91eccf-7e43-4335-9006-e59fdb441da2 (type: security_group_rules) to 0
2026-04-23 10:42:21.227 8 INFO neutron.db.ovn_revision_numbers_db [None req-0d9d195d-bb30-49af-894e-aeea2d634c8a c9edbcefe979470f96441eaa4e3134f4 2d32bb2de9264c38bd6bdedffc189730 - - default default] Successfully bumped revision number for resource c2d95f2a-aefd-4682-a02c-4fdf2d82c94e (type: security_group_rules) to 0
2026-04-23 10:42:21.232 7 WARNING neutron.plugins.ml2.drivers.ovn.mech_driver.ovsdb.ovn_client [None req-e46ae94b-8e42-4bd5-992a-f8af275b56ef - - - - - -] No hosting information found for port af9e23c1-ec36-4a87-906b-8e54a5f35307: RuntimeError: No hosting information found for port af9e23c1-ec36-4a87-906b-8e54a5f35307
2026-04-23 10:42:21.249 7 INFO neutron.db.ovn_revision_numbers_db [None req-9f3e6da1-6cbc-4e7f-b9d7-7ee5b6155704 76502dad7ee54962814fa3c123e32cb4 87ce34ec73a54ad5b03b3f20fba0413d - - default default] Successfully bumped revision number for resource 82302d8a-68f5-4df0-a454-5a5e258e1979 (type: security_group_rules) to 0
2026-04-23 10:42:21.267 7 INFO neutron.db.ovn_revision_numbers_db [None req-9f3e6da1-6cbc-4e7f-b9d7-7ee5b6155704 76502dad7ee54962814fa3c123e32cb4 87ce34ec73a54ad5b03b3f20fba0413d - - default default] Successfully bumped revision number for resource ce8e7d75-7321-45ae-a5ca-0934501ce534 (type: security_group_rules) to 0 [pid: 8|app: 0|req: 1298/2399] 10.0.0.242 () {34 vars in 695 bytes} [Thu Apr 23 10:42:21 2026] POST /v2.0/security-group-rules => generated 597 bytes in 202 msecs (HTTP/1.1 201) 4 headers in 162 bytes (1 switches on core 0) [pid: 7|app: 0|req: 1102/2400] 10.0.0.242 () {32 vars in 774 bytes} [Thu Apr 23 10:42:21 2026] GET /v2.0/security-groups?tenant_id=1bc2e12ee849417caf0d43ba1a03f756&name=default => generated 2929 bytes in 283 msecs (HTTP/1.1 200) 4 headers in 158 bytes (1 switches on core 0)
2026-04-23 10:42:21.373 7 INFO neutron.db.ovn_revision_numbers_db [None req-e46ae94b-8e42-4bd5-992a-f8af275b56ef - - - - - -] Successfully bumped revision number for resource af9e23c1-ec36-4a87-906b-8e54a5f35307 (type: router_ports) to 2
2026-04-23 10:42:21.441 8 INFO neutron.db.ovn_revision_numbers_db [None req-1d396d04-9a09-4833-8120-534d656a13dd c9edbcefe979470f96441eaa4e3134f4 2d32bb2de9264c38bd6bdedffc189730 - - default default] Successfully bumped revision number for resource d0d64f3d-fbc9-49c4-b56c-a6c7c8179469 (type: security_group_rules) to 0
2026-04-23 10:42:21.471 7 INFO neutron.plugins.ml2.drivers.ovn.mech_driver.mech_driver [None req-e46ae94b-8e42-4bd5-992a-f8af275b56ef - - - - - -] OVN reports status down for port: 2f2b4dfe-74d3-4597-a253-2890c151fe52 [pid: 8|app: 0|req: 1299/2401] 10.0.0.242 () {34 vars in 695 bytes} [Thu Apr 23 10:42:21 2026] POST /v2.0/security-group-rules => generated 599 bytes in 196 msecs (HTTP/1.1 201) 4 headers in 162 bytes (1 switches on core 0)
2026-04-23 10:42:21.586 7 WARNING neutron.plugins.ml2.drivers.ovn.mech_driver.ovsdb.ovn_client [None req-e46ae94b-8e42-4bd5-992a-f8af275b56ef - - - - - -] Logical_Switch_Port %s host information not removed, the port state is up
2026-04-23 10:42:21.587 7 INFO neutron.plugins.ml2.drivers.ovn.mech_driver.mech_driver [None req-e46ae94b-8e42-4bd5-992a-f8af275b56ef - - - - - -] OVN reports status up for port: 2f2b4dfe-74d3-4597-a253-2890c151fe52
