2026-04-23 10:40:54.390 7 INFO neutron.api.v2.resource [None req-6fb0bd2b-052c-444f-9da8-8a8ff26c2d64 247abc48073d4a8e9f330fe5dccc0a81 7f097c3566ec46448037294cfa4b35c5 - - default default] delete failed (client error): The resource could not be found. [pid: 7|app: 0|req: 782/1801] 10.0.0.242 () {32 vars in 724 bytes} [Thu Apr 23 10:40:54 2026] DELETE /v2.0/routers/4eadeaef-774b-4b47-a9bd-c2d5ec187d4a => generated 135 bytes in 20 msecs (HTTP/1.1 404) 4 headers in 164 bytes (1 switches on core 0)
2026-04-23 10:40:54.443 7 INFO neutron.plugins.ml2.drivers.ovn.mech_driver.mech_driver [None req-8b4f31cb-ff53-45c0-a036-a3f15e532a5f - - - - - -] OVN reports status up for port: c1c2e1dd-1598-40b5-885c-9195ec3c7858 [pid: 7|app: 0|req: 783/1802] 10.0.0.242 () {32 vars in 721 bytes} [Thu Apr 23 10:40:54 2026] GET /v2.0/routers/5374f6ee-8e37-410b-9ff5-a4fa5f8c0fa9 => generated 583 bytes in 63 msecs (HTTP/1.1 200) 4 headers in 157 bytes (1 switches on core 0)
2026-04-23 10:40:54.468 7 INFO neutron.plugins.ml2.plugin [None req-8b4f31cb-ff53-45c0-a036-a3f15e532a5f - - - - - -] Attempt 1 to provision port c1c2e1dd-1598-40b5-885c-9195ec3c7858
2026-04-23 10:40:54.481 7 INFO neutron.pecan_wsgi.hooks.translation [None req-50549733-e84a-4af8-8258-617684a72b53 247abc48073d4a8e9f330fe5dccc0a81 7f097c3566ec46448037294cfa4b35c5 - - default default] DELETE failed (client error): The resource could not be found. [pid: 7|app: 0|req: 784/1803] 10.0.0.242 () {32 vars in 724 bytes} [Thu Apr 23 10:40:54 2026] DELETE /v2.0/subnets/036adbe7-1493-4702-8d4b-fbe029dc2ad3 => generated 136 bytes in 32 msecs (HTTP/1.1 404) 4 headers in 164 bytes (1 switches on core 0)
2026-04-23 10:40:54.516 8 WARNING neutron.scheduler.dhcp_agent_scheduler [None req-f94f572c-e0b9-439d-8480-f93514841614 76502dad7ee54962814fa3c123e32cb4 87ce34ec73a54ad5b03b3f20fba0413d - - default default] No more DHCP agents
2026-04-23 10:40:54.518 8 WARNING neutron.api.rpc.agentnotifiers.dhcp_rpc_agent_api [None req-f94f572c-e0b9-439d-8480-f93514841614 76502dad7ee54962814fa3c123e32cb4 87ce34ec73a54ad5b03b3f20fba0413d - - default default] Unable to schedule network 464326c0-3cf0-4899-a822-f613e8a9d735: no agents available; will retry on subsequent port and subnet creation events.
2026-04-23 10:40:55.037 8 INFO neutron.db.ovn_revision_numbers_db [None req-f94f572c-e0b9-439d-8480-f93514841614 76502dad7ee54962814fa3c123e32cb4 87ce34ec73a54ad5b03b3f20fba0413d - - default default] Successfully bumped revision number for resource c1c2e1dd-1598-40b5-885c-9195ec3c7858 (type: router_ports) to 1 [pid: 8|app: 0|req: 1020/1804] 10.0.0.242 () {34 vars in 783 bytes} [Thu Apr 23 10:40:51 2026] PUT /v2.0/routers/23b89e53-6809-4749-bb41-af5e26fb83b0/add_router_interface => generated 309 bytes in 3965 msecs (HTTP/1.1 200) 4 headers in 157 bytes (1 switches on core 0)
2026-04-23 10:40:55.063 7 INFO neutron.db.ovn_revision_numbers_db [None req-6f3fe9bc-c90f-48f1-8700-979c6cab2ff1 dc66cb820518440ea0a4fd60253cb77c 832a960abf7a49d497d775acd738a8a2 - - default default] Successfully bumped revision number for resource 5374f6ee-8e37-410b-9ff5-a4fa5f8c0fa9 (type: routers) to 2 [pid: 8|app: 0|req: 1021/1805] 10.0.0.242 () {32 vars in 736 bytes} [Thu Apr 23 10:40:55 2026] GET /v2.0/ports?device_id=daed923e-aef6-4ca6-8fc5-d77b3fee31f1 => generated 12 bytes in 21 msecs (HTTP/1.1 200) 4 headers in 156 bytes (1 switches on core 0) [pid: 7|app: 0|req: 785/1806] 10.0.0.242 () {34 vars in 742 bytes} [Thu Apr 23 10:40:54 2026] PUT /v2.0/routers/5374f6ee-8e37-410b-9ff5-a4fa5f8c0fa9 => generated 583 bytes in 587 msecs (HTTP/1.1 200) 4 headers in 157 bytes (1 switches on core 0)
2026-04-23 10:40:55.106 8 INFO neutron.api.v2.resource [None req-b89c0a46-d845-4d6b-80ab-ccfb40dd7a9b 247abc48073d4a8e9f330fe5dccc0a81 7f097c3566ec46448037294cfa4b35c5 - - default default] delete failed (client error): The resource could not be found. [pid: 8|app: 0|req: 1022/1807] 10.0.0.242 () {32 vars in 724 bytes} [Thu Apr 23 10:40:55 2026] DELETE /v2.0/routers/daed923e-aef6-4ca6-8fc5-d77b3fee31f1 => generated 135 bytes in 33 msecs (HTTP/1.1 404) 4 headers in 164 bytes (1 switches on core 0) [pid: 7|app: 0|req: 786/1808] 10.0.0.242 () {32 vars in 736 bytes} [Thu Apr 23 10:40:55 2026] GET /v2.0/ports?device_id=5374f6ee-8e37-410b-9ff5-a4fa5f8c0fa9 => generated 12 bytes in 40 msecs (HTTP/1.1 200) 4 headers in 156 bytes (1 switches on core 0)
2026-04-23 10:40:55.126 8 INFO neutron.pecan_wsgi.hooks.translation [None req-33665ba0-6573-4c1d-b33c-2aa16c063f55 247abc48073d4a8e9f330fe5dccc0a81 7f097c3566ec46448037294cfa4b35c5 - - default default] DELETE failed (client error): The resource could not be found. [pid: 8|app: 0|req: 1023/1809] 10.0.0.242 () {32 vars in 724 bytes} [Thu Apr 23 10:40:55 2026] DELETE /v2.0/subnets/ea3b9c4f-aa1f-4aac-98ce-c0e8be724968 => generated 136 bytes in 16 msecs (HTTP/1.1 404) 4 headers in 164 bytes (1 switches on core 0) [pid: 8|app: 0|req: 1024/1810] 10.0.0.242 () {32 vars in 736 bytes} [Thu Apr 23 10:40:55 2026] GET /v2.0/ports?device_id=a4758a2d-128f-4cc8-99c0-e116f17ecb3c => generated 12 bytes in 26 msecs (HTTP/1.1 200) 4 headers in 156 bytes (1 switches on core 0)
2026-04-23 10:40:55.191 8 INFO neutron.api.v2.resource [None req-19323230-af65-4623-a1a0-fab321cb42bd 247abc48073d4a8e9f330fe5dccc0a81 7f097c3566ec46448037294cfa4b35c5 - - default default] delete failed (client error): The resource could not be found. [pid: 8|app: 0|req: 1025/1811] 10.0.0.242 () {32 vars in 724 bytes} [Thu Apr 23 10:40:55 2026] DELETE /v2.0/routers/a4758a2d-128f-4cc8-99c0-e116f17ecb3c => generated 135 bytes in 23 msecs (HTTP/1.1 404) 4 headers in 164 bytes (1 switches on core 0)
2026-04-23 10:40:55.213 8 INFO neutron.pecan_wsgi.hooks.translation [None req-c8e8b2c3-cdd5-44e4-8b8e-cd8a847f4450 247abc48073d4a8e9f330fe5dccc0a81 7f097c3566ec46448037294cfa4b35c5 - - default default] DELETE failed (client error): The resource could not be found. [pid: 8|app: 0|req: 1026/1812] 10.0.0.242 () {32 vars in 724 bytes} [Thu Apr 23 10:40:55 2026] DELETE /v2.0/subnets/89ceaa84-f9c5-4552-8e66-17e02be54f52 => generated 136 bytes in 19 msecs (HTTP/1.1 404) 4 headers in 164 bytes (1 switches on core 0)
2026-04-23 10:40:55.236 8 INFO neutron.pecan_wsgi.hooks.translation [None req-2969439f-01c7-413b-b262-7474bed9d6c9 247abc48073d4a8e9f330fe5dccc0a81 7f097c3566ec46448037294cfa4b35c5 - - default default] DELETE failed (client error): The resource could not be found. [pid: 8|app: 0|req: 1027/1813] 10.0.0.242 () {32 vars in 724 bytes} [Thu Apr 23 10:40:55 2026] DELETE /v2.0/subnets/32b8dfa4-bc1e-4361-a110-2388d3ad6e5b => generated 136 bytes in 18 msecs (HTTP/1.1 404) 4 headers in 164 bytes (1 switches on core 0) [pid: 7|app: 0|req: 787/1814] 10.0.0.242 () {32 vars in 724 bytes} [Thu Apr 23 10:40:55 2026] DELETE /v2.0/routers/5374f6ee-8e37-410b-9ff5-a4fa5f8c0fa9 => generated 0 bytes in 411 msecs (HTTP/1.1 204) 2 headers in 112 bytes (1 switches on core 0) [pid: 8|app: 0|req: 1028/1815] 10.0.0.242 () {32 vars in 721 bytes} [Thu Apr 23 10:40:55 2026] GET /v2.0/routers/b5eff001-23e0-4e98-b6a3-1992b9b15f60 => generated 576 bytes in 62 msecs (HTTP/1.1 200) 4 headers in 157 bytes (1 switches on core 0)
2026-04-23 10:40:55.795 7 INFO neutron.db.ovn_revision_numbers_db [None req-8b4f31cb-ff53-45c0-a036-a3f15e532a5f - - - - - -] Successfully bumped revision number for resource c1c2e1dd-1598-40b5-885c-9195ec3c7858 (type: ports) to 2 [pid: 8|app: 0|req: 1029/1816] 10.0.0.242 () {32 vars in 774 bytes} [Thu Apr 23 10:40:55 2026] GET /v2.0/security-groups?tenant_id=7f097c3566ec46448037294cfa4b35c5&name=default => generated 2925 bytes in 140 msecs (HTTP/1.1 200) 4 headers in 158 bytes (1 switches on core 0)
2026-04-23 10:40:56.049 8 INFO neutron.db.ovn_revision_numbers_db [None req-07bff516-fa59-453f-898a-c8bc6588e7e4 bc6c857a28c74591ae0ab8851860d66c b1b293eba46b48baa83aae907f8cc519 - - default default] Successfully bumped revision number for resource e669a0a8-a27f-473c-afe1-8dd08cdd1017 (type: security_groups) to 1
2026-04-23 10:40:56.062 8 INFO neutron.db.ovn_revision_numbers_db [None req-07bff516-fa59-453f-898a-c8bc6588e7e4 bc6c857a28c74591ae0ab8851860d66c b1b293eba46b48baa83aae907f8cc519 - - default default] Successfully bumped revision number for resource 47b4c75e-d8dc-443c-9677-e51d4015bfa1 (type: security_group_rules) to 0
2026-04-23 10:40:56.073 8 INFO neutron.db.ovn_revision_numbers_db [None req-07bff516-fa59-453f-898a-c8bc6588e7e4 bc6c857a28c74591ae0ab8851860d66c b1b293eba46b48baa83aae907f8cc519 - - default default] Successfully bumped revision number for resource e34658a8-2021-45e8-bef6-c6cfe15bc3c7 (type: security_group_rules) to 0 [pid: 8|app: 0|req: 1030/1817] 10.0.0.242 () {34 vars in 685 bytes} [Thu Apr 23 10:40:55 2026] POST /v2.0/security-groups => generated 1675 bytes in 207 msecs (HTTP/1.1 201) 4 headers in 163 bytes (1 switches on core 0) [pid: 7|app: 0|req: 788/1818] 10.0.0.242 () {34 vars in 742 bytes} [Thu Apr 23 10:40:55 2026] PUT /v2.0/routers/b5eff001-23e0-4e98-b6a3-1992b9b15f60 => generated 576 bytes in 537 msecs (HTTP/1.1 200) 4 headers in 157 bytes (1 switches on core 0)
2026-04-23 10:40:56.291 7 INFO neutron.db.ovn_revision_numbers_db [None req-39768f90-0b38-4ef4-98e0-040d92132165 bc6c857a28c74591ae0ab8851860d66c b1b293eba46b48baa83aae907f8cc519 - - default default] Successfully bumped revision number for resource 2421f317-0ea0-41ae-b79b-b15c211dc68f (type: security_group_rules) to 0 [pid: 7|app: 0|req: 789/1819] 10.0.0.242 () {34 vars in 695 bytes} [Thu Apr 23 10:40:56 2026] POST /v2.0/security-group-rules => generated 597 bytes in 198 msecs (HTTP/1.1 201) 4 headers in 162 bytes (1 switches on core 0) [pid: 7|app: 0|req: 790/1820] 10.0.0.242 () {32 vars in 736 bytes} [Thu Apr 23 10:40:56 2026] GET /v2.0/ports?device_id=b5eff001-23e0-4e98-b6a3-1992b9b15f60 => generated 12 bytes in 26 msecs (HTTP/1.1 200) 4 headers in 156 bytes (1 switches on core 0) [pid: 8|app: 0|req: 1031/1821] 10.0.0.242 () {32 vars in 740 bytes} [Thu Apr 23 10:40:56 2026] DELETE /v2.0/security-groups/b68b3391-fb6f-4663-bc7b-c89652dedd2b => generated 0 bytes in 275 msecs (HTTP/1.1 204) 2 headers in 112 bytes (1 switches on core 0)
2026-04-23 10:40:56.542 7 INFO neutron.db.ovn_revision_numbers_db [None req-78ad90e1-a57f-431e-a943-80a5531d9857 bc6c857a28c74591ae0ab8851860d66c b1b293eba46b48baa83aae907f8cc519 - - default default] Successfully bumped revision number for resource 97c0793d-03b2-4a5e-b95c-c27015273f7e (type: security_group_rules) to 0 [pid: 7|app: 0|req: 791/1822] 10.0.0.242 () {34 vars in 695 bytes} [Thu Apr 23 10:40:56 2026] POST /v2.0/security-group-rules => generated 596 bytes in 204 msecs (HTTP/1.1 201) 4 headers in 162 bytes (1 switches on core 0) [pid: 8|app: 0|req: 1032/1823] 10.0.0.242 () {32 vars in 724 bytes} [Thu Apr 23 10:40:56 2026] DELETE /v2.0/routers/b5eff001-23e0-4e98-b6a3-1992b9b15f60 => generated 0 bytes in 222 msecs (HTTP/1.1 204) 2 headers in 112 bytes (1 switches on core 0)
2026-04-23 10:40:56.754 7 INFO neutron.db.ovn_revision_numbers_db [None req-a1d26ba0-6a15-413a-a8f6-e926fd3392a0 bc6c857a28c74591ae0ab8851860d66c b1b293eba46b48baa83aae907f8cc519 - - default default] Successfully bumped revision number for resource 5cca92fe-da45-48de-9f3a-306df9540f1c (type: security_group_rules) to 0 [pid: 7|app: 0|req: 792/1824] 10.0.0.242 () {34 vars in 695 bytes} [Thu Apr 23 10:40:56 2026] POST /v2.0/security-group-rules => generated 602 bytes in 207 msecs (HTTP/1.1 201) 4 headers in 162 bytes (1 switches on core 0)
2026-04-23 10:40:56.960 8 INFO neutron.db.ovn_revision_numbers_db [None req-ffdddd17-01a1-4f78-8f81-396aa74245ea bc6c857a28c74591ae0ab8851860d66c b1b293eba46b48baa83aae907f8cc519 - - default default] Successfully bumped revision number for resource 1fda3a25-377b-412d-b6d2-d6ca13d94985 (type: security_group_rules) to 0 [pid: 8|app: 0|req: 1033/1825] 10.0.0.242 () {34 vars in 695 bytes} [Thu Apr 23 10:40:56 2026] POST /v2.0/security-group-rules => generated 601 bytes in 199 msecs (HTTP/1.1 201) 4 headers in 162 bytes (1 switches on core 0)
2026-04-23 10:40:57.035 7 INFO neutron.db.securitygroups_db [None req-1a1e306b-d976-4685-8162-d8b579914d70 bc6c857a28c74591ae0ab8851860d66c b1b293eba46b48baa83aae907f8cc519 - - default default] Project b1b293eba46b48baa83aae907f8cc519 added a security group rule with legacy IPv6 ICMP protocol name icmp, ipv6-icmp should be used instead. It was automatically converted.
2026-04-23 10:40:57.162 7 INFO neutron.db.ovn_revision_numbers_db [None req-1a1e306b-d976-4685-8162-d8b579914d70 bc6c857a28c74591ae0ab8851860d66c b1b293eba46b48baa83aae907f8cc519 - - default default] Successfully bumped revision number for resource 9c679169-16da-4303-bed0-eeada9834135 (type: security_group_rules) to 0 [pid: 7|app: 0|req: 793/1826] 10.0.0.242 () {34 vars in 695 bytes} [Thu Apr 23 10:40:56 2026] POST /v2.0/security-group-rules => generated 607 bytes in 193 msecs (HTTP/1.1 201) 4 headers in 162 bytes (1 switches on core 0)
2026-04-23 10:40:57.242 8 INFO neutron.db.securitygroups_db [None req-cb880dd5-b0a8-4caf-b476-65307bbfcdf7 bc6c857a28c74591ae0ab8851860d66c b1b293eba46b48baa83aae907f8cc519 - - default default] Project b1b293eba46b48baa83aae907f8cc519 added a security group rule with legacy IPv6 ICMP protocol name icmp, ipv6-icmp should be used instead. It was automatically converted.
2026-04-23 10:40:57.307 8 WARNING neutron.plugins.ml2.drivers.ovn.mech_driver.ovsdb.ovn_client [None req-608b33aa-d23d-4770-980a-9898bc1c803a - - - - - -] No port found with ID 2b22f0c0-aea3-46d9-a61f-c042155690d1: RuntimeError: No port found with ID 2b22f0c0-aea3-46d9-a61f-c042155690d1
2026-04-23 10:40:57.308 8 INFO neutron.plugins.ml2.drivers.ovn.mech_driver.mech_driver [None req-608b33aa-d23d-4770-980a-9898bc1c803a - - - - - -] OVN reports status down for port: d3aae5be-2666-4817-80f8-be16116bf6e1
2026-04-23 10:40:57.419 8 INFO neutron.plugins.ml2.drivers.ovn.mech_driver.mech_driver [None req-608b33aa-d23d-4770-980a-9898bc1c803a - - - - - -] OVN reports status down for port: b703e24e-9137-4677-a955-84352ff5f554
2026-04-23 10:40:57.432 8 INFO neutron.db.ovn_revision_numbers_db [None req-cb880dd5-b0a8-4caf-b476-65307bbfcdf7 bc6c857a28c74591ae0ab8851860d66c b1b293eba46b48baa83aae907f8cc519 - - default default] Successfully bumped revision number for resource 87253f91-cdd5-40ec-9c98-e4919c2c3f87 (type: security_group_rules) to 0 [pid: 8|app: 0|req: 1034/1827] 10.0.0.242 () {34 vars in 695 bytes} [Thu Apr 23 10:40:57 2026] POST /v2.0/security-group-rules => generated 606 bytes in 285 msecs (HTTP/1.1 201) 4 headers in 162 bytes (1 switches on core 0)
2026-04-23 10:40:57.768 7 INFO neutron.db.ovn_revision_numbers_db [None req-089ad581-c0d5-4347-8c60-01576b798d2f 76502dad7ee54962814fa3c123e32cb4 87ce34ec73a54ad5b03b3f20fba0413d - - default default] Successfully bumped revision number for resource 265fbd4c-3c6f-469d-b140-de8cad69f3e4 (type: security_groups) to 1
2026-04-23 10:40:57.787 7 INFO neutron.db.ovn_revision_numbers_db [None req-089ad581-c0d5-4347-8c60-01576b798d2f 76502dad7ee54962814fa3c123e32cb4 87ce34ec73a54ad5b03b3f20fba0413d - - default default] Successfully bumped revision number for resource 0f638e13-d5d9-44c3-a068-6d39167ce808 (type: security_group_rules) to 0
2026-04-23 10:40:57.803 8 INFO neutron.db.ovn_revision_numbers_db [None req-608b33aa-d23d-4770-980a-9898bc1c803a - - - - - -] Successfully bumped revision number for resource b703e24e-9137-4677-a955-84352ff5f554 (type: ports) to 6
2026-04-23 10:40:57.803 7 INFO neutron.db.ovn_revision_numbers_db [None req-089ad581-c0d5-4347-8c60-01576b798d2f 76502dad7ee54962814fa3c123e32cb4 87ce34ec73a54ad5b03b3f20fba0413d - - default default] Successfully bumped revision number for resource 1ff18cfe-d19d-4135-b78e-7b1ca36a4b21 (type: security_group_rules) to 0
2026-04-23 10:40:57.817 7 INFO neutron.db.ovn_revision_numbers_db [None req-089ad581-c0d5-4347-8c60-01576b798d2f 76502dad7ee54962814fa3c123e32cb4 87ce34ec73a54ad5b03b3f20fba0413d - - default default] Successfully bumped revision number for resource 3e71499d-848b-47c7-9e1c-14fe80dc8342 (type: security_group_rules) to 0
2026-04-23 10:40:57.832 7 INFO neutron.db.ovn_revision_numbers_db [None req-089ad581-c0d5-4347-8c60-01576b798d2f 76502dad7ee54962814fa3c123e32cb4 87ce34ec73a54ad5b03b3f20fba0413d - - default default] Successfully bumped revision number for resource aaae20d8-9f18-4b30-a786-dfa1c37fe8e6 (type: security_group_rules) to 0 [pid: 7|app: 0|req: 794/1828] 10.0.0.242 () {32 vars in 774 bytes} [Thu Apr 23 10:40:57 2026] GET /v2.0/security-groups?tenant_id=ee6ee77f9c42487bb86728abab0cca03&name=default => generated 2925 bytes in 354 msecs (HTTP/1.1 200) 4 headers in 158 bytes (1 switches on core 0)
2026-04-23 10:40:57.896 8 WARNING neutron.plugins.ml2.drivers.ovn.mech_driver.ovsdb.ovn_client [None req-b611a6ed-1162-467d-99df-d440eed125f2 - - - - - -] Logical_Switch_Port %s host information not removed, the port state is up
2026-04-23 10:40:57.897 8 INFO neutron.plugins.ml2.drivers.ovn.mech_driver.mech_driver [None req-b611a6ed-1162-467d-99df-d440eed125f2 - - - - - -] OVN reports status up for port: b703e24e-9137-4677-a955-84352ff5f554
2026-04-23 10:40:57.919 8 INFO neutron.plugins.ml2.plugin [None req-b611a6ed-1162-467d-99df-d440eed125f2 - - - - - -] Attempt 1 to provision port b703e24e-9137-4677-a955-84352ff5f554
2026-04-23 10:40:58.056 7 INFO neutron.db.ovn_revision_numbers_db [None req-2313d258-69c4-47c2-91f9-0e8bee1513a2 bc6c857a28c74591ae0ab8851860d66c b1b293eba46b48baa83aae907f8cc519 - - default default] Successfully bumped revision number for resource 4051b399-3a99-4c9a-b16c-d83b6581a1e7 (type: security_groups) to 1
2026-04-23 10:40:58.065 7 INFO neutron.db.ovn_revision_numbers_db [None req-2313d258-69c4-47c2-91f9-0e8bee1513a2 bc6c857a28c74591ae0ab8851860d66c b1b293eba46b48baa83aae907f8cc519 - - default default] Successfully bumped revision number for resource 8fd59594-aed9-4231-8760-f2e0b38eb077 (type: security_group_rules) to 0
2026-04-23 10:40:58.085 7 INFO neutron.db.ovn_revision_numbers_db [None req-2313d258-69c4-47c2-91f9-0e8bee1513a2 bc6c857a28c74591ae0ab8851860d66c b1b293eba46b48baa83aae907f8cc519 - - default default] Successfully bumped revision number for resource d0709d51-d05e-4a3a-964b-f068006af8a1 (type: security_group_rules) to 0 [pid: 7|app: 0|req: 795/1829] 10.0.0.242 () {34 vars in 685 bytes} [Thu Apr 23 10:40:57 2026] POST /v2.0/security-groups => generated 1661 bytes in 221 msecs (HTTP/1.1 201) 4 headers in 163 bytes (1 switches on core 0)
2026-04-23 10:40:58.330 7 INFO neutron.db.ovn_revision_numbers_db [None req-05b53f7d-b8ce-4009-978d-f4a87f1b1899 bc6c857a28c74591ae0ab8851860d66c b1b293eba46b48baa83aae907f8cc519 - - default default] Successfully bumped revision number for resource 707dc5b4-473c-4bf4-9def-d45acbfc9221 (type: security_group_rules) to 0 [pid: 7|app: 0|req: 796/1830] 10.0.0.242 () {34 vars in 695 bytes} [Thu Apr 23 10:40:58 2026] POST /v2.0/security-group-rules => generated 597 bytes in 230 msecs (HTTP/1.1 201) 4 headers in 162 bytes (1 switches on core 0) [pid: 8|app: 0|req: 1035/1831] 10.0.0.242 () {32 vars in 740 bytes} [Thu Apr 23 10:40:57 2026] DELETE /v2.0/security-groups/265fbd4c-3c6f-469d-b140-de8cad69f3e4 => generated 0 bytes in 579 msecs (HTTP/1.1 204) 2 headers in 112 bytes (1 switches on core 0)
2026-04-23 10:40:58.567 7 INFO neutron.db.ovn_revision_numbers_db [None req-09177fb1-568c-4565-86aa-00ce92a7b4ea bc6c857a28c74591ae0ab8851860d66c b1b293eba46b48baa83aae907f8cc519 - - default default] Successfully bumped revision number for resource a6c3d7c5-cede-40bd-81ea-b09039330977 (type: security_group_rules) to 0
2026-04-23 10:40:58.569 8 INFO neutron.db.ovn_revision_numbers_db [None req-b611a6ed-1162-467d-99df-d440eed125f2 - - - - - -] Successfully bumped revision number for resource b703e24e-9137-4677-a955-84352ff5f554 (type: ports) to 7 [pid: 7|app: 0|req: 797/1832] 10.0.0.242 () {34 vars in 695 bytes} [Thu Apr 23 10:40:58 2026] POST /v2.0/security-group-rules => generated 602 bytes in 238 msecs (HTTP/1.1 201) 4 headers in 162 bytes (1 switches on core 0)
2026-04-23 10:40:58.841 8 INFO neutron.db.ovn_revision_numbers_db [None req-aa1ba8df-2dc4-4e09-9163-f5e67d8d7c14 d0e6ba4f5ab245cab479c54d33744e0a 39795a2693334c6582654a675e803968 - - default default] Successfully bumped revision number for resource 01e1edc9-c9dc-4c5a-883e-bc154bd63693 (type: security_groups) to 1
2026-04-23 10:40:58.856 8 INFO neutron.db.ovn_revision_numbers_db [None req-aa1ba8df-2dc4-4e09-9163-f5e67d8d7c14 d0e6ba4f5ab245cab479c54d33744e0a 39795a2693334c6582654a675e803968 - - default default] Successfully bumped revision number for resource 4c7d5626-4020-41fd-97a0-74b3bf1cb0a4 (type: security_group_rules) to 0
2026-04-23 10:40:58.868 8 INFO neutron.db.ovn_revision_numbers_db [None req-aa1ba8df-2dc4-4e09-9163-f5e67d8d7c14 d0e6ba4f5ab245cab479c54d33744e0a 39795a2693334c6582654a675e803968 - - default default] Successfully bumped revision number for resource 4d325735-4b1e-43e7-a8ea-2158f29aeded (type: security_group_rules) to 0
2026-04-23 10:40:58.880 8 INFO neutron.db.ovn_revision_numbers_db [None req-aa1ba8df-2dc4-4e09-9163-f5e67d8d7c14 d0e6ba4f5ab245cab479c54d33744e0a 39795a2693334c6582654a675e803968 - - default default] Successfully bumped revision number for resource ae79c038-c2f9-4e25-88b2-b76d4cac499e (type: security_group_rules) to 0
2026-04-23 10:40:58.899 7 WARNING neutron.scheduler.dhcp_agent_scheduler [None req-96ae67f5-7608-4594-b165-dd3468255d5f bc6c857a28c74591ae0ab8851860d66c b1b293eba46b48baa83aae907f8cc519 - - default default] No more DHCP agents
2026-04-23 10:40:58.900 7 WARNING neutron.api.rpc.agentnotifiers.dhcp_rpc_agent_api [None req-96ae67f5-7608-4594-b165-dd3468255d5f bc6c857a28c74591ae0ab8851860d66c b1b293eba46b48baa83aae907f8cc519 - - default default] Unable to schedule network 220e642a-be40-4655-8c02-e7af9e7adee7: no agents available; will retry on subsequent port and subnet creation events.
2026-04-23 10:40:58.901 8 INFO neutron.db.ovn_revision_numbers_db [None req-aa1ba8df-2dc4-4e09-9163-f5e67d8d7c14 d0e6ba4f5ab245cab479c54d33744e0a 39795a2693334c6582654a675e803968 - - default default] Successfully bumped revision number for resource b5f19694-9294-440d-83f1-b5b42105f5a5 (type: security_group_rules) to 0
2026-04-23 10:40:59.033 8 INFO neutron.db.ovn_revision_numbers_db [None req-aa1ba8df-2dc4-4e09-9163-f5e67d8d7c14 d0e6ba4f5ab245cab479c54d33744e0a 39795a2693334c6582654a675e803968 - - default default] Successfully bumped revision number for resource 57b82125-a615-4115-b2f1-492e72196ce1 (type: security_groups) to 1
2026-04-23 10:40:59.046 8 INFO neutron.db.ovn_revision_numbers_db [None req-aa1ba8df-2dc4-4e09-9163-f5e67d8d7c14 d0e6ba4f5ab245cab479c54d33744e0a 39795a2693334c6582654a675e803968 - - default default] Successfully bumped revision number for resource 00255d99-d4cb-4f48-87b6-5754f606e9e6 (type: security_group_rules) to 0
2026-04-23 10:40:59.060 8 INFO neutron.db.ovn_revision_numbers_db [None req-aa1ba8df-2dc4-4e09-9163-f5e67d8d7c14 d0e6ba4f5ab245cab479c54d33744e0a 39795a2693334c6582654a675e803968 - - default default] Successfully bumped revision number for resource b00fa28c-591f-4cc9-9527-2aa9e3766466 (type: security_group_rules) to 0 [pid: 8|app: 0|req: 1036/1833] 10.0.0.242 () {34 vars in 684 bytes} [Thu Apr 23 10:40:58 2026] POST /v2.0/security-groups => generated 1624 bytes in 643 msecs (HTTP/1.1 201) 4 headers in 163 bytes (1 switches on core 0) [pid: 7|app: 0|req: 798/1834] 10.0.0.242 () {34 vars in 676 bytes} [Thu Apr 23 10:40:58 2026] POST /v2.0/floatingips => generated 552 bytes in 609 msecs (HTTP/1.1 201) 4 headers in 162 bytes (1 switches on core 0)
2026-04-23 10:40:59.367 7 INFO neutron.db.ovn_revision_numbers_db [None req-907f4425-63f9-46fc-b36b-57ff52e751d7 76502dad7ee54962814fa3c123e32cb4 87ce34ec73a54ad5b03b3f20fba0413d - - default default] Successfully bumped revision number for resource f2a58b8d-4ad8-4201-8bd0-ac85e477fe13 (type: security_groups) to 1
2026-04-23 10:40:59.385 7 INFO neutron.db.ovn_revision_numbers_db [None req-907f4425-63f9-46fc-b36b-57ff52e751d7 76502dad7ee54962814fa3c123e32cb4 87ce34ec73a54ad5b03b3f20fba0413d - - default default] Successfully bumped revision number for resource 0f8bbdcb-3550-433c-8d67-ad3a160bd2ac (type: security_group_rules) to 0
2026-04-23 10:40:59.396 8 INFO neutron.db.ovn_revision_numbers_db [None req-ba2df57d-2f03-4daa-ac79-7a0f021b246b 09558c42fad74d70a61adf1b7e017831 5d9f327fdf054c13a5fe410662e1c669 - - default default] Successfully bumped revision number for resource c2fa11c1-14a7-4af6-b3ea-2448b68457aa (type: security_groups) to 1
2026-04-23 10:40:59.398 7 INFO neutron.db.ovn_revision_numbers_db [None req-907f4425-63f9-46fc-b36b-57ff52e751d7 76502dad7ee54962814fa3c123e32cb4 87ce34ec73a54ad5b03b3f20fba0413d - - default default] Successfully bumped revision number for resource 2ecf5943-a9f9-470f-9163-ce462b6feb03 (type: security_group_rules) to 0
2026-04-23 10:40:59.409 8 INFO neutron.db.ovn_revision_numbers_db [None req-ba2df57d-2f03-4daa-ac79-7a0f021b246b 09558c42fad74d70a61adf1b7e017831 5d9f327fdf054c13a5fe410662e1c669 - - default default] Successfully bumped revision number for resource 521cc0fe-5bcf-4a56-bf6e-a5d8720913f2 (type: security_group_rules) to 0
2026-04-23 10:40:59.411 7 INFO neutron.db.ovn_revision_numbers_db [None req-907f4425-63f9-46fc-b36b-57ff52e751d7 76502dad7ee54962814fa3c123e32cb4 87ce34ec73a54ad5b03b3f20fba0413d - - default default] Successfully bumped revision number for resource 33600942-3a78-4541-b9ca-423cc6381fd7 (type: security_group_rules) to 0
2026-04-23 10:40:59.422 8 INFO neutron.db.ovn_revision_numbers_db [None req-ba2df57d-2f03-4daa-ac79-7a0f021b246b 09558c42fad74d70a61adf1b7e017831 5d9f327fdf054c13a5fe410662e1c669 - - default default] Successfully bumped revision number for resource 747e4e49-6dc3-4b37-91c4-1de166f35114 (type: security_group_rules) to 0
2026-04-23 10:40:59.424 7 INFO neutron.db.ovn_revision_numbers_db [None req-907f4425-63f9-46fc-b36b-57ff52e751d7 76502dad7ee54962814fa3c123e32cb4 87ce34ec73a54ad5b03b3f20fba0413d - - default default] Successfully bumped revision number for resource f74b9465-59be-4c68-85a9-b3ae44f33454 (type: security_group_rules) to 0
2026-04-23 10:40:59.431 8 INFO neutron.db.ovn_revision_numbers_db [None req-ba2df57d-2f03-4daa-ac79-7a0f021b246b 09558c42fad74d70a61adf1b7e017831 5d9f327fdf054c13a5fe410662e1c669 - - default default] Successfully bumped revision number for resource 8fd0cd19-54aa-4db2-9200-46fef995dd76 (type: security_group_rules) to 0
2026-04-23 10:40:59.443 8 INFO neutron.db.ovn_revision_numbers_db [None req-ba2df57d-2f03-4daa-ac79-7a0f021b246b 09558c42fad74d70a61adf1b7e017831 5d9f327fdf054c13a5fe410662e1c669 - - default default] Successfully bumped revision number for resource ea813a82-e9ef-4e64-8b83-aa7fcd7ec70e (type: security_group_rules) to 0 [pid: 7|app: 0|req: 799/1835] 10.0.0.242 () {32 vars in 774 bytes} [Thu Apr 23 10:40:59 2026] GET /v2.0/security-groups?tenant_id=82142aae1a9a4bd187abb9ea0b7087bb&name=default => generated 2925 bytes in 233 msecs (HTTP/1.1 200) 4 headers in 158 bytes (1 switches on core 0) [pid: 7|app: 0|req: 800/1836] 10.0.0.242 () {32 vars in 663 bytes} [Thu Apr 23 10:40:59 2026] GET /v2.0/security-groups => generated 4529 bytes in 28 msecs (HTTP/1.1 200) 4 headers in 158 bytes (1 switches on core 0)
2026-04-23 10:40:59.522 8 INFO neutron.db.segments_db [None req-ba2df57d-2f03-4daa-ac79-7a0f021b246b 09558c42fad74d70a61adf1b7e017831 5d9f327fdf054c13a5fe410662e1c669 - - default default] Added segment 279ffca2-7cc1-4762-98b9-e076409789f6 of type geneve for network 0a41a95f-9d9c-4d38-98da-ed4760c4e7a4 [pid: 7|app: 0|req: 801/1837] 10.0.0.164 () {34 vars in 1100 bytes} [Thu Apr 23 10:40:59 2026] GET /v2.0/security-groups?name=tempest-secgroup-smoke-1768134383&fields=id&tenant_id=b1b293eba46b48baa83aae907f8cc519 => generated 69 bytes in 34 msecs (HTTP/1.1 200) 4 headers in 156 bytes (1 switches on core 0)
2026-04-23 10:40:59.639 8 INFO neutron.db.ovn_revision_numbers_db [None req-ba2df57d-2f03-4daa-ac79-7a0f021b246b 09558c42fad74d70a61adf1b7e017831 5d9f327fdf054c13a5fe410662e1c669 - - default default] Successfully bumped revision number for resource 0a41a95f-9d9c-4d38-98da-ed4760c4e7a4 (type: networks) to 1 [pid: 7|app: 0|req: 802/1838] 10.0.0.242 () {32 vars in 740 bytes} [Thu Apr 23 10:40:59 2026] DELETE /v2.0/security-groups/f2a58b8d-4ad8-4201-8bd0-ac85e477fe13 => generated 0 bytes in 237 msecs (HTTP/1.1 204) 2 headers in 112 bytes (1 switches on core 0)
2026-04-23 10:40:59.829 7 INFO neutron.db.ovn_revision_numbers_db [None req-b466811a-094b-4823-9295-ad1bacaeeec3 d0e6ba4f5ab245cab479c54d33744e0a 39795a2693334c6582654a675e803968 - - default default] Successfully bumped revision number for resource 57b82125-a615-4115-b2f1-492e72196ce1 (type: security_groups) to 2
2026-04-23 10:40:59.841 8 WARNING neutron.scheduler.dhcp_agent_scheduler [None req-ba2df57d-2f03-4daa-ac79-7a0f021b246b 09558c42fad74d70a61adf1b7e017831 5d9f327fdf054c13a5fe410662e1c669 - - default default] No more DHCP agents
2026-04-23 10:40:59.843 8 WARNING neutron.api.rpc.agentnotifiers.dhcp_rpc_agent_api [None req-ba2df57d-2f03-4daa-ac79-7a0f021b246b 09558c42fad74d70a61adf1b7e017831 5d9f327fdf054c13a5fe410662e1c669 - - default default] Unable to schedule network 0a41a95f-9d9c-4d38-98da-ed4760c4e7a4: no agents available; will retry on subsequent port and subnet creation events. [pid: 7|app: 0|req: 803/1839] 10.0.0.242 () {34 vars in 758 bytes} [Thu Apr 23 10:40:59 2026] PUT /v2.0/security-groups/57b82125-a615-4115-b2f1-492e72196ce1 => generated 1664 bytes in 100 msecs (HTTP/1.1 200) 4 headers in 158 bytes (1 switches on core 0)
2026-04-23 10:40:59.904 8 INFO neutron.plugins.ml2.drivers.ovn.mech_driver.mech_driver [None req-46f03755-44b4-4fde-b379-d24b03b18c76 - - - - - -] OVN reports status down for port: a381de08-64f3-4c3d-b48e-e3b4891d6f49 [pid: 7|app: 0|req: 804/1840] 10.0.0.164 () {34 vars in 1100 bytes} [Thu Apr 23 10:40:59 2026] GET /v2.0/security-groups?name=tempest-securitygroup--1616301030&fields=id&tenant_id=b1b293eba46b48baa83aae907f8cc519 => generated 69 bytes in 53 msecs (HTTP/1.1 200) 4 headers in 156 bytes (1 switches on core 0) [pid: 7|app: 0|req: 805/1841] 10.0.0.242 () {32 vars in 737 bytes} [Thu Apr 23 10:40:59 2026] GET /v2.0/security-groups/57b82125-a615-4115-b2f1-492e72196ce1 => generated 1664 bytes in 19 msecs (HTTP/1.1 200) 4 headers in 158 bytes (1 switches on core 0)
2026-04-23 10:40:59.969 8 INFO neutron.db.ovn_revision_numbers_db [None req-ba2df57d-2f03-4daa-ac79-7a0f021b246b 09558c42fad74d70a61adf1b7e017831 5d9f327fdf054c13a5fe410662e1c669 - - default default] Successfully bumped revision number for resource a381de08-64f3-4c3d-b48e-e3b4891d6f49 (type: ports) to 1 [pid: 8|app: 0|req: 1037/1842] 10.0.0.242 () {34 vars in 670 bytes} [Thu Apr 23 10:40:59 2026] POST /v2.0/networks => generated 651 bytes in 927 msecs (HTTP/1.1 201) 4 headers in 162 bytes (1 switches on core 0) [pid: 8|app: 0|req: 1038/1843] 10.0.0.164 () {34 vars in 982 bytes} [Thu Apr 23 10:41:00 2026] GET /v2.0/networks?id=119c8b44-aab0-4ac9-a907-d3b59367b603 => generated 710 bytes in 71 msecs (HTTP/1.1 200) 4 headers in 157 bytes (1 switches on core 0) [pid: 8|app: 0|req: 1039/1844] 10.0.0.242 () {32 vars in 740 bytes} [Thu Apr 23 10:41:00 2026] DELETE /v2.0/security-groups/57b82125-a615-4115-b2f1-492e72196ce1 => generated 0 bytes in 197 msecs (HTTP/1.1 204) 2 headers in 112 bytes (1 switches on core 0)
2026-04-23 10:41:00.553 8 WARNING neutron.scheduler.dhcp_agent_scheduler [None req-3cc8f2d0-e712-4349-a546-8c1c1a89f16e 09558c42fad74d70a61adf1b7e017831 5d9f327fdf054c13a5fe410662e1c669 - - default default] No more DHCP agents
2026-04-23 10:41:00.554 8 WARNING neutron.api.rpc.agentnotifiers.dhcp_rpc_agent_api [None req-3cc8f2d0-e712-4349-a546-8c1c1a89f16e 09558c42fad74d70a61adf1b7e017831 5d9f327fdf054c13a5fe410662e1c669 - - default default] Unable to schedule network 0a41a95f-9d9c-4d38-98da-ed4760c4e7a4: no agents available; will retry on subsequent port and subnet creation events.
2026-04-23 10:41:00.635 8 INFO neutron.plugins.ml2.drivers.ovn.mech_driver.mech_driver [None req-46f03755-44b4-4fde-b379-d24b03b18c76 - - - - - -] OVN reports status down for port: d9fbf279-18b4-450e-97d5-c19ec4059ca6
2026-04-23 10:41:00.740 8 INFO neutron.db.ovn_revision_numbers_db [None req-3cc8f2d0-e712-4349-a546-8c1c1a89f16e 09558c42fad74d70a61adf1b7e017831 5d9f327fdf054c13a5fe410662e1c669 - - default default] Successfully bumped revision number for resource d9fbf279-18b4-450e-97d5-c19ec4059ca6 (type: ports) to 1
2026-04-23 10:41:00.765 7 INFO neutron.db.ovn_revision_numbers_db [None req-6b7a744b-7691-47ec-828d-6f6de3aa52fb 76502dad7ee54962814fa3c123e32cb4 87ce34ec73a54ad5b03b3f20fba0413d - - default default] Successfully bumped revision number for resource 89c240ce-7ab6-447a-91ce-04fe9a4e7db2 (type: security_groups) to 1
2026-04-23 10:41:00.790 7 INFO neutron.db.ovn_revision_numbers_db [None req-6b7a744b-7691-47ec-828d-6f6de3aa52fb 76502dad7ee54962814fa3c123e32cb4 87ce34ec73a54ad5b03b3f20fba0413d - - default default] Successfully bumped revision number for resource 0037b22d-4a24-4313-84bf-5ffe7d66af82 (type: security_group_rules) to 0
2026-04-23 10:41:00.806 7 INFO neutron.db.ovn_revision_numbers_db [None req-6b7a744b-7691-47ec-828d-6f6de3aa52fb 76502dad7ee54962814fa3c123e32cb4 87ce34ec73a54ad5b03b3f20fba0413d - - default default] Successfully bumped revision number for resource 0fb44cbc-22d5-44ec-831c-606e3d58cd42 (type: security_group_rules) to 0
2026-04-23 10:41:00.846 7 INFO neutron.db.ovn_revision_numbers_db [None req-6b7a744b-7691-47ec-828d-6f6de3aa52fb 76502dad7ee54962814fa3c123e32cb4 87ce34ec73a54ad5b03b3f20fba0413d - - default default] Successfully bumped revision number for resource 49866ead-ae96-48ed-a15f-5e856f01b9f7 (type: security_group_rules) to 0
2026-04-23 10:41:00.872 7 WARNING neutron.plugins.ml2.drivers.ovn.mech_driver.ovsdb.ovn_client [None req-2ee503f2-13a0-45e0-8389-71556c6d96c6 - - - - - -] No hosting information found for port c1c2e1dd-1598-40b5-885c-9195ec3c7858: RuntimeError: No hosting information found for port c1c2e1dd-1598-40b5-885c-9195ec3c7858
2026-04-23 10:41:00.875 7 INFO neutron.db.ovn_revision_numbers_db [None req-6b7a744b-7691-47ec-828d-6f6de3aa52fb 76502dad7ee54962814fa3c123e32cb4 87ce34ec73a54ad5b03b3f20fba0413d - - default default] Successfully bumped revision number for resource 7c42c2b2-d19f-422e-91f6-5b2db2534bee (type: security_group_rules) to 0 [pid: 8|app: 0|req: 1040/1845] 10.0.0.242 () {34 vars in 664 bytes} [Thu Apr 23 10:41:00 2026] POST /v2.0/ports => generated 743 bytes in 619 msecs (HTTP/1.1 201) 4 headers in 162 bytes (1 switches on core 0) /var/lib/openstack/lib/python3.12/site-packages/pycadf/identifier.py:70: UserWarning: Invalid uuid: neutron. To ensure interoperability, identifiers should be a valid uuid. warnings.warn(('Invalid uuid: %s. To ensure interoperability, ' [pid: 8|app: 0|req: 1041/1846] 10.0.0.164 () {34 vars in 965 bytes} [Thu Apr 23 10:41:00 2026] GET /v2.0/quotas/b1b293eba46b48baa83aae907f8cc519 => generated 292 bytes in 11 msecs (HTTP/1.1 200) 4 headers in 157 bytes (1 switches on core 0) [pid: 7|app: 0|req: 806/1847] 10.0.0.242 () {32 vars in 774 bytes} [Thu Apr 23 10:40:59 2026] GET /v2.0/security-groups?tenant_id=832a960abf7a49d497d775acd738a8a2&name=default => generated 2925 bytes in 1034 msecs (HTTP/1.1 200) 4 headers in 158 bytes (1 switches on core 0) [pid: 8|app: 0|req: 1042/1848] 10.0.0.242 () {32 vars in 663 bytes} [Thu Apr 23 10:41:00 2026] GET /v2.0/security-groups => generated 2925 bytes in 51 msecs (HTTP/1.1 200) 4 headers in 158 bytes (1 switches on core 0) [pid: 8|app: 0|req: 1043/1849] 10.0.0.164 () {34 vars in 1002 bytes} [Thu Apr 23 10:41:00 2026] GET /v2.0/ports?tenant_id=b1b293eba46b48baa83aae907f8cc519&fields=id => generated 103 bytes in 92 msecs (HTTP/1.1 200) 4 headers in 157 bytes (1 switches on core 0)
2026-04-23 10:41:01.082 7 INFO neutron.db.ovn_revision_numbers_db [None req-2ee503f2-13a0-45e0-8389-71556c6d96c6 - - - - - -] Successfully bumped revision number for resource c1c2e1dd-1598-40b5-885c-9195ec3c7858 (type: router_ports) to 2
2026-04-23 10:41:01.162 7 INFO neutron.db.segments_db [None req-93338fcd-0a57-4396-b423-7c0917e215b4 09558c42fad74d70a61adf1b7e017831 5d9f327fdf054c13a5fe410662e1c669 - - default default] Added segment 8db2336d-a26e-4c1f-ac1b-530d2b17d800 of type geneve for network e0dc20ad-3197-4d7d-9461-bdc512784a94
2026-04-23 10:41:01.323 7 INFO neutron.db.ovn_revision_numbers_db [None req-93338fcd-0a57-4396-b423-7c0917e215b4 09558c42fad74d70a61adf1b7e017831 5d9f327fdf054c13a5fe410662e1c669 - - default default] Successfully bumped revision number for resource e0dc20ad-3197-4d7d-9461-bdc512784a94 (type: networks) to 1 [pid: 8|app: 0|req: 1044/1850] 10.0.0.242 () {32 vars in 740 bytes} [Thu Apr 23 10:41:01 2026] DELETE /v2.0/security-groups/89c240ce-7ab6-447a-91ce-04fe9a4e7db2 => generated 0 bytes in 329 msecs (HTTP/1.1 204) 2 headers in 112 bytes (1 switches on core 0)
2026-04-23 10:41:01.422 8 INFO neutron.api.v2.resource [None req-7ab9ea3d-4545-4f6f-8318-27f623f06f43 d0e6ba4f5ab245cab479c54d33744e0a 39795a2693334c6582654a675e803968 - - default default] delete failed (client error): The resource could not be found. [pid: 8|app: 0|req: 1045/1851] 10.0.0.242 () {32 vars in 740 bytes} [Thu Apr 23 10:41:01 2026] DELETE /v2.0/security-groups/57b82125-a615-4115-b2f1-492e72196ce1 => generated 146 bytes in 23 msecs (HTTP/1.1 404) 4 headers in 164 bytes (1 switches on core 0) [pid: 8|app: 0|req: 1046/1852] 10.0.0.164 () {34 vars in 1008 bytes} [Thu Apr 23 10:41:01 2026] GET /v2.0/networks/119c8b44-aab0-4ac9-a907-d3b59367b603?fields=segments => generated 14 bytes in 49 msecs (HTTP/1.1 200) 4 headers in 156 bytes (1 switches on core 0)
2026-04-23 10:41:01.537 7 WARNING neutron.scheduler.dhcp_agent_scheduler [None req-93338fcd-0a57-4396-b423-7c0917e215b4 09558c42fad74d70a61adf1b7e017831 5d9f327fdf054c13a5fe410662e1c669 - - default default] No more DHCP agents
2026-04-23 10:41:01.539 7 WARNING neutron.api.rpc.agentnotifiers.dhcp_rpc_agent_api [None req-93338fcd-0a57-4396-b423-7c0917e215b4 09558c42fad74d70a61adf1b7e017831 5d9f327fdf054c13a5fe410662e1c669 - - default default] Unable to schedule network e0dc20ad-3197-4d7d-9461-bdc512784a94: no agents available; will retry on subsequent port and subnet creation events.
2026-04-23 10:41:01.602 7 INFO neutron.plugins.ml2.drivers.ovn.mech_driver.mech_driver [None req-2ee503f2-13a0-45e0-8389-71556c6d96c6 - - - - - -] OVN reports status down for port: c325f2b6-57f0-4042-bc36-47dd93d05987
2026-04-23 10:41:01.660 8 INFO neutron.db.ovn_revision_numbers_db [None req-55ebb0d1-e50b-4394-9b1f-d64bbd93f97f d0e6ba4f5ab245cab479c54d33744e0a 39795a2693334c6582654a675e803968 - - default default] Successfully bumped revision number for resource 99f4639c-fe89-4432-9316-a982b59a7725 (type: security_groups) to 1
2026-04-23 10:41:01.675 8 INFO neutron.db.ovn_revision_numbers_db [None req-55ebb0d1-e50b-4394-9b1f-d64bbd93f97f d0e6ba4f5ab245cab479c54d33744e0a 39795a2693334c6582654a675e803968 - - default default] Successfully bumped revision number for resource 9694f632-4580-43d2-bdfb-e83991646427 (type: security_group_rules) to 0
2026-04-23 10:41:01.693 8 INFO neutron.db.ovn_revision_numbers_db [None req-55ebb0d1-e50b-4394-9b1f-d64bbd93f97f d0e6ba4f5ab245cab479c54d33744e0a 39795a2693334c6582654a675e803968 - - default default] Successfully bumped revision number for resource cc3b3e97-5103-4766-94eb-623ef5833b07 (type: security_group_rules) to 0
2026-04-23 10:41:01.703 7 INFO neutron.db.ovn_revision_numbers_db [None req-93338fcd-0a57-4396-b423-7c0917e215b4 09558c42fad74d70a61adf1b7e017831 5d9f327fdf054c13a5fe410662e1c669 - - default default] Successfully bumped revision number for resource c325f2b6-57f0-4042-bc36-47dd93d05987 (type: ports) to 1 [pid: 8|app: 0|req: 1047/1853] 10.0.0.242 () {34 vars in 684 bytes} [Thu Apr 23 10:41:01 2026] POST /v2.0/security-groups => generated 1624 bytes in 254 msecs (HTTP/1.1 201) 4 headers in 163 bytes (1 switches on core 0) [pid: 7|app: 0|req: 807/1854] 10.0.0.242 () {34 vars in 670 bytes} [Thu Apr 23 10:41:00 2026] POST /v2.0/networks => generated 649 bytes in 790 msecs (HTTP/1.1 201) 4 headers in 162 bytes (1 switches on core 0) [pid: 8|app: 0|req: 1048/1855] 10.0.0.164 () {34 vars in 1108 bytes} [Thu Apr 23 10:41:01 2026] GET /v2.0/networks/119c8b44-aab0-4ac9-a907-d3b59367b603?fields=provider%3Aphysical_network&fields=provider%3Anetwork_type => generated 79 bytes in 36 msecs (HTTP/1.1 200) 4 headers in 156 bytes (1 switches on core 0)
2026-04-23 10:41:01.915 7 INFO neutron.db.ovn_revision_numbers_db [None req-f4534cf6-0e3b-4471-9c79-bf7bad7d3667 d0e6ba4f5ab245cab479c54d33744e0a 39795a2693334c6582654a675e803968 - - default default] Successfully bumped revision number for resource 85958256-a720-481f-ba35-b7e2fc0830e1 (type: security_group_rules) to 0 [pid: 7|app: 0|req: 808/1856] 10.0.0.242 () {34 vars in 695 bytes} [Thu Apr 23 10:41:01 2026] POST /v2.0/security-group-rules => generated 601 bytes in 188 msecs (HTTP/1.1 201) 4 headers in 162 bytes (1 switches on core 0) [pid: 7|app: 0|req: 809/1857] 10.0.0.164 () {34 vars in 990 bytes} [Thu Apr 23 10:41:01 2026] GET /v2.0/ports?device_id=17edf977-d2ba-4b75-88bf-9ddd37ee3af6 => generated 12 bytes in 24 msecs (HTTP/1.1 200) 4 headers in 156 bytes (1 switches on core 0)
2026-04-23 10:41:01.989 8 WARNING neutron.scheduler.dhcp_agent_scheduler [None req-1539c972-42b4-41f3-b942-fa3d94043f35 09558c42fad74d70a61adf1b7e017831 5d9f327fdf054c13a5fe410662e1c669 - - default default] No more DHCP agents [pid: 7|app: 0|req: 810/1858] 10.0.0.242 () {32 vars in 747 bytes} [Thu Apr 23 10:41:01 2026] GET /v2.0/security-group-rules/85958256-a720-481f-ba35-b7e2fc0830e1 => generated 601 bytes in 16 msecs (HTTP/1.1 200) 4 headers in 157 bytes (1 switches on core 0)
2026-04-23 10:41:01.992 8 WARNING neutron.api.rpc.agentnotifiers.dhcp_rpc_agent_api [None req-1539c972-42b4-41f3-b942-fa3d94043f35 09558c42fad74d70a61adf1b7e017831 5d9f327fdf054c13a5fe410662e1c669 - - default default] Unable to schedule network e0dc20ad-3197-4d7d-9461-bdc512784a94: no agents available; will retry on subsequent port and subnet creation events.
2026-04-23 10:41:02.076 7 INFO neutron.plugins.ml2.drivers.ovn.mech_driver.mech_driver [None req-2ee503f2-13a0-45e0-8389-71556c6d96c6 - - - - - -] OVN reports status down for port: f4a0a931-ac0f-4952-869e-fd8ce2fc3b0d
2026-04-23 10:41:02.100 8 INFO neutron.db.ovn_revision_numbers_db [None req-1539c972-42b4-41f3-b942-fa3d94043f35 09558c42fad74d70a61adf1b7e017831 5d9f327fdf054c13a5fe410662e1c669 - - default default] Successfully bumped revision number for resource f4a0a931-ac0f-4952-869e-fd8ce2fc3b0d (type: ports) to 1 [pid: 7|app: 0|req: 811/1859] 10.0.0.242 () {32 vars in 673 bytes} [Thu Apr 23 10:41:01 2026] GET /v2.0/security-group-rules => generated 4138 bytes in 114 msecs (HTTP/1.1 200) 4 headers in 158 bytes (1 switches on core 0) [pid: 8|app: 0|req: 1049/1860] 10.0.0.242 () {34 vars in 664 bytes} [Thu Apr 23 10:41:01 2026] POST /v2.0/ports => generated 743 bytes in 374 msecs (HTTP/1.1 201) 4 headers in 162 bytes (1 switches on core 0) /var/lib/openstack/lib/python3.12/site-packages/pycadf/identifier.py:70: UserWarning: Invalid uuid: neutron. To ensure interoperability, identifiers should be a valid uuid. warnings.warn(('Invalid uuid: %s. To ensure interoperability, '
2026-04-23 10:41:02.239 8 INFO neutron.db.segments_db [None req-84320888-23e0-48e5-ae45-0db74aed6ebe 09558c42fad74d70a61adf1b7e017831 5d9f327fdf054c13a5fe410662e1c669 - - default default] Added segment e09d33fd-1576-469e-8d9a-82ad41a71c6c of type geneve for network 0436743e-928a-455a-bf6c-885a25d9876f [pid: 7|app: 0|req: 812/1861] 10.0.0.242 () {32 vars in 750 bytes} [Thu Apr 23 10:41:02 2026] DELETE /v2.0/security-group-rules/85958256-a720-481f-ba35-b7e2fc0830e1 => generated 0 bytes in 189 msecs (HTTP/1.1 204) 2 headers in 112 bytes (1 switches on core 0)
2026-04-23 10:41:02.357 8 INFO neutron.db.ovn_revision_numbers_db [None req-84320888-23e0-48e5-ae45-0db74aed6ebe 09558c42fad74d70a61adf1b7e017831 5d9f327fdf054c13a5fe410662e1c669 - - default default] Successfully bumped revision number for resource 0436743e-928a-455a-bf6c-885a25d9876f (type: networks) to 1 [pid: 7|app: 0|req: 813/1862] 10.0.0.242 () {32 vars in 673 bytes} [Thu Apr 23 10:41:02 2026] GET /v2.0/security-group-rules => generated 3560 bytes in 68 msecs (HTTP/1.1 200) 4 headers in 158 bytes (1 switches on core 0)
2026-04-23 10:41:02.520 7 INFO neutron.db.ovn_revision_numbers_db [None req-a50e6002-2d78-4cf4-b930-d0f5a59da5a6 d0e6ba4f5ab245cab479c54d33744e0a 39795a2693334c6582654a675e803968 - - default default] Successfully bumped revision number for resource 527cd58c-db9b-487f-9406-64313a00b0f9 (type: security_group_rules) to 0
2026-04-23 10:41:02.550 8 WARNING neutron.scheduler.dhcp_agent_scheduler [None req-84320888-23e0-48e5-ae45-0db74aed6ebe 09558c42fad74d70a61adf1b7e017831 5d9f327fdf054c13a5fe410662e1c669 - - default default] No more DHCP agents
2026-04-23 10:41:02.551 8 WARNING neutron.api.rpc.agentnotifiers.dhcp_rpc_agent_api [None req-84320888-23e0-48e5-ae45-0db74aed6ebe 09558c42fad74d70a61adf1b7e017831 5d9f327fdf054c13a5fe410662e1c669 - - default default] Unable to schedule network 0436743e-928a-455a-bf6c-885a25d9876f: no agents available; will retry on subsequent port and subnet creation events. [pid: 7|app: 0|req: 814/1863] 10.0.0.242 () {34 vars in 695 bytes} [Thu Apr 23 10:41:02 2026] POST /v2.0/security-group-rules => generated 601 bytes in 176 msecs (HTTP/1.1 201) 4 headers in 162 bytes (1 switches on core 0) [pid: 7|app: 0|req: 815/1864] 10.0.0.242 () {32 vars in 747 bytes} [Thu Apr 23 10:41:02 2026] GET /v2.0/security-group-rules/527cd58c-db9b-487f-9406-64313a00b0f9 => generated 601 bytes in 33 msecs (HTTP/1.1 200) 4 headers in 157 bytes (1 switches on core 0)
2026-04-23 10:41:02.623 8 INFO neutron.plugins.ml2.drivers.ovn.mech_driver.mech_driver [None req-46f03755-44b4-4fde-b379-d24b03b18c76 - - - - - -] OVN reports status down for port: 6e3b225a-ceee-415f-8a6c-ba4ce7f5f277 [pid: 7|app: 0|req: 816/1865] 10.0.0.242 () {32 vars in 673 bytes} [Thu Apr 23 10:41:02 2026] GET /v2.0/security-group-rules => generated 4138 bytes in 60 msecs (HTTP/1.1 200) 4 headers in 158 bytes (1 switches on core 0)
2026-04-23 10:41:02.696 8 INFO neutron.db.ovn_revision_numbers_db [None req-84320888-23e0-48e5-ae45-0db74aed6ebe 09558c42fad74d70a61adf1b7e017831 5d9f327fdf054c13a5fe410662e1c669 - - default default] Successfully bumped revision number for resource 6e3b225a-ceee-415f-8a6c-ba4ce7f5f277 (type: ports) to 1 [pid: 8|app: 0|req: 1050/1866] 10.0.0.242 () {34 vars in 670 bytes} [Thu Apr 23 10:41:02 2026] POST /v2.0/networks => generated 650 bytes in 601 msecs (HTTP/1.1 201) 4 headers in 162 bytes (1 switches on core 0) [pid: 7|app: 0|req: 817/1867] 10.0.0.242 () {32 vars in 750 bytes} [Thu Apr 23 10:41:02 2026] DELETE /v2.0/security-group-rules/527cd58c-db9b-487f-9406-64313a00b0f9 => generated 0 bytes in 104 msecs (HTTP/1.1 204) 2 headers in 112 bytes (1 switches on core 0) [pid: 7|app: 0|req: 818/1868] 10.0.0.242 () {32 vars in 673 bytes} [Thu Apr 23 10:41:02 2026] GET /v2.0/security-group-rules => generated 3560 bytes in 55 msecs (HTTP/1.1 200) 4 headers in 158 bytes (1 switches on core 0)
2026-04-23 10:41:02.958 7 INFO neutron.db.ovn_revision_numbers_db [None req-f6141ff0-b732-4480-9704-723ead6e453e d0e6ba4f5ab245cab479c54d33744e0a 39795a2693334c6582654a675e803968 - - default default] Successfully bumped revision number for resource 5102837e-751f-4507-91b3-28987b46d6a1 (type: security_group_rules) to 0
2026-04-23 10:41:02.992 8 WARNING neutron.scheduler.dhcp_agent_scheduler [None req-7ece0488-eacf-4d1f-b522-ba04a98d4ae1 09558c42fad74d70a61adf1b7e017831 5d9f327fdf054c13a5fe410662e1c669 - - default default] No more DHCP agents [pid: 7|app: 0|req: 819/1869] 10.0.0.242 () {34 vars in 695 bytes} [Thu Apr 23 10:41:02 2026] POST /v2.0/security-group-rules => generated 602 bytes in 150 msecs (HTTP/1.1 201) 4 headers in 162 bytes (1 switches on core 0)
2026-04-23 10:41:02.994 8 WARNING neutron.api.rpc.agentnotifiers.dhcp_rpc_agent_api [None req-7ece0488-eacf-4d1f-b522-ba04a98d4ae1 09558c42fad74d70a61adf1b7e017831 5d9f327fdf054c13a5fe410662e1c669 - - default default] Unable to schedule network 0436743e-928a-455a-bf6c-885a25d9876f: no agents available; will retry on subsequent port and subnet creation events. [pid: 7|app: 0|req: 820/1870] 10.0.0.242 () {32 vars in 747 bytes} [Thu Apr 23 10:41:02 2026] GET /v2.0/security-group-rules/5102837e-751f-4507-91b3-28987b46d6a1 => generated 602 bytes in 22 msecs (HTTP/1.1 200) 4 headers in 157 bytes (1 switches on core 0)
2026-04-23 10:41:03.083 8 INFO neutron.plugins.ml2.drivers.ovn.mech_driver.mech_driver [None req-46f03755-44b4-4fde-b379-d24b03b18c76 - - - - - -] OVN reports status down for port: 720b86f7-b634-4e5c-b7cc-a2abf71d5ec3 [pid: 7|app: 0|req: 821/1871] 10.0.0.242 () {32 vars in 673 bytes} [Thu Apr 23 10:41:03 2026] GET /v2.0/security-group-rules => generated 4139 bytes in 112 msecs (HTTP/1.1 200) 4 headers in 158 bytes (1 switches on core 0)
