Apr 15 06:11:25.671483 np0000166382 devstack@neutron-api.service[104279]: DEBUG ovsdbapp.backend.ovs_idl [None req-7909d67d-c83f-4bec-930e-75e07b92b7f4 None None] Created lookup_table index Port_Binding.logical_port {{(pid=104279) autocreate_indices /opt/stack/data/venv/lib/python3.12/site-packages/ovsdbapp/backend/ovs_idl/__init__.py:87}}
Apr 15 06:11:25.671546 np0000166382 devstack@neutron-api.service[104279]: DEBUG ovsdbapp.backend.ovs_idl [None req-7909d67d-c83f-4bec-930e-75e07b92b7f4 None None] Created schema index Chassis_Private.name {{(pid=104279) autocreate_indices /opt/stack/data/venv/lib/python3.12/site-packages/ovsdbapp/backend/ovs_idl/__init__.py:106}}
Apr 15 06:11:25.671799 np0000166382 devstack@neutron-api.service[104279]: DEBUG ovsdbapp.backend.ovs_idl [None req-7909d67d-c83f-4bec-930e-75e07b92b7f4 None None] Created schema index Datapath_Binding.tunnel_key {{(pid=104279) autocreate_indices /opt/stack/data/venv/lib/python3.12/site-packages/ovsdbapp/backend/ovs_idl/__init__.py:106}}
Apr 15 06:11:25.671947 np0000166382 devstack@neutron-api.service[104277]: INFO ovsdbapp.backend.ovs_idl.vlog [None req-9ee75d51-4be4-45d5-803d-460cf9e9247e None None] ssl:199.204.45.233:6641: connected
Apr 15 06:11:25.672064 np0000166382 devstack@neutron-api.service[104280]: DEBUG neutron.common.ovn.hash_ring_manager [None req-b44e010b-ed2d-4088-b292-29fb3d26b5b2 None None] Hash Ring loaded. 4 active nodes. 0 offline nodes {{(pid=104280) _load_hash_ring /opt/stack/neutron/neutron/common/ovn/hash_ring_manager.py:102}}
Apr 15 06:11:25.672207 np0000166382 devstack@neutron-api.service[104280]: DEBUG neutron.plugins.ml2.drivers.ovn.mech_driver.ovsdb.ovsdb_monitor [None req-b44e010b-ed2d-4088-b292-29fb3d26b5b2 None None] Hash Ring: Node d15470a413615b62bc688ef7ab23db45 (host: np0000166382) handling event "create" for row 65f83ce4-5067-4c40-bd9c-67b5ce0a9d1a (table: Port_Group) {{(pid=104280) notify /opt/stack/neutron/neutron/plugins/ml2/drivers/ovn/mech_driver/ovsdb/ovsdb_monitor.py:914}}
Apr 15 06:11:25.673310 np0000166382 devstack@neutron-api.service[104280]: INFO neutron.plugins.ml2.drivers.ovn.mech_driver.ovsdb.impl_idl_ovn [None req-b44e010b-ed2d-4088-b292-29fb3d26b5b2 None None] Getting OvsdbSbOvnIdl for WorkerService with retry
Apr 15 06:11:25.673664 np0000166382 devstack@neutron-api.service[104279]: INFO ovsdbapp.backend.ovs_idl.vlog [None req-7909d67d-c83f-4bec-930e-75e07b92b7f4 None None] ssl:199.204.45.233:6642: connecting...
Apr 15 06:11:25.680100 np0000166382 devstack@neutron-api.service[104279]: INFO ovsdbapp.backend.ovs_idl.vlog [None req-7909d67d-c83f-4bec-930e-75e07b92b7f4 None None] ssl:199.204.45.233:6642: connected
Apr 15 06:11:25.699579 np0000166382 devstack@neutron-api.service[104277]: DEBUG neutron.common.ovn.hash_ring_manager [None req-9ee75d51-4be4-45d5-803d-460cf9e9247e None None] Allow caching, nodes 4>=4 {{(pid=104277) _wait_startup_before_caching /opt/stack/neutron/neutron/common/ovn/hash_ring_manager.py:65}}
Apr 15 06:11:25.705188 np0000166382 devstack@neutron-api.service[104277]: DEBUG neutron.common.ovn.hash_ring_manager [None req-9ee75d51-4be4-45d5-803d-460cf9e9247e None None] Hash Ring loaded. 4 active nodes. 0 offline nodes {{(pid=104277) _load_hash_ring /opt/stack/neutron/neutron/common/ovn/hash_ring_manager.py:102}}
Apr 15 06:11:25.705568 np0000166382 devstack@neutron-api.service[104277]: DEBUG neutron.plugins.ml2.drivers.ovn.mech_driver.ovsdb.ovsdb_monitor [None req-9ee75d51-4be4-45d5-803d-460cf9e9247e None None] Hash Ring: Node 7d714f6e88ca53868c02e13a53b919e8 (host: np0000166382) handling event "create" for row 278b8ef2-9608-42f0-900c-7fa9ff54114b (table: ACL) {{(pid=104277) notify /opt/stack/neutron/neutron/plugins/ml2/drivers/ovn/mech_driver/ovsdb/ovsdb_monitor.py:914}}
Apr 15 06:11:25.705806 np0000166382 devstack@neutron-api.service[104277]: DEBUG neutron.plugins.ml2.drivers.ovn.mech_driver.ovsdb.ovsdb_monitor [None req-9ee75d51-4be4-45d5-803d-460cf9e9247e None None] Hash Ring: Node 7d714f6e88ca53868c02e13a53b919e8 (host: np0000166382) handling event "create" for row 34f5dcad-c50d-448c-b596-e07a4d57f5e3 (table: Connection) {{(pid=104277) notify /opt/stack/neutron/neutron/plugins/ml2/drivers/ovn/mech_driver/ovsdb/ovsdb_monitor.py:914}}
Apr 15 06:11:25.705953 np0000166382 devstack@neutron-api.service[104277]: DEBUG neutron.plugins.ml2.drivers.ovn.mech_driver.ovsdb.ovsdb_monitor [None req-9ee75d51-4be4-45d5-803d-460cf9e9247e None None] Hash Ring: Node 7d714f6e88ca53868c02e13a53b919e8 (host: np0000166382) handling event "create" for row 6972edd6-a4be-4c9c-8103-67a2794c14a0 (table: NB_Global) {{(pid=104277) notify /opt/stack/neutron/neutron/plugins/ml2/drivers/ovn/mech_driver/ovsdb/ovsdb_monitor.py:914}}
Apr 15 06:11:25.706875 np0000166382 devstack@neutron-api.service[104277]: INFO neutron.plugins.ml2.drivers.ovn.mech_driver.ovsdb.impl_idl_ovn [None req-9ee75d51-4be4-45d5-803d-460cf9e9247e None None] Getting OvsdbSbOvnIdl for WorkerService with retry
Apr 15 06:11:25.708183 np0000166382 devstack@neutron-api.service[104280]: DEBUG ovsdbapp.backend.ovs_idl [None req-b44e010b-ed2d-4088-b292-29fb3d26b5b2 None None] Created lookup_table index Chassis.name {{(pid=104280) autocreate_indices /opt/stack/data/venv/lib/python3.12/site-packages/ovsdbapp/backend/ovs_idl/__init__.py:87}}
Apr 15 06:11:25.708280 np0000166382 devstack@neutron-api.service[104280]: DEBUG ovsdbapp.backend.ovs_idl [None req-b44e010b-ed2d-4088-b292-29fb3d26b5b2 None None] Created lookup_table index Port_Binding.logical_port {{(pid=104280) autocreate_indices /opt/stack/data/venv/lib/python3.12/site-packages/ovsdbapp/backend/ovs_idl/__init__.py:87}}
Apr 15 06:11:25.708376 np0000166382 devstack@neutron-api.service[104280]: DEBUG ovsdbapp.backend.ovs_idl [None req-b44e010b-ed2d-4088-b292-29fb3d26b5b2 None None] Created schema index Chassis_Private.name {{(pid=104280) autocreate_indices /opt/stack/data/venv/lib/python3.12/site-packages/ovsdbapp/backend/ovs_idl/__init__.py:106}}
Apr 15 06:11:25.708470 np0000166382 devstack@neutron-api.service[104280]: DEBUG ovsdbapp.backend.ovs_idl [None req-b44e010b-ed2d-4088-b292-29fb3d26b5b2 None None] Created schema index Datapath_Binding.tunnel_key {{(pid=104280) autocreate_indices /opt/stack/data/venv/lib/python3.12/site-packages/ovsdbapp/backend/ovs_idl/__init__.py:106}}
Apr 15 06:11:25.710382 np0000166382 devstack@neutron-api.service[104280]: INFO ovsdbapp.backend.ovs_idl.vlog [None req-b44e010b-ed2d-4088-b292-29fb3d26b5b2 None None] ssl:199.204.45.233:6642: connecting...
Apr 15 06:11:25.717412 np0000166382 devstack@neutron-api.service[104280]: INFO ovsdbapp.backend.ovs_idl.vlog [None req-b44e010b-ed2d-4088-b292-29fb3d26b5b2 None None] ssl:199.204.45.233:6642: connected
Apr 15 06:11:25.718187 np0000166382 devstack@neutron-api.service[104279]: DEBUG neutron.common.ovn.hash_ring_manager [None req-7909d67d-c83f-4bec-930e-75e07b92b7f4 None None] Allow caching, nodes 4>=4 {{(pid=104279) _wait_startup_before_caching /opt/stack/neutron/neutron/common/ovn/hash_ring_manager.py:65}}
Apr 15 06:11:25.722816 np0000166382 devstack@neutron-api.service[104279]: DEBUG neutron.common.ovn.hash_ring_manager [None req-7909d67d-c83f-4bec-930e-75e07b92b7f4 None None] Hash Ring loaded. 4 active nodes. 0 offline nodes {{(pid=104279) _load_hash_ring /opt/stack/neutron/neutron/common/ovn/hash_ring_manager.py:102}}
Apr 15 06:11:25.723098 np0000166382 devstack@neutron-api.service[104279]: DEBUG neutron.plugins.ml2.drivers.ovn.mech_driver.ovsdb.ovsdb_monitor [None req-7909d67d-c83f-4bec-930e-75e07b92b7f4 None None] ChassisOVNAgentWriteEvent : Matched Chassis_Private, create, None None {{(pid=104279) matches /opt/stack/neutron/neutron/plugins/ml2/drivers/ovn/mech_driver/ovsdb/ovsdb_monitor.py:64}}
Apr 15 06:11:25.723269 np0000166382 devstack@neutron-api.service[104279]: DEBUG neutron.plugins.ml2.drivers.ovn.mech_driver.ovsdb.ovsdb_monitor [None req-7909d67d-c83f-4bec-930e-75e07b92b7f4 None None] ChassisAgentWriteEvent : Matched Chassis_Private, create, None None {{(pid=104279) matches /opt/stack/neutron/neutron/plugins/ml2/drivers/ovn/mech_driver/ovsdb/ovsdb_monitor.py:64}}
Apr 15 06:11:25.726120 np0000166382 devstack@neutron-api.service[104279]: INFO neutron.plugins.ml2.drivers.ovn.mech_driver.mech_driver [None req-7909d67d-c83f-4bec-930e-75e07b92b7f4 None None] WorkerService process has finished the post initialization
Apr 15 06:11:25.727325 np0000166382 devstack@neutron-api.service[104279]: WSGI app 0 (mountpoint='') ready in 7 seconds on interpreter 0x7705b32a3668 pid: 104279 (default app)
Apr 15 06:11:25.737566 np0000166382 devstack@neutron-api.service[104277]: DEBUG ovsdbapp.backend.ovs_idl [None req-9ee75d51-4be4-45d5-803d-460cf9e9247e None None] Created lookup_table index Chassis.name {{(pid=104277) autocreate_indices /opt/stack/data/venv/lib/python3.12/site-packages/ovsdbapp/backend/ovs_idl/__init__.py:87}}
Apr 15 06:11:25.737750 np0000166382 devstack@neutron-api.service[104277]: DEBUG ovsdbapp.backend.ovs_idl [None req-9ee75d51-4be4-45d5-803d-460cf9e9247e None None] Created lookup_table index Port_Binding.logical_port {{(pid=104277) autocreate_indices /opt/stack/data/venv/lib/python3.12/site-packages/ovsdbapp/backend/ovs_idl/__init__.py:87}}
Apr 15 06:11:25.737750 np0000166382 devstack@neutron-api.service[104277]: DEBUG ovsdbapp.backend.ovs_idl [None req-9ee75d51-4be4-45d5-803d-460cf9e9247e None None] Created schema index Chassis_Private.name {{(pid=104277) autocreate_indices /opt/stack/data/venv/lib/python3.12/site-packages/ovsdbapp/backend/ovs_idl/__init__.py:106}}
Apr 15 06:11:25.737908 np0000166382 devstack@neutron-api.service[104277]: DEBUG ovsdbapp.backend.ovs_idl [None req-9ee75d51-4be4-45d5-803d-460cf9e9247e None None] Created schema index Datapath_Binding.tunnel_key {{(pid=104277) autocreate_indices /opt/stack/data/venv/lib/python3.12/site-packages/ovsdbapp/backend/ovs_idl/__init__.py:106}}
Apr 15 06:11:25.739645 np0000166382 devstack@neutron-api.service[104277]: INFO ovsdbapp.backend.ovs_idl.vlog [None req-9ee75d51-4be4-45d5-803d-460cf9e9247e None None] ssl:199.204.45.233:6642: connecting...
Apr 15 06:11:25.751834 np0000166382 devstack@neutron-api.service[104277]: INFO ovsdbapp.backend.ovs_idl.vlog [None req-9ee75d51-4be4-45d5-803d-460cf9e9247e None None] ssl:199.204.45.233:6642: connected
Apr 15 06:11:25.755966 np0000166382 devstack@neutron-api.service[104280]: DEBUG neutron.common.ovn.hash_ring_manager [None req-b44e010b-ed2d-4088-b292-29fb3d26b5b2 None None] Allow caching, nodes 4>=4 {{(pid=104280) _wait_startup_before_caching /opt/stack/neutron/neutron/common/ovn/hash_ring_manager.py:65}}
Apr 15 06:11:25.759468 np0000166382 devstack@neutron-api.service[104280]: DEBUG neutron.common.ovn.hash_ring_manager [None req-b44e010b-ed2d-4088-b292-29fb3d26b5b2 None None] Hash Ring loaded. 4 active nodes. 0 offline nodes {{(pid=104280) _load_hash_ring /opt/stack/neutron/neutron/common/ovn/hash_ring_manager.py:102}}
Apr 15 06:11:25.759643 np0000166382 devstack@neutron-api.service[104280]: DEBUG neutron.plugins.ml2.drivers.ovn.mech_driver.ovsdb.ovsdb_monitor [None req-b44e010b-ed2d-4088-b292-29fb3d26b5b2 None None] ChassisOVNAgentWriteEvent : Matched Chassis_Private, create, None None {{(pid=104280) matches /opt/stack/neutron/neutron/plugins/ml2/drivers/ovn/mech_driver/ovsdb/ovsdb_monitor.py:64}}
Apr 15 06:11:25.759786 np0000166382 devstack@neutron-api.service[104280]: DEBUG neutron.plugins.ml2.drivers.ovn.mech_driver.ovsdb.ovsdb_monitor [None req-b44e010b-ed2d-4088-b292-29fb3d26b5b2 None None] ChassisAgentWriteEvent : Matched Chassis_Private, create, None None {{(pid=104280) matches /opt/stack/neutron/neutron/plugins/ml2/drivers/ovn/mech_driver/ovsdb/ovsdb_monitor.py:64}}
Apr 15 06:11:25.762161 np0000166382 devstack@neutron-api.service[104280]: INFO neutron.plugins.ml2.drivers.ovn.mech_driver.mech_driver [None req-b44e010b-ed2d-4088-b292-29fb3d26b5b2 None None] WorkerService process has finished the post initialization
Apr 15 06:11:25.763391 np0000166382 devstack@neutron-api.service[104280]: WSGI app 0 (mountpoint='') ready in 7 seconds on interpreter 0x7705b32a3668 pid: 104280 (default app)
Apr 15 06:11:25.780907 np0000166382 devstack@neutron-api.service[104277]: DEBUG neutron.common.ovn.hash_ring_manager [None req-9ee75d51-4be4-45d5-803d-460cf9e9247e None None] Allow caching, nodes 4>=4 {{(pid=104277) _wait_startup_before_caching /opt/stack/neutron/neutron/common/ovn/hash_ring_manager.py:65}}
Apr 15 06:11:25.784436 np0000166382 devstack@neutron-api.service[104277]: DEBUG neutron.common.ovn.hash_ring_manager [None req-9ee75d51-4be4-45d5-803d-460cf9e9247e None None] Hash Ring loaded. 4 active nodes. 0 offline nodes {{(pid=104277) _load_hash_ring /opt/stack/neutron/neutron/common/ovn/hash_ring_manager.py:102}}
Apr 15 06:11:25.784567 np0000166382 devstack@neutron-api.service[104277]: DEBUG neutron.plugins.ml2.drivers.ovn.mech_driver.ovsdb.ovsdb_monitor [None req-9ee75d51-4be4-45d5-803d-460cf9e9247e None None] Hash Ring: Node 7d714f6e88ca53868c02e13a53b919e8 (host: np0000166382) handling event "create" for row 93c58463-c700-4b67-96c3-9d0e11b56bc9 (table: Chassis) {{(pid=104277) notify /opt/stack/neutron/neutron/plugins/ml2/drivers/ovn/mech_driver/ovsdb/ovsdb_monitor.py:914}}
Apr 15 06:11:25.785317 np0000166382 devstack@neutron-api.service[104277]: DEBUG ovsdbapp.backend.ovs_idl.event [None req-9ee75d51-4be4-45d5-803d-460cf9e9247e None None] Matched CREATE: ChassisBandwidthConfigEvent(events=('create', 'update'), table='Chassis', conditions=None, old_conditions=None), priority=20 to row=Chassis(uuid=93c58463-c700-4b67-96c3-9d0e11b56bc9, encaps=[840515a8-3c8f-4778-b938-3d94a4e6317c], external_ids={}, hostname='np0000166382', name='a16b8706-11e7-41e0-8661-c9bbf00f290e', nb_cfg=0, other_config={'ct-commit-nat-v2': 'true', 'ct-commit-to-zone': 'true', 'ct-next-zone': 'true', 'ct-no-masked-label': 'true', 'ct-state-save': 'true', 'datapath-type': 'system', 'fdb-timestamp': 'true', 'iface-types': 'afxdp,afxdp-nonpmd,bareudp,erspan,geneve,gre,gtpu,internal,ip6erspan,ip6gre,lisp,patch,srv6,stt,system,tap,vxlan', 'is-interconn': 'false', 'ls-dpg-column': 'true', 'mac-binding-timestamp': 'true', 'ovn-bridge-mappings': 'public:br-ex', 'ovn-chassis-mac-mappings': '', 'ovn-cms-options': 'enable-chassis-as-gw', 'ovn-ct-lb-related': 'true', 'ovn-enable-lflow-cache': 'true', 'ovn-limit-lflow-cache': '', 'ovn-memlimit-lflow-cache-kb': '', 'ovn-monitor-all': 'false', 'ovn-trim-limit-lflow-cache': '', 'ovn-trim-timeout-ms': '', 'ovn-trim-wmark-perc-lflow-cache': '', 'port-up-notif': 'true'}, transport_zones=[], vtep_logical_switches=[]) old= {{(pid=104277) matches /opt/stack/data/venv/lib/python3.12/site-packages/ovsdbapp/backend/ovs_idl/event.py:55}}
Apr 15 06:11:25.785799 np0000166382 devstack@neutron-api.service[104277]: DEBUG neutron.plugins.ml2.drivers.ovn.mech_driver.ovsdb.ovsdb_monitor [None req-9ee75d51-4be4-45d5-803d-460cf9e9247e None None] ChassisOVNAgentWriteEvent : Matched Chassis_Private, create, None None {{(pid=104277) matches /opt/stack/neutron/neutron/plugins/ml2/drivers/ovn/mech_driver/ovsdb/ovsdb_monitor.py:64}}
Apr 15 06:11:25.785904 np0000166382 devstack@neutron-api.service[104277]: DEBUG neutron.plugins.ml2.drivers.ovn.mech_driver.ovsdb.ovsdb_monitor [None req-9ee75d51-4be4-45d5-803d-460cf9e9247e None None] ChassisAgentWriteEvent : Matched Chassis_Private, create, None None {{(pid=104277) matches /opt/stack/neutron/neutron/plugins/ml2/drivers/ovn/mech_driver/ovsdb/ovsdb_monitor.py:64}}
Apr 15 06:11:25.786165 np0000166382 devstack@neutron-api.service[104277]: DEBUG neutron.plugins.ml2.drivers.ovn.mech_driver.ovsdb.ovsdb_monitor [None req-9ee75d51-4be4-45d5-803d-460cf9e9247e None None] Hash Ring: Node 7d714f6e88ca53868c02e13a53b919e8 (host: np0000166382) handling event "create" for row 6d727fb8-9220-45d0-bedb-1b1d00dcdacf (table: Chassis_Private) {{(pid=104277) notify /opt/stack/neutron/neutron/plugins/ml2/drivers/ovn/mech_driver/ovsdb/ovsdb_monitor.py:914}}
Apr 15 06:11:25.786365 np0000166382 devstack@neutron-api.service[104277]: DEBUG neutron.plugins.ml2.drivers.ovn.mech_driver.ovsdb.ovsdb_monitor [None req-9ee75d51-4be4-45d5-803d-460cf9e9247e None None] Hash Ring: Node 7d714f6e88ca53868c02e13a53b919e8 (host: np0000166382) handling event "create" for row 840515a8-3c8f-4778-b938-3d94a4e6317c (table: Encap) {{(pid=104277) notify /opt/stack/neutron/neutron/plugins/ml2/drivers/ovn/mech_driver/ovsdb/ovsdb_monitor.py:914}}
Apr 15 06:11:25.787563 np0000166382 devstack@neutron-api.service[104277]: INFO neutron.plugins.ml2.drivers.ovn.mech_driver.mech_driver [None req-9ee75d51-4be4-45d5-803d-460cf9e9247e None None] WorkerService process has finished the post initialization
Apr 15 06:11:25.788139 np0000166382 devstack@neutron-api.service[104277]: INFO neutron.plugins.ml2.drivers.ovn.mech_driver.ovsdb.extensions.qos [-] Starting OVNClientQosExtension
Apr 15 06:11:25.788855 np0000166382 devstack@neutron-api.service[104277]: INFO neutron.plugins.ml2.drivers.ovn.mech_driver.ovsdb.extensions.placement [-] Starting OVNClientPlacementExtension
Apr 15 06:11:25.790464 np0000166382 devstack@neutron-api.service[104277]: WSGI app 0 (mountpoint='') ready in 7 seconds on interpreter 0x7705b32a3668 pid: 104277 (default app)
Apr 15 06:11:27.551353 np0000166382 devstack@neutron-api.service[104277]: DEBUG neutron.plugins.ml2.drivers.ovn.mech_driver.ovsdb.ovsdb_monitor [-] Hash Ring: Node 7d714f6e88ca53868c02e13a53b919e8 (host: np0000166382) handling event "update" for row 34f5dcad-c50d-448c-b596-e07a4d57f5e3 (table: Connection) {{(pid=104277) notify /opt/stack/neutron/neutron/plugins/ml2/drivers/ovn/mech_driver/ovsdb/ovsdb_monitor.py:914}}
Apr 15 06:11:27.555713 np0000166382 devstack@neutron-api.service[104278]: DEBUG neutron.common.ovn.hash_ring_manager [-] Allow caching, nodes 4>=4 {{(pid=104278) _wait_startup_before_caching /opt/stack/neutron/neutron/common/ovn/hash_ring_manager.py:65}}
Apr 15 06:11:27.556123 np0000166382 devstack@neutron-api.service[104278]: DEBUG neutron.plugins.ml2.drivers.ovn.mech_driver.ovsdb.ovsdb_monitor [-] Hash Ring: Node 64a35b74fbcf528ca73d911cd2716ceb (host: np0000166382) handling event "update" for row 34f5dcad-c50d-448c-b596-e07a4d57f5e3 (table: Connection) {{(pid=104278) notify /opt/stack/neutron/neutron/plugins/ml2/drivers/ovn/mech_driver/ovsdb/ovsdb_monitor.py:914}}
Apr 15 06:11:30.053152 np0000166382 devstack@neutron-api.service[104278]: DEBUG neutron.plugins.ml2.drivers.ovn.mech_driver.ovsdb.ovsdb_monitor [-] Hash Ring: Node 64a35b74fbcf528ca73d911cd2716ceb (host: np0000166382) handling event "update" for row 34f5dcad-c50d-448c-b596-e07a4d57f5e3 (table: Connection) {{(pid=104278) notify /opt/stack/neutron/neutron/plugins/ml2/drivers/ovn/mech_driver/ovsdb/ovsdb_monitor.py:914}}
Apr 15 06:11:30.053825 np0000166382 devstack@neutron-api.service[104277]: DEBUG neutron.plugins.ml2.drivers.ovn.mech_driver.ovsdb.ovsdb_monitor [-] Hash Ring: Node 7d714f6e88ca53868c02e13a53b919e8 (host: np0000166382) handling event "update" for row 34f5dcad-c50d-448c-b596-e07a4d57f5e3 (table: Connection) {{(pid=104277) notify /opt/stack/neutron/neutron/plugins/ml2/drivers/ovn/mech_driver/ovsdb/ovsdb_monitor.py:914}}
Apr 15 06:11:31.298469 np0000166382 devstack@neutron-api.service[104278]: DEBUG neutron.api.wsgi [None req-34237be1-8be9-4b33-9b15-51f3ef323358 admin admin] Missing Content-Type {{(pid=104278) get_content_type /opt/stack/neutron/neutron/api/wsgi.py:85}}
Apr 15 06:11:31.299184 np0000166382 devstack@neutron-api.service[104278]: DEBUG neutron.api.wsgi [None req-34237be1-8be9-4b33-9b15-51f3ef323358 admin admin] https://199.204.45.233/networking/v2.0/extensions returned with HTTP 200 {{(pid=104278) __call__ /opt/stack/neutron/neutron/api/wsgi.py:545}}
Apr 15 06:11:31.299184 np0000166382 devstack@neutron-api.service[104278]: [pid: 104278|app: 0|req: 2/2] 199.204.45.233 () {64 vars in 1323 bytes} [Wed Apr 15 06:11:30 2026] GET /networking/v2.0/extensions => generated 15209 bytes in 406 msecs (HTTP/1.1 200) 4 headers in 159 bytes (1 switches on core 0)
Apr 15 06:11:31.693041 np0000166382 devstack@neutron-api.service[104279]: DEBUG neutron.api.v2.base [None req-8415cab9-7778-4764-bbf4-e94425b3f034 admin admin] Request body: {'subnetpool': {'default_prefixlen': 26, 'prefixes': ['10.1.0.0/20'], 'is_default': True, 'shared': True, 'name': 'shared-default-subnetpool-v4'}} {{(pid=104279) prepare_request_body /opt/stack/neutron/neutron/api/v2/base.py:729}}
Apr 15 06:11:31.894925 np0000166382 devstack@neutron-api.service[104279]: DEBUG neutron.policy [None req-8415cab9-7778-4764-bbf4-e94425b3f034 admin admin] Loaded default policies from ['neutron'] under neutron.policies entry points {{(pid=104279) register_rules /opt/stack/neutron/neutron/policy.py:65}}
Apr 15 06:11:32.044911 np0000166382 devstack@neutron-api.service[104279]: DEBUG neutron_lib.callbacks.manager [None req-8415cab9-7778-4764-bbf4-e94425b3f034 admin admin] Publish callbacks ['neutron.objects.securitygroup.RbacNeutronDbObjectMixin.validate_rbac_policy_change-1540532829589', 'neutron.objects.address_group.RbacNeutronDbObjectMixin.validate_rbac_policy_change-1540532789656', 'neutron.objects.network.RbacNeutronDbObjectMixin.validate_rbac_policy_change-1540532771527', 'neutron.objects.qos.policy.RbacNeutronDbObjectMixin.validate_rbac_policy_change-1540532774446', 'neutron.objects.subnetpool.RbacNeutronDbObjectMixin.validate_rbac_policy_change-1540532759242', 'neutron.objects.address_scope.RbacNeutronDbObjectMixin.validate_rbac_policy_change-1540532759423', 'neutron.plugins.ml2.plugin.External_net_db_mixin._process_ext_policy_create-103858', 'neutron.plugins.ml2.plugin.NeutronDbPluginV2.validate_network_rbac_policy_change-125278'] for rbac-policy (None), before_create {{(pid=104279) _notify_loop /opt/stack/data/venv/lib/python3.12/site-packages/neutron_lib/callbacks/manager.py:184}}
Apr 15 06:11:32.098679 np0000166382 devstack@neutron-api.service[104279]: DEBUG neutron_lib.callbacks.manager [None req-8415cab9-7778-4764-bbf4-e94425b3f034 admin admin] Publish callbacks [] for subnetpool (None), before_response {{(pid=104279) _notify_loop /opt/stack/data/venv/lib/python3.12/site-packages/neutron_lib/callbacks/manager.py:184}}
Apr 15 06:11:32.099277 np0000166382 devstack@neutron-api.service[104279]: [pid: 104279|app: 0|req: 1/3] 199.204.45.233 () {68 vars in 1367 bytes} [Wed Apr 15 06:11:31 2026] POST /networking/v2.0/subnetpools => generated 533 bytes in 513 msecs (HTTP/1.1 201) 4 headers in 162 bytes (1 switches on core 0)
Apr 15 06:11:32.425276 np0000166382 devstack@neutron-api.service[104280]: DEBUG neutron.api.v2.base [None req-f1b78f34-d33d-4b39-9e20-f5507037c723 admin admin] Request body: {'subnetpool': {'default_prefixlen': 64, 'prefixes': ['fd6f:769e:6db2::/56'], 'is_default': True, 'shared': True, 'name': 'shared-default-subnetpool-v6'}} {{(pid=104280) prepare_request_body /opt/stack/neutron/neutron/api/v2/base.py:729}}
Apr 15 06:11:32.594692 np0000166382 devstack@neutron-api.service[104280]: DEBUG neutron.policy [None req-f1b78f34-d33d-4b39-9e20-f5507037c723 admin admin] Loaded default policies from ['neutron'] under neutron.policies entry points {{(pid=104280) register_rules /opt/stack/neutron/neutron/policy.py:65}}
Apr 15 06:11:32.747764 np0000166382 devstack@neutron-api.service[104280]: DEBUG neutron_lib.callbacks.manager [None req-f1b78f34-d33d-4b39-9e20-f5507037c723 admin admin] Publish callbacks ['neutron.objects.securitygroup.RbacNeutronDbObjectMixin.validate_rbac_policy_change-1540532850672', 'neutron.objects.address_group.RbacNeutronDbObjectMixin.validate_rbac_policy_change-1540532823012', 'neutron.objects.network.RbacNeutronDbObjectMixin.validate_rbac_policy_change-1540532782055', 'neutron.objects.qos.policy.RbacNeutronDbObjectMixin.validate_rbac_policy_change-1540532735698', 'neutron.objects.subnetpool.RbacNeutronDbObjectMixin.validate_rbac_policy_change-1540532757145', 'neutron.objects.address_scope.RbacNeutronDbObjectMixin.validate_rbac_policy_change-1540532757962', 'neutron.plugins.ml2.plugin.External_net_db_mixin._process_ext_policy_create-236992', 'neutron.plugins.ml2.plugin.NeutronDbPluginV2.validate_network_rbac_policy_change-251988'] for rbac-policy (None), before_create {{(pid=104280) _notify_loop /opt/stack/data/venv/lib/python3.12/site-packages/neutron_lib/callbacks/manager.py:184}}
Apr 15 06:11:32.796538 np0000166382 devstack@neutron-api.service[104280]: DEBUG neutron_lib.callbacks.manager [None req-f1b78f34-d33d-4b39-9e20-f5507037c723 admin admin] Publish callbacks [] for subnetpool (None), before_response {{(pid=104280) _notify_loop /opt/stack/data/venv/lib/python3.12/site-packages/neutron_lib/callbacks/manager.py:184}}
Apr 15 06:11:32.797545 np0000166382 devstack@neutron-api.service[104280]: [pid: 104280|app: 0|req: 1/4] 199.204.45.233 () {68 vars in 1367 bytes} [Wed Apr 15 06:11:32 2026] POST /networking/v2.0/subnetpools => generated 543 bytes in 486 msecs (HTTP/1.1 201) 4 headers in 162 bytes (1 switches on core 0)
Apr 15 06:11:33.197903 np0000166382 devstack@neutron-api.service[104277]: DEBUG neutron.api.v2.base [None req-a6f30e95-4a80-4ee9-a3da-bdc0489653fa admin admin] Request body: {'network': {'admin_state_up': True, 'name': 'private'}} {{(pid=104277) prepare_request_body /opt/stack/neutron/neutron/api/v2/base.py:729}}
Apr 15 06:11:33.228217 np0000166382 devstack@neutron-api.service[104277]: DEBUG neutron.pecan_wsgi.hooks.quota_enforcement [None req-a6f30e95-4a80-4ee9-a3da-bdc0489653fa admin admin] Made reservation on behalf of dfb73bbe7c4c462cbb4211374fe49b64 for: {'network': 1} {{(pid=104277) before /opt/stack/neutron/neutron/pecan_wsgi/hooks/quota_enforcement.py:66}}
Apr 15 06:11:33.400989 np0000166382 devstack@neutron-api.service[104277]: DEBUG neutron.policy [None req-a6f30e95-4a80-4ee9-a3da-bdc0489653fa admin admin] Loaded default policies from ['neutron'] under neutron.policies entry points {{(pid=104277) register_rules /opt/stack/neutron/neutron/policy.py:65}}
Apr 15 06:11:33.502904 np0000166382 devstack@neutron-api.service[104277]: DEBUG neutron_lib.callbacks.manager [None req-a6f30e95-4a80-4ee9-a3da-bdc0489653fa admin admin] Publish callbacks ['neutron.plugins.ml2.plugin.SecurityGroupDbMixin._ensure_default_security_group_handler-939098'] for network (None), before_create {{(pid=104277) _notify_loop /opt/stack/data/venv/lib/python3.12/site-packages/neutron_lib/callbacks/manager.py:184}}
Apr 15 06:11:33.523171 np0000166382 devstack@neutron-api.service[104277]: DEBUG neutron_lib.callbacks.manager [None req-a6f30e95-4a80-4ee9-a3da-bdc0489653fa admin admin] Publish callbacks [] for security_group (None), before_create {{(pid=104277) _notify_loop /opt/stack/data/venv/lib/python3.12/site-packages/neutron_lib/callbacks/manager.py:184}}
Apr 15 06:11:33.608924 np0000166382 devstack@neutron-api.service[104277]: DEBUG neutron_lib.callbacks.manager [None req-a6f30e95-4a80-4ee9-a3da-bdc0489653fa admin admin] Publish callbacks ['neutron.plugins.ml2.drivers.ovn.mech_driver.mech_driver.OVNMechanismDriver._create_security_group_precommit-312178'] for security_group (fc065243-4c90-4ecb-937c-2a09e293c01b), precommit_create {{(pid=104277) _notify_loop /opt/stack/data/venv/lib/python3.12/site-packages/neutron_lib/callbacks/manager.py:184}}
Apr 15 06:11:33.609140 np0000166382 devstack@neutron-api.service[104277]: DEBUG neutron.db.ovn_revision_numbers_db [None req-a6f30e95-4a80-4ee9-a3da-bdc0489653fa admin admin] create_initial_revision uuid=fc065243-4c90-4ecb-937c-2a09e293c01b, type=security_groups, rev=-1 {{(pid=104277) create_initial_revision /opt/stack/neutron/neutron/db/ovn_revision_numbers_db.py:98}}
Apr 15 06:11:33.611466 np0000166382 devstack@neutron-api.service[104277]: DEBUG neutron.db.ovn_revision_numbers_db [None req-a6f30e95-4a80-4ee9-a3da-bdc0489653fa admin admin] create_initial_revision uuid=1f4fa1b5-df76-4ecb-b74f-bc3ea50aa0ba, type=security_group_rules, rev=-1 {{(pid=104277) create_initial_revision /opt/stack/neutron/neutron/db/ovn_revision_numbers_db.py:98}}
Apr 15 06:11:33.612365 np0000166382 devstack@neutron-api.service[104277]: DEBUG neutron.db.ovn_revision_numbers_db [None req-a6f30e95-4a80-4ee9-a3da-bdc0489653fa admin admin] create_initial_revision uuid=274923e6-bfaf-44ec-8f9d-0e1dabb583b4, type=security_group_rules, rev=-1 {{(pid=104277) create_initial_revision /opt/stack/neutron/neutron/db/ovn_revision_numbers_db.py:98}}
Apr 15 06:11:33.613263 np0000166382 devstack@neutron-api.service[104277]: DEBUG neutron.db.ovn_revision_numbers_db [None req-a6f30e95-4a80-4ee9-a3da-bdc0489653fa admin admin] create_initial_revision uuid=d92d9fdb-dc66-4f4a-b766-9825b44c7ee5, type=security_group_rules, rev=-1 {{(pid=104277) create_initial_revision /opt/stack/neutron/neutron/db/ovn_revision_numbers_db.py:98}}
Apr 15 06:11:33.614229 np0000166382 devstack@neutron-api.service[104277]: DEBUG neutron.db.ovn_revision_numbers_db [None req-a6f30e95-4a80-4ee9-a3da-bdc0489653fa admin admin] create_initial_revision uuid=e2f0b8ad-b1bc-4725-ba35-d885e5006a05, type=security_group_rules, rev=-1 {{(pid=104277) create_initial_revision /opt/stack/neutron/neutron/db/ovn_revision_numbers_db.py:98}}
Apr 15 06:11:33.624747 np0000166382 devstack@neutron-api.service[104277]: DEBUG neutron_lib.callbacks.manager [None req-a6f30e95-4a80-4ee9-a3da-bdc0489653fa admin admin] Publish callbacks ['neutron.plugins.ml2.drivers.ovn.mech_driver.mech_driver.OVNMechanismDriver._create_security_group-312068', 'neutron.plugins.ml2.ovo_rpc._ObjectChangeHandler.handle_event-7515886'] for security_group (fc065243-4c90-4ecb-937c-2a09e293c01b), after_create {{(pid=104277) _notify_loop /opt/stack/data/venv/lib/python3.12/site-packages/neutron_lib/callbacks/manager.py:184}}
Apr 15 06:11:33.626220 np0000166382 devstack@neutron-api.service[104277]: DEBUG ovsdbapp.backend.ovs_idl.transaction [-] Running txn n=1 command(idx=0): PgAddCommand(_result=None, name=pg_fc065243_4c90_4ecb_937c_2a09e293c01b, may_exist=False, columns={'acls': [], 'external_ids': {'neutron:security_group_id': 'fc065243-4c90-4ecb-937c-2a09e293c01b'}}) {{(pid=104277) do_commit /opt/stack/data/venv/lib/python3.12/site-packages/ovsdbapp/backend/ovs_idl/transaction.py:89}}
Apr 15 06:11:33.628375 np0000166382 devstack@neutron-api.service[104277]: DEBUG ovsdbapp.backend.ovs_idl.transaction [-] Running txn n=1 command(idx=1): PgAclAddCommand(_result=None, entity=pg_fc065243_4c90_4ecb_937c_2a09e293c01b, direction=to-lport, priority=1002, match=outport == @pg_fc065243_4c90_4ecb_937c_2a09e293c01b && ip4 && ip4.src == $pg_fc065243_4c90_4ecb_937c_2a09e293c01b_ip4, action=allow-related, log=False, may_exist=True, severity=[], name=[], meter=[], external_ids={'neutron:security_group_rule_id': '1f4fa1b5-df76-4ecb-b74f-bc3ea50aa0ba'}) {{(pid=104277) do_commit /opt/stack/data/venv/lib/python3.12/site-packages/ovsdbapp/backend/ovs_idl/transaction.py:89}}
Apr 15 06:11:33.629040 np0000166382 devstack@neutron-api.service[104277]: DEBUG ovsdbapp.backend.ovs_idl.transaction [-] Running txn n=1 command(idx=2): PgAclAddCommand(_result=None, entity=pg_fc065243_4c90_4ecb_937c_2a09e293c01b, direction=from-lport, priority=1002, match=inport == @pg_fc065243_4c90_4ecb_937c_2a09e293c01b && ip6, action=allow-related, log=False, may_exist=True, severity=[], name=[], meter=[], external_ids={'neutron:security_group_rule_id': '274923e6-bfaf-44ec-8f9d-0e1dabb583b4'}) {{(pid=104277) do_commit /opt/stack/data/venv/lib/python3.12/site-packages/ovsdbapp/backend/ovs_idl/transaction.py:89}}
Apr 15 06:11:33.629561 np0000166382 devstack@neutron-api.service[104277]: DEBUG ovsdbapp.backend.ovs_idl.transaction [-] Running txn n=1 command(idx=3): PgAclAddCommand(_result=None, entity=pg_fc065243_4c90_4ecb_937c_2a09e293c01b, direction=from-lport, priority=1002, match=inport == @pg_fc065243_4c90_4ecb_937c_2a09e293c01b && ip4, action=allow-related, log=False, may_exist=True, severity=[], name=[], meter=[], external_ids={'neutron:security_group_rule_id': 'd92d9fdb-dc66-4f4a-b766-9825b44c7ee5'}) {{(pid=104277) do_commit /opt/stack/data/venv/lib/python3.12/site-packages/ovsdbapp/backend/ovs_idl/transaction.py:89}}
Apr 15 06:11:33.630084 np0000166382 devstack@neutron-api.service[104277]: DEBUG ovsdbapp.backend.ovs_idl.transaction [-] Running txn n=1 command(idx=4): PgAclAddCommand(_result=None, entity=pg_fc065243_4c90_4ecb_937c_2a09e293c01b, direction=to-lport, priority=1002, match=outport == @pg_fc065243_4c90_4ecb_937c_2a09e293c01b && ip6 && ip6.src == $pg_fc065243_4c90_4ecb_937c_2a09e293c01b_ip6, action=allow-related, log=False, may_exist=True, severity=[], name=[], meter=[], external_ids={'neutron:security_group_rule_id': 'e2f0b8ad-b1bc-4725-ba35-d885e5006a05'}) {{(pid=104277) do_commit /opt/stack/data/venv/lib/python3.12/site-packages/ovsdbapp/backend/ovs_idl/transaction.py:89}}
Apr 15 06:11:33.637811 np0000166382 devstack@neutron-api.service[104277]: DEBUG neutron.plugins.ml2.drivers.ovn.mech_driver.ovsdb.ovsdb_monitor [-] Hash Ring: Node 7d714f6e88ca53868c02e13a53b919e8 (host: np0000166382) handling event "create" for row 1cb0f21e-371d-4fac-b899-20c2ea724930 (table: ACL) {{(pid=104277) notify /opt/stack/neutron/neutron/plugins/ml2/drivers/ovn/mech_driver/ovsdb/ovsdb_monitor.py:914}}
Apr 15 06:11:33.638973 np0000166382 devstack@neutron-api.service[104280]: DEBUG neutron.plugins.ml2.drivers.ovn.mech_driver.ovsdb.ovsdb_monitor [-] Hash Ring: Node d15470a413615b62bc688ef7ab23db45 (host: np0000166382) handling event "create" for row 82bb1f22-c796-4b7f-ae8e-97536ebc0f57 (table: ACL) {{(pid=104280) notify /opt/stack/neutron/neutron/plugins/ml2/drivers/ovn/mech_driver/ovsdb/ovsdb_monitor.py:914}}
Apr 15 06:11:33.639403 np0000166382 devstack@neutron-api.service[104280]: DEBUG neutron.plugins.ml2.drivers.ovn.mech_driver.ovsdb.ovsdb_monitor [-] Hash Ring: Node d15470a413615b62bc688ef7ab23db45 (host: np0000166382) handling event "create" for row b5684cc4-fcf0-48f6-90cd-bec7de053ff6 (table: ACL) {{(pid=104280) notify /opt/stack/neutron/neutron/plugins/ml2/drivers/ovn/mech_driver/ovsdb/ovsdb_monitor.py:914}}
Apr 15 06:11:33.639403 np0000166382 devstack@neutron-api.service[104280]: DEBUG neutron.plugins.ml2.drivers.ovn.mech_driver.ovsdb.ovsdb_monitor [-] Hash Ring: Node d15470a413615b62bc688ef7ab23db45 (host: np0000166382) handling event "create" for row 55417237-7b42-4309-8624-7d3a66428b8c (table: Port_Group) {{(pid=104280) notify /opt/stack/neutron/neutron/plugins/ml2/drivers/ovn/mech_driver/ovsdb/ovsdb_monitor.py:914}}
Apr 15 06:11:33.639790 np0000166382 devstack@neutron-api.service[104278]: DEBUG neutron.plugins.ml2.drivers.ovn.mech_driver.ovsdb.ovsdb_monitor [-] Hash Ring: Node 64a35b74fbcf528ca73d911cd2716ceb (host: np0000166382) handling event "create" for row 1cb0f21e-371d-4fac-b899-20c2ea724930 (table: ACL) {{(pid=104278) notify /opt/stack/neutron/neutron/plugins/ml2/drivers/ovn/mech_driver/ovsdb/ovsdb_monitor.py:914}}
Apr 15 06:11:33.640299 np0000166382 devstack@neutron-api.service[104278]: DEBUG neutron.plugins.ml2.drivers.ovn.mech_driver.ovsdb.ovsdb_monitor [-] Hash Ring: Node 64a35b74fbcf528ca73d911cd2716ceb (host: np0000166382) handling event "create" for row 82bb1f22-c796-4b7f-ae8e-97536ebc0f57 (table: ACL) {{(pid=104278) notify /opt/stack/neutron/neutron/plugins/ml2/drivers/ovn/mech_driver/ovsdb/ovsdb_monitor.py:914}}
Apr 15 06:11:33.640703 np0000166382 devstack@neutron-api.service[104278]: DEBUG neutron.plugins.ml2.drivers.ovn.mech_driver.ovsdb.ovsdb_monitor [-] Hash Ring: Node 64a35b74fbcf528ca73d911cd2716ceb (host: np0000166382) handling event "create" for row a9f64dfb-9536-45ff-b11f-83f54deaa778 (table: ACL) {{(pid=104278) notify /opt/stack/neutron/neutron/plugins/ml2/drivers/ovn/mech_driver/ovsdb/ovsdb_monitor.py:914}}
Apr 15 06:11:33.641016 np0000166382 devstack@neutron-api.service[104278]: DEBUG neutron.plugins.ml2.drivers.ovn.mech_driver.ovsdb.ovsdb_monitor [-] Hash Ring: Node 64a35b74fbcf528ca73d911cd2716ceb (host: np0000166382) handling event "create" for row b5684cc4-fcf0-48f6-90cd-bec7de053ff6 (table: ACL) {{(pid=104278) notify /opt/stack/neutron/neutron/plugins/ml2/drivers/ovn/mech_driver/ovsdb/ovsdb_monitor.py:914}}
Apr 15 06:11:33.641293 np0000166382 devstack@neutron-api.service[104278]: DEBUG neutron.plugins.ml2.drivers.ovn.mech_driver.ovsdb.ovsdb_monitor [-] Hash Ring: Node 64a35b74fbcf528ca73d911cd2716ceb (host: np0000166382) handling event "create" for row 55417237-7b42-4309-8624-7d3a66428b8c (table: Port_Group) {{(pid=104278) notify /opt/stack/neutron/neutron/plugins/ml2/drivers/ovn/mech_driver/ovsdb/ovsdb_monitor.py:914}}
Apr 15 06:11:33.664564 np0000166382 devstack@neutron-api.service[104277]: INFO neutron.db.ovn_revision_numbers_db [None req-a6f30e95-4a80-4ee9-a3da-bdc0489653fa admin admin] Successfully bumped revision number for resource fc065243-4c90-4ecb-937c-2a09e293c01b (type: security_groups) to 1
Apr 15 06:11:33.683114 np0000166382 devstack@neutron-api.service[104277]: INFO neutron.db.ovn_revision_numbers_db [None req-a6f30e95-4a80-4ee9-a3da-bdc0489653fa admin admin] Successfully bumped revision number for resource 1f4fa1b5-df76-4ecb-b74f-bc3ea50aa0ba (type: security_group_rules) to 0
Apr 15 06:11:33.698143 np0000166382 devstack@neutron-api.service[104277]: INFO neutron.db.ovn_revision_numbers_db [None req-a6f30e95-4a80-4ee9-a3da-bdc0489653fa admin admin] Successfully bumped revision number for resource 274923e6-bfaf-44ec-8f9d-0e1dabb583b4 (type: security_group_rules) to 0
Apr 15 06:11:33.713484 np0000166382 devstack@neutron-api.service[104277]: INFO neutron.db.ovn_revision_numbers_db [None req-a6f30e95-4a80-4ee9-a3da-bdc0489653fa admin admin] Successfully bumped revision number for resource d92d9fdb-dc66-4f4a-b766-9825b44c7ee5 (type: security_group_rules) to 0
Apr 15 06:11:33.729496 np0000166382 devstack@neutron-api.service[104277]: INFO neutron.db.ovn_revision_numbers_db [None req-a6f30e95-4a80-4ee9-a3da-bdc0489653fa admin admin] Successfully bumped revision number for resource e2f0b8ad-b1bc-4725-ba35-d885e5006a05 (type: security_group_rules) to 0
Apr 15 06:11:33.751252 np0000166382 devstack@neutron-api.service[104277]: DEBUG neutron.api.rpc.handlers.resources_rpc [None req-a6f30e95-4a80-4ee9-a3da-bdc0489653fa admin admin] Pushing event updated for resources: {'SecurityGroup': ['ID=fc065243-4c90-4ecb-937c-2a09e293c01b,revision_number=1']} {{(pid=104277) push /opt/stack/neutron/neutron/api/rpc/handlers/resources_rpc.py:237}}
Apr 15 06:11:33.758417 np0000166382 devstack@neutron-api.service[104277]: DEBUG ovsdbapp.backend.ovs_idl.transaction [-] Running txn n=1 command(idx=0): CheckLivenessCommand(_result=None) {{(pid=104277) do_commit /opt/stack/data/venv/lib/python3.12/site-packages/ovsdbapp/backend/ovs_idl/transaction.py:89}}
Apr 15 06:11:33.761020 np0000166382 devstack@neutron-api.service[104278]: DEBUG neutron.plugins.ml2.drivers.ovn.mech_driver.ovsdb.ovsdb_monitor [-] Hash Ring: Node 64a35b74fbcf528ca73d911cd2716ceb (host: np0000166382) handling event "update" for row 6972edd6-a4be-4c9c-8103-67a2794c14a0 (table: NB_Global) {{(pid=104278) notify /opt/stack/neutron/neutron/plugins/ml2/drivers/ovn/mech_driver/ovsdb/ovsdb_monitor.py:914}}
Apr 15 06:11:33.761190 np0000166382 devstack@neutron-api.service[104277]: DEBUG neutron.plugins.ml2.drivers.ovn.mech_driver.ovsdb.ovsdb_monitor [-] Hash Ring: Node 7d714f6e88ca53868c02e13a53b919e8 (host: np0000166382) handling event "update" for row 6972edd6-a4be-4c9c-8103-67a2794c14a0 (table: NB_Global) {{(pid=104277) notify /opt/stack/neutron/neutron/plugins/ml2/drivers/ovn/mech_driver/ovsdb/ovsdb_monitor.py:914}}
Apr 15 06:11:33.761895 np0000166382 devstack@neutron-api.service[104278]: DEBUG neutron.plugins.ml2.drivers.ovn.mech_driver.ovsdb.ovsdb_monitor [-] Hash Ring: Node 64a35b74fbcf528ca73d911cd2716ceb (host: np0000166382) handling event "update" for row 6972edd6-a4be-4c9c-8103-67a2794c14a0 (table: NB_Global) {{(pid=104278) notify /opt/stack/neutron/neutron/plugins/ml2/drivers/ovn/mech_driver/ovsdb/ovsdb_monitor.py:914}}
Apr 15 06:11:33.762212 np0000166382 devstack@neutron-api.service[104277]: DEBUG neutron.plugins.ml2.drivers.ovn.mech_driver.ovsdb.ovsdb_monitor [-] Hash Ring: Node 7d714f6e88ca53868c02e13a53b919e8 (host: np0000166382) handling event "update" for row 6972edd6-a4be-4c9c-8103-67a2794c14a0 (table: NB_Global) {{(pid=104277) notify /opt/stack/neutron/neutron/plugins/ml2/drivers/ovn/mech_driver/ovsdb/ovsdb_monitor.py:914}}
Apr 15 06:11:33.762691 np0000166382 devstack@neutron-api.service[104278]: DEBUG neutron.plugins.ml2.drivers.ovn.mech_driver.ovsdb.ovsdb_monitor [-] Hash Ring: Node 64a35b74fbcf528ca73d911cd2716ceb (host: np0000166382) handling event "update" for row 6972edd6-a4be-4c9c-8103-67a2794c14a0 (table: NB_Global) {{(pid=104278) notify /opt/stack/neutron/neutron/plugins/ml2/drivers/ovn/mech_driver/ovsdb/ovsdb_monitor.py:914}}
Apr 15 06:11:33.762921 np0000166382 devstack@neutron-api.service[104277]: DEBUG neutron.plugins.ml2.drivers.ovn.mech_driver.ovsdb.ovsdb_monitor [-] Hash Ring: Node 7d714f6e88ca53868c02e13a53b919e8 (host: np0000166382) handling event "update" for row 6972edd6-a4be-4c9c-8103-67a2794c14a0 (table: NB_Global) {{(pid=104277) notify /opt/stack/neutron/neutron/plugins/ml2/drivers/ovn/mech_driver/ovsdb/ovsdb_monitor.py:914}}
Apr 15 06:11:33.764322 np0000166382 devstack@neutron-api.service[104278]: DEBUG neutron.plugins.ml2.drivers.ovn.mech_driver.ovsdb.ovsdb_monitor [-] ChassisAgentWriteEvent : Matched Chassis_Private, update, None None {{(pid=104278) matches /opt/stack/neutron/neutron/plugins/ml2/drivers/ovn/mech_driver/ovsdb/ovsdb_monitor.py:64}}
Apr 15 06:11:33.764859 np0000166382 devstack@neutron-api.service[104280]: DEBUG neutron.plugins.ml2.drivers.ovn.mech_driver.ovsdb.ovsdb_monitor [-] ChassisAgentWriteEvent : Matched Chassis_Private, update, None None {{(pid=104280) matches /opt/stack/neutron/neutron/plugins/ml2/drivers/ovn/mech_driver/ovsdb/ovsdb_monitor.py:64}}
Apr 15 06:11:33.765994 np0000166382 devstack@neutron-api.service[104277]: DEBUG neutron.api.rpc.callbacks.version_manager [None req-a6f30e95-4a80-4ee9-a3da-bdc0489653fa admin admin] Tracked resource versions report:
Apr 15 06:11:33.765994 np0000166382 devstack@neutron-api.service[104277]: pushed versions:
Apr 15 06:11:33.765994 np0000166382 devstack@neutron-api.service[104277]: { 'AddressGroup': {'1.2'},
Apr 15 06:11:33.765994 np0000166382 devstack@neutron-api.service[104277]: 'Agent': {'1.1'},
Apr 15 06:11:33.765994 np0000166382 devstack@neutron-api.service[104277]: 'ConntrackHelper': {'1.0'},
Apr 15 06:11:33.765994 np0000166382 devstack@neutron-api.service[104277]: 'LocalIPAssociation': {'1.0'},
Apr 15 06:11:33.765994 np0000166382 devstack@neutron-api.service[104277]: 'Log': {'1.0'},
Apr 15 06:11:33.765994 np0000166382 devstack@neutron-api.service[104277]: 'NDPProxy': {'1.0'},
Apr 15 06:11:33.765994 np0000166382 devstack@neutron-api.service[104277]: 'Network': {'1.2'},
Apr 15 06:11:33.765994 np0000166382 devstack@neutron-api.service[104277]: 'Port': {'1.10'},
Apr 15 06:11:33.765994 np0000166382 devstack@neutron-api.service[104277]: 'PortForwarding': {'1.3'},
Apr 15 06:11:33.765994 np0000166382 devstack@neutron-api.service[104277]: 'QosPolicy': {'1.10'},
Apr 15 06:11:33.765994 np0000166382 devstack@neutron-api.service[104277]: 'SecurityGroup': {'1.6'},
Apr 15 06:11:33.765994 np0000166382 devstack@neutron-api.service[104277]: 'SecurityGroupRule': {'1.3'},
Apr 15 06:11:33.765994 np0000166382 devstack@neutron-api.service[104277]: 'SubPort': {'1.0'},
Apr 15 06:11:33.765994 np0000166382 devstack@neutron-api.service[104277]: 'Subnet': {'1.2'},
Apr 15 06:11:33.765994 np0000166382 devstack@neutron-api.service[104277]: 'Trunk': {'1.1'}}
Apr 15 06:11:33.765994 np0000166382 devstack@neutron-api.service[104277]: consumer versions:
Apr 15 06:11:33.765994 np0000166382 devstack@neutron-api.service[104277]: {}
Apr 15 06:11:33.765994 np0000166382 devstack@neutron-api.service[104277]: {{(pid=104277) report /opt/stack/neutron/neutron/api/rpc/callbacks/version_manager.py:183}}
Apr 15 06:11:33.767800 np0000166382 devstack@neutron-api.service[104279]: DEBUG neutron.plugins.ml2.drivers.ovn.mech_driver.ovsdb.ovsdb_monitor [-] ChassisAgentWriteEvent : Matched Chassis_Private, update, None None {{(pid=104279) matches /opt/stack/neutron/neutron/plugins/ml2/drivers/ovn/mech_driver/ovsdb/ovsdb_monitor.py:64}}
Apr 15 06:11:33.768852 np0000166382 devstack@neutron-api.service[104278]: DEBUG neutron.plugins.ml2.drivers.ovn.mech_driver.ovsdb.ovsdb_monitor [-] Hash Ring: Node 64a35b74fbcf528ca73d911cd2716ceb (host: np0000166382) handling event "update" for row 6972edd6-a4be-4c9c-8103-67a2794c14a0 (table: NB_Global) {{(pid=104278) notify /opt/stack/neutron/neutron/plugins/ml2/drivers/ovn/mech_driver/ovsdb/ovsdb_monitor.py:914}}
Apr 15 06:11:33.770396 np0000166382 devstack@neutron-api.service[104280]: DEBUG neutron.plugins.ml2.drivers.ovn.mech_driver.ovsdb.ovsdb_monitor [-] ChassisOVNAgentWriteEvent : Matched Chassis_Private, update, None None {{(pid=104280) matches /opt/stack/neutron/neutron/plugins/ml2/drivers/ovn/mech_driver/ovsdb/ovsdb_monitor.py:64}}
Apr 15 06:11:33.771268 np0000166382 devstack@neutron-api.service[104279]: DEBUG neutron.plugins.ml2.drivers.ovn.mech_driver.ovsdb.ovsdb_monitor [-] ChassisOVNAgentWriteEvent : Matched Chassis_Private, update, None None {{(pid=104279) matches /opt/stack/neutron/neutron/plugins/ml2/drivers/ovn/mech_driver/ovsdb/ovsdb_monitor.py:64}}
Apr 15 06:11:33.771669 np0000166382 devstack@neutron-api.service[104277]: DEBUG neutron.plugins.ml2.drivers.ovn.mech_driver.ovsdb.ovsdb_monitor [-] Hash Ring: Node 7d714f6e88ca53868c02e13a53b919e8 (host: np0000166382) handling event "update" for row 6972edd6-a4be-4c9c-8103-67a2794c14a0 (table: NB_Global) {{(pid=104277) notify /opt/stack/neutron/neutron/plugins/ml2/drivers/ovn/mech_driver/ovsdb/ovsdb_monitor.py:914}}
Apr 15 06:11:33.772136 np0000166382 devstack@neutron-api.service[104278]: DEBUG neutron.common.ovn.hash_ring_manager [-] Allow caching, nodes 4>=4 {{(pid=104278) _wait_startup_before_caching /opt/stack/neutron/neutron/common/ovn/hash_ring_manager.py:65}}
Apr 15 06:11:33.772403 np0000166382 devstack@neutron-api.service[104278]: DEBUG neutron.plugins.ml2.drivers.ovn.mech_driver.ovsdb.ovsdb_monitor [-] Hash Ring: Node 64a35b74fbcf528ca73d911cd2716ceb (host: np0000166382) handling event "update" for row 6d727fb8-9220-45d0-bedb-1b1d00dcdacf (table: Chassis_Private) {{(pid=104278) notify /opt/stack/neutron/neutron/plugins/ml2/drivers/ovn/mech_driver/ovsdb/ovsdb_monitor.py:914}}
Apr 15 06:11:33.772860 np0000166382 devstack@neutron-api.service[104277]: DEBUG neutron.plugins.ml2.drivers.ovn.mech_driver.ovsdb.ovsdb_monitor [-] ChassisAgentWriteEvent : Matched Chassis_Private, update, None None {{(pid=104277) matches /opt/stack/neutron/neutron/plugins/ml2/drivers/ovn/mech_driver/ovsdb/ovsdb_monitor.py:64}}
Apr 15 06:11:33.773403 np0000166382 devstack@neutron-api.service[104277]: DEBUG neutron.plugins.ml2.drivers.ovn.mech_driver.ovsdb.ovsdb_monitor [-] Hash Ring: Node 7d714f6e88ca53868c02e13a53b919e8 (host: np0000166382) handling event "update" for row 6d727fb8-9220-45d0-bedb-1b1d00dcdacf (table: Chassis_Private) {{(pid=104277) notify /opt/stack/neutron/neutron/plugins/ml2/drivers/ovn/mech_driver/ovsdb/ovsdb_monitor.py:914}}
Apr 15 06:11:33.773486 np0000166382 devstack@neutron-api.service[104278]: DEBUG neutron.plugins.ml2.drivers.ovn.mech_driver.ovsdb.ovsdb_monitor [-] ChassisOVNAgentWriteEvent : Matched Chassis_Private, update, None None {{(pid=104278) matches /opt/stack/neutron/neutron/plugins/ml2/drivers/ovn/mech_driver/ovsdb/ovsdb_monitor.py:64}}
Apr 15 06:11:33.773844 np0000166382 devstack@neutron-api.service[104278]: DEBUG neutron.plugins.ml2.drivers.ovn.mech_driver.ovsdb.ovsdb_monitor [-] Hash Ring: Node 64a35b74fbcf528ca73d911cd2716ceb (host: np0000166382) handling event "update" for row 6d727fb8-9220-45d0-bedb-1b1d00dcdacf (table: Chassis_Private) {{(pid=104278) notify /opt/stack/neutron/neutron/plugins/ml2/drivers/ovn/mech_driver/ovsdb/ovsdb_monitor.py:914}}
Apr 15 06:11:33.775345 np0000166382 devstack@neutron-api.service[104277]: DEBUG neutron.plugins.ml2.drivers.ovn.mech_driver.ovsdb.ovsdb_monitor [-] ChassisOVNAgentWriteEvent : Matched Chassis_Private, update, None None {{(pid=104277) matches /opt/stack/neutron/neutron/plugins/ml2/drivers/ovn/mech_driver/ovsdb/ovsdb_monitor.py:64}}
Apr 15 06:11:33.775860 np0000166382 devstack@neutron-api.service[104277]: DEBUG neutron.plugins.ml2.drivers.ovn.mech_driver.ovsdb.ovsdb_monitor [-] Hash Ring: Node 7d714f6e88ca53868c02e13a53b919e8 (host: np0000166382) handling event "update" for row 6d727fb8-9220-45d0-bedb-1b1d00dcdacf (table: Chassis_Private) {{(pid=104277) notify /opt/stack/neutron/neutron/plugins/ml2/drivers/ovn/mech_driver/ovsdb/ovsdb_monitor.py:914}}
Apr 15 06:11:33.833900 np0000166382 devstack@neutron-api.service[104277]: DEBUG neutron.plugins.ml2.drivers.helpers [None req-a6f30e95-4a80-4ee9-a3da-bdc0489653fa admin admin] geneve segment allocate from pool success with {'geneve_vni': 37205} {{(pid=104277) allocate_partially_specified_segment /opt/stack/neutron/neutron/plugins/ml2/drivers/helpers.py:142}}
Apr 15 06:11:33.845105 np0000166382 devstack@neutron-api.service[104277]: DEBUG neutron_lib.callbacks.manager [None req-a6f30e95-4a80-4ee9-a3da-bdc0489653fa admin admin] Publish callbacks ['neutron.services.segments.db._add_segment_host_mapping_for_segment-8179140750800', 'neutron.plugins.ml2.plugin.Ml2Plugin._handle_segment_change-150412'] for segment (224e68ff-30ed-4d6f-a606-54019cbb115a), precommit_create {{(pid=104277) _notify_loop /opt/stack/data/venv/lib/python3.12/site-packages/neutron_lib/callbacks/manager.py:184}}
Apr 15 06:11:33.845293 np0000166382 devstack@neutron-api.service[104277]: INFO neutron.db.segments_db [None req-a6f30e95-4a80-4ee9-a3da-bdc0489653fa admin admin] Added segment 224e68ff-30ed-4d6f-a606-54019cbb115a of type geneve for network 75da8a64-c7c3-4aad-9a07-e035e0d7ba8c
