Apr 15 06:11:57.562245 np0000166382 systemd[1]: Starting devstack@n-api-meta.service - Devstack devstack@n-api-meta.service...
Apr 15 06:11:57.575028 np0000166382 devstack@n-api-meta.service[109425]: [uWSGI] getting INI configuration from /etc/nova/nova-metadata-uwsgi.ini
Apr 15 06:11:57.575028 np0000166382 devstack@n-api-meta.service[109425]: open("./http_plugin.so"): No such file or directory [core/utils.c line 3709]
Apr 15 06:11:57.575907 np0000166382 devstack@n-api-meta.service[109425]: !!! UNABLE to load uWSGI plugin: ./http_plugin.so: cannot open shared object file: No such file or directory !!!
Apr 15 06:11:57.575907 np0000166382 devstack@n-api-meta.service[109425]: open("./python3_plugin.so"): No such file or directory [core/utils.c line 3709]
Apr 15 06:11:57.575907 np0000166382 devstack@n-api-meta.service[109425]: !!! UNABLE to load uWSGI plugin: ./python3_plugin.so: cannot open shared object file: No such file or directory !!!
Apr 15 06:11:57.575907 np0000166382 devstack@n-api-meta.service[109425]: *** Starting uWSGI 2.0.31 (64bit) on [Wed Apr 15 06:11:57 2026] ***
Apr 15 06:11:57.575907 np0000166382 devstack@n-api-meta.service[109425]: compiled with version: 13.3.0 on 15 April 2026 06:00:45
Apr 15 06:11:57.575907 np0000166382 devstack@n-api-meta.service[109425]: os: Linux-6.8.0-107-generic #107-Ubuntu SMP PREEMPT_DYNAMIC Fri Mar 13 19:51:50 UTC 2026
Apr 15 06:11:57.575907 np0000166382 devstack@n-api-meta.service[109425]: nodename: np0000166382
Apr 15 06:11:57.575907 np0000166382 devstack@n-api-meta.service[109425]: machine: x86_64
Apr 15 06:11:57.575907 np0000166382 devstack@n-api-meta.service[109425]: clock source: unix
Apr 15 06:11:57.575907 np0000166382 devstack@n-api-meta.service[109425]: pcre jit disabled
Apr 15 06:11:57.575907 np0000166382 devstack@n-api-meta.service[109425]: detected number of CPU cores: 16
Apr 15 06:11:57.575907 np0000166382 devstack@n-api-meta.service[109425]: current working directory: /
Apr 15 06:11:57.575907 np0000166382 devstack@n-api-meta.service[109425]: detected binary path: /opt/stack/data/venv/bin/uwsgi
Apr 15 06:11:57.575907 np0000166382 devstack@n-api-meta.service[109425]: your processes number limit is 256917
Apr 15 06:11:57.575907 np0000166382 devstack@n-api-meta.service[109425]: your memory page size is 4096 bytes
Apr 15 06:11:57.575907 np0000166382 devstack@n-api-meta.service[109425]: detected max file descriptor number: 2048
Apr 15 06:11:57.575907 np0000166382 devstack@n-api-meta.service[109425]: lock engine: pthread robust mutexes
Apr 15 06:11:57.575907 np0000166382 devstack@n-api-meta.service[109425]: thunder lock: enabled
Apr 15 06:11:57.575907 np0000166382 devstack@n-api-meta.service[109425]: uWSGI http bound on 0.0.0.0:8775 fd 5
Apr 15 06:11:57.575907 np0000166382 devstack@n-api-meta.service[109425]: uwsgi socket 0 bound to TCP address 127.0.0.1:34209 (port auto-assigned) fd 4
Apr 15 06:11:57.575907 np0000166382 devstack@n-api-meta.service[109425]: Python version: 3.12.3 (main, Mar 3 2026, 12:15:18) [GCC 13.3.0]
Apr 15 06:11:57.576879 np0000166382 devstack@n-api-meta.service[109425]: PEP 405 virtualenv detected: /opt/stack/data/venv
Apr 15 06:11:57.576879 np0000166382 devstack@n-api-meta.service[109425]: Set PythonHome to /opt/stack/data/venv
Apr 15 06:11:57.615410 np0000166382 devstack@n-api-meta.service[109425]: Python main interpreter initialized at 0x7e7e40aa3668
Apr 15 06:11:57.615410 np0000166382 devstack@n-api-meta.service[109425]: python threads support enabled
Apr 15 06:11:57.615410 np0000166382 devstack@n-api-meta.service[109425]: your server socket listen backlog is limited to 100 connections
Apr 15 06:11:57.615410 np0000166382 devstack@n-api-meta.service[109425]: your mercy for graceful operations on workers is 80 seconds
Apr 15 06:11:57.616349 np0000166382 devstack@n-api-meta.service[109425]: mapped 671795 bytes (656 KB) for 4 cores
Apr 15 06:11:57.616349 np0000166382 devstack@n-api-meta.service[109425]: *** Operational MODE: preforking ***
Apr 15 06:11:57.616349 np0000166382 devstack@n-api-meta.service[109425]: *** uWSGI is running in multiple interpreter mode ***
Apr 15 06:11:57.616349 np0000166382 devstack@n-api-meta.service[109425]: spawned uWSGI master process (pid: 109425)
Apr 15 06:11:57.616456 np0000166382 systemd[1]: Started devstack@n-api-meta.service - Devstack devstack@n-api-meta.service.
Apr 15 06:11:57.616973 np0000166382 devstack@n-api-meta.service[109425]: spawned uWSGI worker 1 (pid: 109426, cores: 1)
Apr 15 06:11:57.617766 np0000166382 devstack@n-api-meta.service[109425]: spawned uWSGI worker 2 (pid: 109427, cores: 1)
Apr 15 06:11:57.618158 np0000166382 devstack@n-api-meta.service[109425]: spawned uWSGI worker 3 (pid: 109428, cores: 1)
Apr 15 06:11:57.618648 np0000166382 devstack@n-api-meta.service[109425]: spawned uWSGI worker 4 (pid: 109429, cores: 1)
Apr 15 06:11:57.619233 np0000166382 devstack@n-api-meta.service[109425]: spawned uWSGI http 1 (pid: 109430)
Apr 15 06:11:57.619233 np0000166382 devstack@n-api-meta.service[109425]: running "unix_signal:15 gracefully_kill_them_all" (master-start)...
Apr 15 06:11:57.922720 np0000166382 devstack@n-api-meta.service[109428]: /opt/stack/data/venv/lib/python3.12/site-packages/oslo_concurrency/lockutils.py:41: EventletDeprecationWarning:
Apr 15 06:11:57.922720 np0000166382 devstack@n-api-meta.service[109428]: Eventlet is deprecated. It is currently being maintained in bugfix mode, and
Apr 15 06:11:57.922720 np0000166382 devstack@n-api-meta.service[109428]: we strongly recommend against using it for new projects.
Apr 15 06:11:57.922720 np0000166382 devstack@n-api-meta.service[109428]: If you are already using Eventlet, we recommend migrating to a different
Apr 15 06:11:57.922720 np0000166382 devstack@n-api-meta.service[109428]: framework. For more detail see
Apr 15 06:11:57.922720 np0000166382 devstack@n-api-meta.service[109428]: https://eventlet.readthedocs.io/en/latest/asyncio/migration.html
Apr 15 06:11:57.922720 np0000166382 devstack@n-api-meta.service[109428]: import eventlet
Apr 15 06:11:57.930723 np0000166382 devstack@n-api-meta.service[109426]: /opt/stack/data/venv/lib/python3.12/site-packages/oslo_concurrency/lockutils.py:41: EventletDeprecationWarning:
Apr 15 06:11:57.930723 np0000166382 devstack@n-api-meta.service[109426]: Eventlet is deprecated. It is currently being maintained in bugfix mode, and
Apr 15 06:11:57.930723 np0000166382 devstack@n-api-meta.service[109426]: we strongly recommend against using it for new projects.
Apr 15 06:11:57.930723 np0000166382 devstack@n-api-meta.service[109426]: If you are already using Eventlet, we recommend migrating to a different
Apr 15 06:11:57.930723 np0000166382 devstack@n-api-meta.service[109426]: framework. For more detail see
Apr 15 06:11:57.930723 np0000166382 devstack@n-api-meta.service[109426]: https://eventlet.readthedocs.io/en/latest/asyncio/migration.html
Apr 15 06:11:57.930723 np0000166382 devstack@n-api-meta.service[109426]: import eventlet
Apr 15 06:11:57.931061 np0000166382 devstack@n-api-meta.service[109429]: /opt/stack/data/venv/lib/python3.12/site-packages/oslo_concurrency/lockutils.py:41: EventletDeprecationWarning:
Apr 15 06:11:57.931061 np0000166382 devstack@n-api-meta.service[109429]: Eventlet is deprecated. It is currently being maintained in bugfix mode, and
Apr 15 06:11:57.931061 np0000166382 devstack@n-api-meta.service[109429]: we strongly recommend against using it for new projects.
Apr 15 06:11:57.931061 np0000166382 devstack@n-api-meta.service[109429]: If you are already using Eventlet, we recommend migrating to a different
Apr 15 06:11:57.931061 np0000166382 devstack@n-api-meta.service[109429]: framework. For more detail see
Apr 15 06:11:57.931061 np0000166382 devstack@n-api-meta.service[109429]: https://eventlet.readthedocs.io/en/latest/asyncio/migration.html
Apr 15 06:11:57.931061 np0000166382 devstack@n-api-meta.service[109429]: import eventlet
Apr 15 06:11:57.932582 np0000166382 devstack@n-api-meta.service[109427]: /opt/stack/data/venv/lib/python3.12/site-packages/oslo_concurrency/lockutils.py:41: EventletDeprecationWarning:
Apr 15 06:11:57.932582 np0000166382 devstack@n-api-meta.service[109427]: Eventlet is deprecated. It is currently being maintained in bugfix mode, and
Apr 15 06:11:57.932582 np0000166382 devstack@n-api-meta.service[109427]: we strongly recommend against using it for new projects.
Apr 15 06:11:57.932582 np0000166382 devstack@n-api-meta.service[109427]: If you are already using Eventlet, we recommend migrating to a different
Apr 15 06:11:57.932582 np0000166382 devstack@n-api-meta.service[109427]: framework. For more detail see
Apr 15 06:11:57.932582 np0000166382 devstack@n-api-meta.service[109427]: https://eventlet.readthedocs.io/en/latest/asyncio/migration.html
Apr 15 06:11:57.932582 np0000166382 devstack@n-api-meta.service[109427]: import eventlet
Apr 15 06:11:57.969309 np0000166382 devstack@n-api-meta.service[109428]: Service is starting with native threading. This is currently experimental. Do not use it in production without first testing it in pre-production.
Apr 15 06:11:57.977836 np0000166382 devstack@n-api-meta.service[109426]: Service is starting with native threading. This is currently experimental. Do not use it in production without first testing it in pre-production.
Apr 15 06:11:57.979565 np0000166382 devstack@n-api-meta.service[109427]: Service is starting with native threading. This is currently experimental. Do not use it in production without first testing it in pre-production.
Apr 15 06:11:57.981261 np0000166382 devstack@n-api-meta.service[109429]: Service is starting with native threading. This is currently experimental. Do not use it in production without first testing it in pre-production.
Apr 15 06:11:59.359970 np0000166382 devstack@n-api-meta.service[109428]: INFO dbcounter [None req-4f2ee65c-f4e6-4ef2-835b-c9fdb89fa3bd None None] Registered counter for database nova_api
Apr 15 06:11:59.373423 np0000166382 devstack@n-api-meta.service[109426]: INFO dbcounter [None req-a98ca92e-f406-4fb3-88d7-dbf5ea09af20 None None] Registered counter for database nova_api
Apr 15 06:11:59.374415 np0000166382 devstack@n-api-meta.service[109428]: DEBUG oslo_db.sqlalchemy.engines [None req-4f2ee65c-f4e6-4ef2-835b-c9fdb89fa3bd None None] MySQL server mode set to STRICT_TRANS_TABLES,STRICT_ALL_TABLES,NO_ZERO_IN_DATE,NO_ZERO_DATE,ERROR_FOR_DIVISION_BY_ZERO,TRADITIONAL,NO_ENGINE_SUBSTITUTION {{(pid=109428) _check_effective_sql_mode /opt/stack/data/venv/lib/python3.12/site-packages/oslo_db/sqlalchemy/engines.py:325}}
Apr 15 06:11:59.393722 np0000166382 devstack@n-api-meta.service[109426]: DEBUG oslo_db.sqlalchemy.engines [None req-a98ca92e-f406-4fb3-88d7-dbf5ea09af20 None None] MySQL server mode set to STRICT_TRANS_TABLES,STRICT_ALL_TABLES,NO_ZERO_IN_DATE,NO_ZERO_DATE,ERROR_FOR_DIVISION_BY_ZERO,TRADITIONAL,NO_ENGINE_SUBSTITUTION {{(pid=109426) _check_effective_sql_mode /opt/stack/data/venv/lib/python3.12/site-packages/oslo_db/sqlalchemy/engines.py:325}}
Apr 15 06:11:59.401716 np0000166382 devstack@n-api-meta.service[109427]: INFO dbcounter [None req-8c951e39-7103-492c-98fd-42b989ac8d2d None None] Registered counter for database nova_api
Apr 15 06:11:59.404075 np0000166382 devstack@n-api-meta.service[109428]: DEBUG dbcounter [-] [109428] Writer thread running {{(pid=109428) stat_writer /opt/stack/data/venv/lib/python3.12/site-packages/dbcounter.py:102}}
Apr 15 06:11:59.406651 np0000166382 devstack@n-api-meta.service[109428]: DEBUG nova.context [None req-4f2ee65c-f4e6-4ef2-835b-c9fdb89fa3bd None None] Found 2 cells: 00000000-0000-0000-0000-000000000000(cell0),ad44c50b-78a3-42cf-8055-5dc9217c9681(cell1) {{(pid=109428) load_cells /opt/stack/nova/nova/context.py:509}}
Apr 15 06:11:59.406843 np0000166382 devstack@n-api-meta.service[109428]: INFO nova.utils [None req-4f2ee65c-f4e6-4ef2-835b-c9fdb89fa3bd None None] The cell worker thread pool MainProcess.cell_worker is initialized
Apr 15 06:11:59.408724 np0000166382 devstack@n-api-meta.service[109428]: DEBUG oslo_concurrency.lockutils [None req-4f2ee65c-f4e6-4ef2-835b-c9fdb89fa3bd None None] Acquiring lock "00000000-0000-0000-0000-000000000000" by "nova.context.set_target_cell..get_or_set_cached_cell_and_set_connections" {{(pid=109428) inner /opt/stack/data/venv/lib/python3.12/site-packages/oslo_concurrency/lockutils.py:506}}
Apr 15 06:11:59.408724 np0000166382 devstack@n-api-meta.service[109428]: DEBUG oslo_concurrency.lockutils [None req-4f2ee65c-f4e6-4ef2-835b-c9fdb89fa3bd None None] Lock "00000000-0000-0000-0000-000000000000" acquired by "nova.context.set_target_cell..get_or_set_cached_cell_and_set_connections" :: waited 0.000s {{(pid=109428) inner /opt/stack/data/venv/lib/python3.12/site-packages/oslo_concurrency/lockutils.py:519}}
Apr 15 06:11:59.409059 np0000166382 devstack@n-api-meta.service[109428]: DEBUG oslo_concurrency.lockutils [None req-4f2ee65c-f4e6-4ef2-835b-c9fdb89fa3bd None None] Lock "00000000-0000-0000-0000-000000000000" "released" by "nova.context.set_target_cell..get_or_set_cached_cell_and_set_connections" :: held 0.000s {{(pid=109428) inner /opt/stack/data/venv/lib/python3.12/site-packages/oslo_concurrency/lockutils.py:538}}
Apr 15 06:11:59.409732 np0000166382 devstack@n-api-meta.service[109428]: DEBUG oslo_concurrency.lockutils [None req-4f2ee65c-f4e6-4ef2-835b-c9fdb89fa3bd None None] Acquiring lock "ad44c50b-78a3-42cf-8055-5dc9217c9681" by "nova.context.set_target_cell..get_or_set_cached_cell_and_set_connections" {{(pid=109428) inner /opt/stack/data/venv/lib/python3.12/site-packages/oslo_concurrency/lockutils.py:506}}
Apr 15 06:11:59.409922 np0000166382 devstack@n-api-meta.service[109428]: DEBUG oslo_concurrency.lockutils [None req-4f2ee65c-f4e6-4ef2-835b-c9fdb89fa3bd None None] Lock "ad44c50b-78a3-42cf-8055-5dc9217c9681" acquired by "nova.context.set_target_cell..get_or_set_cached_cell_and_set_connections" :: waited 0.000s {{(pid=109428) inner /opt/stack/data/venv/lib/python3.12/site-packages/oslo_concurrency/lockutils.py:519}}
Apr 15 06:11:59.410969 np0000166382 devstack@n-api-meta.service[109428]: DEBUG oslo_concurrency.lockutils [None req-4f2ee65c-f4e6-4ef2-835b-c9fdb89fa3bd None None] Lock "ad44c50b-78a3-42cf-8055-5dc9217c9681" "released" by "nova.context.set_target_cell..get_or_set_cached_cell_and_set_connections" :: held 0.001s {{(pid=109428) inner /opt/stack/data/venv/lib/python3.12/site-packages/oslo_concurrency/lockutils.py:538}}
Apr 15 06:11:59.415949 np0000166382 devstack@n-api-meta.service[109428]: INFO dbcounter [None req-4f2ee65c-f4e6-4ef2-835b-c9fdb89fa3bd None None] Registered counter for database nova_cell0
Apr 15 06:11:59.419052 np0000166382 devstack@n-api-meta.service[109427]: DEBUG oslo_db.sqlalchemy.engines [None req-8c951e39-7103-492c-98fd-42b989ac8d2d None None] MySQL server mode set to STRICT_TRANS_TABLES,STRICT_ALL_TABLES,NO_ZERO_IN_DATE,NO_ZERO_DATE,ERROR_FOR_DIVISION_BY_ZERO,TRADITIONAL,NO_ENGINE_SUBSTITUTION {{(pid=109427) _check_effective_sql_mode /opt/stack/data/venv/lib/python3.12/site-packages/oslo_db/sqlalchemy/engines.py:325}}
Apr 15 06:11:59.420412 np0000166382 devstack@n-api-meta.service[109428]: INFO dbcounter [None req-4f2ee65c-f4e6-4ef2-835b-c9fdb89fa3bd None None] Registered counter for database nova_cell1
Apr 15 06:11:59.431200 np0000166382 devstack@n-api-meta.service[109428]: DEBUG oslo_db.sqlalchemy.engines [None req-4f2ee65c-f4e6-4ef2-835b-c9fdb89fa3bd None None] MySQL server mode set to STRICT_TRANS_TABLES,STRICT_ALL_TABLES,NO_ZERO_IN_DATE,NO_ZERO_DATE,ERROR_FOR_DIVISION_BY_ZERO,TRADITIONAL,NO_ENGINE_SUBSTITUTION {{(pid=109428) _check_effective_sql_mode /opt/stack/data/venv/lib/python3.12/site-packages/oslo_db/sqlalchemy/engines.py:325}}
Apr 15 06:11:59.432730 np0000166382 devstack@n-api-meta.service[109426]: DEBUG dbcounter [-] [109426] Writer thread running {{(pid=109426) stat_writer /opt/stack/data/venv/lib/python3.12/site-packages/dbcounter.py:102}}
Apr 15 06:11:59.435243 np0000166382 devstack@n-api-meta.service[109426]: DEBUG nova.context [None req-a98ca92e-f406-4fb3-88d7-dbf5ea09af20 None None] Found 2 cells: 00000000-0000-0000-0000-000000000000(cell0),ad44c50b-78a3-42cf-8055-5dc9217c9681(cell1) {{(pid=109426) load_cells /opt/stack/nova/nova/context.py:509}}
Apr 15 06:11:59.435468 np0000166382 devstack@n-api-meta.service[109426]: INFO nova.utils [None req-a98ca92e-f406-4fb3-88d7-dbf5ea09af20 None None] The cell worker thread pool MainProcess.cell_worker is initialized
Apr 15 06:11:59.437307 np0000166382 devstack@n-api-meta.service[109426]: DEBUG oslo_concurrency.lockutils [None req-a98ca92e-f406-4fb3-88d7-dbf5ea09af20 None None] Acquiring lock "00000000-0000-0000-0000-000000000000" by "nova.context.set_target_cell..get_or_set_cached_cell_and_set_connections" {{(pid=109426) inner /opt/stack/data/venv/lib/python3.12/site-packages/oslo_concurrency/lockutils.py:506}}
Apr 15 06:11:59.437489 np0000166382 devstack@n-api-meta.service[109426]: DEBUG oslo_concurrency.lockutils [None req-a98ca92e-f406-4fb3-88d7-dbf5ea09af20 None None] Lock "00000000-0000-0000-0000-000000000000" acquired by "nova.context.set_target_cell..get_or_set_cached_cell_and_set_connections" :: waited 0.000s {{(pid=109426) inner /opt/stack/data/venv/lib/python3.12/site-packages/oslo_concurrency/lockutils.py:519}}
Apr 15 06:11:59.437859 np0000166382 devstack@n-api-meta.service[109426]: DEBUG oslo_concurrency.lockutils [None req-a98ca92e-f406-4fb3-88d7-dbf5ea09af20 None None] Lock "00000000-0000-0000-0000-000000000000" "released" by "nova.context.set_target_cell..get_or_set_cached_cell_and_set_connections" :: held 0.000s {{(pid=109426) inner /opt/stack/data/venv/lib/python3.12/site-packages/oslo_concurrency/lockutils.py:538}}
Apr 15 06:11:59.438729 np0000166382 devstack@n-api-meta.service[109426]: DEBUG oslo_concurrency.lockutils [None req-a98ca92e-f406-4fb3-88d7-dbf5ea09af20 None None] Acquiring lock "ad44c50b-78a3-42cf-8055-5dc9217c9681" by "nova.context.set_target_cell..get_or_set_cached_cell_and_set_connections" {{(pid=109426) inner /opt/stack/data/venv/lib/python3.12/site-packages/oslo_concurrency/lockutils.py:506}}
Apr 15 06:11:59.438930 np0000166382 devstack@n-api-meta.service[109426]: DEBUG oslo_concurrency.lockutils [None req-a98ca92e-f406-4fb3-88d7-dbf5ea09af20 None None] Lock "ad44c50b-78a3-42cf-8055-5dc9217c9681" acquired by "nova.context.set_target_cell..get_or_set_cached_cell_and_set_connections" :: waited 0.000s {{(pid=109426) inner /opt/stack/data/venv/lib/python3.12/site-packages/oslo_concurrency/lockutils.py:519}}
Apr 15 06:11:59.440083 np0000166382 devstack@n-api-meta.service[109426]: DEBUG oslo_concurrency.lockutils [None req-a98ca92e-f406-4fb3-88d7-dbf5ea09af20 None None] Lock "ad44c50b-78a3-42cf-8055-5dc9217c9681" "released" by "nova.context.set_target_cell..get_or_set_cached_cell_and_set_connections" :: held 0.001s {{(pid=109426) inner /opt/stack/data/venv/lib/python3.12/site-packages/oslo_concurrency/lockutils.py:538}}
Apr 15 06:11:59.443180 np0000166382 devstack@n-api-meta.service[109428]: DEBUG oslo_db.sqlalchemy.engines [None req-4f2ee65c-f4e6-4ef2-835b-c9fdb89fa3bd None None] MySQL server mode set to STRICT_TRANS_TABLES,STRICT_ALL_TABLES,NO_ZERO_IN_DATE,NO_ZERO_DATE,ERROR_FOR_DIVISION_BY_ZERO,TRADITIONAL,NO_ENGINE_SUBSTITUTION {{(pid=109428) _check_effective_sql_mode /opt/stack/data/venv/lib/python3.12/site-packages/oslo_db/sqlalchemy/engines.py:325}}
Apr 15 06:11:59.443238 np0000166382 devstack@n-api-meta.service[109426]: INFO dbcounter [None req-a98ca92e-f406-4fb3-88d7-dbf5ea09af20 None None] Registered counter for database nova_cell0
Apr 15 06:11:59.449005 np0000166382 devstack@n-api-meta.service[109426]: INFO dbcounter [None req-a98ca92e-f406-4fb3-88d7-dbf5ea09af20 None None] Registered counter for database nova_cell1
Apr 15 06:11:59.450134 np0000166382 devstack@n-api-meta.service[109429]: INFO dbcounter [None req-b5700692-c7a5-412d-a4ca-707481a10113 None None] Registered counter for database nova_api
Apr 15 06:11:59.456682 np0000166382 devstack@n-api-meta.service[109427]: DEBUG dbcounter [-] [109427] Writer thread running {{(pid=109427) stat_writer /opt/stack/data/venv/lib/python3.12/site-packages/dbcounter.py:102}}
Apr 15 06:11:59.458332 np0000166382 devstack@n-api-meta.service[109426]: DEBUG oslo_db.sqlalchemy.engines [None req-a98ca92e-f406-4fb3-88d7-dbf5ea09af20 None None] MySQL server mode set to STRICT_TRANS_TABLES,STRICT_ALL_TABLES,NO_ZERO_IN_DATE,NO_ZERO_DATE,ERROR_FOR_DIVISION_BY_ZERO,TRADITIONAL,NO_ENGINE_SUBSTITUTION {{(pid=109426) _check_effective_sql_mode /opt/stack/data/venv/lib/python3.12/site-packages/oslo_db/sqlalchemy/engines.py:325}}
Apr 15 06:11:59.458717 np0000166382 devstack@n-api-meta.service[109427]: DEBUG nova.context [None req-8c951e39-7103-492c-98fd-42b989ac8d2d None None] Found 2 cells: 00000000-0000-0000-0000-000000000000(cell0),ad44c50b-78a3-42cf-8055-5dc9217c9681(cell1) {{(pid=109427) load_cells /opt/stack/nova/nova/context.py:509}}
Apr 15 06:11:59.458948 np0000166382 devstack@n-api-meta.service[109427]: INFO nova.utils [None req-8c951e39-7103-492c-98fd-42b989ac8d2d None None] The cell worker thread pool MainProcess.cell_worker is initialized
Apr 15 06:11:59.460731 np0000166382 devstack@n-api-meta.service[109427]: DEBUG oslo_concurrency.lockutils [None req-8c951e39-7103-492c-98fd-42b989ac8d2d None None] Acquiring lock "00000000-0000-0000-0000-000000000000" by "nova.context.set_target_cell..get_or_set_cached_cell_and_set_connections" {{(pid=109427) inner /opt/stack/data/venv/lib/python3.12/site-packages/oslo_concurrency/lockutils.py:506}}
Apr 15 06:11:59.460845 np0000166382 devstack@n-api-meta.service[109427]: DEBUG oslo_concurrency.lockutils [None req-8c951e39-7103-492c-98fd-42b989ac8d2d None None] Lock "00000000-0000-0000-0000-000000000000" acquired by "nova.context.set_target_cell..get_or_set_cached_cell_and_set_connections" :: waited 0.000s {{(pid=109427) inner /opt/stack/data/venv/lib/python3.12/site-packages/oslo_concurrency/lockutils.py:519}}
Apr 15 06:11:59.461234 np0000166382 devstack@n-api-meta.service[109427]: DEBUG oslo_concurrency.lockutils [None req-8c951e39-7103-492c-98fd-42b989ac8d2d None None] Lock "00000000-0000-0000-0000-000000000000" "released" by "nova.context.set_target_cell..get_or_set_cached_cell_and_set_connections" :: held 0.000s {{(pid=109427) inner /opt/stack/data/venv/lib/python3.12/site-packages/oslo_concurrency/lockutils.py:538}}
Apr 15 06:11:59.462470 np0000166382 devstack@n-api-meta.service[109427]: DEBUG oslo_concurrency.lockutils [None req-8c951e39-7103-492c-98fd-42b989ac8d2d None None] Acquiring lock "ad44c50b-78a3-42cf-8055-5dc9217c9681" by "nova.context.set_target_cell..get_or_set_cached_cell_and_set_connections" {{(pid=109427) inner /opt/stack/data/venv/lib/python3.12/site-packages/oslo_concurrency/lockutils.py:506}}
Apr 15 06:11:59.462695 np0000166382 devstack@n-api-meta.service[109427]: DEBUG oslo_concurrency.lockutils [None req-8c951e39-7103-492c-98fd-42b989ac8d2d None None] Lock "ad44c50b-78a3-42cf-8055-5dc9217c9681" acquired by "nova.context.set_target_cell..get_or_set_cached_cell_and_set_connections" :: waited 0.000s {{(pid=109427) inner /opt/stack/data/venv/lib/python3.12/site-packages/oslo_concurrency/lockutils.py:519}}
Apr 15 06:11:59.465536 np0000166382 devstack@n-api-meta.service[109426]: DEBUG oslo_db.sqlalchemy.engines [None req-a98ca92e-f406-4fb3-88d7-dbf5ea09af20 None None] MySQL server mode set to STRICT_TRANS_TABLES,STRICT_ALL_TABLES,NO_ZERO_IN_DATE,NO_ZERO_DATE,ERROR_FOR_DIVISION_BY_ZERO,TRADITIONAL,NO_ENGINE_SUBSTITUTION {{(pid=109426) _check_effective_sql_mode /opt/stack/data/venv/lib/python3.12/site-packages/oslo_db/sqlalchemy/engines.py:325}}
Apr 15 06:11:59.467801 np0000166382 devstack@n-api-meta.service[109427]: INFO dbcounter [None req-8c951e39-7103-492c-98fd-42b989ac8d2d None None] Registered counter for database nova_cell0
Apr 15 06:11:59.469860 np0000166382 devstack@n-api-meta.service[109427]: DEBUG oslo_concurrency.lockutils [None req-8c951e39-7103-492c-98fd-42b989ac8d2d None None] Lock "ad44c50b-78a3-42cf-8055-5dc9217c9681" "released" by "nova.context.set_target_cell..get_or_set_cached_cell_and_set_connections" :: held 0.005s {{(pid=109427) inner /opt/stack/data/venv/lib/python3.12/site-packages/oslo_concurrency/lockutils.py:538}}
Apr 15 06:11:59.470647 np0000166382 devstack@n-api-meta.service[109429]: DEBUG oslo_db.sqlalchemy.engines [None req-b5700692-c7a5-412d-a4ca-707481a10113 None None] MySQL server mode set to STRICT_TRANS_TABLES,STRICT_ALL_TABLES,NO_ZERO_IN_DATE,NO_ZERO_DATE,ERROR_FOR_DIVISION_BY_ZERO,TRADITIONAL,NO_ENGINE_SUBSTITUTION {{(pid=109429) _check_effective_sql_mode /opt/stack/data/venv/lib/python3.12/site-packages/oslo_db/sqlalchemy/engines.py:325}}
Apr 15 06:11:59.472095 np0000166382 devstack@n-api-meta.service[109427]: INFO dbcounter [None req-8c951e39-7103-492c-98fd-42b989ac8d2d None None] Registered counter for database nova_cell1
Apr 15 06:11:59.479379 np0000166382 devstack@n-api-meta.service[109427]: DEBUG oslo_db.sqlalchemy.engines [None req-8c951e39-7103-492c-98fd-42b989ac8d2d None None] MySQL server mode set to STRICT_TRANS_TABLES,STRICT_ALL_TABLES,NO_ZERO_IN_DATE,NO_ZERO_DATE,ERROR_FOR_DIVISION_BY_ZERO,TRADITIONAL,NO_ENGINE_SUBSTITUTION {{(pid=109427) _check_effective_sql_mode /opt/stack/data/venv/lib/python3.12/site-packages/oslo_db/sqlalchemy/engines.py:325}}
Apr 15 06:11:59.496101 np0000166382 devstack@n-api-meta.service[109427]: DEBUG oslo_db.sqlalchemy.engines [None req-8c951e39-7103-492c-98fd-42b989ac8d2d None None] MySQL server mode set to STRICT_TRANS_TABLES,STRICT_ALL_TABLES,NO_ZERO_IN_DATE,NO_ZERO_DATE,ERROR_FOR_DIVISION_BY_ZERO,TRADITIONAL,NO_ENGINE_SUBSTITUTION {{(pid=109427) _check_effective_sql_mode /opt/stack/data/venv/lib/python3.12/site-packages/oslo_db/sqlalchemy/engines.py:325}}
Apr 15 06:11:59.503079 np0000166382 devstack@n-api-meta.service[109429]: DEBUG dbcounter [-] [109429] Writer thread running {{(pid=109429) stat_writer /opt/stack/data/venv/lib/python3.12/site-packages/dbcounter.py:102}}
Apr 15 06:11:59.505333 np0000166382 devstack@n-api-meta.service[109429]: DEBUG nova.context [None req-b5700692-c7a5-412d-a4ca-707481a10113 None None] Found 2 cells: 00000000-0000-0000-0000-000000000000(cell0),ad44c50b-78a3-42cf-8055-5dc9217c9681(cell1) {{(pid=109429) load_cells /opt/stack/nova/nova/context.py:509}}
Apr 15 06:11:59.505556 np0000166382 devstack@n-api-meta.service[109429]: INFO nova.utils [None req-b5700692-c7a5-412d-a4ca-707481a10113 None None] The cell worker thread pool MainProcess.cell_worker is initialized
Apr 15 06:11:59.507350 np0000166382 devstack@n-api-meta.service[109429]: DEBUG oslo_concurrency.lockutils [None req-b5700692-c7a5-412d-a4ca-707481a10113 None None] Acquiring lock "00000000-0000-0000-0000-000000000000" by "nova.context.set_target_cell..get_or_set_cached_cell_and_set_connections" {{(pid=109429) inner /opt/stack/data/venv/lib/python3.12/site-packages/oslo_concurrency/lockutils.py:506}}
Apr 15 06:11:59.507507 np0000166382 devstack@n-api-meta.service[109429]: DEBUG oslo_concurrency.lockutils [None req-b5700692-c7a5-412d-a4ca-707481a10113 None None] Lock "00000000-0000-0000-0000-000000000000" acquired by "nova.context.set_target_cell..get_or_set_cached_cell_and_set_connections" :: waited 0.000s {{(pid=109429) inner /opt/stack/data/venv/lib/python3.12/site-packages/oslo_concurrency/lockutils.py:519}}
Apr 15 06:11:59.507872 np0000166382 devstack@n-api-meta.service[109429]: DEBUG oslo_concurrency.lockutils [None req-b5700692-c7a5-412d-a4ca-707481a10113 None None] Lock "00000000-0000-0000-0000-000000000000" "released" by "nova.context.set_target_cell..get_or_set_cached_cell_and_set_connections" :: held 0.000s {{(pid=109429) inner /opt/stack/data/venv/lib/python3.12/site-packages/oslo_concurrency/lockutils.py:538}}
Apr 15 06:11:59.508561 np0000166382 devstack@n-api-meta.service[109429]: DEBUG oslo_concurrency.lockutils [None req-b5700692-c7a5-412d-a4ca-707481a10113 None None] Acquiring lock "ad44c50b-78a3-42cf-8055-5dc9217c9681" by "nova.context.set_target_cell..get_or_set_cached_cell_and_set_connections" {{(pid=109429) inner /opt/stack/data/venv/lib/python3.12/site-packages/oslo_concurrency/lockutils.py:506}}
Apr 15 06:11:59.508719 np0000166382 devstack@n-api-meta.service[109429]: DEBUG oslo_concurrency.lockutils [None req-b5700692-c7a5-412d-a4ca-707481a10113 None None] Lock "ad44c50b-78a3-42cf-8055-5dc9217c9681" acquired by "nova.context.set_target_cell..get_or_set_cached_cell_and_set_connections" :: waited 0.000s {{(pid=109429) inner /opt/stack/data/venv/lib/python3.12/site-packages/oslo_concurrency/lockutils.py:519}}
Apr 15 06:11:59.509637 np0000166382 devstack@n-api-meta.service[109429]: DEBUG oslo_concurrency.lockutils [None req-b5700692-c7a5-412d-a4ca-707481a10113 None None] Lock "ad44c50b-78a3-42cf-8055-5dc9217c9681" "released" by "nova.context.set_target_cell..get_or_set_cached_cell_and_set_connections" :: held 0.001s {{(pid=109429) inner /opt/stack/data/venv/lib/python3.12/site-packages/oslo_concurrency/lockutils.py:538}}
Apr 15 06:11:59.512696 np0000166382 devstack@n-api-meta.service[109429]: INFO dbcounter [None req-b5700692-c7a5-412d-a4ca-707481a10113 None None] Registered counter for database nova_cell0
Apr 15 06:11:59.517373 np0000166382 devstack@n-api-meta.service[109429]: INFO dbcounter [None req-b5700692-c7a5-412d-a4ca-707481a10113 None None] Registered counter for database nova_cell1
Apr 15 06:11:59.525735 np0000166382 devstack@n-api-meta.service[109429]: DEBUG oslo_db.sqlalchemy.engines [None req-b5700692-c7a5-412d-a4ca-707481a10113 None None] MySQL server mode set to STRICT_TRANS_TABLES,STRICT_ALL_TABLES,NO_ZERO_IN_DATE,NO_ZERO_DATE,ERROR_FOR_DIVISION_BY_ZERO,TRADITIONAL,NO_ENGINE_SUBSTITUTION {{(pid=109429) _check_effective_sql_mode /opt/stack/data/venv/lib/python3.12/site-packages/oslo_db/sqlalchemy/engines.py:325}}
Apr 15 06:11:59.531641 np0000166382 devstack@n-api-meta.service[109429]: DEBUG oslo_db.sqlalchemy.engines [None req-b5700692-c7a5-412d-a4ca-707481a10113 None None] MySQL server mode set to STRICT_TRANS_TABLES,STRICT_ALL_TABLES,NO_ZERO_IN_DATE,NO_ZERO_DATE,ERROR_FOR_DIVISION_BY_ZERO,TRADITIONAL,NO_ENGINE_SUBSTITUTION {{(pid=109429) _check_effective_sql_mode /opt/stack/data/venv/lib/python3.12/site-packages/oslo_db/sqlalchemy/engines.py:325}}
Apr 15 06:11:59.553558 np0000166382 devstack@n-api-meta.service[109426]: DEBUG dbcounter [-] [109426] Writer thread running {{(pid=109426) stat_writer /opt/stack/data/venv/lib/python3.12/site-packages/dbcounter.py:102}}
Apr 15 06:11:59.559360 np0000166382 devstack@n-api-meta.service[109426]: DEBUG dbcounter [-] [109426] Writer thread running {{(pid=109426) stat_writer /opt/stack/data/venv/lib/python3.12/site-packages/dbcounter.py:102}}
Apr 15 06:11:59.563358 np0000166382 devstack@n-api-meta.service[109426]: INFO dbcounter [None req-a98ca92e-f406-4fb3-88d7-dbf5ea09af20 None None] Registered counter for database nova_cell0
Apr 15 06:11:59.565188 np0000166382 devstack@n-api-meta.service[109428]: DEBUG dbcounter [-] [109428] Writer thread running {{(pid=109428) stat_writer /opt/stack/data/venv/lib/python3.12/site-packages/dbcounter.py:102}}
Apr 15 06:11:59.566109 np0000166382 devstack@n-api-meta.service[109428]: DEBUG dbcounter [-] [109428] Writer thread running {{(pid=109428) stat_writer /opt/stack/data/venv/lib/python3.12/site-packages/dbcounter.py:102}}
Apr 15 06:11:59.570330 np0000166382 devstack@n-api-meta.service[109428]: INFO dbcounter [None req-4f2ee65c-f4e6-4ef2-835b-c9fdb89fa3bd None None] Registered counter for database nova_cell0
Apr 15 06:11:59.572313 np0000166382 devstack@n-api-meta.service[109426]: DEBUG oslo_db.sqlalchemy.engines [None req-a98ca92e-f406-4fb3-88d7-dbf5ea09af20 None None] MySQL server mode set to STRICT_TRANS_TABLES,STRICT_ALL_TABLES,NO_ZERO_IN_DATE,NO_ZERO_DATE,ERROR_FOR_DIVISION_BY_ZERO,TRADITIONAL,NO_ENGINE_SUBSTITUTION {{(pid=109426) _check_effective_sql_mode /opt/stack/data/venv/lib/python3.12/site-packages/oslo_db/sqlalchemy/engines.py:325}}
Apr 15 06:11:59.579557 np0000166382 devstack@n-api-meta.service[109428]: DEBUG oslo_db.sqlalchemy.engines [None req-4f2ee65c-f4e6-4ef2-835b-c9fdb89fa3bd None None] MySQL server mode set to STRICT_TRANS_TABLES,STRICT_ALL_TABLES,NO_ZERO_IN_DATE,NO_ZERO_DATE,ERROR_FOR_DIVISION_BY_ZERO,TRADITIONAL,NO_ENGINE_SUBSTITUTION {{(pid=109428) _check_effective_sql_mode /opt/stack/data/venv/lib/python3.12/site-packages/oslo_db/sqlalchemy/engines.py:325}}
Apr 15 06:11:59.579673 np0000166382 devstack@n-api-meta.service[109426]: DEBUG dbcounter [-] [109426] Writer thread running {{(pid=109426) stat_writer /opt/stack/data/venv/lib/python3.12/site-packages/dbcounter.py:102}}
Apr 15 06:11:59.590786 np0000166382 devstack@n-api-meta.service[109428]: DEBUG dbcounter [-] [109428] Writer thread running {{(pid=109428) stat_writer /opt/stack/data/venv/lib/python3.12/site-packages/dbcounter.py:102}}
Apr 15 06:11:59.610998 np0000166382 devstack@n-api-meta.service[109427]: DEBUG dbcounter [-] [109427] Writer thread running {{(pid=109427) stat_writer /opt/stack/data/venv/lib/python3.12/site-packages/dbcounter.py:102}}
Apr 15 06:11:59.611887 np0000166382 devstack@n-api-meta.service[109427]: DEBUG dbcounter [-] [109427] Writer thread running {{(pid=109427) stat_writer /opt/stack/data/venv/lib/python3.12/site-packages/dbcounter.py:102}}
Apr 15 06:11:59.615242 np0000166382 devstack@n-api-meta.service[109429]: DEBUG dbcounter [-] [109429] Writer thread running {{(pid=109429) stat_writer /opt/stack/data/venv/lib/python3.12/site-packages/dbcounter.py:102}}
Apr 15 06:11:59.618073 np0000166382 devstack@n-api-meta.service[109427]: INFO dbcounter [None req-8c951e39-7103-492c-98fd-42b989ac8d2d None None] Registered counter for database nova_cell0
Apr 15 06:11:59.621971 np0000166382 devstack@n-api-meta.service[109429]: DEBUG dbcounter [-] [109429] Writer thread running {{(pid=109429) stat_writer /opt/stack/data/venv/lib/python3.12/site-packages/dbcounter.py:102}}
Apr 15 06:11:59.623871 np0000166382 devstack@n-api-meta.service[109427]: DEBUG oslo_db.sqlalchemy.engines [None req-8c951e39-7103-492c-98fd-42b989ac8d2d None None] MySQL server mode set to STRICT_TRANS_TABLES,STRICT_ALL_TABLES,NO_ZERO_IN_DATE,NO_ZERO_DATE,ERROR_FOR_DIVISION_BY_ZERO,TRADITIONAL,NO_ENGINE_SUBSTITUTION {{(pid=109427) _check_effective_sql_mode /opt/stack/data/venv/lib/python3.12/site-packages/oslo_db/sqlalchemy/engines.py:325}}
Apr 15 06:11:59.626150 np0000166382 devstack@n-api-meta.service[109429]: INFO dbcounter [None req-b5700692-c7a5-412d-a4ca-707481a10113 None None] Registered counter for database nova_cell0
Apr 15 06:11:59.630040 np0000166382 devstack@n-api-meta.service[109427]: DEBUG dbcounter [-] [109427] Writer thread running {{(pid=109427) stat_writer /opt/stack/data/venv/lib/python3.12/site-packages/dbcounter.py:102}}
Apr 15 06:11:59.636850 np0000166382 devstack@n-api-meta.service[109429]: DEBUG oslo_db.sqlalchemy.engines [None req-b5700692-c7a5-412d-a4ca-707481a10113 None None] MySQL server mode set to STRICT_TRANS_TABLES,STRICT_ALL_TABLES,NO_ZERO_IN_DATE,NO_ZERO_DATE,ERROR_FOR_DIVISION_BY_ZERO,TRADITIONAL,NO_ENGINE_SUBSTITUTION {{(pid=109429) _check_effective_sql_mode /opt/stack/data/venv/lib/python3.12/site-packages/oslo_db/sqlalchemy/engines.py:325}}
Apr 15 06:11:59.638022 np0000166382 devstack@n-api-meta.service[109426]: WARNING nova.api.metadata.handler [None req-a98ca92e-f406-4fb3-88d7-dbf5ea09af20 None None] metadata_proxy_shared_secret is not configured, the metadata information returned by the proxy cannot be trusted
Apr 15 06:11:59.640315 np0000166382 devstack@n-api-meta.service[109426]: DEBUG nova.api.openstack.wsgi_app [None req-a98ca92e-f406-4fb3-88d7-dbf5ea09af20 None None] ******************************************************************************** {{(pid=109426) log_opt_values /opt/stack/data/venv/lib/python3.12/site-packages/oslo_config/cfg.py:2979}}
Apr 15 06:11:59.640421 np0000166382 devstack@n-api-meta.service[109426]: DEBUG nova.api.openstack.wsgi_app [None req-a98ca92e-f406-4fb3-88d7-dbf5ea09af20 None None] Configuration options gathered from: {{(pid=109426) log_opt_values /opt/stack/data/venv/lib/python3.12/site-packages/oslo_config/cfg.py:2980}}
Apr 15 06:11:59.640557 np0000166382 devstack@n-api-meta.service[109426]: DEBUG nova.api.openstack.wsgi_app [None req-a98ca92e-f406-4fb3-88d7-dbf5ea09af20 None None] command line args: [] {{(pid=109426) log_opt_values /opt/stack/data/venv/lib/python3.12/site-packages/oslo_config/cfg.py:2981}}
Apr 15 06:11:59.640759 np0000166382 devstack@n-api-meta.service[109426]: DEBUG nova.api.openstack.wsgi_app [None req-a98ca92e-f406-4fb3-88d7-dbf5ea09af20 None None] config files: ['/etc/nova/api-paste.ini', '/etc/nova/nova.conf'] {{(pid=109426) log_opt_values /opt/stack/data/venv/lib/python3.12/site-packages/oslo_config/cfg.py:2982}}
Apr 15 06:11:59.640863 np0000166382 devstack@n-api-meta.service[109426]: DEBUG nova.api.openstack.wsgi_app [None req-a98ca92e-f406-4fb3-88d7-dbf5ea09af20 None None] ================================================================================ {{(pid=109426) log_opt_values /opt/stack/data/venv/lib/python3.12/site-packages/oslo_config/cfg.py:2987}}
Apr 15 06:11:59.641037 np0000166382 devstack@n-api-meta.service[109426]: DEBUG nova.api.openstack.wsgi_app [None req-a98ca92e-f406-4fb3-88d7-dbf5ea09af20 None None] allow_resize_to_same_host = True {{(pid=109426) log_opt_values /opt/stack/data/venv/lib/python3.12/site-packages/oslo_config/cfg.py:2995}}
Apr 15 06:11:59.641201 np0000166382 devstack@n-api-meta.service[109426]: DEBUG nova.api.openstack.wsgi_app [None req-a98ca92e-f406-4fb3-88d7-dbf5ea09af20 None None] arq_binding_timeout = 300 {{(pid=109426) log_opt_values /opt/stack/data/venv/lib/python3.12/site-packages/oslo_config/cfg.py:2995}}
Apr 15 06:11:59.641327 np0000166382 devstack@n-api-meta.service[109426]: DEBUG nova.api.openstack.wsgi_app [None req-a98ca92e-f406-4fb3-88d7-dbf5ea09af20 None None] block_device_allocate_retries = 60 {{(pid=109426) log_opt_values /opt/stack/data/venv/lib/python3.12/site-packages/oslo_config/cfg.py:2995}}
Apr 15 06:11:59.641469 np0000166382 devstack@n-api-meta.service[109426]: DEBUG nova.api.openstack.wsgi_app [None req-a98ca92e-f406-4fb3-88d7-dbf5ea09af20 None None] block_device_allocate_retries_interval = 3 {{(pid=109426) log_opt_values /opt/stack/data/venv/lib/python3.12/site-packages/oslo_config/cfg.py:2995}}
Apr 15 06:11:59.641584 np0000166382 devstack@n-api-meta.service[109426]: DEBUG nova.api.openstack.wsgi_app [None req-a98ca92e-f406-4fb3-88d7-dbf5ea09af20 None None] cell_worker_thread_pool_size = 5 {{(pid=109426) log_opt_values /opt/stack/data/venv/lib/python3.12/site-packages/oslo_config/cfg.py:2995}}
Apr 15 06:11:59.641739 np0000166382 devstack@n-api-meta.service[109426]: DEBUG nova.api.openstack.wsgi_app [None req-a98ca92e-f406-4fb3-88d7-dbf5ea09af20 None None] cert = self.pem {{(pid=109426) log_opt_values /opt/stack/data/venv/lib/python3.12/site-packages/oslo_config/cfg.py:2995}}
Apr 15 06:11:59.641873 np0000166382 devstack@n-api-meta.service[109426]: DEBUG nova.api.openstack.wsgi_app [None req-a98ca92e-f406-4fb3-88d7-dbf5ea09af20 None None] compute_driver = libvirt.LibvirtDriver {{(pid=109426) log_opt_values /opt/stack/data/venv/lib/python3.12/site-packages/oslo_config/cfg.py:2995}}
Apr 15 06:11:59.642024 np0000166382 devstack@n-api-meta.service[109426]: DEBUG nova.api.openstack.wsgi_app [None req-a98ca92e-f406-4fb3-88d7-dbf5ea09af20 None None] compute_monitors = [] {{(pid=109426) log_opt_values /opt/stack/data/venv/lib/python3.12/site-packages/oslo_config/cfg.py:2995}}
Apr 15 06:11:59.642140 np0000166382 devstack@n-api-meta.service[109426]: DEBUG nova.api.openstack.wsgi_app [None req-a98ca92e-f406-4fb3-88d7-dbf5ea09af20 None None] config_dir = [] {{(pid=109426) log_opt_values /opt/stack/data/venv/lib/python3.12/site-packages/oslo_config/cfg.py:2995}}
Apr 15 06:11:59.642272 np0000166382 devstack@n-api-meta.service[109426]: DEBUG nova.api.openstack.wsgi_app [None req-a98ca92e-f406-4fb3-88d7-dbf5ea09af20 None None] config_drive_format = iso9660 {{(pid=109426) log_opt_values /opt/stack/data/venv/lib/python3.12/site-packages/oslo_config/cfg.py:2995}}
Apr 15 06:11:59.642377 np0000166382 devstack@n-api-meta.service[109426]: DEBUG nova.api.openstack.wsgi_app [None req-a98ca92e-f406-4fb3-88d7-dbf5ea09af20 None None] config_file = ['/etc/nova/api-paste.ini', '/etc/nova/nova.conf'] {{(pid=109426) log_opt_values /opt/stack/data/venv/lib/python3.12/site-packages/oslo_config/cfg.py:2995}}
Apr 15 06:11:59.642505 np0000166382 devstack@n-api-meta.service[109426]: DEBUG nova.api.openstack.wsgi_app [None req-a98ca92e-f406-4fb3-88d7-dbf5ea09af20 None None] config_source = [] {{(pid=109426) log_opt_values /opt/stack/data/venv/lib/python3.12/site-packages/oslo_config/cfg.py:2995}}
Apr 15 06:11:59.642665 np0000166382 devstack@n-api-meta.service[109426]: DEBUG nova.api.openstack.wsgi_app [None req-a98ca92e-f406-4fb3-88d7-dbf5ea09af20 None None] console_host = np0000166382 {{(pid=109426) log_opt_values /opt/stack/data/venv/lib/python3.12/site-packages/oslo_config/cfg.py:2995}}
Apr 15 06:11:59.642786 np0000166382 devstack@n-api-meta.service[109426]: DEBUG nova.api.openstack.wsgi_app [None req-a98ca92e-f406-4fb3-88d7-dbf5ea09af20 None None] control_exchange = nova {{(pid=109426) log_opt_values /opt/stack/data/venv/lib/python3.12/site-packages/oslo_config/cfg.py:2995}}
Apr 15 06:11:59.642912 np0000166382 devstack@n-api-meta.service[109426]: DEBUG nova.api.openstack.wsgi_app [None req-a98ca92e-f406-4fb3-88d7-dbf5ea09af20 None None] cpu_allocation_ratio = None {{(pid=109426) log_opt_values /opt/stack/data/venv/lib/python3.12/site-packages/oslo_config/cfg.py:2995}}
Apr 15 06:11:59.643036 np0000166382 devstack@n-api-meta.service[109426]: DEBUG nova.api.openstack.wsgi_app [None req-a98ca92e-f406-4fb3-88d7-dbf5ea09af20 None None] daemon = False {{(pid=109426) log_opt_values /opt/stack/data/venv/lib/python3.12/site-packages/oslo_config/cfg.py:2995}}
Apr 15 06:11:59.643167 np0000166382 devstack@n-api-meta.service[109426]: DEBUG nova.api.openstack.wsgi_app [None req-a98ca92e-f406-4fb3-88d7-dbf5ea09af20 None None] debug = True {{(pid=109426) log_opt_values /opt/stack/data/venv/lib/python3.12/site-packages/oslo_config/cfg.py:2995}}
Apr 15 06:11:59.643227 np0000166382 devstack@n-api-meta.service[109428]: WARNING nova.api.metadata.handler [None req-4f2ee65c-f4e6-4ef2-835b-c9fdb89fa3bd None None] metadata_proxy_shared_secret is not configured, the metadata information returned by the proxy cannot be trusted
Apr 15 06:11:59.643287 np0000166382 devstack@n-api-meta.service[109426]: DEBUG nova.api.openstack.wsgi_app [None req-a98ca92e-f406-4fb3-88d7-dbf5ea09af20 None None] default_access_ip_network_name = None {{(pid=109426) log_opt_values /opt/stack/data/venv/lib/python3.12/site-packages/oslo_config/cfg.py:2995}}
Apr 15 06:11:59.643418 np0000166382 devstack@n-api-meta.service[109426]: DEBUG nova.api.openstack.wsgi_app [None req-a98ca92e-f406-4fb3-88d7-dbf5ea09af20 None None] default_availability_zone = nova {{(pid=109426) log_opt_values /opt/stack/data/venv/lib/python3.12/site-packages/oslo_config/cfg.py:2995}}
Apr 15 06:11:59.643641 np0000166382 devstack@n-api-meta.service[109426]: DEBUG nova.api.openstack.wsgi_app [None req-a98ca92e-f406-4fb3-88d7-dbf5ea09af20 None None] default_ephemeral_format = ext4 {{(pid=109426) log_opt_values /opt/stack/data/venv/lib/python3.12/site-packages/oslo_config/cfg.py:2995}}
Apr 15 06:11:59.643719 np0000166382 devstack@n-api-meta.service[109426]: DEBUG nova.api.openstack.wsgi_app [None req-a98ca92e-f406-4fb3-88d7-dbf5ea09af20 None None] default_green_pool_size = 1000 {{(pid=109426) log_opt_values /opt/stack/data/venv/lib/python3.12/site-packages/oslo_config/cfg.py:2995}}
Apr 15 06:11:59.643893 np0000166382 devstack@n-api-meta.service[109426]: DEBUG nova.api.openstack.wsgi_app [None req-a98ca92e-f406-4fb3-88d7-dbf5ea09af20 None None] default_log_levels = ['amqp=WARN', 'boto=WARN', 'sqlalchemy=WARN', 'suds=INFO', 'oslo.messaging=INFO', 'oslo_messaging=INFO', 'iso8601=WARN', 'requests.packages.urllib3.connectionpool=WARN', 'urllib3.connectionpool=WARN', 'websocket=WARN', 'requests.packages.urllib3.util.retry=WARN', 'urllib3.util.retry=WARN', 'keystonemiddleware=WARN', 'routes.middleware=WARN', 'stevedore=WARN', 'taskflow=WARN', 'keystoneauth=WARN', 'oslo.cache=INFO', 'oslo_policy=INFO', 'dogpile.core.dogpile=INFO', 'glanceclient=WARN', 'oslo.privsep.daemon=INFO'] {{(pid=109426) log_opt_values /opt/stack/data/venv/lib/python3.12/site-packages/oslo_config/cfg.py:2995}}
Apr 15 06:11:59.644046 np0000166382 devstack@n-api-meta.service[109426]: DEBUG nova.api.openstack.wsgi_app [None req-a98ca92e-f406-4fb3-88d7-dbf5ea09af20 None None] default_schedule_zone = None {{(pid=109426) log_opt_values /opt/stack/data/venv/lib/python3.12/site-packages/oslo_config/cfg.py:2995}}
Apr 15 06:11:59.644149 np0000166382 devstack@n-api-meta.service[109426]: DEBUG nova.api.openstack.wsgi_app [None req-a98ca92e-f406-4fb3-88d7-dbf5ea09af20 None None] default_thread_pool_size = 10 {{(pid=109426) log_opt_values /opt/stack/data/venv/lib/python3.12/site-packages/oslo_config/cfg.py:2995}}
Apr 15 06:11:59.644271 np0000166382 devstack@n-api-meta.service[109426]: DEBUG nova.api.openstack.wsgi_app [None req-a98ca92e-f406-4fb3-88d7-dbf5ea09af20 None None] disk_allocation_ratio = None {{(pid=109426) log_opt_values /opt/stack/data/venv/lib/python3.12/site-packages/oslo_config/cfg.py:2995}}
Apr 15 06:11:59.644396 np0000166382 devstack@n-api-meta.service[109426]: DEBUG nova.api.openstack.wsgi_app [None req-a98ca92e-f406-4fb3-88d7-dbf5ea09af20 None None] enable_new_services = True {{(pid=109426) log_opt_values /opt/stack/data/venv/lib/python3.12/site-packages/oslo_config/cfg.py:2995}}
Apr 15 06:11:59.644500 np0000166382 devstack@n-api-meta.service[109429]: DEBUG dbcounter [-] [109429] Writer thread running {{(pid=109429) stat_writer /opt/stack/data/venv/lib/python3.12/site-packages/dbcounter.py:102}}
Apr 15 06:11:59.644564 np0000166382 devstack@n-api-meta.service[109426]: DEBUG nova.api.openstack.wsgi_app [None req-a98ca92e-f406-4fb3-88d7-dbf5ea09af20 None None] flat_injected = False {{(pid=109426) log_opt_values /opt/stack/data/venv/lib/python3.12/site-packages/oslo_config/cfg.py:2995}}
Apr 15 06:11:59.644648 np0000166382 devstack@n-api-meta.service[109426]: DEBUG nova.api.openstack.wsgi_app [None req-a98ca92e-f406-4fb3-88d7-dbf5ea09af20 None None] force_config_drive = False {{(pid=109426) log_opt_values /opt/stack/data/venv/lib/python3.12/site-packages/oslo_config/cfg.py:2995}}
Apr 15 06:11:59.644788 np0000166382 devstack@n-api-meta.service[109426]: DEBUG nova.api.openstack.wsgi_app [None req-a98ca92e-f406-4fb3-88d7-dbf5ea09af20 None None] force_raw_images = True {{(pid=109426) log_opt_values /opt/stack/data/venv/lib/python3.12/site-packages/oslo_config/cfg.py:2995}}
Apr 15 06:11:59.644920 np0000166382 devstack@n-api-meta.service[109426]: DEBUG nova.api.openstack.wsgi_app [None req-a98ca92e-f406-4fb3-88d7-dbf5ea09af20 None None] graceful_shutdown_timeout = 5 {{(pid=109426) log_opt_values /opt/stack/data/venv/lib/python3.12/site-packages/oslo_config/cfg.py:2995}}
Apr 15 06:11:59.645073 np0000166382 devstack@n-api-meta.service[109426]: DEBUG nova.api.openstack.wsgi_app [None req-a98ca92e-f406-4fb3-88d7-dbf5ea09af20 None None] heal_instance_info_cache_interval = -1 {{(pid=109426) log_opt_values /opt/stack/data/venv/lib/python3.12/site-packages/oslo_config/cfg.py:2995}}
Apr 15 06:11:59.645304 np0000166382 devstack@n-api-meta.service[109426]: DEBUG nova.api.openstack.wsgi_app [None req-a98ca92e-f406-4fb3-88d7-dbf5ea09af20 None None] host = np0000166382 {{(pid=109426) log_opt_values /opt/stack/data/venv/lib/python3.12/site-packages/oslo_config/cfg.py:2995}}
Apr 15 06:11:59.645415 np0000166382 devstack@n-api-meta.service[109426]: DEBUG nova.api.openstack.wsgi_app [None req-a98ca92e-f406-4fb3-88d7-dbf5ea09af20 None None] initial_cpu_allocation_ratio = 4.0 {{(pid=109426) log_opt_values /opt/stack/data/venv/lib/python3.12/site-packages/oslo_config/cfg.py:2995}}
Apr 15 06:11:59.645478 np0000166382 devstack@n-api-meta.service[109428]: DEBUG nova.api.openstack.wsgi_app [None req-4f2ee65c-f4e6-4ef2-835b-c9fdb89fa3bd None None] ******************************************************************************** {{(pid=109428) log_opt_values /opt/stack/data/venv/lib/python3.12/site-packages/oslo_config/cfg.py:2979}}
Apr 15 06:11:59.645544 np0000166382 devstack@n-api-meta.service[109428]: DEBUG nova.api.openstack.wsgi_app [None req-4f2ee65c-f4e6-4ef2-835b-c9fdb89fa3bd None None] Configuration options gathered from: {{(pid=109428) log_opt_values /opt/stack/data/venv/lib/python3.12/site-packages/oslo_config/cfg.py:2980}}
Apr 15 06:11:59.645596 np0000166382 devstack@n-api-meta.service[109426]: DEBUG nova.api.openstack.wsgi_app [None req-a98ca92e-f406-4fb3-88d7-dbf5ea09af20 None None] initial_disk_allocation_ratio = 1.0 {{(pid=109426) log_opt_values /opt/stack/data/venv/lib/python3.12/site-packages/oslo_config/cfg.py:2995}}
Apr 15 06:11:59.645677 np0000166382 devstack@n-api-meta.service[109426]: DEBUG nova.api.openstack.wsgi_app [None req-a98ca92e-f406-4fb3-88d7-dbf5ea09af20 None None] initial_ram_allocation_ratio = 1.0 {{(pid=109426) log_opt_values /opt/stack/data/venv/lib/python3.12/site-packages/oslo_config/cfg.py:2995}}
Apr 15 06:11:59.645735 np0000166382 devstack@n-api-meta.service[109428]: DEBUG nova.api.openstack.wsgi_app [None req-4f2ee65c-f4e6-4ef2-835b-c9fdb89fa3bd None None] command line args: [] {{(pid=109428) log_opt_values /opt/stack/data/venv/lib/python3.12/site-packages/oslo_config/cfg.py:2981}}
Apr 15 06:11:59.645836 np0000166382 devstack@n-api-meta.service[109428]: DEBUG nova.api.openstack.wsgi_app [None req-4f2ee65c-f4e6-4ef2-835b-c9fdb89fa3bd None None] config files: ['/etc/nova/api-paste.ini', '/etc/nova/nova.conf'] {{(pid=109428) log_opt_values /opt/stack/data/venv/lib/python3.12/site-packages/oslo_config/cfg.py:2982}}
