+ exec neutron-metadata-agent --config-file /etc/neutron/neutron.conf --config-file /tmp/pod-shared/neutron-agent.ini --config-file /etc/neutron/metadata_agent.ini /var/lib/openstack/lib/python3.10/site-packages/neutron/common/utils.py:54: UserWarning: pkg_resources is deprecated as an API. See https://setuptools.pypa.io/en/latest/pkg_resources.html. The pkg_resources package is slated for removal as early as 2025-11-30. Refrain from using this package or pin to Setuptools<81. import pkg_resources
2026-07-02 15:59:00.458 38 INFO neutron.common.config [-] Logging enabled!
2026-07-02 15:59:00.458 38 INFO neutron.common.config [-] /var/lib/openstack/bin/neutron-metadata-agent version 22.2.2.dev46 /var/lib/openstack/lib/python3.10/site-packages/memcache.py:1303: SyntaxWarning: "is" with a literal. Did you mean "=="? if key is '': /var/lib/openstack/lib/python3.10/site-packages/memcache.py:1304: SyntaxWarning: "is" with a literal. Did you mean "=="? if key_extra_len is 0:
2026-07-02 15:59:00.479 38 INFO oslo_service.service [None req-1a509bf1-b0cd-49cc-8e86-d118cf9cec3c - - - - - -] Starting 2 workers
2026-07-02 15:59:00.490 46 INFO eventlet.wsgi.server [-] (46) wsgi starting up on http:/var/lib/neutron/openstack-helm/metadata_proxy
2026-07-02 15:59:00.492 47 INFO eventlet.wsgi.server [-] (47) wsgi starting up on http:/var/lib/neutron/openstack-helm/metadata_proxy
2026-07-02 16:00:21.320 47 INFO eventlet.wsgi.server [-] 169.254.169.254, "GET / HTTP/1.1" status: 404 len: 176 time: 0.1141119
2026-07-02 16:02:32.711 47 INFO eventlet.wsgi.server [-] 169.254.169.254, "GET / HTTP/1.1" status: 404 len: 176 time: 0.0109901
2026-07-02 16:05:42.780 46 INFO eventlet.wsgi.server [-] 169.254.169.254, "GET / HTTP/1.1" status: 404 len: 176 time: 0.0111341
2026-07-02 16:06:12.771 46 INFO eventlet.wsgi.server [-] 169.254.169.254, "GET / HTTP/1.1" status: 404 len: 176 time: 0.0099132
2026-07-02 16:08:52.751 46 INFO eventlet.wsgi.server [-] 169.254.169.254, "GET / HTTP/1.1" status: 404 len: 176 time: 0.0128262
2026-07-02 16:12:02.826 47 INFO eventlet.wsgi.server [-] 169.254.169.254, "GET / HTTP/1.1" status: 404 len: 176 time: 0.1085656
2026-07-02 16:15:12.759 46 INFO eventlet.wsgi.server [-] 169.254.169.254, "GET / HTTP/1.1" status: 404 len: 176 time: 0.0115585
2026-07-02 16:16:12.827 47 INFO eventlet.wsgi.server [-] 169.254.169.254, "GET / HTTP/1.1" status: 404 len: 176 time: 0.0071013
2026-07-02 16:18:22.835 47 INFO eventlet.wsgi.server [-] 169.254.169.254, "GET / HTTP/1.1" status: 404 len: 176 time: 0.0101130
2026-07-02 16:21:32.830 47 INFO eventlet.wsgi.server [-] 169.254.169.254, "GET / HTTP/1.1" status: 404 len: 176 time: 0.0106344
2026-07-02 16:24:42.790 47 INFO eventlet.wsgi.server [-] 169.254.169.254, "GET / HTTP/1.1" status: 404 len: 176 time: 0.0685472
2026-07-02 16:26:12.884 46 INFO eventlet.wsgi.server [-] 169.254.169.254, "GET / HTTP/1.1" status: 404 len: 176 time: 0.0197473
2026-07-02 16:27:52.771 46 INFO eventlet.wsgi.server [-] 169.254.169.254, "GET / HTTP/1.1" status: 404 len: 176 time: 0.0068152
2026-07-02 16:31:02.704 47 INFO eventlet.wsgi.server [-] 169.254.169.254, "GET / HTTP/1.1" status: 404 len: 176 time: 0.0078897
2026-07-02 16:34:12.791 47 INFO eventlet.wsgi.server [-] 169.254.169.254, "GET / HTTP/1.1" status: 404 len: 176 time: 0.0050435
2026-07-02 16:35:50.564 47 INFO eventlet.wsgi.server [-] 10.100.0.13, "GET /2009-04-04/meta-data/instance-id HTTP/1.1" status: 200 len: 146 time: 1.4338112
2026-07-02 16:35:50.627 46 INFO eventlet.wsgi.server [-] 10.100.0.13, "GET /2009-04-04/meta-data/public-keys HTTP/1.1" status: 200 len: 163 time: 0.0523317
2026-07-02 16:35:50.652 46 INFO eventlet.wsgi.server [-] 10.100.0.13, "GET /2009-04-04/meta-data/public-keys/0/openssh-key HTTP/1.1" status: 200 len: 341 time: 0.0186329
2026-07-02 16:35:50.674 46 INFO eventlet.wsgi.server [-] 10.100.0.13, "GET /2009-04-04/meta-data/instance-id HTTP/1.1" status: 200 len: 146 time: 0.0128357
2026-07-02 16:35:50.695 46 INFO eventlet.wsgi.server [-] 10.100.0.13, "GET /2009-04-04/meta-data/ami-launch-index HTTP/1.1" status: 200 len: 136 time: 0.0147116
2026-07-02 16:35:50.723 46 INFO eventlet.wsgi.server [-] 10.100.0.13, "GET /2009-04-04/meta-data/instance-type HTTP/1.1" status: 200 len: 142 time: 0.0187168
2026-07-02 16:35:50.746 46 INFO eventlet.wsgi.server [-] 10.100.0.13, "GET /2009-04-04/meta-data/local-ipv4 HTTP/1.1" status: 200 len: 147 time: 0.0151937
2026-07-02 16:35:50.766 46 INFO eventlet.wsgi.server [-] 10.100.0.13, "GET /2009-04-04/meta-data/public-ipv4 HTTP/1.1" status: 200 len: 149 time: 0.0143573
2026-07-02 16:35:50.795 46 INFO eventlet.wsgi.server [-] 10.100.0.13, "GET /2009-04-04/meta-data/hostname HTTP/1.1" status: 200 len: 192 time: 0.0191033
2026-07-02 16:35:50.819 46 INFO eventlet.wsgi.server [-] 10.100.0.13, "GET /2009-04-04/meta-data/local-hostname HTTP/1.1" status: 200 len: 192 time: 0.0150266
2026-07-02 16:35:50.846 46 INFO eventlet.wsgi.server [-] 10.100.0.13, "GET /2009-04-04/user-data HTTP/1.1" status: 200 len: 231 time: 0.0193465
2026-07-02 16:35:50.868 46 INFO eventlet.wsgi.server [-] 10.100.0.13, "GET /2009-04-04/meta-data/block-device-mapping HTTP/1.1" status: 200 len: 143 time: 0.0161152
2026-07-02 16:35:50.900 46 INFO eventlet.wsgi.server [-] 10.100.0.13, "GET /2009-04-04/meta-data/block-device-mapping/ami HTTP/1.1" status: 200 len: 138 time: 0.0256560
2026-07-02 16:35:50.928 46 INFO eventlet.wsgi.server [-] 10.100.0.13, "GET /2009-04-04/meta-data/block-device-mapping/root HTTP/1.1" status: 200 len: 143 time: 0.0194986
2026-07-02 16:35:50.962 46 INFO eventlet.wsgi.server [-] 10.100.0.13, "GET /2009-04-04/meta-data/public-hostname HTTP/1.1" status: 200 len: 192 time: 0.0248022
2026-07-02 16:35:50.985 46 INFO eventlet.wsgi.server [-] 10.100.0.13, "GET /2009-04-04/meta-data/placement/availability-zone HTTP/1.1" status: 200 len: 139 time: 0.0151699
2026-07-02 16:35:56.617 47 INFO eventlet.wsgi.server [-] 10.100.0.6, "GET /2009-04-04/meta-data/instance-id HTTP/1.1" status: 200 len: 146 time: 0.2254119
2026-07-02 16:35:56.646 46 INFO eventlet.wsgi.server [-] 10.100.0.6, "GET /2009-04-04/meta-data/public-keys HTTP/1.1" status: 200 len: 164 time: 0.0166531
2026-07-02 16:35:56.672 47 INFO eventlet.wsgi.server [-] 10.100.0.6, "GET /2009-04-04/meta-data/public-keys/0/openssh-key HTTP/1.1" status: 200 len: 341 time: 0.0166116
2026-07-02 16:35:56.696 47 INFO eventlet.wsgi.server [-] 10.100.0.6, "GET /2009-04-04/meta-data/instance-id HTTP/1.1" status: 200 len: 146 time: 0.0161502
2026-07-02 16:35:56.718 47 INFO eventlet.wsgi.server [-] 10.100.0.6, "GET /2009-04-04/meta-data/ami-launch-index HTTP/1.1" status: 200 len: 136 time: 0.0146887
2026-07-02 16:35:56.743 47 INFO eventlet.wsgi.server [-] 10.100.0.6, "GET /2009-04-04/meta-data/instance-type HTTP/1.1" status: 200 len: 142 time: 0.0134196
2026-07-02 16:35:56.776 46 INFO eventlet.wsgi.server [-] 10.100.0.6, "GET /2009-04-04/meta-data/local-ipv4 HTTP/1.1" status: 200 len: 146 time: 0.0175257
2026-07-02 16:35:56.806 46 INFO eventlet.wsgi.server [-] 10.100.0.6, "GET /2009-04-04/meta-data/public-ipv4 HTTP/1.1" status: 200 len: 149 time: 0.0207384
2026-07-02 16:35:56.847 46 INFO eventlet.wsgi.server [-] 10.100.0.6, "GET /2009-04-04/meta-data/hostname HTTP/1.1" status: 200 len: 200 time: 0.0314438
2026-07-02 16:35:56.869 46 INFO eventlet.wsgi.server [-] 10.100.0.6, "GET /2009-04-04/meta-data/local-hostname HTTP/1.1" status: 200 len: 200 time: 0.0156925
2026-07-02 16:35:56.902 47 INFO eventlet.wsgi.server [-] 10.100.0.6, "GET /2009-04-04/user-data HTTP/1.1" status: 200 len: 231 time: 0.0198448
2026-07-02 16:35:56.939 46 INFO eventlet.wsgi.server [-] 10.100.0.6, "GET /2009-04-04/meta-data/block-device-mapping HTTP/1.1" status: 200 len: 143 time: 0.0280020
2026-07-02 16:35:56.961 46 INFO eventlet.wsgi.server [-] 10.100.0.6, "GET /2009-04-04/meta-data/block-device-mapping/ami HTTP/1.1" status: 200 len: 138 time: 0.0146198
2026-07-02 16:35:56.989 46 INFO eventlet.wsgi.server [-] 10.100.0.6, "GET /2009-04-04/meta-data/block-device-mapping/root HTTP/1.1" status: 200 len: 143 time: 0.0219004
2026-07-02 16:35:57.015 46 INFO eventlet.wsgi.server [-] 10.100.0.6, "GET /2009-04-04/meta-data/public-hostname HTTP/1.1" status: 200 len: 200 time: 0.0167301
2026-07-02 16:35:57.035 46 INFO eventlet.wsgi.server [-] 10.100.0.6, "GET /2009-04-04/meta-data/placement/availability-zone HTTP/1.1" status: 200 len: 139 time: 0.0129182
2026-07-02 16:36:05.551 47 INFO eventlet.wsgi.server [-] 10.100.0.13, "GET /2009-04-04/meta-data/instance-id HTTP/1.1" status: 200 len: 146 time: 0.0181916
2026-07-02 16:36:06.989 47 INFO eventlet.wsgi.server [-] 10.100.0.13, "GET /2009-04-04/meta-data/public-keys HTTP/1.1" status: 200 len: 163 time: 1.4294789
2026-07-02 16:36:07.012 47 INFO eventlet.wsgi.server [-] 10.100.0.13, "GET /2009-04-04/meta-data/public-keys/0/openssh-key HTTP/1.1" status: 200 len: 341 time: 0.0165617
2026-07-02 16:36:07.035 47 INFO eventlet.wsgi.server [-] 10.100.0.13, "GET /2009-04-04/meta-data/instance-id HTTP/1.1" status: 200 len: 146 time: 0.0164855
2026-07-02 16:36:07.056 47 INFO eventlet.wsgi.server [-] 10.100.0.13, "GET /2009-04-04/meta-data/ami-launch-index HTTP/1.1" status: 200 len: 136 time: 0.0134537
2026-07-02 16:36:07.076 47 INFO eventlet.wsgi.server [-] 10.100.0.13, "GET /2009-04-04/meta-data/instance-type HTTP/1.1" status: 200 len: 142 time: 0.0137315
2026-07-02 16:36:07.100 47 INFO eventlet.wsgi.server [-] 10.100.0.13, "GET /2009-04-04/meta-data/local-ipv4 HTTP/1.1" status: 200 len: 147 time: 0.0155809
2026-07-02 16:36:07.121 47 INFO eventlet.wsgi.server [-] 10.100.0.13, "GET /2009-04-04/meta-data/public-ipv4 HTTP/1.1" status: 200 len: 149 time: 0.0128288
2026-07-02 16:36:07.148 47 INFO eventlet.wsgi.server [-] 10.100.0.13, "GET /2009-04-04/meta-data/hostname HTTP/1.1" status: 200 len: 192 time: 0.0192814
2026-07-02 16:36:07.167 47 INFO eventlet.wsgi.server [-] 10.100.0.13, "GET /2009-04-04/meta-data/local-hostname HTTP/1.1" status: 200 len: 192 time: 0.0123196
2026-07-02 16:36:07.192 47 INFO eventlet.wsgi.server [-] 10.100.0.13, "GET /2009-04-04/user-data HTTP/1.1" status: 200 len: 231 time: 0.0157905
2026-07-02 16:36:07.221 47 INFO eventlet.wsgi.server [-] 10.100.0.13, "GET /2009-04-04/meta-data/block-device-mapping HTTP/1.1" status: 200 len: 143 time: 0.0189493
2026-07-02 16:36:07.245 47 INFO eventlet.wsgi.server [-] 10.100.0.13, "GET /2009-04-04/meta-data/block-device-mapping/ami HTTP/1.1" status: 200 len: 138 time: 0.0159342
2026-07-02 16:36:07.262 47 INFO eventlet.wsgi.server [-] 10.100.0.13, "GET /2009-04-04/meta-data/block-device-mapping/root HTTP/1.1" status: 200 len: 143 time: 0.0121887
2026-07-02 16:36:07.285 47 INFO eventlet.wsgi.server [-] 10.100.0.13, "GET /2009-04-04/meta-data/public-hostname HTTP/1.1" status: 200 len: 192 time: 0.0139198
2026-07-02 16:36:07.304 46 INFO eventlet.wsgi.server [-] 10.100.0.13, "GET /2009-04-04/meta-data/placement/availability-zone HTTP/1.1" status: 200 len: 139 time: 0.0131369
2026-07-02 16:36:12.903 47 INFO eventlet.wsgi.server [-] 169.254.169.254, "GET / HTTP/1.1" status: 404 len: 176 time: 0.0514555
2026-07-02 16:37:22.913 46 INFO eventlet.wsgi.server [-] 169.254.169.254, "GET / HTTP/1.1" status: 404 len: 176 time: 0.0075927
2026-07-02 16:37:43.189 46 INFO eventlet.wsgi.server [-] 10.100.0.11, "GET /2009-04-04/meta-data/instance-id HTTP/1.1" status: 200 len: 146 time: 0.6242583
2026-07-02 16:37:43.221 46 INFO eventlet.wsgi.server [-] 10.100.0.11, "GET /2009-04-04/meta-data/public-keys HTTP/1.1" status: 200 len: 176 time: 0.0213592
2026-07-02 16:37:43.243 46 INFO eventlet.wsgi.server [-] 10.100.0.11, "GET /2009-04-04/meta-data/public-keys/0/openssh-key HTTP/1.1" status: 200 len: 341 time: 0.0165396
2026-07-02 16:37:43.279 46 INFO eventlet.wsgi.server [-] 10.100.0.11, "GET /2009-04-04/meta-data/instance-id HTTP/1.1" status: 200 len: 146 time: 0.0294592
2026-07-02 16:37:43.298 46 INFO eventlet.wsgi.server [-] 10.100.0.11, "GET /2009-04-04/meta-data/ami-launch-index HTTP/1.1" status: 200 len: 136 time: 0.0130324
2026-07-02 16:37:43.324 46 INFO eventlet.wsgi.server [-] 10.100.0.11, "GET /2009-04-04/meta-data/instance-type HTTP/1.1" status: 200 len: 142 time: 0.0170698
2026-07-02 16:37:43.350 46 INFO eventlet.wsgi.server [-] 10.100.0.11, "GET /2009-04-04/meta-data/local-ipv4 HTTP/1.1" status: 200 len: 147 time: 0.0174642
2026-07-02 16:37:43.380 46 INFO eventlet.wsgi.server [-] 10.100.0.11, "GET /2009-04-04/meta-data/public-ipv4 HTTP/1.1" status: 200 len: 149 time: 0.0212600
2026-07-02 16:37:43.408 46 INFO eventlet.wsgi.server [-] 10.100.0.11, "GET /2009-04-04/meta-data/hostname HTTP/1.1" status: 200 len: 190 time: 0.0211148
2026-07-02 16:37:43.436 46 INFO eventlet.wsgi.server [-] 10.100.0.11, "GET /2009-04-04/meta-data/local-hostname HTTP/1.1" status: 200 len: 190 time: 0.0206165
2026-07-02 16:37:43.466 47 INFO neutron.agent.metadata.agent [-] The instance: b0c5654f-b711-442d-a3cc-86bd2e2170b3 is not present anymore, skipping cache...
2026-07-02 16:37:43.533 47 INFO eventlet.wsgi.server [-] 10.100.0.11, "GET /2009-04-04/user-data HTTP/1.1" status: 404 len: 297 time: 0.0856509
2026-07-02 16:37:43.577 47 INFO eventlet.wsgi.server [-] 10.100.0.11, "GET /2009-04-04/meta-data/block-device-mapping HTTP/1.1" status: 200 len: 143 time: 0.0182207
2026-07-02 16:37:43.600 47 INFO eventlet.wsgi.server [-] 10.100.0.11, "GET /2009-04-04/meta-data/block-device-mapping/ami HTTP/1.1" status: 200 len: 138 time: 0.0148993
2026-07-02 16:37:43.620 47 INFO eventlet.wsgi.server [-] 10.100.0.11, "GET /2009-04-04/meta-data/block-device-mapping/root HTTP/1.1" status: 200 len: 143 time: 0.0149748
2026-07-02 16:37:43.640 47 INFO eventlet.wsgi.server [-] 10.100.0.11, "GET /2009-04-04/meta-data/public-hostname HTTP/1.1" status: 200 len: 190 time: 0.0105393
2026-07-02 16:37:43.661 47 INFO eventlet.wsgi.server [-] 10.100.0.11, "GET /2009-04-04/meta-data/placement/availability-zone HTTP/1.1" status: 200 len: 139 time: 0.0147779
2026-07-02 16:38:13.106 47 INFO eventlet.wsgi.server [-] 10.100.0.14, "GET /2009-04-04/meta-data/instance-id HTTP/1.1" status: 200 len: 146 time: 0.2875557
2026-07-02 16:38:13.139 47 INFO eventlet.wsgi.server [-] 10.100.0.14, "GET /2009-04-04/meta-data/public-keys HTTP/1.1" status: 200 len: 176 time: 0.0200551
2026-07-02 16:38:13.167 47 INFO eventlet.wsgi.server [-] 10.100.0.14, "GET /2009-04-04/meta-data/public-keys/0/openssh-key HTTP/1.1" status: 200 len: 341 time: 0.0196106
2026-07-02 16:38:13.193 47 INFO eventlet.wsgi.server [-] 10.100.0.14, "GET /2009-04-04/meta-data/instance-id HTTP/1.1" status: 200 len: 146 time: 0.0162055
2026-07-02 16:38:13.219 47 INFO eventlet.wsgi.server [-] 10.100.0.14, "GET /2009-04-04/meta-data/ami-launch-index HTTP/1.1" status: 200 len: 136 time: 0.0192583
2026-07-02 16:38:13.248 47 INFO eventlet.wsgi.server [-] 10.100.0.14, "GET /2009-04-04/meta-data/instance-type HTTP/1.1" status: 200 len: 142 time: 0.0230470
2026-07-02 16:38:13.281 47 INFO eventlet.wsgi.server [-] 10.100.0.14, "GET /2009-04-04/meta-data/local-ipv4 HTTP/1.1" status: 200 len: 147 time: 0.0221007
2026-07-02 16:38:13.313 46 INFO eventlet.wsgi.server [-] 10.100.0.14, "GET /2009-04-04/meta-data/public-ipv4 HTTP/1.1" status: 200 len: 149 time: 0.0198915
2026-07-02 16:38:13.336 46 INFO eventlet.wsgi.server [-] 10.100.0.14, "GET /2009-04-04/meta-data/hostname HTTP/1.1" status: 200 len: 191 time: 0.0173757
2026-07-02 16:38:13.362 46 INFO eventlet.wsgi.server [-] 10.100.0.14, "GET /2009-04-04/meta-data/local-hostname HTTP/1.1" status: 200 len: 191 time: 0.0189652
2026-07-02 16:38:13.380 46 INFO neutron.agent.metadata.agent [-] The instance: 4c1b3451-ea58-43ac-8592-a0c28732aecf is not present anymore, skipping cache...
2026-07-02 16:38:13.459 46 INFO eventlet.wsgi.server [-] 10.100.0.14, "GET /2009-04-04/user-data HTTP/1.1" status: 404 len: 297 time: 0.0883827
2026-07-02 16:38:13.491 46 INFO eventlet.wsgi.server [-] 10.100.0.14, "GET /2009-04-04/meta-data/block-device-mapping HTTP/1.1" status: 200 len: 143 time: 0.0221324
2026-07-02 16:38:13.523 47 INFO eventlet.wsgi.server [-] 10.100.0.14, "GET /2009-04-04/meta-data/block-device-mapping/ami HTTP/1.1" status: 200 len: 138 time: 0.0198596
2026-07-02 16:38:13.567 47 INFO eventlet.wsgi.server [-] 10.100.0.14, "GET /2009-04-04/meta-data/block-device-mapping/root HTTP/1.1" status: 200 len: 143 time: 0.0329020
2026-07-02 16:38:13.589 47 INFO eventlet.wsgi.server [-] 10.100.0.14, "GET /2009-04-04/meta-data/public-hostname HTTP/1.1" status: 200 len: 191 time: 0.0158362
2026-07-02 16:38:13.614 47 INFO eventlet.wsgi.server [-] 10.100.0.14, "GET /2009-04-04/meta-data/placement/availability-zone HTTP/1.1" status: 200 len: 139 time: 0.0182729
2026-07-02 16:38:44.512 47 INFO eventlet.wsgi.server [-] 10.100.0.9, "GET /latest/meta-data/public-ipv4 HTTP/1.1" status: 200 len: 149 time: 0.2753134
2026-07-02 16:38:44.809 46 INFO eventlet.wsgi.server [-] 10.100.0.9, "POST /openstack/2013-10-17/password HTTP/1.1" status: 200 len: 134 time: 0.2235286
2026-07-02 16:40:20.078 47 INFO eventlet.wsgi.server [-] 10.2.1.153, "GET /2009-04-04/meta-data/instance-id HTTP/1.1" status: 200 len: 146 time: 0.2714059
2026-07-02 16:40:20.111 46 INFO eventlet.wsgi.server [-] 10.2.1.153, "GET /2009-04-04/meta-data/public-keys HTTP/1.1" status: 200 len: 173 time: 0.0230975
2026-07-02 16:40:20.129 46 INFO eventlet.wsgi.server [-] 10.2.1.153, "GET /2009-04-04/meta-data/public-keys/0/openssh-key HTTP/1.1" status: 200 len: 341 time: 0.0126741
2026-07-02 16:40:20.155 47 INFO eventlet.wsgi.server [-] 10.2.1.153, "GET /2009-04-04/meta-data/instance-id HTTP/1.1" status: 200 len: 146 time: 0.0154536
2026-07-02 16:40:20.175 46 INFO eventlet.wsgi.server [-] 10.2.1.153, "GET /2009-04-04/meta-data/ami-launch-index HTTP/1.1" status: 200 len: 136 time: 0.0137382
2026-07-02 16:40:20.194 47 INFO eventlet.wsgi.server [-] 10.2.1.153, "GET /2009-04-04/meta-data/instance-type HTTP/1.1" status: 200 len: 142 time: 0.0132458
2026-07-02 16:40:20.211 46 INFO eventlet.wsgi.server [-] 10.2.1.153, "GET /2009-04-04/meta-data/local-ipv4 HTTP/1.1" status: 200 len: 146 time: 0.0124743
2026-07-02 16:40:20.232 47 INFO eventlet.wsgi.server [-] 10.2.1.153, "GET /2009-04-04/meta-data/public-ipv4 HTTP/1.1" status: 200 len: 149 time: 0.0144315
2026-07-02 16:40:20.250 46 INFO eventlet.wsgi.server [-] 10.2.1.153, "GET /2009-04-04/meta-data/hostname HTTP/1.1" status: 200 len: 185 time: 0.0131521
2026-07-02 16:40:20.268 47 INFO eventlet.wsgi.server [-] 10.2.1.153, "GET /2009-04-04/meta-data/local-hostname HTTP/1.1" status: 200 len: 185 time: 0.0127206
2026-07-02 16:40:20.287 46 INFO neutron.agent.metadata.agent [-] The instance: fc4af722-742d-4963-9172-47a90d808502 is not present anymore, skipping cache...
2026-07-02 16:40:20.337 46 INFO eventlet.wsgi.server [-] 10.2.1.153, "GET /2009-04-04/user-data HTTP/1.1" status: 404 len: 297 time: 0.0619922
2026-07-02 16:40:20.390 47 INFO eventlet.wsgi.server [-] 10.2.1.153, "GET /2009-04-04/meta-data/block-device-mapping HTTP/1.1" status: 200 len: 143 time: 0.0186222
2026-07-02 16:40:20.409 47 INFO eventlet.wsgi.server [-] 10.2.1.153, "GET /2009-04-04/meta-data/block-device-mapping/ami HTTP/1.1" status: 200 len: 138 time: 0.0152037
2026-07-02 16:40:20.432 46 INFO eventlet.wsgi.server [-] 10.2.1.153, "GET /2009-04-04/meta-data/block-device-mapping/root HTTP/1.1" status: 200 len: 143 time: 0.0187566
2026-07-02 16:40:20.455 47 INFO eventlet.wsgi.server [-] 10.2.1.153, "GET /2009-04-04/meta-data/public-hostname HTTP/1.1" status: 200 len: 185 time: 0.0156546
2026-07-02 16:40:20.477 46 INFO eventlet.wsgi.server [-] 10.2.1.153, "GET /2009-04-04/meta-data/placement/availability-zone HTTP/1.1" status: 200 len: 139 time: 0.0149598
2026-07-02 16:40:30.110 47 INFO eventlet.wsgi.server [-] 10.2.2.153, "GET /2009-04-04/meta-data/instance-id HTTP/1.1" status: 200 len: 146 time: 0.2467711
2026-07-02 16:40:30.135 47 INFO eventlet.wsgi.server [-] 10.2.2.153, "GET /2009-04-04/meta-data/public-keys HTTP/1.1" status: 200 len: 173 time: 0.0140424
2026-07-02 16:40:30.156 47 INFO eventlet.wsgi.server [-] 10.2.2.153, "GET /2009-04-04/meta-data/public-keys/0/openssh-key HTTP/1.1" status: 200 len: 341 time: 0.0140970
2026-07-02 16:40:30.179 47 INFO eventlet.wsgi.server [-] 10.2.2.153, "GET /2009-04-04/meta-data/instance-id HTTP/1.1" status: 200 len: 146 time: 0.0135610
2026-07-02 16:40:30.199 47 INFO eventlet.wsgi.server [-] 10.2.2.153, "GET /2009-04-04/meta-data/ami-launch-index HTTP/1.1" status: 200 len: 136 time: 0.0129941
2026-07-02 16:40:30.219 47 INFO eventlet.wsgi.server [-] 10.2.2.153, "GET /2009-04-04/meta-data/instance-type HTTP/1.1" status: 200 len: 142 time: 0.0112667
2026-07-02 16:40:30.239 47 INFO eventlet.wsgi.server [-] 10.2.2.153, "GET /2009-04-04/meta-data/local-ipv4 HTTP/1.1" status: 200 len: 146 time: 0.0129437
2026-07-02 16:40:30.262 47 INFO eventlet.wsgi.server [-] 10.2.2.153, "GET /2009-04-04/meta-data/public-ipv4 HTTP/1.1" status: 200 len: 135 time: 0.0146451
2026-07-02 16:40:30.285 47 INFO eventlet.wsgi.server [-] 10.2.2.153, "GET /2009-04-04/meta-data/hostname HTTP/1.1" status: 200 len: 184 time: 0.0132174
2026-07-02 16:40:30.308 46 INFO eventlet.wsgi.server [-] 10.2.2.153, "GET /2009-04-04/meta-data/local-hostname HTTP/1.1" status: 200 len: 184 time: 0.0140879
2026-07-02 16:40:30.343 46 INFO neutron.agent.metadata.agent [-] The instance: b89e60b9-2b89-4ee0-9f3b-303175d3905d is not present anymore, skipping cache...
2026-07-02 16:40:30.390 46 INFO eventlet.wsgi.server [-] 10.2.2.153, "GET /2009-04-04/user-data HTTP/1.1" status: 404 len: 297 time: 0.0601218
2026-07-02 16:40:30.416 46 INFO eventlet.wsgi.server [-] 10.2.2.153, "GET /2009-04-04/meta-data/block-device-mapping HTTP/1.1" status: 200 len: 143 time: 0.0126522
2026-07-02 16:40:30.436 46 INFO eventlet.wsgi.server [-] 10.2.2.153, "GET /2009-04-04/meta-data/block-device-mapping/ami HTTP/1.1" status: 200 len: 138 time: 0.0136876
2026-07-02 16:40:30.461 46 INFO eventlet.wsgi.server [-] 10.2.2.153, "GET /2009-04-04/meta-data/block-device-mapping/root HTTP/1.1" status: 200 len: 143 time: 0.0156109
2026-07-02 16:40:30.484 46 INFO eventlet.wsgi.server [-] 10.2.2.153, "GET /2009-04-04/meta-data/public-hostname HTTP/1.1" status: 200 len: 184 time: 0.0147779
2026-07-02 16:40:30.508 46 INFO eventlet.wsgi.server [-] 10.2.2.153, "GET /2009-04-04/meta-data/placement/availability-zone HTTP/1.1" status: 200 len: 139 time: 0.0173702
2026-07-02 16:40:32.821 46 INFO eventlet.wsgi.server [-] 169.254.169.254, "GET / HTTP/1.1" status: 404 len: 176 time: 0.0350833
2026-07-02 16:43:42.842 47 INFO eventlet.wsgi.server [-] 169.254.169.254, "GET / HTTP/1.1" status: 404 len: 176 time: 0.0142605
2026-07-02 16:46:12.951 47 INFO eventlet.wsgi.server [-] 169.254.169.254, "GET / HTTP/1.1" status: 404 len: 176 time: 0.0729654
2026-07-02 16:46:52.815 47 INFO eventlet.wsgi.server [-] 169.254.169.254, "GET / HTTP/1.1" status: 404 len: 176 time: 0.0089784