Jun 29 06:04:30.840317 np0000183446 systemd[1]: Starting devstack@n-api-meta.service - Devstack devstack@n-api-meta.service...
Jun 29 06:04:30.847400 np0000183446 devstack@n-api-meta.service[108421]: [uWSGI] getting INI configuration from /etc/nova/nova-metadata-uwsgi.ini
Jun 29 06:04:30.850733 np0000183446 devstack@n-api-meta.service[108421]: *** Starting uWSGI 2.0.24-debian (64bit) on [Mon Jun 29 06:04:30 2026] ***
Jun 29 06:04:30.850733 np0000183446 devstack@n-api-meta.service[108421]: compiled with version: 13.2.0 on 17 April 2024 16:23:48
Jun 29 06:04:30.850733 np0000183446 devstack@n-api-meta.service[108421]: os: Linux-6.8.0-124-generic #124-Ubuntu SMP PREEMPT_DYNAMIC Tue May 26 13:00:45 UTC 2026
Jun 29 06:04:30.850733 np0000183446 devstack@n-api-meta.service[108421]: nodename: np0000183446
Jun 29 06:04:30.850733 np0000183446 devstack@n-api-meta.service[108421]: machine: x86_64
Jun 29 06:04:30.850733 np0000183446 devstack@n-api-meta.service[108421]: clock source: unix
Jun 29 06:04:30.850733 np0000183446 devstack@n-api-meta.service[108421]: pcre jit disabled
Jun 29 06:04:30.850733 np0000183446 devstack@n-api-meta.service[108421]: detected number of CPU cores: 16
Jun 29 06:04:30.850733 np0000183446 devstack@n-api-meta.service[108421]: current working directory: /
Jun 29 06:04:30.850733 np0000183446 devstack@n-api-meta.service[108421]: detected binary path: /usr/bin/uwsgi-core
Jun 29 06:04:30.850733 np0000183446 devstack@n-api-meta.service[108421]: your processes number limit is 256917
Jun 29 06:04:30.850733 np0000183446 devstack@n-api-meta.service[108421]: your memory page size is 4096 bytes
Jun 29 06:04:30.850733 np0000183446 devstack@n-api-meta.service[108421]: detected max file descriptor number: 2048
Jun 29 06:04:30.850733 np0000183446 devstack@n-api-meta.service[108421]: lock engine: pthread robust mutexes
Jun 29 06:04:30.851516 np0000183446 devstack@n-api-meta.service[108421]: thunder lock: enabled
Jun 29 06:04:30.852068 np0000183446 devstack@n-api-meta.service[108421]: uWSGI http bound on 0.0.0.0:8775 fd 5
Jun 29 06:04:30.852068 np0000183446 devstack@n-api-meta.service[108421]: uwsgi socket 0 bound to TCP address 127.0.0.1:40729 (port auto-assigned) fd 4
Jun 29 06:04:30.852068 np0000183446 devstack@n-api-meta.service[108421]: Python version: 3.12.3 (main, Mar 23 2026, 19:04:32) [GCC 13.3.0]
Jun 29 06:04:30.852068 np0000183446 devstack@n-api-meta.service[108421]: PEP 405 virtualenv detected: /opt/stack/data/venv
Jun 29 06:04:30.852068 np0000183446 devstack@n-api-meta.service[108421]: Set PythonHome to /opt/stack/data/venv
Jun 29 06:04:30.891240 np0000183446 devstack@n-api-meta.service[108421]: Python main interpreter initialized at 0x70d81dca3668
Jun 29 06:04:30.891240 np0000183446 devstack@n-api-meta.service[108421]: python threads support enabled
Jun 29 06:04:30.891240 np0000183446 devstack@n-api-meta.service[108421]: your server socket listen backlog is limited to 100 connections
Jun 29 06:04:30.891240 np0000183446 devstack@n-api-meta.service[108421]: your mercy for graceful operations on workers is 80 seconds
Jun 29 06:04:30.892144 np0000183446 devstack@n-api-meta.service[108421]: mapped 671795 bytes (656 KB) for 4 cores
Jun 29 06:04:30.892390 np0000183446 devstack@n-api-meta.service[108421]: *** Operational MODE: preforking ***
Jun 29 06:04:30.892664 np0000183446 devstack@n-api-meta.service[108421]: *** uWSGI is running in multiple interpreter mode ***
Jun 29 06:04:30.892664 np0000183446 devstack@n-api-meta.service[108421]: spawned uWSGI master process (pid: 108421)
Jun 29 06:04:30.892860 np0000183446 systemd[1]: Started devstack@n-api-meta.service - Devstack devstack@n-api-meta.service.
Jun 29 06:04:30.893941 np0000183446 devstack@n-api-meta.service[108421]: spawned uWSGI worker 1 (pid: 108422, cores: 1)
Jun 29 06:04:30.894694 np0000183446 devstack@n-api-meta.service[108421]: spawned uWSGI worker 2 (pid: 108423, cores: 1)
Jun 29 06:04:30.895384 np0000183446 devstack@n-api-meta.service[108421]: spawned uWSGI worker 3 (pid: 108424, cores: 1)
Jun 29 06:04:30.895896 np0000183446 devstack@n-api-meta.service[108421]: spawned uWSGI worker 4 (pid: 108425, cores: 1)
Jun 29 06:04:30.896419 np0000183446 devstack@n-api-meta.service[108421]: spawned uWSGI http 1 (pid: 108426)
Jun 29 06:04:30.896419 np0000183446 devstack@n-api-meta.service[108421]: running "unix_signal:15 gracefully_kill_them_all" (master-start)...
Jun 29 06:04:32.549852 np0000183446 devstack@n-api-meta.service[108424]: INFO dbcounter [None req-feab6219-e5aa-40b4-a201-00b84a3b9d5f None None] Registered counter for database nova_api
Jun 29 06:04:32.564363 np0000183446 devstack@n-api-meta.service[108423]: INFO dbcounter [None req-a59e9842-f7f4-472c-a471-0d91ac142f61 None None] Registered counter for database nova_api
Jun 29 06:04:32.597244 np0000183446 devstack@n-api-meta.service[108424]: DEBUG oslo_db.sqlalchemy.engines [None req-feab6219-e5aa-40b4-a201-00b84a3b9d5f None None] MySQL server mode set to STRICT_TRANS_TABLES,STRICT_ALL_TABLES,NO_ZERO_IN_DATE,NO_ZERO_DATE,ERROR_FOR_DIVISION_BY_ZERO,TRADITIONAL,NO_ENGINE_SUBSTITUTION {{(pid=108424) _check_effective_sql_mode /opt/stack/data/venv/lib/python3.12/site-packages/oslo_db/sqlalchemy/engines.py:325}}
Jun 29 06:04:32.609855 np0000183446 devstack@n-api-meta.service[108423]: DEBUG oslo_db.sqlalchemy.engines [None req-a59e9842-f7f4-472c-a471-0d91ac142f61 None None] MySQL server mode set to STRICT_TRANS_TABLES,STRICT_ALL_TABLES,NO_ZERO_IN_DATE,NO_ZERO_DATE,ERROR_FOR_DIVISION_BY_ZERO,TRADITIONAL,NO_ENGINE_SUBSTITUTION {{(pid=108423) _check_effective_sql_mode /opt/stack/data/venv/lib/python3.12/site-packages/oslo_db/sqlalchemy/engines.py:325}}
Jun 29 06:04:32.631509 np0000183446 devstack@n-api-meta.service[108424]: DEBUG dbcounter [-] [108424] Writer thread running {{(pid=108424) stat_writer /opt/stack/data/venv/lib/python3.12/site-packages/dbcounter.py:102}}
Jun 29 06:04:32.634238 np0000183446 devstack@n-api-meta.service[108424]: DEBUG nova.context [None req-feab6219-e5aa-40b4-a201-00b84a3b9d5f None None] Found 2 cells: 00000000-0000-0000-0000-000000000000(cell0),c4b58fda-ce7a-488f-b4ea-fbf918d051ce(cell1) {{(pid=108424) load_cells /opt/stack/nova/nova/context.py:509}}
Jun 29 06:04:32.634362 np0000183446 devstack@n-api-meta.service[108424]: INFO nova.utils [None req-feab6219-e5aa-40b4-a201-00b84a3b9d5f None None] The cell worker thread pool MainProcess.cell_worker is initialized
Jun 29 06:04:32.636227 np0000183446 devstack@n-api-meta.service[108424]: DEBUG oslo_concurrency.lockutils [None req-feab6219-e5aa-40b4-a201-00b84a3b9d5f None None] Acquiring lock "00000000-0000-0000-0000-000000000000" by "nova.context.set_target_cell..get_or_set_cached_cell_and_set_connections" {{(pid=108424) inner /opt/stack/data/venv/lib/python3.12/site-packages/oslo_concurrency/lockutils.py:511}}
Jun 29 06:04:32.636398 np0000183446 devstack@n-api-meta.service[108424]: DEBUG oslo_concurrency.lockutils [None req-feab6219-e5aa-40b4-a201-00b84a3b9d5f None None] Lock "00000000-0000-0000-0000-000000000000" acquired by "nova.context.set_target_cell..get_or_set_cached_cell_and_set_connections" :: waited 0.000s {{(pid=108424) inner /opt/stack/data/venv/lib/python3.12/site-packages/oslo_concurrency/lockutils.py:524}}
Jun 29 06:04:32.636785 np0000183446 devstack@n-api-meta.service[108424]: DEBUG oslo_concurrency.lockutils [None req-feab6219-e5aa-40b4-a201-00b84a3b9d5f None None] Lock "00000000-0000-0000-0000-000000000000" "released" by "nova.context.set_target_cell..get_or_set_cached_cell_and_set_connections" :: held 0.000s {{(pid=108424) inner /opt/stack/data/venv/lib/python3.12/site-packages/oslo_concurrency/lockutils.py:543}}
Jun 29 06:04:32.637894 np0000183446 devstack@n-api-meta.service[108424]: DEBUG oslo_concurrency.lockutils [None req-feab6219-e5aa-40b4-a201-00b84a3b9d5f None None] Acquiring lock "c4b58fda-ce7a-488f-b4ea-fbf918d051ce" by "nova.context.set_target_cell..get_or_set_cached_cell_and_set_connections" {{(pid=108424) inner /opt/stack/data/venv/lib/python3.12/site-packages/oslo_concurrency/lockutils.py:511}}
Jun 29 06:04:32.638044 np0000183446 devstack@n-api-meta.service[108424]: DEBUG oslo_concurrency.lockutils [None req-feab6219-e5aa-40b4-a201-00b84a3b9d5f None None] Lock "c4b58fda-ce7a-488f-b4ea-fbf918d051ce" acquired by "nova.context.set_target_cell..get_or_set_cached_cell_and_set_connections" :: waited 0.000s {{(pid=108424) inner /opt/stack/data/venv/lib/python3.12/site-packages/oslo_concurrency/lockutils.py:524}}
Jun 29 06:04:32.638957 np0000183446 devstack@n-api-meta.service[108424]: DEBUG oslo_concurrency.lockutils [None req-feab6219-e5aa-40b4-a201-00b84a3b9d5f None None] Lock "c4b58fda-ce7a-488f-b4ea-fbf918d051ce" "released" by "nova.context.set_target_cell..get_or_set_cached_cell_and_set_connections" :: held 0.001s {{(pid=108424) inner /opt/stack/data/venv/lib/python3.12/site-packages/oslo_concurrency/lockutils.py:543}}
Jun 29 06:04:32.642992 np0000183446 devstack@n-api-meta.service[108424]: INFO dbcounter [None req-feab6219-e5aa-40b4-a201-00b84a3b9d5f None None] Registered counter for database nova_cell0
Jun 29 06:04:32.643123 np0000183446 devstack@n-api-meta.service[108423]: DEBUG dbcounter [-] [108423] Writer thread running {{(pid=108423) stat_writer /opt/stack/data/venv/lib/python3.12/site-packages/dbcounter.py:102}}
Jun 29 06:04:32.645480 np0000183446 devstack@n-api-meta.service[108423]: DEBUG nova.context [None req-a59e9842-f7f4-472c-a471-0d91ac142f61 None None] Found 2 cells: 00000000-0000-0000-0000-000000000000(cell0),c4b58fda-ce7a-488f-b4ea-fbf918d051ce(cell1) {{(pid=108423) load_cells /opt/stack/nova/nova/context.py:509}}
Jun 29 06:04:32.645740 np0000183446 devstack@n-api-meta.service[108423]: INFO nova.utils [None req-a59e9842-f7f4-472c-a471-0d91ac142f61 None None] The cell worker thread pool MainProcess.cell_worker is initialized
Jun 29 06:04:32.647447 np0000183446 devstack@n-api-meta.service[108423]: DEBUG oslo_concurrency.lockutils [None req-a59e9842-f7f4-472c-a471-0d91ac142f61 None None] Acquiring lock "00000000-0000-0000-0000-000000000000" by "nova.context.set_target_cell..get_or_set_cached_cell_and_set_connections" {{(pid=108423) inner /opt/stack/data/venv/lib/python3.12/site-packages/oslo_concurrency/lockutils.py:511}}
Jun 29 06:04:32.648627 np0000183446 devstack@n-api-meta.service[108423]: DEBUG oslo_concurrency.lockutils [None req-a59e9842-f7f4-472c-a471-0d91ac142f61 None None] Lock "00000000-0000-0000-0000-000000000000" acquired by "nova.context.set_target_cell..get_or_set_cached_cell_and_set_connections" :: waited 0.000s {{(pid=108423) inner /opt/stack/data/venv/lib/python3.12/site-packages/oslo_concurrency/lockutils.py:524}}
Jun 29 06:04:32.648627 np0000183446 devstack@n-api-meta.service[108423]: DEBUG oslo_concurrency.lockutils [None req-a59e9842-f7f4-472c-a471-0d91ac142f61 None None] Lock "00000000-0000-0000-0000-000000000000" "released" by "nova.context.set_target_cell..get_or_set_cached_cell_and_set_connections" :: held 0.000s {{(pid=108423) inner /opt/stack/data/venv/lib/python3.12/site-packages/oslo_concurrency/lockutils.py:543}}
Jun 29 06:04:32.648935 np0000183446 devstack@n-api-meta.service[108423]: DEBUG oslo_concurrency.lockutils [None req-a59e9842-f7f4-472c-a471-0d91ac142f61 None None] Acquiring lock "c4b58fda-ce7a-488f-b4ea-fbf918d051ce" by "nova.context.set_target_cell..get_or_set_cached_cell_and_set_connections" {{(pid=108423) inner /opt/stack/data/venv/lib/python3.12/site-packages/oslo_concurrency/lockutils.py:511}}
Jun 29 06:04:32.649094 np0000183446 devstack@n-api-meta.service[108423]: DEBUG oslo_concurrency.lockutils [None req-a59e9842-f7f4-472c-a471-0d91ac142f61 None None] Lock "c4b58fda-ce7a-488f-b4ea-fbf918d051ce" acquired by "nova.context.set_target_cell..get_or_set_cached_cell_and_set_connections" :: waited 0.000s {{(pid=108423) inner /opt/stack/data/venv/lib/python3.12/site-packages/oslo_concurrency/lockutils.py:524}}
Jun 29 06:04:32.649295 np0000183446 devstack@n-api-meta.service[108424]: INFO dbcounter [None req-feab6219-e5aa-40b4-a201-00b84a3b9d5f None None] Registered counter for database nova_cell1
Jun 29 06:04:32.649941 np0000183446 devstack@n-api-meta.service[108423]: DEBUG oslo_concurrency.lockutils [None req-a59e9842-f7f4-472c-a471-0d91ac142f61 None None] Lock "c4b58fda-ce7a-488f-b4ea-fbf918d051ce" "released" by "nova.context.set_target_cell..get_or_set_cached_cell_and_set_connections" :: held 0.001s {{(pid=108423) inner /opt/stack/data/venv/lib/python3.12/site-packages/oslo_concurrency/lockutils.py:543}}
Jun 29 06:04:32.653496 np0000183446 devstack@n-api-meta.service[108423]: INFO dbcounter [None req-a59e9842-f7f4-472c-a471-0d91ac142f61 None None] Registered counter for database nova_cell0
Jun 29 06:04:32.659529 np0000183446 devstack@n-api-meta.service[108423]: INFO dbcounter [None req-a59e9842-f7f4-472c-a471-0d91ac142f61 None None] Registered counter for database nova_cell1
Jun 29 06:04:32.693780 np0000183446 devstack@n-api-meta.service[108425]: INFO dbcounter [None req-37aa3e35-8593-4d70-98bc-47fb8b289a1e None None] Registered counter for database nova_api
Jun 29 06:04:32.720305 np0000183446 devstack@n-api-meta.service[108422]: INFO dbcounter [None req-27ca6961-eb04-4221-a3e1-b23ede552e00 None None] Registered counter for database nova_api
Jun 29 06:04:32.725928 np0000183446 devstack@n-api-meta.service[108424]: DEBUG oslo_db.sqlalchemy.engines [None req-feab6219-e5aa-40b4-a201-00b84a3b9d5f None None] MySQL server mode set to STRICT_TRANS_TABLES,STRICT_ALL_TABLES,NO_ZERO_IN_DATE,NO_ZERO_DATE,ERROR_FOR_DIVISION_BY_ZERO,TRADITIONAL,NO_ENGINE_SUBSTITUTION {{(pid=108424) _check_effective_sql_mode /opt/stack/data/venv/lib/python3.12/site-packages/oslo_db/sqlalchemy/engines.py:325}}
Jun 29 06:04:32.730743 np0000183446 devstack@n-api-meta.service[108424]: DEBUG oslo_db.sqlalchemy.engines [None req-feab6219-e5aa-40b4-a201-00b84a3b9d5f None None] MySQL server mode set to STRICT_TRANS_TABLES,STRICT_ALL_TABLES,NO_ZERO_IN_DATE,NO_ZERO_DATE,ERROR_FOR_DIVISION_BY_ZERO,TRADITIONAL,NO_ENGINE_SUBSTITUTION {{(pid=108424) _check_effective_sql_mode /opt/stack/data/venv/lib/python3.12/site-packages/oslo_db/sqlalchemy/engines.py:325}}
Jun 29 06:04:32.734454 np0000183446 devstack@n-api-meta.service[108423]: DEBUG oslo_db.sqlalchemy.engines [None req-a59e9842-f7f4-472c-a471-0d91ac142f61 None None] MySQL server mode set to STRICT_TRANS_TABLES,STRICT_ALL_TABLES,NO_ZERO_IN_DATE,NO_ZERO_DATE,ERROR_FOR_DIVISION_BY_ZERO,TRADITIONAL,NO_ENGINE_SUBSTITUTION {{(pid=108423) _check_effective_sql_mode /opt/stack/data/venv/lib/python3.12/site-packages/oslo_db/sqlalchemy/engines.py:325}}
Jun 29 06:04:32.738526 np0000183446 devstack@n-api-meta.service[108423]: DEBUG oslo_db.sqlalchemy.engines [None req-a59e9842-f7f4-472c-a471-0d91ac142f61 None None] MySQL server mode set to STRICT_TRANS_TABLES,STRICT_ALL_TABLES,NO_ZERO_IN_DATE,NO_ZERO_DATE,ERROR_FOR_DIVISION_BY_ZERO,TRADITIONAL,NO_ENGINE_SUBSTITUTION {{(pid=108423) _check_effective_sql_mode /opt/stack/data/venv/lib/python3.12/site-packages/oslo_db/sqlalchemy/engines.py:325}}
Jun 29 06:04:32.742241 np0000183446 devstack@n-api-meta.service[108425]: DEBUG oslo_db.sqlalchemy.engines [None req-37aa3e35-8593-4d70-98bc-47fb8b289a1e None None] MySQL server mode set to STRICT_TRANS_TABLES,STRICT_ALL_TABLES,NO_ZERO_IN_DATE,NO_ZERO_DATE,ERROR_FOR_DIVISION_BY_ZERO,TRADITIONAL,NO_ENGINE_SUBSTITUTION {{(pid=108425) _check_effective_sql_mode /opt/stack/data/venv/lib/python3.12/site-packages/oslo_db/sqlalchemy/engines.py:325}}
Jun 29 06:04:32.768849 np0000183446 devstack@n-api-meta.service[108422]: DEBUG oslo_db.sqlalchemy.engines [None req-27ca6961-eb04-4221-a3e1-b23ede552e00 None None] MySQL server mode set to STRICT_TRANS_TABLES,STRICT_ALL_TABLES,NO_ZERO_IN_DATE,NO_ZERO_DATE,ERROR_FOR_DIVISION_BY_ZERO,TRADITIONAL,NO_ENGINE_SUBSTITUTION {{(pid=108422) _check_effective_sql_mode /opt/stack/data/venv/lib/python3.12/site-packages/oslo_db/sqlalchemy/engines.py:325}}
Jun 29 06:04:32.778151 np0000183446 devstack@n-api-meta.service[108425]: DEBUG dbcounter [-] [108425] Writer thread running {{(pid=108425) stat_writer /opt/stack/data/venv/lib/python3.12/site-packages/dbcounter.py:102}}
Jun 29 06:04:32.780431 np0000183446 devstack@n-api-meta.service[108425]: DEBUG nova.context [None req-37aa3e35-8593-4d70-98bc-47fb8b289a1e None None] Found 2 cells: 00000000-0000-0000-0000-000000000000(cell0),c4b58fda-ce7a-488f-b4ea-fbf918d051ce(cell1) {{(pid=108425) load_cells /opt/stack/nova/nova/context.py:509}}
Jun 29 06:04:32.780658 np0000183446 devstack@n-api-meta.service[108425]: INFO nova.utils [None req-37aa3e35-8593-4d70-98bc-47fb8b289a1e None None] The cell worker thread pool MainProcess.cell_worker is initialized
Jun 29 06:04:32.782472 np0000183446 devstack@n-api-meta.service[108425]: DEBUG oslo_concurrency.lockutils [None req-37aa3e35-8593-4d70-98bc-47fb8b289a1e None None] Acquiring lock "00000000-0000-0000-0000-000000000000" by "nova.context.set_target_cell..get_or_set_cached_cell_and_set_connections" {{(pid=108425) inner /opt/stack/data/venv/lib/python3.12/site-packages/oslo_concurrency/lockutils.py:511}}
Jun 29 06:04:32.782641 np0000183446 devstack@n-api-meta.service[108425]: DEBUG oslo_concurrency.lockutils [None req-37aa3e35-8593-4d70-98bc-47fb8b289a1e None None] Lock "00000000-0000-0000-0000-000000000000" acquired by "nova.context.set_target_cell..get_or_set_cached_cell_and_set_connections" :: waited 0.000s {{(pid=108425) inner /opt/stack/data/venv/lib/python3.12/site-packages/oslo_concurrency/lockutils.py:524}}
Jun 29 06:04:32.783049 np0000183446 devstack@n-api-meta.service[108425]: DEBUG oslo_concurrency.lockutils [None req-37aa3e35-8593-4d70-98bc-47fb8b289a1e None None] Lock "00000000-0000-0000-0000-000000000000" "released" by "nova.context.set_target_cell..get_or_set_cached_cell_and_set_connections" :: held 0.000s {{(pid=108425) inner /opt/stack/data/venv/lib/python3.12/site-packages/oslo_concurrency/lockutils.py:543}}
Jun 29 06:04:32.783761 np0000183446 devstack@n-api-meta.service[108425]: DEBUG oslo_concurrency.lockutils [None req-37aa3e35-8593-4d70-98bc-47fb8b289a1e None None] Acquiring lock "c4b58fda-ce7a-488f-b4ea-fbf918d051ce" by "nova.context.set_target_cell..get_or_set_cached_cell_and_set_connections" {{(pid=108425) inner /opt/stack/data/venv/lib/python3.12/site-packages/oslo_concurrency/lockutils.py:511}}
Jun 29 06:04:32.783909 np0000183446 devstack@n-api-meta.service[108425]: DEBUG oslo_concurrency.lockutils [None req-37aa3e35-8593-4d70-98bc-47fb8b289a1e None None] Lock "c4b58fda-ce7a-488f-b4ea-fbf918d051ce" acquired by "nova.context.set_target_cell..get_or_set_cached_cell_and_set_connections" :: waited 0.000s {{(pid=108425) inner /opt/stack/data/venv/lib/python3.12/site-packages/oslo_concurrency/lockutils.py:524}}
Jun 29 06:04:32.784736 np0000183446 devstack@n-api-meta.service[108425]: DEBUG oslo_concurrency.lockutils [None req-37aa3e35-8593-4d70-98bc-47fb8b289a1e None None] Lock "c4b58fda-ce7a-488f-b4ea-fbf918d051ce" "released" by "nova.context.set_target_cell..get_or_set_cached_cell_and_set_connections" :: held 0.001s {{(pid=108425) inner /opt/stack/data/venv/lib/python3.12/site-packages/oslo_concurrency/lockutils.py:543}}
Jun 29 06:04:32.787306 np0000183446 devstack@n-api-meta.service[108425]: INFO dbcounter [None req-37aa3e35-8593-4d70-98bc-47fb8b289a1e None None] Registered counter for database nova_cell0
Jun 29 06:04:32.792292 np0000183446 devstack@n-api-meta.service[108425]: INFO dbcounter [None req-37aa3e35-8593-4d70-98bc-47fb8b289a1e None None] Registered counter for database nova_cell1
Jun 29 06:04:32.805075 np0000183446 devstack@n-api-meta.service[108422]: DEBUG dbcounter [-] [108422] Writer thread running {{(pid=108422) stat_writer /opt/stack/data/venv/lib/python3.12/site-packages/dbcounter.py:102}}
Jun 29 06:04:32.807518 np0000183446 devstack@n-api-meta.service[108422]: DEBUG nova.context [None req-27ca6961-eb04-4221-a3e1-b23ede552e00 None None] Found 2 cells: 00000000-0000-0000-0000-000000000000(cell0),c4b58fda-ce7a-488f-b4ea-fbf918d051ce(cell1) {{(pid=108422) load_cells /opt/stack/nova/nova/context.py:509}}
Jun 29 06:04:32.807738 np0000183446 devstack@n-api-meta.service[108422]: INFO nova.utils [None req-27ca6961-eb04-4221-a3e1-b23ede552e00 None None] The cell worker thread pool MainProcess.cell_worker is initialized
Jun 29 06:04:32.809500 np0000183446 devstack@n-api-meta.service[108422]: DEBUG oslo_concurrency.lockutils [None req-27ca6961-eb04-4221-a3e1-b23ede552e00 None None] Acquiring lock "00000000-0000-0000-0000-000000000000" by "nova.context.set_target_cell..get_or_set_cached_cell_and_set_connections" {{(pid=108422) inner /opt/stack/data/venv/lib/python3.12/site-packages/oslo_concurrency/lockutils.py:511}}
Jun 29 06:04:32.809676 np0000183446 devstack@n-api-meta.service[108422]: DEBUG oslo_concurrency.lockutils [None req-27ca6961-eb04-4221-a3e1-b23ede552e00 None None] Lock "00000000-0000-0000-0000-000000000000" acquired by "nova.context.set_target_cell..get_or_set_cached_cell_and_set_connections" :: waited 0.000s {{(pid=108422) inner /opt/stack/data/venv/lib/python3.12/site-packages/oslo_concurrency/lockutils.py:524}}
Jun 29 06:04:32.810314 np0000183446 devstack@n-api-meta.service[108422]: DEBUG oslo_concurrency.lockutils [None req-27ca6961-eb04-4221-a3e1-b23ede552e00 None None] Lock "00000000-0000-0000-0000-000000000000" "released" by "nova.context.set_target_cell..get_or_set_cached_cell_and_set_connections" :: held 0.000s {{(pid=108422) inner /opt/stack/data/venv/lib/python3.12/site-packages/oslo_concurrency/lockutils.py:543}}
Jun 29 06:04:32.810770 np0000183446 devstack@n-api-meta.service[108422]: DEBUG oslo_concurrency.lockutils [None req-27ca6961-eb04-4221-a3e1-b23ede552e00 None None] Acquiring lock "c4b58fda-ce7a-488f-b4ea-fbf918d051ce" by "nova.context.set_target_cell..get_or_set_cached_cell_and_set_connections" {{(pid=108422) inner /opt/stack/data/venv/lib/python3.12/site-packages/oslo_concurrency/lockutils.py:511}}
Jun 29 06:04:32.810928 np0000183446 devstack@n-api-meta.service[108422]: DEBUG oslo_concurrency.lockutils [None req-27ca6961-eb04-4221-a3e1-b23ede552e00 None None] Lock "c4b58fda-ce7a-488f-b4ea-fbf918d051ce" acquired by "nova.context.set_target_cell..get_or_set_cached_cell_and_set_connections" :: waited 0.000s {{(pid=108422) inner /opt/stack/data/venv/lib/python3.12/site-packages/oslo_concurrency/lockutils.py:524}}
Jun 29 06:04:32.811745 np0000183446 devstack@n-api-meta.service[108422]: DEBUG oslo_concurrency.lockutils [None req-27ca6961-eb04-4221-a3e1-b23ede552e00 None None] Lock "c4b58fda-ce7a-488f-b4ea-fbf918d051ce" "released" by "nova.context.set_target_cell..get_or_set_cached_cell_and_set_connections" :: held 0.001s {{(pid=108422) inner /opt/stack/data/venv/lib/python3.12/site-packages/oslo_concurrency/lockutils.py:543}}
Jun 29 06:04:32.814213 np0000183446 devstack@n-api-meta.service[108422]: INFO dbcounter [None req-27ca6961-eb04-4221-a3e1-b23ede552e00 None None] Registered counter for database nova_cell0
Jun 29 06:04:32.818348 np0000183446 devstack@n-api-meta.service[108422]: INFO dbcounter [None req-27ca6961-eb04-4221-a3e1-b23ede552e00 None None] Registered counter for database nova_cell1
Jun 29 06:04:32.833896 np0000183446 devstack@n-api-meta.service[108424]: DEBUG dbcounter [-] [108424] Writer thread running {{(pid=108424) stat_writer /opt/stack/data/venv/lib/python3.12/site-packages/dbcounter.py:102}}
Jun 29 06:04:32.836552 np0000183446 devstack@n-api-meta.service[108424]: DEBUG dbcounter [-] [108424] Writer thread running {{(pid=108424) stat_writer /opt/stack/data/venv/lib/python3.12/site-packages/dbcounter.py:102}}
Jun 29 06:04:32.845881 np0000183446 devstack@n-api-meta.service[108424]: INFO dbcounter [None req-feab6219-e5aa-40b4-a201-00b84a3b9d5f None None] Registered counter for database nova_cell0
Jun 29 06:04:32.846083 np0000183446 devstack@n-api-meta.service[108425]: DEBUG oslo_db.sqlalchemy.engines [None req-37aa3e35-8593-4d70-98bc-47fb8b289a1e None None] MySQL server mode set to STRICT_TRANS_TABLES,STRICT_ALL_TABLES,NO_ZERO_IN_DATE,NO_ZERO_DATE,ERROR_FOR_DIVISION_BY_ZERO,TRADITIONAL,NO_ENGINE_SUBSTITUTION {{(pid=108425) _check_effective_sql_mode /opt/stack/data/venv/lib/python3.12/site-packages/oslo_db/sqlalchemy/engines.py:325}}
Jun 29 06:04:32.850590 np0000183446 devstack@n-api-meta.service[108423]: DEBUG dbcounter [-] [108423] Writer thread running {{(pid=108423) stat_writer /opt/stack/data/venv/lib/python3.12/site-packages/dbcounter.py:102}}
Jun 29 06:04:32.851412 np0000183446 devstack@n-api-meta.service[108423]: DEBUG dbcounter [-] [108423] Writer thread running {{(pid=108423) stat_writer /opt/stack/data/venv/lib/python3.12/site-packages/dbcounter.py:102}}
Jun 29 06:04:32.858648 np0000183446 devstack@n-api-meta.service[108423]: INFO dbcounter [None req-a59e9842-f7f4-472c-a471-0d91ac142f61 None None] Registered counter for database nova_cell0
Jun 29 06:04:32.873973 np0000183446 devstack@n-api-meta.service[108422]: DEBUG oslo_db.sqlalchemy.engines [None req-27ca6961-eb04-4221-a3e1-b23ede552e00 None None] MySQL server mode set to STRICT_TRANS_TABLES,STRICT_ALL_TABLES,NO_ZERO_IN_DATE,NO_ZERO_DATE,ERROR_FOR_DIVISION_BY_ZERO,TRADITIONAL,NO_ENGINE_SUBSTITUTION {{(pid=108422) _check_effective_sql_mode /opt/stack/data/venv/lib/python3.12/site-packages/oslo_db/sqlalchemy/engines.py:325}}
Jun 29 06:04:32.882743 np0000183446 devstack@n-api-meta.service[108422]: DEBUG oslo_db.sqlalchemy.engines [None req-27ca6961-eb04-4221-a3e1-b23ede552e00 None None] MySQL server mode set to STRICT_TRANS_TABLES,STRICT_ALL_TABLES,NO_ZERO_IN_DATE,NO_ZERO_DATE,ERROR_FOR_DIVISION_BY_ZERO,TRADITIONAL,NO_ENGINE_SUBSTITUTION {{(pid=108422) _check_effective_sql_mode /opt/stack/data/venv/lib/python3.12/site-packages/oslo_db/sqlalchemy/engines.py:325}}
Jun 29 06:04:32.889846 np0000183446 devstack@n-api-meta.service[108424]: DEBUG oslo_db.sqlalchemy.engines [None req-feab6219-e5aa-40b4-a201-00b84a3b9d5f None None] MySQL server mode set to STRICT_TRANS_TABLES,STRICT_ALL_TABLES,NO_ZERO_IN_DATE,NO_ZERO_DATE,ERROR_FOR_DIVISION_BY_ZERO,TRADITIONAL,NO_ENGINE_SUBSTITUTION {{(pid=108424) _check_effective_sql_mode /opt/stack/data/venv/lib/python3.12/site-packages/oslo_db/sqlalchemy/engines.py:325}}
Jun 29 06:04:32.901132 np0000183446 devstack@n-api-meta.service[108423]: DEBUG oslo_db.sqlalchemy.engines [None req-a59e9842-f7f4-472c-a471-0d91ac142f61 None None] MySQL server mode set to STRICT_TRANS_TABLES,STRICT_ALL_TABLES,NO_ZERO_IN_DATE,NO_ZERO_DATE,ERROR_FOR_DIVISION_BY_ZERO,TRADITIONAL,NO_ENGINE_SUBSTITUTION {{(pid=108423) _check_effective_sql_mode /opt/stack/data/venv/lib/python3.12/site-packages/oslo_db/sqlalchemy/engines.py:325}}
Jun 29 06:04:32.908916 np0000183446 devstack@n-api-meta.service[108424]: DEBUG dbcounter [-] [108424] Writer thread running {{(pid=108424) stat_writer /opt/stack/data/venv/lib/python3.12/site-packages/dbcounter.py:102}}
Jun 29 06:04:32.916383 np0000183446 devstack@n-api-meta.service[108423]: DEBUG dbcounter [-] [108423] Writer thread running {{(pid=108423) stat_writer /opt/stack/data/venv/lib/python3.12/site-packages/dbcounter.py:102}}
Jun 29 06:04:32.927102 np0000183446 devstack@n-api-meta.service[108425]: DEBUG oslo_db.sqlalchemy.engines [None req-37aa3e35-8593-4d70-98bc-47fb8b289a1e None None] MySQL server mode set to STRICT_TRANS_TABLES,STRICT_ALL_TABLES,NO_ZERO_IN_DATE,NO_ZERO_DATE,ERROR_FOR_DIVISION_BY_ZERO,TRADITIONAL,NO_ENGINE_SUBSTITUTION {{(pid=108425) _check_effective_sql_mode /opt/stack/data/venv/lib/python3.12/site-packages/oslo_db/sqlalchemy/engines.py:325}}
Jun 29 06:04:32.945662 np0000183446 devstack@n-api-meta.service[108425]: DEBUG dbcounter [-] [108425] Writer thread running {{(pid=108425) stat_writer /opt/stack/data/venv/lib/python3.12/site-packages/dbcounter.py:102}}
Jun 29 06:04:32.958249 np0000183446 devstack@n-api-meta.service[108425]: DEBUG dbcounter [-] [108425] Writer thread running {{(pid=108425) stat_writer /opt/stack/data/venv/lib/python3.12/site-packages/dbcounter.py:102}}
Jun 29 06:04:32.960564 np0000183446 devstack@n-api-meta.service[108424]: WARNING nova.api.metadata.handler [None req-feab6219-e5aa-40b4-a201-00b84a3b9d5f None None] metadata_proxy_shared_secret is not configured, the metadata information returned by the proxy cannot be trusted
Jun 29 06:04:32.963464 np0000183446 devstack@n-api-meta.service[108424]: DEBUG nova.api.openstack.wsgi_app [None req-feab6219-e5aa-40b4-a201-00b84a3b9d5f None None] ******************************************************************************** {{(pid=108424) log_opt_values /opt/stack/data/venv/lib/python3.12/site-packages/oslo_config/cfg.py:3226}}
Jun 29 06:04:32.963627 np0000183446 devstack@n-api-meta.service[108424]: DEBUG nova.api.openstack.wsgi_app [None req-feab6219-e5aa-40b4-a201-00b84a3b9d5f None None] Configuration options gathered from: {{(pid=108424) log_opt_values /opt/stack/data/venv/lib/python3.12/site-packages/oslo_config/cfg.py:3227}}
Jun 29 06:04:32.963695 np0000183446 devstack@n-api-meta.service[108424]: DEBUG nova.api.openstack.wsgi_app [None req-feab6219-e5aa-40b4-a201-00b84a3b9d5f None None] command line args: [] {{(pid=108424) log_opt_values /opt/stack/data/venv/lib/python3.12/site-packages/oslo_config/cfg.py:3228}}
Jun 29 06:04:32.963886 np0000183446 devstack@n-api-meta.service[108424]: DEBUG nova.api.openstack.wsgi_app [None req-feab6219-e5aa-40b4-a201-00b84a3b9d5f None None] config files: ['/etc/nova/api-paste.ini', '/etc/nova/nova.conf'] {{(pid=108424) log_opt_values /opt/stack/data/venv/lib/python3.12/site-packages/oslo_config/cfg.py:3229}}
Jun 29 06:04:32.963986 np0000183446 devstack@n-api-meta.service[108424]: DEBUG nova.api.openstack.wsgi_app [None req-feab6219-e5aa-40b4-a201-00b84a3b9d5f None None] ================================================================================ {{(pid=108424) log_opt_values /opt/stack/data/venv/lib/python3.12/site-packages/oslo_config/cfg.py:3234}}
Jun 29 06:04:32.964166 np0000183446 devstack@n-api-meta.service[108424]: DEBUG nova.api.openstack.wsgi_app [None req-feab6219-e5aa-40b4-a201-00b84a3b9d5f None None] allow_resize_to_same_host = True {{(pid=108424) log_opt_values /opt/stack/data/venv/lib/python3.12/site-packages/oslo_config/cfg.py:3242}}
Jun 29 06:04:32.964304 np0000183446 devstack@n-api-meta.service[108424]: DEBUG nova.api.openstack.wsgi_app [None req-feab6219-e5aa-40b4-a201-00b84a3b9d5f None None] arq_binding_timeout = 300 {{(pid=108424) log_opt_values /opt/stack/data/venv/lib/python3.12/site-packages/oslo_config/cfg.py:3242}}
Jun 29 06:04:32.964465 np0000183446 devstack@n-api-meta.service[108424]: DEBUG nova.api.openstack.wsgi_app [None req-feab6219-e5aa-40b4-a201-00b84a3b9d5f None None] block_device_allocate_retries = 60 {{(pid=108424) log_opt_values /opt/stack/data/venv/lib/python3.12/site-packages/oslo_config/cfg.py:3242}}
Jun 29 06:04:32.964573 np0000183446 devstack@n-api-meta.service[108424]: DEBUG nova.api.openstack.wsgi_app [None req-feab6219-e5aa-40b4-a201-00b84a3b9d5f None None] block_device_allocate_retries_interval = 3 {{(pid=108424) log_opt_values /opt/stack/data/venv/lib/python3.12/site-packages/oslo_config/cfg.py:3242}}
Jun 29 06:04:32.964727 np0000183446 devstack@n-api-meta.service[108424]: DEBUG nova.api.openstack.wsgi_app [None req-feab6219-e5aa-40b4-a201-00b84a3b9d5f None None] cell_worker_thread_pool_size = 5 {{(pid=108424) log_opt_values /opt/stack/data/venv/lib/python3.12/site-packages/oslo_config/cfg.py:3242}}
Jun 29 06:04:32.964866 np0000183446 devstack@n-api-meta.service[108424]: DEBUG nova.api.openstack.wsgi_app [None req-feab6219-e5aa-40b4-a201-00b84a3b9d5f None None] cert = self.pem {{(pid=108424) log_opt_values /opt/stack/data/venv/lib/python3.12/site-packages/oslo_config/cfg.py:3242}}
Jun 29 06:04:32.965025 np0000183446 devstack@n-api-meta.service[108424]: DEBUG nova.api.openstack.wsgi_app [None req-feab6219-e5aa-40b4-a201-00b84a3b9d5f None None] compute_driver = libvirt.LibvirtDriver {{(pid=108424) log_opt_values /opt/stack/data/venv/lib/python3.12/site-packages/oslo_config/cfg.py:3242}}
Jun 29 06:04:32.965155 np0000183446 devstack@n-api-meta.service[108424]: DEBUG nova.api.openstack.wsgi_app [None req-feab6219-e5aa-40b4-a201-00b84a3b9d5f None None] compute_monitors = [] {{(pid=108424) log_opt_values /opt/stack/data/venv/lib/python3.12/site-packages/oslo_config/cfg.py:3242}}
Jun 29 06:04:32.965308 np0000183446 devstack@n-api-meta.service[108424]: DEBUG nova.api.openstack.wsgi_app [None req-feab6219-e5aa-40b4-a201-00b84a3b9d5f None None] config_dir = [] {{(pid=108424) log_opt_values /opt/stack/data/venv/lib/python3.12/site-packages/oslo_config/cfg.py:3242}}
Jun 29 06:04:32.965469 np0000183446 devstack@n-api-meta.service[108424]: DEBUG nova.api.openstack.wsgi_app [None req-feab6219-e5aa-40b4-a201-00b84a3b9d5f None None] config_drive_format = iso9660 {{(pid=108424) log_opt_values /opt/stack/data/venv/lib/python3.12/site-packages/oslo_config/cfg.py:3242}}
Jun 29 06:04:32.965605 np0000183446 devstack@n-api-meta.service[108425]: INFO dbcounter [None req-37aa3e35-8593-4d70-98bc-47fb8b289a1e None None] Registered counter for database nova_cell0
Jun 29 06:04:32.965656 np0000183446 devstack@n-api-meta.service[108424]: DEBUG nova.api.openstack.wsgi_app [None req-feab6219-e5aa-40b4-a201-00b84a3b9d5f None None] config_file = ['/etc/nova/api-paste.ini', '/etc/nova/nova.conf'] {{(pid=108424) log_opt_values /opt/stack/data/venv/lib/python3.12/site-packages/oslo_config/cfg.py:3242}}
Jun 29 06:04:32.965834 np0000183446 devstack@n-api-meta.service[108424]: DEBUG nova.api.openstack.wsgi_app [None req-feab6219-e5aa-40b4-a201-00b84a3b9d5f None None] config_source = [] {{(pid=108424) log_opt_values /opt/stack/data/venv/lib/python3.12/site-packages/oslo_config/cfg.py:3242}}
Jun 29 06:04:32.965935 np0000183446 devstack@n-api-meta.service[108424]: DEBUG nova.api.openstack.wsgi_app [None req-feab6219-e5aa-40b4-a201-00b84a3b9d5f None None] console_host = np0000183446 {{(pid=108424) log_opt_values /opt/stack/data/venv/lib/python3.12/site-packages/oslo_config/cfg.py:3242}}
Jun 29 06:04:32.966087 np0000183446 devstack@n-api-meta.service[108424]: DEBUG nova.api.openstack.wsgi_app [None req-feab6219-e5aa-40b4-a201-00b84a3b9d5f None None] control_exchange = nova {{(pid=108424) log_opt_values /opt/stack/data/venv/lib/python3.12/site-packages/oslo_config/cfg.py:3242}}
Jun 29 06:04:32.966204 np0000183446 devstack@n-api-meta.service[108424]: DEBUG nova.api.openstack.wsgi_app [None req-feab6219-e5aa-40b4-a201-00b84a3b9d5f None None] cpu_allocation_ratio = None {{(pid=108424) log_opt_values /opt/stack/data/venv/lib/python3.12/site-packages/oslo_config/cfg.py:3242}}
Jun 29 06:04:32.966346 np0000183446 devstack@n-api-meta.service[108424]: DEBUG nova.api.openstack.wsgi_app [None req-feab6219-e5aa-40b4-a201-00b84a3b9d5f None None] daemon = False {{(pid=108424) log_opt_values /opt/stack/data/venv/lib/python3.12/site-packages/oslo_config/cfg.py:3242}}
Jun 29 06:04:32.966481 np0000183446 devstack@n-api-meta.service[108424]: DEBUG nova.api.openstack.wsgi_app [None req-feab6219-e5aa-40b4-a201-00b84a3b9d5f None None] debug = True {{(pid=108424) log_opt_values /opt/stack/data/venv/lib/python3.12/site-packages/oslo_config/cfg.py:3242}}
Jun 29 06:04:32.966621 np0000183446 devstack@n-api-meta.service[108424]: DEBUG nova.api.openstack.wsgi_app [None req-feab6219-e5aa-40b4-a201-00b84a3b9d5f None None] default_access_ip_network_name = None {{(pid=108424) log_opt_values /opt/stack/data/venv/lib/python3.12/site-packages/oslo_config/cfg.py:3242}}
Jun 29 06:04:32.966754 np0000183446 devstack@n-api-meta.service[108424]: DEBUG nova.api.openstack.wsgi_app [None req-feab6219-e5aa-40b4-a201-00b84a3b9d5f None None] default_availability_zone = nova {{(pid=108424) log_opt_values /opt/stack/data/venv/lib/python3.12/site-packages/oslo_config/cfg.py:3242}}
Jun 29 06:04:32.966937 np0000183446 devstack@n-api-meta.service[108424]: DEBUG nova.api.openstack.wsgi_app [None req-feab6219-e5aa-40b4-a201-00b84a3b9d5f None None] default_ephemeral_format = ext4 {{(pid=108424) log_opt_values /opt/stack/data/venv/lib/python3.12/site-packages/oslo_config/cfg.py:3242}}
Jun 29 06:04:32.967073 np0000183446 devstack@n-api-meta.service[108424]: DEBUG nova.api.openstack.wsgi_app [None req-feab6219-e5aa-40b4-a201-00b84a3b9d5f None None] default_green_pool_size = 1000 {{(pid=108424) log_opt_values /opt/stack/data/venv/lib/python3.12/site-packages/oslo_config/cfg.py:3242}}
Jun 29 06:04:32.967299 np0000183446 devstack@n-api-meta.service[108424]: DEBUG nova.api.openstack.wsgi_app [None req-feab6219-e5aa-40b4-a201-00b84a3b9d5f None None] default_log_levels = ['amqp=WARN', 'boto=WARN', 'sqlalchemy=WARN', 'suds=INFO', 'oslo.messaging=INFO', 'oslo_messaging=INFO', 'iso8601=WARN', 'requests.packages.urllib3.connectionpool=WARN', 'urllib3.connectionpool=WARN', 'websocket=WARN', 'requests.packages.urllib3.util.retry=WARN', 'urllib3.util.retry=WARN', 'keystonemiddleware=WARN', 'routes.middleware=WARN', 'stevedore=WARN', 'taskflow=WARN', 'keystoneauth=WARN', 'oslo.cache=INFO', 'oslo_policy=INFO', 'dogpile.core.dogpile=INFO', 'glanceclient=WARN', 'oslo.privsep.daemon=INFO'] {{(pid=108424) log_opt_values /opt/stack/data/venv/lib/python3.12/site-packages/oslo_config/cfg.py:3242}}
Jun 29 06:04:32.967424 np0000183446 devstack@n-api-meta.service[108424]: DEBUG nova.api.openstack.wsgi_app [None req-feab6219-e5aa-40b4-a201-00b84a3b9d5f None None] default_schedule_zone = None {{(pid=108424) log_opt_values /opt/stack/data/venv/lib/python3.12/site-packages/oslo_config/cfg.py:3242}}
Jun 29 06:04:32.967598 np0000183446 devstack@n-api-meta.service[108424]: DEBUG nova.api.openstack.wsgi_app [None req-feab6219-e5aa-40b4-a201-00b84a3b9d5f None None] default_thread_pool_size = 10 {{(pid=108424) log_opt_values /opt/stack/data/venv/lib/python3.12/site-packages/oslo_config/cfg.py:3242}}
Jun 29 06:04:32.967734 np0000183446 devstack@n-api-meta.service[108424]: DEBUG nova.api.openstack.wsgi_app [None req-feab6219-e5aa-40b4-a201-00b84a3b9d5f None None] disk_allocation_ratio = None {{(pid=108424) log_opt_values /opt/stack/data/venv/lib/python3.12/site-packages/oslo_config/cfg.py:3242}}
Jun 29 06:04:32.967882 np0000183446 devstack@n-api-meta.service[108424]: DEBUG nova.api.openstack.wsgi_app [None req-feab6219-e5aa-40b4-a201-00b84a3b9d5f None None] enable_new_services = True {{(pid=108424) log_opt_values /opt/stack/data/venv/lib/python3.12/site-packages/oslo_config/cfg.py:3242}}
Jun 29 06:04:32.968013 np0000183446 devstack@n-api-meta.service[108424]: DEBUG nova.api.openstack.wsgi_app [None req-feab6219-e5aa-40b4-a201-00b84a3b9d5f None None] flat_injected = False {{(pid=108424) log_opt_values /opt/stack/data/venv/lib/python3.12/site-packages/oslo_config/cfg.py:3242}}
Jun 29 06:04:32.968145 np0000183446 devstack@n-api-meta.service[108424]: DEBUG nova.api.openstack.wsgi_app [None req-feab6219-e5aa-40b4-a201-00b84a3b9d5f None None] force_config_drive = False {{(pid=108424) log_opt_values /opt/stack/data/venv/lib/python3.12/site-packages/oslo_config/cfg.py:3242}}
Jun 29 06:04:32.968275 np0000183446 devstack@n-api-meta.service[108424]: DEBUG nova.api.openstack.wsgi_app [None req-feab6219-e5aa-40b4-a201-00b84a3b9d5f None None] force_raw_images = True {{(pid=108424) log_opt_values /opt/stack/data/venv/lib/python3.12/site-packages/oslo_config/cfg.py:3242}}
Jun 29 06:04:32.968418 np0000183446 devstack@n-api-meta.service[108424]: DEBUG nova.api.openstack.wsgi_app [None req-feab6219-e5aa-40b4-a201-00b84a3b9d5f None None] graceful_shutdown_timeout = 5 {{(pid=108424) log_opt_values /opt/stack/data/venv/lib/python3.12/site-packages/oslo_config/cfg.py:3242}}
Jun 29 06:04:32.968548 np0000183446 devstack@n-api-meta.service[108424]: DEBUG nova.api.openstack.wsgi_app [None req-feab6219-e5aa-40b4-a201-00b84a3b9d5f None None] heal_instance_info_cache_interval = -1 {{(pid=108424) log_opt_values /opt/stack/data/venv/lib/python3.12/site-packages/oslo_config/cfg.py:3242}}
Jun 29 06:04:32.968732 np0000183446 devstack@n-api-meta.service[108424]: DEBUG nova.api.openstack.wsgi_app [None req-feab6219-e5aa-40b4-a201-00b84a3b9d5f None None] host = np0000183446 {{(pid=108424) log_opt_values /opt/stack/data/venv/lib/python3.12/site-packages/oslo_config/cfg.py:3242}}
Jun 29 06:04:32.968893 np0000183446 devstack@n-api-meta.service[108424]: DEBUG nova.api.openstack.wsgi_app [None req-feab6219-e5aa-40b4-a201-00b84a3b9d5f None None] initial_cpu_allocation_ratio = 4.0 {{(pid=108424) log_opt_values /opt/stack/data/venv/lib/python3.12/site-packages/oslo_config/cfg.py:3242}}
Jun 29 06:04:32.969025 np0000183446 devstack@n-api-meta.service[108424]: DEBUG nova.api.openstack.wsgi_app [None req-feab6219-e5aa-40b4-a201-00b84a3b9d5f None None] initial_disk_allocation_ratio = 1.0 {{(pid=108424) log_opt_values /opt/stack/data/venv/lib/python3.12/site-packages/oslo_config/cfg.py:3242}}
Jun 29 06:04:32.969157 np0000183446 devstack@n-api-meta.service[108424]: DEBUG nova.api.openstack.wsgi_app [None req-feab6219-e5aa-40b4-a201-00b84a3b9d5f None None] initial_ram_allocation_ratio = 1.0 {{(pid=108424) log_opt_values /opt/stack/data/venv/lib/python3.12/site-packages/oslo_config/cfg.py:3242}}
Jun 29 06:04:32.969342 np0000183446 devstack@n-api-meta.service[108424]: DEBUG nova.api.openstack.wsgi_app [None req-feab6219-e5aa-40b4-a201-00b84a3b9d5f None None] injected_network_template = /opt/stack/nova/nova/virt/interfaces.template {{(pid=108424) log_opt_values /opt/stack/data/venv/lib/python3.12/site-packages/oslo_config/cfg.py:3242}}
Jun 29 06:04:32.969570 np0000183446 devstack@n-api-meta.service[108424]: DEBUG nova.api.openstack.wsgi_app [None req-feab6219-e5aa-40b4-a201-00b84a3b9d5f None None] instance_build_timeout = 0 {{(pid=108424) log_opt_values /opt/stack/data/venv/lib/python3.12/site-packages/oslo_config/cfg.py:3242}}
Jun 29 06:04:32.969714 np0000183446 devstack@n-api-meta.service[108424]: DEBUG nova.api.openstack.wsgi_app [None req-feab6219-e5aa-40b4-a201-00b84a3b9d5f None None] instance_delete_interval = 300 {{(pid=108424) log_opt_values /opt/stack/data/venv/lib/python3.12/site-packages/oslo_config/cfg.py:3242}}
Jun 29 06:04:32.969873 np0000183446 devstack@n-api-meta.service[108424]: DEBUG nova.api.openstack.wsgi_app [None req-feab6219-e5aa-40b4-a201-00b84a3b9d5f None None] instance_format = [instance: %(uuid)s] {{(pid=108424) log_opt_values /opt/stack/data/venv/lib/python3.12/site-packages/oslo_config/cfg.py:3242}}
Jun 29 06:04:32.970011 np0000183446 devstack@n-api-meta.service[108424]: DEBUG nova.api.openstack.wsgi_app [None req-feab6219-e5aa-40b4-a201-00b84a3b9d5f None None] instance_name_template = instance-%08x {{(pid=108424) log_opt_values /opt/stack/data/venv/lib/python3.12/site-packages/oslo_config/cfg.py:3242}}
Jun 29 06:04:32.970140 np0000183446 devstack@n-api-meta.service[108424]: DEBUG nova.api.openstack.wsgi_app [None req-feab6219-e5aa-40b4-a201-00b84a3b9d5f None None] instance_usage_audit = False {{(pid=108424) log_opt_values /opt/stack/data/venv/lib/python3.12/site-packages/oslo_config/cfg.py:3242}}
Jun 29 06:04:32.970279 np0000183446 devstack@n-api-meta.service[108424]: DEBUG nova.api.openstack.wsgi_app [None req-feab6219-e5aa-40b4-a201-00b84a3b9d5f None None] instance_usage_audit_period = month {{(pid=108424) log_opt_values /opt/stack/data/venv/lib/python3.12/site-packages/oslo_config/cfg.py:3242}}
Jun 29 06:04:32.970414 np0000183446 devstack@n-api-meta.service[108424]: DEBUG nova.api.openstack.wsgi_app [None req-feab6219-e5aa-40b4-a201-00b84a3b9d5f None None] instance_uuid_format = [instance: %(uuid)s] {{(pid=108424) log_opt_values /opt/stack/data/venv/lib/python3.12/site-packages/oslo_config/cfg.py:3242}}
Jun 29 06:04:32.970554 np0000183446 devstack@n-api-meta.service[108424]: DEBUG nova.api.openstack.wsgi_app [None req-feab6219-e5aa-40b4-a201-00b84a3b9d5f None None] instances_path = /opt/stack/data/nova/instances {{(pid=108424) log_opt_values /opt/stack/data/venv/lib/python3.12/site-packages/oslo_config/cfg.py:3242}}
Jun 29 06:04:32.970676 np0000183446 devstack@n-api-meta.service[108422]: DEBUG dbcounter [-] [108422] Writer thread running {{(pid=108422) stat_writer /opt/stack/data/venv/lib/python3.12/site-packages/dbcounter.py:102}}
Jun 29 06:04:32.970714 np0000183446 devstack@n-api-meta.service[108424]: DEBUG nova.api.openstack.wsgi_app [None req-feab6219-e5aa-40b4-a201-00b84a3b9d5f None None] internal_service_availability_zone = internal {{(pid=108424) log_opt_values /opt/stack/data/venv/lib/python3.12/site-packages/oslo_config/cfg.py:3242}}
Jun 29 06:04:32.970831 np0000183446 devstack@n-api-meta.service[108424]: DEBUG nova.api.openstack.wsgi_app [None req-feab6219-e5aa-40b4-a201-00b84a3b9d5f None None] key = None {{(pid=108424) log_opt_values /opt/stack/data/venv/lib/python3.12/site-packages/oslo_config/cfg.py:3242}}
Jun 29 06:04:32.970963 np0000183446 devstack@n-api-meta.service[108424]: DEBUG nova.api.openstack.wsgi_app [None req-feab6219-e5aa-40b4-a201-00b84a3b9d5f None None] live_migration_retry_count = 30 {{(pid=108424) log_opt_values /opt/stack/data/venv/lib/python3.12/site-packages/oslo_config/cfg.py:3242}}
Jun 29 06:04:32.971104 np0000183446 devstack@n-api-meta.service[108424]: DEBUG nova.api.openstack.wsgi_app [None req-feab6219-e5aa-40b4-a201-00b84a3b9d5f None None] log_color = False {{(pid=108424) log_opt_values /opt/stack/data/venv/lib/python3.12/site-packages/oslo_config/cfg.py:3242}}
Jun 29 06:04:32.971239 np0000183446 devstack@n-api-meta.service[108424]: DEBUG nova.api.openstack.wsgi_app [None req-feab6219-e5aa-40b4-a201-00b84a3b9d5f None None] log_config_append = None {{(pid=108424) log_opt_values /opt/stack/data/venv/lib/python3.12/site-packages/oslo_config/cfg.py:3242}}
Jun 29 06:04:32.971374 np0000183446 devstack@n-api-meta.service[108424]: DEBUG nova.api.openstack.wsgi_app [None req-feab6219-e5aa-40b4-a201-00b84a3b9d5f None None] log_date_format = %Y-%m-%d %H:%M:%S {{(pid=108424) log_opt_values /opt/stack/data/venv/lib/python3.12/site-packages/oslo_config/cfg.py:3242}}
Jun 29 06:04:32.971506 np0000183446 devstack@n-api-meta.service[108424]: DEBUG nova.api.openstack.wsgi_app [None req-feab6219-e5aa-40b4-a201-00b84a3b9d5f None None] log_dir = None {{(pid=108424) log_opt_values /opt/stack/data/venv/lib/python3.12/site-packages/oslo_config/cfg.py:3242}}
Jun 29 06:04:32.971635 np0000183446 devstack@n-api-meta.service[108424]: DEBUG nova.api.openstack.wsgi_app [None req-feab6219-e5aa-40b4-a201-00b84a3b9d5f None None] log_file = None {{(pid=108424) log_opt_values /opt/stack/data/venv/lib/python3.12/site-packages/oslo_config/cfg.py:3242}}
Jun 29 06:04:32.971744 np0000183446 devstack@n-api-meta.service[108424]: DEBUG nova.api.openstack.wsgi_app [None req-feab6219-e5aa-40b4-a201-00b84a3b9d5f None None] log_options = True {{(pid=108424) log_opt_values /opt/stack/data/venv/lib/python3.12/site-packages/oslo_config/cfg.py:3242}}
Jun 29 06:04:32.971888 np0000183446 devstack@n-api-meta.service[108424]: DEBUG nova.api.openstack.wsgi_app [None req-feab6219-e5aa-40b4-a201-00b84a3b9d5f None None] log_rotate_interval = 1 {{(pid=108424) log_opt_values /opt/stack/data/venv/lib/python3.12/site-packages/oslo_config/cfg.py:3242}}
Jun 29 06:04:32.972024 np0000183446 devstack@n-api-meta.service[108424]: DEBUG nova.api.openstack.wsgi_app [None req-feab6219-e5aa-40b4-a201-00b84a3b9d5f None None] log_rotate_interval_type = days {{(pid=108424) log_opt_values /opt/stack/data/venv/lib/python3.12/site-packages/oslo_config/cfg.py:3242}}
Jun 29 06:04:32.972160 np0000183446 devstack@n-api-meta.service[108424]: DEBUG nova.api.openstack.wsgi_app [None req-feab6219-e5aa-40b4-a201-00b84a3b9d5f None None] log_rotation_type = none {{(pid=108424) log_opt_values /opt/stack/data/venv/lib/python3.12/site-packages/oslo_config/cfg.py:3242}}
Jun 29 06:04:32.972265 np0000183446 devstack@n-api-meta.service[108424]: DEBUG nova.api.openstack.wsgi_app [None req-feab6219-e5aa-40b4-a201-00b84a3b9d5f None None] logging_context_format_string = %(color)s%(levelname)s %(name)s [%(global_request_id)s %(request_id)s %(project_name)s %(user_name)s%(color)s] %(instance)s%(color)s%(message)s {{(pid=108424) log_opt_values /opt/stack/data/venv/lib/python3.12/site-packages/oslo_config/cfg.py:3242}}
Jun 29 06:04:32.972369 np0000183446 devstack@n-api-meta.service[108424]: DEBUG nova.api.openstack.wsgi_app [None req-feab6219-e5aa-40b4-a201-00b84a3b9d5f None None] logging_debug_format_suffix = {{(pid=%(process)d) %(funcName)s %(pathname)s:%(lineno)d}} {{(pid=108424) log_opt_values /opt/stack/data/venv/lib/python3.12/site-packages/oslo_config/cfg.py:3242}}
Jun 29 06:04:32.972505 np0000183446 devstack@n-api-meta.service[108424]: DEBUG nova.api.openstack.wsgi_app [None req-feab6219-e5aa-40b4-a201-00b84a3b9d5f None None] logging_default_format_string = %(color)s%(levelname)s %(name)s [-%(color)s] %(instance)s%(color)s%(message)s {{(pid=108424) log_opt_values /opt/stack/data/venv/lib/python3.12/site-packages/oslo_config/cfg.py:3242}}
Jun 29 06:04:32.972643 np0000183446 devstack@n-api-meta.service[108424]: DEBUG nova.api.openstack.wsgi_app [None req-feab6219-e5aa-40b4-a201-00b84a3b9d5f None None] logging_exception_prefix = ERROR %(name)s %(instance)s {{(pid=108424) log_opt_values /opt/stack/data/venv/lib/python3.12/site-packages/oslo_config/cfg.py:3242}}
Jun 29 06:04:32.972742 np0000183446 devstack@n-api-meta.service[108424]: DEBUG nova.api.openstack.wsgi_app [None req-feab6219-e5aa-40b4-a201-00b84a3b9d5f None None] logging_user_identity_format = %(user)s %(project)s %(domain)s %(system_scope)s %(user_domain)s %(project_domain)s {{(pid=108424) log_opt_values /opt/stack/data/venv/lib/python3.12/site-packages/oslo_config/cfg.py:3242}}
Jun 29 06:04:32.972890 np0000183446 devstack@n-api-meta.service[108424]: DEBUG nova.api.openstack.wsgi_app [None req-feab6219-e5aa-40b4-a201-00b84a3b9d5f None None] long_rpc_timeout = 1800 {{(pid=108424) log_opt_values /opt/stack/data/venv/lib/python3.12/site-packages/oslo_config/cfg.py:3242}}
