May 14 01:00:00.093543 np0000173925 devstack@neutron-api.service[103043]: DEBUG neutron_lib.callbacks.manager [None req-0bd99aba-0a9a-404b-b2a5-1d28e7215462 None None] Subscribe: > security_group after_delete 55550000, False {{(pid=103043) subscribe /opt/stack/data/venv/lib/python3.12/site-packages/neutron_lib/callbacks/manager.py:52}}
May 14 01:00:00.093543 np0000173925 devstack@neutron-api.service[103043]: DEBUG neutron_lib.callbacks.manager [None req-0bd99aba-0a9a-404b-b2a5-1d28e7215462 None None] Subscribe: > security_group_rule precommit_create 55550000, False {{(pid=103043) subscribe /opt/stack/data/venv/lib/python3.12/site-packages/neutron_lib/callbacks/manager.py:52}}
May 14 01:00:00.093633 np0000173925 devstack@neutron-api.service[103043]: DEBUG neutron_lib.callbacks.manager [None req-0bd99aba-0a9a-404b-b2a5-1d28e7215462 None None] Subscribe: > security_group_rule after_create 55550000, False {{(pid=103043) subscribe /opt/stack/data/venv/lib/python3.12/site-packages/neutron_lib/callbacks/manager.py:52}}
May 14 01:00:00.094074 np0000173925 devstack@neutron-api.service[103043]: DEBUG neutron_lib.callbacks.manager [None req-0bd99aba-0a9a-404b-b2a5-1d28e7215462 None None] Subscribe: > security_group_rule before_delete 55550000, False {{(pid=103043) subscribe /opt/stack/data/venv/lib/python3.12/site-packages/neutron_lib/callbacks/manager.py:52}}
May 14 01:00:00.094074 np0000173925 devstack@neutron-api.service[103043]: DEBUG neutron_lib.callbacks.manager [None req-0bd99aba-0a9a-404b-b2a5-1d28e7215462 None None] Subscribe: > address_group after_create 55550000, False {{(pid=103043) subscribe /opt/stack/data/venv/lib/python3.12/site-packages/neutron_lib/callbacks/manager.py:52}}
May 14 01:00:00.094074 np0000173925 devstack@neutron-api.service[103043]: DEBUG neutron_lib.callbacks.manager [None req-0bd99aba-0a9a-404b-b2a5-1d28e7215462 None None] Subscribe: > address_group after_update 55550000, False {{(pid=103043) subscribe /opt/stack/data/venv/lib/python3.12/site-packages/neutron_lib/callbacks/manager.py:52}}
May 14 01:00:00.094074 np0000173925 devstack@neutron-api.service[103043]: DEBUG neutron_lib.callbacks.manager [None req-0bd99aba-0a9a-404b-b2a5-1d28e7215462 None None] Subscribe: > address_group after_delete 55550000, False {{(pid=103043) subscribe /opt/stack/data/venv/lib/python3.12/site-packages/neutron_lib/callbacks/manager.py:52}}
May 14 01:00:00.094576 np0000173925 devstack@neutron-api.service[103043]: DEBUG neutron_lib.callbacks.manager [None req-0bd99aba-0a9a-404b-b2a5-1d28e7215462 None None] Subscribe: > qos_plugin after_init 55550000, False {{(pid=103043) subscribe /opt/stack/data/venv/lib/python3.12/site-packages/neutron_lib/callbacks/manager.py:52}}
May 14 01:00:00.094576 np0000173925 devstack@neutron-api.service[103043]: DEBUG neutron_lib.callbacks.manager [None req-0bd99aba-0a9a-404b-b2a5-1d28e7215462 None None] Subscribe: > trunk_plugin after_init 55550000, False {{(pid=103043) subscribe /opt/stack/data/venv/lib/python3.12/site-packages/neutron_lib/callbacks/manager.py:52}}
May 14 01:00:00.095036 np0000173925 devstack@neutron-api.service[103043]: DEBUG neutron_lib.callbacks.manager [None req-0bd99aba-0a9a-404b-b2a5-1d28e7215462 None None] Subscribe: > logging-plugin after_init 55550000, False {{(pid=103043) subscribe /opt/stack/data/venv/lib/python3.12/site-packages/neutron_lib/callbacks/manager.py:52}}
May 14 01:00:00.095129 np0000173925 devstack@neutron-api.service[103043]: INFO neutron.services.logapi.drivers.ovn.driver [None req-0bd99aba-0a9a-404b-b2a5-1d28e7215462 None None] OVN logging driver registered
May 14 01:00:00.096152 np0000173925 devstack@neutron-api.service[103042]: DEBUG neutron.manager [None req-1365b6b5-4ce5-4b13-bb17-e72ac0c2c730 None None] Successfully loaded TAG plugin. Description: Tag support {{(pid=103042) _create_and_add_service_plugin /opt/stack/neutron/neutron/manager.py:239}}
May 14 01:00:00.096152 np0000173925 devstack@neutron-api.service[103042]: INFO neutron.manager [None req-1365b6b5-4ce5-4b13-bb17-e72ac0c2c730 None None] Loading Plugin: timestamp
May 14 01:00:00.096685 np0000173925 devstack@neutron-api.service[103043]: DEBUG neutron.plugins.ml2.plugin [None req-0bd99aba-0a9a-404b-b2a5-1d28e7215462 None None] neutron.plugins.ml2.plugin.Ml2Plugin method _start_rpc_notifiers called with arguments () {} {{(pid=103043) wrapper /opt/stack/data/venv/lib/python3.12/site-packages/oslo_log/helpers.py:77}}
May 14 01:00:00.096792 np0000173925 devstack@neutron-api.service[103043]: DEBUG neutron_lib.callbacks.manager [None req-0bd99aba-0a9a-404b-b2a5-1d28e7215462 None None] Subscribe: > port after_create 55550000, False {{(pid=103043) subscribe /opt/stack/data/venv/lib/python3.12/site-packages/neutron_lib/callbacks/manager.py:52}}
May 14 01:00:00.096949 np0000173925 devstack@neutron-api.service[103043]: DEBUG neutron_lib.callbacks.manager [None req-0bd99aba-0a9a-404b-b2a5-1d28e7215462 None None] Subscribe: > port after_update 55550000, False {{(pid=103043) subscribe /opt/stack/data/venv/lib/python3.12/site-packages/neutron_lib/callbacks/manager.py:52}}
May 14 01:00:00.096949 np0000173925 devstack@neutron-api.service[103043]: DEBUG neutron_lib.callbacks.manager [None req-0bd99aba-0a9a-404b-b2a5-1d28e7215462 None None] Subscribe: > port after_delete 55550000, False {{(pid=103043) subscribe /opt/stack/data/venv/lib/python3.12/site-packages/neutron_lib/callbacks/manager.py:52}}
May 14 01:00:00.097351 np0000173925 devstack@neutron-api.service[103043]: DEBUG neutron_lib.callbacks.manager [None req-0bd99aba-0a9a-404b-b2a5-1d28e7215462 None None] Subscribe: > subnet after_create 55550000, False {{(pid=103043) subscribe /opt/stack/data/venv/lib/python3.12/site-packages/neutron_lib/callbacks/manager.py:52}}
May 14 01:00:00.097351 np0000173925 devstack@neutron-api.service[103043]: DEBUG neutron_lib.callbacks.manager [None req-0bd99aba-0a9a-404b-b2a5-1d28e7215462 None None] Subscribe: > subnet after_update 55550000, False {{(pid=103043) subscribe /opt/stack/data/venv/lib/python3.12/site-packages/neutron_lib/callbacks/manager.py:52}}
May 14 01:00:00.097351 np0000173925 devstack@neutron-api.service[103043]: DEBUG neutron_lib.callbacks.manager [None req-0bd99aba-0a9a-404b-b2a5-1d28e7215462 None None] Subscribe: > subnet after_delete 55550000, False {{(pid=103043) subscribe /opt/stack/data/venv/lib/python3.12/site-packages/neutron_lib/callbacks/manager.py:52}}
May 14 01:00:00.097816 np0000173925 devstack@neutron-api.service[103042]: DEBUG neutron.manager [None req-1365b6b5-4ce5-4b13-bb17-e72ac0c2c730 None None] Successfully loaded timestamp plugin. Description: Adds timestamps to Neutron resources with standard attributes {{(pid=103042) _create_and_add_service_plugin /opt/stack/neutron/neutron/manager.py:239}}
May 14 01:00:00.097944 np0000173925 devstack@neutron-api.service[103043]: DEBUG neutron_lib.callbacks.manager [None req-0bd99aba-0a9a-404b-b2a5-1d28e7215462 None None] Subscribe: > network after_create 55550000, False {{(pid=103043) subscribe /opt/stack/data/venv/lib/python3.12/site-packages/neutron_lib/callbacks/manager.py:52}}
May 14 01:00:00.098002 np0000173925 devstack@neutron-api.service[103042]: INFO neutron.manager [None req-1365b6b5-4ce5-4b13-bb17-e72ac0c2c730 None None] Loading Plugin: network_ip_availability
May 14 01:00:00.098027 np0000173925 devstack@neutron-api.service[103043]: DEBUG neutron_lib.callbacks.manager [None req-0bd99aba-0a9a-404b-b2a5-1d28e7215462 None None] Subscribe: > network after_update 55550000, False {{(pid=103043) subscribe /opt/stack/data/venv/lib/python3.12/site-packages/neutron_lib/callbacks/manager.py:52}}
May 14 01:00:00.098027 np0000173925 devstack@neutron-api.service[103043]: DEBUG neutron_lib.callbacks.manager [None req-0bd99aba-0a9a-404b-b2a5-1d28e7215462 None None] Subscribe: > network after_delete 55550000, False {{(pid=103043) subscribe /opt/stack/data/venv/lib/python3.12/site-packages/neutron_lib/callbacks/manager.py:52}}
May 14 01:00:00.098027 np0000173925 devstack@neutron-api.service[103043]: DEBUG neutron_lib.callbacks.manager [None req-0bd99aba-0a9a-404b-b2a5-1d28e7215462 None None] Subscribe: > security_group after_create 55550000, False {{(pid=103043) subscribe /opt/stack/data/venv/lib/python3.12/site-packages/neutron_lib/callbacks/manager.py:52}}
May 14 01:00:00.098027 np0000173925 devstack@neutron-api.service[103043]: DEBUG neutron_lib.callbacks.manager [None req-0bd99aba-0a9a-404b-b2a5-1d28e7215462 None None] Subscribe: > security_group after_update 55550000, False {{(pid=103043) subscribe /opt/stack/data/venv/lib/python3.12/site-packages/neutron_lib/callbacks/manager.py:52}}
May 14 01:00:00.098161 np0000173925 devstack@neutron-api.service[103043]: DEBUG neutron_lib.callbacks.manager [None req-0bd99aba-0a9a-404b-b2a5-1d28e7215462 None None] Subscribe: > security_group after_delete 55550000, False {{(pid=103043) subscribe /opt/stack/data/venv/lib/python3.12/site-packages/neutron_lib/callbacks/manager.py:52}}
May 14 01:00:00.098161 np0000173925 devstack@neutron-api.service[103043]: DEBUG neutron_lib.callbacks.manager [None req-0bd99aba-0a9a-404b-b2a5-1d28e7215462 None None] Subscribe: > security_group_rule after_create 55550000, False {{(pid=103043) subscribe /opt/stack/data/venv/lib/python3.12/site-packages/neutron_lib/callbacks/manager.py:52}}
May 14 01:00:00.098161 np0000173925 devstack@neutron-api.service[103043]: DEBUG neutron_lib.callbacks.manager [None req-0bd99aba-0a9a-404b-b2a5-1d28e7215462 None None] Subscribe: > security_group_rule after_update 55550000, False {{(pid=103043) subscribe /opt/stack/data/venv/lib/python3.12/site-packages/neutron_lib/callbacks/manager.py:52}}
May 14 01:00:00.098161 np0000173925 devstack@neutron-api.service[103043]: DEBUG neutron_lib.callbacks.manager [None req-0bd99aba-0a9a-404b-b2a5-1d28e7215462 None None] Subscribe: > security_group_rule after_delete 55550000, False {{(pid=103043) subscribe /opt/stack/data/venv/lib/python3.12/site-packages/neutron_lib/callbacks/manager.py:52}}
May 14 01:00:00.098315 np0000173925 devstack@neutron-api.service[103043]: DEBUG neutron_lib.callbacks.manager [None req-0bd99aba-0a9a-404b-b2a5-1d28e7215462 None None] Subscribe: > address_group after_create 55550000, False {{(pid=103043) subscribe /opt/stack/data/venv/lib/python3.12/site-packages/neutron_lib/callbacks/manager.py:52}}
May 14 01:00:00.098315 np0000173925 devstack@neutron-api.service[103043]: DEBUG neutron_lib.callbacks.manager [None req-0bd99aba-0a9a-404b-b2a5-1d28e7215462 None None] Subscribe: > address_group after_update 55550000, False {{(pid=103043) subscribe /opt/stack/data/venv/lib/python3.12/site-packages/neutron_lib/callbacks/manager.py:52}}
May 14 01:00:00.098398 np0000173925 devstack@neutron-api.service[103043]: DEBUG neutron_lib.callbacks.manager [None req-0bd99aba-0a9a-404b-b2a5-1d28e7215462 None None] Subscribe: > address_group after_delete 55550000, False {{(pid=103043) subscribe /opt/stack/data/venv/lib/python3.12/site-packages/neutron_lib/callbacks/manager.py:52}}
May 14 01:00:00.099233 np0000173925 devstack@neutron-api.service[103043]: DEBUG neutron.plugins.ml2.ovo_rpc [None req-0bd99aba-0a9a-404b-b2a5-1d28e7215462 None None] ML2 OVO RPC backend initialized. {{(pid=103043) __init__ /opt/stack/neutron/neutron/plugins/ml2/ovo_rpc.py:117}}
May 14 01:00:00.100041 np0000173925 devstack@neutron-api.service[103042]: DEBUG neutron.manager [None req-1365b6b5-4ce5-4b13-bb17-e72ac0c2c730 None None] Successfully loaded network-ip-availability plugin. Description: Provides IP availability data for each network and subnet. {{(pid=103042) _create_and_add_service_plugin /opt/stack/neutron/neutron/manager.py:239}}
May 14 01:00:00.100041 np0000173925 devstack@neutron-api.service[103042]: INFO neutron.manager [None req-1365b6b5-4ce5-4b13-bb17-e72ac0c2c730 None None] Loading Plugin: flavors
May 14 01:00:00.100741 np0000173925 devstack@neutron-api.service[103043]: INFO neutron.quota [None req-0bd99aba-0a9a-404b-b2a5-1d28e7215462 None None] Loaded quota_driver: .
May 14 01:00:00.100741 np0000173925 devstack@neutron-api.service[103043]: INFO neutron.plugins.ml2.plugin [None req-0bd99aba-0a9a-404b-b2a5-1d28e7215462 None None] Modular L2 Plugin initialization complete
May 14 01:00:00.100741 np0000173925 devstack@neutron-api.service[103043]: DEBUG neutron.manager [None req-0bd99aba-0a9a-404b-b2a5-1d28e7215462 None None] Loading services supported by the core plugin {{(pid=103043) _load_services_from_core_plugin /opt/stack/neutron/neutron/manager.py:170}}
May 14 01:00:00.100741 np0000173925 devstack@neutron-api.service[103043]: INFO neutron.plugins.ml2.managers [None req-0bd99aba-0a9a-404b-b2a5-1d28e7215462 None None] Got port-security extension from driver 'port_security'
May 14 01:00:00.101012 np0000173925 devstack@neutron-api.service[103042]: DEBUG neutron.manager [None req-1365b6b5-4ce5-4b13-bb17-e72ac0c2c730 None None] Successfully loaded FLAVORS plugin. Description: Neutron Flavors and Service Profiles manager plugin {{(pid=103042) _create_and_add_service_plugin /opt/stack/neutron/neutron/manager.py:239}}
May 14 01:00:00.101012 np0000173925 devstack@neutron-api.service[103042]: INFO neutron.manager [None req-1365b6b5-4ce5-4b13-bb17-e72ac0c2c730 None None] Loading Plugin: revisions
May 14 01:00:00.101210 np0000173925 devstack@neutron-api.service[103043]: DEBUG neutron.manager [None req-0bd99aba-0a9a-404b-b2a5-1d28e7215462 None None] Loading service plugins: ['ovn-router', 'auto_allocate', 'tag', 'timestamp', 'network_ip_availability', 'flavors', 'revisions'] {{(pid=103043) _load_service_plugins /opt/stack/neutron/neutron/manager.py:195}}
May 14 01:00:00.101210 np0000173925 devstack@neutron-api.service[103043]: INFO neutron.manager [None req-0bd99aba-0a9a-404b-b2a5-1d28e7215462 None None] Loading Plugin: ovn-router
May 14 01:00:00.101321 np0000173925 devstack@neutron-api.service[103042]: DEBUG neutron.manager [None req-1365b6b5-4ce5-4b13-bb17-e72ac0c2c730 None None] Successfully loaded revision_plugin plugin. Description: Adds revision numbers to resources. {{(pid=103042) _create_and_add_service_plugin /opt/stack/neutron/neutron/manager.py:239}}
May 14 01:00:00.101321 np0000173925 devstack@neutron-api.service[103042]: DEBUG oslo_concurrency.lockutils [None req-1365b6b5-4ce5-4b13-bb17-e72ac0c2c730 None None] Lock "manager" "released" by "neutron.manager.NeutronManager._create_instance" :: held 4.532s {{(pid=103042) inner /opt/stack/data/venv/lib/python3.12/site-packages/oslo_concurrency/lockutils.py:538}}
May 14 01:00:00.101321 np0000173925 devstack@neutron-api.service[103042]: DEBUG neutron.api.extensions [None req-1365b6b5-4ce5-4b13-bb17-e72ac0c2c730 None None] get_extension_paths = OrderedDict({'/opt/stack/neutron/neutron/extensions': 1}) {{(pid=103042) get_extensions_path /opt/stack/neutron/neutron/api/extensions.py:640}}
May 14 01:00:00.101321 np0000173925 devstack@neutron-api.service[103042]: INFO neutron.api.extensions [None req-1365b6b5-4ce5-4b13-bb17-e72ac0c2c730 None None] Initializing extension manager.
May 14 01:00:00.101452 np0000173925 devstack@neutron-api.service[103042]: DEBUG neutron.api.extensions [None req-1365b6b5-4ce5-4b13-bb17-e72ac0c2c730 None None] Loading extension file: __init__.py {{(pid=103042) _load_all_extensions_from_path /opt/stack/neutron/neutron/api/extensions.py:449}}
May 14 01:00:00.101502 np0000173925 devstack@neutron-api.service[103042]: DEBUG neutron.api.extensions [None req-1365b6b5-4ce5-4b13-bb17-e72ac0c2c730 None None] Loading extension file: __pycache__ {{(pid=103042) _load_all_extensions_from_path /opt/stack/neutron/neutron/api/extensions.py:449}}
May 14 01:00:00.102165 np0000173925 devstack@neutron-api.service[103042]: DEBUG neutron.api.extensions [None req-1365b6b5-4ce5-4b13-bb17-e72ac0c2c730 None None] Loading extension file: address_group.py {{(pid=103042) _load_all_extensions_from_path /opt/stack/neutron/neutron/api/extensions.py:449}}
May 14 01:00:00.102165 np0000173925 devstack@neutron-api.service[103042]: DEBUG neutron.api.extensions [None req-1365b6b5-4ce5-4b13-bb17-e72ac0c2c730 None None] Ext name="Address group" alias="address-group" description="Support address group" updated="2020-07-15T10:00:00-00:00" {{(pid=103042) _check_extension /opt/stack/neutron/neutron/api/extensions.py:415}}
May 14 01:00:00.102165 np0000173925 devstack@neutron-api.service[103042]: INFO neutron.api.extensions [None req-1365b6b5-4ce5-4b13-bb17-e72ac0c2c730 None None] Loaded extension: address-group
May 14 01:00:00.102547 np0000173925 devstack@neutron-api.service[103042]: DEBUG neutron.api.extensions [None req-1365b6b5-4ce5-4b13-bb17-e72ac0c2c730 None None] Loading extension file: address_scope.py {{(pid=103042) _load_all_extensions_from_path /opt/stack/neutron/neutron/api/extensions.py:449}}
May 14 01:00:00.102547 np0000173925 devstack@neutron-api.service[103042]: DEBUG neutron.api.extensions [None req-1365b6b5-4ce5-4b13-bb17-e72ac0c2c730 None None] Ext name="Address scope" alias="address-scope" description="Address scopes extension." updated="2015-07-26T10:00:00-00:00" {{(pid=103042) _check_extension /opt/stack/neutron/neutron/api/extensions.py:415}}
May 14 01:00:00.102697 np0000173925 devstack@neutron-api.service[103042]: INFO neutron.api.extensions [None req-1365b6b5-4ce5-4b13-bb17-e72ac0c2c730 None None] Loaded extension: address-scope
May 14 01:00:00.102865 np0000173925 devstack@neutron-api.service[103042]: DEBUG neutron.api.extensions [None req-1365b6b5-4ce5-4b13-bb17-e72ac0c2c730 None None] Loading extension file: admin_state_down_before_update.py {{(pid=103042) _load_all_extensions_from_path /opt/stack/neutron/neutron/api/extensions.py:449}}
May 14 01:00:00.103090 np0000173925 devstack@neutron-api.service[103042]: DEBUG neutron.api.extensions [None req-1365b6b5-4ce5-4b13-bb17-e72ac0c2c730 None None] Ext name="Enforce Router's Admin State Down Before Update Extension" alias="router-admin-state-down-before-update" description="Ensure that the admin state of a router is DOWN (admin_state_up=False) before updating the distributed attribute" updated="2019-07-02T15:56:00" {{(pid=103042) _check_extension /opt/stack/neutron/neutron/api/extensions.py:415}}
May 14 01:00:00.103260 np0000173925 devstack@neutron-api.service[103042]: INFO neutron.api.extensions [None req-1365b6b5-4ce5-4b13-bb17-e72ac0c2c730 None None] Extension router-admin-state-down-before-update not supported by any of loaded plugins
May 14 01:00:00.103361 np0000173925 devstack@neutron-api.service[103042]: DEBUG neutron.api.extensions [None req-1365b6b5-4ce5-4b13-bb17-e72ac0c2c730 None None] Loading extension file: agent.py {{(pid=103042) _load_all_extensions_from_path /opt/stack/neutron/neutron/api/extensions.py:449}}
May 14 01:00:00.103564 np0000173925 devstack@neutron-api.service[103042]: DEBUG neutron.api.extensions [None req-1365b6b5-4ce5-4b13-bb17-e72ac0c2c730 None None] Ext name="agent" alias="agent" description="The agent management extension." updated="2013-02-03T10:00:00-00:00" {{(pid=103042) _check_extension /opt/stack/neutron/neutron/api/extensions.py:415}}
May 14 01:00:00.103736 np0000173925 devstack@neutron-api.service[103042]: INFO neutron.api.extensions [None req-1365b6b5-4ce5-4b13-bb17-e72ac0c2c730 None None] Loaded extension: agent
May 14 01:00:00.103938 np0000173925 devstack@neutron-api.service[103042]: DEBUG neutron.api.extensions [None req-1365b6b5-4ce5-4b13-bb17-e72ac0c2c730 None None] Loading extension file: agent_resources_synced.py {{(pid=103042) _load_all_extensions_from_path /opt/stack/neutron/neutron/api/extensions.py:449}}
May 14 01:00:00.104246 np0000173925 devstack@neutron-api.service[103042]: DEBUG neutron.api.extensions [None req-1365b6b5-4ce5-4b13-bb17-e72ac0c2c730 None None] Ext name="Agent's Resource View Synced to Placement" alias="agent-resources-synced" description="Stores success/failure of last sync to Placement" updated="2018-12-19T00:00:00-00:00" {{(pid=103042) _check_extension /opt/stack/neutron/neutron/api/extensions.py:415}}
May 14 01:00:00.104246 np0000173925 devstack@neutron-api.service[103042]: INFO neutron.api.extensions [None req-1365b6b5-4ce5-4b13-bb17-e72ac0c2c730 None None] Extension agent-resources-synced not supported by any of loaded plugins
May 14 01:00:00.104566 np0000173925 devstack@neutron-api.service[103042]: DEBUG neutron.api.extensions [None req-1365b6b5-4ce5-4b13-bb17-e72ac0c2c730 None None] Loading extension file: agent_sort_key.py {{(pid=103042) _load_all_extensions_from_path /opt/stack/neutron/neutron/api/extensions.py:449}}
May 14 01:00:00.104566 np0000173925 devstack@neutron-api.service[103042]: DEBUG neutron.api.extensions [None req-1365b6b5-4ce5-4b13-bb17-e72ac0c2c730 None None] Ext name="Agents Sort Key" alias="agent_sort_key" description="Enabling the keyword sort_key for sorting in agents." updated="2013-02-03T10:00:00-00:00" {{(pid=103042) _check_extension /opt/stack/neutron/neutron/api/extensions.py:415}}
May 14 01:00:00.104746 np0000173925 devstack@neutron-api.service[103042]: INFO neutron.api.extensions [None req-1365b6b5-4ce5-4b13-bb17-e72ac0c2c730 None None] Extension agent_sort_key not supported by any of loaded plugins
May 14 01:00:00.104933 np0000173925 devstack@neutron-api.service[103042]: DEBUG neutron.api.extensions [None req-1365b6b5-4ce5-4b13-bb17-e72ac0c2c730 None None] Loading extension file: allowedaddresspairs.py {{(pid=103042) _load_all_extensions_from_path /opt/stack/neutron/neutron/api/extensions.py:449}}
May 14 01:00:00.105430 np0000173925 devstack@neutron-api.service[103042]: DEBUG neutron.api.extensions [None req-1365b6b5-4ce5-4b13-bb17-e72ac0c2c730 None None] Ext name="Allowed Address Pairs" alias="allowed-address-pairs" description="Provides allowed address pairs" updated="2013-07-23T10:00:00-00:00" {{(pid=103042) _check_extension /opt/stack/neutron/neutron/api/extensions.py:415}}
May 14 01:00:00.105606 np0000173925 devstack@neutron-api.service[103042]: INFO neutron.api.extensions [None req-1365b6b5-4ce5-4b13-bb17-e72ac0c2c730 None None] Loaded extension: allowed-address-pairs
May 14 01:00:00.105712 np0000173925 devstack@neutron-api.service[103042]: DEBUG neutron.api.extensions [None req-1365b6b5-4ce5-4b13-bb17-e72ac0c2c730 None None] Loading extension file: auto_allocated_topology.py {{(pid=103042) _load_all_extensions_from_path /opt/stack/neutron/neutron/api/extensions.py:449}}
May 14 01:00:00.105972 np0000173925 devstack@neutron-api.service[103042]: DEBUG neutron.api.extensions [None req-1365b6b5-4ce5-4b13-bb17-e72ac0c2c730 None None] Ext name="Auto Allocated Topology Services" alias="auto-allocated-topology" description="Auto Allocated Topology Services." updated="2016-01-01T00:00:00-00:00" {{(pid=103042) _check_extension /opt/stack/neutron/neutron/api/extensions.py:415}}
May 14 01:00:00.106103 np0000173925 devstack@neutron-api.service[103042]: INFO neutron.api.extensions [None req-1365b6b5-4ce5-4b13-bb17-e72ac0c2c730 None None] Loaded extension: auto-allocated-topology
May 14 01:00:00.106200 np0000173925 devstack@neutron-api.service[103042]: DEBUG neutron.api.extensions [None req-1365b6b5-4ce5-4b13-bb17-e72ac0c2c730 None None] Loading extension file: availability_zone.py {{(pid=103042) _load_all_extensions_from_path /opt/stack/neutron/neutron/api/extensions.py:449}}
May 14 01:00:00.106472 np0000173925 devstack@neutron-api.service[103042]: DEBUG neutron.api.extensions [None req-1365b6b5-4ce5-4b13-bb17-e72ac0c2c730 None None] Ext name="Availability Zone" alias="availability_zone" description="The availability zone extension." updated="2015-01-01T10:00:00-00:00" {{(pid=103042) _check_extension /opt/stack/neutron/neutron/api/extensions.py:415}}
May 14 01:00:00.106637 np0000173925 devstack@neutron-api.service[103042]: INFO neutron.api.extensions [None req-1365b6b5-4ce5-4b13-bb17-e72ac0c2c730 None None] Loaded extension: availability_zone
May 14 01:00:00.106730 np0000173925 devstack@neutron-api.service[103042]: DEBUG neutron.api.extensions [None req-1365b6b5-4ce5-4b13-bb17-e72ac0c2c730 None None] Loading extension file: availability_zone_filter.py {{(pid=103042) _load_all_extensions_from_path /opt/stack/neutron/neutron/api/extensions.py:449}}
May 14 01:00:00.106991 np0000173925 devstack@neutron-api.service[103042]: DEBUG neutron.api.extensions [None req-1365b6b5-4ce5-4b13-bb17-e72ac0c2c730 None None] Ext name="Availability Zone Filter Extension" alias="availability_zone_filter" description="Add filter parameters to AvailabilityZone resource" updated="2018-06-22T10:00:00-00:00" {{(pid=103042) _check_extension /opt/stack/neutron/neutron/api/extensions.py:415}}
May 14 01:00:00.107178 np0000173925 devstack@neutron-api.service[103042]: INFO neutron.api.extensions [None req-1365b6b5-4ce5-4b13-bb17-e72ac0c2c730 None None] Extension availability_zone_filter not supported by any of loaded plugins
May 14 01:00:00.107205 np0000173925 devstack@neutron-api.service[103042]: DEBUG neutron.api.extensions [None req-1365b6b5-4ce5-4b13-bb17-e72ac0c2c730 None None] Loading extension file: data_plane_status.py {{(pid=103042) _load_all_extensions_from_path /opt/stack/neutron/neutron/api/extensions.py:449}}
May 14 01:00:00.107461 np0000173925 devstack@neutron-api.service[103042]: DEBUG neutron.api.extensions [None req-1365b6b5-4ce5-4b13-bb17-e72ac0c2c730 None None] Ext name="Port data plane status extension" alias="data-plane-status" description="Expose status of underlying data plane" updated="2017-01-24T10:00:00-00:00" {{(pid=103042) _check_extension /opt/stack/neutron/neutron/api/extensions.py:415}}
May 14 01:00:00.107652 np0000173925 devstack@neutron-api.service[103042]: INFO neutron.api.extensions [None req-1365b6b5-4ce5-4b13-bb17-e72ac0c2c730 None None] Extension data-plane-status not supported by any of loaded plugins
May 14 01:00:00.107766 np0000173925 devstack@neutron-api.service[103042]: DEBUG neutron.api.extensions [None req-1365b6b5-4ce5-4b13-bb17-e72ac0c2c730 None None] Loading extension file: default_subnetpools.py {{(pid=103042) _load_all_extensions_from_path /opt/stack/neutron/neutron/api/extensions.py:449}}
May 14 01:00:00.108040 np0000173925 devstack@neutron-api.service[103042]: DEBUG neutron.api.extensions [None req-1365b6b5-4ce5-4b13-bb17-e72ac0c2c730 None None] Ext name="Default Subnetpools" alias="default-subnetpools" description="Provides ability to mark and use a subnetpool as the default." updated="2016-02-18T18:00:00-00:00" {{(pid=103042) _check_extension /opt/stack/neutron/neutron/api/extensions.py:415}}
May 14 01:00:00.108244 np0000173925 devstack@neutron-api.service[103042]: INFO neutron.api.extensions [None req-1365b6b5-4ce5-4b13-bb17-e72ac0c2c730 None None] Loaded extension: default-subnetpools
May 14 01:00:00.108244 np0000173925 devstack@neutron-api.service[103042]: DEBUG neutron.api.extensions [None req-1365b6b5-4ce5-4b13-bb17-e72ac0c2c730 None None] Loading extension file: dhcpagentscheduler.py {{(pid=103042) _load_all_extensions_from_path /opt/stack/neutron/neutron/api/extensions.py:449}}
May 14 01:00:00.108509 np0000173925 devstack@neutron-api.service[103042]: DEBUG neutron.api.extensions [None req-1365b6b5-4ce5-4b13-bb17-e72ac0c2c730 None None] Ext name="DHCP Agent Scheduler" alias="dhcp_agent_scheduler" description="Schedule networks among dhcp agents" updated="2013-02-07T10:00:00-00:00" {{(pid=103042) _check_extension /opt/stack/neutron/neutron/api/extensions.py:415}}
May 14 01:00:00.108686 np0000173925 devstack@neutron-api.service[103043]: DEBUG neutron_lib.callbacks.manager [None req-0bd99aba-0a9a-404b-b2a5-1d28e7215462 None None] Subscribe: > router before_delete 55550000, False {{(pid=103043) subscribe /opt/stack/data/venv/lib/python3.12/site-packages/neutron_lib/callbacks/manager.py:52}}
May 14 01:00:00.108747 np0000173925 devstack@neutron-api.service[103042]: INFO neutron.api.extensions [None req-1365b6b5-4ce5-4b13-bb17-e72ac0c2c730 None None] Loaded extension: dhcp_agent_scheduler
May 14 01:00:00.108747 np0000173925 devstack@neutron-api.service[103042]: DEBUG neutron.api.extensions [None req-1365b6b5-4ce5-4b13-bb17-e72ac0c2c730 None None] Loading extension file: dns.py {{(pid=103042) _load_all_extensions_from_path /opt/stack/neutron/neutron/api/extensions.py:449}}
May 14 01:00:00.108861 np0000173925 devstack@neutron-api.service[103043]: DEBUG neutron_lib.callbacks.manager [None req-0bd99aba-0a9a-404b-b2a5-1d28e7215462 None None] Subscribe: port before_update 55550000, False {{(pid=103043) subscribe /opt/stack/data/venv/lib/python3.12/site-packages/neutron_lib/callbacks/manager.py:52}}
May 14 01:00:00.108921 np0000173925 devstack@neutron-api.service[103043]: DEBUG neutron_lib.callbacks.manager [None req-0bd99aba-0a9a-404b-b2a5-1d28e7215462 None None] Subscribe: port after_update 55550000, False {{(pid=103043) subscribe /opt/stack/data/venv/lib/python3.12/site-packages/neutron_lib/callbacks/manager.py:52}}
May 14 01:00:00.109080 np0000173925 devstack@neutron-api.service[103042]: DEBUG neutron.api.extensions [None req-1365b6b5-4ce5-4b13-bb17-e72ac0c2c730 None None] Ext name="DNS Integration" alias="dns-integration" description="Provides integration with DNS." updated="2015-08-15T18:00:00-00:00" {{(pid=103042) _check_extension /opt/stack/neutron/neutron/api/extensions.py:415}}
May 14 01:00:00.109250 np0000173925 devstack@neutron-api.service[103043]: DEBUG neutron_lib.callbacks.manager [None req-0bd99aba-0a9a-404b-b2a5-1d28e7215462 None None] Subscribe: > port precommit_delete 55550000, False {{(pid=103043) subscribe /opt/stack/data/venv/lib/python3.12/site-packages/neutron_lib/callbacks/manager.py:52}}
May 14 01:00:00.109250 np0000173925 devstack@neutron-api.service[103043]: DEBUG neutron_lib.callbacks.manager [None req-0bd99aba-0a9a-404b-b2a5-1d28e7215462 None None] Subscribe: port before_update 55550000, False {{(pid=103043) subscribe /opt/stack/data/venv/lib/python3.12/site-packages/neutron_lib/callbacks/manager.py:52}}
May 14 01:00:00.109455 np0000173925 devstack@neutron-api.service[103042]: INFO neutron.api.extensions [None req-1365b6b5-4ce5-4b13-bb17-e72ac0c2c730 None None] Loaded extension: dns-integration
May 14 01:00:00.109585 np0000173925 devstack@neutron-api.service[103043]: DEBUG neutron_lib.callbacks.manager [None req-0bd99aba-0a9a-404b-b2a5-1d28e7215462 None None] Subscribe: port before_delete 55550000, False {{(pid=103043) subscribe /opt/stack/data/venv/lib/python3.12/site-packages/neutron_lib/callbacks/manager.py:52}}
May 14 01:00:00.109656 np0000173925 devstack@neutron-api.service[103042]: DEBUG neutron.api.extensions [None req-1365b6b5-4ce5-4b13-bb17-e72ac0c2c730 None None] Loading extension file: dns_domain_ports.py {{(pid=103042) _load_all_extensions_from_path /opt/stack/neutron/neutron/api/extensions.py:449}}
May 14 01:00:00.109680 np0000173925 devstack@neutron-api.service[103043]: DEBUG neutron_lib.callbacks.manager [None req-0bd99aba-0a9a-404b-b2a5-1d28e7215462 None None] Subscribe: > router precommit_create 55550000, False {{(pid=103043) subscribe /opt/stack/data/venv/lib/python3.12/site-packages/neutron_lib/callbacks/manager.py:52}}
May 14 01:00:00.109680 np0000173925 devstack@neutron-api.service[103043]: DEBUG neutron_lib.callbacks.manager [None req-0bd99aba-0a9a-404b-b2a5-1d28e7215462 None None] Subscribe: > router precommit_create 55550000, False {{(pid=103043) subscribe /opt/stack/data/venv/lib/python3.12/site-packages/neutron_lib/callbacks/manager.py:52}}
May 14 01:00:00.109725 np0000173925 devstack@neutron-api.service[103042]: DEBUG neutron.api.extensions [None req-1365b6b5-4ce5-4b13-bb17-e72ac0c2c730 None None] Ext name="dns_domain for ports" alias="dns-domain-ports" description="Allows the DNS domain to be specified for a network port." updated="2017-04-24T10:00:00-00:00" {{(pid=103042) _check_extension /opt/stack/neutron/neutron/api/extensions.py:415}}
May 14 01:00:00.109784 np0000173925 devstack@neutron-api.service[103043]: DEBUG neutron_lib.callbacks.manager [None req-0bd99aba-0a9a-404b-b2a5-1d28e7215462 None None] Subscribe: > router precommit_update 55550000, False {{(pid=103043) subscribe /opt/stack/data/venv/lib/python3.12/site-packages/neutron_lib/callbacks/manager.py:52}}
May 14 01:00:00.109834 np0000173925 devstack@neutron-api.service[103042]: INFO neutron.api.extensions [None req-1365b6b5-4ce5-4b13-bb17-e72ac0c2c730 None None] Loaded extension: dns-domain-ports
May 14 01:00:00.109871 np0000173925 devstack@neutron-api.service[103043]: DEBUG neutron_lib.callbacks.manager [None req-0bd99aba-0a9a-404b-b2a5-1d28e7215462 None None] Subscribe: subnet after_update 55550000, False {{(pid=103043) subscribe /opt/stack/data/venv/lib/python3.12/site-packages/neutron_lib/callbacks/manager.py:52}}
May 14 01:00:00.109922 np0000173925 devstack@neutron-api.service[103042]: DEBUG neutron.api.extensions [None req-1365b6b5-4ce5-4b13-bb17-e72ac0c2c730 None None] Loading extension file: dns_integration_domain_keywords.py {{(pid=103042) _load_all_extensions_from_path /opt/stack/neutron/neutron/api/extensions.py:449}}
May 14 01:00:00.109954 np0000173925 devstack@neutron-api.service[103043]: DEBUG neutron.quota.resource_registry [None req-0bd99aba-0a9a-404b-b2a5-1d28e7215462 None None] Tracking information for resource: router configured {{(pid=103043) set_tracked_resource /opt/stack/neutron/neutron/quota/resource_registry.py:203}}
May 14 01:00:00.109954 np0000173925 devstack@neutron-api.service[103043]: DEBUG neutron.quota.resource_registry [None req-0bd99aba-0a9a-404b-b2a5-1d28e7215462 None None] Tracking information for resource: floatingip configured {{(pid=103043) set_tracked_resource /opt/stack/neutron/neutron/quota/resource_registry.py:203}}
May 14 01:00:00.110023 np0000173925 devstack@neutron-api.service[103042]: DEBUG neutron.api.extensions [None req-1365b6b5-4ce5-4b13-bb17-e72ac0c2c730 None None] Ext name="DNS domain names with keywords allowed" alias="dns-integration-domain-keywords" description="Allows to use keywords like , , and as DNS domain name" updated="2020-06-15T18:00:00-00:00" {{(pid=103042) _check_extension /opt/stack/neutron/neutron/api/extensions.py:415}}
May 14 01:00:00.110049 np0000173925 devstack@neutron-api.service[103043]: INFO neutron.services.ovn_l3.plugin [None req-0bd99aba-0a9a-404b-b2a5-1d28e7215462 None None] Starting OVNL3RouterPlugin
May 14 01:00:00.110095 np0000173925 devstack@neutron-api.service[103042]: INFO neutron.api.extensions [None req-1365b6b5-4ce5-4b13-bb17-e72ac0c2c730 None None] Loaded extension: dns-integration-domain-keywords
May 14 01:00:00.110341 np0000173925 devstack@neutron-api.service[103042]: DEBUG neutron.api.extensions [None req-1365b6b5-4ce5-4b13-bb17-e72ac0c2c730 None None] Loading extension file: dvr.py {{(pid=103042) _load_all_extensions_from_path /opt/stack/neutron/neutron/api/extensions.py:449}}
May 14 01:00:00.110550 np0000173925 devstack@neutron-api.service[103043]: DEBUG neutron_lib.callbacks.manager [None req-0bd99aba-0a9a-404b-b2a5-1d28e7215462 None None] Subscribe: > port_forwarding_plugin after_init 55550000, False {{(pid=103043) subscribe /opt/stack/data/venv/lib/python3.12/site-packages/neutron_lib/callbacks/manager.py:52}}
May 14 01:00:00.110550 np0000173925 devstack@neutron-api.service[103043]: DEBUG neutron_lib.callbacks.manager [None req-0bd99aba-0a9a-404b-b2a5-1d28e7215462 None None] Subscribe: > router before_create 55550100, False {{(pid=103043) subscribe /opt/stack/data/venv/lib/python3.12/site-packages/neutron_lib/callbacks/manager.py:52}}
May 14 01:00:00.110805 np0000173925 devstack@neutron-api.service[103042]: DEBUG neutron.api.extensions [None req-1365b6b5-4ce5-4b13-bb17-e72ac0c2c730 None None] Ext name="Distributed Virtual Router" alias="dvr" description="Enables configuration of Distributed Virtual Routers." updated="2014-06-1T10:00:00-00:00" {{(pid=103042) _check_extension /opt/stack/neutron/neutron/api/extensions.py:415}}
May 14 01:00:00.111030 np0000173925 devstack@neutron-api.service[103043]: DEBUG neutron_lib.callbacks.manager [None req-0bd99aba-0a9a-404b-b2a5-1d28e7215462 None None] Subscribe: > router precommit_delete 55550100, False {{(pid=103043) subscribe /opt/stack/data/venv/lib/python3.12/site-packages/neutron_lib/callbacks/manager.py:52}}
May 14 01:00:00.111030 np0000173925 devstack@neutron-api.service[103043]: DEBUG neutron_lib.callbacks.manager [None req-0bd99aba-0a9a-404b-b2a5-1d28e7215462 None None] Subscribe: > router precommit_create 55550100, False {{(pid=103043) subscribe /opt/stack/data/venv/lib/python3.12/site-packages/neutron_lib/callbacks/manager.py:52}}
May 14 01:00:00.111278 np0000173925 devstack@neutron-api.service[103042]: INFO neutron.api.extensions [None req-1365b6b5-4ce5-4b13-bb17-e72ac0c2c730 None None] Extension dvr not supported by any of loaded plugins
May 14 01:00:00.111434 np0000173925 devstack@neutron-api.service[103043]: DEBUG neutron_lib.callbacks.manager [None req-0bd99aba-0a9a-404b-b2a5-1d28e7215462 None None] Subscribe: > router precommit_update 55550100, False {{(pid=103043) subscribe /opt/stack/data/venv/lib/python3.12/site-packages/neutron_lib/callbacks/manager.py:52}}
May 14 01:00:00.111547 np0000173925 devstack@neutron-api.service[103042]: DEBUG neutron.api.extensions [None req-1365b6b5-4ce5-4b13-bb17-e72ac0c2c730 None None] Loading extension file: ecmp_routes.py {{(pid=103042) _load_all_extensions_from_path /opt/stack/neutron/neutron/api/extensions.py:449}}
May 14 01:00:00.111547 np0000173925 devstack@neutron-api.service[103042]: DEBUG neutron.api.extensions [None req-1365b6b5-4ce5-4b13-bb17-e72ac0c2c730 None None] Ext name="Equal Cost Multipath Routing" alias="ecmp_routes" description="Allows traffic to reach thesame destination via multiple different links " updated="2020-11-26T18:00:00-00:00" {{(pid=103042) _check_extension /opt/stack/neutron/neutron/api/extensions.py:415}}
May 14 01:00:00.111547 np0000173925 devstack@neutron-api.service[103042]: INFO neutron.api.extensions [None req-1365b6b5-4ce5-4b13-bb17-e72ac0c2c730 None None] Extension ecmp_routes not supported by any of loaded plugins
May 14 01:00:00.111547 np0000173925 devstack@neutron-api.service[103042]: DEBUG neutron.api.extensions [None req-1365b6b5-4ce5-4b13-bb17-e72ac0c2c730 None None] Loading extension file: empty_string_filtering.py {{(pid=103042) _load_all_extensions_from_path /opt/stack/neutron/neutron/api/extensions.py:449}}
May 14 01:00:00.111547 np0000173925 devstack@neutron-api.service[103042]: DEBUG neutron.api.extensions [None req-1365b6b5-4ce5-4b13-bb17-e72ac0c2c730 None None] Ext name="Empty String Filtering Extension" alias="empty-string-filtering" description="Allow filtering by attributes with empty string value" updated="2018-05-01T10:00:00-00:00" {{(pid=103042) _check_extension /opt/stack/neutron/neutron/api/extensions.py:415}}
May 14 01:00:00.111949 np0000173925 devstack@neutron-api.service[103042]: INFO neutron.api.extensions [None req-1365b6b5-4ce5-4b13-bb17-e72ac0c2c730 None None] Loaded extension: empty-string-filtering
May 14 01:00:00.111949 np0000173925 devstack@neutron-api.service[103042]: DEBUG neutron.api.extensions [None req-1365b6b5-4ce5-4b13-bb17-e72ac0c2c730 None None] Loading extension file: expose_l3_conntrack_helper.py {{(pid=103042) _load_all_extensions_from_path /opt/stack/neutron/neutron/api/extensions.py:449}}
May 14 01:00:00.111949 np0000173925 devstack@neutron-api.service[103042]: DEBUG neutron.api.extensions [None req-1365b6b5-4ce5-4b13-bb17-e72ac0c2c730 None None] Ext name="Expose CT target rules for conntrack helper" alias="expose-l3-conntrack-helper" description="Expose allow adding CT target rules for conntrack helper" updated="2019-04-04T10:00:00-00:00" {{(pid=103042) _check_extension /opt/stack/neutron/neutron/api/extensions.py:415}}
May 14 01:00:00.112112 np0000173925 devstack@neutron-api.service[103042]: INFO neutron.api.extensions [None req-1365b6b5-4ce5-4b13-bb17-e72ac0c2c730 None None] Extension expose-l3-conntrack-helper not supported by any of loaded plugins
May 14 01:00:00.112112 np0000173925 devstack@neutron-api.service[103042]: DEBUG neutron.api.extensions [None req-1365b6b5-4ce5-4b13-bb17-e72ac0c2c730 None None] Loading extension file: expose_port_forwarding_in_fip.py {{(pid=103042) _load_all_extensions_from_path /opt/stack/neutron/neutron/api/extensions.py:449}}
May 14 01:00:00.112344 np0000173925 devstack@neutron-api.service[103042]: DEBUG neutron.api.extensions [None req-1365b6b5-4ce5-4b13-bb17-e72ac0c2c730 None None] Ext name="Expose Floating IP port forwardings" alias="expose-port-forwarding-in-fip" description="Expose port forwarding fields in floating IP response" updated="2018-06-28T16:00:00-00:00" {{(pid=103042) _check_extension /opt/stack/neutron/neutron/api/extensions.py:415}}
May 14 01:00:00.112506 np0000173925 devstack@neutron-api.service[103042]: INFO neutron.api.extensions [None req-1365b6b5-4ce5-4b13-bb17-e72ac0c2c730 None None] Extension expose-port-forwarding-in-fip not supported by any of loaded plugins
May 14 01:00:00.112674 np0000173925 devstack@neutron-api.service[103042]: DEBUG neutron.api.extensions [None req-1365b6b5-4ce5-4b13-bb17-e72ac0c2c730 None None] Loading extension file: external_net.py {{(pid=103042) _load_all_extensions_from_path /opt/stack/neutron/neutron/api/extensions.py:449}}
May 14 01:00:00.112812 np0000173925 devstack@neutron-api.service[103042]: DEBUG neutron.api.extensions [None req-1365b6b5-4ce5-4b13-bb17-e72ac0c2c730 None None] Ext name="Neutron external network" alias="external-net" description="Adds external network attribute to network resource." updated="2013-01-14T10:00:00-00:00" {{(pid=103042) _check_extension /opt/stack/neutron/neutron/api/extensions.py:415}}
May 14 01:00:00.112995 np0000173925 devstack@neutron-api.service[103042]: INFO neutron.api.extensions [None req-1365b6b5-4ce5-4b13-bb17-e72ac0c2c730 None None] Loaded extension: external-net
May 14 01:00:00.113117 np0000173925 devstack@neutron-api.service[103042]: DEBUG neutron.api.extensions [None req-1365b6b5-4ce5-4b13-bb17-e72ac0c2c730 None None] Loading extension file: extra_dhcp_opt.py {{(pid=103042) _load_all_extensions_from_path /opt/stack/neutron/neutron/api/extensions.py:449}}
May 14 01:00:00.113291 np0000173925 devstack@neutron-api.service[103042]: DEBUG neutron.api.extensions [None req-1365b6b5-4ce5-4b13-bb17-e72ac0c2c730 None None] Ext name="Neutron Extra DHCP options" alias="extra_dhcp_opt" description="Extra options configuration for DHCP. For example PXE boot options to DHCP clients can be specified (e.g. tftp-server, server-ip-address, bootfile-name)" updated="2013-03-17T12:00:00-00:00" {{(pid=103042) _check_extension /opt/stack/neutron/neutron/api/extensions.py:415}}
May 14 01:00:00.113448 np0000173925 devstack@neutron-api.service[103042]: INFO neutron.api.extensions [None req-1365b6b5-4ce5-4b13-bb17-e72ac0c2c730 None None] Loaded extension: extra_dhcp_opt
May 14 01:00:00.113611 np0000173925 devstack@neutron-api.service[103042]: DEBUG neutron.api.extensions [None req-1365b6b5-4ce5-4b13-bb17-e72ac0c2c730 None None] Loading extension file: extraroute.py {{(pid=103042) _load_all_extensions_from_path /opt/stack/neutron/neutron/api/extensions.py:449}}
May 14 01:00:00.113786 np0000173925 devstack@neutron-api.service[103042]: DEBUG neutron.api.extensions [None req-1365b6b5-4ce5-4b13-bb17-e72ac0c2c730 None None] Ext name="Neutron Extra Route" alias="extraroute" description="Extra routes configuration for L3 router" updated="2013-02-01T10:00:00-00:00" {{(pid=103042) _check_extension /opt/stack/neutron/neutron/api/extensions.py:415}}
May 14 01:00:00.113943 np0000173925 devstack@neutron-api.service[103043]: DEBUG neutron.services.provider_configuration [None req-0bd99aba-0a9a-404b-b2a5-1d28e7215462 None None] Service providers = [] {{(pid=103043) parse_service_provider_opt /opt/stack/neutron/neutron/services/provider_configuration.py:170}}
May 14 01:00:00.113978 np0000173925 devstack@neutron-api.service[103042]: INFO neutron.api.extensions [None req-1365b6b5-4ce5-4b13-bb17-e72ac0c2c730 None None] Loaded extension: extraroute
May 14 01:00:00.114027 np0000173925 devstack@neutron-api.service[103043]: DEBUG neutron.db.servicetype_db [None req-0bd99aba-0a9a-404b-b2a5-1d28e7215462 None None] Adding provider configuration for service L3_ROUTER_NAT {{(pid=103043) add_provider_configuration /opt/stack/neutron/neutron/db/servicetype_db.py:45}}
May 14 01:00:00.114051 np0000173925 devstack@neutron-api.service[103042]: DEBUG neutron.api.extensions [None req-1365b6b5-4ce5-4b13-bb17-e72ac0c2c730 None None] Loading extension file: extraroute_atomic.py {{(pid=103042) _load_all_extensions_from_path /opt/stack/neutron/neutron/api/extensions.py:449}}
May 14 01:00:00.114361 np0000173925 devstack@neutron-api.service[103042]: DEBUG neutron.api.extensions [None req-1365b6b5-4ce5-4b13-bb17-e72ac0c2c730 None None] Ext name="Atomically add/remove extra routes" alias="extraroute-atomic" description="Edit extra routes of a router on server side by atomically adding/removing extra routes" updated="2019-07-10T00:00:00+00:00" {{(pid=103042) _check_extension /opt/stack/neutron/neutron/api/extensions.py:415}}
May 14 01:00:00.114417 np0000173925 devstack@neutron-api.service[103042]: INFO neutron.api.extensions [None req-1365b6b5-4ce5-4b13-bb17-e72ac0c2c730 None None] Loaded extension: extraroute-atomic
May 14 01:00:00.114523 np0000173925 devstack@neutron-api.service[103042]: DEBUG neutron.api.extensions [None req-1365b6b5-4ce5-4b13-bb17-e72ac0c2c730 None None] Loading extension file: filter_validation.py {{(pid=103042) _load_all_extensions_from_path /opt/stack/neutron/neutron/api/extensions.py:449}}
May 14 01:00:00.114755 np0000173925 devstack@neutron-api.service[103042]: DEBUG neutron.api.extensions [None req-1365b6b5-4ce5-4b13-bb17-e72ac0c2c730 None None] Ext name="Filter parameters validation" alias="filter-validation" description="Provides validation on filter parameters." updated="2018-07-04T10:00:00-00:00" {{(pid=103042) _check_extension /opt/stack/neutron/neutron/api/extensions.py:415}}
May 14 01:00:00.114914 np0000173925 devstack@neutron-api.service[103042]: INFO neutron.api.extensions [None req-1365b6b5-4ce5-4b13-bb17-e72ac0c2c730 None None] Loaded extension: filter-validation
May 14 01:00:00.115006 np0000173925 devstack@neutron-api.service[103042]: DEBUG neutron.api.extensions [None req-1365b6b5-4ce5-4b13-bb17-e72ac0c2c730 None None] Loading extension file: fip_pf_description.py {{(pid=103042) _load_all_extensions_from_path /opt/stack/neutron/neutron/api/extensions.py:449}}
May 14 01:00:00.115226 np0000173925 devstack@neutron-api.service[103042]: DEBUG neutron.api.extensions [None req-1365b6b5-4ce5-4b13-bb17-e72ac0c2c730 None None] Ext name="Floating IP Port Forwarding new attribute description" alias="floating-ip-port-forwarding-description" description="Add a description field to Port Forwarding rules" updated="2019-11-01T10:00:00-00:00" {{(pid=103042) _check_extension /opt/stack/neutron/neutron/api/extensions.py:415}}
May 14 01:00:00.115296 np0000173925 devstack@neutron-api.service[103043]: DEBUG neutron_lib.callbacks.manager [None req-0bd99aba-0a9a-404b-b2a5-1d28e7215462 None None] Subscribe: > router precommit_create 55549900, False {{(pid=103043) subscribe /opt/stack/data/venv/lib/python3.12/site-packages/neutron_lib/callbacks/manager.py:52}}
May 14 01:00:00.115412 np0000173925 devstack@neutron-api.service[103043]: DEBUG neutron_lib.callbacks.manager [None req-0bd99aba-0a9a-404b-b2a5-1d28e7215462 None None] Subscribe: > router_interface after_create 55550000, False {{(pid=103043) subscribe /opt/stack/data/venv/lib/python3.12/site-packages/neutron_lib/callbacks/manager.py:52}}
May 14 01:00:00.115470 np0000173925 devstack@neutron-api.service[103042]: INFO neutron.api.extensions [None req-1365b6b5-4ce5-4b13-bb17-e72ac0c2c730 None None] Extension floating-ip-port-forwarding-description not supported by any of loaded plugins
May 14 01:00:00.115470 np0000173925 devstack@neutron-api.service[103042]: DEBUG neutron.api.extensions [None req-1365b6b5-4ce5-4b13-bb17-e72ac0c2c730 None None] Loading extension file: fip_pf_detail.py {{(pid=103042) _load_all_extensions_from_path /opt/stack/neutron/neutron/api/extensions.py:449}}
May 14 01:00:00.115673 np0000173925 devstack@neutron-api.service[103043]: DEBUG neutron_lib.callbacks.manager [None req-0bd99aba-0a9a-404b-b2a5-1d28e7215462 None None] Subscribe: > floatingip after_create 55550000, False {{(pid=103043) subscribe /opt/stack/data/venv/lib/python3.12/site-packages/neutron_lib/callbacks/manager.py:52}}
May 14 01:00:00.115673 np0000173925 devstack@neutron-api.service[103043]: DEBUG neutron_lib.callbacks.manager [None req-0bd99aba-0a9a-404b-b2a5-1d28e7215462 None None] Subscribe: > floatingip precommit_create 55550000, False {{(pid=103043) subscribe /opt/stack/data/venv/lib/python3.12/site-packages/neutron_lib/callbacks/manager.py:52}}
May 14 01:00:00.115673 np0000173925 devstack@neutron-api.service[103043]: DEBUG neutron_lib.callbacks.manager [None req-0bd99aba-0a9a-404b-b2a5-1d28e7215462 None None] Subscribe: > floatingip precommit_update 55550000, False {{(pid=103043) subscribe /opt/stack/data/venv/lib/python3.12/site-packages/neutron_lib/callbacks/manager.py:52}}
May 14 01:00:00.115792 np0000173925 devstack@neutron-api.service[103042]: DEBUG neutron.api.extensions [None req-1365b6b5-4ce5-4b13-bb17-e72ac0c2c730 None None] Ext name="Floating IP port forwarding detail" alias="floating-ip-port-forwarding-detail" description="Allow list floating ip return more port forwarding data, include'id' and 'internal_port_id'" updated="2022-05-06T10:00:00-00:00" {{(pid=103042) _check_extension /opt/stack/neutron/neutron/api/extensions.py:415}}
May 14 01:00:00.115823 np0000173925 devstack@neutron-api.service[103043]: DEBUG neutron_lib.callbacks.manager [None req-0bd99aba-0a9a-404b-b2a5-1d28e7215462 None None] Subscribe: > floatingip after_delete 55550000, False {{(pid=103043) subscribe /opt/stack/data/venv/lib/python3.12/site-packages/neutron_lib/callbacks/manager.py:52}}
