May 14 01:00:00.115885 np0000173925 devstack@neutron-api.service[103042]: INFO neutron.api.extensions [None req-1365b6b5-4ce5-4b13-bb17-e72ac0c2c730 None None] Loaded extension: floating-ip-port-forwarding-detail
May 14 01:00:00.115909 np0000173925 devstack@neutron-api.service[103043]: DEBUG neutron_lib.callbacks.manager [None req-0bd99aba-0a9a-404b-b2a5-1d28e7215462 None None] Subscribe: > floatingip after_status_update 55550000, False {{(pid=103043) subscribe /opt/stack/data/venv/lib/python3.12/site-packages/neutron_lib/callbacks/manager.py:52}}
May 14 01:00:00.115935 np0000173925 devstack@neutron-api.service[103042]: DEBUG neutron.api.extensions [None req-1365b6b5-4ce5-4b13-bb17-e72ac0c2c730 None None] Loading extension file: fip_pf_port_range.py {{(pid=103042) _load_all_extensions_from_path /opt/stack/neutron/neutron/api/extensions.py:449}}
May 14 01:00:00.115992 np0000173925 devstack@neutron-api.service[103043]: DEBUG neutron_lib.callbacks.manager [None req-0bd99aba-0a9a-404b-b2a5-1d28e7215462 None None] Subscribe: > floatingip after_update 55550000, False {{(pid=103043) subscribe /opt/stack/data/venv/lib/python3.12/site-packages/neutron_lib/callbacks/manager.py:52}}
May 14 01:00:00.116255 np0000173925 devstack@neutron-api.service[103043]: DEBUG neutron_lib.callbacks.manager [None req-0bd99aba-0a9a-404b-b2a5-1d28e7215462 None None] Subscribe: > port_forwarding after_create 55550000, False {{(pid=103043) subscribe /opt/stack/data/venv/lib/python3.12/site-packages/neutron_lib/callbacks/manager.py:52}}
May 14 01:00:00.116413 np0000173925 devstack@neutron-api.service[103042]: DEBUG neutron.api.extensions [None req-1365b6b5-4ce5-4b13-bb17-e72ac0c2c730 None None] Ext name="Floating IP Port Forwarding support port ranges" alias="floating-ip-port-forwarding-port-ranges" description="Add support to port ranges" updated="2020-07-01T10:00:00-00:00" {{(pid=103042) _check_extension /opt/stack/neutron/neutron/api/extensions.py:415}}
May 14 01:00:00.116533 np0000173925 devstack@neutron-api.service[103043]: DEBUG neutron_lib.callbacks.manager [None req-0bd99aba-0a9a-404b-b2a5-1d28e7215462 None None] Subscribe: > router_interface after_delete 55550000, False {{(pid=103043) subscribe /opt/stack/data/venv/lib/python3.12/site-packages/neutron_lib/callbacks/manager.py:52}}
May 14 01:00:00.116533 np0000173925 devstack@neutron-api.service[103043]: DEBUG neutron_lib.callbacks.manager [None req-0bd99aba-0a9a-404b-b2a5-1d28e7215462 None None] Subscribe: > router after_create 55550000, False {{(pid=103043) subscribe /opt/stack/data/venv/lib/python3.12/site-packages/neutron_lib/callbacks/manager.py:52}}
May 14 01:00:00.116745 np0000173925 devstack@neutron-api.service[103042]: INFO neutron.api.extensions [None req-1365b6b5-4ce5-4b13-bb17-e72ac0c2c730 None None] Extension floating-ip-port-forwarding-port-ranges not supported by any of loaded plugins
May 14 01:00:00.116932 np0000173925 devstack@neutron-api.service[103043]: DEBUG neutron_lib.callbacks.manager [None req-0bd99aba-0a9a-404b-b2a5-1d28e7215462 None None] Subscribe: > router precommit_create 55550000, False {{(pid=103043) subscribe /opt/stack/data/venv/lib/python3.12/site-packages/neutron_lib/callbacks/manager.py:52}}
May 14 01:00:00.117085 np0000173925 devstack@neutron-api.service[103042]: DEBUG neutron.api.extensions [None req-1365b6b5-4ce5-4b13-bb17-e72ac0c2c730 None None] Loading extension file: fip_port_details.py {{(pid=103042) _load_all_extensions_from_path /opt/stack/neutron/neutron/api/extensions.py:449}}
May 14 01:00:00.117242 np0000173925 devstack@neutron-api.service[103043]: DEBUG neutron_lib.callbacks.manager [None req-0bd99aba-0a9a-404b-b2a5-1d28e7215462 None None] Subscribe: > router after_delete 55550000, False {{(pid=103043) subscribe /opt/stack/data/venv/lib/python3.12/site-packages/neutron_lib/callbacks/manager.py:52}}
May 14 01:00:00.117242 np0000173925 devstack@neutron-api.service[103043]: DEBUG neutron_lib.callbacks.manager [None req-0bd99aba-0a9a-404b-b2a5-1d28e7215462 None None] Subscribe: > router after_update 55550000, False {{(pid=103043) subscribe /opt/stack/data/venv/lib/python3.12/site-packages/neutron_lib/callbacks/manager.py:52}}
May 14 01:00:00.117242 np0000173925 devstack@neutron-api.service[103043]: DEBUG neutron.services.service_base [None req-0bd99aba-0a9a-404b-b2a5-1d28e7215462 None None] Loaded 'neutron.services.ovn_l3.service_providers.ovn.OvnDriver' provider for service L3_ROUTER_NAT {{(pid=103043) load_drivers /opt/stack/neutron/neutron/services/service_base.py:49}}
May 14 01:00:00.117361 np0000173925 devstack@neutron-api.service[103042]: DEBUG neutron.api.extensions [None req-1365b6b5-4ce5-4b13-bb17-e72ac0c2c730 None None] Ext name="Floating IP Port Details Extension" alias="fip-port-details" description="Add port_details attribute to Floating IP resource" updated="2018-04-09T10:00:00-00:00" {{(pid=103042) _check_extension /opt/stack/neutron/neutron/api/extensions.py:415}}
May 14 01:00:00.117386 np0000173925 devstack@neutron-api.service[103043]: DEBUG neutron_lib.callbacks.manager [None req-0bd99aba-0a9a-404b-b2a5-1d28e7215462 None None] Subscribe: > process after_init 55550001, True {{(pid=103043) subscribe /opt/stack/data/venv/lib/python3.12/site-packages/neutron_lib/callbacks/manager.py:52}}
May 14 01:00:00.117443 np0000173925 devstack@neutron-api.service[103042]: INFO neutron.api.extensions [None req-1365b6b5-4ce5-4b13-bb17-e72ac0c2c730 None None] Loaded extension: fip-port-details
May 14 01:00:00.117472 np0000173925 devstack@neutron-api.service[103043]: DEBUG neutron.manager [None req-0bd99aba-0a9a-404b-b2a5-1d28e7215462 None None] Successfully loaded L3_ROUTER_NAT plugin. Description: L3 Router Service Plugin for basic L3 forwarding using OVN {{(pid=103043) _create_and_add_service_plugin /opt/stack/neutron/neutron/manager.py:239}}
May 14 01:00:00.117520 np0000173925 devstack@neutron-api.service[103042]: DEBUG neutron.api.extensions [None req-1365b6b5-4ce5-4b13-bb17-e72ac0c2c730 None None] Loading extension file: flavors.py {{(pid=103042) _load_all_extensions_from_path /opt/stack/neutron/neutron/api/extensions.py:449}}
May 14 01:00:00.117549 np0000173925 devstack@neutron-api.service[103043]: INFO neutron.manager [None req-0bd99aba-0a9a-404b-b2a5-1d28e7215462 None None] Loading Plugin: auto_allocate
May 14 01:00:00.117599 np0000173925 devstack@neutron-api.service[103042]: DEBUG neutron.api.extensions [None req-1365b6b5-4ce5-4b13-bb17-e72ac0c2c730 None None] Ext name="Neutron Service Flavors" alias="flavors" description="Flavor specification for Neutron advanced services." updated="2015-09-17T10:00:00-00:00" {{(pid=103042) _check_extension /opt/stack/neutron/neutron/api/extensions.py:415}}
May 14 01:00:00.117599 np0000173925 devstack@neutron-api.service[103042]: INFO neutron.api.extensions [None req-1365b6b5-4ce5-4b13-bb17-e72ac0c2c730 None None] Loaded extension: flavors
May 14 01:00:00.117599 np0000173925 devstack@neutron-api.service[103042]: DEBUG neutron.api.extensions [None req-1365b6b5-4ce5-4b13-bb17-e72ac0c2c730 None None] Loading extension file: floating_ip_port_forwarding.py {{(pid=103042) _load_all_extensions_from_path /opt/stack/neutron/neutron/api/extensions.py:449}}
May 14 01:00:00.117949 np0000173925 devstack@neutron-api.service[103042]: DEBUG neutron.api.extensions [None req-1365b6b5-4ce5-4b13-bb17-e72ac0c2c730 None None] Ext name="Floating IP Port Forwarding" alias="floating-ip-port-forwarding" description="Allow port forwarding from floating IP port to an internal port" updated="2018-01-19T10:00:00-00:00" {{(pid=103042) _check_extension /opt/stack/neutron/neutron/api/extensions.py:415}}
May 14 01:00:00.118063 np0000173925 devstack@neutron-api.service[103043]: DEBUG neutron_lib.callbacks.manager [None req-0bd99aba-0a9a-404b-b2a5-1d28e7215462 None None] Subscribe: network precommit_update 55550000, False {{(pid=103043) subscribe /opt/stack/data/venv/lib/python3.12/site-packages/neutron_lib/callbacks/manager.py:52}}
May 14 01:00:00.118254 np0000173925 devstack@neutron-api.service[103042]: INFO neutron.api.extensions [None req-1365b6b5-4ce5-4b13-bb17-e72ac0c2c730 None None] Extension floating-ip-port-forwarding not supported by any of loaded plugins
May 14 01:00:00.118364 np0000173925 devstack@neutron-api.service[103043]: DEBUG neutron_lib.callbacks.manager [None req-0bd99aba-0a9a-404b-b2a5-1d28e7215462 None None] Subscribe: network precommit_create 55550000, False {{(pid=103043) subscribe /opt/stack/data/venv/lib/python3.12/site-packages/neutron_lib/callbacks/manager.py:52}}
May 14 01:00:00.118567 np0000173925 devstack@neutron-api.service[103042]: DEBUG neutron.api.extensions [None req-1365b6b5-4ce5-4b13-bb17-e72ac0c2c730 None None] Loading extension file: floatingip_pools.py {{(pid=103042) _load_all_extensions_from_path /opt/stack/neutron/neutron/api/extensions.py:449}}
May 14 01:00:00.118736 np0000173925 devstack@neutron-api.service[103043]: DEBUG neutron.manager [None req-0bd99aba-0a9a-404b-b2a5-1d28e7215462 None None] Successfully loaded auto-allocated-topology plugin. Description: Auto Allocated Topology - aka get me a network. {{(pid=103043) _create_and_add_service_plugin /opt/stack/neutron/neutron/manager.py:239}}
May 14 01:00:00.118860 np0000173925 devstack@neutron-api.service[103042]: DEBUG neutron.api.extensions [None req-1365b6b5-4ce5-4b13-bb17-e72ac0c2c730 None None] Ext name="Floating IP Pools Extension" alias="floatingip-pools" description="Provides a floating IP pools API." updated="2018-03-21T10:00:00-00:00" {{(pid=103042) _check_extension /opt/stack/neutron/neutron/api/extensions.py:415}}
May 14 01:00:00.118924 np0000173925 devstack@neutron-api.service[103043]: INFO neutron.manager [None req-0bd99aba-0a9a-404b-b2a5-1d28e7215462 None None] Loading Plugin: tag
May 14 01:00:00.118980 np0000173925 devstack@neutron-api.service[103042]: INFO neutron.api.extensions [None req-1365b6b5-4ce5-4b13-bb17-e72ac0c2c730 None None] Loaded extension: floatingip-pools
May 14 01:00:00.118980 np0000173925 devstack@neutron-api.service[103042]: DEBUG neutron.api.extensions [None req-1365b6b5-4ce5-4b13-bb17-e72ac0c2c730 None None] Loading extension file: ip_allocation.py {{(pid=103042) _load_all_extensions_from_path /opt/stack/neutron/neutron/api/extensions.py:449}}
May 14 01:00:00.118980 np0000173925 devstack@neutron-api.service[103042]: DEBUG neutron.api.extensions [None req-1365b6b5-4ce5-4b13-bb17-e72ac0c2c730 None None] Ext name="IP Allocation" alias="ip_allocation" description="IP allocation extension." updated="2016-06-10T23:00:00-00:00" {{(pid=103042) _check_extension /opt/stack/neutron/neutron/api/extensions.py:415}}
May 14 01:00:00.118980 np0000173925 devstack@neutron-api.service[103042]: INFO neutron.api.extensions [None req-1365b6b5-4ce5-4b13-bb17-e72ac0c2c730 None None] Extension ip_allocation not supported by any of loaded plugins
May 14 01:00:00.119065 np0000173925 devstack@neutron-api.service[103042]: DEBUG neutron.api.extensions [None req-1365b6b5-4ce5-4b13-bb17-e72ac0c2c730 None None] Loading extension file: ip_substring_port_filtering.py {{(pid=103042) _load_all_extensions_from_path /opt/stack/neutron/neutron/api/extensions.py:449}}
May 14 01:00:00.119299 np0000173925 devstack@neutron-api.service[103042]: DEBUG neutron.api.extensions [None req-1365b6b5-4ce5-4b13-bb17-e72ac0c2c730 None None] Ext name="IP address substring filtering" alias="ip-substring-filtering" description="Provides IP address substring filtering when listing ports" updated="2017-11-28T09:00:00-00:00" {{(pid=103042) _check_extension /opt/stack/neutron/neutron/api/extensions.py:415}}
May 14 01:00:00.119481 np0000173925 devstack@neutron-api.service[103042]: INFO neutron.api.extensions [None req-1365b6b5-4ce5-4b13-bb17-e72ac0c2c730 None None] Extension ip-substring-filtering not supported by any of loaded plugins
May 14 01:00:00.119639 np0000173925 devstack@neutron-api.service[103042]: DEBUG neutron.api.extensions [None req-1365b6b5-4ce5-4b13-bb17-e72ac0c2c730 None None] Loading extension file: l2_adjacency.py {{(pid=103042) _load_all_extensions_from_path /opt/stack/neutron/neutron/api/extensions.py:449}}
May 14 01:00:00.119806 np0000173925 devstack@neutron-api.service[103042]: DEBUG neutron.api.extensions [None req-1365b6b5-4ce5-4b13-bb17-e72ac0c2c730 None None] Ext name="L2 Adjacency" alias="l2_adjacency" description="Display L2 Adjacency for Neutron Networks." updated="2016-04-12T16:00:00-00:00" {{(pid=103042) _check_extension /opt/stack/neutron/neutron/api/extensions.py:415}}
May 14 01:00:00.119954 np0000173925 devstack@neutron-api.service[103042]: INFO neutron.api.extensions [None req-1365b6b5-4ce5-4b13-bb17-e72ac0c2c730 None None] Extension l2_adjacency not supported by any of loaded plugins
May 14 01:00:00.120100 np0000173925 devstack@neutron-api.service[103042]: DEBUG neutron.api.extensions [None req-1365b6b5-4ce5-4b13-bb17-e72ac0c2c730 None None] Loading extension file: l3.py {{(pid=103042) _load_all_extensions_from_path /opt/stack/neutron/neutron/api/extensions.py:449}}
May 14 01:00:00.120432 np0000173925 devstack@neutron-api.service[103042]: DEBUG neutron.api.extensions [None req-1365b6b5-4ce5-4b13-bb17-e72ac0c2c730 None None] Ext name="Neutron L3 Router" alias="router" description="Router abstraction for basic L3 forwarding between L2 Neutron networks and access to external networks via a NAT gateway." updated="2012-07-20T10:00:00-00:00" {{(pid=103042) _check_extension /opt/stack/neutron/neutron/api/extensions.py:415}}
May 14 01:00:00.120599 np0000173925 devstack@neutron-api.service[103042]: INFO neutron.api.extensions [None req-1365b6b5-4ce5-4b13-bb17-e72ac0c2c730 None None] Loaded extension: router
May 14 01:00:00.120780 np0000173925 devstack@neutron-api.service[103042]: DEBUG neutron.api.extensions [None req-1365b6b5-4ce5-4b13-bb17-e72ac0c2c730 None None] Loading extension file: l3_conntrack_helper.py {{(pid=103042) _load_all_extensions_from_path /opt/stack/neutron/neutron/api/extensions.py:449}}
May 14 01:00:00.121114 np0000173925 devstack@neutron-api.service[103043]: DEBUG neutron.manager [None req-0bd99aba-0a9a-404b-b2a5-1d28e7215462 None None] Successfully loaded TAG plugin. Description: Tag support {{(pid=103043) _create_and_add_service_plugin /opt/stack/neutron/neutron/manager.py:239}}
May 14 01:00:00.121254 np0000173925 devstack@neutron-api.service[103043]: INFO neutron.manager [None req-0bd99aba-0a9a-404b-b2a5-1d28e7215462 None None] Loading Plugin: timestamp
May 14 01:00:00.121408 np0000173925 devstack@neutron-api.service[103042]: DEBUG neutron.api.extensions [None req-1365b6b5-4ce5-4b13-bb17-e72ac0c2c730 None None] Ext name="L3 Conntrack helper" alias="l3-conntrack-helper" description="Allow adding CT target rules for conntrack helper" updated="2019-04-04T10:00:00-00:00" {{(pid=103042) _check_extension /opt/stack/neutron/neutron/api/extensions.py:415}}
May 14 01:00:00.121460 np0000173925 devstack@neutron-api.service[103042]: INFO neutron.api.extensions [None req-1365b6b5-4ce5-4b13-bb17-e72ac0c2c730 None None] Extension l3-conntrack-helper not supported by any of loaded plugins
May 14 01:00:00.121515 np0000173925 devstack@neutron-api.service[103042]: DEBUG neutron.api.extensions [None req-1365b6b5-4ce5-4b13-bb17-e72ac0c2c730 None None] Loading extension file: l3_enable_default_route_bfd.py {{(pid=103042) _load_all_extensions_from_path /opt/stack/neutron/neutron/api/extensions.py:449}}
May 14 01:00:00.122004 np0000173925 devstack@neutron-api.service[103042]: DEBUG neutron.api.extensions [None req-1365b6b5-4ce5-4b13-bb17-e72ac0c2c730 None None] Ext name="Enable Default Route BFD" alias="enable-default-route-bfd" description="Enables configurable BFD behavior for default routes" updated="2023-02-27T00:00:00-00:00" {{(pid=103042) _check_extension /opt/stack/neutron/neutron/api/extensions.py:415}}
May 14 01:00:00.122004 np0000173925 devstack@neutron-api.service[103042]: INFO neutron.api.extensions [None req-1365b6b5-4ce5-4b13-bb17-e72ac0c2c730 None None] Loaded extension: enable-default-route-bfd
May 14 01:00:00.122004 np0000173925 devstack@neutron-api.service[103042]: DEBUG neutron.api.extensions [None req-1365b6b5-4ce5-4b13-bb17-e72ac0c2c730 None None] Loading extension file: l3_enable_default_route_ecmp.py {{(pid=103042) _load_all_extensions_from_path /opt/stack/neutron/neutron/api/extensions.py:449}}
May 14 01:00:00.122783 np0000173925 devstack@neutron-api.service[103042]: DEBUG neutron.api.extensions [None req-1365b6b5-4ce5-4b13-bb17-e72ac0c2c730 None None] Ext name="Enable Default Route ECMP" alias="enable-default-route-ecmp" description="Enables configurable ECMP behavior for default routes" updated="2023-02-27T00:00:00-00:00" {{(pid=103042) _check_extension /opt/stack/neutron/neutron/api/extensions.py:415}}
May 14 01:00:00.122964 np0000173925 devstack@neutron-api.service[103043]: DEBUG neutron.manager [None req-0bd99aba-0a9a-404b-b2a5-1d28e7215462 None None] Successfully loaded timestamp plugin. Description: Adds timestamps to Neutron resources with standard attributes {{(pid=103043) _create_and_add_service_plugin /opt/stack/neutron/neutron/manager.py:239}}
May 14 01:00:00.123014 np0000173925 devstack@neutron-api.service[103042]: INFO neutron.api.extensions [None req-1365b6b5-4ce5-4b13-bb17-e72ac0c2c730 None None] Loaded extension: enable-default-route-ecmp
May 14 01:00:00.123066 np0000173925 devstack@neutron-api.service[103043]: INFO neutron.manager [None req-0bd99aba-0a9a-404b-b2a5-1d28e7215462 None None] Loading Plugin: network_ip_availability
May 14 01:00:00.123090 np0000173925 devstack@neutron-api.service[103042]: DEBUG neutron.api.extensions [None req-1365b6b5-4ce5-4b13-bb17-e72ac0c2c730 None None] Loading extension file: l3_ext_gw_mode.py {{(pid=103042) _load_all_extensions_from_path /opt/stack/neutron/neutron/api/extensions.py:449}}
May 14 01:00:00.123090 np0000173925 devstack@neutron-api.service[103042]: DEBUG neutron.api.extensions [None req-1365b6b5-4ce5-4b13-bb17-e72ac0c2c730 None None] Ext name="Neutron L3 Configurable external gateway mode" alias="ext-gw-mode" description="Extension of the router abstraction for specifying whether SNAT should occur on the external gateway" updated="2013-03-28T10:00:00-00:00" {{(pid=103042) _check_extension /opt/stack/neutron/neutron/api/extensions.py:415}}
May 14 01:00:00.123090 np0000173925 devstack@neutron-api.service[103042]: INFO neutron.api.extensions [None req-1365b6b5-4ce5-4b13-bb17-e72ac0c2c730 None None] Loaded extension: ext-gw-mode
May 14 01:00:00.123090 np0000173925 devstack@neutron-api.service[103042]: DEBUG neutron.api.extensions [None req-1365b6b5-4ce5-4b13-bb17-e72ac0c2c730 None None] Loading extension file: l3_ext_ha_mode.py {{(pid=103042) _load_all_extensions_from_path /opt/stack/neutron/neutron/api/extensions.py:449}}
May 14 01:00:00.123217 np0000173925 devstack@neutron-api.service[103042]: DEBUG neutron.api.extensions [None req-1365b6b5-4ce5-4b13-bb17-e72ac0c2c730 None None] Ext name="HA Router extension" alias="l3-ha" description="Adds HA capability to routers." updated="2014-04-26T00:00:00-00:00" {{(pid=103042) _check_extension /opt/stack/neutron/neutron/api/extensions.py:415}}
May 14 01:00:00.123859 np0000173925 devstack@neutron-api.service[103042]: INFO neutron.api.extensions [None req-1365b6b5-4ce5-4b13-bb17-e72ac0c2c730 None None] Loaded extension: l3-ha
May 14 01:00:00.123859 np0000173925 devstack@neutron-api.service[103042]: DEBUG neutron.api.extensions [None req-1365b6b5-4ce5-4b13-bb17-e72ac0c2c730 None None] Loading extension file: l3_ext_ndp_proxy.py {{(pid=103042) _load_all_extensions_from_path /opt/stack/neutron/neutron/api/extensions.py:449}}
May 14 01:00:00.123859 np0000173925 devstack@neutron-api.service[103042]: DEBUG neutron.api.extensions [None req-1365b6b5-4ce5-4b13-bb17-e72ac0c2c730 None None] Ext name="Router support to enable NDP proxy" alias="l3-ext-ndp-proxy" description="Router extension to enable ndp proxy" updated="2020-08-25T00:00:00-00:00" {{(pid=103042) _check_extension /opt/stack/neutron/neutron/api/extensions.py:415}}
May 14 01:00:00.123859 np0000173925 devstack@neutron-api.service[103042]: INFO neutron.api.extensions [None req-1365b6b5-4ce5-4b13-bb17-e72ac0c2c730 None None] Extension l3-ext-ndp-proxy not supported by any of loaded plugins
May 14 01:00:00.124880 np0000173925 devstack@neutron-api.service[103043]: DEBUG neutron.manager [None req-0bd99aba-0a9a-404b-b2a5-1d28e7215462 None None] Successfully loaded network-ip-availability plugin. Description: Provides IP availability data for each network and subnet. {{(pid=103043) _create_and_add_service_plugin /opt/stack/neutron/neutron/manager.py:239}}
May 14 01:00:00.125232 np0000173925 devstack@neutron-api.service[103042]: DEBUG neutron.api.extensions [None req-1365b6b5-4ce5-4b13-bb17-e72ac0c2c730 None None] Loading extension file: l3_extra_gws.py {{(pid=103042) _load_all_extensions_from_path /opt/stack/neutron/neutron/api/extensions.py:449}}
May 14 01:00:00.125426 np0000173925 devstack@neutron-api.service[103043]: INFO neutron.manager [None req-0bd99aba-0a9a-404b-b2a5-1d28e7215462 None None] Loading Plugin: flavors
May 14 01:00:00.125502 np0000173925 devstack@neutron-api.service[103042]: DEBUG neutron.api.extensions [None req-1365b6b5-4ce5-4b13-bb17-e72ac0c2c730 None None] Ext name="Neutron L3 External Gateway Multihoming" alias="external-gateway-multihoming" description="Allow multiple external gateway ports per router" updated="2023-01-18T00:00:00-00:00" {{(pid=103042) _check_extension /opt/stack/neutron/neutron/api/extensions.py:415}}
May 14 01:00:00.125502 np0000173925 devstack@neutron-api.service[103042]: INFO neutron.api.extensions [None req-1365b6b5-4ce5-4b13-bb17-e72ac0c2c730 None None] Loaded extension: external-gateway-multihoming
May 14 01:00:00.125502 np0000173925 devstack@neutron-api.service[103042]: DEBUG neutron.api.extensions [None req-1365b6b5-4ce5-4b13-bb17-e72ac0c2c730 None None] Loading extension file: l3_flavors.py {{(pid=103042) _load_all_extensions_from_path /opt/stack/neutron/neutron/api/extensions.py:449}}
May 14 01:00:00.125502 np0000173925 devstack@neutron-api.service[103042]: DEBUG neutron.api.extensions [None req-1365b6b5-4ce5-4b13-bb17-e72ac0c2c730 None None] Ext name="Router Flavor Extension" alias="l3-flavors" description="Flavor support for routers." updated="2016-05-17T00:00:00-00:00" {{(pid=103042) _check_extension /opt/stack/neutron/neutron/api/extensions.py:415}}
May 14 01:00:00.125502 np0000173925 devstack@neutron-api.service[103042]: INFO neutron.api.extensions [None req-1365b6b5-4ce5-4b13-bb17-e72ac0c2c730 None None] Loaded extension: l3-flavors
May 14 01:00:00.125502 np0000173925 devstack@neutron-api.service[103042]: DEBUG neutron.api.extensions [None req-1365b6b5-4ce5-4b13-bb17-e72ac0c2c730 None None] Loading extension file: l3_ndp_proxy.py {{(pid=103042) _load_all_extensions_from_path /opt/stack/neutron/neutron/api/extensions.py:449}}
May 14 01:00:00.125679 np0000173925 devstack@neutron-api.service[103043]: DEBUG neutron.manager [None req-0bd99aba-0a9a-404b-b2a5-1d28e7215462 None None] Successfully loaded FLAVORS plugin. Description: Neutron Flavors and Service Profiles manager plugin {{(pid=103043) _create_and_add_service_plugin /opt/stack/neutron/neutron/manager.py:239}}
May 14 01:00:00.125679 np0000173925 devstack@neutron-api.service[103043]: INFO neutron.manager [None req-0bd99aba-0a9a-404b-b2a5-1d28e7215462 None None] Loading Plugin: revisions
May 14 01:00:00.125760 np0000173925 devstack@neutron-api.service[103042]: DEBUG neutron.api.extensions [None req-1365b6b5-4ce5-4b13-bb17-e72ac0c2c730 None None] Ext name="name" alias="l3-ndp-proxy" description="description" updated="2021-06-29T10:00:00-00:00" {{(pid=103042) _check_extension /opt/stack/neutron/neutron/api/extensions.py:415}}
May 14 01:00:00.125760 np0000173925 devstack@neutron-api.service[103042]: INFO neutron.api.extensions [None req-1365b6b5-4ce5-4b13-bb17-e72ac0c2c730 None None] Extension l3-ndp-proxy not supported by any of loaded plugins
May 14 01:00:00.125760 np0000173925 devstack@neutron-api.service[103042]: DEBUG neutron.api.extensions [None req-1365b6b5-4ce5-4b13-bb17-e72ac0c2c730 None None] Loading extension file: l3_port_ip_change_not_allowed.py {{(pid=103042) _load_all_extensions_from_path /opt/stack/neutron/neutron/api/extensions.py:449}}
May 14 01:00:00.125760 np0000173925 devstack@neutron-api.service[103042]: DEBUG neutron.api.extensions [None req-1365b6b5-4ce5-4b13-bb17-e72ac0c2c730 None None] Ext name="Prevent L3 router ports IP address change extension" alias="l3-port-ip-change-not-allowed" description="Prevent change of IP address for some L3 router ports" updated="2018-10-09T10:00:00-00:00" {{(pid=103042) _check_extension /opt/stack/neutron/neutron/api/extensions.py:415}}
May 14 01:00:00.125760 np0000173925 devstack@neutron-api.service[103042]: INFO neutron.api.extensions [None req-1365b6b5-4ce5-4b13-bb17-e72ac0c2c730 None None] Extension l3-port-ip-change-not-allowed not supported by any of loaded plugins
May 14 01:00:00.125940 np0000173925 devstack@neutron-api.service[103042]: DEBUG neutron.api.extensions [None req-1365b6b5-4ce5-4b13-bb17-e72ac0c2c730 None None] Loading extension file: l3agentscheduler.py {{(pid=103042) _load_all_extensions_from_path /opt/stack/neutron/neutron/api/extensions.py:449}}
May 14 01:00:00.125990 np0000173925 devstack@neutron-api.service[103043]: DEBUG neutron.manager [None req-0bd99aba-0a9a-404b-b2a5-1d28e7215462 None None] Successfully loaded revision_plugin plugin. Description: Adds revision numbers to resources. {{(pid=103043) _create_and_add_service_plugin /opt/stack/neutron/neutron/manager.py:239}}
May 14 01:00:00.126024 np0000173925 devstack@neutron-api.service[103043]: DEBUG oslo_concurrency.lockutils [None req-0bd99aba-0a9a-404b-b2a5-1d28e7215462 None None] Lock "manager" "released" by "neutron.manager.NeutronManager._create_instance" :: held 4.504s {{(pid=103043) inner /opt/stack/data/venv/lib/python3.12/site-packages/oslo_concurrency/lockutils.py:538}}
May 14 01:00:00.126259 np0000173925 devstack@neutron-api.service[103043]: DEBUG neutron.api.extensions [None req-0bd99aba-0a9a-404b-b2a5-1d28e7215462 None None] get_extension_paths = OrderedDict({'/opt/stack/neutron/neutron/extensions': 1}) {{(pid=103043) get_extensions_path /opt/stack/neutron/neutron/api/extensions.py:640}}
May 14 01:00:00.126360 np0000173925 devstack@neutron-api.service[103043]: INFO neutron.api.extensions [None req-0bd99aba-0a9a-404b-b2a5-1d28e7215462 None None] Initializing extension manager.
May 14 01:00:00.126384 np0000173925 devstack@neutron-api.service[103042]: DEBUG neutron.api.extensions [None req-1365b6b5-4ce5-4b13-bb17-e72ac0c2c730 None None] Ext name="L3 Agent Scheduler" alias="l3_agent_scheduler" description="Schedule routers among l3 agents" updated="2013-02-07T10:00:00-00:00" {{(pid=103042) _check_extension /opt/stack/neutron/neutron/api/extensions.py:415}}
May 14 01:00:00.126546 np0000173925 devstack@neutron-api.service[103042]: INFO neutron.api.extensions [None req-1365b6b5-4ce5-4b13-bb17-e72ac0c2c730 None None] Extension l3_agent_scheduler not supported by any of loaded plugins
May 14 01:00:00.126606 np0000173925 devstack@neutron-api.service[103043]: DEBUG neutron.api.extensions [None req-0bd99aba-0a9a-404b-b2a5-1d28e7215462 None None] Loading extension file: __init__.py {{(pid=103043) _load_all_extensions_from_path /opt/stack/neutron/neutron/api/extensions.py:449}}
May 14 01:00:00.126630 np0000173925 devstack@neutron-api.service[103042]: DEBUG neutron.api.extensions [None req-1365b6b5-4ce5-4b13-bb17-e72ac0c2c730 None None] Loading extension file: local_ip.py {{(pid=103042) _load_all_extensions_from_path /opt/stack/neutron/neutron/api/extensions.py:449}}
May 14 01:00:00.126703 np0000173925 devstack@neutron-api.service[103043]: DEBUG neutron.api.extensions [None req-0bd99aba-0a9a-404b-b2a5-1d28e7215462 None None] Loading extension file: __pycache__ {{(pid=103043) _load_all_extensions_from_path /opt/stack/neutron/neutron/api/extensions.py:449}}
May 14 01:00:00.126799 np0000173925 devstack@neutron-api.service[103043]: DEBUG neutron.api.extensions [None req-0bd99aba-0a9a-404b-b2a5-1d28e7215462 None None] Loading extension file: address_group.py {{(pid=103043) _load_all_extensions_from_path /opt/stack/neutron/neutron/api/extensions.py:449}}
May 14 01:00:00.126956 np0000173925 devstack@neutron-api.service[103042]: DEBUG neutron.api.extensions [None req-1365b6b5-4ce5-4b13-bb17-e72ac0c2c730 None None] Ext name="Local IP" alias="local_ip" description="Support Node Local Virtual IP" updated="2021-07-26T10:00:00-00:00" {{(pid=103042) _check_extension /opt/stack/neutron/neutron/api/extensions.py:415}}
May 14 01:00:00.127122 np0000173925 devstack@neutron-api.service[103042]: INFO neutron.api.extensions [None req-1365b6b5-4ce5-4b13-bb17-e72ac0c2c730 None None] Extension local_ip not supported by any of loaded plugins
May 14 01:00:00.127147 np0000173925 devstack@neutron-api.service[103043]: DEBUG neutron.api.extensions [None req-0bd99aba-0a9a-404b-b2a5-1d28e7215462 None None] Ext name="Address group" alias="address-group" description="Support address group" updated="2020-07-15T10:00:00-00:00" {{(pid=103043) _check_extension /opt/stack/neutron/neutron/api/extensions.py:415}}
May 14 01:00:00.127930 np0000173925 devstack@neutron-api.service[103042]: DEBUG neutron.api.extensions [None req-1365b6b5-4ce5-4b13-bb17-e72ac0c2c730 None None] Loading extension file: logging.py {{(pid=103042) _load_all_extensions_from_path /opt/stack/neutron/neutron/api/extensions.py:449}}
May 14 01:00:00.128024 np0000173925 devstack@neutron-api.service[103043]: INFO neutron.api.extensions [None req-0bd99aba-0a9a-404b-b2a5-1d28e7215462 None None] Loaded extension: address-group
May 14 01:00:00.128024 np0000173925 devstack@neutron-api.service[103043]: DEBUG neutron.api.extensions [None req-0bd99aba-0a9a-404b-b2a5-1d28e7215462 None None] Loading extension file: address_scope.py {{(pid=103043) _load_all_extensions_from_path /opt/stack/neutron/neutron/api/extensions.py:449}}
May 14 01:00:00.128099 np0000173925 devstack@neutron-api.service[103042]: DEBUG neutron.api.extensions [None req-1365b6b5-4ce5-4b13-bb17-e72ac0c2c730 None None] Ext name="Logging API Extension" alias="logging" description="Provides a logging API for resources such as security group and firewall." updated="2017-01-01T10:00:00-00:00" {{(pid=103042) _check_extension /opt/stack/neutron/neutron/api/extensions.py:415}}
May 14 01:00:00.128099 np0000173925 devstack@neutron-api.service[103042]: INFO neutron.api.extensions [None req-1365b6b5-4ce5-4b13-bb17-e72ac0c2c730 None None] Extension logging not supported by any of loaded plugins
May 14 01:00:00.128099 np0000173925 devstack@neutron-api.service[103042]: DEBUG neutron.api.extensions [None req-1365b6b5-4ce5-4b13-bb17-e72ac0c2c730 None None] Loading extension file: metering.py {{(pid=103042) _load_all_extensions_from_path /opt/stack/neutron/neutron/api/extensions.py:449}}
May 14 01:00:00.128211 np0000173925 devstack@neutron-api.service[103043]: DEBUG neutron.api.extensions [None req-0bd99aba-0a9a-404b-b2a5-1d28e7215462 None None] Ext name="Address scope" alias="address-scope" description="Address scopes extension." updated="2015-07-26T10:00:00-00:00" {{(pid=103043) _check_extension /opt/stack/neutron/neutron/api/extensions.py:415}}
May 14 01:00:00.128211 np0000173925 devstack@neutron-api.service[103043]: INFO neutron.api.extensions [None req-0bd99aba-0a9a-404b-b2a5-1d28e7215462 None None] Loaded extension: address-scope
May 14 01:00:00.128258 np0000173925 devstack@neutron-api.service[103044]: INFO neutron.plugins.ml2.drivers.type_vlan [None req-61e52cff-6b53-4f01-b7bc-68d871cd5058 None None] VlanTypeDriver initialization complete
May 14 01:00:00.128584 np0000173925 devstack@neutron-api.service[103043]: DEBUG neutron.api.extensions [None req-0bd99aba-0a9a-404b-b2a5-1d28e7215462 None None] Loading extension file: admin_state_down_before_update.py {{(pid=103043) _load_all_extensions_from_path /opt/stack/neutron/neutron/api/extensions.py:449}}
May 14 01:00:00.128621 np0000173925 devstack@neutron-api.service[103044]: INFO neutron.plugins.ml2.managers [None req-61e52cff-6b53-4f01-b7bc-68d871cd5058 None None] Initializing extension driver 'port_security'
May 14 01:00:00.128645 np0000173925 devstack@neutron-api.service[103042]: DEBUG neutron.api.extensions [None req-1365b6b5-4ce5-4b13-bb17-e72ac0c2c730 None None] Ext name="Neutron Metering" alias="metering" description="Neutron Metering extension." updated="2013-06-12T10:00:00-00:00" {{(pid=103042) _check_extension /opt/stack/neutron/neutron/api/extensions.py:415}}
May 14 01:00:00.128670 np0000173925 devstack@neutron-api.service[103044]: INFO neutron.plugins.ml2.extensions.port_security [None req-61e52cff-6b53-4f01-b7bc-68d871cd5058 None None] PortSecurityExtensionDriver initialization complete
May 14 01:00:00.128700 np0000173925 devstack@neutron-api.service[103043]: DEBUG neutron.api.extensions [None req-0bd99aba-0a9a-404b-b2a5-1d28e7215462 None None] Ext name="Enforce Router's Admin State Down Before Update Extension" alias="router-admin-state-down-before-update" description="Ensure that the admin state of a router is DOWN (admin_state_up=False) before updating the distributed attribute" updated="2019-07-02T15:56:00" {{(pid=103043) _check_extension /opt/stack/neutron/neutron/api/extensions.py:415}}
May 14 01:00:00.128725 np0000173925 devstack@neutron-api.service[103042]: INFO neutron.api.extensions [None req-1365b6b5-4ce5-4b13-bb17-e72ac0c2c730 None None] Extension metering not supported by any of loaded plugins
May 14 01:00:00.128747 np0000173925 devstack@neutron-api.service[103044]: INFO neutron.plugins.ml2.managers [None req-61e52cff-6b53-4f01-b7bc-68d871cd5058 None None] Initializing extension driver 'qos'
May 14 01:00:00.128774 np0000173925 devstack@neutron-api.service[103043]: INFO neutron.api.extensions [None req-0bd99aba-0a9a-404b-b2a5-1d28e7215462 None None] Extension router-admin-state-down-before-update not supported by any of loaded plugins
May 14 01:00:00.128798 np0000173925 devstack@neutron-api.service[103042]: DEBUG neutron.api.extensions [None req-1365b6b5-4ce5-4b13-bb17-e72ac0c2c730 None None] Loading extension file: metering_source_and_destination_fields.py {{(pid=103042) _load_all_extensions_from_path /opt/stack/neutron/neutron/api/extensions.py:449}}
May 14 01:00:00.128821 np0000173925 devstack@neutron-api.service[103043]: DEBUG neutron.api.extensions [None req-0bd99aba-0a9a-404b-b2a5-1d28e7215462 None None] Loading extension file: agent.py {{(pid=103043) _load_all_extensions_from_path /opt/stack/neutron/neutron/api/extensions.py:449}}
May 14 01:00:00.128858 np0000173925 devstack@neutron-api.service[103044]: DEBUG neutron.plugins.ml2.extensions.qos [None req-61e52cff-6b53-4f01-b7bc-68d871cd5058 None None] QosExtensionDriver initialization complete {{(pid=103044) initialize /opt/stack/neutron/neutron/plugins/ml2/extensions/qos.py:31}}
May 14 01:00:00.128858 np0000173925 devstack@neutron-api.service[103044]: INFO neutron.plugins.ml2.managers [None req-61e52cff-6b53-4f01-b7bc-68d871cd5058 None None] Initializing mechanism driver 'ovn'
May 14 01:00:00.128900 np0000173925 devstack@neutron-api.service[103042]: DEBUG neutron.api.extensions [None req-1365b6b5-4ce5-4b13-bb17-e72ac0c2c730 None None] Ext name="Neutron Metering with source and destination filtering" alias="metering_source_and_destination_fields" description="Neutron Metering extension that enables the use of source and destination IP prefixes to create metering label rules." updated="2020-08-21T08:12:00-00:00" {{(pid=103042) _check_extension /opt/stack/neutron/neutron/api/extensions.py:415}}
May 14 01:00:00.128925 np0000173925 devstack@neutron-api.service[103044]: INFO neutron.plugins.ml2.drivers.ovn.mech_driver.mech_driver [None req-61e52cff-6b53-4f01-b7bc-68d871cd5058 None None] Starting OVNMechanismDriver
May 14 01:00:00.128949 np0000173925 devstack@neutron-api.service[103043]: DEBUG neutron.api.extensions [None req-0bd99aba-0a9a-404b-b2a5-1d28e7215462 None None] Ext name="agent" alias="agent" description="The agent management extension." updated="2013-02-03T10:00:00-00:00" {{(pid=103043) _check_extension /opt/stack/neutron/neutron/api/extensions.py:415}}
May 14 01:00:00.128980 np0000173925 devstack@neutron-api.service[103042]: INFO neutron.api.extensions [None req-1365b6b5-4ce5-4b13-bb17-e72ac0c2c730 None None] Extension metering_source_and_destination_fields not supported by any of loaded plugins
May 14 01:00:00.128980 np0000173925 devstack@neutron-api.service[103042]: DEBUG neutron.api.extensions [None req-1365b6b5-4ce5-4b13-bb17-e72ac0c2c730 None None] Loading extension file: multiprovidernet.py {{(pid=103042) _load_all_extensions_from_path /opt/stack/neutron/neutron/api/extensions.py:449}}
May 14 01:00:00.129022 np0000173925 devstack@neutron-api.service[103043]: INFO neutron.api.extensions [None req-0bd99aba-0a9a-404b-b2a5-1d28e7215462 None None] Loaded extension: agent
May 14 01:00:00.129046 np0000173925 devstack@neutron-api.service[103043]: DEBUG neutron.api.extensions [None req-0bd99aba-0a9a-404b-b2a5-1d28e7215462 None None] Loading extension file: agent_resources_synced.py {{(pid=103043) _load_all_extensions_from_path /opt/stack/neutron/neutron/api/extensions.py:449}}
May 14 01:00:00.129146 np0000173925 devstack@neutron-api.service[103042]: DEBUG neutron.api.extensions [None req-1365b6b5-4ce5-4b13-bb17-e72ac0c2c730 None None] Ext name="Multi Provider Network" alias="multi-provider" description="Expose mapping of virtual networks to multiple physical networks" updated="2013-06-27T10:00:00-00:00" {{(pid=103042) _check_extension /opt/stack/neutron/neutron/api/extensions.py:415}}
May 14 01:00:00.129295 np0000173925 devstack@neutron-api.service[103043]: DEBUG neutron.api.extensions [None req-0bd99aba-0a9a-404b-b2a5-1d28e7215462 None None] Ext name="Agent's Resource View Synced to Placement" alias="agent-resources-synced" description="Stores success/failure of last sync to Placement" updated="2018-12-19T00:00:00-00:00" {{(pid=103043) _check_extension /opt/stack/neutron/neutron/api/extensions.py:415}}
May 14 01:00:00.129355 np0000173925 devstack@neutron-api.service[103042]: INFO neutron.api.extensions [None req-1365b6b5-4ce5-4b13-bb17-e72ac0c2c730 None None] Loaded extension: multi-provider
May 14 01:00:00.129390 np0000173925 devstack@neutron-api.service[103042]: DEBUG neutron.api.extensions [None req-1365b6b5-4ce5-4b13-bb17-e72ac0c2c730 None None] Loading extension file: netmtu.py {{(pid=103042) _load_all_extensions_from_path /opt/stack/neutron/neutron/api/extensions.py:449}}
May 14 01:00:00.129502 np0000173925 devstack@neutron-api.service[103043]: INFO neutron.api.extensions [None req-0bd99aba-0a9a-404b-b2a5-1d28e7215462 None None] Extension agent-resources-synced not supported by any of loaded plugins
May 14 01:00:00.129596 np0000173925 devstack@neutron-api.service[103043]: DEBUG neutron.api.extensions [None req-0bd99aba-0a9a-404b-b2a5-1d28e7215462 None None] Loading extension file: agent_sort_key.py {{(pid=103043) _load_all_extensions_from_path /opt/stack/neutron/neutron/api/extensions.py:449}}
May 14 01:00:00.129622 np0000173925 devstack@neutron-api.service[103042]: DEBUG neutron.api.extensions [None req-1365b6b5-4ce5-4b13-bb17-e72ac0c2c730 None None] Ext name="Network MTU" alias="net-mtu" description="Provides MTU attribute for a network resource." updated="2015-03-25T10:00:00-00:00" {{(pid=103042) _check_extension /opt/stack/neutron/neutron/api/extensions.py:415}}
May 14 01:00:00.129767 np0000173925 devstack@neutron-api.service[103042]: INFO neutron.api.extensions [None req-1365b6b5-4ce5-4b13-bb17-e72ac0c2c730 None None] Loaded extension: net-mtu
May 14 01:00:00.129824 np0000173925 devstack@neutron-api.service[103043]: DEBUG neutron.api.extensions [None req-0bd99aba-0a9a-404b-b2a5-1d28e7215462 None None] Ext name="Agents Sort Key" alias="agent_sort_key" description="Enabling the keyword sort_key for sorting in agents." updated="2013-02-03T10:00:00-00:00" {{(pid=103043) _check_extension /opt/stack/neutron/neutron/api/extensions.py:415}}
May 14 01:00:00.129870 np0000173925 devstack@neutron-api.service[103042]: DEBUG neutron.api.extensions [None req-1365b6b5-4ce5-4b13-bb17-e72ac0c2c730 None None] Loading extension file: netmtu_writable.py {{(pid=103042) _load_all_extensions_from_path /opt/stack/neutron/neutron/api/extensions.py:449}}
May 14 01:00:00.130016 np0000173925 devstack@neutron-api.service[103043]: INFO neutron.api.extensions [None req-0bd99aba-0a9a-404b-b2a5-1d28e7215462 None None] Extension agent_sort_key not supported by any of loaded plugins
May 14 01:00:00.130103 np0000173925 devstack@neutron-api.service[103042]: DEBUG neutron.api.extensions [None req-1365b6b5-4ce5-4b13-bb17-e72ac0c2c730 None None] Ext name="Network MTU (writable)" alias="net-mtu-writable" description="Provides a writable MTU attribute for a network resource." updated="2017-07-12T00:00:00-00:00" {{(pid=103042) _check_extension /opt/stack/neutron/neutron/api/extensions.py:415}}
May 14 01:00:00.130200 np0000173925 devstack@neutron-api.service[103043]: DEBUG neutron.api.extensions [None req-0bd99aba-0a9a-404b-b2a5-1d28e7215462 None None] Loading extension file: allowedaddresspairs.py {{(pid=103043) _load_all_extensions_from_path /opt/stack/neutron/neutron/api/extensions.py:449}}
May 14 01:00:00.130272 np0000173925 devstack@neutron-api.service[103042]: INFO neutron.api.extensions [None req-1365b6b5-4ce5-4b13-bb17-e72ac0c2c730 None None] Loaded extension: net-mtu-writable
May 14 01:00:00.130354 np0000173925 devstack@neutron-api.service[103042]: DEBUG neutron.api.extensions [None req-1365b6b5-4ce5-4b13-bb17-e72ac0c2c730 None None] Loading extension file: network_availability_zone.py {{(pid=103042) _load_all_extensions_from_path /opt/stack/neutron/neutron/api/extensions.py:449}}
May 14 01:00:00.130600 np0000173925 devstack@neutron-api.service[103042]: DEBUG neutron.api.extensions [None req-1365b6b5-4ce5-4b13-bb17-e72ac0c2c730 None None] Ext name="Network Availability Zone" alias="network_availability_zone" description="Availability zone support for network." updated="2015-01-01T10:00:00-00:00" {{(pid=103042) _check_extension /opt/stack/neutron/neutron/api/extensions.py:415}}
May 14 01:00:00.130769 np0000173925 devstack@neutron-api.service[103042]: INFO neutron.api.extensions [None req-1365b6b5-4ce5-4b13-bb17-e72ac0c2c730 None None] Loaded extension: network_availability_zone
May 14 01:00:00.130806 np0000173925 devstack@neutron-api.service[103043]: DEBUG neutron.api.extensions [None req-0bd99aba-0a9a-404b-b2a5-1d28e7215462 None None] Ext name="Allowed Address Pairs" alias="allowed-address-pairs" description="Provides allowed address pairs" updated="2013-07-23T10:00:00-00:00" {{(pid=103043) _check_extension /opt/stack/neutron/neutron/api/extensions.py:415}}
May 14 01:00:00.130903 np0000173925 devstack@neutron-api.service[103042]: DEBUG neutron.api.extensions [None req-1365b6b5-4ce5-4b13-bb17-e72ac0c2c730 None None] Loading extension file: network_ha.py {{(pid=103042) _load_all_extensions_from_path /opt/stack/neutron/neutron/api/extensions.py:449}}
May 14 01:00:00.130937 np0000173925 devstack@neutron-api.service[103044]: DEBUG neutron_lib.callbacks.manager [None req-61e52cff-6b53-4f01-b7bc-68d871cd5058 None None] Subscribe: > process before_spawn 55550000, False {{(pid=103044) subscribe /opt/stack/data/venv/lib/python3.12/site-packages/neutron_lib/callbacks/manager.py:52}}
May 14 01:00:00.131039 np0000173925 devstack@neutron-api.service[103043]: INFO neutron.api.extensions [None req-0bd99aba-0a9a-404b-b2a5-1d28e7215462 None None] Loaded extension: allowed-address-pairs
May 14 01:00:00.131068 np0000173925 devstack@neutron-api.service[103043]: DEBUG neutron.api.extensions [None req-0bd99aba-0a9a-404b-b2a5-1d28e7215462 None None] Loading extension file: auto_allocated_topology.py {{(pid=103043) _load_all_extensions_from_path /opt/stack/neutron/neutron/api/extensions.py:449}}
May 14 01:00:00.131096 np0000173925 devstack@neutron-api.service[103044]: DEBUG neutron_lib.callbacks.manager [None req-61e52cff-6b53-4f01-b7bc-68d871cd5058 None None] Subscribe: > process after_init 55550000, True {{(pid=103044) subscribe /opt/stack/data/venv/lib/python3.12/site-packages/neutron_lib/callbacks/manager.py:52}}
May 14 01:00:00.131123 np0000173925 devstack@neutron-api.service[103042]: DEBUG neutron.api.extensions [None req-1365b6b5-4ce5-4b13-bb17-e72ac0c2c730 None None] Ext name="Network HA creation flag" alias="network_ha" description="Network high availability creation flag." updated="2023-04-27T10:00:00-00:00" {{(pid=103042) _check_extension /opt/stack/neutron/neutron/api/extensions.py:415}}
May 14 01:00:00.131234 np0000173925 devstack@neutron-api.service[103044]: DEBUG neutron_lib.callbacks.manager [None req-61e52cff-6b53-4f01-b7bc-68d871cd5058 None None] Subscribe: > segment after_create 55550000, False {{(pid=103044) subscribe /opt/stack/data/venv/lib/python3.12/site-packages/neutron_lib/callbacks/manager.py:52}}
May 14 01:00:00.131264 np0000173925 devstack@neutron-api.service[103042]: INFO neutron.api.extensions [None req-1365b6b5-4ce5-4b13-bb17-e72ac0c2c730 None None] Extension network_ha not supported by any of loaded plugins
May 14 01:00:00.131302 np0000173925 devstack@neutron-api.service[103043]: DEBUG neutron.api.extensions [None req-0bd99aba-0a9a-404b-b2a5-1d28e7215462 None None] Ext name="Auto Allocated Topology Services" alias="auto-allocated-topology" description="Auto Allocated Topology Services." updated="2016-01-01T00:00:00-00:00" {{(pid=103043) _check_extension /opt/stack/neutron/neutron/api/extensions.py:415}}
May 14 01:00:00.131343 np0000173925 devstack@neutron-api.service[103042]: DEBUG neutron.api.extensions [None req-1365b6b5-4ce5-4b13-bb17-e72ac0c2c730 None None] Loading extension file: network_ip_availability.py {{(pid=103042) _load_all_extensions_from_path /opt/stack/neutron/neutron/api/extensions.py:449}}
May 14 01:00:00.131429 np0000173925 devstack@neutron-api.service[103044]: DEBUG neutron_lib.callbacks.manager [None req-61e52cff-6b53-4f01-b7bc-68d871cd5058 None None] Subscribe: > segment after_create 55550000, False {{(pid=103044) subscribe /opt/stack/data/venv/lib/python3.12/site-packages/neutron_lib/callbacks/manager.py:52}}
May 14 01:00:00.131462 np0000173925 devstack@neutron-api.service[103043]: INFO neutron.api.extensions [None req-0bd99aba-0a9a-404b-b2a5-1d28e7215462 None None] Loaded extension: auto-allocated-topology
May 14 01:00:00.131565 np0000173925 devstack@neutron-api.service[103044]: DEBUG neutron_lib.callbacks.manager [None req-61e52cff-6b53-4f01-b7bc-68d871cd5058 None None] Subscribe: > segment after_delete 55550000, False {{(pid=103044) subscribe /opt/stack/data/venv/lib/python3.12/site-packages/neutron_lib/callbacks/manager.py:52}}
May 14 01:00:00.131599 np0000173925 devstack@neutron-api.service[103043]: DEBUG neutron.api.extensions [None req-0bd99aba-0a9a-404b-b2a5-1d28e7215462 None None] Loading extension file: availability_zone.py {{(pid=103043) _load_all_extensions_from_path /opt/stack/neutron/neutron/api/extensions.py:449}}
May 14 01:00:00.131624 np0000173925 devstack@neutron-api.service[103042]: DEBUG neutron.api.extensions [None req-1365b6b5-4ce5-4b13-bb17-e72ac0c2c730 None None] Ext name="Network IP Availability" alias="network-ip-availability" description="Provides IP availability data for each network and subnet." updated="2015-09-24T00:00:00-00:00" {{(pid=103042) _check_extension /opt/stack/neutron/neutron/api/extensions.py:415}}
May 14 01:00:00.131738 np0000173925 devstack@neutron-api.service[103044]: DEBUG neutron_lib.callbacks.manager [None req-61e52cff-6b53-4f01-b7bc-68d871cd5058 None None] Subscribe: > allowed_address_pair before_create 55550000, False {{(pid=103044) subscribe /opt/stack/data/venv/lib/python3.12/site-packages/neutron_lib/callbacks/manager.py:52}}
May 14 01:00:00.131807 np0000173925 devstack@neutron-api.service[103042]: INFO neutron.api.extensions [None req-1365b6b5-4ce5-4b13-bb17-e72ac0c2c730 None None] Loaded extension: network-ip-availability
May 14 01:00:00.131807 np0000173925 devstack@neutron-api.service[103042]: DEBUG neutron.api.extensions [None req-1365b6b5-4ce5-4b13-bb17-e72ac0c2c730 None None] Loading extension file: network_ip_availability_details.py {{(pid=103042) _load_all_extensions_from_path /opt/stack/neutron/neutron/api/extensions.py:449}}
May 14 01:00:00.131892 np0000173925 devstack@neutron-api.service[103043]: DEBUG neutron.api.extensions [None req-0bd99aba-0a9a-404b-b2a5-1d28e7215462 None None] Ext name="Availability Zone" alias="availability_zone" description="The availability zone extension." updated="2015-01-01T10:00:00-00:00" {{(pid=103043) _check_extension /opt/stack/neutron/neutron/api/extensions.py:415}}
May 14 01:00:00.131921 np0000173925 devstack@neutron-api.service[103044]: DEBUG neutron_lib.callbacks.manager [None req-61e52cff-6b53-4f01-b7bc-68d871cd5058 None None] Subscribe: > security_group precommit_create 55550000, False {{(pid=103044) subscribe /opt/stack/data/venv/lib/python3.12/site-packages/neutron_lib/callbacks/manager.py:52}}
May 14 01:00:00.132006 np0000173925 devstack@neutron-api.service[103043]: INFO neutron.api.extensions [None req-0bd99aba-0a9a-404b-b2a5-1d28e7215462 None None] Loaded extension: availability_zone
May 14 01:00:00.132041 np0000173925 devstack@neutron-api.service[103044]: DEBUG neutron_lib.callbacks.manager [None req-61e52cff-6b53-4f01-b7bc-68d871cd5058 None None] Subscribe: > security_group after_update 55550000, False {{(pid=103044) subscribe /opt/stack/data/venv/lib/python3.12/site-packages/neutron_lib/callbacks/manager.py:52}}
