2026-07-01 01:58:24.899 9 INFO neutron.wsgi [req-8f74f19b-d74b-4a98-bbef-77508c46d197 req-b6aed3d9-4a8e-412e-b2e4-cb1aa1cb7cd2 bfdbc125d5fd42e79df01e0c334a08af 9b740d9fdd404603b1c940319baf4b57 - - a80c53bc475c4aaaad0fa931d560e4d6 a80c53bc475c4aaaad0fa931d560e4d6] 199.19.213.244 "GET /v2.0/floatingips?fixed_ip_address=10.100.0.13&port_id=9f0a4cf7-c944-40ff-b254-48e1fab4ec8b HTTP/1.1" status: 200 len: 217 time: 0.0333273
2026-07-01 01:58:24.931 9 INFO neutron.wsgi [req-8f74f19b-d74b-4a98-bbef-77508c46d197 req-98e98e04-efeb-48fd-af35-4c1c1a649400 bfdbc125d5fd42e79df01e0c334a08af 9b740d9fdd404603b1c940319baf4b57 - - a80c53bc475c4aaaad0fa931d560e4d6 a80c53bc475c4aaaad0fa931d560e4d6] 199.19.213.244 "GET /v2.0/subnets?id=a0864860-d12c-487a-ac08-2313513f1401 HTTP/1.1" status: 200 len: 862 time: 0.0273447
2026-07-01 01:58:24.968 9 INFO neutron.wsgi [req-8f74f19b-d74b-4a98-bbef-77508c46d197 req-fb3302ee-5537-4e46-8284-6d5ee7dc2de6 bfdbc125d5fd42e79df01e0c334a08af 9b740d9fdd404603b1c940319baf4b57 - - a80c53bc475c4aaaad0fa931d560e4d6 a80c53bc475c4aaaad0fa931d560e4d6] 199.19.213.244 "GET /v2.0/ports?network_id=5c06a936-4040-4899-b37c-fee88b1081c0&device_owner=network%3Adhcp HTTP/1.1" status: 200 len: 210 time: 0.0304532
2026-07-01 01:58:25.023 9 INFO neutron.wsgi [req-78ef13f1-8f24-4357-ba3c-7b2882dd380f req-6310386d-0fb0-4df8-9cf5-dc5b285a0f27 1d0d861d1e214323bd9b0eb47ae8a0da 1b1b8089d392497ab232f6e97f3af6e1 - - default default] 10.0.0.99 "GET /v2.0/ports?device_id=3c3c6632-4999-49c5-9ed7-509f570a0b4a HTTP/1.1" status: 200 len: 210 time: 0.0279863
2026-07-01 01:58:25.046 9 INFO neutron.wsgi [req-8f74f19b-d74b-4a98-bbef-77508c46d197 req-c774b48e-90ae-4d2e-99ea-93287a7d5561 bfdbc125d5fd42e79df01e0c334a08af 9b740d9fdd404603b1c940319baf4b57 - - a80c53bc475c4aaaad0fa931d560e4d6 a80c53bc475c4aaaad0fa931d560e4d6] 199.19.213.244 "GET /v2.0/networks/5c06a936-4040-4899-b37c-fee88b1081c0?fields=segments HTTP/1.1" status: 200 len: 212 time: 0.0715861
2026-07-01 01:58:25.151 9 INFO neutron.wsgi [req-8f74f19b-d74b-4a98-bbef-77508c46d197 req-f28d4051-6c7b-4e49-90d4-e01b74151a93 bfdbc125d5fd42e79df01e0c334a08af 9b740d9fdd404603b1c940319baf4b57 - - a80c53bc475c4aaaad0fa931d560e4d6 a80c53bc475c4aaaad0fa931d560e4d6] 199.19.213.244 "GET /v2.0/networks/5c06a936-4040-4899-b37c-fee88b1081c0?fields=provider%3Aphysical_network&fields=provider%3Anetwork_type HTTP/1.1" status: 200 len: 277 time: 0.1006336
2026-07-01 01:58:25.364 10 WARNING neutron.scheduler.dhcp_agent_scheduler [None req-c6eef412-00c4-4106-b1a7-a61cbc218545 1d0d861d1e214323bd9b0eb47ae8a0da 1b1b8089d392497ab232f6e97f3af6e1 - - - -] No more DHCP agents
2026-07-01 01:58:25.366 10 WARNING neutron.api.rpc.agentnotifiers.dhcp_rpc_agent_api [None req-c6eef412-00c4-4106-b1a7-a61cbc218545 1d0d861d1e214323bd9b0eb47ae8a0da 1b1b8089d392497ab232f6e97f3af6e1 - - - -] Unable to schedule network 6ca71530-944b-45ab-bd2a-3c558e40bdd2: no agents available; will retry on subsequent port and subnet creation events.
2026-07-01 01:58:25.366 9 INFO neutron.notifiers.nova [-] Nova event matching ['req-cc360e40-695f-4c5a-b512-9570203919d9'] response: {'name': 'network-changed', 'server_uuid': '07369ff3-6076-4a93-a659-216cf2585213', 'tag': '9f0a4cf7-c944-40ff-b254-48e1fab4ec8b', 'status': 'completed', 'code': 200}
2026-07-01 01:58:25.369 9 INFO neutron.services.segments.plugin [-] Segment dfecb440-a42c-4236-855d-4250c8ecfac3 resource provider aggregate not found
2026-07-01 01:58:25.376 9 INFO neutron.services.segments.plugin [-] Segment dfecb440-a42c-4236-855d-4250c8ecfac3 resource provider aggregate not found
2026-07-01 01:58:25.395 9 INFO neutron.services.segments.plugin [-] Segment dfecb440-a42c-4236-855d-4250c8ecfac3 resource provider not found; error: Placement Client Error (4xx): {"errors": [{"status": 404, "title": "Not Found", "detail": "The resource could not be found.\n\n No resource provider with uuid dfecb440-a42c-4236-855d-4250c8ecfac3 found for delete ", "request_id": "req-fe93edfc-6010-4733-b894-b47f95e9e370"}]}
2026-07-01 01:58:25.396 9 INFO neutron.services.segments.plugin [-] Segment dfecb440-a42c-4236-855d-4250c8ecfac3 resource provider not found; error: Placement Client Error (4xx): {"errors": [{"status": 404, "title": "Not Found", "detail": "The resource could not be found.\n\n No resource provider with uuid dfecb440-a42c-4236-855d-4250c8ecfac3 found for delete ", "request_id": "req-6292a575-17d0-4b4b-9142-5613a0bd00f6"}]}
2026-07-01 01:58:25.421 9 INFO neutron.wsgi [req-e1d351da-d911-485b-ac02-093d8430a80e req-014a0c98-6dd3-4842-b4ba-45b6167fa2ff bfdbc125d5fd42e79df01e0c334a08af 9b740d9fdd404603b1c940319baf4b57 - - a80c53bc475c4aaaad0fa931d560e4d6 a80c53bc475c4aaaad0fa931d560e4d6] 199.19.213.244 "GET /v2.0/ports?tenant_id=503e600e34f64130881a92b39f5c9339&device_id=07369ff3-6076-4a93-a659-216cf2585213 HTTP/1.1" status: 200 len: 1363 time: 0.0357926
2026-07-01 01:58:25.497 10 INFO neutron.db.ovn_revision_numbers_db [None req-c6eef412-00c4-4106-b1a7-a61cbc218545 1d0d861d1e214323bd9b0eb47ae8a0da 1b1b8089d392497ab232f6e97f3af6e1 - - - -] Successfully bumped revision number for resource e60c698d-a3cb-4f13-a32c-6373cdf69553 (type: ports) to 1
2026-07-01 01:58:25.502 9 INFO neutron.wsgi [req-e1d351da-d911-485b-ac02-093d8430a80e req-f0518edc-d680-4553-964a-21896fca91fe bfdbc125d5fd42e79df01e0c334a08af 9b740d9fdd404603b1c940319baf4b57 - - a80c53bc475c4aaaad0fa931d560e4d6 a80c53bc475c4aaaad0fa931d560e4d6] 199.19.213.244 "GET /v2.0/networks?id=5c06a936-4040-4899-b37c-fee88b1081c0 HTTP/1.1" status: 200 len: 967 time: 0.0626736
2026-07-01 01:58:25.520 10 INFO neutron.wsgi [None req-c6eef412-00c4-4106-b1a7-a61cbc218545 1d0d861d1e214323bd9b0eb47ae8a0da 1b1b8089d392497ab232f6e97f3af6e1 - - - -] 199.19.213.244 "POST /v2.0/ports HTTP/1.1" status: 201 len: 1162 time: 0.7313144 /var/lib/openstack/lib/python3.10/site-packages/pycadf/identifier.py:71: UserWarning: Invalid uuid: neutron. To ensure interoperability, identifiers should be a valid uuid. warnings.warn(('Invalid uuid: %s. To ensure interoperability, '
2026-07-01 01:58:25.547 9 INFO neutron.wsgi [req-e1d351da-d911-485b-ac02-093d8430a80e req-3f4fc6b2-545e-4493-a5d9-260fe3133468 bfdbc125d5fd42e79df01e0c334a08af 9b740d9fdd404603b1c940319baf4b57 - - a80c53bc475c4aaaad0fa931d560e4d6 a80c53bc475c4aaaad0fa931d560e4d6] 199.19.213.244 "GET /v2.0/floatingips?fixed_ip_address=10.100.0.13&port_id=9f0a4cf7-c944-40ff-b254-48e1fab4ec8b HTTP/1.1" status: 200 len: 217 time: 0.0294559
2026-07-01 01:58:25.604 9 INFO neutron.wsgi [req-e1d351da-d911-485b-ac02-093d8430a80e req-d187f3bf-0960-448b-ae6b-9205474ebb29 bfdbc125d5fd42e79df01e0c334a08af 9b740d9fdd404603b1c940319baf4b57 - - a80c53bc475c4aaaad0fa931d560e4d6 a80c53bc475c4aaaad0fa931d560e4d6] 199.19.213.244 "GET /v2.0/subnets?id=a0864860-d12c-487a-ac08-2313513f1401 HTTP/1.1" status: 200 len: 862 time: 0.0271888
2026-07-01 01:58:25.649 9 INFO neutron.wsgi [req-e1d351da-d911-485b-ac02-093d8430a80e req-497db55e-11e6-43d1-b887-cd84f3f7825f bfdbc125d5fd42e79df01e0c334a08af 9b740d9fdd404603b1c940319baf4b57 - - a80c53bc475c4aaaad0fa931d560e4d6 a80c53bc475c4aaaad0fa931d560e4d6] 199.19.213.244 "GET /v2.0/ports?network_id=5c06a936-4040-4899-b37c-fee88b1081c0&device_owner=network%3Adhcp HTTP/1.1" status: 200 len: 210 time: 0.0194378
2026-07-01 01:58:25.855 10 INFO neutron.db.ovn_revision_numbers_db [None req-f5de3b41-9a72-488a-88e6-be3e9cec8f2c bfdbc125d5fd42e79df01e0c334a08af 9b740d9fdd404603b1c940319baf4b57 - - - -] Successfully bumped revision number for resource e60c698d-a3cb-4f13-a32c-6373cdf69553 (type: ports) to 2
2026-07-01 01:58:25.928 9 INFO neutron.wsgi [req-e1d351da-d911-485b-ac02-093d8430a80e req-a52b693f-e5f7-4dbe-9f64-a888dbae855b bfdbc125d5fd42e79df01e0c334a08af 9b740d9fdd404603b1c940319baf4b57 - - a80c53bc475c4aaaad0fa931d560e4d6 a80c53bc475c4aaaad0fa931d560e4d6] 199.19.213.244 "GET /v2.0/networks/5c06a936-4040-4899-b37c-fee88b1081c0?fields=segments HTTP/1.1" status: 200 len: 212 time: 0.2588582
2026-07-01 01:58:26.009 10 INFO neutron.db.ovn_revision_numbers_db [None req-f5de3b41-9a72-488a-88e6-be3e9cec8f2c bfdbc125d5fd42e79df01e0c334a08af 9b740d9fdd404603b1c940319baf4b57 - - - -] Successfully bumped revision number for resource e60c698d-a3cb-4f13-a32c-6373cdf69553 (type: ports) to 2
2026-07-01 01:58:26.020 10 INFO neutron.wsgi [None req-f5de3b41-9a72-488a-88e6-be3e9cec8f2c bfdbc125d5fd42e79df01e0c334a08af 9b740d9fdd404603b1c940319baf4b57 - - - -] 199.19.213.244 "PUT /v2.0/ports/e60c698d-a3cb-4f13-a32c-6373cdf69553 HTTP/1.1" status: 200 len: 1332 time: 0.4966557
2026-07-01 01:58:26.022 9 INFO neutron.wsgi [req-7120b129-2c6a-4fa4-9ce7-24e8378461ce req-5e83f4d7-9e46-4bc7-a9cd-b927f9c894b6 e2063713a21b45579bf2e35990964e54 503e600e34f64130881a92b39f5c9339 - - default default] 10.0.0.99 "GET /v2.0/ports?device_id=07369ff3-6076-4a93-a659-216cf2585213 HTTP/1.1" status: 200 len: 1172 time: 0.1316273
2026-07-01 01:58:26.026 9 INFO neutron.wsgi [req-e1d351da-d911-485b-ac02-093d8430a80e req-910de4a4-4e65-4ad2-8892-59fa287544f6 bfdbc125d5fd42e79df01e0c334a08af 9b740d9fdd404603b1c940319baf4b57 - - a80c53bc475c4aaaad0fa931d560e4d6 a80c53bc475c4aaaad0fa931d560e4d6] 199.19.213.244 "GET /v2.0/networks/5c06a936-4040-4899-b37c-fee88b1081c0?fields=provider%3Aphysical_network&fields=provider%3Anetwork_type HTTP/1.1" status: 200 len: 277 time: 0.0867856
2026-07-01 01:58:26.074 9 INFO neutron.wsgi [req-7120b129-2c6a-4fa4-9ce7-24e8378461ce req-7984b8a9-9f77-4a8b-89d2-9dc2cf973ca6 e2063713a21b45579bf2e35990964e54 503e600e34f64130881a92b39f5c9339 - - default default] 10.0.0.99 "GET /v2.0/security-groups?id=414810d4-fc4d-442b-937d-ea847e9b3d5d&fields=id&fields=name HTTP/1.1" status: 200 len: 313 time: 0.0447352
2026-07-01 01:58:26.095 9 INFO neutron.wsgi [req-8896857a-951a-4dbe-b2cf-c8a441a351fa req-a578c68d-2337-4f71-b555-9e76e6e0b2a3 bfdbc125d5fd42e79df01e0c334a08af 9b740d9fdd404603b1c940319baf4b57 - - a80c53bc475c4aaaad0fa931d560e4d6 a80c53bc475c4aaaad0fa931d560e4d6] 199.19.213.244 "GET /v2.0/ports?tenant_id=1b1b8089d392497ab232f6e97f3af6e1&device_id=3c3c6632-4999-49c5-9ed7-509f570a0b4a HTTP/1.1" status: 200 len: 1363 time: 0.0423026
2026-07-01 01:58:26.105 9 INFO neutron.db.ovn_revision_numbers_db [None req-4d6981b1-b9e8-441b-9589-2fed0300f9b6 9b571939479a498580735bdc942e9463 256fa9529dae44e492acb650cfd9e29a - - - -] Successfully bumped revision number for resource 1e0330f8-dbbe-46f9-afbb-c22d1d91b00f (type: security_groups) to 1
2026-07-01 01:58:26.150 9 INFO neutron.wsgi [req-81c626c8-58ca-494a-8ac8-8a4f621cd4f5 req-181ac661-4afc-4e8c-8eb6-bca4a756bd3a 1d0d861d1e214323bd9b0eb47ae8a0da 1b1b8089d392497ab232f6e97f3af6e1 - - default default] 10.0.0.99 "GET /v2.0/ports?device_id=3c3c6632-4999-49c5-9ed7-509f570a0b4a HTTP/1.1" status: 200 len: 1172 time: 0.0533464
2026-07-01 01:58:26.154 9 INFO neutron.wsgi [req-8896857a-951a-4dbe-b2cf-c8a441a351fa req-541651cd-01f1-4919-9c21-2dea1010fb40 bfdbc125d5fd42e79df01e0c334a08af 9b740d9fdd404603b1c940319baf4b57 - - a80c53bc475c4aaaad0fa931d560e4d6 a80c53bc475c4aaaad0fa931d560e4d6] 199.19.213.244 "GET /v2.0/floatingips?fixed_ip_address=10.100.0.10&port_id=e60c698d-a3cb-4f13-a32c-6373cdf69553 HTTP/1.1" status: 200 len: 217 time: 0.0492833
2026-07-01 01:58:26.200 9 INFO neutron.db.segments_db [None req-4d6981b1-b9e8-441b-9589-2fed0300f9b6 9b571939479a498580735bdc942e9463 256fa9529dae44e492acb650cfd9e29a - - - -] Added segment f5728db6-e81a-44dd-a06d-b5ccd9af2ded of type geneve for network 89e3b41d-7c9b-4195-aa40-3ccad4deda03
2026-07-01 01:58:26.213 9 INFO neutron.wsgi [req-8896857a-951a-4dbe-b2cf-c8a441a351fa req-80fa95c0-a95a-4292-acf6-ed5d6f734623 bfdbc125d5fd42e79df01e0c334a08af 9b740d9fdd404603b1c940319baf4b57 - - a80c53bc475c4aaaad0fa931d560e4d6 a80c53bc475c4aaaad0fa931d560e4d6] 199.19.213.244 "GET /v2.0/subnets?id=e0b68330-87c8-4579-b27b-771441d43f60 HTTP/1.1" status: 200 len: 875 time: 0.0516596
2026-07-01 01:58:26.235 9 INFO neutron.wsgi [req-81c626c8-58ca-494a-8ac8-8a4f621cd4f5 req-42cd237b-09b9-4d34-b205-e046e9f467a8 1d0d861d1e214323bd9b0eb47ae8a0da 1b1b8089d392497ab232f6e97f3af6e1 - - default default] 10.0.0.99 "GET /v2.0/security-groups?id=c74c7f2c-91d2-4a91-9a9b-097ee323898f&fields=id&fields=name HTTP/1.1" status: 200 len: 313 time: 0.0747042
2026-07-01 01:58:26.244 9 INFO neutron.wsgi [req-8896857a-951a-4dbe-b2cf-c8a441a351fa req-5210e29d-b59f-4f6a-8fed-3e3f3317e152 bfdbc125d5fd42e79df01e0c334a08af 9b740d9fdd404603b1c940319baf4b57 - - a80c53bc475c4aaaad0fa931d560e4d6 a80c53bc475c4aaaad0fa931d560e4d6] 199.19.213.244 "GET /v2.0/ports?network_id=6ca71530-944b-45ab-bd2a-3c558e40bdd2&device_owner=network%3Adhcp HTTP/1.1" status: 200 len: 210 time: 0.0257065 /var/lib/openstack/lib/python3.10/site-packages/pycadf/identifier.py:71: UserWarning: Invalid uuid: neutron. To ensure interoperability, identifiers should be a valid uuid. warnings.warn(('Invalid uuid: %s. To ensure interoperability, '
2026-07-01 01:58:26.356 9 INFO neutron.wsgi [req-8896857a-951a-4dbe-b2cf-c8a441a351fa req-9673a1ed-31f0-44d6-92c5-a9886b61e27e bfdbc125d5fd42e79df01e0c334a08af 9b740d9fdd404603b1c940319baf4b57 - - a80c53bc475c4aaaad0fa931d560e4d6 a80c53bc475c4aaaad0fa931d560e4d6] 199.19.213.244 "GET /v2.0/networks/6ca71530-944b-45ab-bd2a-3c558e40bdd2?fields=segments HTTP/1.1" status: 200 len: 212 time: 0.1048641
2026-07-01 01:58:26.365 10 INFO neutron.db.ovn_revision_numbers_db [None req-7accfdd8-3032-4e6f-a3a9-733b308a296b 9b571939479a498580735bdc942e9463 256fa9529dae44e492acb650cfd9e29a - - default default] Successfully bumped revision number for resource 1d28306a-87b9-4a65-a69e-466859721e97 (type: security_groups) to 1
2026-07-01 01:58:26.388 10 INFO neutron.wsgi [None req-7accfdd8-3032-4e6f-a3a9-733b308a296b 9b571939479a498580735bdc942e9463 256fa9529dae44e492acb650cfd9e29a - - default default] 10.0.0.233 "GET /v2.0/security-groups?tenant_id=a9bc468af4bb4e5a92ffc96e9fb32791&name=default HTTP/1.1" status: 200 len: 2996 time: 0.2066944
2026-07-01 01:58:26.396 9 INFO neutron.db.ovn_revision_numbers_db [None req-4d6981b1-b9e8-441b-9589-2fed0300f9b6 9b571939479a498580735bdc942e9463 256fa9529dae44e492acb650cfd9e29a - - - -] Successfully bumped revision number for resource 89e3b41d-7c9b-4195-aa40-3ccad4deda03 (type: networks) to 1
2026-07-01 01:58:26.450 9 INFO neutron.wsgi [req-8896857a-951a-4dbe-b2cf-c8a441a351fa req-4e6d9a7c-7c13-4f8a-9c65-594cc70fe043 bfdbc125d5fd42e79df01e0c334a08af 9b740d9fdd404603b1c940319baf4b57 - - a80c53bc475c4aaaad0fa931d560e4d6 a80c53bc475c4aaaad0fa931d560e4d6] 199.19.213.244 "GET /v2.0/networks/6ca71530-944b-45ab-bd2a-3c558e40bdd2?fields=provider%3Aphysical_network&fields=provider%3Anetwork_type HTTP/1.1" status: 200 len: 277 time: 0.0863593
2026-07-01 01:58:26.490 10 INFO neutron.notifiers.nova [-] Nova event matching ['req-f94fe4e4-6881-4edc-bcff-5e63fb5f8de4'] response: {'name': 'network-changed', 'server_uuid': '3c3c6632-4999-49c5-9ed7-509f570a0b4a', 'tag': 'e60c698d-a3cb-4f13-a32c-6373cdf69553', 'status': 'completed', 'code': 200}
2026-07-01 01:58:26.552 9 INFO neutron.wsgi [req-30d62331-71b3-46c9-8324-e72b449c89a8 req-4a5b11ce-fc29-4e5c-afcd-1e2a3d1ae2a5 bfdbc125d5fd42e79df01e0c334a08af 9b740d9fdd404603b1c940319baf4b57 - - a80c53bc475c4aaaad0fa931d560e4d6 a80c53bc475c4aaaad0fa931d560e4d6] 199.19.213.244 "GET /v2.0/ports?tenant_id=1b1b8089d392497ab232f6e97f3af6e1&device_id=3c3c6632-4999-49c5-9ed7-509f570a0b4a HTTP/1.1" status: 200 len: 1363 time: 0.0298409
2026-07-01 01:58:26.613 9 WARNING neutron.scheduler.dhcp_agent_scheduler [None req-4d6981b1-b9e8-441b-9589-2fed0300f9b6 9b571939479a498580735bdc942e9463 256fa9529dae44e492acb650cfd9e29a - - - -] No more DHCP agents
2026-07-01 01:58:26.616 10 INFO neutron.wsgi [None req-1fa2bc58-da36-4b9c-b87d-87850d3f1b70 9b571939479a498580735bdc942e9463 256fa9529dae44e492acb650cfd9e29a - - - -] 10.0.0.233 "DELETE /v2.0/security-groups/1d28306a-87b9-4a65-a69e-466859721e97 HTTP/1.1" status: 204 len: 168 time: 0.2216942
2026-07-01 01:58:26.617 9 WARNING neutron.api.rpc.agentnotifiers.dhcp_rpc_agent_api [None req-4d6981b1-b9e8-441b-9589-2fed0300f9b6 9b571939479a498580735bdc942e9463 256fa9529dae44e492acb650cfd9e29a - - - -] Unable to schedule network 89e3b41d-7c9b-4195-aa40-3ccad4deda03: no agents available; will retry on subsequent port and subnet creation events.
2026-07-01 01:58:26.621 9 INFO neutron.wsgi [req-30d62331-71b3-46c9-8324-e72b449c89a8 req-ad3729ee-1d5b-42b9-9b73-e8e40bb6d51f bfdbc125d5fd42e79df01e0c334a08af 9b740d9fdd404603b1c940319baf4b57 - - a80c53bc475c4aaaad0fa931d560e4d6 a80c53bc475c4aaaad0fa931d560e4d6] 199.19.213.244 "GET /v2.0/networks?id=6ca71530-944b-45ab-bd2a-3c558e40bdd2 HTTP/1.1" status: 200 len: 980 time: 0.0635374
2026-07-01 01:58:26.667 9 INFO neutron.wsgi [req-30d62331-71b3-46c9-8324-e72b449c89a8 req-6050d20b-8843-426b-9611-619e204c664d bfdbc125d5fd42e79df01e0c334a08af 9b740d9fdd404603b1c940319baf4b57 - - a80c53bc475c4aaaad0fa931d560e4d6 a80c53bc475c4aaaad0fa931d560e4d6] 199.19.213.244 "GET /v2.0/floatingips?fixed_ip_address=10.100.0.10&port_id=e60c698d-a3cb-4f13-a32c-6373cdf69553 HTTP/1.1" status: 200 len: 217 time: 0.0329432
2026-07-01 01:58:26.706 9 INFO neutron.db.ovn_revision_numbers_db [None req-4d6981b1-b9e8-441b-9589-2fed0300f9b6 9b571939479a498580735bdc942e9463 256fa9529dae44e492acb650cfd9e29a - - - -] Successfully bumped revision number for resource 65f74510-f2cf-447c-89ec-dad5d48cb922 (type: ports) to 1
2026-07-01 01:58:26.711 9 INFO neutron.wsgi [req-30d62331-71b3-46c9-8324-e72b449c89a8 req-4f2470bd-3103-4cf5-bda9-996fab0722d1 bfdbc125d5fd42e79df01e0c334a08af 9b740d9fdd404603b1c940319baf4b57 - - a80c53bc475c4aaaad0fa931d560e4d6 a80c53bc475c4aaaad0fa931d560e4d6] 199.19.213.244 "GET /v2.0/subnets?id=e0b68330-87c8-4579-b27b-771441d43f60 HTTP/1.1" status: 200 len: 875 time: 0.0334406
2026-07-01 01:58:26.741 9 INFO neutron.wsgi [req-30d62331-71b3-46c9-8324-e72b449c89a8 req-103e05b7-7527-496e-9a4f-c17316f04899 bfdbc125d5fd42e79df01e0c334a08af 9b740d9fdd404603b1c940319baf4b57 - - a80c53bc475c4aaaad0fa931d560e4d6 a80c53bc475c4aaaad0fa931d560e4d6] 199.19.213.244 "GET /v2.0/ports?network_id=6ca71530-944b-45ab-bd2a-3c558e40bdd2&device_owner=network%3Adhcp HTTP/1.1" status: 200 len: 210 time: 0.0223923
2026-07-01 01:58:26.758 9 INFO neutron.wsgi [None req-4d6981b1-b9e8-441b-9589-2fed0300f9b6 9b571939479a498580735bdc942e9463 256fa9529dae44e492acb650cfd9e29a - - - -] 10.0.0.233 "POST /v2.0/networks HTTP/1.1" status: 201 len: 949 time: 1.1836181
2026-07-01 01:58:26.792 9 INFO neutron.wsgi [req-30d62331-71b3-46c9-8324-e72b449c89a8 req-c40a1b89-9813-4987-bf78-7e25397a020d bfdbc125d5fd42e79df01e0c334a08af 9b740d9fdd404603b1c940319baf4b57 - - a80c53bc475c4aaaad0fa931d560e4d6 a80c53bc475c4aaaad0fa931d560e4d6] 199.19.213.244 "GET /v2.0/networks/6ca71530-944b-45ab-bd2a-3c558e40bdd2?fields=segments HTTP/1.1" status: 200 len: 212 time: 0.0449271
2026-07-01 01:58:26.858 9 INFO neutron.wsgi [req-30d62331-71b3-46c9-8324-e72b449c89a8 req-436430ec-647c-4784-915e-7cfb9d006e89 bfdbc125d5fd42e79df01e0c334a08af 9b740d9fdd404603b1c940319baf4b57 - - a80c53bc475c4aaaad0fa931d560e4d6 a80c53bc475c4aaaad0fa931d560e4d6] 199.19.213.244 "GET /v2.0/networks/6ca71530-944b-45ab-bd2a-3c558e40bdd2?fields=provider%3Aphysical_network&fields=provider%3Anetwork_type HTTP/1.1" status: 200 len: 277 time: 0.0593641
2026-07-01 01:58:26.861 9 WARNING neutron.plugins.ml2.drivers.ovn.mech_driver.ovsdb.ovn_client [None req-08900592-f8cc-49a0-863f-16f9cb69425f - - - - - -] No hosting information found for port b9293840-a89b-4e7d-9543-dd2bb5050f85: RuntimeError: No hosting information found for port b9293840-a89b-4e7d-9543-dd2bb5050f85
2026-07-01 01:58:26.924 10 WARNING neutron.scheduler.dhcp_agent_scheduler [None req-3b04a707-c6f1-47f4-8ce8-a77aaa9b045c 9b571939479a498580735bdc942e9463 256fa9529dae44e492acb650cfd9e29a - - - -] No more DHCP agents
2026-07-01 01:58:26.926 10 WARNING neutron.api.rpc.agentnotifiers.dhcp_rpc_agent_api [None req-3b04a707-c6f1-47f4-8ce8-a77aaa9b045c 9b571939479a498580735bdc942e9463 256fa9529dae44e492acb650cfd9e29a - - - -] Unable to schedule network 89e3b41d-7c9b-4195-aa40-3ccad4deda03: no agents available; will retry on subsequent port and subnet creation events.
2026-07-01 01:58:27.228 10 INFO neutron.wsgi [-] 10.0.0.184 "GET / HTTP/1.1" status: 200 len: 246 time: 0.0013723
2026-07-01 01:58:27.229 9 INFO neutron.wsgi [-] 10.0.0.184 "GET / HTTP/1.1" status: 200 len: 246 time: 0.0027120
2026-07-01 01:58:27.351 10 INFO neutron.db.ovn_revision_numbers_db [None req-3b04a707-c6f1-47f4-8ce8-a77aaa9b045c 9b571939479a498580735bdc942e9463 256fa9529dae44e492acb650cfd9e29a - - - -] Successfully bumped revision number for resource 65f74510-f2cf-447c-89ec-dad5d48cb922 (type: ports) to 2
2026-07-01 01:58:27.358 9 INFO neutron.wsgi [req-4f872cf2-8eca-407f-b9ca-57eec6ce7dcf req-77f82278-b864-4591-8ff3-01c37921dfd4 e2063713a21b45579bf2e35990964e54 503e600e34f64130881a92b39f5c9339 - - default default] 10.0.0.99 "GET /v2.0/ports?device_id=07369ff3-6076-4a93-a659-216cf2585213 HTTP/1.1" status: 200 len: 1172 time: 0.0641029
2026-07-01 01:58:27.365 10 INFO neutron.db.ovn_revision_numbers_db [None req-3b04a707-c6f1-47f4-8ce8-a77aaa9b045c 9b571939479a498580735bdc942e9463 256fa9529dae44e492acb650cfd9e29a - - - -] Successfully bumped revision number for resource 9725f5a8-0a0e-4560-8efb-99ac412cfd06 (type: subnets) to 0
2026-07-01 01:58:27.376 9 INFO neutron.wsgi [req-e250695c-e88f-488e-9cd9-1609c26b8220 req-887f0d0a-4f47-49e5-b3e3-55a6b9157716 1d0d861d1e214323bd9b0eb47ae8a0da 1b1b8089d392497ab232f6e97f3af6e1 - - default default] 10.0.0.99 "GET /v2.0/ports?device_id=3c3c6632-4999-49c5-9ed7-509f570a0b4a HTTP/1.1" status: 200 len: 1172 time: 0.0539382
2026-07-01 01:58:27.380 10 INFO neutron.wsgi [None req-3b04a707-c6f1-47f4-8ce8-a77aaa9b045c 9b571939479a498580735bdc942e9463 256fa9529dae44e492acb650cfd9e29a - - - -] 10.0.0.233 "POST /v2.0/subnets HTTP/1.1" status: 201 len: 869 time: 0.6165149
2026-07-01 01:58:27.410 9 INFO neutron.wsgi [req-4f872cf2-8eca-407f-b9ca-57eec6ce7dcf req-97c7496b-e20e-4df1-9416-5a5411ffee55 e2063713a21b45579bf2e35990964e54 503e600e34f64130881a92b39f5c9339 - - default default] 10.0.0.99 "GET /v2.0/security-groups?id=414810d4-fc4d-442b-937d-ea847e9b3d5d&fields=id&fields=name HTTP/1.1" status: 200 len: 313 time: 0.0455034
2026-07-01 01:58:27.420 9 INFO neutron.wsgi [req-e250695c-e88f-488e-9cd9-1609c26b8220 req-ce0a5b56-66db-4b64-bfbd-6095659b78b7 1d0d861d1e214323bd9b0eb47ae8a0da 1b1b8089d392497ab232f6e97f3af6e1 - - default default] 10.0.0.99 "GET /v2.0/security-groups?id=c74c7f2c-91d2-4a91-9a9b-097ee323898f&fields=id&fields=name HTTP/1.1" status: 200 len: 313 time: 0.0358365
2026-07-01 01:58:27.459 10 WARNING neutron.plugins.ml2.drivers.ovn.mech_driver.ovsdb.ovn_client [None req-10a0cd33-e977-4710-9e67-99741bf93d78 - - - - - -] No hosting information found for port 33a14cac-1a67-4084-babc-2e1087a13329: RuntimeError: No hosting information found for port 33a14cac-1a67-4084-babc-2e1087a13329
2026-07-01 01:58:27.968 10 WARNING neutron.scheduler.dhcp_agent_scheduler [None req-e0acb6a8-f9b5-40e5-8290-3d5b00e46749 9b571939479a498580735bdc942e9463 256fa9529dae44e492acb650cfd9e29a - - - -] No more DHCP agents
2026-07-01 01:58:27.970 10 WARNING neutron.api.rpc.agentnotifiers.dhcp_rpc_agent_api [None req-e0acb6a8-f9b5-40e5-8290-3d5b00e46749 9b571939479a498580735bdc942e9463 256fa9529dae44e492acb650cfd9e29a - - - -] Unable to schedule network d2937ef6-6346-4e41-a232-804f4cbbe706: no agents available; will retry on subsequent port and subnet creation events.
2026-07-01 01:58:28.087 10 INFO neutron.db.ovn_revision_numbers_db [None req-e0acb6a8-f9b5-40e5-8290-3d5b00e46749 9b571939479a498580735bdc942e9463 256fa9529dae44e492acb650cfd9e29a - - - -] Successfully bumped revision number for resource 1de9e9cc-71eb-4ae0-b50c-01310317389d (type: ports) to 1
2026-07-01 01:58:28.276 10 INFO neutron.plugins.ml2.drivers.ovn.mech_driver.mech_driver [None req-10a0cd33-e977-4710-9e67-99741bf93d78 - - - - - -] OVN reports status up for port: 9f0a4cf7-c944-40ff-b254-48e1fab4ec8b
2026-07-01 01:58:28.294 10 INFO neutron.plugins.ml2.plugin [None req-10a0cd33-e977-4710-9e67-99741bf93d78 - - - - - -] Attempt 1 to provision port 9f0a4cf7-c944-40ff-b254-48e1fab4ec8b
2026-07-01 01:58:28.533 9 INFO neutron.wsgi [req-7feaaa08-62fc-464b-9f56-f8b6b8805838 req-a4ee9be4-42e1-4848-a3b8-9477569f018e e2063713a21b45579bf2e35990964e54 503e600e34f64130881a92b39f5c9339 - - default default] 10.0.0.99 "GET /v2.0/ports?device_id=07369ff3-6076-4a93-a659-216cf2585213 HTTP/1.1" status: 200 len: 1174 time: 0.0574477
2026-07-01 01:58:28.587 9 INFO neutron.wsgi [req-7feaaa08-62fc-464b-9f56-f8b6b8805838 req-7051ec49-ee5b-453b-98fb-e692b2eb196a e2063713a21b45579bf2e35990964e54 503e600e34f64130881a92b39f5c9339 - - default default] 10.0.0.99 "GET /v2.0/security-groups?id=414810d4-fc4d-442b-937d-ea847e9b3d5d&fields=id&fields=name HTTP/1.1" status: 200 len: 313 time: 0.0447495
2026-07-01 01:58:28.604 9 INFO neutron.wsgi [req-368e54be-c67c-4a90-a691-c287f06ebe02 req-434a77a5-0fff-46bc-9f91-8e953b18fad3 1d0d861d1e214323bd9b0eb47ae8a0da 1b1b8089d392497ab232f6e97f3af6e1 - - default default] 10.0.0.99 "GET /v2.0/ports?device_id=3c3c6632-4999-49c5-9ed7-509f570a0b4a HTTP/1.1" status: 200 len: 1172 time: 0.1044219
2026-07-01 01:58:28.627 10 INFO neutron.db.ovn_revision_numbers_db [None req-10a0cd33-e977-4710-9e67-99741bf93d78 - - - - - -] Successfully bumped revision number for resource 9f0a4cf7-c944-40ff-b254-48e1fab4ec8b (type: ports) to 4
2026-07-01 01:58:28.640 9 INFO neutron.wsgi [req-368e54be-c67c-4a90-a691-c287f06ebe02 req-4e69f93f-7a14-4a7e-82f7-c32e63f23e89 1d0d861d1e214323bd9b0eb47ae8a0da 1b1b8089d392497ab232f6e97f3af6e1 - - default default] 10.0.0.99 "GET /v2.0/security-groups?id=c74c7f2c-91d2-4a91-9a9b-097ee323898f&fields=id&fields=name HTTP/1.1" status: 200 len: 313 time: 0.0293467
2026-07-01 01:58:28.653 10 INFO neutron.notifiers.nova [-] Nova event matching ['req-8dc547b9-1d3e-4ce0-92d2-696bddaa61e8'] response: {'server_uuid': '07369ff3-6076-4a93-a659-216cf2585213', 'name': 'network-vif-plugged', 'status': 'completed', 'tag': '9f0a4cf7-c944-40ff-b254-48e1fab4ec8b', 'code': 200}
2026-07-01 01:58:28.706 10 INFO neutron.plugins.ml2.drivers.ovn.mech_driver.mech_driver [None req-10a0cd33-e977-4710-9e67-99741bf93d78 - - - - - -] OVN reports status up for port: e60c698d-a3cb-4f13-a32c-6373cdf69553
2026-07-01 01:58:28.800 9 INFO neutron.plugins.ml2.drivers.ovn.mech_driver.mech_driver [None req-08900592-f8cc-49a0-863f-16f9cb69425f - - - - - -] OVN reports status up for port: 1de9e9cc-71eb-4ae0-b50c-01310317389d
2026-07-01 01:58:28.801 10 INFO neutron.plugins.ml2.plugin [None req-10a0cd33-e977-4710-9e67-99741bf93d78 - - - - - -] Attempt 1 to provision port e60c698d-a3cb-4f13-a32c-6373cdf69553
2026-07-01 01:58:28.813 9 INFO neutron.plugins.ml2.drivers.ovn.mech_driver.ovsdb.ovsdb_monitor [None req-9d169260-4467-48f7-b206-5cac2771dd96 - - - - - -] Router 29633d0b-9e43-46c8-9fc1-8593d7879753 is bound to host instance
2026-07-01 01:58:28.818 9 INFO neutron.plugins.ml2.plugin [None req-08900592-f8cc-49a0-863f-16f9cb69425f - - - - - -] Attempt 1 to provision port 1de9e9cc-71eb-4ae0-b50c-01310317389d
2026-07-01 01:58:28.823 10 INFO neutron.db.ovn_revision_numbers_db [None req-e0acb6a8-f9b5-40e5-8290-3d5b00e46749 9b571939479a498580735bdc942e9463 256fa9529dae44e492acb650cfd9e29a - - - -] Successfully bumped revision number for resource 1de9e9cc-71eb-4ae0-b50c-01310317389d (type: router_ports) to 1
2026-07-01 01:58:29.058 10 INFO neutron.db.ovn_revision_numbers_db [None req-e0acb6a8-f9b5-40e5-8290-3d5b00e46749 9b571939479a498580735bdc942e9463 256fa9529dae44e492acb650cfd9e29a - - - -] Successfully bumped revision number for resource 29633d0b-9e43-46c8-9fc1-8593d7879753 (type: routers) to 3
2026-07-01 01:58:29.073 10 INFO neutron.wsgi [None req-e0acb6a8-f9b5-40e5-8290-3d5b00e46749 9b571939479a498580735bdc942e9463 256fa9529dae44e492acb650cfd9e29a - - - -] 10.0.0.233 "POST /v2.0/routers HTTP/1.1" status: 201 len: 880 time: 1.6867213 /var/lib/openstack/lib/python3.10/site-packages/pycadf/identifier.py:71: UserWarning: Invalid uuid: neutron. To ensure interoperability, identifiers should be a valid uuid. warnings.warn(('Invalid uuid: %s. To ensure interoperability, '
2026-07-01 01:58:29.282 10 INFO neutron.db.ovn_revision_numbers_db [None req-10a0cd33-e977-4710-9e67-99741bf93d78 - - - - - -] Successfully bumped revision number for resource e60c698d-a3cb-4f13-a32c-6373cdf69553 (type: ports) to 4
2026-07-01 01:58:29.368 9 INFO neutron.db.ovn_revision_numbers_db [None req-9d169260-4467-48f7-b206-5cac2771dd96 - - - - - -] Successfully bumped revision number for resource 1de9e9cc-71eb-4ae0-b50c-01310317389d (type: ports) to 1
2026-07-01 01:58:29.549 10 WARNING neutron.scheduler.dhcp_agent_scheduler [None req-fdda82a1-f728-4e50-9036-eadadb26622d 9b571939479a498580735bdc942e9463 256fa9529dae44e492acb650cfd9e29a - - default default] No more DHCP agents
2026-07-01 01:58:29.551 10 WARNING neutron.api.rpc.agentnotifiers.dhcp_rpc_agent_api [None req-fdda82a1-f728-4e50-9036-eadadb26622d 9b571939479a498580735bdc942e9463 256fa9529dae44e492acb650cfd9e29a - - default default] Unable to schedule network 89e3b41d-7c9b-4195-aa40-3ccad4deda03: no agents available; will retry on subsequent port and subnet creation events.
2026-07-01 01:58:29.665 9 INFO neutron.db.ovn_revision_numbers_db [None req-9d169260-4467-48f7-b206-5cac2771dd96 - - - - - -] Successfully bumped revision number for resource 1de9e9cc-71eb-4ae0-b50c-01310317389d (type: router_ports) to 3
2026-07-01 01:58:29.667 10 INFO neutron.db.ovn_revision_numbers_db [None req-fdda82a1-f728-4e50-9036-eadadb26622d 9b571939479a498580735bdc942e9463 256fa9529dae44e492acb650cfd9e29a - - default default] Successfully bumped revision number for resource 0f0c0369-d533-4d47-8744-c2521fb1c1a4 (type: ports) to 1
2026-07-01 01:58:29.670 9 INFO neutron.wsgi [req-8e6f6945-0bda-45ae-b70d-9c2113d1b674 req-1703333e-c5d9-43ee-8756-86ec3b13d83f e2063713a21b45579bf2e35990964e54 503e600e34f64130881a92b39f5c9339 - - default default] 10.0.0.99 "GET /v2.0/ports?device_id=07369ff3-6076-4a93-a659-216cf2585213 HTTP/1.1" status: 200 len: 1174 time: 0.0338919
2026-07-01 01:58:29.711 9 INFO neutron.wsgi [req-8e6f6945-0bda-45ae-b70d-9c2113d1b674 req-2f5916ae-7af0-4161-becc-156b5795b4b9 e2063713a21b45579bf2e35990964e54 503e600e34f64130881a92b39f5c9339 - - default default] 10.0.0.99 "GET /v2.0/security-groups?id=414810d4-fc4d-442b-937d-ea847e9b3d5d&fields=id&fields=name HTTP/1.1" status: 200 len: 313 time: 0.0317204
2026-07-01 01:58:29.751 9 INFO neutron.wsgi [req-9d2ce0ea-e968-43f2-8a1f-d8e83a9204ff req-f40e9a29-7517-40ec-a21d-ca8999aef8d8 1d0d861d1e214323bd9b0eb47ae8a0da 1b1b8089d392497ab232f6e97f3af6e1 - - default default] 10.0.0.99 "GET /v2.0/ports?device_id=3c3c6632-4999-49c5-9ed7-509f570a0b4a HTTP/1.1" status: 200 len: 1174 time: 0.0435166
2026-07-01 01:58:29.997 9 INFO neutron.wsgi [req-9d2ce0ea-e968-43f2-8a1f-d8e83a9204ff req-d0ee7157-0014-4c2e-80eb-8f7c6cb05241 1d0d861d1e214323bd9b0eb47ae8a0da 1b1b8089d392497ab232f6e97f3af6e1 - - default default] 10.0.0.99 "GET /v2.0/security-groups?id=c74c7f2c-91d2-4a91-9a9b-097ee323898f&fields=id&fields=name HTTP/1.1" status: 200 len: 313 time: 0.2312548
2026-07-01 01:58:30.006 9 INFO neutron.wsgi [req-774d1345-30cb-4c3d-9fa3-029a444ab572 req-8547ac19-d893-4f10-b516-6010d2e79fe5 e2063713a21b45579bf2e35990964e54 503e600e34f64130881a92b39f5c9339 - - default default] 10.0.0.99 "GET /v2.0/ports?device_id=07369ff3-6076-4a93-a659-216cf2585213 HTTP/1.1" status: 200 len: 1174 time: 0.2149048
2026-07-01 01:58:30.020 9 INFO neutron.db.ovn_revision_numbers_db [None req-9d169260-4467-48f7-b206-5cac2771dd96 - - - - - -] Successfully bumped revision number for resource 1de9e9cc-71eb-4ae0-b50c-01310317389d (type: ports) to 2
2026-07-01 01:58:30.066 10 INFO neutron.plugins.ml2.drivers.ovn.mech_driver.mech_driver [None req-10a0cd33-e977-4710-9e67-99741bf93d78 - - - - - -] OVN reports status up for port: 0f0c0369-d533-4d47-8744-c2521fb1c1a4
2026-07-01 01:58:30.074 10 INFO neutron.plugins.ml2.plugin [None req-10a0cd33-e977-4710-9e67-99741bf93d78 - - - - - -] Attempt 1 to provision port 0f0c0369-d533-4d47-8744-c2521fb1c1a4
2026-07-01 01:58:30.075 10 INFO neutron.db.ovn_revision_numbers_db [None req-fdda82a1-f728-4e50-9036-eadadb26622d 9b571939479a498580735bdc942e9463 256fa9529dae44e492acb650cfd9e29a - - default default] Successfully bumped revision number for resource 0f0c0369-d533-4d47-8744-c2521fb1c1a4 (type: router_ports) to 2
2026-07-01 01:58:30.207 10 INFO neutron.db.ovn_revision_numbers_db [None req-fdda82a1-f728-4e50-9036-eadadb26622d 9b571939479a498580735bdc942e9463 256fa9529dae44e492acb650cfd9e29a - - default default] Successfully bumped revision number for resource 0f0c0369-d533-4d47-8744-c2521fb1c1a4 (type: ports) to 2
2026-07-01 01:58:30.297 10 WARNING neutron.scheduler.dhcp_agent_scheduler [None req-fdda82a1-f728-4e50-9036-eadadb26622d 9b571939479a498580735bdc942e9463 256fa9529dae44e492acb650cfd9e29a - - default default] No more DHCP agents
2026-07-01 01:58:30.304 10 WARNING neutron.api.rpc.agentnotifiers.dhcp_rpc_agent_api [None req-fdda82a1-f728-4e50-9036-eadadb26622d 9b571939479a498580735bdc942e9463 256fa9529dae44e492acb650cfd9e29a - - default default] Unable to schedule network 89e3b41d-7c9b-4195-aa40-3ccad4deda03: no agents available; will retry on subsequent port and subnet creation events.
2026-07-01 01:58:30.380 9 INFO neutron.db.l3_db [None req-452763a2-8465-4385-b901-277a89b27e8e e2063713a21b45579bf2e35990964e54 503e600e34f64130881a92b39f5c9339 - - - -] Floating IP 8795d979-218f-40a1-973a-1e8403c11fe5 associated. External IP: 10.96.250.202, port: 9f0a4cf7-c944-40ff-b254-48e1fab4ec8b.
2026-07-01 01:58:30.395 10 INFO neutron.db.ovn_revision_numbers_db [None req-10a0cd33-e977-4710-9e67-99741bf93d78 - - - - - -] Successfully bumped revision number for resource 0f0c0369-d533-4d47-8744-c2521fb1c1a4 (type: ports) to 3
2026-07-01 01:58:30.473 9 INFO neutron.db.ovn_revision_numbers_db [None req-9d169260-4467-48f7-b206-5cac2771dd96 - - - - - -] Successfully bumped revision number for resource 1de9e9cc-71eb-4ae0-b50c-01310317389d (type: ports) to 4
2026-07-01 01:58:30.606 9 INFO neutron.db.ovn_revision_numbers_db [None req-452763a2-8465-4385-b901-277a89b27e8e e2063713a21b45579bf2e35990964e54 503e600e34f64130881a92b39f5c9339 - - - -] Successfully bumped revision number for resource 8795d979-218f-40a1-973a-1e8403c11fe5 (type: floatingips) to 1
2026-07-01 01:58:30.700 10 INFO neutron.notifiers.nova [-] Nova event matching ['req-9958ab91-2bd7-413d-bdc1-50369e4e3a7d'] response: {'server_uuid': '07369ff3-6076-4a93-a659-216cf2585213', 'name': 'network-vif-plugged', 'status': 'completed', 'tag': '9f0a4cf7-c944-40ff-b254-48e1fab4ec8b', 'code': 200}
2026-07-01 01:58:30.701 10 INFO neutron.notifiers.nova [-] Nova event matching ['req-9958ab91-2bd7-413d-bdc1-50369e4e3a7d'] response: {'server_uuid': '3c3c6632-4999-49c5-9ed7-509f570a0b4a', 'name': 'network-vif-plugged', 'status': 'completed', 'tag': 'e60c698d-a3cb-4f13-a32c-6373cdf69553', 'code': 200}
2026-07-01 01:58:30.701 10 INFO neutron.notifiers.nova [-] Nova event matching ['req-9958ab91-2bd7-413d-bdc1-50369e4e3a7d'] response: {'server_uuid': '3c3c6632-4999-49c5-9ed7-509f570a0b4a', 'name': 'network-vif-plugged', 'status': 'completed', 'tag': 'e60c698d-a3cb-4f13-a32c-6373cdf69553', 'code': 200}
2026-07-01 01:58:30.718 10 INFO neutron.db.ovn_revision_numbers_db [None req-10a0cd33-e977-4710-9e67-99741bf93d78 - - - - - -] Successfully bumped revision number for resource 0f0c0369-d533-4d47-8744-c2521fb1c1a4 (type: router_ports) to 3
2026-07-01 01:58:30.903 9 INFO neutron.db.ovn_revision_numbers_db [None req-452763a2-8465-4385-b901-277a89b27e8e e2063713a21b45579bf2e35990964e54 503e600e34f64130881a92b39f5c9339 - - - -] Successfully bumped revision number for resource 8795d979-218f-40a1-973a-1e8403c11fe5 (type: floatingips) to 2
2026-07-01 01:58:30.936 9 INFO neutron.wsgi [None req-452763a2-8465-4385-b901-277a89b27e8e e2063713a21b45579bf2e35990964e54 503e600e34f64130881a92b39f5c9339 - - - -] 10.0.0.233 "PUT /v2.0/floatingips/8795d979-218f-40a1-973a-1e8403c11fe5 HTTP/1.1" status: 200 len: 1050 time: 0.9144754
2026-07-01 01:58:30.943 9 INFO neutron.db.ovn_revision_numbers_db [None req-9d169260-4467-48f7-b206-5cac2771dd96 - - - - - -] Successfully bumped revision number for resource 1de9e9cc-71eb-4ae0-b50c-01310317389d (type: router_ports) to 4
2026-07-01 01:58:30.977 9 INFO neutron.notifiers.nova [-] Nova event matching ['req-13d51f9b-84c8-426e-adac-8aa9079ab530'] response: {'name': 'network-changed', 'server_uuid': '07369ff3-6076-4a93-a659-216cf2585213', 'tag': '9f0a4cf7-c944-40ff-b254-48e1fab4ec8b', 'status': 'completed', 'code': 200}
2026-07-01 01:58:31.036 9 INFO neutron.wsgi [req-b76d0140-7e99-4c6d-b235-10e7f78d2911 req-52cee4ed-bc35-45bd-8607-4a7db23b2f53 bfdbc125d5fd42e79df01e0c334a08af 9b740d9fdd404603b1c940319baf4b57 - - a80c53bc475c4aaaad0fa931d560e4d6 a80c53bc475c4aaaad0fa931d560e4d6] 199.19.213.244 "GET /v2.0/ports?tenant_id=503e600e34f64130881a92b39f5c9339&device_id=07369ff3-6076-4a93-a659-216cf2585213 HTTP/1.1" status: 200 len: 1365 time: 0.0465488
2026-07-01 01:58:31.124 9 INFO neutron.wsgi [req-b7363151-4e5a-4913-9bf8-62b507d0ea35 req-1a929d35-6376-4e8b-98f6-a9c623e656d5 e2063713a21b45579bf2e35990964e54 503e600e34f64130881a92b39f5c9339 - - default default] 10.0.0.99 "GET /v2.0/ports?device_id=07369ff3-6076-4a93-a659-216cf2585213 HTTP/1.1" status: 200 len: 1174 time: 0.1220229
2026-07-01 01:58:31.129 9 INFO neutron.wsgi [req-b76d0140-7e99-4c6d-b235-10e7f78d2911 req-a7d99570-9590-4964-bd02-2907656b07b9 bfdbc125d5fd42e79df01e0c334a08af 9b740d9fdd404603b1c940319baf4b57 - - a80c53bc475c4aaaad0fa931d560e4d6 a80c53bc475c4aaaad0fa931d560e4d6] 199.19.213.244 "GET /v2.0/networks?id=5c06a936-4040-4899-b37c-fee88b1081c0 HTTP/1.1" status: 200 len: 967 time: 0.0844049
2026-07-01 01:58:31.152 9 INFO neutron.wsgi [req-f12351c9-5ab5-45fd-b832-1b31de710fd8 req-e62d83e1-5228-4610-bda5-50dc8aa5ee61 1d0d861d1e214323bd9b0eb47ae8a0da 1b1b8089d392497ab232f6e97f3af6e1 - - default default] 10.0.0.99 "GET /v2.0/ports?device_id=3c3c6632-4999-49c5-9ed7-509f570a0b4a HTTP/1.1" status: 200 len: 1174 time: 0.0865431
2026-07-01 01:58:31.203 9 INFO neutron.wsgi [req-b7363151-4e5a-4913-9bf8-62b507d0ea35 req-f3e91515-2257-4df4-a728-cb2e4bb9dc2b e2063713a21b45579bf2e35990964e54 503e600e34f64130881a92b39f5c9339 - - default default] 10.0.0.99 "GET /v2.0/security-groups?id=414810d4-fc4d-442b-937d-ea847e9b3d5d&fields=id&fields=name HTTP/1.1" status: 200 len: 313 time: 0.0713255
2026-07-01 01:58:31.210 9 INFO neutron.wsgi [req-b76d0140-7e99-4c6d-b235-10e7f78d2911 req-5c39b02f-cf0a-410b-980d-dde43740e546 bfdbc125d5fd42e79df01e0c334a08af 9b740d9fdd404603b1c940319baf4b57 - - a80c53bc475c4aaaad0fa931d560e4d6 a80c53bc475c4aaaad0fa931d560e4d6] 199.19.213.244 "GET /v2.0/floatingips?fixed_ip_address=10.100.0.13&port_id=9f0a4cf7-c944-40ff-b254-48e1fab4ec8b HTTP/1.1" status: 200 len: 1060 time: 0.0706065
2026-07-01 01:58:31.223 10 INFO neutron.db.ovn_revision_numbers_db [None req-fdda82a1-f728-4e50-9036-eadadb26622d 9b571939479a498580735bdc942e9463 256fa9529dae44e492acb650cfd9e29a - - - -] Successfully bumped revision number for resource 0f0c0369-d533-4d47-8744-c2521fb1c1a4 (type: router_ports) to 3
2026-07-01 01:58:31.225 10 INFO neutron.wsgi [None req-fdda82a1-f728-4e50-9036-eadadb26622d 9b571939479a498580735bdc942e9463 256fa9529dae44e492acb650cfd9e29a - - - -] 10.0.0.233 "PUT /v2.0/routers/29633d0b-9e43-46c8-9fc1-8593d7879753/add_router_interface HTTP/1.1" status: 200 len: 503 time: 2.1445165
2026-07-01 01:58:31.248 9 INFO neutron.wsgi [req-f12351c9-5ab5-45fd-b832-1b31de710fd8 req-0734c795-669c-4090-9e2a-6facd000fbfc 1d0d861d1e214323bd9b0eb47ae8a0da 1b1b8089d392497ab232f6e97f3af6e1 - - default default] 10.0.0.99 "GET /v2.0/security-groups?id=c74c7f2c-91d2-4a91-9a9b-097ee323898f&fields=id&fields=name HTTP/1.1" status: 200 len: 313 time: 0.0802259
2026-07-01 01:58:31.252 9 INFO neutron.wsgi [req-b76d0140-7e99-4c6d-b235-10e7f78d2911 req-6d4edb22-6e57-42d0-952a-978dd387831f bfdbc125d5fd42e79df01e0c334a08af 9b740d9fdd404603b1c940319baf4b57 - - a80c53bc475c4aaaad0fa931d560e4d6 a80c53bc475c4aaaad0fa931d560e4d6] 199.19.213.244 "GET /v2.0/subnets?id=a0864860-d12c-487a-ac08-2313513f1401 HTTP/1.1" status: 200 len: 862 time: 0.0353720
2026-07-01 01:58:31.292 9 INFO neutron.wsgi [req-b76d0140-7e99-4c6d-b235-10e7f78d2911 req-07ed9f4f-9eb2-4ebb-8d26-43ed6fab6fd9 bfdbc125d5fd42e79df01e0c334a08af 9b740d9fdd404603b1c940319baf4b57 - - a80c53bc475c4aaaad0fa931d560e4d6 a80c53bc475c4aaaad0fa931d560e4d6] 199.19.213.244 "GET /v2.0/ports?network_id=5c06a936-4040-4899-b37c-fee88b1081c0&device_owner=network%3Adhcp HTTP/1.1" status: 200 len: 210 time: 0.0342729
2026-07-01 01:58:31.377 9 INFO neutron.wsgi [req-cbf99f69-4cf6-4ff4-9640-487fcbe51981 req-421278ff-92f6-4072-815b-deb8dd71cb45 1d0d861d1e214323bd9b0eb47ae8a0da 1b1b8089d392497ab232f6e97f3af6e1 - - default default] 10.0.0.99 "GET /v2.0/ports?device_id=3c3c6632-4999-49c5-9ed7-509f570a0b4a HTTP/1.1" status: 200 len: 1174 time: 0.0412467
2026-07-01 01:58:31.380 9 INFO neutron.wsgi [req-b76d0140-7e99-4c6d-b235-10e7f78d2911 req-d8219b35-2f07-4e18-be61-18771a7da594 bfdbc125d5fd42e79df01e0c334a08af 9b740d9fdd404603b1c940319baf4b57 - - a80c53bc475c4aaaad0fa931d560e4d6 a80c53bc475c4aaaad0fa931d560e4d6] 199.19.213.244 "GET /v2.0/networks/5c06a936-4040-4899-b37c-fee88b1081c0?fields=segments HTTP/1.1" status: 200 len: 212 time: 0.0828426 /var/lib/openstack/lib/python3.10/site-packages/pycadf/identifier.py:71: UserWarning: Invalid uuid: neutron. To ensure interoperability, identifiers should be a valid uuid. warnings.warn(('Invalid uuid: %s. To ensure interoperability, '
2026-07-01 01:58:31.499 9 INFO neutron.wsgi [req-b76d0140-7e99-4c6d-b235-10e7f78d2911 req-83378990-f7ee-4bd9-a9c4-029bd155a33f bfdbc125d5fd42e79df01e0c334a08af 9b740d9fdd404603b1c940319baf4b57 - - a80c53bc475c4aaaad0fa931d560e4d6 a80c53bc475c4aaaad0fa931d560e4d6] 199.19.213.244 "GET /v2.0/networks/5c06a936-4040-4899-b37c-fee88b1081c0?fields=provider%3Aphysical_network&fields=provider%3Anetwork_type HTTP/1.1" status: 200 len: 277 time: 0.1121595
2026-07-01 01:58:31.592 10 INFO neutron.db.ovn_revision_numbers_db [None req-80044afb-17dd-42de-a53a-a006abdc616d 9b571939479a498580735bdc942e9463 256fa9529dae44e492acb650cfd9e29a - - default default] Successfully bumped revision number for resource f7417ea9-6b08-4b28-8277-95b69ee94306 (type: security_groups) to 1
2026-07-01 01:58:31.611 9 INFO neutron.wsgi [req-38a12d16-522e-4a90-b10a-1153835fcdec req-0a26767a-a1b0-457c-9e89-f369630b8b20 e2063713a21b45579bf2e35990964e54 503e600e34f64130881a92b39f5c9339 - - default default] 10.0.0.99 "GET /v2.0/ports?device_id=07369ff3-6076-4a93-a659-216cf2585213 HTTP/1.1" status: 200 len: 1174 time: 0.0412242
2026-07-01 01:58:31.619 10 INFO neutron.wsgi [None req-80044afb-17dd-42de-a53a-a006abdc616d 9b571939479a498580735bdc942e9463 256fa9529dae44e492acb650cfd9e29a - - default default] 10.0.0.233 "GET /v2.0/security-groups?tenant_id=0d638a0c5d6b423e8dee25e06dd36c4d&name=default HTTP/1.1" status: 200 len: 2996 time: 0.3929079
2026-07-01 01:58:31.684 9 INFO neutron.wsgi [req-38a12d16-522e-4a90-b10a-1153835fcdec req-0fc70b28-1c7d-4ecd-8123-74794f313d9a e2063713a21b45579bf2e35990964e54 503e600e34f64130881a92b39f5c9339 - - default default] 10.0.0.99 "GET /v2.0/security-groups?id=414810d4-fc4d-442b-937d-ea847e9b3d5d&fields=id&fields=name HTTP/1.1" status: 200 len: 313 time: 0.0641031
2026-07-01 01:58:31.685 9 INFO neutron.db.l3_db [None req-7b3adb86-1f17-4c57-8151-40e8e5605996 1d0d861d1e214323bd9b0eb47ae8a0da 1b1b8089d392497ab232f6e97f3af6e1 - - - -] Floating IP 49ef3f36-7483-4a41-a01e-2e49836014e1 associated. External IP: 10.96.250.201, port: e60c698d-a3cb-4f13-a32c-6373cdf69553.
2026-07-01 01:58:31.895 9 INFO neutron.db.ovn_revision_numbers_db [None req-7b3adb86-1f17-4c57-8151-40e8e5605996 1d0d861d1e214323bd9b0eb47ae8a0da 1b1b8089d392497ab232f6e97f3af6e1 - - - -] Successfully bumped revision number for resource 49ef3f36-7483-4a41-a01e-2e49836014e1 (type: floatingips) to 1
2026-07-01 01:58:31.906 10 INFO neutron.wsgi [None req-7fcd59bf-36e0-40e5-ab50-02be7daa960c 9b571939479a498580735bdc942e9463 256fa9529dae44e492acb650cfd9e29a - - - -] 10.0.0.233 "DELETE /v2.0/security-groups/f7417ea9-6b08-4b28-8277-95b69ee94306 HTTP/1.1" status: 204 len: 168 time: 0.2765429
2026-07-01 01:58:31.969 10 INFO neutron.db.ovn_revision_numbers_db [None req-e342ec16-971d-44c0-971e-a5acf799665f aae27701c23e4f3485795741f75c7136 9ce8170728b84c68a63cf61818f32113 - - - -] Successfully bumped revision number for resource 25b90815-398c-483b-b99b-555e14198d5b (type: security_groups) to 1
2026-07-01 01:58:31.982 9 INFO neutron.wsgi [req-c537a63a-1f86-4859-841f-cf793e987b6d req-caae861d-06dd-4d62-91ed-7837ee716e57 e2063713a21b45579bf2e35990964e54 503e600e34f64130881a92b39f5c9339 - - default default] 199.19.213.244 "GET /v2.0/ports?device_id=07369ff3-6076-4a93-a659-216cf2585213 HTTP/1.1" status: 200 len: 1174 time: 0.0595274
2026-07-01 01:58:31.992 10 INFO neutron.wsgi [None req-e342ec16-971d-44c0-971e-a5acf799665f aae27701c23e4f3485795741f75c7136 9ce8170728b84c68a63cf61818f32113 - - - -] 10.0.0.233 "POST /v2.0/security-groups HTTP/1.1" status: 201 len: 1797 time: 0.1280289
2026-07-01 01:58:32.057 9 INFO neutron.db.ovn_revision_numbers_db [None req-7b3adb86-1f17-4c57-8151-40e8e5605996 1d0d861d1e214323bd9b0eb47ae8a0da 1b1b8089d392497ab232f6e97f3af6e1 - - - -] Successfully bumped revision number for resource 49ef3f36-7483-4a41-a01e-2e49836014e1 (type: floatingips) to 2
2026-07-01 01:58:32.100 9 INFO neutron.wsgi [None req-7b3adb86-1f17-4c57-8151-40e8e5605996 1d0d861d1e214323bd9b0eb47ae8a0da 1b1b8089d392497ab232f6e97f3af6e1 - - - -] 10.0.0.233 "PUT /v2.0/floatingips/49ef3f36-7483-4a41-a01e-2e49836014e1 HTTP/1.1" status: 200 len: 1050 time: 0.7051506
2026-07-01 01:58:32.123 10 INFO neutron.db.ovn_revision_numbers_db [None req-338cfed1-8f2e-4f27-aa80-354706e6c468 9b571939479a498580735bdc942e9463 256fa9529dae44e492acb650cfd9e29a - - default default] Successfully bumped revision number for resource 78be90fe-4240-438e-bc90-6741c2a8488f (type: security_groups) to 1
2026-07-01 01:58:32.142 10 INFO neutron.wsgi [None req-338cfed1-8f2e-4f27-aa80-354706e6c468 9b571939479a498580735bdc942e9463 256fa9529dae44e492acb650cfd9e29a - - default default] 10.0.0.233 "GET /v2.0/security-groups?tenant_id=a2a7f3f997124da6bb3c4c700ae6097f&name=default HTTP/1.1" status: 200 len: 2996 time: 0.0866218
2026-07-01 01:58:32.193 9 INFO neutron.wsgi [req-34a26617-627f-446f-b61d-e111d90f5c26 req-a458cd33-ba42-46f2-bded-9e08561c23d0 1d0d861d1e214323bd9b0eb47ae8a0da 1b1b8089d392497ab232f6e97f3af6e1 - - default default] 10.0.0.99 "GET /v2.0/ports?device_id=3c3c6632-4999-49c5-9ed7-509f570a0b4a HTTP/1.1" status: 200 len: 1174 time: 0.0487404
2026-07-01 01:58:32.231 9 INFO neutron.db.ovn_revision_numbers_db [None req-db317d9f-f979-49f0-b86c-436fa515a22e aae27701c23e4f3485795741f75c7136 9ce8170728b84c68a63cf61818f32113 - - - -] Successfully bumped revision number for resource 55a5980c-2474-45f0-9774-b7b3a80978ea (type: security_group_rules) to 0
2026-07-01 01:58:32.256 9 INFO neutron.wsgi [req-34a26617-627f-446f-b61d-e111d90f5c26 req-acad041c-dcec-4ff6-889d-b5c0ba3f85e9 1d0d861d1e214323bd9b0eb47ae8a0da 1b1b8089d392497ab232f6e97f3af6e1 - - default default] 10.0.0.99 "GET /v2.0/security-groups?id=c74c7f2c-91d2-4a91-9a9b-097ee323898f&fields=id&fields=name HTTP/1.1" status: 200 len: 313 time: 0.0430996
2026-07-01 01:58:32.289 9 INFO neutron.wsgi [None req-db317d9f-f979-49f0-b86c-436fa515a22e aae27701c23e4f3485795741f75c7136 9ce8170728b84c68a63cf61818f32113 - - - -] 10.0.0.233 "POST /v2.0/security-group-rules HTTP/1.1" status: 201 len: 764 time: 0.2895887
2026-07-01 01:58:32.301 10 INFO neutron.wsgi [None req-d1f356bc-3a67-4474-8c81-9b9737b0d704 9b571939479a498580735bdc942e9463 256fa9529dae44e492acb650cfd9e29a - - - -] 10.0.0.233 "DELETE /v2.0/security-groups/78be90fe-4240-438e-bc90-6741c2a8488f HTTP/1.1" status: 204 len: 168 time: 0.1553144
2026-07-01 01:58:32.641 9 INFO neutron.db.l3_db [None req-6a866710-95c5-41fc-9880-08d7957bbec7 e2063713a21b45579bf2e35990964e54 503e600e34f64130881a92b39f5c9339 - - - -] Floating IP 8795d979-218f-40a1-973a-1e8403c11fe5 disassociated. External IP: 10.96.250.202, port: 9f0a4cf7-c944-40ff-b254-48e1fab4ec8b.
2026-07-01 01:58:32.675 9 INFO neutron.db.ovn_revision_numbers_db [None req-e449782e-5395-433e-b283-4922a252204f aae27701c23e4f3485795741f75c7136 9ce8170728b84c68a63cf61818f32113 - - - -] Successfully bumped revision number for resource 77185339-bb36-4bd9-8cf1-45246a23ad85 (type: security_group_rules) to 0
2026-07-01 01:58:32.714 9 INFO neutron.wsgi [None req-e449782e-5395-433e-b283-4922a252204f aae27701c23e4f3485795741f75c7136 9ce8170728b84c68a63cf61818f32113 - - - -] 10.0.0.233 "POST /v2.0/security-group-rules HTTP/1.1" status: 201 len: 769 time: 0.4213979
2026-07-01 01:58:32.795 9 INFO neutron.wsgi [req-ba497d06-9e73-429f-ad42-d3bdc722acc1 req-18a581eb-0418-4a2e-9f5b-c81298216943 e2063713a21b45579bf2e35990964e54 503e600e34f64130881a92b39f5c9339 - - default default] 10.0.0.99 "GET /v2.0/ports?device_id=07369ff3-6076-4a93-a659-216cf2585213 HTTP/1.1" status: 200 len: 1174 time: 0.0455253
2026-07-01 01:58:32.821 9 INFO neutron.wsgi [None req-6a866710-95c5-41fc-9880-08d7957bbec7 e2063713a21b45579bf2e35990964e54 503e600e34f64130881a92b39f5c9339 - - - -] 199.19.213.244 "DELETE /v2.0/ports/9f0a4cf7-c944-40ff-b254-48e1fab4ec8b HTTP/1.1" status: 204 len: 173 time: 0.8333175
2026-07-01 01:58:32.838 9 INFO neutron.wsgi [req-ba497d06-9e73-429f-ad42-d3bdc722acc1 req-b833356f-ad3e-492d-a09a-79f47270df69 e2063713a21b45579bf2e35990964e54 503e600e34f64130881a92b39f5c9339 - - default default] 10.0.0.99 "GET /v2.0/security-groups?id=414810d4-fc4d-442b-937d-ea847e9b3d5d&fields=id&fields=name HTTP/1.1" status: 200 len: 313 time: 0.0349491
