2026-07-01 01:59:49.662 10 INFO neutron.wsgi [None req-74778471-87bb-450f-b1ec-088d5d528b03 943bb7b1f16f444c95d4cf16891580cb 592dec84665542b0bdec77d8f5b2124f - - default default] 10.0.0.233 "GET /v2.0/ports?device_id=2fff494c-bdec-427c-9634-8972f4295828 HTTP/1.1" status: 200 len: 205 time: 0.0303953
2026-07-01 01:59:49.961 10 INFO neutron.wsgi [None req-126877d6-5dcb-4614-96a2-1e9048517272 943bb7b1f16f444c95d4cf16891580cb 592dec84665542b0bdec77d8f5b2124f - - - -] 10.0.0.233 "DELETE /v2.0/routers/2fff494c-bdec-427c-9634-8972f4295828 HTTP/1.1" status: 204 len: 168 time: 0.2948966
2026-07-01 01:59:49.972 10 INFO neutron.wsgi [None req-09defbce-6542-4a9c-9e6d-1568a0cda0fe 9b571939479a498580735bdc942e9463 256fa9529dae44e492acb650cfd9e29a - - - -] 10.0.0.233 "DELETE /v2.0/security-groups/0ec3bfb4-c826-4aca-93fb-49c396574741 HTTP/1.1" status: 204 len: 168 time: 0.4309618 /var/lib/openstack/lib/python3.10/site-packages/pycadf/identifier.py:71: UserWarning: Invalid uuid: neutron. To ensure interoperability, identifiers should be a valid uuid. warnings.warn(('Invalid uuid: %s. To ensure interoperability, '
2026-07-01 01:59:50.089 10 INFO neutron.wsgi [None req-bfba3565-bb5a-4bb8-aaf8-6e04e45450d9 ce398223850048f48ac2770285b933f4 0a53d87c15c0476d9cc6db8bf3a071f6 - - - -] 10.0.0.233 "PUT /v2.0/routers/5f8b6687-f7ab-498d-b619-b29854a9e923/remove_router_interface HTTP/1.1" status: 200 len: 503 time: 0.8722084 /var/lib/openstack/lib/python3.10/site-packages/pycadf/identifier.py:71: UserWarning: Invalid uuid: neutron. To ensure interoperability, identifiers should be a valid uuid. warnings.warn(('Invalid uuid: %s. To ensure interoperability, '
2026-07-01 01:59:50.187 9 INFO neutron.wsgi [None req-62c6236d-c436-40df-b59f-584195dc9865 943bb7b1f16f444c95d4cf16891580cb 592dec84665542b0bdec77d8f5b2124f - - - -] 10.0.0.233 "DELETE /v2.0/subnets/91527cc9-0ade-407a-9328-631f590d10bd HTTP/1.1" status: 204 len: 168 time: 0.2176812
2026-07-01 01:59:50.405 10 INFO neutron.api.v2.resource [None req-e5c11b16-7ea7-49a9-8db6-cd58c9ffb558 ce398223850048f48ac2770285b933f4 0a53d87c15c0476d9cc6db8bf3a071f6 - - default default] remove_router_interface failed (client error): The resource could not be found.
2026-07-01 01:59:50.408 10 INFO neutron.wsgi [None req-e5c11b16-7ea7-49a9-8db6-cd58c9ffb558 ce398223850048f48ac2770285b933f4 0a53d87c15c0476d9cc6db8bf3a071f6 - - default default] 10.0.0.233 "PUT /v2.0/routers/5f8b6687-f7ab-498d-b619-b29854a9e923/remove_router_interface HTTP/1.1" status: 404 len: 398 time: 0.3145790
2026-07-01 01:59:50.435 10 INFO neutron.wsgi [None req-dff3b4fe-a45d-482f-af19-c34de7015950 ce398223850048f48ac2770285b933f4 0a53d87c15c0476d9cc6db8bf3a071f6 - - default default] 10.0.0.233 "GET /v2.0/ports?device_id=5f8b6687-f7ab-498d-b619-b29854a9e923 HTTP/1.1" status: 200 len: 205 time: 0.0182290
2026-07-01 01:59:50.620 9 INFO neutron.wsgi [None req-f04cbed0-b049-4f6c-bde5-24197923c17c 943bb7b1f16f444c95d4cf16891580cb 592dec84665542b0bdec77d8f5b2124f - - - -] 10.0.0.233 "DELETE /v2.0/networks/e8b6130b-7419-4267-8c4a-8e88734661c4 HTTP/1.1" status: 204 len: 168 time: 0.4284046
2026-07-01 01:59:50.669 10 INFO neutron.wsgi [None req-3b1e1ea9-9398-4acc-80a3-517cdec15367 ce398223850048f48ac2770285b933f4 0a53d87c15c0476d9cc6db8bf3a071f6 - - - -] 10.0.0.233 "DELETE /v2.0/routers/5f8b6687-f7ab-498d-b619-b29854a9e923 HTTP/1.1" status: 204 len: 168 time: 0.2165933
2026-07-01 01:59:50.880 10 INFO neutron.wsgi [None req-5546d5bd-d8c4-4eeb-ab78-c24b60ff5950 ce398223850048f48ac2770285b933f4 0a53d87c15c0476d9cc6db8bf3a071f6 - - - -] 10.0.0.233 "DELETE /v2.0/subnets/9c507915-d6e1-47b1-b369-264e65108efd HTTP/1.1" status: 204 len: 168 time: 0.2062478
2026-07-01 01:59:51.011 10 INFO neutron.wsgi [req-52413e07-d29a-4294-b85b-e8c0d8e38603 req-a46cc6ed-996c-4cf5-82f5-b56d11e36538 bfdbc125d5fd42e79df01e0c334a08af 9b740d9fdd404603b1c940319baf4b57 - - a80c53bc475c4aaaad0fa931d560e4d6 a80c53bc475c4aaaad0fa931d560e4d6] 10.0.0.180 "GET /v2.0/ports?device_id=35523b2d-78c1-4104-80e0-0c211abb7ed0 HTTP/1.1" status: 200 len: 1365 time: 0.2461855
2026-07-01 01:59:51.093 10 INFO neutron.wsgi [req-52413e07-d29a-4294-b85b-e8c0d8e38603 req-9aaa8031-1b3a-4d20-aea6-e8e8beadbc18 bfdbc125d5fd42e79df01e0c334a08af 9b740d9fdd404603b1c940319baf4b57 - - a80c53bc475c4aaaad0fa931d560e4d6 a80c53bc475c4aaaad0fa931d560e4d6] 10.0.0.180 "GET /v2.0/security-groups?id=1dd8199c-2391-41f9-ab10-733a97179a64&fields=id&fields=name HTTP/1.1" status: 200 len: 313 time: 0.0776176
2026-07-01 01:59:51.201 9 WARNING neutron.scheduler.dhcp_agent_scheduler [None req-6abcb414-87e0-4ef3-aa82-1c0a43a12a85 943bb7b1f16f444c95d4cf16891580cb 592dec84665542b0bdec77d8f5b2124f - - - -] No more DHCP agents
2026-07-01 01:59:51.203 9 WARNING neutron.api.rpc.agentnotifiers.dhcp_rpc_agent_api [None req-6abcb414-87e0-4ef3-aa82-1c0a43a12a85 943bb7b1f16f444c95d4cf16891580cb 592dec84665542b0bdec77d8f5b2124f - - - -] Unable to schedule network d2937ef6-6346-4e41-a232-804f4cbbe706: no agents available; will retry on subsequent port and subnet creation events.
2026-07-01 01:59:51.242 10 INFO neutron.services.segments.plugin [-] Segment 55fa4931-73a0-40a2-bef2-797c856fdfc2 resource provider aggregate not found
2026-07-01 01:59:51.248 10 INFO neutron.services.segments.plugin [-] Segment 55fa4931-73a0-40a2-bef2-797c856fdfc2 resource provider aggregate not found
2026-07-01 01:59:51.262 10 INFO neutron.services.segments.plugin [-] Segment 55fa4931-73a0-40a2-bef2-797c856fdfc2 resource provider not found; error: Placement Client Error (4xx): {"errors": [{"status": 404, "title": "Not Found", "detail": "The resource could not be found.\n\n No resource provider with uuid 55fa4931-73a0-40a2-bef2-797c856fdfc2 found for delete ", "request_id": "req-d7e4f805-e0a2-4492-9dd5-a0126d51f6e8"}]}
2026-07-01 01:59:51.272 10 INFO neutron.services.segments.plugin [-] Segment 55fa4931-73a0-40a2-bef2-797c856fdfc2 resource provider not found; error: Placement Client Error (4xx): {"errors": [{"status": 404, "title": "Not Found", "detail": "The resource could not be found.\n\n No resource provider with uuid 55fa4931-73a0-40a2-bef2-797c856fdfc2 found for delete ", "request_id": "req-66a9fb86-82d8-4d54-88c8-97e6aa8b6eac"}]}
2026-07-01 01:59:51.286 10 INFO neutron.wsgi [None req-cd3a5c74-79e5-4751-9f26-9d654a87b67a ce398223850048f48ac2770285b933f4 0a53d87c15c0476d9cc6db8bf3a071f6 - - - -] 10.0.0.233 "DELETE /v2.0/networks/d4770c35-39db-4bc1-a770-880563684d0e HTTP/1.1" status: 204 len: 168 time: 0.4023345
2026-07-01 01:59:51.332 9 INFO neutron.db.ovn_revision_numbers_db [None req-6abcb414-87e0-4ef3-aa82-1c0a43a12a85 943bb7b1f16f444c95d4cf16891580cb 592dec84665542b0bdec77d8f5b2124f - - - -] Successfully bumped revision number for resource e3dad74e-547e-4bbf-b0d5-fccb1f1260c4 (type: ports) to 1
2026-07-01 01:59:51.387 10 INFO neutron.db.segments_db [None req-52ae4a2e-c378-4a63-9f50-8ec948cf7282 ce398223850048f48ac2770285b933f4 0a53d87c15c0476d9cc6db8bf3a071f6 - - - -] Added segment 9630597a-d889-4d0a-8ddc-be92305a6305 of type geneve for network 22088224-2f7f-4ccd-a629-8e47f50a826a
2026-07-01 01:59:51.506 10 INFO neutron.db.ovn_revision_numbers_db [None req-52ae4a2e-c378-4a63-9f50-8ec948cf7282 ce398223850048f48ac2770285b933f4 0a53d87c15c0476d9cc6db8bf3a071f6 - - - -] Successfully bumped revision number for resource 22088224-2f7f-4ccd-a629-8e47f50a826a (type: networks) to 1
2026-07-01 01:59:51.587 9 INFO neutron.services.segments.plugin [-] Segment 71caa422-48a4-497f-a3e9-a75675cc042d resource provider aggregate not found
2026-07-01 01:59:51.595 9 INFO neutron.services.segments.plugin [-] Segment 71caa422-48a4-497f-a3e9-a75675cc042d resource provider aggregate not found
2026-07-01 01:59:51.629 9 INFO neutron.services.segments.plugin [-] Segment 71caa422-48a4-497f-a3e9-a75675cc042d resource provider not found; error: Placement Client Error (4xx): {"errors": [{"status": 404, "title": "Not Found", "detail": "The resource could not be found.\n\n No resource provider with uuid 71caa422-48a4-497f-a3e9-a75675cc042d found for delete ", "request_id": "req-9e876c1b-6017-4d0f-af61-2530e6b109f6"}]}
2026-07-01 01:59:51.630 9 INFO neutron.services.segments.plugin [-] Segment 71caa422-48a4-497f-a3e9-a75675cc042d resource provider not found; error: Placement Client Error (4xx): {"errors": [{"status": 404, "title": "Not Found", "detail": "The resource could not be found.\n\n No resource provider with uuid 71caa422-48a4-497f-a3e9-a75675cc042d found for delete ", "request_id": "req-20ae1c0a-47a3-45ae-9b43-1af1cbc6161b"}]}
2026-07-01 01:59:51.690 10 WARNING neutron.scheduler.dhcp_agent_scheduler [None req-52ae4a2e-c378-4a63-9f50-8ec948cf7282 ce398223850048f48ac2770285b933f4 0a53d87c15c0476d9cc6db8bf3a071f6 - - - -] No more DHCP agents
2026-07-01 01:59:51.692 10 WARNING neutron.api.rpc.agentnotifiers.dhcp_rpc_agent_api [None req-52ae4a2e-c378-4a63-9f50-8ec948cf7282 ce398223850048f48ac2770285b933f4 0a53d87c15c0476d9cc6db8bf3a071f6 - - - -] Unable to schedule network 22088224-2f7f-4ccd-a629-8e47f50a826a: no agents available; will retry on subsequent port and subnet creation events.
2026-07-01 01:59:51.747 10 INFO neutron.db.ovn_revision_numbers_db [None req-52ae4a2e-c378-4a63-9f50-8ec948cf7282 ce398223850048f48ac2770285b933f4 0a53d87c15c0476d9cc6db8bf3a071f6 - - - -] Successfully bumped revision number for resource 7050bfb1-ed01-4ae4-bbbc-78f7b50b2674 (type: ports) to 1
2026-07-01 01:59:51.764 10 INFO neutron.wsgi [None req-52ae4a2e-c378-4a63-9f50-8ec948cf7282 ce398223850048f48ac2770285b933f4 0a53d87c15c0476d9cc6db8bf3a071f6 - - - -] 10.0.0.233 "POST /v2.0/networks HTTP/1.1" status: 201 len: 828 time: 0.4711113
2026-07-01 01:59:51.881 9 INFO neutron.db.ovn_revision_numbers_db [None req-0c750e92-5dfc-45e3-8f3b-7e4b8dded5d2 744fd6589439476da91436f93d760563 6f3c6181f0ae45b3957ca71c551fa74d - - - -] Successfully bumped revision number for resource 53801d40-bbed-469b-afe6-3a5745efd1aa (type: security_groups) to 1
2026-07-01 01:59:51.933 9 INFO neutron.db.segments_db [None req-0c750e92-5dfc-45e3-8f3b-7e4b8dded5d2 744fd6589439476da91436f93d760563 6f3c6181f0ae45b3957ca71c551fa74d - - - -] Added segment 4374921d-4726-4e11-8eeb-6bfc138cce36 of type geneve for network ee708b8e-6a60-411e-98ba-9841bc3967c8
2026-07-01 01:59:51.996 10 WARNING neutron.scheduler.dhcp_agent_scheduler [None req-3c784dd8-b070-4038-aa4a-c04bdf971f44 ce398223850048f48ac2770285b933f4 0a53d87c15c0476d9cc6db8bf3a071f6 - - - -] No more DHCP agents
2026-07-01 01:59:51.998 10 WARNING neutron.api.rpc.agentnotifiers.dhcp_rpc_agent_api [None req-3c784dd8-b070-4038-aa4a-c04bdf971f44 ce398223850048f48ac2770285b933f4 0a53d87c15c0476d9cc6db8bf3a071f6 - - - -] Unable to schedule network 22088224-2f7f-4ccd-a629-8e47f50a826a: no agents available; will retry on subsequent port and subnet creation events.
2026-07-01 01:59:52.094 9 INFO neutron.db.ovn_revision_numbers_db [None req-0c750e92-5dfc-45e3-8f3b-7e4b8dded5d2 744fd6589439476da91436f93d760563 6f3c6181f0ae45b3957ca71c551fa74d - - - -] Successfully bumped revision number for resource ee708b8e-6a60-411e-98ba-9841bc3967c8 (type: networks) to 1
2026-07-01 01:59:52.200 9 INFO neutron.db.ovn_revision_numbers_db [None req-6abcb414-87e0-4ef3-aa82-1c0a43a12a85 943bb7b1f16f444c95d4cf16891580cb 592dec84665542b0bdec77d8f5b2124f - - - -] Successfully bumped revision number for resource e3dad74e-547e-4bbf-b0d5-fccb1f1260c4 (type: router_ports) to 1
2026-07-01 01:59:52.287 9 INFO neutron.db.ovn_revision_numbers_db [None req-6abcb414-87e0-4ef3-aa82-1c0a43a12a85 943bb7b1f16f444c95d4cf16891580cb 592dec84665542b0bdec77d8f5b2124f - - - -] Successfully bumped revision number for resource 2f283b32-24a9-4cc1-bfb2-263701e52e12 (type: routers) to 3
2026-07-01 01:59:52.313 9 INFO neutron.wsgi [None req-6abcb414-87e0-4ef3-aa82-1c0a43a12a85 943bb7b1f16f444c95d4cf16891580cb 592dec84665542b0bdec77d8f5b2124f - - - -] 10.0.0.233 "POST /v2.0/routers HTTP/1.1" status: 201 len: 872 time: 1.6812100
2026-07-01 01:59:52.341 9 WARNING neutron.scheduler.dhcp_agent_scheduler [None req-0c750e92-5dfc-45e3-8f3b-7e4b8dded5d2 744fd6589439476da91436f93d760563 6f3c6181f0ae45b3957ca71c551fa74d - - - -] No more DHCP agents
2026-07-01 01:59:52.344 9 WARNING neutron.api.rpc.agentnotifiers.dhcp_rpc_agent_api [None req-0c750e92-5dfc-45e3-8f3b-7e4b8dded5d2 744fd6589439476da91436f93d760563 6f3c6181f0ae45b3957ca71c551fa74d - - - -] Unable to schedule network ee708b8e-6a60-411e-98ba-9841bc3967c8: no agents available; will retry on subsequent port and subnet creation events.
2026-07-01 01:59:52.411 9 INFO neutron.wsgi [None req-54c2b772-d54d-43c0-a335-8575423cc57b 943bb7b1f16f444c95d4cf16891580cb 592dec84665542b0bdec77d8f5b2124f - - default default] 10.0.0.233 "GET /v2.0/routers/2f283b32-24a9-4cc1-bfb2-263701e52e12 HTTP/1.1" status: 200 len: 873 time: 0.0925593
2026-07-01 01:59:52.420 9 INFO neutron.db.ovn_revision_numbers_db [None req-0c750e92-5dfc-45e3-8f3b-7e4b8dded5d2 744fd6589439476da91436f93d760563 6f3c6181f0ae45b3957ca71c551fa74d - - - -] Successfully bumped revision number for resource 9bbde1f8-f10a-4436-85ed-a0f29f785f67 (type: ports) to 1
2026-07-01 01:59:52.437 9 INFO neutron.wsgi [None req-0c750e92-5dfc-45e3-8f3b-7e4b8dded5d2 744fd6589439476da91436f93d760563 6f3c6181f0ae45b3957ca71c551fa74d - - - -] 10.0.0.233 "POST /v2.0/networks HTTP/1.1" status: 201 len: 844 time: 0.8656900
2026-07-01 01:59:52.531 10 INFO neutron.wsgi [None req-d10423bc-96d4-4690-b414-f770b7b00adc 943bb7b1f16f444c95d4cf16891580cb 592dec84665542b0bdec77d8f5b2124f - - default default] 10.0.0.233 "GET /v2.0/routers HTTP/1.1" status: 200 len: 876 time: 0.1147580
2026-07-01 01:59:52.549 10 INFO neutron.db.ovn_revision_numbers_db [None req-3c784dd8-b070-4038-aa4a-c04bdf971f44 ce398223850048f48ac2770285b933f4 0a53d87c15c0476d9cc6db8bf3a071f6 - - - -] Successfully bumped revision number for resource 7050bfb1-ed01-4ae4-bbbc-78f7b50b2674 (type: ports) to 2
2026-07-01 01:59:52.561 10 INFO neutron.db.ovn_revision_numbers_db [None req-3c784dd8-b070-4038-aa4a-c04bdf971f44 ce398223850048f48ac2770285b933f4 0a53d87c15c0476d9cc6db8bf3a071f6 - - - -] Successfully bumped revision number for resource e6bbac6a-0bdc-4beb-b6fa-6a056ed2b5ce (type: subnets) to 0
2026-07-01 01:59:52.577 10 INFO neutron.wsgi [None req-3c784dd8-b070-4038-aa4a-c04bdf971f44 ce398223850048f48ac2770285b933f4 0a53d87c15c0476d9cc6db8bf3a071f6 - - - -] 10.0.0.233 "POST /v2.0/subnets HTTP/1.1" status: 201 len: 801 time: 0.8092089
2026-07-01 01:59:52.733 10 INFO neutron.db.ovn_revision_numbers_db [None req-9b6aefb8-5772-4ad7-8e9e-6f78265839e3 ce398223850048f48ac2770285b933f4 0a53d87c15c0476d9cc6db8bf3a071f6 - - - -] Successfully bumped revision number for resource ae0b7d75-842a-4509-9c2f-d178354f4201 (type: routers) to 1
2026-07-01 01:59:52.746 10 INFO neutron.wsgi [None req-9b6aefb8-5772-4ad7-8e9e-6f78265839e3 ce398223850048f48ac2770285b933f4 0a53d87c15c0476d9cc6db8bf3a071f6 - - - -] 10.0.0.233 "POST /v2.0/routers HTTP/1.1" status: 201 len: 686 time: 0.1635485
2026-07-01 01:59:52.917 9 WARNING neutron.scheduler.dhcp_agent_scheduler [None req-bf5fb387-ebda-4868-b143-19bb46fb26b8 744fd6589439476da91436f93d760563 6f3c6181f0ae45b3957ca71c551fa74d - - - -] No more DHCP agents
2026-07-01 01:59:52.921 9 WARNING neutron.api.rpc.agentnotifiers.dhcp_rpc_agent_api [None req-bf5fb387-ebda-4868-b143-19bb46fb26b8 744fd6589439476da91436f93d760563 6f3c6181f0ae45b3957ca71c551fa74d - - - -] Unable to schedule network ee708b8e-6a60-411e-98ba-9841bc3967c8: no agents available; will retry on subsequent port and subnet creation events.
2026-07-01 01:59:53.013 9 INFO neutron.db.ovn_revision_numbers_db [None req-bf5fb387-ebda-4868-b143-19bb46fb26b8 744fd6589439476da91436f93d760563 6f3c6181f0ae45b3957ca71c551fa74d - - - -] Successfully bumped revision number for resource 5f1b60f5-624c-4398-b8ac-7876b1bd2fd8 (type: ports) to 1
2026-07-01 01:59:53.053 9 INFO neutron.wsgi [None req-bf5fb387-ebda-4868-b143-19bb46fb26b8 744fd6589439476da91436f93d760563 6f3c6181f0ae45b3957ca71c551fa74d - - - -] 10.0.0.233 "POST /v2.0/ports HTTP/1.1" status: 201 len: 974 time: 0.6118886 /var/lib/openstack/lib/python3.10/site-packages/pycadf/identifier.py:71: UserWarning: Invalid uuid: neutron. To ensure interoperability, identifiers should be a valid uuid. warnings.warn(('Invalid uuid: %s. To ensure interoperability, '
2026-07-01 01:59:53.172 9 INFO neutron.db.segments_db [None req-0a1d6cef-3eb0-4288-8291-1e8c9612d385 744fd6589439476da91436f93d760563 6f3c6181f0ae45b3957ca71c551fa74d - - - -] Added segment 705365ef-9045-428b-aa70-3ec1bbc0bd34 of type geneve for network e8c42880-1266-473a-8c5e-e74f28c9cf3c
2026-07-01 01:59:53.262 9 INFO neutron.db.ovn_revision_numbers_db [None req-cc5bc63f-c650-4f57-805b-2c18505e274a 943bb7b1f16f444c95d4cf16891580cb 592dec84665542b0bdec77d8f5b2124f - - - -] Successfully bumped revision number for resource 2f283b32-24a9-4cc1-bfb2-263701e52e12 (type: routers) to 4
2026-07-01 01:59:53.264 9 INFO neutron.wsgi [None req-cc5bc63f-c650-4f57-805b-2c18505e274a 943bb7b1f16f444c95d4cf16891580cb 592dec84665542b0bdec77d8f5b2124f - - - -] 10.0.0.233 "PUT /v2.0/routers/2f283b32-24a9-4cc1-bfb2-263701e52e12 HTTP/1.1" status: 200 len: 880 time: 0.7263045
2026-07-01 01:59:53.346 9 INFO neutron.db.ovn_revision_numbers_db [None req-0a1d6cef-3eb0-4288-8291-1e8c9612d385 744fd6589439476da91436f93d760563 6f3c6181f0ae45b3957ca71c551fa74d - - - -] Successfully bumped revision number for resource e8c42880-1266-473a-8c5e-e74f28c9cf3c (type: networks) to 1
2026-07-01 01:59:53.357 10 WARNING neutron.scheduler.dhcp_agent_scheduler [None req-78cdf4ed-8499-4883-a81c-b9267842c2c1 ce398223850048f48ac2770285b933f4 0a53d87c15c0476d9cc6db8bf3a071f6 - - default default] No more DHCP agents
2026-07-01 01:59:53.359 10 WARNING neutron.api.rpc.agentnotifiers.dhcp_rpc_agent_api [None req-78cdf4ed-8499-4883-a81c-b9267842c2c1 ce398223850048f48ac2770285b933f4 0a53d87c15c0476d9cc6db8bf3a071f6 - - default default] Unable to schedule network 22088224-2f7f-4ccd-a629-8e47f50a826a: no agents available; will retry on subsequent port and subnet creation events.
2026-07-01 01:59:53.376 9 INFO neutron.wsgi [None req-8ab5d550-124c-4c92-ae68-6d85ebf765f0 943bb7b1f16f444c95d4cf16891580cb 592dec84665542b0bdec77d8f5b2124f - - default default] 10.0.0.233 "GET /v2.0/routers/2f283b32-24a9-4cc1-bfb2-263701e52e12 HTTP/1.1" status: 200 len: 880 time: 0.1071284
2026-07-01 01:59:53.410 10 INFO neutron.wsgi [None req-daa29e41-e975-4507-a100-5227bfc45ce9 943bb7b1f16f444c95d4cf16891580cb 592dec84665542b0bdec77d8f5b2124f - - default default] 10.0.0.233 "GET /v2.0/ports?device_id=2f283b32-24a9-4cc1-bfb2-263701e52e12 HTTP/1.1" status: 200 len: 205 time: 0.0261445
2026-07-01 01:59:53.517 9 WARNING neutron.scheduler.dhcp_agent_scheduler [None req-0a1d6cef-3eb0-4288-8291-1e8c9612d385 744fd6589439476da91436f93d760563 6f3c6181f0ae45b3957ca71c551fa74d - - - -] No more DHCP agents
2026-07-01 01:59:53.520 9 WARNING neutron.api.rpc.agentnotifiers.dhcp_rpc_agent_api [None req-0a1d6cef-3eb0-4288-8291-1e8c9612d385 744fd6589439476da91436f93d760563 6f3c6181f0ae45b3957ca71c551fa74d - - - -] Unable to schedule network e8c42880-1266-473a-8c5e-e74f28c9cf3c: no agents available; will retry on subsequent port and subnet creation events.
2026-07-01 01:59:53.561 10 INFO neutron.db.ovn_revision_numbers_db [None req-78cdf4ed-8499-4883-a81c-b9267842c2c1 ce398223850048f48ac2770285b933f4 0a53d87c15c0476d9cc6db8bf3a071f6 - - default default] Successfully bumped revision number for resource 0270b353-cc42-4467-9fe8-59961fd3efa4 (type: ports) to 1
2026-07-01 01:59:53.582 9 INFO neutron.db.ovn_revision_numbers_db [None req-0a1d6cef-3eb0-4288-8291-1e8c9612d385 744fd6589439476da91436f93d760563 6f3c6181f0ae45b3957ca71c551fa74d - - - -] Successfully bumped revision number for resource d1dba935-f6a3-477d-b934-1098f131ca4a (type: ports) to 1
2026-07-01 01:59:53.605 9 INFO neutron.wsgi [None req-0a1d6cef-3eb0-4288-8291-1e8c9612d385 744fd6589439476da91436f93d760563 6f3c6181f0ae45b3957ca71c551fa74d - - - -] 10.0.0.233 "POST /v2.0/networks HTTP/1.1" status: 201 len: 831 time: 0.5453725
2026-07-01 01:59:53.834 9 WARNING neutron.scheduler.dhcp_agent_scheduler [None req-2118e706-ba37-4ec6-b27b-43488c631b7a 744fd6589439476da91436f93d760563 6f3c6181f0ae45b3957ca71c551fa74d - - - -] No more DHCP agents
2026-07-01 01:59:53.836 9 WARNING neutron.api.rpc.agentnotifiers.dhcp_rpc_agent_api [None req-2118e706-ba37-4ec6-b27b-43488c631b7a 744fd6589439476da91436f93d760563 6f3c6181f0ae45b3957ca71c551fa74d - - - -] Unable to schedule network e8c42880-1266-473a-8c5e-e74f28c9cf3c: no agents available; will retry on subsequent port and subnet creation events.
2026-07-01 01:59:54.020 9 INFO neutron.plugins.ml2.drivers.ovn.mech_driver.mech_driver [None req-08900592-f8cc-49a0-863f-16f9cb69425f - - - - - -] OVN reports status up for port: 0270b353-cc42-4467-9fe8-59961fd3efa4
2026-07-01 01:59:54.024 10 INFO neutron.db.ovn_revision_numbers_db [None req-78cdf4ed-8499-4883-a81c-b9267842c2c1 ce398223850048f48ac2770285b933f4 0a53d87c15c0476d9cc6db8bf3a071f6 - - default default] Successfully bumped revision number for resource 0270b353-cc42-4467-9fe8-59961fd3efa4 (type: router_ports) to 2
2026-07-01 01:59:54.031 9 INFO neutron.plugins.ml2.plugin [None req-08900592-f8cc-49a0-863f-16f9cb69425f - - - - - -] Attempt 1 to provision port 0270b353-cc42-4467-9fe8-59961fd3efa4
2026-07-01 01:59:54.164 10 INFO neutron.wsgi [None req-572b433f-f1d6-4c52-8dca-0a1769c62c0c 943bb7b1f16f444c95d4cf16891580cb 592dec84665542b0bdec77d8f5b2124f - - - -] 10.0.0.233 "DELETE /v2.0/routers/2f283b32-24a9-4cc1-bfb2-263701e52e12 HTTP/1.1" status: 204 len: 168 time: 0.7484500
2026-07-01 01:59:54.192 10 INFO neutron.wsgi [None req-1b9ded74-a51e-4f28-8f11-6d8015e34a08 943bb7b1f16f444c95d4cf16891580cb 592dec84665542b0bdec77d8f5b2124f - - default default] 10.0.0.233 "GET /v2.0/ports?device_id=2f283b32-24a9-4cc1-bfb2-263701e52e12 HTTP/1.1" status: 200 len: 205 time: 0.0210371
2026-07-01 01:59:54.217 10 INFO neutron.api.v2.resource [None req-d514728d-8259-4c91-8c2b-047cbb84b013 943bb7b1f16f444c95d4cf16891580cb 592dec84665542b0bdec77d8f5b2124f - - - -] delete failed (client error): The resource could not be found.
2026-07-01 01:59:54.218 10 INFO neutron.wsgi [None req-d514728d-8259-4c91-8c2b-047cbb84b013 943bb7b1f16f444c95d4cf16891580cb 592dec84665542b0bdec77d8f5b2124f - - - -] 10.0.0.233 "DELETE /v2.0/routers/2f283b32-24a9-4cc1-bfb2-263701e52e12 HTTP/1.1" status: 404 len: 336 time: 0.0217898
2026-07-01 01:59:54.223 10 INFO neutron.db.ovn_revision_numbers_db [None req-78cdf4ed-8499-4883-a81c-b9267842c2c1 ce398223850048f48ac2770285b933f4 0a53d87c15c0476d9cc6db8bf3a071f6 - - default default] Successfully bumped revision number for resource 0270b353-cc42-4467-9fe8-59961fd3efa4 (type: ports) to 2
2026-07-01 01:59:54.245 10 INFO neutron.wsgi [None req-5ff1f91a-318c-4c2e-9965-a045a34ad6b4 943bb7b1f16f444c95d4cf16891580cb 592dec84665542b0bdec77d8f5b2124f - - default default] 10.0.0.233 "GET /v2.0/ports?device_id=2fff494c-bdec-427c-9634-8972f4295828 HTTP/1.1" status: 200 len: 205 time: 0.0226429
2026-07-01 01:59:54.273 10 INFO neutron.api.v2.resource [None req-386ba7ee-2278-4877-b2fe-2cdf037612fd 943bb7b1f16f444c95d4cf16891580cb 592dec84665542b0bdec77d8f5b2124f - - - -] delete failed (client error): The resource could not be found.
2026-07-01 01:59:54.274 10 INFO neutron.wsgi [None req-386ba7ee-2278-4877-b2fe-2cdf037612fd 943bb7b1f16f444c95d4cf16891580cb 592dec84665542b0bdec77d8f5b2124f - - - -] 10.0.0.233 "DELETE /v2.0/routers/2fff494c-bdec-427c-9634-8972f4295828 HTTP/1.1" status: 404 len: 336 time: 0.0254467
2026-07-01 01:59:54.321 10 INFO neutron.pecan_wsgi.hooks.translation [None req-61b5840a-e362-42ee-ab26-f2a3d7e6edfb 943bb7b1f16f444c95d4cf16891580cb 592dec84665542b0bdec77d8f5b2124f - - - -] DELETE failed (client error): The resource could not be found.
2026-07-01 01:59:54.323 10 INFO neutron.wsgi [None req-61b5840a-e362-42ee-ab26-f2a3d7e6edfb 943bb7b1f16f444c95d4cf16891580cb 592dec84665542b0bdec77d8f5b2124f - - - -] 10.0.0.233 "DELETE /v2.0/subnets/91527cc9-0ade-407a-9328-631f590d10bd HTTP/1.1" status: 404 len: 337 time: 0.0393257
2026-07-01 01:59:54.348 10 WARNING neutron.plugins.ml2.drivers.ovn.mech_driver.ovsdb.ovn_client [None req-10a0cd33-e977-4710-9e67-99741bf93d78 - - - - - -] No port found with ID 43d9e240-9982-4ab7-bd7b-eb78710d61bd: RuntimeError: No port found with ID 43d9e240-9982-4ab7-bd7b-eb78710d61bd
2026-07-01 01:59:54.348 10 INFO neutron.plugins.ml2.drivers.ovn.mech_driver.mech_driver [None req-10a0cd33-e977-4710-9e67-99741bf93d78 - - - - - -] OVN reports status up for port: eb183daf-bf40-40d0-ac9d-b2c215db1b7a
2026-07-01 01:59:54.360 10 INFO neutron.wsgi [None req-77d575a8-cd03-4413-89f7-8a4f8c7c06df 943bb7b1f16f444c95d4cf16891580cb 592dec84665542b0bdec77d8f5b2124f - - default default] 10.0.0.233 "GET /v2.0/ports?device_id=d701070f-3c58-4e24-be0b-d0395f277343 HTTP/1.1" status: 200 len: 205 time: 0.0278668
2026-07-01 01:59:54.361 10 WARNING neutron.scheduler.dhcp_agent_scheduler [None req-78cdf4ed-8499-4883-a81c-b9267842c2c1 ce398223850048f48ac2770285b933f4 0a53d87c15c0476d9cc6db8bf3a071f6 - - default default] No more DHCP agents
2026-07-01 01:59:54.362 10 WARNING neutron.api.rpc.agentnotifiers.dhcp_rpc_agent_api [None req-78cdf4ed-8499-4883-a81c-b9267842c2c1 ce398223850048f48ac2770285b933f4 0a53d87c15c0476d9cc6db8bf3a071f6 - - default default] Unable to schedule network 22088224-2f7f-4ccd-a629-8e47f50a826a: no agents available; will retry on subsequent port and subnet creation events.
2026-07-01 01:59:54.377 10 INFO neutron.plugins.ml2.drivers.ovn.mech_driver.mech_driver [None req-10a0cd33-e977-4710-9e67-99741bf93d78 - - - - - -] OVN reports status up for port: e3dad74e-547e-4bbf-b0d5-fccb1f1260c4
2026-07-01 01:59:54.401 10 INFO neutron.api.v2.resource [None req-73222688-47e8-4559-8c1c-8464a0defadf 943bb7b1f16f444c95d4cf16891580cb 592dec84665542b0bdec77d8f5b2124f - - - -] delete failed (client error): The resource could not be found.
2026-07-01 01:59:54.402 10 INFO neutron.wsgi [None req-73222688-47e8-4559-8c1c-8464a0defadf 943bb7b1f16f444c95d4cf16891580cb 592dec84665542b0bdec77d8f5b2124f - - - -] 10.0.0.233 "DELETE /v2.0/routers/d701070f-3c58-4e24-be0b-d0395f277343 HTTP/1.1" status: 404 len: 336 time: 0.0293469
2026-07-01 01:59:54.426 10 INFO neutron.pecan_wsgi.hooks.translation [None req-f70bf148-950c-4421-a0d0-906947a739e3 943bb7b1f16f444c95d4cf16891580cb 592dec84665542b0bdec77d8f5b2124f - - - -] DELETE failed (client error): The resource could not be found.
2026-07-01 01:59:54.428 10 INFO neutron.wsgi [None req-f70bf148-950c-4421-a0d0-906947a739e3 943bb7b1f16f444c95d4cf16891580cb 592dec84665542b0bdec77d8f5b2124f - - - -] 10.0.0.233 "DELETE /v2.0/subnets/ca44aab2-ef1a-4951-a9ab-b0f5f652643f HTTP/1.1" status: 404 len: 337 time: 0.0219445
2026-07-01 01:59:54.462 10 INFO neutron.wsgi [None req-5bfe6147-1e7e-4b9a-95d3-4cc4a08c98d6 943bb7b1f16f444c95d4cf16891580cb 592dec84665542b0bdec77d8f5b2124f - - default default] 10.0.0.233 "GET /v2.0/ports?device_id=615a6b2f-ff24-4b3e-ab43-84f8725aa56d HTTP/1.1" status: 200 len: 205 time: 0.0176404
2026-07-01 01:59:54.559 9 INFO neutron.db.ovn_revision_numbers_db [None req-2118e706-ba37-4ec6-b27b-43488c631b7a 744fd6589439476da91436f93d760563 6f3c6181f0ae45b3957ca71c551fa74d - - - -] Successfully bumped revision number for resource d1dba935-f6a3-477d-b934-1098f131ca4a (type: ports) to 2
2026-07-01 01:59:54.561 9 INFO neutron.db.ovn_revision_numbers_db [None req-08900592-f8cc-49a0-863f-16f9cb69425f - - - - - -] Successfully bumped revision number for resource 0270b353-cc42-4467-9fe8-59961fd3efa4 (type: ports) to 3
2026-07-01 01:59:54.616 9 INFO neutron.db.ovn_revision_numbers_db [None req-2118e706-ba37-4ec6-b27b-43488c631b7a 744fd6589439476da91436f93d760563 6f3c6181f0ae45b3957ca71c551fa74d - - - -] Successfully bumped revision number for resource 3dbf63b0-03da-4bfe-bbee-63413396fc8e (type: subnets) to 0
2026-07-01 01:59:54.633 9 INFO neutron.wsgi [None req-2118e706-ba37-4ec6-b27b-43488c631b7a 744fd6589439476da91436f93d760563 6f3c6181f0ae45b3957ca71c551fa74d - - - -] 10.0.0.233 "POST /v2.0/subnets HTTP/1.1" status: 201 len: 801 time: 1.0230999
2026-07-01 01:59:54.704 10 INFO neutron.api.v2.resource [None req-a09ec3bb-69e2-452c-8cfd-b4e397765ce8 943bb7b1f16f444c95d4cf16891580cb 592dec84665542b0bdec77d8f5b2124f - - - -] delete failed (client error): The resource could not be found.
2026-07-01 01:59:54.706 10 INFO neutron.wsgi [None req-a09ec3bb-69e2-452c-8cfd-b4e397765ce8 943bb7b1f16f444c95d4cf16891580cb 592dec84665542b0bdec77d8f5b2124f - - - -] 10.0.0.233 "DELETE /v2.0/routers/615a6b2f-ff24-4b3e-ab43-84f8725aa56d HTTP/1.1" status: 404 len: 336 time: 0.2339082
2026-07-01 01:59:54.716 9 INFO neutron.db.ovn_revision_numbers_db [None req-08900592-f8cc-49a0-863f-16f9cb69425f - - - - - -] Successfully bumped revision number for resource 0270b353-cc42-4467-9fe8-59961fd3efa4 (type: router_ports) to 3
2026-07-01 01:59:54.733 9 INFO neutron.pecan_wsgi.hooks.translation [None req-68953cf1-6fab-4e7d-acdd-e318b4e79b3c 943bb7b1f16f444c95d4cf16891580cb 592dec84665542b0bdec77d8f5b2124f - - - -] DELETE failed (client error): The resource could not be found.
2026-07-01 01:59:54.735 9 INFO neutron.wsgi [None req-68953cf1-6fab-4e7d-acdd-e318b4e79b3c 943bb7b1f16f444c95d4cf16891580cb 592dec84665542b0bdec77d8f5b2124f - - - -] 10.0.0.233 "DELETE /v2.0/subnets/8716affc-9890-4cc0-8ddd-1a32994ce974 HTTP/1.1" status: 404 len: 337 time: 0.0259843
2026-07-01 01:59:54.768 9 INFO neutron.pecan_wsgi.hooks.translation [None req-c4a73bb8-b180-4c60-99b8-66d2433870cb 943bb7b1f16f444c95d4cf16891580cb 592dec84665542b0bdec77d8f5b2124f - - - -] DELETE failed (client error): The resource could not be found.
2026-07-01 01:59:54.770 9 INFO neutron.wsgi [None req-c4a73bb8-b180-4c60-99b8-66d2433870cb 943bb7b1f16f444c95d4cf16891580cb 592dec84665542b0bdec77d8f5b2124f - - - -] 10.0.0.233 "DELETE /v2.0/subnets/e9027a96-3f85-42dc-971c-c76842a9235b HTTP/1.1" status: 404 len: 337 time: 0.0282533
2026-07-01 01:59:54.785 10 INFO neutron.db.ovn_revision_numbers_db [None req-78cdf4ed-8499-4883-a81c-b9267842c2c1 ce398223850048f48ac2770285b933f4 0a53d87c15c0476d9cc6db8bf3a071f6 - - - -] Successfully bumped revision number for resource 0270b353-cc42-4467-9fe8-59961fd3efa4 (type: router_ports) to 3
2026-07-01 01:59:54.788 10 INFO neutron.wsgi [None req-78cdf4ed-8499-4883-a81c-b9267842c2c1 ce398223850048f48ac2770285b933f4 0a53d87c15c0476d9cc6db8bf3a071f6 - - - -] 10.0.0.233 "PUT /v2.0/routers/ae0b7d75-842a-4509-9c2f-d178354f4201/add_router_interface HTTP/1.1" status: 200 len: 503 time: 2.0352240
2026-07-01 01:59:54.822 10 INFO neutron.wsgi [None req-d8f59635-ea7f-4419-b452-cf24225dd173 ce398223850048f48ac2770285b933f4 0a53d87c15c0476d9cc6db8bf3a071f6 - - default default] 10.0.0.233 "GET /v2.0/ports/0270b353-cc42-4467-9fe8-59961fd3efa4 HTTP/1.1" status: 200 len: 1137 time: 0.0287368
2026-07-01 01:59:54.855 10 INFO neutron.wsgi [None req-9b0b033c-befa-4a83-9f0a-98de82629fcc ce398223850048f48ac2770285b933f4 0a53d87c15c0476d9cc6db8bf3a071f6 - - default default] 10.0.0.233 "GET /v2.0/ports/0270b353-cc42-4467-9fe8-59961fd3efa4 HTTP/1.1" status: 200 len: 1137 time: 0.0281489
2026-07-01 01:59:55.013 9 WARNING neutron.scheduler.dhcp_agent_scheduler [None req-2b9bca29-8d78-43ac-a8e6-675b12aa4e60 744fd6589439476da91436f93d760563 6f3c6181f0ae45b3957ca71c551fa74d - - - -] No more DHCP agents
2026-07-01 01:59:55.016 9 WARNING neutron.api.rpc.agentnotifiers.dhcp_rpc_agent_api [None req-2b9bca29-8d78-43ac-a8e6-675b12aa4e60 744fd6589439476da91436f93d760563 6f3c6181f0ae45b3957ca71c551fa74d - - - -] Unable to schedule network e8c42880-1266-473a-8c5e-e74f28c9cf3c: no agents available; will retry on subsequent port and subnet creation events.
2026-07-01 01:59:55.192 9 INFO neutron.db.ovn_revision_numbers_db [None req-2b9bca29-8d78-43ac-a8e6-675b12aa4e60 744fd6589439476da91436f93d760563 6f3c6181f0ae45b3957ca71c551fa74d - - - -] Successfully bumped revision number for resource 3eaa879f-4fa1-4f0a-a441-7f7e37da6ec0 (type: ports) to 1
2026-07-01 01:59:55.220 9 INFO neutron.wsgi [None req-2b9bca29-8d78-43ac-a8e6-675b12aa4e60 744fd6589439476da91436f93d760563 6f3c6181f0ae45b3957ca71c551fa74d - - - -] 10.0.0.233 "POST /v2.0/ports HTTP/1.1" status: 201 len: 1149 time: 0.5819933 /var/lib/openstack/lib/python3.10/site-packages/pycadf/identifier.py:71: UserWarning: Invalid uuid: neutron. To ensure interoperability, identifiers should be a valid uuid. warnings.warn(('Invalid uuid: %s. To ensure interoperability, '
2026-07-01 01:59:55.408 9 INFO neutron.wsgi [req-cfbc2a64-186c-445b-8524-6ce9b8065742 req-0d9960b0-7c32-4b34-90de-b5451976c6af 813599a1fd6946baa2f63983943b0a03 4beab5a468f7470e94751f2ab677030a - - default default] 10.0.0.99 "GET /v2.0/ports?device_id=35523b2d-78c1-4104-80e0-0c211abb7ed0 HTTP/1.1" status: 200 len: 1174 time: 0.1170707
2026-07-01 01:59:55.464 9 INFO neutron.wsgi [None req-172853a7-c5be-47a1-a00d-3c424e20adf1 9b571939479a498580735bdc942e9463 256fa9529dae44e492acb650cfd9e29a - - default default] 10.0.0.233 "GET /v2.0/security-groups?tenant_id=592dec84665542b0bdec77d8f5b2124f&name=default HTTP/1.1" status: 200 len: 2996 time: 0.1704936
2026-07-01 01:59:55.467 9 INFO neutron.wsgi [req-cfbc2a64-186c-445b-8524-6ce9b8065742 req-242aca4d-d123-4738-ad2e-044936d20a0c 813599a1fd6946baa2f63983943b0a03 4beab5a468f7470e94751f2ab677030a - - default default] 10.0.0.99 "GET /v2.0/security-groups?id=1dd8199c-2391-41f9-ab10-733a97179a64&fields=id&fields=name HTTP/1.1" status: 200 len: 313 time: 0.0532937
2026-07-01 01:59:55.583 9 INFO neutron.wsgi [req-5d863fc9-1022-4bcf-ab86-82276e9e2526 req-8b24e400-a8f8-4f16-98ce-175c54f1e5f4 813599a1fd6946baa2f63983943b0a03 4beab5a468f7470e94751f2ab677030a - - default default] 10.0.0.99 "GET /v2.0/ports?device_id=35523b2d-78c1-4104-80e0-0c211abb7ed0 HTTP/1.1" status: 200 len: 1174 time: 0.0430324
2026-07-01 01:59:55.583 10 INFO neutron.wsgi [None req-a4c6bed7-d729-4049-8e6e-412fd61d70e1 ce398223850048f48ac2770285b933f4 0a53d87c15c0476d9cc6db8bf3a071f6 - - - -] 10.0.0.233 "PUT /v2.0/routers/ae0b7d75-842a-4509-9c2f-d178354f4201/remove_router_interface HTTP/1.1" status: 200 len: 503 time: 0.7237990
2026-07-01 01:59:55.612 9 INFO neutron.wsgi [None req-4c643ddf-d5ff-4d82-a059-ed05c9228991 ce398223850048f48ac2770285b933f4 0a53d87c15c0476d9cc6db8bf3a071f6 - - default default] 10.0.0.233 "GET /v2.0/ports?device_id=ae0b7d75-842a-4509-9c2f-d178354f4201 HTTP/1.1" status: 200 len: 205 time: 0.0247793
2026-07-01 01:59:55.654 9 INFO neutron.wsgi [req-5d863fc9-1022-4bcf-ab86-82276e9e2526 req-34b283fd-6fc2-4716-ae00-3adc200b3423 813599a1fd6946baa2f63983943b0a03 4beab5a468f7470e94751f2ab677030a - - default default] 10.0.0.99 "GET /v2.0/security-groups?id=1dd8199c-2391-41f9-ab10-733a97179a64&fields=id&fields=name HTTP/1.1" status: 200 len: 313 time: 0.0595884
2026-07-01 01:59:55.692 9 INFO neutron.wsgi [None req-9d8d716c-eafa-4b09-b1a3-08384d226cd4 744fd6589439476da91436f93d760563 6f3c6181f0ae45b3957ca71c551fa74d - - - -] 10.0.0.233 "DELETE /v2.0/ports/3eaa879f-4fa1-4f0a-a441-7f7e37da6ec0 HTTP/1.1" status: 204 len: 168 time: 0.4659204 /var/lib/openstack/lib/python3.10/site-packages/pycadf/identifier.py:71: UserWarning: Invalid uuid: neutron. To ensure interoperability, identifiers should be a valid uuid. warnings.warn(('Invalid uuid: %s. To ensure interoperability, '
2026-07-01 01:59:55.718 10 INFO neutron.pecan_wsgi.hooks.translation [None req-59b740cf-07eb-401d-a8a5-f7a394f2b052 744fd6589439476da91436f93d760563 6f3c6181f0ae45b3957ca71c551fa74d - - - -] DELETE failed (client error): The resource could not be found.
2026-07-01 01:59:55.720 10 INFO neutron.wsgi [None req-59b740cf-07eb-401d-a8a5-f7a394f2b052 744fd6589439476da91436f93d760563 6f3c6181f0ae45b3957ca71c551fa74d - - - -] 10.0.0.233 "DELETE /v2.0/ports/3eaa879f-4fa1-4f0a-a441-7f7e37da6ec0 HTTP/1.1" status: 404 len: 333 time: 0.0235698
2026-07-01 01:59:55.746 10 INFO neutron.pecan_wsgi.hooks.translation [None req-9bc9bb46-db64-4cec-aac5-4022854dd939 744fd6589439476da91436f93d760563 6f3c6181f0ae45b3957ca71c551fa74d - - default default] GET failed (client error): The resource could not be found.
2026-07-01 01:59:55.747 10 INFO neutron.wsgi [None req-9bc9bb46-db64-4cec-aac5-4022854dd939 744fd6589439476da91436f93d760563 6f3c6181f0ae45b3957ca71c551fa74d - - default default] 10.0.0.233 "GET /v2.0/ports/3eaa879f-4fa1-4f0a-a441-7f7e37da6ec0 HTTP/1.1" status: 404 len: 333 time: 0.0229287
2026-07-01 01:59:55.752 10 INFO neutron.wsgi [None req-da6b2c3c-d159-4af7-9100-ac86e9ea6bef 9b571939479a498580735bdc942e9463 256fa9529dae44e492acb650cfd9e29a - - - -] 10.0.0.233 "DELETE /v2.0/security-groups/ef65349f-57ce-42a6-afb2-622e2bfbe008 HTTP/1.1" status: 204 len: 168 time: 0.2822344
2026-07-01 01:59:55.825 9 INFO neutron.wsgi [None req-b77d9933-b851-469c-9b57-a2cfdb2c7006 ce398223850048f48ac2770285b933f4 0a53d87c15c0476d9cc6db8bf3a071f6 - - - -] 10.0.0.233 "DELETE /v2.0/routers/ae0b7d75-842a-4509-9c2f-d178354f4201 HTTP/1.1" status: 204 len: 168 time: 0.2047153
2026-07-01 01:59:55.951 10 INFO neutron.wsgi [None req-643b5692-dc9f-49f5-a70a-5b6dc8fe28f5 744fd6589439476da91436f93d760563 6f3c6181f0ae45b3957ca71c551fa74d - - - -] 10.0.0.233 "DELETE /v2.0/subnets/3dbf63b0-03da-4bfe-bbee-63413396fc8e HTTP/1.1" status: 204 len: 168 time: 0.1981702
2026-07-01 01:59:56.011 9 INFO neutron.wsgi [req-5bc93be9-be9b-4757-bbc5-e4bbe5be1dfa req-3b74b5d3-ff94-44e2-a761-8bbd9c2474c4 813599a1fd6946baa2f63983943b0a03 4beab5a468f7470e94751f2ab677030a - - default default] 10.0.0.99 "GET /v2.0/ports?device_id=35523b2d-78c1-4104-80e0-0c211abb7ed0 HTTP/1.1" status: 200 len: 1174 time: 0.0704036
2026-07-01 01:59:56.016 9 INFO neutron.wsgi [req-c8464f23-6323-47f5-950e-4a2608e84335 req-74e56e72-22fb-4701-9db0-1cd5fd41318b bfdbc125d5fd42e79df01e0c334a08af 9b740d9fdd404603b1c940319baf4b57 - - a80c53bc475c4aaaad0fa931d560e4d6 a80c53bc475c4aaaad0fa931d560e4d6] 199.19.213.244 "GET /v2.0/ports?tenant_id=4beab5a468f7470e94751f2ab677030a&device_id=35523b2d-78c1-4104-80e0-0c211abb7ed0 HTTP/1.1" status: 200 len: 1365 time: 0.0666056
2026-07-01 01:59:56.082 9 INFO neutron.wsgi [req-5bc93be9-be9b-4757-bbc5-e4bbe5be1dfa req-84af907b-04e9-457e-bad0-a02b8025d1d2 813599a1fd6946baa2f63983943b0a03 4beab5a468f7470e94751f2ab677030a - - default default] 10.0.0.99 "GET /v2.0/security-groups?id=1dd8199c-2391-41f9-ab10-733a97179a64&fields=id&fields=name HTTP/1.1" status: 200 len: 313 time: 0.0657437
2026-07-01 01:59:56.115 9 INFO neutron.wsgi [None req-ed7f4789-a454-4cf3-ac14-90548c3a55a3 ce398223850048f48ac2770285b933f4 0a53d87c15c0476d9cc6db8bf3a071f6 - - - -] 10.0.0.233 "DELETE /v2.0/subnets/e6bbac6a-0bdc-4beb-b6fa-6a056ed2b5ce HTTP/1.1" status: 204 len: 168 time: 0.2850678
2026-07-01 01:59:56.121 9 INFO neutron.wsgi [req-c8464f23-6323-47f5-950e-4a2608e84335 req-16eb3d0c-e6ab-44bb-b457-19e9a14492d0 bfdbc125d5fd42e79df01e0c334a08af 9b740d9fdd404603b1c940319baf4b57 - - a80c53bc475c4aaaad0fa931d560e4d6 a80c53bc475c4aaaad0fa931d560e4d6] 199.19.213.244 "GET /v2.0/networks?id=7a941619-efce-4e88-9a36-f4103c346b1b HTTP/1.1" status: 200 len: 973 time: 0.0923750
2026-07-01 01:59:56.181 9 INFO neutron.wsgi [req-c8464f23-6323-47f5-950e-4a2608e84335 req-54d83bbb-4421-48c9-a001-dd86c7f770ae bfdbc125d5fd42e79df01e0c334a08af 9b740d9fdd404603b1c940319baf4b57 - - a80c53bc475c4aaaad0fa931d560e4d6 a80c53bc475c4aaaad0fa931d560e4d6] 199.19.213.244 "GET /v2.0/floatingips?fixed_ip_address=10.100.0.13&port_id=0a36f4e9-c3ea-42d7-998b-e073112a196a HTTP/1.1" status: 200 len: 1060 time: 0.0532074
2026-07-01 01:59:56.239 9 INFO neutron.wsgi [req-c8464f23-6323-47f5-950e-4a2608e84335 req-6906b9dd-d93f-4a91-80a7-67dc9687a6e9 bfdbc125d5fd42e79df01e0c334a08af 9b740d9fdd404603b1c940319baf4b57 - - a80c53bc475c4aaaad0fa931d560e4d6 a80c53bc475c4aaaad0fa931d560e4d6] 199.19.213.244 "GET /v2.0/subnets?id=1b590337-bad8-4e7e-bc73-0cf8d4f27510 HTTP/1.1" status: 200 len: 868 time: 0.0467052
2026-07-01 01:59:56.271 9 INFO neutron.wsgi [req-c8464f23-6323-47f5-950e-4a2608e84335 req-fc6ea1e9-c1db-4544-aaad-7bbac9a7adff bfdbc125d5fd42e79df01e0c334a08af 9b740d9fdd404603b1c940319baf4b57 - - a80c53bc475c4aaaad0fa931d560e4d6 a80c53bc475c4aaaad0fa931d560e4d6] 199.19.213.244 "GET /v2.0/ports?network_id=7a941619-efce-4e88-9a36-f4103c346b1b&device_owner=network%3Adhcp HTTP/1.1" status: 200 len: 210 time: 0.0224085
2026-07-01 01:59:56.367 9 INFO neutron.wsgi [req-c8464f23-6323-47f5-950e-4a2608e84335 req-168ed710-21be-4d9b-a9f6-bfa1c02ae317 bfdbc125d5fd42e79df01e0c334a08af 9b740d9fdd404603b1c940319baf4b57 - - a80c53bc475c4aaaad0fa931d560e4d6 a80c53bc475c4aaaad0fa931d560e4d6] 199.19.213.244 "GET /v2.0/networks/7a941619-efce-4e88-9a36-f4103c346b1b?fields=segments HTTP/1.1" status: 200 len: 212 time: 0.0849512
2026-07-01 01:59:56.481 9 INFO neutron.wsgi [req-c8464f23-6323-47f5-950e-4a2608e84335 req-291ba7fb-5562-43f2-8c97-0c36f4c77f00 bfdbc125d5fd42e79df01e0c334a08af 9b740d9fdd404603b1c940319baf4b57 - - a80c53bc475c4aaaad0fa931d560e4d6 a80c53bc475c4aaaad0fa931d560e4d6] 199.19.213.244 "GET /v2.0/networks/7a941619-efce-4e88-9a36-f4103c346b1b?fields=provider%3Aphysical_network&fields=provider%3Anetwork_type HTTP/1.1" status: 200 len: 277 time: 0.1005633
2026-07-01 01:59:56.488 9 INFO neutron.services.segments.plugin [-] Segment 705365ef-9045-428b-aa70-3ec1bbc0bd34 resource provider aggregate not found
2026-07-01 01:59:56.494 9 INFO neutron.services.segments.plugin [-] Segment 705365ef-9045-428b-aa70-3ec1bbc0bd34 resource provider aggregate not found
2026-07-01 01:59:56.515 10 INFO neutron.services.segments.plugin [-] Segment 9630597a-d889-4d0a-8ddc-be92305a6305 resource provider aggregate not found
2026-07-01 01:59:56.515 9 INFO neutron.services.segments.plugin [-] Segment 705365ef-9045-428b-aa70-3ec1bbc0bd34 resource provider not found; error: Placement Client Error (4xx): {"errors": [{"status": 404, "title": "Not Found", "detail": "The resource could not be found.\n\n No resource provider with uuid 705365ef-9045-428b-aa70-3ec1bbc0bd34 found for delete ", "request_id": "req-6f507c9e-8ab1-459e-9317-34acba1c6e37"}]}
2026-07-01 01:59:56.521 10 INFO neutron.services.segments.plugin [-] Segment 9630597a-d889-4d0a-8ddc-be92305a6305 resource provider aggregate not found
2026-07-01 01:59:56.521 9 INFO neutron.services.segments.plugin [-] Segment 705365ef-9045-428b-aa70-3ec1bbc0bd34 resource provider not found; error: Placement Client Error (4xx): {"errors": [{"status": 404, "title": "Not Found", "detail": "The resource could not be found.\n\n No resource provider with uuid 705365ef-9045-428b-aa70-3ec1bbc0bd34 found for delete ", "request_id": "req-8c71591e-ad11-438f-acc7-eeeb5d455522"}]}
2026-07-01 01:59:56.546 10 INFO neutron.services.segments.plugin [-] Segment 9630597a-d889-4d0a-8ddc-be92305a6305 resource provider not found; error: Placement Client Error (4xx): {"errors": [{"status": 404, "title": "Not Found", "detail": "The resource could not be found.\n\n No resource provider with uuid 9630597a-d889-4d0a-8ddc-be92305a6305 found for delete ", "request_id": "req-d9f3ae52-77b7-494a-8acc-3d740ef89f97"}]}
2026-07-01 01:59:56.547 10 INFO neutron.services.segments.plugin [-] Segment 9630597a-d889-4d0a-8ddc-be92305a6305 resource provider not found; error: Placement Client Error (4xx): {"errors": [{"status": 404, "title": "Not Found", "detail": "The resource could not be found.\n\n No resource provider with uuid 9630597a-d889-4d0a-8ddc-be92305a6305 found for delete ", "request_id": "req-19faba88-b92b-4b74-99ca-dec7816e3a0e"}]}
2026-07-01 01:59:56.547 9 INFO neutron.wsgi [None req-3ec5d4bb-3b62-4d85-a6b4-2a54b469bacc 744fd6589439476da91436f93d760563 6f3c6181f0ae45b3957ca71c551fa74d - - - -] 10.0.0.233 "DELETE /v2.0/networks/e8c42880-1266-473a-8c5e-e74f28c9cf3c HTTP/1.1" status: 204 len: 168 time: 0.5853362
2026-07-01 01:59:56.586 10 INFO neutron.wsgi [None req-d484b41b-2c7e-4b7e-b068-029088b978a4 ce398223850048f48ac2770285b933f4 0a53d87c15c0476d9cc6db8bf3a071f6 - - - -] 10.0.0.233 "DELETE /v2.0/networks/22088224-2f7f-4ccd-a629-8e47f50a826a HTTP/1.1" status: 204 len: 168 time: 0.4652634
2026-07-01 01:59:56.638 10 INFO neutron.db.segments_db [None req-66d3ba2a-a480-47af-983e-87fa52992096 744fd6589439476da91436f93d760563 6f3c6181f0ae45b3957ca71c551fa74d - - - -] Added segment 6819c77a-3d9b-47c6-ba7d-a79f229d4a20 of type geneve for network 80fb9e83-bbbe-409e-83e6-c0e86a6b896a
2026-07-01 01:59:56.762 10 INFO neutron.db.ovn_revision_numbers_db [None req-66d3ba2a-a480-47af-983e-87fa52992096 744fd6589439476da91436f93d760563 6f3c6181f0ae45b3957ca71c551fa74d - - - -] Successfully bumped revision number for resource 80fb9e83-bbbe-409e-83e6-c0e86a6b896a (type: networks) to 1
2026-07-01 01:59:56.946 10 WARNING neutron.scheduler.dhcp_agent_scheduler [None req-66d3ba2a-a480-47af-983e-87fa52992096 744fd6589439476da91436f93d760563 6f3c6181f0ae45b3957ca71c551fa74d - - - -] No more DHCP agents
2026-07-01 01:59:56.953 10 WARNING neutron.api.rpc.agentnotifiers.dhcp_rpc_agent_api [None req-66d3ba2a-a480-47af-983e-87fa52992096 744fd6589439476da91436f93d760563 6f3c6181f0ae45b3957ca71c551fa74d - - - -] Unable to schedule network 80fb9e83-bbbe-409e-83e6-c0e86a6b896a: no agents available; will retry on subsequent port and subnet creation events.
2026-07-01 01:59:57.020 10 INFO neutron.db.ovn_revision_numbers_db [None req-66d3ba2a-a480-47af-983e-87fa52992096 744fd6589439476da91436f93d760563 6f3c6181f0ae45b3957ca71c551fa74d - - - -] Successfully bumped revision number for resource 3edb17c8-44b8-4022-a50f-4ac0658130c7 (type: ports) to 1
2026-07-01 01:59:57.038 10 INFO neutron.wsgi [None req-66d3ba2a-a480-47af-983e-87fa52992096 744fd6589439476da91436f93d760563 6f3c6181f0ae45b3957ca71c551fa74d - - - -] 10.0.0.233 "POST /v2.0/networks HTTP/1.1" status: 201 len: 831 time: 0.4851894
2026-07-01 01:59:57.190 9 INFO neutron.wsgi [req-f520e138-bfb3-4359-bf15-846479798ea7 req-f1f4909e-58f1-4740-bad4-5377dc37a293 813599a1fd6946baa2f63983943b0a03 4beab5a468f7470e94751f2ab677030a - - default default] 10.0.0.99 "GET /v2.0/ports?device_id=35523b2d-78c1-4104-80e0-0c211abb7ed0 HTTP/1.1" status: 200 len: 1174 time: 0.0418727
2026-07-01 01:59:57.230 10 INFO neutron.wsgi [-] 10.0.0.184 "GET / HTTP/1.1" status: 200 len: 246 time: 0.0019989
2026-07-01 01:59:57.231 10 INFO neutron.wsgi [-] 10.0.0.184 "GET / HTTP/1.1" status: 200 len: 246 time: 0.0011444
2026-07-01 01:59:57.234 9 INFO neutron.wsgi [req-f520e138-bfb3-4359-bf15-846479798ea7 req-c6381c32-b234-400f-946d-07ab296d8a3d 813599a1fd6946baa2f63983943b0a03 4beab5a468f7470e94751f2ab677030a - - default default] 10.0.0.99 "GET /v2.0/security-groups?id=1dd8199c-2391-41f9-ab10-733a97179a64&fields=id&fields=name HTTP/1.1" status: 200 len: 313 time: 0.0388010
2026-07-01 01:59:57.290 10 WARNING neutron.scheduler.dhcp_agent_scheduler [None req-2834c9e7-1f11-4362-af15-5e8a2cf55316 744fd6589439476da91436f93d760563 6f3c6181f0ae45b3957ca71c551fa74d - - - -] No more DHCP agents
2026-07-01 01:59:57.292 10 WARNING neutron.api.rpc.agentnotifiers.dhcp_rpc_agent_api [None req-2834c9e7-1f11-4362-af15-5e8a2cf55316 744fd6589439476da91436f93d760563 6f3c6181f0ae45b3957ca71c551fa74d - - - -] Unable to schedule network 80fb9e83-bbbe-409e-83e6-c0e86a6b896a: no agents available; will retry on subsequent port and subnet creation events.
2026-07-01 01:59:57.445 9 WARNING neutron.scheduler.dhcp_agent_scheduler [None req-829cc2c3-cff5-4e32-a7f0-7c1f1032325b ce398223850048f48ac2770285b933f4 0a53d87c15c0476d9cc6db8bf3a071f6 - - - -] No more DHCP agents
2026-07-01 01:59:57.447 9 WARNING neutron.api.rpc.agentnotifiers.dhcp_rpc_agent_api [None req-829cc2c3-cff5-4e32-a7f0-7c1f1032325b ce398223850048f48ac2770285b933f4 0a53d87c15c0476d9cc6db8bf3a071f6 - - - -] Unable to schedule network d2937ef6-6346-4e41-a232-804f4cbbe706: no agents available; will retry on subsequent port and subnet creation events.
2026-07-01 01:59:57.649 9 INFO neutron.db.ovn_revision_numbers_db [None req-829cc2c3-cff5-4e32-a7f0-7c1f1032325b ce398223850048f48ac2770285b933f4 0a53d87c15c0476d9cc6db8bf3a071f6 - - - -] Successfully bumped revision number for resource a3da5b61-5235-4a74-a390-fb1aaffefcee (type: ports) to 1
2026-07-01 01:59:57.770 10 INFO neutron.db.ovn_revision_numbers_db [None req-2834c9e7-1f11-4362-af15-5e8a2cf55316 744fd6589439476da91436f93d760563 6f3c6181f0ae45b3957ca71c551fa74d - - - -] Successfully bumped revision number for resource 3edb17c8-44b8-4022-a50f-4ac0658130c7 (type: ports) to 2
2026-07-01 01:59:57.789 10 INFO neutron.db.ovn_revision_numbers_db [None req-2834c9e7-1f11-4362-af15-5e8a2cf55316 744fd6589439476da91436f93d760563 6f3c6181f0ae45b3957ca71c551fa74d - - - -] Successfully bumped revision number for resource 6ef9bf7e-0380-48e9-add1-e1e78e8416ec (type: subnets) to 0
2026-07-01 01:59:57.805 10 INFO neutron.wsgi [None req-2834c9e7-1f11-4362-af15-5e8a2cf55316 744fd6589439476da91436f93d760563 6f3c6181f0ae45b3957ca71c551fa74d - - - -] 10.0.0.233 "POST /v2.0/subnets HTTP/1.1" status: 201 len: 801 time: 0.7618399
2026-07-01 01:59:57.851 9 INFO neutron.db.ovn_revision_numbers_db [None req-23bdff84-6b82-48c5-a94d-c34c820987ff 050b5d79ece74b18a4729dc98e139262 0c7d335349594ab5b9e44a800e476a99 - - - -] Successfully bumped revision number for resource f9a7b74e-59af-4232-8720-ebe23630ab3d (type: security_groups) to 1
2026-07-01 01:59:57.980 9 INFO neutron.db.ovn_revision_numbers_db [None req-23bdff84-6b82-48c5-a94d-c34c820987ff 050b5d79ece74b18a4729dc98e139262 0c7d335349594ab5b9e44a800e476a99 - - - -] Successfully bumped revision number for resource 7563980c-46b0-4612-a579-5c41ba96e76d (type: security_groups) to 1
2026-07-01 01:59:58.003 9 INFO neutron.wsgi [None req-23bdff84-6b82-48c5-a94d-c34c820987ff 050b5d79ece74b18a4729dc98e139262 0c7d335349594ab5b9e44a800e476a99 - - - -] 10.0.0.233 "POST /v2.0/security-groups HTTP/1.1" status: 201 len: 1760 time: 0.5689116
