2026-07-01 02:00:24.058 9 INFO neutron.wsgi [req-aec38129-3925-4d53-8d80-725a5d2d5f48 req-5f2df6df-0cd8-4696-886f-640a497dc8eb 6ec8f6d06fe24bbb8fdd5810dbd82771 1127ad323e684dff8fe366c2d0a52021 - - default default] 10.0.0.99 "GET /v2.0/ports?device_id=d3542218-7010-458b-840f-c016eae7cb7c HTTP/1.1" status: 200 len: 210 time: 0.0325825
2026-07-01 02:00:24.120 10 WARNING neutron.scheduler.dhcp_agent_scheduler [None req-caf56fa6-8f8d-4b06-b756-ab86c7059d68 9b571939479a498580735bdc942e9463 256fa9529dae44e492acb650cfd9e29a - - - -] No more DHCP agents
2026-07-01 02:00:24.122 10 WARNING neutron.api.rpc.agentnotifiers.dhcp_rpc_agent_api [None req-caf56fa6-8f8d-4b06-b756-ab86c7059d68 9b571939479a498580735bdc942e9463 256fa9529dae44e492acb650cfd9e29a - - - -] Unable to schedule network 4ecdc312-36fd-4bcb-a320-99266c1aec2e: no agents available; will retry on subsequent port and subnet creation events.
2026-07-01 02:00:24.237 9 INFO neutron.wsgi [None req-207d8d2d-c520-4aa8-af35-dcbae85d3424 9b571939479a498580735bdc942e9463 256fa9529dae44e492acb650cfd9e29a - - - -] 10.0.0.233 "DELETE /v2.0/security-groups/35a7cc32-e9ff-486b-a001-6b97f9ba043f HTTP/1.1" status: 204 len: 168 time: 0.1837890
2026-07-01 02:00:24.473 9 INFO neutron.db.ovn_revision_numbers_db [None req-f211832c-9ebc-4526-8f78-83e73b18df90 9b571939479a498580735bdc942e9463 256fa9529dae44e492acb650cfd9e29a - - default default] Successfully bumped revision number for resource cf3f5ae2-b990-4f69-a4bf-97ee879c6113 (type: security_groups) to 1
2026-07-01 02:00:24.494 9 INFO neutron.wsgi [None req-f211832c-9ebc-4526-8f78-83e73b18df90 9b571939479a498580735bdc942e9463 256fa9529dae44e492acb650cfd9e29a - - default default] 10.0.0.233 "GET /v2.0/security-groups?tenant_id=77a97415a7a3499d93be2b4be59a6c56&name=default HTTP/1.1" status: 200 len: 2996 time: 0.1361346
2026-07-01 02:00:24.646 10 INFO neutron.db.ovn_revision_numbers_db [None req-caf56fa6-8f8d-4b06-b756-ab86c7059d68 9b571939479a498580735bdc942e9463 256fa9529dae44e492acb650cfd9e29a - - - -] Successfully bumped revision number for resource 82705071-c2d8-4c20-9847-95b06711ac6d (type: ports) to 2
2026-07-01 02:00:24.657 10 INFO neutron.db.ovn_revision_numbers_db [None req-caf56fa6-8f8d-4b06-b756-ab86c7059d68 9b571939479a498580735bdc942e9463 256fa9529dae44e492acb650cfd9e29a - - - -] Successfully bumped revision number for resource 6f8d87d8-0741-4fb7-a462-0f303d67a498 (type: subnets) to 0
2026-07-01 02:00:24.673 10 INFO neutron.wsgi [None req-caf56fa6-8f8d-4b06-b756-ab86c7059d68 9b571939479a498580735bdc942e9463 256fa9529dae44e492acb650cfd9e29a - - - -] 10.0.0.233 "POST /v2.0/subnets HTTP/1.1" status: 201 len: 861 time: 0.7280362
2026-07-01 02:00:24.696 9 INFO neutron.wsgi [None req-414e90a2-40bb-45f4-ada4-451e509ce633 9b571939479a498580735bdc942e9463 256fa9529dae44e492acb650cfd9e29a - - - -] 10.0.0.233 "DELETE /v2.0/security-groups/cf3f5ae2-b990-4f69-a4bf-97ee879c6113 HTTP/1.1" status: 204 len: 168 time: 0.1982770
2026-07-01 02:00:24.737 9 INFO neutron.wsgi [req-67d3cddf-24cb-4f39-b47f-76f03f6a0209 req-8bba99a4-9d1a-4c2e-b5d2-50c750792d56 6ec8f6d06fe24bbb8fdd5810dbd82771 1127ad323e684dff8fe366c2d0a52021 - - default default] 199.19.213.244 "GET /v2.0/networks?id=61774fd2-9f45-49dd-86d1-3e142df75954 HTTP/1.1" status: 200 len: 860 time: 0.0747738
2026-07-01 02:00:24.782 9 INFO neutron.wsgi [req-67d3cddf-24cb-4f39-b47f-76f03f6a0209 req-d9e326ec-8132-4b4c-aec7-fa9d8f86bacc 6ec8f6d06fe24bbb8fdd5810dbd82771 1127ad323e684dff8fe366c2d0a52021 - - default default] 199.19.213.244 "GET /v2.0/security-groups?fields=id&fields=name&tenant_id=1127ad323e684dff8fe366c2d0a52021 HTTP/1.1" status: 200 len: 378 time: 0.0401933
2026-07-01 02:00:25.012 10 INFO neutron.db.ovn_revision_numbers_db [None req-04285026-afa1-4a20-8591-939a2fd2471e 9b571939479a498580735bdc942e9463 256fa9529dae44e492acb650cfd9e29a - - default default] Successfully bumped revision number for resource 4b86314d-c231-4a3a-b82c-660ba5ddb01f (type: security_groups) to 1
2026-07-01 02:00:25.043 10 INFO neutron.wsgi [None req-04285026-afa1-4a20-8591-939a2fd2471e 9b571939479a498580735bdc942e9463 256fa9529dae44e492acb650cfd9e29a - - default default] 10.0.0.233 "GET /v2.0/security-groups?tenant_id=6dc02f81d9bf46659b7fa62f9f1e0b3e&name=default HTTP/1.1" status: 200 len: 2996 time: 0.2190425
2026-07-01 02:00:25.070 9 WARNING neutron.scheduler.dhcp_agent_scheduler [None req-39afc567-6c4a-450c-b5f1-b0591ebb5494 6ec8f6d06fe24bbb8fdd5810dbd82771 1127ad323e684dff8fe366c2d0a52021 - - - -] No more DHCP agents
2026-07-01 02:00:25.072 9 WARNING neutron.api.rpc.agentnotifiers.dhcp_rpc_agent_api [None req-39afc567-6c4a-450c-b5f1-b0591ebb5494 6ec8f6d06fe24bbb8fdd5810dbd82771 1127ad323e684dff8fe366c2d0a52021 - - - -] Unable to schedule network 61774fd2-9f45-49dd-86d1-3e142df75954: no agents available; will retry on subsequent port and subnet creation events. /var/lib/openstack/lib/python3.10/site-packages/pycadf/identifier.py:71: UserWarning: Invalid uuid: neutron. To ensure interoperability, identifiers should be a valid uuid. warnings.warn(('Invalid uuid: %s. To ensure interoperability, '
2026-07-01 02:00:25.165 9 INFO neutron.wsgi [req-0662324e-ecce-47c0-8dae-bb1ebf1393fa req-0ce60417-dcb5-47aa-9376-f9d9378b57d9 6ec8f6d06fe24bbb8fdd5810dbd82771 1127ad323e684dff8fe366c2d0a52021 - - default default] 10.0.0.99 "GET /v2.0/ports?device_id=d3542218-7010-458b-840f-c016eae7cb7c HTTP/1.1" status: 200 len: 1160 time: 0.0404923
2026-07-01 02:00:25.219 9 INFO neutron.wsgi [req-0662324e-ecce-47c0-8dae-bb1ebf1393fa req-0b91ac79-baad-437e-be7e-e44f30497aa7 6ec8f6d06fe24bbb8fdd5810dbd82771 1127ad323e684dff8fe366c2d0a52021 - - default default] 10.0.0.99 "GET /v2.0/security-groups?id=2d52c72c-b22a-4d0e-9e84-841de2971874&fields=id&fields=name HTTP/1.1" status: 200 len: 311 time: 0.0397689
2026-07-01 02:00:25.278 9 INFO neutron.db.ovn_revision_numbers_db [None req-39afc567-6c4a-450c-b5f1-b0591ebb5494 6ec8f6d06fe24bbb8fdd5810dbd82771 1127ad323e684dff8fe366c2d0a52021 - - - -] Successfully bumped revision number for resource 7107ce57-b543-4fde-86e4-d49260aaae1d (type: ports) to 1
2026-07-01 02:00:25.288 10 WARNING neutron.scheduler.dhcp_agent_scheduler [None req-822a21f8-d66a-41df-926e-c4325d3cfab1 9b571939479a498580735bdc942e9463 256fa9529dae44e492acb650cfd9e29a - - - -] No more DHCP agents
2026-07-01 02:00:25.290 10 WARNING neutron.api.rpc.agentnotifiers.dhcp_rpc_agent_api [None req-822a21f8-d66a-41df-926e-c4325d3cfab1 9b571939479a498580735bdc942e9463 256fa9529dae44e492acb650cfd9e29a - - - -] Unable to schedule network d2937ef6-6346-4e41-a232-804f4cbbe706: no agents available; will retry on subsequent port and subnet creation events.
2026-07-01 02:00:25.299 9 INFO neutron.wsgi [None req-39afc567-6c4a-450c-b5f1-b0591ebb5494 6ec8f6d06fe24bbb8fdd5810dbd82771 1127ad323e684dff8fe366c2d0a52021 - - - -] 199.19.213.244 "POST /v2.0/ports HTTP/1.1" status: 201 len: 1162 time: 0.5114763
2026-07-01 02:00:25.356 10 INFO neutron.wsgi [None req-f6d4e642-e457-4499-b4e2-e495d221326e 9b571939479a498580735bdc942e9463 256fa9529dae44e492acb650cfd9e29a - - - -] 10.0.0.233 "DELETE /v2.0/security-groups/4b86314d-c231-4a3a-b82c-660ba5ddb01f HTTP/1.1" status: 204 len: 168 time: 0.3029711
2026-07-01 02:00:25.444 10 INFO neutron.db.ovn_revision_numbers_db [None req-822a21f8-d66a-41df-926e-c4325d3cfab1 9b571939479a498580735bdc942e9463 256fa9529dae44e492acb650cfd9e29a - - - -] Successfully bumped revision number for resource 232047da-818a-4913-94df-d6dac458af9c (type: ports) to 1
2026-07-01 02:00:25.702 9 INFO neutron.db.ovn_revision_numbers_db [None req-585fa05e-bb9d-4aac-a28d-36d608747010 bfdbc125d5fd42e79df01e0c334a08af 9b740d9fdd404603b1c940319baf4b57 - - - -] Successfully bumped revision number for resource 7107ce57-b543-4fde-86e4-d49260aaae1d (type: ports) to 2
2026-07-01 02:00:25.780 10 INFO neutron.db.ovn_revision_numbers_db [None req-4e18e2f9-2dd6-4f37-b69b-7ee11447d374 9b571939479a498580735bdc942e9463 256fa9529dae44e492acb650cfd9e29a - - default default] Successfully bumped revision number for resource 4418e10e-b6af-4218-aa4f-ca7026a5a8ec (type: security_groups) to 1
2026-07-01 02:00:25.808 10 INFO neutron.wsgi [None req-4e18e2f9-2dd6-4f37-b69b-7ee11447d374 9b571939479a498580735bdc942e9463 256fa9529dae44e492acb650cfd9e29a - - default default] 10.0.0.233 "GET /v2.0/security-groups?tenant_id=00f51c5cb40c482d90829fb862137795&name=default HTTP/1.1" status: 200 len: 2996 time: 0.4319484
2026-07-01 02:00:25.885 9 INFO neutron.db.ovn_revision_numbers_db [None req-585fa05e-bb9d-4aac-a28d-36d608747010 bfdbc125d5fd42e79df01e0c334a08af 9b740d9fdd404603b1c940319baf4b57 - - - -] Successfully bumped revision number for resource 7107ce57-b543-4fde-86e4-d49260aaae1d (type: ports) to 2
2026-07-01 02:00:25.900 9 INFO neutron.wsgi [None req-585fa05e-bb9d-4aac-a28d-36d608747010 bfdbc125d5fd42e79df01e0c334a08af 9b740d9fdd404603b1c940319baf4b57 - - - -] 199.19.213.244 "PUT /v2.0/ports/7107ce57-b543-4fde-86e4-d49260aaae1d HTTP/1.1" status: 200 len: 1332 time: 0.5936282 /var/lib/openstack/lib/python3.10/site-packages/pycadf/identifier.py:71: UserWarning: Invalid uuid: neutron. To ensure interoperability, identifiers should be a valid uuid. warnings.warn(('Invalid uuid: %s. To ensure interoperability, '
2026-07-01 02:00:25.946 9 INFO neutron.notifiers.nova [-] Nova event matching ['req-c10d20e3-09c6-49ed-9e8a-d9c3e294071c'] response: {'name': 'network-changed', 'server_uuid': 'd3542218-7010-458b-840f-c016eae7cb7c', 'tag': '7107ce57-b543-4fde-86e4-d49260aaae1d', 'status': 'completed', 'code': 200}
2026-07-01 02:00:25.971 9 INFO neutron.wsgi [req-67d3cddf-24cb-4f39-b47f-76f03f6a0209 req-284c1091-a397-4e73-acff-34aa999fcb42 bfdbc125d5fd42e79df01e0c334a08af 9b740d9fdd404603b1c940319baf4b57 - - a80c53bc475c4aaaad0fa931d560e4d6 a80c53bc475c4aaaad0fa931d560e4d6] 199.19.213.244 "GET /v2.0/ports?tenant_id=1127ad323e684dff8fe366c2d0a52021&device_id=d3542218-7010-458b-840f-c016eae7cb7c HTTP/1.1" status: 200 len: 1363 time: 0.0372784
2026-07-01 02:00:26.001 9 INFO neutron.wsgi [req-67d3cddf-24cb-4f39-b47f-76f03f6a0209 req-6acc1c27-887a-4a18-8c74-e9938f8e4494 bfdbc125d5fd42e79df01e0c334a08af 9b740d9fdd404603b1c940319baf4b57 - - a80c53bc475c4aaaad0fa931d560e4d6 a80c53bc475c4aaaad0fa931d560e4d6] 199.19.213.244 "GET /v2.0/floatingips?fixed_ip_address=10.100.0.13&port_id=7107ce57-b543-4fde-86e4-d49260aaae1d HTTP/1.1" status: 200 len: 217 time: 0.0240095
2026-07-01 02:00:26.036 9 INFO neutron.wsgi [req-67d3cddf-24cb-4f39-b47f-76f03f6a0209 req-2a04889c-6bb4-401d-b8e3-ea56622e28d2 bfdbc125d5fd42e79df01e0c334a08af 9b740d9fdd404603b1c940319baf4b57 - - a80c53bc475c4aaaad0fa931d560e4d6 a80c53bc475c4aaaad0fa931d560e4d6] 199.19.213.244 "GET /v2.0/subnets?id=8600982a-ea7e-4543-9d9a-4a92a8a3f145 HTTP/1.1" status: 200 len: 853 time: 0.0283909
2026-07-01 02:00:26.070 9 INFO neutron.wsgi [req-67d3cddf-24cb-4f39-b47f-76f03f6a0209 req-2ea3b7a7-764c-43c6-8089-237897d4c81d bfdbc125d5fd42e79df01e0c334a08af 9b740d9fdd404603b1c940319baf4b57 - - a80c53bc475c4aaaad0fa931d560e4d6 a80c53bc475c4aaaad0fa931d560e4d6] 199.19.213.244 "GET /v2.0/ports?network_id=61774fd2-9f45-49dd-86d1-3e142df75954&device_owner=network%3Adhcp HTTP/1.1" status: 200 len: 210 time: 0.0272486
2026-07-01 02:00:26.089 9 INFO neutron.plugins.ml2.drivers.ovn.mech_driver.mech_driver [None req-08900592-f8cc-49a0-863f-16f9cb69425f - - - - - -] OVN reports status up for port: 232047da-818a-4913-94df-d6dac458af9c
2026-07-01 02:00:26.099 10 INFO neutron.wsgi [None req-5111df8d-6811-40b1-9222-243bf2fff42f 9b571939479a498580735bdc942e9463 256fa9529dae44e492acb650cfd9e29a - - - -] 10.0.0.233 "DELETE /v2.0/security-groups/4418e10e-b6af-4218-aa4f-ca7026a5a8ec HTTP/1.1" status: 204 len: 168 time: 0.2859349
2026-07-01 02:00:26.100 10 INFO neutron.plugins.ml2.drivers.ovn.mech_driver.ovsdb.ovsdb_monitor [None req-c9308067-9ec6-4afe-9e44-4908d2ff6a28 - - - - - -] Router b1e05dd1-98a7-4685-99fe-fb261407c53d is bound to host instance
2026-07-01 02:00:26.102 10 INFO neutron.db.ovn_revision_numbers_db [None req-822a21f8-d66a-41df-926e-c4325d3cfab1 9b571939479a498580735bdc942e9463 256fa9529dae44e492acb650cfd9e29a - - - -] Successfully bumped revision number for resource 232047da-818a-4913-94df-d6dac458af9c (type: router_ports) to 1
2026-07-01 02:00:26.105 9 INFO neutron.plugins.ml2.plugin [None req-08900592-f8cc-49a0-863f-16f9cb69425f - - - - - -] Attempt 1 to provision port 232047da-818a-4913-94df-d6dac458af9c
2026-07-01 02:00:26.169 9 INFO neutron.wsgi [req-67d3cddf-24cb-4f39-b47f-76f03f6a0209 req-a80b1d64-b7a1-40db-bae1-f276f93b9231 bfdbc125d5fd42e79df01e0c334a08af 9b740d9fdd404603b1c940319baf4b57 - - a80c53bc475c4aaaad0fa931d560e4d6 a80c53bc475c4aaaad0fa931d560e4d6] 199.19.213.244 "GET /v2.0/networks/61774fd2-9f45-49dd-86d1-3e142df75954?fields=segments HTTP/1.1" status: 200 len: 212 time: 0.0904491
2026-07-01 02:00:26.189 10 WARNING neutron.plugins.ml2.drivers.ovn.mech_driver.ovsdb.ovn_client [None req-10a0cd33-e977-4710-9e67-99741bf93d78 - - - - - -] No hosting information found for port e1d19672-843a-4ef6-9bed-a9662a01e329: RuntimeError: No hosting information found for port e1d19672-843a-4ef6-9bed-a9662a01e329
2026-07-01 02:00:26.195 10 INFO neutron.db.ovn_revision_numbers_db [None req-822a21f8-d66a-41df-926e-c4325d3cfab1 9b571939479a498580735bdc942e9463 256fa9529dae44e492acb650cfd9e29a - - - -] Successfully bumped revision number for resource b1e05dd1-98a7-4685-99fe-fb261407c53d (type: routers) to 3
2026-07-01 02:00:26.225 9 INFO neutron.wsgi [req-67d3cddf-24cb-4f39-b47f-76f03f6a0209 req-096e9e6c-d016-43da-9f96-613bbb4f820b bfdbc125d5fd42e79df01e0c334a08af 9b740d9fdd404603b1c940319baf4b57 - - a80c53bc475c4aaaad0fa931d560e4d6 a80c53bc475c4aaaad0fa931d560e4d6] 199.19.213.244 "GET /v2.0/networks/61774fd2-9f45-49dd-86d1-3e142df75954?fields=provider%3Aphysical_network&fields=provider%3Anetwork_type HTTP/1.1" status: 200 len: 277 time: 0.0511572
2026-07-01 02:00:26.226 10 INFO neutron.wsgi [None req-822a21f8-d66a-41df-926e-c4325d3cfab1 9b571939479a498580735bdc942e9463 256fa9529dae44e492acb650cfd9e29a - - - -] 10.0.0.233 "POST /v2.0/routers HTTP/1.1" status: 201 len: 872 time: 1.5484140
2026-07-01 02:00:26.315 9 INFO neutron.wsgi [req-712da450-7165-4ad4-9a92-5daff4f650a7 req-42ed4090-4d54-42ff-bbef-fb1729aeb131 bfdbc125d5fd42e79df01e0c334a08af 9b740d9fdd404603b1c940319baf4b57 - - a80c53bc475c4aaaad0fa931d560e4d6 a80c53bc475c4aaaad0fa931d560e4d6] 199.19.213.244 "GET /v2.0/ports?tenant_id=1127ad323e684dff8fe366c2d0a52021&device_id=d3542218-7010-458b-840f-c016eae7cb7c HTTP/1.1" status: 200 len: 1363 time: 0.0582733
2026-07-01 02:00:26.411 9 INFO neutron.wsgi [req-d7d815e0-a122-4d3c-adca-55b8bdd1b3f1 req-9af72c51-26a5-414e-97c3-86a0740b791e 6ec8f6d06fe24bbb8fdd5810dbd82771 1127ad323e684dff8fe366c2d0a52021 - - default default] 10.0.0.99 "GET /v2.0/ports?device_id=d3542218-7010-458b-840f-c016eae7cb7c HTTP/1.1" status: 200 len: 1172 time: 0.1101227
2026-07-01 02:00:26.431 10 INFO neutron.plugins.ml2.drivers.ovn.mech_driver.mech_driver [None req-10a0cd33-e977-4710-9e67-99741bf93d78 - - - - - -] OVN reports status up for port: 7107ce57-b543-4fde-86e4-d49260aaae1d
2026-07-01 02:00:26.467 9 INFO neutron.wsgi [req-712da450-7165-4ad4-9a92-5daff4f650a7 req-0dca8b69-2a4e-494b-b11c-8877c8bd683c bfdbc125d5fd42e79df01e0c334a08af 9b740d9fdd404603b1c940319baf4b57 - - a80c53bc475c4aaaad0fa931d560e4d6 a80c53bc475c4aaaad0fa931d560e4d6] 199.19.213.244 "GET /v2.0/networks?id=61774fd2-9f45-49dd-86d1-3e142df75954 HTTP/1.1" status: 200 len: 959 time: 0.1217248
2026-07-01 02:00:26.481 10 INFO neutron.plugins.ml2.plugin [None req-10a0cd33-e977-4710-9e67-99741bf93d78 - - - - - -] Attempt 1 to provision port 7107ce57-b543-4fde-86e4-d49260aaae1d
2026-07-01 02:00:26.524 9 INFO neutron.wsgi [req-712da450-7165-4ad4-9a92-5daff4f650a7 req-f2e612d0-d33e-456a-91fe-4e754d3b4787 bfdbc125d5fd42e79df01e0c334a08af 9b740d9fdd404603b1c940319baf4b57 - - a80c53bc475c4aaaad0fa931d560e4d6 a80c53bc475c4aaaad0fa931d560e4d6] 199.19.213.244 "GET /v2.0/floatingips?fixed_ip_address=10.100.0.13&port_id=7107ce57-b543-4fde-86e4-d49260aaae1d HTTP/1.1" status: 200 len: 217 time: 0.0462415
2026-07-01 02:00:26.530 9 INFO neutron.wsgi [req-d7d815e0-a122-4d3c-adca-55b8bdd1b3f1 req-2e6f8c2f-79ba-40f5-bfad-50f7524d4e2c 6ec8f6d06fe24bbb8fdd5810dbd82771 1127ad323e684dff8fe366c2d0a52021 - - default default] 10.0.0.99 "GET /v2.0/security-groups?id=2d52c72c-b22a-4d0e-9e84-841de2971874&fields=id&fields=name HTTP/1.1" status: 200 len: 311 time: 0.1034336
2026-07-01 02:00:26.573 9 INFO neutron.wsgi [req-712da450-7165-4ad4-9a92-5daff4f650a7 req-11c5d944-41c5-486e-9c99-f7cdb679dc0c bfdbc125d5fd42e79df01e0c334a08af 9b740d9fdd404603b1c940319baf4b57 - - a80c53bc475c4aaaad0fa931d560e4d6 a80c53bc475c4aaaad0fa931d560e4d6] 199.19.213.244 "GET /v2.0/subnets?id=8600982a-ea7e-4543-9d9a-4a92a8a3f145 HTTP/1.1" status: 200 len: 853 time: 0.0420358
2026-07-01 02:00:26.622 9 INFO neutron.wsgi [req-712da450-7165-4ad4-9a92-5daff4f650a7 req-28b97a31-c140-4285-8428-8ae0b8abae74 bfdbc125d5fd42e79df01e0c334a08af 9b740d9fdd404603b1c940319baf4b57 - - a80c53bc475c4aaaad0fa931d560e4d6 a80c53bc475c4aaaad0fa931d560e4d6] 199.19.213.244 "GET /v2.0/ports?network_id=61774fd2-9f45-49dd-86d1-3e142df75954&device_owner=network%3Adhcp HTTP/1.1" status: 200 len: 210 time: 0.0316954
2026-07-01 02:00:26.705 9 INFO neutron.wsgi [req-712da450-7165-4ad4-9a92-5daff4f650a7 req-0d0b8e96-a818-448d-833d-97e89dca7a1d bfdbc125d5fd42e79df01e0c334a08af 9b740d9fdd404603b1c940319baf4b57 - - a80c53bc475c4aaaad0fa931d560e4d6 a80c53bc475c4aaaad0fa931d560e4d6] 199.19.213.244 "GET /v2.0/networks/61774fd2-9f45-49dd-86d1-3e142df75954?fields=segments HTTP/1.1" status: 200 len: 212 time: 0.0782108
2026-07-01 02:00:26.783 9 INFO neutron.wsgi [req-712da450-7165-4ad4-9a92-5daff4f650a7 req-f9f61566-b473-4b34-8de0-529d81daacbb bfdbc125d5fd42e79df01e0c334a08af 9b740d9fdd404603b1c940319baf4b57 - - a80c53bc475c4aaaad0fa931d560e4d6 a80c53bc475c4aaaad0fa931d560e4d6] 199.19.213.244 "GET /v2.0/networks/61774fd2-9f45-49dd-86d1-3e142df75954?fields=provider%3Aphysical_network&fields=provider%3Anetwork_type HTTP/1.1" status: 200 len: 277 time: 0.0719972
2026-07-01 02:00:26.858 9 WARNING neutron.scheduler.dhcp_agent_scheduler [None req-7b174700-0381-492b-87fb-8ea69f312f68 9b571939479a498580735bdc942e9463 256fa9529dae44e492acb650cfd9e29a - - default default] No more DHCP agents
2026-07-01 02:00:26.860 9 WARNING neutron.api.rpc.agentnotifiers.dhcp_rpc_agent_api [None req-7b174700-0381-492b-87fb-8ea69f312f68 9b571939479a498580735bdc942e9463 256fa9529dae44e492acb650cfd9e29a - - default default] Unable to schedule network 4ecdc312-36fd-4bcb-a320-99266c1aec2e: no agents available; will retry on subsequent port and subnet creation events.
2026-07-01 02:00:26.916 10 INFO neutron.notifiers.nova [-] Nova event matching ['req-e200d9b5-802e-4c77-a604-cb822be867b7'] response: {'server_uuid': 'd3542218-7010-458b-840f-c016eae7cb7c', 'name': 'network-vif-plugged', 'status': 'completed', 'tag': '7107ce57-b543-4fde-86e4-d49260aaae1d', 'code': 200}
2026-07-01 02:00:26.973 10 INFO neutron.db.ovn_revision_numbers_db [None req-c9308067-9ec6-4afe-9e44-4908d2ff6a28 - - - - - -] Successfully bumped revision number for resource 232047da-818a-4913-94df-d6dac458af9c (type: ports) to 1
2026-07-01 02:00:27.016 9 INFO neutron.db.ovn_revision_numbers_db [None req-7b174700-0381-492b-87fb-8ea69f312f68 9b571939479a498580735bdc942e9463 256fa9529dae44e492acb650cfd9e29a - - default default] Successfully bumped revision number for resource de80515d-6d30-4b4c-895b-6174d12dc354 (type: ports) to 1
2026-07-01 02:00:27.062 10 INFO neutron.db.ovn_revision_numbers_db [None req-10a0cd33-e977-4710-9e67-99741bf93d78 - - - - - -] Successfully bumped revision number for resource 7107ce57-b543-4fde-86e4-d49260aaae1d (type: ports) to 4
2026-07-01 02:00:27.228 9 INFO neutron.wsgi [-] 10.0.0.184 "GET / HTTP/1.1" status: 200 len: 246 time: 0.0015354
2026-07-01 02:00:27.228 10 INFO neutron.wsgi [-] 10.0.0.184 "GET / HTTP/1.1" status: 200 len: 246 time: 0.0017049
2026-07-01 02:00:27.302 10 INFO neutron.db.ovn_revision_numbers_db [None req-c9308067-9ec6-4afe-9e44-4908d2ff6a28 - - - - - -] Successfully bumped revision number for resource 232047da-818a-4913-94df-d6dac458af9c (type: router_ports) to 3
2026-07-01 02:00:27.439 10 INFO neutron.db.ovn_revision_numbers_db [None req-c9308067-9ec6-4afe-9e44-4908d2ff6a28 - - - - - -] Successfully bumped revision number for resource 232047da-818a-4913-94df-d6dac458af9c (type: ports) to 2
2026-07-01 02:00:27.658 10 INFO neutron.db.ovn_revision_numbers_db [None req-c9308067-9ec6-4afe-9e44-4908d2ff6a28 - - - - - -] Successfully bumped revision number for resource 232047da-818a-4913-94df-d6dac458af9c (type: ports) to 4
2026-07-01 02:00:27.714 9 INFO neutron.wsgi [req-06ed14a4-2911-4b84-b902-e8d29e6157f0 req-30d62aeb-6561-427a-afbe-eba0123300bb 6ec8f6d06fe24bbb8fdd5810dbd82771 1127ad323e684dff8fe366c2d0a52021 - - default default] 10.0.0.99 "GET /v2.0/ports?device_id=d3542218-7010-458b-840f-c016eae7cb7c HTTP/1.1" status: 200 len: 1174 time: 0.0540705
2026-07-01 02:00:27.744 10 INFO neutron.plugins.ml2.drivers.ovn.mech_driver.mech_driver [None req-10a0cd33-e977-4710-9e67-99741bf93d78 - - - - - -] OVN reports status up for port: de80515d-6d30-4b4c-895b-6174d12dc354
2026-07-01 02:00:27.752 9 INFO neutron.db.ovn_revision_numbers_db [None req-7b174700-0381-492b-87fb-8ea69f312f68 9b571939479a498580735bdc942e9463 256fa9529dae44e492acb650cfd9e29a - - default default] Successfully bumped revision number for resource de80515d-6d30-4b4c-895b-6174d12dc354 (type: router_ports) to 2
2026-07-01 02:00:27.753 10 INFO neutron.plugins.ml2.plugin [None req-10a0cd33-e977-4710-9e67-99741bf93d78 - - - - - -] Attempt 1 to provision port de80515d-6d30-4b4c-895b-6174d12dc354
2026-07-01 02:00:27.797 9 INFO neutron.wsgi [req-06ed14a4-2911-4b84-b902-e8d29e6157f0 req-5d2fa050-3329-4790-b352-748e5a893595 6ec8f6d06fe24bbb8fdd5810dbd82771 1127ad323e684dff8fe366c2d0a52021 - - default default] 10.0.0.99 "GET /v2.0/security-groups?id=2d52c72c-b22a-4d0e-9e84-841de2971874&fields=id&fields=name HTTP/1.1" status: 200 len: 311 time: 0.0527027
2026-07-01 02:00:27.925 9 INFO neutron.db.ovn_revision_numbers_db [None req-7b174700-0381-492b-87fb-8ea69f312f68 9b571939479a498580735bdc942e9463 256fa9529dae44e492acb650cfd9e29a - - default default] Successfully bumped revision number for resource de80515d-6d30-4b4c-895b-6174d12dc354 (type: ports) to 2
2026-07-01 02:00:27.951 10 INFO neutron.db.ovn_revision_numbers_db [None req-c9308067-9ec6-4afe-9e44-4908d2ff6a28 - - - - - -] Successfully bumped revision number for resource 232047da-818a-4913-94df-d6dac458af9c (type: router_ports) to 4
2026-07-01 02:00:27.983 9 WARNING neutron.scheduler.dhcp_agent_scheduler [None req-7b174700-0381-492b-87fb-8ea69f312f68 9b571939479a498580735bdc942e9463 256fa9529dae44e492acb650cfd9e29a - - default default] No more DHCP agents
2026-07-01 02:00:27.984 9 WARNING neutron.api.rpc.agentnotifiers.dhcp_rpc_agent_api [None req-7b174700-0381-492b-87fb-8ea69f312f68 9b571939479a498580735bdc942e9463 256fa9529dae44e492acb650cfd9e29a - - default default] Unable to schedule network 4ecdc312-36fd-4bcb-a320-99266c1aec2e: no agents available; will retry on subsequent port and subnet creation events.
2026-07-01 02:00:28.022 10 INFO neutron.db.ovn_revision_numbers_db [None req-10a0cd33-e977-4710-9e67-99741bf93d78 - - - - - -] Successfully bumped revision number for resource de80515d-6d30-4b4c-895b-6174d12dc354 (type: ports) to 3
2026-07-01 02:00:28.121 10 INFO neutron.db.ovn_revision_numbers_db [None req-10a0cd33-e977-4710-9e67-99741bf93d78 - - - - - -] Successfully bumped revision number for resource de80515d-6d30-4b4c-895b-6174d12dc354 (type: router_ports) to 3
2026-07-01 02:00:28.298 9 INFO neutron.db.ovn_revision_numbers_db [None req-810e58e8-3219-4fd5-80ff-52c3ae4040c2 1519875958714003b49e3e78d8a6e0a6 ed06c171f87b4ec9ae03a57d184c03c3 - - - -] Successfully bumped revision number for resource 4436fae8-88c5-4661-a697-9e4b5e5a5337 (type: security_groups) to 1
2026-07-01 02:00:28.358 9 INFO neutron.db.segments_db [None req-810e58e8-3219-4fd5-80ff-52c3ae4040c2 1519875958714003b49e3e78d8a6e0a6 ed06c171f87b4ec9ae03a57d184c03c3 - - - -] Added segment d200643b-4ae8-4074-abe6-f23b95afd393 of type geneve for network 739d5b32-052a-40ed-a3fe-f6133e88704b /var/lib/openstack/lib/python3.10/site-packages/pycadf/identifier.py:71: UserWarning: Invalid uuid: neutron. To ensure interoperability, identifiers should be a valid uuid. warnings.warn(('Invalid uuid: %s. To ensure interoperability, '
2026-07-01 02:00:28.540 9 INFO neutron.db.ovn_revision_numbers_db [None req-810e58e8-3219-4fd5-80ff-52c3ae4040c2 1519875958714003b49e3e78d8a6e0a6 ed06c171f87b4ec9ae03a57d184c03c3 - - - -] Successfully bumped revision number for resource 739d5b32-052a-40ed-a3fe-f6133e88704b (type: networks) to 1
2026-07-01 02:00:28.621 9 INFO neutron.db.ovn_revision_numbers_db [None req-7b174700-0381-492b-87fb-8ea69f312f68 9b571939479a498580735bdc942e9463 256fa9529dae44e492acb650cfd9e29a - - - -] Successfully bumped revision number for resource de80515d-6d30-4b4c-895b-6174d12dc354 (type: router_ports) to 3
2026-07-01 02:00:28.623 9 INFO neutron.wsgi [None req-7b174700-0381-492b-87fb-8ea69f312f68 9b571939479a498580735bdc942e9463 256fa9529dae44e492acb650cfd9e29a - - - -] 10.0.0.233 "PUT /v2.0/routers/b1e05dd1-98a7-4685-99fe-fb261407c53d/add_router_interface HTTP/1.1" status: 200 len: 503 time: 2.3919172
2026-07-01 02:00:28.715 9 WARNING neutron.scheduler.dhcp_agent_scheduler [None req-810e58e8-3219-4fd5-80ff-52c3ae4040c2 1519875958714003b49e3e78d8a6e0a6 ed06c171f87b4ec9ae03a57d184c03c3 - - - -] No more DHCP agents
2026-07-01 02:00:28.718 9 WARNING neutron.api.rpc.agentnotifiers.dhcp_rpc_agent_api [None req-810e58e8-3219-4fd5-80ff-52c3ae4040c2 1519875958714003b49e3e78d8a6e0a6 ed06c171f87b4ec9ae03a57d184c03c3 - - - -] Unable to schedule network 739d5b32-052a-40ed-a3fe-f6133e88704b: no agents available; will retry on subsequent port and subnet creation events.
2026-07-01 02:00:28.720 10 WARNING neutron.scheduler.dhcp_agent_scheduler [None req-0fa00b28-6b6a-4e9f-93ae-e43c18f310f1 3b2c97d8d4ae46ed93ddc3869a21f066 653668f1199d48d5b9f9e6bb17794f65 - - - -] No more DHCP agents
2026-07-01 02:00:28.723 10 WARNING neutron.api.rpc.agentnotifiers.dhcp_rpc_agent_api [None req-0fa00b28-6b6a-4e9f-93ae-e43c18f310f1 3b2c97d8d4ae46ed93ddc3869a21f066 653668f1199d48d5b9f9e6bb17794f65 - - - -] Unable to schedule network d2937ef6-6346-4e41-a232-804f4cbbe706: no agents available; will retry on subsequent port and subnet creation events.
2026-07-01 02:00:28.782 9 INFO neutron.db.ovn_revision_numbers_db [None req-810e58e8-3219-4fd5-80ff-52c3ae4040c2 1519875958714003b49e3e78d8a6e0a6 ed06c171f87b4ec9ae03a57d184c03c3 - - - -] Successfully bumped revision number for resource 690c67e9-baaf-4767-a981-4543d1cc0f84 (type: ports) to 1
2026-07-01 02:00:28.799 9 INFO neutron.wsgi [None req-810e58e8-3219-4fd5-80ff-52c3ae4040c2 1519875958714003b49e3e78d8a6e0a6 ed06c171f87b4ec9ae03a57d184c03c3 - - - -] 10.0.0.233 "POST /v2.0/networks HTTP/1.1" status: 201 len: 847 time: 0.9064965
2026-07-01 02:00:28.954 9 INFO neutron.wsgi [req-da8344cc-2b62-45c8-a62e-5f1ca7cadcae req-2555684f-e691-4e88-a351-92337d0484b3 6ec8f6d06fe24bbb8fdd5810dbd82771 1127ad323e684dff8fe366c2d0a52021 - - default default] 10.0.0.99 "GET /v2.0/ports?device_id=d3542218-7010-458b-840f-c016eae7cb7c HTTP/1.1" status: 200 len: 1174 time: 0.0828741
2026-07-01 02:00:28.957 10 INFO neutron.notifiers.nova [-] Nova event matching ['req-65325ab7-4b58-4f8c-9640-f5660610d9d7'] response: {'server_uuid': 'd3542218-7010-458b-840f-c016eae7cb7c', 'name': 'network-vif-plugged', 'status': 'completed', 'tag': '7107ce57-b543-4fde-86e4-d49260aaae1d', 'code': 200}
2026-07-01 02:00:28.993 9 INFO neutron.wsgi [req-da8344cc-2b62-45c8-a62e-5f1ca7cadcae req-ce56ae13-6954-4d47-b3c6-c751b440ea10 6ec8f6d06fe24bbb8fdd5810dbd82771 1127ad323e684dff8fe366c2d0a52021 - - default default] 10.0.0.99 "GET /v2.0/security-groups?id=2d52c72c-b22a-4d0e-9e84-841de2971874&fields=id&fields=name HTTP/1.1" status: 200 len: 311 time: 0.0319505
2026-07-01 02:00:29.037 10 INFO neutron.db.ovn_revision_numbers_db [None req-0fa00b28-6b6a-4e9f-93ae-e43c18f310f1 3b2c97d8d4ae46ed93ddc3869a21f066 653668f1199d48d5b9f9e6bb17794f65 - - - -] Successfully bumped revision number for resource f39750ef-ca33-45b4-a7b7-d9b7f8c24a03 (type: floatingips) to 0
2026-07-01 02:00:29.054 10 INFO neutron.wsgi [None req-0fa00b28-6b6a-4e9f-93ae-e43c18f310f1 3b2c97d8d4ae46ed93ddc3869a21f066 653668f1199d48d5b9f9e6bb17794f65 - - - -] 10.0.0.233 "POST /v2.0/floatingips HTTP/1.1" status: 201 len: 751 time: 0.6707833
2026-07-01 02:00:29.092 9 INFO neutron.wsgi [req-9eb24f93-fe3e-4222-9b27-287afcac9bed req-f297f09a-795e-45d3-9812-c38e2a335577 6ec8f6d06fe24bbb8fdd5810dbd82771 1127ad323e684dff8fe366c2d0a52021 - - default default] 10.0.0.99 "GET /v2.0/ports?device_id=d3542218-7010-458b-840f-c016eae7cb7c HTTP/1.1" status: 200 len: 1174 time: 0.0322282
2026-07-01 02:00:29.094 10 INFO neutron.wsgi [None req-262be954-dbb4-4c4e-a1b1-1eb4fea92857 3b2c97d8d4ae46ed93ddc3869a21f066 653668f1199d48d5b9f9e6bb17794f65 - - - -] 10.0.0.233 "PUT /v2.0/floatingips/f39750ef-ca33-45b4-a7b7-d9b7f8c24a03/tags HTTP/1.1" status: 200 len: 218 time: 0.0344143
2026-07-01 02:00:29.127 9 INFO neutron.wsgi [req-9eb24f93-fe3e-4222-9b27-287afcac9bed req-ed746d03-033c-44c0-9630-5b0732edc8bd 6ec8f6d06fe24bbb8fdd5810dbd82771 1127ad323e684dff8fe366c2d0a52021 - - default default] 10.0.0.99 "GET /v2.0/security-groups?id=2d52c72c-b22a-4d0e-9e84-841de2971874&fields=id&fields=name HTTP/1.1" status: 200 len: 311 time: 0.0293822
2026-07-01 02:00:29.127 10 INFO neutron.wsgi [None req-afdddace-10a4-4da9-ad64-6bd58bc48dbe 3b2c97d8d4ae46ed93ddc3869a21f066 653668f1199d48d5b9f9e6bb17794f65 - - default default] 10.0.0.233 "GET /v2.0/floatingips/f39750ef-ca33-45b4-a7b7-d9b7f8c24a03/tags HTTP/1.1" status: 200 len: 218 time: 0.0282891
2026-07-01 02:00:29.169 10 INFO neutron.wsgi [None req-bcbb7c15-05f7-4a12-aeb5-892116a34331 3b2c97d8d4ae46ed93ddc3869a21f066 653668f1199d48d5b9f9e6bb17794f65 - - - -] 10.0.0.233 "PUT /v2.0/floatingips/f39750ef-ca33-45b4-a7b7-d9b7f8c24a03/tags/green HTTP/1.1" status: 201 len: 201 time: 0.0381308
2026-07-01 02:00:29.179 9 INFO neutron.wsgi [None req-a4902c88-c430-4d9d-8834-dfd95f608ea0 1a7939ad1d274075966fce0297fef483 82518328d5aa41eba58ae3fd743a2216 - - default default] 10.0.0.233 "GET /v2.0/ports?device_id=d3542218-7010-458b-840f-c016eae7cb7c HTTP/1.1" status: 200 len: 1360 time: 0.0268126
2026-07-01 02:00:29.195 10 INFO neutron.wsgi [None req-52f02d73-0edc-47a4-a4d5-d36f21c71912 3b2c97d8d4ae46ed93ddc3869a21f066 653668f1199d48d5b9f9e6bb17794f65 - - default default] 10.0.0.233 "GET /v2.0/floatingips/f39750ef-ca33-45b4-a7b7-d9b7f8c24a03/tags HTTP/1.1" status: 200 len: 227 time: 0.0222871
2026-07-01 02:00:29.220 10 INFO neutron.wsgi [None req-54e258cf-e1b6-428c-96c0-b5a93229d4b0 3b2c97d8d4ae46ed93ddc3869a21f066 653668f1199d48d5b9f9e6bb17794f65 - - - -] 10.0.0.233 "PUT /v2.0/floatingips/f39750ef-ca33-45b4-a7b7-d9b7f8c24a03/tags/red HTTP/1.1" status: 201 len: 201 time: 0.0221252
2026-07-01 02:00:29.255 10 INFO neutron.wsgi [None req-bd4f5608-c624-4249-b57e-bb515acc900c 3b2c97d8d4ae46ed93ddc3869a21f066 653668f1199d48d5b9f9e6bb17794f65 - - default default] 10.0.0.233 "GET /v2.0/floatingips/f39750ef-ca33-45b4-a7b7-d9b7f8c24a03/tags HTTP/1.1" status: 200 len: 227 time: 0.0314553
2026-07-01 02:00:29.300 10 INFO neutron.wsgi [None req-a8d51167-75f5-46be-b4bb-2a52877ded72 3b2c97d8d4ae46ed93ddc3869a21f066 653668f1199d48d5b9f9e6bb17794f65 - - - -] 10.0.0.233 "PUT /v2.0/floatingips/f39750ef-ca33-45b4-a7b7-d9b7f8c24a03/tags/black.or.white HTTP/1.1" status: 201 len: 201 time: 0.0413563
2026-07-01 02:00:29.335 10 INFO neutron.wsgi [None req-6c067217-f1ac-40d7-a89d-ac21813849bc 3b2c97d8d4ae46ed93ddc3869a21f066 653668f1199d48d5b9f9e6bb17794f65 - - default default] 10.0.0.233 "GET /v2.0/floatingips/f39750ef-ca33-45b4-a7b7-d9b7f8c24a03/tags HTTP/1.1" status: 200 len: 245 time: 0.0284615
2026-07-01 02:00:29.396 10 INFO neutron.wsgi [None req-832a5efa-08da-4739-8f3b-dc1e5c3afd64 3b2c97d8d4ae46ed93ddc3869a21f066 653668f1199d48d5b9f9e6bb17794f65 - - - -] 10.0.0.233 "PUT /v2.0/floatingips/f39750ef-ca33-45b4-a7b7-d9b7f8c24a03/tags HTTP/1.1" status: 200 len: 230 time: 0.0549655
2026-07-01 02:00:29.431 10 INFO neutron.wsgi [None req-c3ab3b8d-eeb0-4703-8200-c9a4f443d27d 3b2c97d8d4ae46ed93ddc3869a21f066 653668f1199d48d5b9f9e6bb17794f65 - - default default] 10.0.0.233 "GET /v2.0/floatingips/f39750ef-ca33-45b4-a7b7-d9b7f8c24a03/tags HTTP/1.1" status: 200 len: 230 time: 0.0308783
2026-07-01 02:00:29.474 10 INFO neutron.wsgi [None req-a2a44133-6143-4555-8ede-db72cd981218 3b2c97d8d4ae46ed93ddc3869a21f066 653668f1199d48d5b9f9e6bb17794f65 - - default default] 10.0.0.233 "GET /v2.0/floatingips/f39750ef-ca33-45b4-a7b7-d9b7f8c24a03/tags/red HTTP/1.1" status: 204 len: 168 time: 0.0392184
2026-07-01 02:00:29.522 10 INFO neutron.api.v2.resource [None req-08a755b2-256c-4686-88fe-cf53c377430a 3b2c97d8d4ae46ed93ddc3869a21f066 653668f1199d48d5b9f9e6bb17794f65 - - default default] show failed (client error): The resource could not be found.
2026-07-01 02:00:29.523 10 INFO neutron.wsgi [None req-08a755b2-256c-4686-88fe-cf53c377430a 3b2c97d8d4ae46ed93ddc3869a21f066 653668f1199d48d5b9f9e6bb17794f65 - - default default] 10.0.0.233 "GET /v2.0/floatingips/f39750ef-ca33-45b4-a7b7-d9b7f8c24a03/tags/green HTTP/1.1" status: 404 len: 299 time: 0.0445921
2026-07-01 02:00:29.540 9 WARNING neutron.scheduler.dhcp_agent_scheduler [None req-be3aadd2-07c0-4d71-86f6-cf86f2c7d849 6ec8f6d06fe24bbb8fdd5810dbd82771 1127ad323e684dff8fe366c2d0a52021 - - - -] No more DHCP agents
2026-07-01 02:00:29.544 9 WARNING neutron.api.rpc.agentnotifiers.dhcp_rpc_agent_api [None req-be3aadd2-07c0-4d71-86f6-cf86f2c7d849 6ec8f6d06fe24bbb8fdd5810dbd82771 1127ad323e684dff8fe366c2d0a52021 - - - -] Unable to schedule network d2937ef6-6346-4e41-a232-804f4cbbe706: no agents available; will retry on subsequent port and subnet creation events.
2026-07-01 02:00:29.570 10 INFO neutron.wsgi [None req-6dc72fac-e64d-47a5-86a9-7767f61f79cd 3b2c97d8d4ae46ed93ddc3869a21f066 653668f1199d48d5b9f9e6bb17794f65 - - - -] 10.0.0.233 "DELETE /v2.0/floatingips/f39750ef-ca33-45b4-a7b7-d9b7f8c24a03/tags/red HTTP/1.1" status: 204 len: 168 time: 0.0420454
2026-07-01 02:00:29.581 9 WARNING neutron.scheduler.dhcp_agent_scheduler [None req-a87131be-e0a1-45ff-b41c-d65c904c4db8 1519875958714003b49e3e78d8a6e0a6 ed06c171f87b4ec9ae03a57d184c03c3 - - - -] No more DHCP agents
2026-07-01 02:00:29.584 9 WARNING neutron.api.rpc.agentnotifiers.dhcp_rpc_agent_api [None req-a87131be-e0a1-45ff-b41c-d65c904c4db8 1519875958714003b49e3e78d8a6e0a6 ed06c171f87b4ec9ae03a57d184c03c3 - - - -] Unable to schedule network 739d5b32-052a-40ed-a3fe-f6133e88704b: no agents available; will retry on subsequent port and subnet creation events.
2026-07-01 02:00:29.598 10 INFO neutron.wsgi [None req-d5e4703e-dcc3-4d09-ae31-e56c59e63d44 3b2c97d8d4ae46ed93ddc3869a21f066 653668f1199d48d5b9f9e6bb17794f65 - - default default] 10.0.0.233 "GET /v2.0/floatingips/f39750ef-ca33-45b4-a7b7-d9b7f8c24a03/tags HTTP/1.1" status: 200 len: 223 time: 0.0238247
2026-07-01 02:00:29.603 9 INFO neutron.db.ovn_revision_numbers_db [None req-a87131be-e0a1-45ff-b41c-d65c904c4db8 1519875958714003b49e3e78d8a6e0a6 ed06c171f87b4ec9ae03a57d184c03c3 - - - -] Successfully bumped revision number for resource 632398b6-7616-4bfb-bf21-2dcc0440825f (type: subnets) to 0
2026-07-01 02:00:29.617 9 INFO neutron.wsgi [None req-a87131be-e0a1-45ff-b41c-d65c904c4db8 1519875958714003b49e3e78d8a6e0a6 ed06c171f87b4ec9ae03a57d184c03c3 - - - -] 10.0.0.233 "POST /v2.0/subnets HTTP/1.1" status: 201 len: 848 time: 0.3728464
2026-07-01 02:00:29.650 10 INFO neutron.api.v2.resource [None req-a84a44a3-c656-4709-ae30-998f1c62678f 3b2c97d8d4ae46ed93ddc3869a21f066 653668f1199d48d5b9f9e6bb17794f65 - - - -] delete failed (client error): The resource could not be found.
2026-07-01 02:00:29.651 10 INFO neutron.wsgi [None req-a84a44a3-c656-4709-ae30-998f1c62678f 3b2c97d8d4ae46ed93ddc3869a21f066 653668f1199d48d5b9f9e6bb17794f65 - - - -] 10.0.0.233 "DELETE /v2.0/floatingips/f39750ef-ca33-45b4-a7b7-d9b7f8c24a03/tags/green HTTP/1.1" status: 404 len: 299 time: 0.0487559
2026-07-01 02:00:29.690 10 INFO neutron.wsgi [None req-ce22e58b-73a2-42ec-a6cb-4f1457c0ab5a 3b2c97d8d4ae46ed93ddc3869a21f066 653668f1199d48d5b9f9e6bb17794f65 - - - -] 10.0.0.233 "DELETE /v2.0/floatingips/f39750ef-ca33-45b4-a7b7-d9b7f8c24a03/tags HTTP/1.1" status: 204 len: 168 time: 0.0344341
2026-07-01 02:00:29.730 10 INFO neutron.wsgi [None req-bcf02d4d-a3a1-4f1b-a90a-76b4b52a246c 3b2c97d8d4ae46ed93ddc3869a21f066 653668f1199d48d5b9f9e6bb17794f65 - - default default] 10.0.0.233 "GET /v2.0/floatingips/f39750ef-ca33-45b4-a7b7-d9b7f8c24a03/tags HTTP/1.1" status: 200 len: 205 time: 0.0350409
2026-07-01 02:00:29.770 9 INFO neutron.db.segments_db [None req-b76ce295-f6d3-4a0c-9ffe-0c8cf058a558 1519875958714003b49e3e78d8a6e0a6 ed06c171f87b4ec9ae03a57d184c03c3 - - - -] Added segment 0e3c3790-f751-45eb-b3dc-b115d0b5e3b2 of type geneve for network bb7bc1a8-08ac-4f6d-aaec-8315b9fa22d5
2026-07-01 02:00:30.231 9 INFO neutron.db.ovn_revision_numbers_db [None req-b76ce295-f6d3-4a0c-9ffe-0c8cf058a558 1519875958714003b49e3e78d8a6e0a6 ed06c171f87b4ec9ae03a57d184c03c3 - - - -] Successfully bumped revision number for resource bb7bc1a8-08ac-4f6d-aaec-8315b9fa22d5 (type: networks) to 1
2026-07-01 02:00:30.521 9 INFO neutron.db.l3_db [None req-be3aadd2-07c0-4d71-86f6-cf86f2c7d849 6ec8f6d06fe24bbb8fdd5810dbd82771 1127ad323e684dff8fe366c2d0a52021 - - - -] Floating IP 1fad41bd-d4b9-4e84-a78c-67a6c16e345c associated. External IP: 10.96.250.204, port: 7107ce57-b543-4fde-86e4-d49260aaae1d.
2026-07-01 02:00:30.524 9 WARNING neutron.scheduler.dhcp_agent_scheduler [None req-b76ce295-f6d3-4a0c-9ffe-0c8cf058a558 1519875958714003b49e3e78d8a6e0a6 ed06c171f87b4ec9ae03a57d184c03c3 - - - -] No more DHCP agents
2026-07-01 02:00:30.540 9 WARNING neutron.api.rpc.agentnotifiers.dhcp_rpc_agent_api [None req-b76ce295-f6d3-4a0c-9ffe-0c8cf058a558 1519875958714003b49e3e78d8a6e0a6 ed06c171f87b4ec9ae03a57d184c03c3 - - - -] Unable to schedule network bb7bc1a8-08ac-4f6d-aaec-8315b9fa22d5: no agents available; will retry on subsequent port and subnet creation events.
2026-07-01 02:00:30.687 9 INFO neutron.db.ovn_revision_numbers_db [None req-b76ce295-f6d3-4a0c-9ffe-0c8cf058a558 1519875958714003b49e3e78d8a6e0a6 ed06c171f87b4ec9ae03a57d184c03c3 - - - -] Successfully bumped revision number for resource b83c994d-e98a-4398-89a8-9d4689ece697 (type: ports) to 1
2026-07-01 02:00:30.724 9 INFO neutron.wsgi [None req-b76ce295-f6d3-4a0c-9ffe-0c8cf058a558 1519875958714003b49e3e78d8a6e0a6 ed06c171f87b4ec9ae03a57d184c03c3 - - - -] 10.0.0.233 "POST /v2.0/networks HTTP/1.1" status: 201 len: 846 time: 1.0993476
2026-07-01 02:00:30.752 9 INFO neutron.wsgi [None req-a20f5f1f-9371-480f-b8e6-babd1cff6db8 3b2c97d8d4ae46ed93ddc3869a21f066 653668f1199d48d5b9f9e6bb17794f65 - - - -] 10.0.0.233 "DELETE /v2.0/floatingips/f39750ef-ca33-45b4-a7b7-d9b7f8c24a03 HTTP/1.1" status: 204 len: 168 time: 1.0147130 /var/lib/openstack/lib/python3.10/site-packages/pycadf/identifier.py:71: UserWarning: Invalid uuid: neutron. To ensure interoperability, identifiers should be a valid uuid. warnings.warn(('Invalid uuid: %s. To ensure interoperability, '
2026-07-01 02:00:30.875 9 INFO neutron.db.ovn_revision_numbers_db [None req-be3aadd2-07c0-4d71-86f6-cf86f2c7d849 6ec8f6d06fe24bbb8fdd5810dbd82771 1127ad323e684dff8fe366c2d0a52021 - - - -] Successfully bumped revision number for resource 1fad41bd-d4b9-4e84-a78c-67a6c16e345c (type: floatingips) to 0
2026-07-01 02:00:30.974 9 INFO neutron.wsgi [req-09050546-f9ef-45b0-9c0c-ed9e914c5232 req-2d182cb3-37de-47c5-bbda-ce5cfd2ed7de 79b6289f0e0c45e2b5a03f220ce98378 79c59e9d582f49b39a54243451a71064 - - default default] 10.0.0.99 "GET /v2.0/networks?id=4ecdc312-36fd-4bcb-a320-99266c1aec2e HTTP/1.1" status: 200 len: 870 time: 0.1698420
2026-07-01 02:00:31.018 9 INFO neutron.wsgi [req-09050546-f9ef-45b0-9c0c-ed9e914c5232 req-696ff716-4b6a-468b-aff7-b04989b0e975 79b6289f0e0c45e2b5a03f220ce98378 79c59e9d582f49b39a54243451a71064 - - default default] 10.0.0.99 "GET /v2.0/quotas/79c59e9d582f49b39a54243451a71064 HTTP/1.1" status: 200 len: 386 time: 0.0372412
2026-07-01 02:00:31.036 9 INFO neutron.db.ovn_revision_numbers_db [None req-be3aadd2-07c0-4d71-86f6-cf86f2c7d849 6ec8f6d06fe24bbb8fdd5810dbd82771 1127ad323e684dff8fe366c2d0a52021 - - - -] Successfully bumped revision number for resource 1fad41bd-d4b9-4e84-a78c-67a6c16e345c (type: floatingips) to 1
2026-07-01 02:00:31.038 9 INFO neutron.db.ovn_revision_numbers_db [None req-843c4658-d17c-40c4-9ced-a8ea515a4124 1519875958714003b49e3e78d8a6e0a6 ed06c171f87b4ec9ae03a57d184c03c3 - - - -] Successfully bumped revision number for resource bb7bc1a8-08ac-4f6d-aaec-8315b9fa22d5 (type: networks) to 2
2026-07-01 02:00:31.041 9 INFO neutron.wsgi [None req-843c4658-d17c-40c4-9ced-a8ea515a4124 1519875958714003b49e3e78d8a6e0a6 ed06c171f87b4ec9ae03a57d184c03c3 - - - -] 10.0.0.233 "PUT /v2.0/networks/bb7bc1a8-08ac-4f6d-aaec-8315b9fa22d5 HTTP/1.1" status: 200 len: 792 time: 0.3118746
2026-07-01 02:00:31.090 9 INFO neutron.wsgi [None req-be3aadd2-07c0-4d71-86f6-cf86f2c7d849 6ec8f6d06fe24bbb8fdd5810dbd82771 1127ad323e684dff8fe366c2d0a52021 - - - -] 10.0.0.233 "POST /v2.0/floatingips HTTP/1.1" status: 201 len: 1055 time: 1.9080267
2026-07-01 02:00:31.144 9 INFO neutron.wsgi [req-09050546-f9ef-45b0-9c0c-ed9e914c5232 req-cd24e963-c1a2-47ed-9c50-7a9f50c9a602 79b6289f0e0c45e2b5a03f220ce98378 79c59e9d582f49b39a54243451a71064 - - default default] 10.0.0.99 "GET /v2.0/ports?tenant_id=79c59e9d582f49b39a54243451a71064&fields=id HTTP/1.1" status: 200 len: 302 time: 0.1178818
2026-07-01 02:00:31.151 9 INFO neutron.notifiers.nova [-] Nova event matching ['req-38548d14-be97-4405-9f64-4297d1fdb8ef'] response: {'name': 'network-changed', 'server_uuid': 'd3542218-7010-458b-840f-c016eae7cb7c', 'tag': '7107ce57-b543-4fde-86e4-d49260aaae1d', 'status': 'completed', 'code': 200}
2026-07-01 02:00:31.170 10 INFO neutron.wsgi [None req-2ee5a3f3-61e4-4b7b-a25f-2d412af19e06 6ec8f6d06fe24bbb8fdd5810dbd82771 1127ad323e684dff8fe366c2d0a52021 - - default default] 10.0.0.233 "GET /v2.0/floatingips/1fad41bd-d4b9-4e84-a78c-67a6c16e345c HTTP/1.1" status: 200 len: 1052 time: 0.0718842
2026-07-01 02:00:31.221 9 INFO neutron.wsgi [req-8f19ab27-3587-4568-a7ea-64f2d3b84a67 req-c432e232-f5e9-4951-939f-13694e78b05f bfdbc125d5fd42e79df01e0c334a08af 9b740d9fdd404603b1c940319baf4b57 - - a80c53bc475c4aaaad0fa931d560e4d6 a80c53bc475c4aaaad0fa931d560e4d6] 199.19.213.244 "GET /v2.0/ports?tenant_id=1127ad323e684dff8fe366c2d0a52021&device_id=d3542218-7010-458b-840f-c016eae7cb7c HTTP/1.1" status: 200 len: 1365 time: 0.0475371
2026-07-01 02:00:31.233 9 INFO neutron.wsgi [req-09050546-f9ef-45b0-9c0c-ed9e914c5232 req-79da6126-886b-4998-913e-378d6cbf99b3 bfdbc125d5fd42e79df01e0c334a08af 9b740d9fdd404603b1c940319baf4b57 - - a80c53bc475c4aaaad0fa931d560e4d6 a80c53bc475c4aaaad0fa931d560e4d6] 10.0.0.99 "GET /v2.0/networks/4ecdc312-36fd-4bcb-a320-99266c1aec2e?fields=segments HTTP/1.1" status: 200 len: 212 time: 0.0803976
2026-07-01 02:00:31.323 9 INFO neutron.wsgi [req-09050546-f9ef-45b0-9c0c-ed9e914c5232 req-b0e137ef-eda5-4243-8937-582da9ee70f7 bfdbc125d5fd42e79df01e0c334a08af 9b740d9fdd404603b1c940319baf4b57 - - a80c53bc475c4aaaad0fa931d560e4d6 a80c53bc475c4aaaad0fa931d560e4d6] 10.0.0.99 "GET /v2.0/networks/4ecdc312-36fd-4bcb-a320-99266c1aec2e?fields=provider%3Aphysical_network&fields=provider%3Anetwork_type HTTP/1.1" status: 200 len: 277 time: 0.0808516
2026-07-01 02:00:31.333 9 INFO neutron.wsgi [req-8f19ab27-3587-4568-a7ea-64f2d3b84a67 req-7939afc0-9bbf-4c56-a6e6-4b1e738e8a48 bfdbc125d5fd42e79df01e0c334a08af 9b740d9fdd404603b1c940319baf4b57 - - a80c53bc475c4aaaad0fa931d560e4d6 a80c53bc475c4aaaad0fa931d560e4d6] 199.19.213.244 "GET /v2.0/networks?id=61774fd2-9f45-49dd-86d1-3e142df75954 HTTP/1.1" status: 200 len: 959 time: 0.1083066
2026-07-01 02:00:31.360 10 WARNING neutron.scheduler.dhcp_agent_scheduler [None req-186b6844-c0fb-48e9-b281-2afc698f7b88 1519875958714003b49e3e78d8a6e0a6 ed06c171f87b4ec9ae03a57d184c03c3 - - - -] No more DHCP agents
2026-07-01 02:00:31.363 10 WARNING neutron.api.rpc.agentnotifiers.dhcp_rpc_agent_api [None req-186b6844-c0fb-48e9-b281-2afc698f7b88 1519875958714003b49e3e78d8a6e0a6 ed06c171f87b4ec9ae03a57d184c03c3 - - - -] Unable to schedule network bb7bc1a8-08ac-4f6d-aaec-8315b9fa22d5: no agents available; will retry on subsequent port and subnet creation events.
2026-07-01 02:00:31.380 10 INFO neutron.db.ovn_revision_numbers_db [None req-186b6844-c0fb-48e9-b281-2afc698f7b88 1519875958714003b49e3e78d8a6e0a6 ed06c171f87b4ec9ae03a57d184c03c3 - - - -] Successfully bumped revision number for resource 5aa81ddb-7021-497b-ba77-057f573c276f (type: subnets) to 0
2026-07-01 02:00:31.393 9 INFO neutron.wsgi [req-8f19ab27-3587-4568-a7ea-64f2d3b84a67 req-d6b3764a-404d-4906-a68e-84b4acd66cfc bfdbc125d5fd42e79df01e0c334a08af 9b740d9fdd404603b1c940319baf4b57 - - a80c53bc475c4aaaad0fa931d560e4d6 a80c53bc475c4aaaad0fa931d560e4d6] 199.19.213.244 "GET /v2.0/floatingips?fixed_ip_address=10.100.0.13&port_id=7107ce57-b543-4fde-86e4-d49260aaae1d HTTP/1.1" status: 200 len: 1060 time: 0.0494328
2026-07-01 02:00:31.395 10 INFO neutron.wsgi [None req-186b6844-c0fb-48e9-b281-2afc698f7b88 1519875958714003b49e3e78d8a6e0a6 ed06c171f87b4ec9ae03a57d184c03c3 - - - -] 10.0.0.233 "POST /v2.0/subnets HTTP/1.1" status: 201 len: 821 time: 0.3465519
2026-07-01 02:00:31.450 9 INFO neutron.wsgi [req-8f19ab27-3587-4568-a7ea-64f2d3b84a67 req-4cc99468-08f7-45ca-907f-a093b56ec7cd bfdbc125d5fd42e79df01e0c334a08af 9b740d9fdd404603b1c940319baf4b57 - - a80c53bc475c4aaaad0fa931d560e4d6 a80c53bc475c4aaaad0fa931d560e4d6] 199.19.213.244 "GET /v2.0/subnets?id=8600982a-ea7e-4543-9d9a-4a92a8a3f145 HTTP/1.1" status: 200 len: 853 time: 0.0508728
2026-07-01 02:00:31.474 9 INFO neutron.wsgi [req-e3691324-3da5-4d3c-b630-70697c421817 req-4a3f3af1-a2c6-4e33-91b7-886f0914d0f1 79b6289f0e0c45e2b5a03f220ce98378 79c59e9d582f49b39a54243451a71064 - - default default] 10.0.0.99 "GET /v2.0/ports?device_id=a3288cd6-f940-48e1-be5c-8a6bc12942b5 HTTP/1.1" status: 200 len: 210 time: 0.0283937
2026-07-01 02:00:31.488 9 INFO neutron.wsgi [req-8f19ab27-3587-4568-a7ea-64f2d3b84a67 req-76f71710-68c8-43f8-a8c3-5aa91025a5d1 bfdbc125d5fd42e79df01e0c334a08af 9b740d9fdd404603b1c940319baf4b57 - - a80c53bc475c4aaaad0fa931d560e4d6 a80c53bc475c4aaaad0fa931d560e4d6] 199.19.213.244 "GET /v2.0/ports?network_id=61774fd2-9f45-49dd-86d1-3e142df75954&device_owner=network%3Adhcp HTTP/1.1" status: 200 len: 210 time: 0.0278022
2026-07-01 02:00:31.544 9 INFO neutron.wsgi [req-8f19ab27-3587-4568-a7ea-64f2d3b84a67 req-59674d98-a4ed-42d9-81ae-bc9085d91ee8 bfdbc125d5fd42e79df01e0c334a08af 9b740d9fdd404603b1c940319baf4b57 - - a80c53bc475c4aaaad0fa931d560e4d6 a80c53bc475c4aaaad0fa931d560e4d6] 199.19.213.244 "GET /v2.0/networks/61774fd2-9f45-49dd-86d1-3e142df75954?fields=segments HTTP/1.1" status: 200 len: 212 time: 0.0519929
2026-07-01 02:00:31.610 9 INFO neutron.wsgi [req-8f19ab27-3587-4568-a7ea-64f2d3b84a67 req-818e538b-30c3-4ef7-9be1-0e707a94a084 bfdbc125d5fd42e79df01e0c334a08af 9b740d9fdd404603b1c940319baf4b57 - - a80c53bc475c4aaaad0fa931d560e4d6 a80c53bc475c4aaaad0fa931d560e4d6] 199.19.213.244 "GET /v2.0/networks/61774fd2-9f45-49dd-86d1-3e142df75954?fields=provider%3Aphysical_network&fields=provider%3Anetwork_type HTTP/1.1" status: 200 len: 277 time: 0.0613213
2026-07-01 02:00:31.663 9 INFO neutron.db.ovn_revision_numbers_db [None req-1a2de07d-95a9-4a25-a0ce-396ef931af16 9b571939479a498580735bdc942e9463 256fa9529dae44e492acb650cfd9e29a - - default default] Successfully bumped revision number for resource 1a9a9b17-953a-46c3-af86-da0a855a4c90 (type: security_groups) to 1
2026-07-01 02:00:31.686 9 INFO neutron.wsgi [None req-1a2de07d-95a9-4a25-a0ce-396ef931af16 9b571939479a498580735bdc942e9463 256fa9529dae44e492acb650cfd9e29a - - default default] 10.0.0.233 "GET /v2.0/security-groups?tenant_id=61b92cd8c8ac48678bf7c443e80a6dd2&name=default HTTP/1.1" status: 200 len: 2996 time: 0.2346919
2026-07-01 02:00:31.873 9 INFO neutron.wsgi [None req-a415cf8f-67ed-4949-beaa-550d8f942786 9b571939479a498580735bdc942e9463 256fa9529dae44e492acb650cfd9e29a - - - -] 10.0.0.233 "DELETE /v2.0/security-groups/1a9a9b17-953a-46c3-af86-da0a855a4c90 HTTP/1.1" status: 204 len: 168 time: 0.1826274
2026-07-01 02:00:32.107 9 INFO neutron.db.ovn_revision_numbers_db [None req-542c14df-0969-4eb9-8ccf-a8d45d2e86b5 9b571939479a498580735bdc942e9463 256fa9529dae44e492acb650cfd9e29a - - default default] Successfully bumped revision number for resource 85ae8575-a378-4782-87de-75e169c21fac (type: security_groups) to 1
2026-07-01 02:00:32.134 9 INFO neutron.wsgi [req-09050546-f9ef-45b0-9c0c-ed9e914c5232 req-0fd9cea9-e9f8-4dc5-b5e5-8114f2588264 79b6289f0e0c45e2b5a03f220ce98378 79c59e9d582f49b39a54243451a71064 - - default default] 199.19.213.244 "GET /v2.0/networks?id=4ecdc312-36fd-4bcb-a320-99266c1aec2e HTTP/1.1" status: 200 len: 870 time: 0.0791247
2026-07-01 02:00:32.136 9 INFO neutron.wsgi [None req-542c14df-0969-4eb9-8ccf-a8d45d2e86b5 9b571939479a498580735bdc942e9463 256fa9529dae44e492acb650cfd9e29a - - default default] 10.0.0.233 "GET /v2.0/security-groups?tenant_id=653668f1199d48d5b9f9e6bb17794f65&name=default HTTP/1.1" status: 200 len: 2996 time: 0.1591866
2026-07-01 02:00:32.275 10 INFO neutron.db.ovn_revision_numbers_db [None req-30a3e237-b55b-4264-a128-61ff77b0cd11 1519875958714003b49e3e78d8a6e0a6 ed06c171f87b4ec9ae03a57d184c03c3 - - - -] Successfully bumped revision number for resource b83c994d-e98a-4398-89a8-9d4689ece697 (type: ports) to 2
