2026-07-01 02:00:51.097 10 INFO neutron.db.ovn_revision_numbers_db [None req-977a15e4-32fa-4f8f-808f-de12e09f896b 9575585790714435b548729fd4b883d1 c845fdf6bc794d4f88e2d5271d1288ec - - - -] Successfully bumped revision number for resource f2c71366-83c2-4609-90e4-04c7e4e0d345 (type: ports) to 1
2026-07-01 02:00:51.116 10 INFO neutron.wsgi [None req-977a15e4-32fa-4f8f-808f-de12e09f896b 9575585790714435b548729fd4b883d1 c845fdf6bc794d4f88e2d5271d1288ec - - - -] 10.0.0.233 "POST /v2.0/ports HTTP/1.1" status: 201 len: 942 time: 0.3058372 /var/lib/openstack/lib/python3.10/site-packages/pycadf/identifier.py:71: UserWarning: Invalid uuid: neutron. To ensure interoperability, identifiers should be a valid uuid. warnings.warn(('Invalid uuid: %s. To ensure interoperability, '
2026-07-01 02:00:51.189 10 INFO neutron.db.segments_db [None req-ef54a2ac-4b5a-49a8-b30e-e38d050db972 9575585790714435b548729fd4b883d1 c845fdf6bc794d4f88e2d5271d1288ec - - - -] Added segment 81c6a5c6-6b5c-45d6-8550-8af361746028 of type geneve for network a3442d45-74a6-4ecd-9a49-f1dcf5129c46
2026-07-01 02:00:51.306 10 INFO neutron.db.ovn_revision_numbers_db [None req-ef54a2ac-4b5a-49a8-b30e-e38d050db972 9575585790714435b548729fd4b883d1 c845fdf6bc794d4f88e2d5271d1288ec - - - -] Successfully bumped revision number for resource a3442d45-74a6-4ecd-9a49-f1dcf5129c46 (type: networks) to 1
2026-07-01 02:00:51.431 9 INFO neutron.db.l3_db [None req-23d94552-1967-48d9-aff3-3fd4afe4d6a6 6ec8f6d06fe24bbb8fdd5810dbd82771 1127ad323e684dff8fe366c2d0a52021 - - - -] Floating IP 1fad41bd-d4b9-4e84-a78c-67a6c16e345c associated. External IP: 10.96.250.204, port: fc20e172-31da-464d-8dc7-58300e4d09b5.
2026-07-01 02:00:51.481 10 WARNING neutron.scheduler.dhcp_agent_scheduler [None req-ef54a2ac-4b5a-49a8-b30e-e38d050db972 9575585790714435b548729fd4b883d1 c845fdf6bc794d4f88e2d5271d1288ec - - - -] No more DHCP agents
2026-07-01 02:00:51.483 10 WARNING neutron.api.rpc.agentnotifiers.dhcp_rpc_agent_api [None req-ef54a2ac-4b5a-49a8-b30e-e38d050db972 9575585790714435b548729fd4b883d1 c845fdf6bc794d4f88e2d5271d1288ec - - - -] Unable to schedule network a3442d45-74a6-4ecd-9a49-f1dcf5129c46: no agents available; will retry on subsequent port and subnet creation events.
2026-07-01 02:00:51.542 10 INFO neutron.db.ovn_revision_numbers_db [None req-ef54a2ac-4b5a-49a8-b30e-e38d050db972 9575585790714435b548729fd4b883d1 c845fdf6bc794d4f88e2d5271d1288ec - - - -] Successfully bumped revision number for resource 3d296549-ed47-493f-819b-c8d067e4b4a7 (type: ports) to 1
2026-07-01 02:00:51.564 10 INFO neutron.wsgi [None req-ef54a2ac-4b5a-49a8-b30e-e38d050db972 9575585790714435b548729fd4b883d1 c845fdf6bc794d4f88e2d5271d1288ec - - - -] 10.0.0.233 "POST /v2.0/networks HTTP/1.1" status: 201 len: 829 time: 0.4427676
2026-07-01 02:00:51.650 9 INFO neutron.db.ovn_revision_numbers_db [None req-23d94552-1967-48d9-aff3-3fd4afe4d6a6 6ec8f6d06fe24bbb8fdd5810dbd82771 1127ad323e684dff8fe366c2d0a52021 - - - -] Successfully bumped revision number for resource 1fad41bd-d4b9-4e84-a78c-67a6c16e345c (type: floatingips) to 4
2026-07-01 02:00:51.769 9 INFO neutron.db.ovn_revision_numbers_db [None req-23d94552-1967-48d9-aff3-3fd4afe4d6a6 6ec8f6d06fe24bbb8fdd5810dbd82771 1127ad323e684dff8fe366c2d0a52021 - - - -] Successfully bumped revision number for resource 1fad41bd-d4b9-4e84-a78c-67a6c16e345c (type: floatingips) to 5
2026-07-01 02:00:51.806 9 INFO neutron.wsgi [None req-23d94552-1967-48d9-aff3-3fd4afe4d6a6 6ec8f6d06fe24bbb8fdd5810dbd82771 1127ad323e684dff8fe366c2d0a52021 - - - -] 10.0.0.233 "PUT /v2.0/floatingips/1fad41bd-d4b9-4e84-a78c-67a6c16e345c HTTP/1.1" status: 200 len: 1049 time: 0.8891907
2026-07-01 02:00:51.854 10 INFO neutron.wsgi [None req-2ac58ec1-8439-4416-a0e8-0545f4fec444 6ec8f6d06fe24bbb8fdd5810dbd82771 1127ad323e684dff8fe366c2d0a52021 - - default default] 10.0.0.233 "GET /v2.0/floatingips/1fad41bd-d4b9-4e84-a78c-67a6c16e345c HTTP/1.1" status: 200 len: 1051 time: 0.0425582
2026-07-01 02:00:51.869 9 WARNING neutron.scheduler.dhcp_agent_scheduler [None req-d2f6bd64-40c3-4145-b997-fc4345ba6f76 9575585790714435b548729fd4b883d1 c845fdf6bc794d4f88e2d5271d1288ec - - - -] No more DHCP agents
2026-07-01 02:00:51.871 9 WARNING neutron.api.rpc.agentnotifiers.dhcp_rpc_agent_api [None req-d2f6bd64-40c3-4145-b997-fc4345ba6f76 9575585790714435b548729fd4b883d1 c845fdf6bc794d4f88e2d5271d1288ec - - - -] Unable to schedule network a3442d45-74a6-4ecd-9a49-f1dcf5129c46: no agents available; will retry on subsequent port and subnet creation events.
2026-07-01 02:00:51.928 9 INFO neutron.notifiers.nova [-] Nova event matching ['req-22eadb53-5c7e-4ec3-81ce-ff2b5ea6490f'] response: {'name': 'network-changed', 'server_uuid': 'ecbd5752-7953-4708-a5ec-91c72ccc3d65', 'tag': 'fc20e172-31da-464d-8dc7-58300e4d09b5', 'status': 'completed', 'code': 200}
2026-07-01 02:00:51.955 9 INFO neutron.db.ovn_revision_numbers_db [None req-d2f6bd64-40c3-4145-b997-fc4345ba6f76 9575585790714435b548729fd4b883d1 c845fdf6bc794d4f88e2d5271d1288ec - - - -] Successfully bumped revision number for resource e0e6d563-5b4b-4f5e-8483-dceec1a15e9d (type: ports) to 1 /var/lib/openstack/lib/python3.10/site-packages/pycadf/identifier.py:71: UserWarning: Invalid uuid: neutron. To ensure interoperability, identifiers should be a valid uuid. warnings.warn(('Invalid uuid: %s. To ensure interoperability, '
2026-07-01 02:00:51.993 9 INFO neutron.wsgi [req-38ada969-aabc-4221-a7de-5f21bd838f0d req-3fb16bd8-1276-43d0-9fd1-561851f067b6 bfdbc125d5fd42e79df01e0c334a08af 9b740d9fdd404603b1c940319baf4b57 - - a80c53bc475c4aaaad0fa931d560e4d6 a80c53bc475c4aaaad0fa931d560e4d6] 199.19.213.244 "GET /v2.0/ports?tenant_id=1127ad323e684dff8fe366c2d0a52021&device_id=ecbd5752-7953-4708-a5ec-91c72ccc3d65 HTTP/1.1" status: 200 len: 1361 time: 0.0331178
2026-07-01 02:00:51.996 9 INFO neutron.wsgi [None req-d2f6bd64-40c3-4145-b997-fc4345ba6f76 9575585790714435b548729fd4b883d1 c845fdf6bc794d4f88e2d5271d1288ec - - - -] 10.0.0.233 "POST /v2.0/ports HTTP/1.1" status: 201 len: 942 time: 0.4281437
2026-07-01 02:00:52.061 9 INFO neutron.wsgi [req-38ada969-aabc-4221-a7de-5f21bd838f0d req-3a37a7db-a10e-40ab-8653-a24ca313c319 bfdbc125d5fd42e79df01e0c334a08af 9b740d9fdd404603b1c940319baf4b57 - - a80c53bc475c4aaaad0fa931d560e4d6 a80c53bc475c4aaaad0fa931d560e4d6] 199.19.213.244 "GET /v2.0/networks?id=61774fd2-9f45-49dd-86d1-3e142df75954 HTTP/1.1" status: 200 len: 959 time: 0.0627332
2026-07-01 02:00:52.078 10 INFO neutron.db.segments_db [None req-e1a50792-a804-4de6-a587-19d363acd422 9575585790714435b548729fd4b883d1 c845fdf6bc794d4f88e2d5271d1288ec - - - -] Added segment 9ba32cec-4b9b-4686-93cb-0ac8cf72e1dd of type geneve for network f63e3883-8633-4b92-a7c6-cdc3b194b3b1
2026-07-01 02:00:52.103 9 INFO neutron.wsgi [req-38ada969-aabc-4221-a7de-5f21bd838f0d req-9d9f4a59-a8d2-4262-aec2-a4d52579f4b5 bfdbc125d5fd42e79df01e0c334a08af 9b740d9fdd404603b1c940319baf4b57 - - a80c53bc475c4aaaad0fa931d560e4d6 a80c53bc475c4aaaad0fa931d560e4d6] 199.19.213.244 "GET /v2.0/floatingips?fixed_ip_address=10.100.0.6&port_id=fc20e172-31da-464d-8dc7-58300e4d09b5 HTTP/1.1" status: 200 len: 1059 time: 0.0353281
2026-07-01 02:00:52.139 9 INFO neutron.wsgi [req-38ada969-aabc-4221-a7de-5f21bd838f0d req-974c21c8-f7ad-486b-a23e-2b8f4e2dfdbe bfdbc125d5fd42e79df01e0c334a08af 9b740d9fdd404603b1c940319baf4b57 - - a80c53bc475c4aaaad0fa931d560e4d6 a80c53bc475c4aaaad0fa931d560e4d6] 199.19.213.244 "GET /v2.0/subnets?id=8600982a-ea7e-4543-9d9a-4a92a8a3f145 HTTP/1.1" status: 200 len: 853 time: 0.0298204
2026-07-01 02:00:52.167 9 INFO neutron.wsgi [req-38ada969-aabc-4221-a7de-5f21bd838f0d req-c49ed66b-d6ad-4a71-94a5-76d1288980ca bfdbc125d5fd42e79df01e0c334a08af 9b740d9fdd404603b1c940319baf4b57 - - a80c53bc475c4aaaad0fa931d560e4d6 a80c53bc475c4aaaad0fa931d560e4d6] 199.19.213.244 "GET /v2.0/ports?network_id=61774fd2-9f45-49dd-86d1-3e142df75954&device_owner=network%3Adhcp HTTP/1.1" status: 200 len: 210 time: 0.0230818
2026-07-01 02:00:52.223 10 INFO neutron.db.ovn_revision_numbers_db [None req-e1a50792-a804-4de6-a587-19d363acd422 9575585790714435b548729fd4b883d1 c845fdf6bc794d4f88e2d5271d1288ec - - - -] Successfully bumped revision number for resource f63e3883-8633-4b92-a7c6-cdc3b194b3b1 (type: networks) to 1
2026-07-01 02:00:52.227 9 INFO neutron.wsgi [req-38ada969-aabc-4221-a7de-5f21bd838f0d req-a8d75204-165d-4163-b8cd-876c3b073d7f bfdbc125d5fd42e79df01e0c334a08af 9b740d9fdd404603b1c940319baf4b57 - - a80c53bc475c4aaaad0fa931d560e4d6 a80c53bc475c4aaaad0fa931d560e4d6] 199.19.213.244 "GET /v2.0/networks/61774fd2-9f45-49dd-86d1-3e142df75954?fields=segments HTTP/1.1" status: 200 len: 212 time: 0.0550668
2026-07-01 02:00:52.300 9 INFO neutron.wsgi [req-38ada969-aabc-4221-a7de-5f21bd838f0d req-17657870-b0fc-460d-bdf9-9ff2b7cd00f7 bfdbc125d5fd42e79df01e0c334a08af 9b740d9fdd404603b1c940319baf4b57 - - a80c53bc475c4aaaad0fa931d560e4d6 a80c53bc475c4aaaad0fa931d560e4d6] 199.19.213.244 "GET /v2.0/networks/61774fd2-9f45-49dd-86d1-3e142df75954?fields=provider%3Aphysical_network&fields=provider%3Anetwork_type HTTP/1.1" status: 200 len: 277 time: 0.0684683
2026-07-01 02:00:52.436 10 WARNING neutron.scheduler.dhcp_agent_scheduler [None req-e1a50792-a804-4de6-a587-19d363acd422 9575585790714435b548729fd4b883d1 c845fdf6bc794d4f88e2d5271d1288ec - - - -] No more DHCP agents
2026-07-01 02:00:52.438 10 WARNING neutron.api.rpc.agentnotifiers.dhcp_rpc_agent_api [None req-e1a50792-a804-4de6-a587-19d363acd422 9575585790714435b548729fd4b883d1 c845fdf6bc794d4f88e2d5271d1288ec - - - -] Unable to schedule network f63e3883-8633-4b92-a7c6-cdc3b194b3b1: no agents available; will retry on subsequent port and subnet creation events.
2026-07-01 02:00:52.502 10 INFO neutron.db.ovn_revision_numbers_db [None req-e1a50792-a804-4de6-a587-19d363acd422 9575585790714435b548729fd4b883d1 c845fdf6bc794d4f88e2d5271d1288ec - - - -] Successfully bumped revision number for resource 573264c4-b213-4f09-bede-f1272db4da55 (type: ports) to 1
2026-07-01 02:00:52.529 10 INFO neutron.wsgi [None req-e1a50792-a804-4de6-a587-19d363acd422 9575585790714435b548729fd4b883d1 c845fdf6bc794d4f88e2d5271d1288ec - - - -] 10.0.0.233 "POST /v2.0/networks HTTP/1.1" status: 201 len: 830 time: 0.5272839
2026-07-01 02:00:52.791 10 WARNING neutron.scheduler.dhcp_agent_scheduler [None req-698d8d0b-542c-4fb7-a105-b401be84eaa3 9575585790714435b548729fd4b883d1 c845fdf6bc794d4f88e2d5271d1288ec - - - -] No more DHCP agents
2026-07-01 02:00:52.794 10 WARNING neutron.api.rpc.agentnotifiers.dhcp_rpc_agent_api [None req-698d8d0b-542c-4fb7-a105-b401be84eaa3 9575585790714435b548729fd4b883d1 c845fdf6bc794d4f88e2d5271d1288ec - - - -] Unable to schedule network f63e3883-8633-4b92-a7c6-cdc3b194b3b1: no agents available; will retry on subsequent port and subnet creation events.
2026-07-01 02:00:52.887 10 INFO neutron.db.ovn_revision_numbers_db [None req-698d8d0b-542c-4fb7-a105-b401be84eaa3 9575585790714435b548729fd4b883d1 c845fdf6bc794d4f88e2d5271d1288ec - - - -] Successfully bumped revision number for resource b740022c-8533-4515-81da-d4332ea0e074 (type: ports) to 1
2026-07-01 02:00:52.913 10 INFO neutron.wsgi [None req-698d8d0b-542c-4fb7-a105-b401be84eaa3 9575585790714435b548729fd4b883d1 c845fdf6bc794d4f88e2d5271d1288ec - - - -] 10.0.0.233 "POST /v2.0/ports HTTP/1.1" status: 201 len: 942 time: 0.3777597 /var/lib/openstack/lib/python3.10/site-packages/pycadf/identifier.py:71: UserWarning: Invalid uuid: neutron. To ensure interoperability, identifiers should be a valid uuid. warnings.warn(('Invalid uuid: %s. To ensure interoperability, '
2026-07-01 02:00:52.955 10 INFO neutron.wsgi [None req-bdbdd337-5d6a-4146-a98e-b553cc701bd4 9575585790714435b548729fd4b883d1 c845fdf6bc794d4f88e2d5271d1288ec - - - -] 10.0.0.233 "PUT /v2.0/ports/463dab2f-188d-4a21-bf95-9b1da6b044e9/tags HTTP/1.1" status: 200 len: 210 time: 0.0361657
2026-07-01 02:00:53.004 10 INFO neutron.wsgi [None req-38ef70b1-2282-4fb3-bd2b-ccef459209b2 9575585790714435b548729fd4b883d1 c845fdf6bc794d4f88e2d5271d1288ec - - - -] 10.0.0.233 "PUT /v2.0/ports/c192f5f2-2991-4bc6-b58c-e5cdc871267b/tags HTTP/1.1" status: 200 len: 218 time: 0.0433166
2026-07-01 02:00:53.054 10 INFO neutron.wsgi [None req-f6021f8b-0b32-4d59-a4d1-c643a5384aee 9575585790714435b548729fd4b883d1 c845fdf6bc794d4f88e2d5271d1288ec - - - -] 10.0.0.233 "PUT /v2.0/ports/f2c71366-83c2-4609-90e4-04c7e4e0d345/tags HTTP/1.1" status: 200 len: 227 time: 0.0443912
2026-07-01 02:00:53.108 10 INFO neutron.wsgi [None req-14b42d36-05eb-45d1-b3e9-3a96cb213607 9575585790714435b548729fd4b883d1 c845fdf6bc794d4f88e2d5271d1288ec - - - -] 10.0.0.233 "PUT /v2.0/ports/e0e6d563-5b4b-4f5e-8483-dceec1a15e9d/tags HTTP/1.1" status: 200 len: 212 time: 0.0492647
2026-07-01 02:00:53.290 10 INFO neutron.wsgi [None req-fb3984d5-c272-4a9a-bc1e-7fa1a20f5a6e 9575585790714435b548729fd4b883d1 c845fdf6bc794d4f88e2d5271d1288ec - - default default] 10.0.0.233 "GET /v2.0/ports?tags=red HTTP/1.1" status: 200 len: 2448 time: 0.1750476
2026-07-01 02:00:53.482 9 INFO neutron.wsgi [None req-c10844df-012c-402b-8d55-df516f7c77eb 9575585790714435b548729fd4b883d1 c845fdf6bc794d4f88e2d5271d1288ec - - default default] 10.0.0.233 "GET /v2.0/ports?tags=red%2Cblue HTTP/1.1" status: 200 len: 1708 time: 0.1859801
2026-07-01 02:00:53.563 10 INFO neutron.wsgi [None req-88943bca-68de-4b53-9e4e-4c5dbb8d403d 9575585790714435b548729fd4b883d1 c845fdf6bc794d4f88e2d5271d1288ec - - default default] 10.0.0.233 "GET /v2.0/ports?tags-any=blue HTTP/1.1" status: 200 len: 1708 time: 0.0743442
2026-07-01 02:00:53.607 10 INFO neutron.wsgi [None req-0cd54959-d349-412c-b1fa-10997bcce71f 9575585790714435b548729fd4b883d1 c845fdf6bc794d4f88e2d5271d1288ec - - default default] 10.0.0.233 "GET /v2.0/ports?tags-any=red%2Cblue HTTP/1.1" status: 200 len: 2448 time: 0.0371573
2026-07-01 02:00:53.778 10 INFO neutron.wsgi [None req-7140f3e3-4d59-4630-a3a9-67d9ade4c5d9 9575585790714435b548729fd4b883d1 c845fdf6bc794d4f88e2d5271d1288ec - - default default] 10.0.0.233 "GET /v2.0/ports?not-tags=red HTTP/1.1" status: 200 len: 5463 time: 0.1670301
2026-07-01 02:00:54.050 9 INFO neutron.wsgi [None req-0d8a3b2e-9f44-4685-8323-170b261ad3bf 9575585790714435b548729fd4b883d1 c845fdf6bc794d4f88e2d5271d1288ec - - default default] 10.0.0.233 "GET /v2.0/ports?not-tags=red%2Cblue HTTP/1.1" status: 200 len: 6203 time: 0.2654760
2026-07-01 02:00:54.138 10 INFO neutron.wsgi [None req-56f5c089-2341-478d-8cf2-d6b4632ba89a 9575585790714435b548729fd4b883d1 c845fdf6bc794d4f88e2d5271d1288ec - - default default] 10.0.0.233 "GET /v2.0/ports?not-tags-any=blue HTTP/1.1" status: 200 len: 6203 time: 0.0841324
2026-07-01 02:00:54.200 10 INFO neutron.wsgi [None req-50458acf-2583-4d65-964c-f228a00c1952 9575585790714435b548729fd4b883d1 c845fdf6bc794d4f88e2d5271d1288ec - - default default] 10.0.0.233 "GET /v2.0/ports?not-tags-any=red%2Cblue HTTP/1.1" status: 200 len: 5463 time: 0.0566804
2026-07-01 02:00:54.455 10 INFO neutron.wsgi [None req-b28c7763-832d-4e74-8e04-e31785fe0647 9575585790714435b548729fd4b883d1 c845fdf6bc794d4f88e2d5271d1288ec - - - -] 10.0.0.233 "DELETE /v2.0/ports/463dab2f-188d-4a21-bf95-9b1da6b044e9 HTTP/1.1" status: 204 len: 168 time: 0.2495155
2026-07-01 02:00:54.819 9 INFO neutron.db.ovn_revision_numbers_db [None req-d0566cdc-0b50-46a6-9b4a-595ee670e9d3 9b571939479a498580735bdc942e9463 256fa9529dae44e492acb650cfd9e29a - - default default] Successfully bumped revision number for resource c4652081-5e48-4ef5-94f9-7a2843815b56 (type: security_groups) to 1
2026-07-01 02:00:54.845 9 INFO neutron.wsgi [None req-d0566cdc-0b50-46a6-9b4a-595ee670e9d3 9b571939479a498580735bdc942e9463 256fa9529dae44e492acb650cfd9e29a - - default default] 10.0.0.233 "GET /v2.0/security-groups?tenant_id=e9dab592a87b457b90579d72c36290a9&name=default HTTP/1.1" status: 200 len: 2996 time: 0.3082292
2026-07-01 02:00:54.888 10 INFO neutron.wsgi [None req-90de3617-5b81-486d-9ac2-b733bdf99fde 9575585790714435b548729fd4b883d1 c845fdf6bc794d4f88e2d5271d1288ec - - - -] 10.0.0.233 "DELETE /v2.0/ports/c192f5f2-2991-4bc6-b58c-e5cdc871267b HTTP/1.1" status: 204 len: 168 time: 0.4275296
2026-07-01 02:00:55.012 9 INFO neutron.wsgi [None req-4f20f497-2662-4e0a-b11f-15a5a063707c 9b571939479a498580735bdc942e9463 256fa9529dae44e492acb650cfd9e29a - - - -] 10.0.0.233 "DELETE /v2.0/security-groups/c4652081-5e48-4ef5-94f9-7a2843815b56 HTTP/1.1" status: 204 len: 168 time: 0.1613007
2026-07-01 02:00:55.122 10 INFO neutron.wsgi [None req-0b7f0885-cbf8-4cf9-b293-ce81c6453f17 9575585790714435b548729fd4b883d1 c845fdf6bc794d4f88e2d5271d1288ec - - - -] 10.0.0.233 "DELETE /v2.0/ports/f2c71366-83c2-4609-90e4-04c7e4e0d345 HTTP/1.1" status: 204 len: 168 time: 0.2306254
2026-07-01 02:00:55.449 9 INFO neutron.wsgi [None req-6c87ba59-8494-41fb-94c6-cd5284013587 9575585790714435b548729fd4b883d1 c845fdf6bc794d4f88e2d5271d1288ec - - - -] 10.0.0.233 "DELETE /v2.0/ports/e0e6d563-5b4b-4f5e-8483-dceec1a15e9d HTTP/1.1" status: 204 len: 168 time: 0.3223791
2026-07-01 02:00:55.639 9 INFO neutron.wsgi [None req-d84debcd-9420-487b-9445-9ba4fc25d15e 9575585790714435b548729fd4b883d1 c845fdf6bc794d4f88e2d5271d1288ec - - - -] 10.0.0.233 "DELETE /v2.0/ports/b740022c-8533-4515-81da-d4332ea0e074 HTTP/1.1" status: 204 len: 168 time: 0.1861544
2026-07-01 02:00:55.984 9 INFO neutron.services.segments.plugin [-] Segment f1404631-ac0a-437f-a386-5bf0c53b1f47 resource provider aggregate not found
2026-07-01 02:00:55.993 9 INFO neutron.services.segments.plugin [-] Segment f1404631-ac0a-437f-a386-5bf0c53b1f47 resource provider aggregate not found
2026-07-01 02:00:56.020 9 INFO neutron.services.segments.plugin [-] Segment f1404631-ac0a-437f-a386-5bf0c53b1f47 resource provider not found; error: Placement Client Error (4xx): {"errors": [{"status": 404, "title": "Not Found", "detail": "The resource could not be found.\n\n No resource provider with uuid f1404631-ac0a-437f-a386-5bf0c53b1f47 found for delete ", "request_id": "req-d6dd5c75-507c-41e3-b9ad-7905378c5c2e"}]}
2026-07-01 02:00:56.020 9 INFO neutron.services.segments.plugin [-] Segment f1404631-ac0a-437f-a386-5bf0c53b1f47 resource provider not found; error: Placement Client Error (4xx): {"errors": [{"status": 404, "title": "Not Found", "detail": "The resource could not be found.\n\n No resource provider with uuid f1404631-ac0a-437f-a386-5bf0c53b1f47 found for delete ", "request_id": "req-ac54ef9c-0fa7-4b8e-9408-f839f1db5436"}]}
2026-07-01 02:00:56.059 9 INFO neutron.wsgi [None req-5158708c-2abd-4c40-b90a-1d4aa1da4324 9575585790714435b548729fd4b883d1 c845fdf6bc794d4f88e2d5271d1288ec - - - -] 10.0.0.233 "DELETE /v2.0/networks/f164c502-95a9-4460-9a17-a5b83a523879 HTTP/1.1" status: 204 len: 168 time: 0.4152856
2026-07-01 02:00:56.460 10 INFO neutron.services.segments.plugin [-] Segment e5d8d3db-afe5-4374-b56f-8860507a42fe resource provider aggregate not found
2026-07-01 02:00:56.471 10 INFO neutron.services.segments.plugin [-] Segment e5d8d3db-afe5-4374-b56f-8860507a42fe resource provider aggregate not found
2026-07-01 02:00:56.501 10 INFO neutron.services.segments.plugin [-] Segment e5d8d3db-afe5-4374-b56f-8860507a42fe resource provider not found; error: Placement Client Error (4xx): {"errors": [{"status": 404, "title": "Not Found", "detail": "The resource could not be found.\n\n No resource provider with uuid e5d8d3db-afe5-4374-b56f-8860507a42fe found for delete ", "request_id": "req-8cea51e9-e343-4d7f-b518-1a5852987cd2"}]}
2026-07-01 02:00:56.502 10 INFO neutron.services.segments.plugin [-] Segment e5d8d3db-afe5-4374-b56f-8860507a42fe resource provider not found; error: Placement Client Error (4xx): {"errors": [{"status": 404, "title": "Not Found", "detail": "The resource could not be found.\n\n No resource provider with uuid e5d8d3db-afe5-4374-b56f-8860507a42fe found for delete ", "request_id": "req-16bd6be7-1c69-4f8d-8cae-c51d5c73e2f4"}]}
2026-07-01 02:00:56.544 10 INFO neutron.wsgi [None req-3bb8aab9-4634-46bb-9f21-ae348f094cd7 9575585790714435b548729fd4b883d1 c845fdf6bc794d4f88e2d5271d1288ec - - - -] 10.0.0.233 "DELETE /v2.0/networks/a0e7de19-8f9b-4b5e-8296-fab0c2f658b3 HTTP/1.1" status: 204 len: 168 time: 0.4786208
2026-07-01 02:00:56.929 10 INFO neutron.wsgi [None req-573f4122-46e2-4557-915a-bbc1d03afe0f 9575585790714435b548729fd4b883d1 c845fdf6bc794d4f88e2d5271d1288ec - - - -] 10.0.0.233 "DELETE /v2.0/networks/326c1f97-6fda-48d1-8306-06f1d88156f6 HTTP/1.1" status: 204 len: 168 time: 0.3747435
2026-07-01 02:00:57.229 9 INFO neutron.wsgi [-] 10.0.0.184 "GET / HTTP/1.1" status: 200 len: 246 time: 0.0012703
2026-07-01 02:00:57.235 10 INFO neutron.wsgi [-] 10.0.0.184 "GET / HTTP/1.1" status: 200 len: 246 time: 0.0077188
2026-07-01 02:00:57.338 9 INFO neutron.wsgi [None req-45691ac7-6c76-4a53-95c7-cfe02826b8b3 9575585790714435b548729fd4b883d1 c845fdf6bc794d4f88e2d5271d1288ec - - - -] 10.0.0.233 "DELETE /v2.0/networks/a3442d45-74a6-4ecd-9a49-f1dcf5129c46 HTTP/1.1" status: 204 len: 168 time: 0.4040732
2026-07-01 02:00:57.724 9 INFO neutron.wsgi [None req-dd83090c-7006-4bd9-ab72-00aa08a88fdd 9575585790714435b548729fd4b883d1 c845fdf6bc794d4f88e2d5271d1288ec - - - -] 10.0.0.233 "DELETE /v2.0/networks/f63e3883-8633-4b92-a7c6-cdc3b194b3b1 HTTP/1.1" status: 204 len: 168 time: 0.3824344
2026-07-01 02:00:58.039 9 INFO neutron.services.segments.plugin [-] Segment 81c6a5c6-6b5c-45d6-8550-8af361746028 resource provider aggregate not found
2026-07-01 02:00:58.044 9 INFO neutron.services.segments.plugin [-] Segment 81c6a5c6-6b5c-45d6-8550-8af361746028 resource provider aggregate not found
2026-07-01 02:00:58.051 9 INFO neutron.services.segments.plugin [-] Segment 81c6a5c6-6b5c-45d6-8550-8af361746028 resource provider not found; error: Placement Client Error (4xx): {"errors": [{"status": 404, "title": "Not Found", "detail": "The resource could not be found.\n\n No resource provider with uuid 81c6a5c6-6b5c-45d6-8550-8af361746028 found for delete ", "request_id": "req-231bbb3f-e55b-4556-bc5d-bb45ed5f7eb7"}]}
2026-07-01 02:00:58.056 9 INFO neutron.services.segments.plugin [-] Segment 81c6a5c6-6b5c-45d6-8550-8af361746028 resource provider not found; error: Placement Client Error (4xx): {"errors": [{"status": 404, "title": "Not Found", "detail": "The resource could not be found.\n\n No resource provider with uuid 81c6a5c6-6b5c-45d6-8550-8af361746028 found for delete ", "request_id": "req-5fb48c9b-b792-42fc-80a9-32aa2694fa53"}]}
2026-07-01 02:00:58.066 9 INFO neutron.services.segments.plugin [-] Segment 9ba32cec-4b9b-4686-93cb-0ac8cf72e1dd resource provider aggregate not found
2026-07-01 02:00:58.071 9 INFO neutron.services.segments.plugin [-] Segment 9ba32cec-4b9b-4686-93cb-0ac8cf72e1dd resource provider aggregate not found
2026-07-01 02:00:58.080 9 INFO neutron.services.segments.plugin [-] Segment 9ba32cec-4b9b-4686-93cb-0ac8cf72e1dd resource provider not found; error: Placement Client Error (4xx): {"errors": [{"status": 404, "title": "Not Found", "detail": "The resource could not be found.\n\n No resource provider with uuid 9ba32cec-4b9b-4686-93cb-0ac8cf72e1dd found for delete ", "request_id": "req-f4b56488-0f12-496a-90f3-15f50c01aa32"}]}
2026-07-01 02:00:58.086 9 INFO neutron.services.segments.plugin [-] Segment 9ba32cec-4b9b-4686-93cb-0ac8cf72e1dd resource provider not found; error: Placement Client Error (4xx): {"errors": [{"status": 404, "title": "Not Found", "detail": "The resource could not be found.\n\n No resource provider with uuid 9ba32cec-4b9b-4686-93cb-0ac8cf72e1dd found for delete ", "request_id": "req-aaba7145-d4b7-41c0-8462-187535280d11"}]}
2026-07-01 02:00:58.524 10 INFO neutron.services.segments.plugin [-] Segment 0f6c54e2-8138-46cb-909b-284fd496c2ff resource provider aggregate not found
2026-07-01 02:00:58.534 10 INFO neutron.services.segments.plugin [-] Segment 0f6c54e2-8138-46cb-909b-284fd496c2ff resource provider aggregate not found
2026-07-01 02:00:58.543 10 INFO neutron.services.segments.plugin [-] Segment 0f6c54e2-8138-46cb-909b-284fd496c2ff resource provider not found; error: Placement Client Error (4xx): {"errors": [{"status": 404, "title": "Not Found", "detail": "The resource could not be found.\n\n No resource provider with uuid 0f6c54e2-8138-46cb-909b-284fd496c2ff found for delete ", "request_id": "req-e29d77e7-73c3-46d1-8770-fab5d23e2f0b"}]}
2026-07-01 02:00:58.548 10 INFO neutron.services.segments.plugin [-] Segment 0f6c54e2-8138-46cb-909b-284fd496c2ff resource provider not found; error: Placement Client Error (4xx): {"errors": [{"status": 404, "title": "Not Found", "detail": "The resource could not be found.\n\n No resource provider with uuid 0f6c54e2-8138-46cb-909b-284fd496c2ff found for delete ", "request_id": "req-3c646e73-1579-439c-9d3f-8b3910097964"}]}
2026-07-01 02:00:58.705 9 INFO neutron.db.ovn_revision_numbers_db [None req-ed0f7a4f-dfb6-4755-ba9e-a022bf37452b 9b571939479a498580735bdc942e9463 256fa9529dae44e492acb650cfd9e29a - - default default] Successfully bumped revision number for resource d77d6a42-a193-42f9-b6e0-db064577f396 (type: security_groups) to 1
2026-07-01 02:00:58.725 9 INFO neutron.wsgi [None req-ed0f7a4f-dfb6-4755-ba9e-a022bf37452b 9b571939479a498580735bdc942e9463 256fa9529dae44e492acb650cfd9e29a - - default default] 10.0.0.233 "GET /v2.0/security-groups?tenant_id=a4a074006fde4faeb11f8e61ff99755b&name=default HTTP/1.1" status: 200 len: 2996 time: 0.2435098
2026-07-01 02:00:58.893 9 INFO neutron.wsgi [None req-5f36a19e-e0e4-4f30-be45-08cef360abf3 9b571939479a498580735bdc942e9463 256fa9529dae44e492acb650cfd9e29a - - - -] 10.0.0.233 "DELETE /v2.0/security-groups/d77d6a42-a193-42f9-b6e0-db064577f396 HTTP/1.1" status: 204 len: 168 time: 0.1641011
2026-07-01 02:00:59.067 9 INFO neutron.db.ovn_revision_numbers_db [None req-f3a18641-3e67-41d1-a4cf-28a9bb4c49fd 9b571939479a498580735bdc942e9463 256fa9529dae44e492acb650cfd9e29a - - default default] Successfully bumped revision number for resource f47f861c-909c-4367-9a29-f3f86f0a58e2 (type: security_groups) to 1
2026-07-01 02:00:59.086 9 INFO neutron.wsgi [None req-f3a18641-3e67-41d1-a4cf-28a9bb4c49fd 9b571939479a498580735bdc942e9463 256fa9529dae44e492acb650cfd9e29a - - default default] 10.0.0.233 "GET /v2.0/security-groups?tenant_id=de53015f6459439c870a883f08f15c7f&name=default HTTP/1.1" status: 200 len: 2996 time: 0.1072733
2026-07-01 02:00:59.253 9 INFO neutron.wsgi [None req-999f1c3b-12cb-4447-82b4-d7a95fe9d27d 9b571939479a498580735bdc942e9463 256fa9529dae44e492acb650cfd9e29a - - - -] 10.0.0.233 "DELETE /v2.0/security-groups/f47f861c-909c-4367-9a29-f3f86f0a58e2 HTTP/1.1" status: 204 len: 168 time: 0.1626265
2026-07-01 02:00:59.455 10 INFO neutron.wsgi [None req-7a4ab562-70b6-45a6-a4b0-66b33356cdf8 9b571939479a498580735bdc942e9463 256fa9529dae44e492acb650cfd9e29a - - default default] 10.0.0.233 "GET /v2.0/security-groups?tenant_id=c845fdf6bc794d4f88e2d5271d1288ec&name=default HTTP/1.1" status: 200 len: 2996 time: 0.0308056
2026-07-01 02:00:59.642 10 INFO neutron.wsgi [None req-59661734-71fa-48fe-a4cf-01b6be60d8cd 9b571939479a498580735bdc942e9463 256fa9529dae44e492acb650cfd9e29a - - - -] 10.0.0.233 "DELETE /v2.0/security-groups/a21b1172-ba27-48fa-828b-84cff1b17c46 HTTP/1.1" status: 204 len: 168 time: 0.1819899
2026-07-01 02:01:02.007 10 INFO neutron.wsgi [req-6ea9ed95-9ed3-4b74-bcbb-975d523044b4 req-83cf7677-e268-4f34-87d5-5ec08ddd00bb bfdbc125d5fd42e79df01e0c334a08af 9b740d9fdd404603b1c940319baf4b57 - - a80c53bc475c4aaaad0fa931d560e4d6 a80c53bc475c4aaaad0fa931d560e4d6] 10.0.0.180 "GET /v2.0/ports?device_id=ecbd5752-7953-4708-a5ec-91c72ccc3d65 HTTP/1.1" status: 200 len: 1361 time: 0.0499563
2026-07-01 02:01:02.043 10 INFO neutron.wsgi [req-6ea9ed95-9ed3-4b74-bcbb-975d523044b4 req-efd89057-94c8-4a9d-b017-fbb8c407380a bfdbc125d5fd42e79df01e0c334a08af 9b740d9fdd404603b1c940319baf4b57 - - a80c53bc475c4aaaad0fa931d560e4d6 a80c53bc475c4aaaad0fa931d560e4d6] 10.0.0.180 "GET /v2.0/security-groups?id=b4ee7d91-a0fb-4ebb-acf6-e241f7184620&fields=id&fields=name HTTP/1.1" status: 200 len: 312 time: 0.0292103
2026-07-01 02:01:03.764 9 INFO neutron.wsgi [req-32552e34-a182-40e5-9aad-a589fa5c1c02 req-839b1e60-a687-4f39-abc1-3f91f21ada67 bfdbc125d5fd42e79df01e0c334a08af 9b740d9fdd404603b1c940319baf4b57 - - a80c53bc475c4aaaad0fa931d560e4d6 a80c53bc475c4aaaad0fa931d560e4d6] 199.19.213.244 "GET /v2.0/ports?device_id=d3542218-7010-458b-840f-c016eae7cb7c&fields=binding%3Ahost_id&fields=binding%3Avif_type HTTP/1.1" status: 200 len: 265 time: 0.0288002
2026-07-01 02:01:03.835 9 INFO neutron.wsgi [req-32552e34-a182-40e5-9aad-a589fa5c1c02 req-db5d3f86-93a6-4509-8025-28565b39be58 bfdbc125d5fd42e79df01e0c334a08af 9b740d9fdd404603b1c940319baf4b57 - - a80c53bc475c4aaaad0fa931d560e4d6 a80c53bc475c4aaaad0fa931d560e4d6] 199.19.213.244 "GET /v2.0/ports?tenant_id=1127ad323e684dff8fe366c2d0a52021&device_id=d3542218-7010-458b-840f-c016eae7cb7c HTTP/1.1" status: 200 len: 1365 time: 0.0327682
2026-07-01 02:01:03.907 9 INFO neutron.wsgi [req-32552e34-a182-40e5-9aad-a589fa5c1c02 req-b68ca977-7179-422e-9023-71061e6aacb3 bfdbc125d5fd42e79df01e0c334a08af 9b740d9fdd404603b1c940319baf4b57 - - a80c53bc475c4aaaad0fa931d560e4d6 a80c53bc475c4aaaad0fa931d560e4d6] 199.19.213.244 "GET /v2.0/networks?id=61774fd2-9f45-49dd-86d1-3e142df75954 HTTP/1.1" status: 200 len: 959 time: 0.0560024
2026-07-01 02:01:03.961 9 INFO neutron.wsgi [req-32552e34-a182-40e5-9aad-a589fa5c1c02 req-5a954316-70e2-4121-b6c8-ae1eb51bc11f bfdbc125d5fd42e79df01e0c334a08af 9b740d9fdd404603b1c940319baf4b57 - - a80c53bc475c4aaaad0fa931d560e4d6 a80c53bc475c4aaaad0fa931d560e4d6] 199.19.213.244 "GET /v2.0/floatingips?fixed_ip_address=10.100.0.13&port_id=7107ce57-b543-4fde-86e4-d49260aaae1d HTTP/1.1" status: 200 len: 217 time: 0.0466380
2026-07-01 02:01:04.003 9 INFO neutron.wsgi [req-32552e34-a182-40e5-9aad-a589fa5c1c02 req-8c44f204-fd3d-444f-b057-db4782c5fdd3 bfdbc125d5fd42e79df01e0c334a08af 9b740d9fdd404603b1c940319baf4b57 - - a80c53bc475c4aaaad0fa931d560e4d6 a80c53bc475c4aaaad0fa931d560e4d6] 199.19.213.244 "GET /v2.0/subnets?id=8600982a-ea7e-4543-9d9a-4a92a8a3f145 HTTP/1.1" status: 200 len: 853 time: 0.0347333
2026-07-01 02:01:04.069 9 INFO neutron.wsgi [req-32552e34-a182-40e5-9aad-a589fa5c1c02 req-dcb74dbc-9429-4124-a751-5a77417a8286 bfdbc125d5fd42e79df01e0c334a08af 9b740d9fdd404603b1c940319baf4b57 - - a80c53bc475c4aaaad0fa931d560e4d6 a80c53bc475c4aaaad0fa931d560e4d6] 199.19.213.244 "GET /v2.0/ports?network_id=61774fd2-9f45-49dd-86d1-3e142df75954&device_owner=network%3Adhcp HTTP/1.1" status: 200 len: 210 time: 0.0464172
2026-07-01 02:01:04.521 9 INFO neutron.wsgi [req-32552e34-a182-40e5-9aad-a589fa5c1c02 req-0f2e63ea-7348-425f-934b-607debbdf11b bfdbc125d5fd42e79df01e0c334a08af 9b740d9fdd404603b1c940319baf4b57 - - a80c53bc475c4aaaad0fa931d560e4d6 a80c53bc475c4aaaad0fa931d560e4d6] 199.19.213.244 "GET /v2.0/networks/61774fd2-9f45-49dd-86d1-3e142df75954?fields=segments HTTP/1.1" status: 200 len: 212 time: 0.4449773
2026-07-01 02:01:04.547 9 INFO neutron.db.ovn_revision_numbers_db [None req-e8a2c7c6-fe89-44f6-98e8-be7ecb18ad45 d781f006ad5d4ec4ad12b6d22db520bb 7da82a86d3be451ca08766105f100678 - - - -] Successfully bumped revision number for resource 08b9a7e8-366d-47cb-9e2f-1767c9d35e85 (type: routers) to 1
2026-07-01 02:01:04.572 9 INFO neutron.wsgi [None req-e8a2c7c6-fe89-44f6-98e8-be7ecb18ad45 d781f006ad5d4ec4ad12b6d22db520bb 7da82a86d3be451ca08766105f100678 - - - -] 10.0.0.233 "POST /v2.0/routers HTTP/1.1" status: 201 len: 654 time: 0.7952650
2026-07-01 02:01:04.602 9 INFO neutron.wsgi [req-32552e34-a182-40e5-9aad-a589fa5c1c02 req-bf3b1551-7085-4961-9708-89379e2f6d48 bfdbc125d5fd42e79df01e0c334a08af 9b740d9fdd404603b1c940319baf4b57 - - a80c53bc475c4aaaad0fa931d560e4d6 a80c53bc475c4aaaad0fa931d560e4d6] 199.19.213.244 "GET /v2.0/networks/61774fd2-9f45-49dd-86d1-3e142df75954?fields=provider%3Aphysical_network&fields=provider%3Anetwork_type HTTP/1.1" status: 200 len: 277 time: 0.0655637
2026-07-01 02:01:04.742 9 INFO neutron.plugins.ml2.drivers.ovn.mech_driver.mech_driver [None req-08900592-f8cc-49a0-863f-16f9cb69425f - - - - - -] OVN reports status down for port: fc20e172-31da-464d-8dc7-58300e4d09b5
2026-07-01 02:01:04.760 10 INFO neutron.db.ovn_revision_numbers_db [None req-955fc978-e4ab-4dba-bbe7-51e64840e714 d781f006ad5d4ec4ad12b6d22db520bb 7da82a86d3be451ca08766105f100678 - - - -] Successfully bumped revision number for resource 426dc801-175e-402a-a786-f1af21ae6dbd (type: routers) to 1
2026-07-01 02:01:04.773 10 INFO neutron.wsgi [None req-955fc978-e4ab-4dba-bbe7-51e64840e714 d781f006ad5d4ec4ad12b6d22db520bb 7da82a86d3be451ca08766105f100678 - - - -] 10.0.0.233 "POST /v2.0/routers HTTP/1.1" status: 201 len: 654 time: 0.1950207
2026-07-01 02:01:04.815 9 INFO neutron.wsgi [req-a8c93b4c-4d4e-42be-b918-5b5ad937d49a req-a53469fc-f9c0-4e01-8130-5dbeb6f15e82 6ec8f6d06fe24bbb8fdd5810dbd82771 1127ad323e684dff8fe366c2d0a52021 - - default default] 10.0.0.99 "GET /v2.0/ports?device_id=ecbd5752-7953-4708-a5ec-91c72ccc3d65 HTTP/1.1" status: 200 len: 1170 time: 0.1247926
2026-07-01 02:01:04.861 9 INFO neutron.wsgi [req-a8c93b4c-4d4e-42be-b918-5b5ad937d49a req-b7203713-74fd-4256-a8c9-0ea17a75d860 6ec8f6d06fe24bbb8fdd5810dbd82771 1127ad323e684dff8fe366c2d0a52021 - - default default] 10.0.0.99 "GET /v2.0/security-groups?id=b4ee7d91-a0fb-4ebb-acf6-e241f7184620&fields=id&fields=name HTTP/1.1" status: 200 len: 312 time: 0.0348918
2026-07-01 02:01:04.901 9 INFO neutron.notifiers.nova [-] Nova event matching ['req-6f39a8b2-224f-418a-9c7d-2c3501f37860'] response: {'server_uuid': 'ecbd5752-7953-4708-a5ec-91c72ccc3d65', 'name': 'network-vif-unplugged', 'status': 'completed', 'tag': 'fc20e172-31da-464d-8dc7-58300e4d09b5', 'code': 200}
2026-07-01 02:01:04.936 10 INFO neutron.db.ovn_revision_numbers_db [None req-1ea250bd-d8d0-4e26-987c-62467cf4963a d781f006ad5d4ec4ad12b6d22db520bb 7da82a86d3be451ca08766105f100678 - - - -] Successfully bumped revision number for resource 54fa0541-02b8-4c5d-9c51-85efcbfb65ea (type: routers) to 1
2026-07-01 02:01:04.950 10 INFO neutron.wsgi [None req-1ea250bd-d8d0-4e26-987c-62467cf4963a d781f006ad5d4ec4ad12b6d22db520bb 7da82a86d3be451ca08766105f100678 - - - -] 10.0.0.233 "POST /v2.0/routers HTTP/1.1" status: 201 len: 654 time: 0.1722190
2026-07-01 02:01:05.034 9 INFO neutron.wsgi [req-ed12d6fc-4baa-40ff-8ffe-3421349af3e9 req-a8d88f20-3e7b-4d47-97b4-5f8c5596327b 6ec8f6d06fe24bbb8fdd5810dbd82771 1127ad323e684dff8fe366c2d0a52021 - - default default] 199.19.213.244 "GET /v2.0/ports?device_id=ecbd5752-7953-4708-a5ec-91c72ccc3d65 HTTP/1.1" status: 200 len: 1168 time: 0.0350847
2026-07-01 02:01:05.047 9 INFO neutron.db.ovn_revision_numbers_db [None req-08900592-f8cc-49a0-863f-16f9cb69425f - - - - - -] Successfully bumped revision number for resource fc20e172-31da-464d-8dc7-58300e4d09b5 (type: ports) to 5
2026-07-01 02:01:05.111 10 INFO neutron.db.ovn_revision_numbers_db [None req-499e9ee7-4d92-4c68-8589-65dfbafcddef d781f006ad5d4ec4ad12b6d22db520bb 7da82a86d3be451ca08766105f100678 - - - -] Successfully bumped revision number for resource 80882943-c383-4880-9166-4db8d3c55e0d (type: routers) to 1
2026-07-01 02:01:05.123 10 INFO neutron.wsgi [None req-499e9ee7-4d92-4c68-8589-65dfbafcddef d781f006ad5d4ec4ad12b6d22db520bb 7da82a86d3be451ca08766105f100678 - - - -] 10.0.0.233 "POST /v2.0/routers HTTP/1.1" status: 201 len: 654 time: 0.1692944
2026-07-01 02:01:05.351 9 INFO neutron.db.l3_db [None req-818c0d3b-652b-4f16-811f-f1cdd08a57da 6ec8f6d06fe24bbb8fdd5810dbd82771 1127ad323e684dff8fe366c2d0a52021 - - - -] Floating IP 1fad41bd-d4b9-4e84-a78c-67a6c16e345c disassociated. External IP: 10.96.250.204, port: fc20e172-31da-464d-8dc7-58300e4d09b5.
2026-07-01 02:01:05.473 10 INFO neutron.db.ovn_revision_numbers_db [None req-1a0edf61-a6b1-4e59-ae09-70e93b596efe d781f006ad5d4ec4ad12b6d22db520bb 7da82a86d3be451ca08766105f100678 - - - -] Successfully bumped revision number for resource 8f120978-420e-4c4d-9d83-7e06e326e2e1 (type: routers) to 1
2026-07-01 02:01:05.489 10 INFO neutron.wsgi [None req-1a0edf61-a6b1-4e59-ae09-70e93b596efe d781f006ad5d4ec4ad12b6d22db520bb 7da82a86d3be451ca08766105f100678 - - - -] 10.0.0.233 "POST /v2.0/routers HTTP/1.1" status: 201 len: 654 time: 0.3622224
2026-07-01 02:01:05.554 10 INFO neutron.wsgi [None req-247d16fe-3de6-4763-a153-d0bc88896273 d781f006ad5d4ec4ad12b6d22db520bb 7da82a86d3be451ca08766105f100678 - - - -] 10.0.0.233 "PUT /v2.0/routers/08b9a7e8-366d-47cb-9e2f-1767c9d35e85/tags HTTP/1.1" status: 200 len: 210 time: 0.0602930
2026-07-01 02:01:05.556 9 INFO neutron.wsgi [None req-818c0d3b-652b-4f16-811f-f1cdd08a57da 6ec8f6d06fe24bbb8fdd5810dbd82771 1127ad323e684dff8fe366c2d0a52021 - - - -] 199.19.213.244 "DELETE /v2.0/ports/fc20e172-31da-464d-8dc7-58300e4d09b5 HTTP/1.1" status: 204 len: 173 time: 0.5154836
2026-07-01 02:01:05.613 10 INFO neutron.wsgi [None req-3bf3f64e-319d-4b9e-a6c9-0ec83ea33978 d781f006ad5d4ec4ad12b6d22db520bb 7da82a86d3be451ca08766105f100678 - - - -] 10.0.0.233 "PUT /v2.0/routers/426dc801-175e-402a-a786-f1af21ae6dbd/tags HTTP/1.1" status: 200 len: 218 time: 0.0560532
2026-07-01 02:01:05.670 10 INFO neutron.wsgi [None req-3fd49cf4-f2ea-4326-980f-e45a813398a3 d781f006ad5d4ec4ad12b6d22db520bb 7da82a86d3be451ca08766105f100678 - - - -] 10.0.0.233 "PUT /v2.0/routers/54fa0541-02b8-4c5d-9c51-85efcbfb65ea/tags HTTP/1.1" status: 200 len: 227 time: 0.0525212
2026-07-01 02:01:05.722 10 INFO neutron.wsgi [None req-4fc6ae4f-ca58-43d4-a053-55faa906da51 d781f006ad5d4ec4ad12b6d22db520bb 7da82a86d3be451ca08766105f100678 - - - -] 10.0.0.233 "PUT /v2.0/routers/80882943-c383-4880-9166-4db8d3c55e0d/tags HTTP/1.1" status: 200 len: 212 time: 0.0480399
2026-07-01 02:01:05.797 10 INFO neutron.wsgi [None req-d35e51df-bf7f-439b-a443-bec15270cd08 d781f006ad5d4ec4ad12b6d22db520bb 7da82a86d3be451ca08766105f100678 - - default default] 10.0.0.233 "GET /v2.0/routers?tags=red HTTP/1.1" status: 200 len: 1601 time: 0.0690961
2026-07-01 02:01:05.877 10 INFO neutron.wsgi [None req-5d9378da-bba9-428b-bec0-bd745952770b d781f006ad5d4ec4ad12b6d22db520bb 7da82a86d3be451ca08766105f100678 - - default default] 10.0.0.233 "GET /v2.0/routers?tags=red%2Cblue HTTP/1.1" status: 200 len: 1144 time: 0.0733168 /var/lib/openstack/lib/python3.10/site-packages/pycadf/identifier.py:71: UserWarning: Invalid uuid: neutron. To ensure interoperability, identifiers should be a valid uuid. warnings.warn(('Invalid uuid: %s. To ensure interoperability, '
2026-07-01 02:01:05.961 10 INFO neutron.wsgi [None req-2741e9cf-2a22-4c02-8e69-43e7eb428050 d781f006ad5d4ec4ad12b6d22db520bb 7da82a86d3be451ca08766105f100678 - - default default] 10.0.0.233 "GET /v2.0/routers?tags-any=blue HTTP/1.1" status: 200 len: 1144 time: 0.0783615
2026-07-01 02:01:06.028 10 INFO neutron.wsgi [None req-af300787-ffbb-4521-a248-caa0c7813474 d781f006ad5d4ec4ad12b6d22db520bb 7da82a86d3be451ca08766105f100678 - - default default] 10.0.0.233 "GET /v2.0/routers?tags-any=red%2Cblue HTTP/1.1" status: 200 len: 1601 time: 0.0610590
2026-07-01 02:01:06.072 9 INFO neutron.wsgi [None req-156d1f1b-ac42-4661-b4de-c85fb3ec80f1 6ec8f6d06fe24bbb8fdd5810dbd82771 1127ad323e684dff8fe366c2d0a52021 - - - -] 10.0.0.233 "DELETE /v2.0/security-groups/b4ee7d91-a0fb-4ebb-acf6-e241f7184620 HTTP/1.1" status: 204 len: 168 time: 0.1539576
2026-07-01 02:01:06.110 10 INFO neutron.wsgi [None req-b2eb0b0c-9f2c-4c63-b811-713cfc7fb0dd d781f006ad5d4ec4ad12b6d22db520bb 7da82a86d3be451ca08766105f100678 - - default default] 10.0.0.233 "GET /v2.0/routers?not-tags=red HTTP/1.1" status: 200 len: 1116 time: 0.0778017
2026-07-01 02:01:06.192 10 INFO neutron.wsgi [None req-3c969e9d-a84e-456f-a308-9d5c70d27d49 d781f006ad5d4ec4ad12b6d22db520bb 7da82a86d3be451ca08766105f100678 - - default default] 10.0.0.233 "GET /v2.0/routers?not-tags=red%2Cblue HTTP/1.1" status: 200 len: 1573 time: 0.0780368
2026-07-01 02:01:06.493 9 INFO neutron.wsgi [None req-52317b90-99c5-442d-81c7-db78a3b59d27 6ec8f6d06fe24bbb8fdd5810dbd82771 1127ad323e684dff8fe366c2d0a52021 - - - -] 10.0.0.233 "DELETE /v2.0/floatingips/1fad41bd-d4b9-4e84-a78c-67a6c16e345c HTTP/1.1" status: 204 len: 168 time: 0.3864131
2026-07-01 02:01:06.497 10 INFO neutron.wsgi [None req-b1c8cfbe-e5a7-4591-988a-e5eccf060269 d781f006ad5d4ec4ad12b6d22db520bb 7da82a86d3be451ca08766105f100678 - - default default] 10.0.0.233 "GET /v2.0/routers?not-tags-any=blue HTTP/1.1" status: 200 len: 1573 time: 0.3005502
2026-07-01 02:01:06.580 9 INFO neutron.wsgi [None req-bef3ba6c-23e3-4e06-94b9-868bcf4164f0 d781f006ad5d4ec4ad12b6d22db520bb 7da82a86d3be451ca08766105f100678 - - default default] 10.0.0.233 "GET /v2.0/routers?not-tags-any=red%2Cblue HTTP/1.1" status: 200 len: 1116 time: 0.0784247
2026-07-01 02:01:06.642 9 INFO neutron.wsgi [None req-3296a9a7-3ea4-4e19-b684-e1889f7b0104 d781f006ad5d4ec4ad12b6d22db520bb 7da82a86d3be451ca08766105f100678 - - default default] 10.0.0.233 "GET /v2.0/routers/08b9a7e8-366d-47cb-9e2f-1767c9d35e85 HTTP/1.1" status: 200 len: 660 time: 0.0550961
2026-07-01 02:01:06.697 10 INFO neutron.plugins.ml2.drivers.ovn.mech_driver.mech_driver [None req-10a0cd33-e977-4710-9e67-99741bf93d78 - - - - - -] OVN reports status down for port: 7107ce57-b543-4fde-86e4-d49260aaae1d
2026-07-01 02:01:06.698 9 INFO neutron.wsgi [req-0ea6525e-dff6-4b4e-8e80-c51f3f95e0be req-3d1d18aa-144e-4246-8d51-f3cdff2d3b5d 6ec8f6d06fe24bbb8fdd5810dbd82771 1127ad323e684dff8fe366c2d0a52021 - - default default] 10.0.0.99 "GET /v2.0/ports?device_id=d3542218-7010-458b-840f-c016eae7cb7c HTTP/1.1" status: 200 len: 1174 time: 0.0465019
2026-07-01 02:01:06.764 9 INFO neutron.wsgi [req-0ea6525e-dff6-4b4e-8e80-c51f3f95e0be req-f89e44a3-1a2c-43f0-87a5-e807d0814b9f 6ec8f6d06fe24bbb8fdd5810dbd82771 1127ad323e684dff8fe366c2d0a52021 - - default default] 10.0.0.99 "GET /v2.0/security-groups?id=2d52c72c-b22a-4d0e-9e84-841de2971874&fields=id&fields=name HTTP/1.1" status: 200 len: 311 time: 0.0511022
2026-07-01 02:01:06.810 10 INFO neutron.notifiers.nova [-] Nova event matching ['req-9ccd67f0-49dc-43ff-b3db-3cf1c193e147'] response: {'server_uuid': 'd3542218-7010-458b-840f-c016eae7cb7c', 'name': 'network-vif-unplugged', 'status': 'completed', 'tag': '7107ce57-b543-4fde-86e4-d49260aaae1d', 'code': 200}
2026-07-01 02:01:06.949 9 INFO neutron.notifiers.nova [-] Nova event matching ['req-abf58806-d9c4-4369-94cf-a1f0c80aaa45'] response: {'server_uuid': 'ecbd5752-7953-4708-a5ec-91c72ccc3d65', 'name': 'network-vif-plugged', 'status': 'completed', 'tag': 'fc20e172-31da-464d-8dc7-58300e4d09b5', 'code': 200}
2026-07-01 02:01:06.950 9 INFO neutron.notifiers.nova [-] Nova event matching ['req-abf58806-d9c4-4369-94cf-a1f0c80aaa45'] response: {'server_uuid': 'ecbd5752-7953-4708-a5ec-91c72ccc3d65', 'name': 'network-vif-deleted', 'tag': 'fc20e172-31da-464d-8dc7-58300e4d09b5', 'status': 'completed', 'code': 200}
2026-07-01 02:01:06.975 10 INFO neutron.db.ovn_revision_numbers_db [None req-10a0cd33-e977-4710-9e67-99741bf93d78 - - - - - -] Successfully bumped revision number for resource 7107ce57-b543-4fde-86e4-d49260aaae1d (type: ports) to 5
2026-07-01 02:01:07.205 9 INFO neutron.wsgi [req-22098e5c-9a53-4287-b0d1-6694fe6c48db req-36295a9f-03e8-4fc9-8a0e-c68317de38f8 6ec8f6d06fe24bbb8fdd5810dbd82771 1127ad323e684dff8fe366c2d0a52021 - - default default] 199.19.213.244 "GET /v2.0/ports?device_id=d3542218-7010-458b-840f-c016eae7cb7c HTTP/1.1" status: 200 len: 1172 time: 0.2537773
2026-07-01 02:01:07.372 9 INFO neutron.db.ovn_revision_numbers_db [None req-acd8735a-9b30-4ec5-9d3d-66fa504022c8 d781f006ad5d4ec4ad12b6d22db520bb 7da82a86d3be451ca08766105f100678 - - - -] Successfully bumped revision number for resource 08b9a7e8-366d-47cb-9e2f-1767c9d35e85 (type: routers) to 4
2026-07-01 02:01:07.375 9 INFO neutron.wsgi [None req-acd8735a-9b30-4ec5-9d3d-66fa504022c8 d781f006ad5d4ec4ad12b6d22db520bb 7da82a86d3be451ca08766105f100678 - - - -] 10.0.0.233 "PUT /v2.0/routers/08b9a7e8-366d-47cb-9e2f-1767c9d35e85 HTTP/1.1" status: 200 len: 660 time: 0.7288973 /var/lib/openstack/lib/python3.10/site-packages/pycadf/identifier.py:71: UserWarning: Invalid uuid: neutron. To ensure interoperability, identifiers should be a valid uuid. warnings.warn(('Invalid uuid: %s. To ensure interoperability, '
2026-07-01 02:01:07.415 10 INFO neutron.wsgi [None req-71b03a83-8752-4d9d-a436-82f5a7b288ab d781f006ad5d4ec4ad12b6d22db520bb 7da82a86d3be451ca08766105f100678 - - default default] 10.0.0.233 "GET /v2.0/ports?device_id=08b9a7e8-366d-47cb-9e2f-1767c9d35e85 HTTP/1.1" status: 200 len: 205 time: 0.0292850
2026-07-01 02:01:07.633 9 INFO neutron.wsgi [None req-745f58b3-ac1e-4a1e-aad9-d6238d6da592 d781f006ad5d4ec4ad12b6d22db520bb 7da82a86d3be451ca08766105f100678 - - - -] 10.0.0.233 "DELETE /v2.0/routers/08b9a7e8-366d-47cb-9e2f-1767c9d35e85 HTTP/1.1" status: 204 len: 168 time: 0.2124617
2026-07-01 02:01:07.637 9 INFO neutron.wsgi [None req-febcddcf-6c8b-4386-9030-4f98018cb005 6ec8f6d06fe24bbb8fdd5810dbd82771 1127ad323e684dff8fe366c2d0a52021 - - - -] 199.19.213.244 "DELETE /v2.0/ports/7107ce57-b543-4fde-86e4-d49260aaae1d HTTP/1.1" status: 204 len: 173 time: 0.4186239
2026-07-01 02:01:07.692 10 INFO neutron.wsgi [None req-a295584c-2262-40ba-8478-0c4e9e4c2cd8 d781f006ad5d4ec4ad12b6d22db520bb 7da82a86d3be451ca08766105f100678 - - default default] 10.0.0.233 "GET /v2.0/routers/426dc801-175e-402a-a786-f1af21ae6dbd HTTP/1.1" status: 200 len: 668 time: 0.0546668
2026-07-01 02:01:07.873 9 INFO neutron.wsgi [req-7e81bfb6-87e2-4bc8-80aa-825fa505c4b7 req-e3eabfff-2687-439d-9fc2-1c73f24e43cf 6ec8f6d06fe24bbb8fdd5810dbd82771 1127ad323e684dff8fe366c2d0a52021 - - default default] 10.0.0.99 "GET /v2.0/ports?device_id=d3542218-7010-458b-840f-c016eae7cb7c HTTP/1.1" status: 200 len: 210 time: 0.0267463
2026-07-01 02:01:08.081 9 INFO neutron.db.ovn_revision_numbers_db [None req-912749b7-26a1-4fc6-99f6-a0f49af88536 9b571939479a498580735bdc942e9463 256fa9529dae44e492acb650cfd9e29a - - default default] Successfully bumped revision number for resource de212d6f-c7f7-40f0-99ad-8949a12ba93e (type: security_groups) to 1
2026-07-01 02:01:08.100 9 INFO neutron.wsgi [None req-912749b7-26a1-4fc6-99f6-a0f49af88536 9b571939479a498580735bdc942e9463 256fa9529dae44e492acb650cfd9e29a - - default default] 10.0.0.233 "GET /v2.0/security-groups?tenant_id=a5bb4c1b480f45cd84afd4d5e6a5ba99&name=default HTTP/1.1" status: 200 len: 2996 time: 0.2119818
2026-07-01 02:01:08.165 10 INFO neutron.db.ovn_revision_numbers_db [None req-76b93bf7-3e1f-46f3-83ed-fdbdc94a32be d781f006ad5d4ec4ad12b6d22db520bb 7da82a86d3be451ca08766105f100678 - - - -] Successfully bumped revision number for resource 426dc801-175e-402a-a786-f1af21ae6dbd (type: routers) to 4
2026-07-01 02:01:08.169 10 INFO neutron.wsgi [None req-76b93bf7-3e1f-46f3-83ed-fdbdc94a32be d781f006ad5d4ec4ad12b6d22db520bb 7da82a86d3be451ca08766105f100678 - - - -] 10.0.0.233 "PUT /v2.0/routers/426dc801-175e-402a-a786-f1af21ae6dbd HTTP/1.1" status: 200 len: 668 time: 0.4709365
2026-07-01 02:01:08.198 10 INFO neutron.wsgi [None req-47dcbb12-eb8c-4324-9440-0225d08796e4 d781f006ad5d4ec4ad12b6d22db520bb 7da82a86d3be451ca08766105f100678 - - default default] 10.0.0.233 "GET /v2.0/ports?device_id=426dc801-175e-402a-a786-f1af21ae6dbd HTTP/1.1" status: 200 len: 205 time: 0.0239484
2026-07-01 02:01:08.278 9 INFO neutron.wsgi [None req-d8d90815-c8f0-46d4-8828-a4c83974dd84 9b571939479a498580735bdc942e9463 256fa9529dae44e492acb650cfd9e29a - - - -] 10.0.0.233 "DELETE /v2.0/security-groups/de212d6f-c7f7-40f0-99ad-8949a12ba93e HTTP/1.1" status: 204 len: 168 time: 0.1721740
2026-07-01 02:01:08.415 10 INFO neutron.wsgi [None req-1d6b288d-0bf9-4b7c-85e9-8da1a6581d04 d781f006ad5d4ec4ad12b6d22db520bb 7da82a86d3be451ca08766105f100678 - - - -] 10.0.0.233 "DELETE /v2.0/routers/426dc801-175e-402a-a786-f1af21ae6dbd HTTP/1.1" status: 204 len: 168 time: 0.2120116
2026-07-01 02:01:08.461 10 INFO neutron.wsgi [None req-e70fd3f2-1430-4417-a724-e06aa0003551 d781f006ad5d4ec4ad12b6d22db520bb 7da82a86d3be451ca08766105f100678 - - default default] 10.0.0.233 "GET /v2.0/routers/54fa0541-02b8-4c5d-9c51-85efcbfb65ea HTTP/1.1" status: 200 len: 677 time: 0.0422163
2026-07-01 02:01:08.978 9 INFO neutron.notifiers.nova [-] Nova event matching ['req-dbde9c41-2bab-4fec-80ed-eee458c43a01'] response: {'server_uuid': 'd3542218-7010-458b-840f-c016eae7cb7c', 'name': 'network-vif-deleted', 'tag': '7107ce57-b543-4fde-86e4-d49260aaae1d', 'status': 'completed', 'code': 200}
2026-07-01 02:01:09.035 10 INFO neutron.notifiers.nova [-] Nova event matching ['req-62038f18-61c7-4b6e-b144-e3b42bdc46cd'] response: {'server_uuid': 'd3542218-7010-458b-840f-c016eae7cb7c', 'name': 'network-vif-plugged', 'status': 'completed', 'tag': '7107ce57-b543-4fde-86e4-d49260aaae1d', 'code': 200}
2026-07-01 02:01:09.062 10 INFO neutron.db.ovn_revision_numbers_db [None req-589fad6f-6709-48bf-84ed-33f378244beb d781f006ad5d4ec4ad12b6d22db520bb 7da82a86d3be451ca08766105f100678 - - - -] Successfully bumped revision number for resource 54fa0541-02b8-4c5d-9c51-85efcbfb65ea (type: routers) to 4
2026-07-01 02:01:09.065 10 INFO neutron.wsgi [None req-589fad6f-6709-48bf-84ed-33f378244beb d781f006ad5d4ec4ad12b6d22db520bb 7da82a86d3be451ca08766105f100678 - - - -] 10.0.0.233 "PUT /v2.0/routers/54fa0541-02b8-4c5d-9c51-85efcbfb65ea HTTP/1.1" status: 200 len: 677 time: 0.5993776
2026-07-01 02:01:09.094 9 INFO neutron.wsgi [None req-7d7f1714-6fb9-4571-9fa9-7e055a4f614c 6ec8f6d06fe24bbb8fdd5810dbd82771 1127ad323e684dff8fe366c2d0a52021 - - - -] 10.0.0.233 "DELETE /v2.0/security-groups/2d52c72c-b22a-4d0e-9e84-841de2971874 HTTP/1.1" status: 204 len: 168 time: 0.1678920
2026-07-01 02:01:09.097 9 INFO neutron.wsgi [None req-cbbcc9d5-2b59-4f4a-8b0e-aa6dba7bab12 d781f006ad5d4ec4ad12b6d22db520bb 7da82a86d3be451ca08766105f100678 - - default default] 10.0.0.233 "GET /v2.0/ports?device_id=54fa0541-02b8-4c5d-9c51-85efcbfb65ea HTTP/1.1" status: 200 len: 205 time: 0.0263450
2026-07-01 02:01:09.314 9 INFO neutron.wsgi [None req-8f47685b-d7b8-48b4-a607-816d5d8c8aa2 d781f006ad5d4ec4ad12b6d22db520bb 7da82a86d3be451ca08766105f100678 - - - -] 10.0.0.233 "DELETE /v2.0/routers/54fa0541-02b8-4c5d-9c51-85efcbfb65ea HTTP/1.1" status: 204 len: 168 time: 0.2127645
