2026-03-31 06:22:21.909 9 INFO neutron.db.ovn_revision_numbers_db [None req-63f1ed0e-9f77-49ea-8d12-e0bc78886b51 0c8cfa4133454b3097b7c50077b745de a0ca050bdd2a42b38f5eef964bc59a02 - - default default] Successfully bumped revision number for resource fb936f1c-6b9d-4740-a7c1-ee692e20edc0 (type: security_group_rules) to 0
2026-03-31 06:22:21.953 9 INFO neutron.api.wsgi [None req-63f1ed0e-9f77-49ea-8d12-e0bc78886b51 0c8cfa4133454b3097b7c50077b745de a0ca050bdd2a42b38f5eef964bc59a02 - - default default] 10.0.0.21 "GET /v2.0/security-groups?tenant_id=7f75925ea0db48599b3dcdb32349e303&name=default HTTP/1.1" status: 200 len: 3120 time: 0.3732216
2026-03-31 06:22:21.995 10 INFO neutron.api.wsgi [None req-90927fb9-13bd-40a0-aeb4-95a22b130363 3b849b791eb74e67821a45d88fb6ed73 077d7a659db64e91841c544516ce3b93 - - default default] 10.0.0.21 "DELETE /v2.0/subnets/605de35e-916e-44fa-bff9-fc285d2ac404 HTTP/1.1" status: 204 len: 168 time: 0.2211688 /var/lib/openstack/lib/python3.12/site-packages/pycadf/identifier.py:71: UserWarning: Invalid uuid: neutron. To ensure interoperability, identifiers should be a valid uuid. warnings.warn(('Invalid uuid: %s. To ensure interoperability, '
2026-03-31 06:22:22.159 9 INFO neutron.api.wsgi [None req-df627519-c048-4153-a502-0e48664356a0 0c8cfa4133454b3097b7c50077b745de a0ca050bdd2a42b38f5eef964bc59a02 - - default default] 10.0.0.21 "DELETE /v2.0/security-groups/c43f5e0c-a2db-42f3-b0a0-c6f1c2d16fee HTTP/1.1" status: 204 len: 168 time: 0.2007978
2026-03-31 06:22:22.344 10 INFO neutron.services.segments.plugin [-] Segment 83264ac3-2c30-433c-bd70-08111c38b0c4 resource provider aggregate not found
2026-03-31 06:22:22.348 10 INFO neutron.services.segments.plugin [-] Segment 83264ac3-2c30-433c-bd70-08111c38b0c4 resource provider aggregate not found
2026-03-31 06:22:22.372 10 INFO neutron.services.segments.plugin [-] Segment 83264ac3-2c30-433c-bd70-08111c38b0c4 resource provider not found; error: Placement Client Error (4xx): {"errors": [{"status": 404, "title": "Not Found", "detail": "The resource could not be found.\n\n No resource provider with uuid 83264ac3-2c30-433c-bd70-08111c38b0c4 found for delete ", "request_id": "req-78dec7a0-2def-4726-8740-e01d5c796031"}]}
2026-03-31 06:22:22.373 10 INFO neutron.services.segments.plugin [-] Segment 83264ac3-2c30-433c-bd70-08111c38b0c4 resource provider not found; error: Placement Client Error (4xx): {"errors": [{"status": 404, "title": "Not Found", "detail": "The resource could not be found.\n\n No resource provider with uuid 83264ac3-2c30-433c-bd70-08111c38b0c4 found for delete ", "request_id": "req-55c97afa-d455-4d0a-98d1-bb0c9232c4e6"}]}
2026-03-31 06:22:22.375 9 INFO neutron.db.ovn_revision_numbers_db [None req-de565558-ef31-4e67-9346-3c51b934ac99 0c8cfa4133454b3097b7c50077b745de a0ca050bdd2a42b38f5eef964bc59a02 - - default default] Successfully bumped revision number for resource d8d20478-0100-4097-974a-67c324a8731d (type: security_groups) to 1
2026-03-31 06:22:22.389 9 INFO neutron.db.ovn_revision_numbers_db [None req-de565558-ef31-4e67-9346-3c51b934ac99 0c8cfa4133454b3097b7c50077b745de a0ca050bdd2a42b38f5eef964bc59a02 - - default default] Successfully bumped revision number for resource 53047b0d-c8f4-4327-82f1-b69221f410e9 (type: security_group_rules) to 0
2026-03-31 06:22:22.403 9 INFO neutron.db.ovn_revision_numbers_db [None req-de565558-ef31-4e67-9346-3c51b934ac99 0c8cfa4133454b3097b7c50077b745de a0ca050bdd2a42b38f5eef964bc59a02 - - default default] Successfully bumped revision number for resource 60d01d90-ebb6-48c4-8e66-8751f6bd48a0 (type: security_group_rules) to 0
2026-03-31 06:22:22.415 10 INFO neutron.api.wsgi [None req-e10620a4-7f71-4062-bd06-ddd72ef6e362 3b849b791eb74e67821a45d88fb6ed73 077d7a659db64e91841c544516ce3b93 - - default default] 10.0.0.21 "DELETE /v2.0/networks/9ed67c9b-a625-440c-8dc2-5d3fec92b152 HTTP/1.1" status: 204 len: 168 time: 0.4138649
2026-03-31 06:22:22.417 9 INFO neutron.db.ovn_revision_numbers_db [None req-de565558-ef31-4e67-9346-3c51b934ac99 0c8cfa4133454b3097b7c50077b745de a0ca050bdd2a42b38f5eef964bc59a02 - - default default] Successfully bumped revision number for resource 7c1fcaff-0623-4c0e-8f88-54df164a1f5e (type: security_group_rules) to 0
2026-03-31 06:22:22.441 9 INFO neutron.db.ovn_revision_numbers_db [None req-de565558-ef31-4e67-9346-3c51b934ac99 0c8cfa4133454b3097b7c50077b745de a0ca050bdd2a42b38f5eef964bc59a02 - - default default] Successfully bumped revision number for resource dbab7f25-dd5e-4ffd-91cc-f9178599c464 (type: security_group_rules) to 0
2026-03-31 06:22:22.452 10 INFO neutron.api.wsgi [None req-e1202e3d-3920-4a68-88aa-a2660a32c767 f5320d59b3b24d01a93e9628e2806ebc 1d6f9ad5cb414c34aea54fc74fd6ccdd - - default default] 10.0.0.21 "PUT /v2.0/routers/cae75917-1256-438c-bcf4-8100f7823d9b/remove_router_interface HTTP/1.1" status: 200 len: 503 time: 0.6888041 /var/lib/openstack/lib/python3.12/site-packages/pycadf/identifier.py:71: UserWarning: Invalid uuid: neutron. To ensure interoperability, identifiers should be a valid uuid. warnings.warn(('Invalid uuid: %s. To ensure interoperability, '
2026-03-31 06:22:22.485 9 INFO neutron.api.wsgi [None req-de565558-ef31-4e67-9346-3c51b934ac99 0c8cfa4133454b3097b7c50077b745de a0ca050bdd2a42b38f5eef964bc59a02 - - default default] 10.0.0.21 "GET /v2.0/security-groups?tenant_id=b5be307378d4422daa4c06c442d1837b&name=default HTTP/1.1" status: 200 len: 3120 time: 0.2263453
2026-03-31 06:22:22.504 10 INFO neutron.api.v2.resource [None req-a13ba464-0366-4bec-8e1c-4b4f22025e0d f5320d59b3b24d01a93e9628e2806ebc 1d6f9ad5cb414c34aea54fc74fd6ccdd - - default default] remove_router_interface failed (client error): The resource could not be found.
2026-03-31 06:22:22.505 10 INFO neutron.api.wsgi [None req-a13ba464-0366-4bec-8e1c-4b4f22025e0d f5320d59b3b24d01a93e9628e2806ebc 1d6f9ad5cb414c34aea54fc74fd6ccdd - - default default] 10.0.0.21 "PUT /v2.0/routers/cae75917-1256-438c-bcf4-8100f7823d9b/remove_router_interface HTTP/1.1" status: 404 len: 398 time: 0.0470564
2026-03-31 06:22:22.525 10 INFO neutron.api.wsgi [None req-9733782b-3fc2-40d7-b1ae-3b284850fae7 f5320d59b3b24d01a93e9628e2806ebc 1d6f9ad5cb414c34aea54fc74fd6ccdd - - default default] 10.0.0.21 "GET /v2.0/ports?device_id=cae75917-1256-438c-bcf4-8100f7823d9b HTTP/1.1" status: 200 len: 205 time: 0.0144427
2026-03-31 06:22:22.702 10 INFO neutron.api.wsgi [None req-978ed8eb-08fc-4f66-828c-639c43fe421e f5320d59b3b24d01a93e9628e2806ebc 1d6f9ad5cb414c34aea54fc74fd6ccdd - - default default] 10.0.0.21 "DELETE /v2.0/routers/cae75917-1256-438c-bcf4-8100f7823d9b HTTP/1.1" status: 204 len: 168 time: 0.1730564
2026-03-31 06:22:22.712 9 INFO neutron.api.wsgi [None req-f5e465dd-4ae1-4392-8f46-cb5c65423077 0c8cfa4133454b3097b7c50077b745de a0ca050bdd2a42b38f5eef964bc59a02 - - default default] 10.0.0.21 "DELETE /v2.0/security-groups/d8d20478-0100-4097-974a-67c324a8731d HTTP/1.1" status: 204 len: 168 time: 0.2213669
2026-03-31 06:22:22.730 9 INFO neutron.services.segments.plugin [-] Segment c725dfa1-5205-441c-b3fd-17cea040b4a0 resource provider aggregate not found
2026-03-31 06:22:22.735 9 INFO neutron.services.segments.plugin [-] Segment c725dfa1-5205-441c-b3fd-17cea040b4a0 resource provider aggregate not found
2026-03-31 06:22:22.743 9 INFO neutron.services.segments.plugin [-] Segment c725dfa1-5205-441c-b3fd-17cea040b4a0 resource provider not found; error: Placement Client Error (4xx): {"errors": [{"status": 404, "title": "Not Found", "detail": "The resource could not be found.\n\n No resource provider with uuid c725dfa1-5205-441c-b3fd-17cea040b4a0 found for delete ", "request_id": "req-302e7a3e-1671-4146-97d7-4915083145b3"}]}
2026-03-31 06:22:22.749 9 INFO neutron.services.segments.plugin [-] Segment c725dfa1-5205-441c-b3fd-17cea040b4a0 resource provider not found; error: Placement Client Error (4xx): {"errors": [{"status": 404, "title": "Not Found", "detail": "The resource could not be found.\n\n No resource provider with uuid c725dfa1-5205-441c-b3fd-17cea040b4a0 found for delete ", "request_id": "req-0cb6de27-b46d-4a0b-a8a2-bc0cc59e5786"}]}
2026-03-31 06:22:22.771 9 INFO neutron.api.wsgi [None req-8f0db5d4-da41-49c8-9269-f56c0b7ec8c6 3b849b791eb74e67821a45d88fb6ed73 077d7a659db64e91841c544516ce3b93 - - default default] 10.0.0.21 "DELETE /v2.0/networks/185eb5be-42f6-471c-8819-2b1ea1b648a8 HTTP/1.1" status: 204 len: 168 time: 0.3464570
2026-03-31 06:22:22.783 9 WARNING neutron_lib.context [None req-3eb5298d-6709-4fde-8115-c07b1f9c9021 3b849b791eb74e67821a45d88fb6ed73 077d7a659db64e91841c544516ce3b93 - - default default] Method 'is_advsvc' is deprecated since 2023.2 release (neutron-lib 3.8.0) and will be removed once support for the old RBAC API policies will be removed from Neutron. Please use method 'is_service_role' instead.
2026-03-31 06:22:22.867 9 INFO neutron.db.segments_db [None req-3eb5298d-6709-4fde-8115-c07b1f9c9021 3b849b791eb74e67821a45d88fb6ed73 077d7a659db64e91841c544516ce3b93 - - default default] Added segment 2eae9407-2750-42ef-85ad-5f57c4089563 of type geneve for network 428454c7-9f06-49f3-a904-a4446873673e
2026-03-31 06:22:22.880 10 INFO neutron.api.wsgi [None req-1d4c99cf-abfd-47ba-a8e1-d17f714dcc2b f5320d59b3b24d01a93e9628e2806ebc 1d6f9ad5cb414c34aea54fc74fd6ccdd - - default default] 10.0.0.21 "DELETE /v2.0/subnets/d3f7c2f4-d45d-4869-a2a9-3b01ed3c3eaa HTTP/1.1" status: 204 len: 168 time: 0.1729321
2026-03-31 06:22:22.913 9 INFO neutron.db.ovn_revision_numbers_db [None req-7d41976f-6ae7-4b56-9363-eeac2058fa54 0c8cfa4133454b3097b7c50077b745de a0ca050bdd2a42b38f5eef964bc59a02 - - default default] Successfully bumped revision number for resource 4ae38269-4c42-4215-8544-2e10e51a8bf8 (type: security_groups) to 1
2026-03-31 06:22:22.928 9 INFO neutron.db.ovn_revision_numbers_db [None req-7d41976f-6ae7-4b56-9363-eeac2058fa54 0c8cfa4133454b3097b7c50077b745de a0ca050bdd2a42b38f5eef964bc59a02 - - default default] Successfully bumped revision number for resource 237d935c-5a12-42eb-90ad-b87783c4d4f1 (type: security_group_rules) to 0
2026-03-31 06:22:22.943 9 INFO neutron.db.ovn_revision_numbers_db [None req-7d41976f-6ae7-4b56-9363-eeac2058fa54 0c8cfa4133454b3097b7c50077b745de a0ca050bdd2a42b38f5eef964bc59a02 - - default default] Successfully bumped revision number for resource 7c1db438-01ac-4c4d-ae1b-337124190172 (type: security_group_rules) to 0
2026-03-31 06:22:22.960 9 INFO neutron.db.ovn_revision_numbers_db [None req-7d41976f-6ae7-4b56-9363-eeac2058fa54 0c8cfa4133454b3097b7c50077b745de a0ca050bdd2a42b38f5eef964bc59a02 - - default default] Successfully bumped revision number for resource b6c33629-aa1d-4e3b-bf8c-19d2d67e5a62 (type: security_group_rules) to 0
2026-03-31 06:22:22.977 9 INFO neutron.db.ovn_revision_numbers_db [None req-7d41976f-6ae7-4b56-9363-eeac2058fa54 0c8cfa4133454b3097b7c50077b745de a0ca050bdd2a42b38f5eef964bc59a02 - - default default] Successfully bumped revision number for resource ffe9ba93-e36f-4b94-9f5d-4f0cef4bf09f (type: security_group_rules) to 0
2026-03-31 06:22:22.981 9 INFO neutron.db.ovn_revision_numbers_db [None req-3eb5298d-6709-4fde-8115-c07b1f9c9021 3b849b791eb74e67821a45d88fb6ed73 077d7a659db64e91841c544516ce3b93 - - default default] Successfully bumped revision number for resource 428454c7-9f06-49f3-a904-a4446873673e (type: networks) to 1
2026-03-31 06:22:23.021 9 INFO neutron.api.wsgi [None req-7d41976f-6ae7-4b56-9363-eeac2058fa54 0c8cfa4133454b3097b7c50077b745de a0ca050bdd2a42b38f5eef964bc59a02 - - default default] 10.0.0.21 "GET /v2.0/security-groups?tenant_id=dbf3599aa8314b0fa6fa2a8350a534ed&name=default HTTP/1.1" status: 200 len: 3120 time: 0.2208488
2026-03-31 06:22:23.117 10 INFO neutron.db.ovn_revision_numbers_db [None req-8354986e-9f3d-4429-9344-498c4090914e 0c8cfa4133454b3097b7c50077b745de a0ca050bdd2a42b38f5eef964bc59a02 - - default default] Successfully bumped revision number for resource 8fbcb7b2-9b34-4eda-b2a4-6a0c3adf535c (type: security_groups) to 1
2026-03-31 06:22:23.135 10 INFO neutron.db.ovn_revision_numbers_db [None req-8354986e-9f3d-4429-9344-498c4090914e 0c8cfa4133454b3097b7c50077b745de a0ca050bdd2a42b38f5eef964bc59a02 - - default default] Successfully bumped revision number for resource 0ca8de44-3a7d-4d10-8577-4aae942fd3cd (type: security_group_rules) to 0
2026-03-31 06:22:23.160 10 INFO neutron.db.ovn_revision_numbers_db [None req-8354986e-9f3d-4429-9344-498c4090914e 0c8cfa4133454b3097b7c50077b745de a0ca050bdd2a42b38f5eef964bc59a02 - - default default] Successfully bumped revision number for resource 36211400-ff25-4f6e-8908-15b975ae3a1a (type: security_group_rules) to 0
2026-03-31 06:22:23.180 10 INFO neutron.db.ovn_revision_numbers_db [None req-8354986e-9f3d-4429-9344-498c4090914e 0c8cfa4133454b3097b7c50077b745de a0ca050bdd2a42b38f5eef964bc59a02 - - default default] Successfully bumped revision number for resource 5d8fb67b-85eb-4b6f-af8b-d23a5342915e (type: security_group_rules) to 0
2026-03-31 06:22:23.182 9 WARNING neutron.scheduler.dhcp_agent_scheduler [None req-3eb5298d-6709-4fde-8115-c07b1f9c9021 3b849b791eb74e67821a45d88fb6ed73 077d7a659db64e91841c544516ce3b93 - - default default] No more DHCP agents
2026-03-31 06:22:23.184 9 WARNING neutron.api.rpc.agentnotifiers.dhcp_rpc_agent_api [None req-3eb5298d-6709-4fde-8115-c07b1f9c9021 3b849b791eb74e67821a45d88fb6ed73 077d7a659db64e91841c544516ce3b93 - - default default] Unable to schedule network 428454c7-9f06-49f3-a904-a4446873673e: no agents available; will retry on subsequent port and subnet creation events.
2026-03-31 06:22:23.223 10 INFO neutron.db.ovn_revision_numbers_db [None req-8354986e-9f3d-4429-9344-498c4090914e 0c8cfa4133454b3097b7c50077b745de a0ca050bdd2a42b38f5eef964bc59a02 - - default default] Successfully bumped revision number for resource cd705a3a-1dca-4d54-b0dd-24527fd07011 (type: security_group_rules) to 0
2026-03-31 06:22:23.246 9 INFO neutron.db.ovn_revision_numbers_db [None req-3eb5298d-6709-4fde-8115-c07b1f9c9021 3b849b791eb74e67821a45d88fb6ed73 077d7a659db64e91841c544516ce3b93 - - default default] Successfully bumped revision number for resource c49d890e-5771-4f22-8258-8c0c0d48050b (type: ports) to 1
2026-03-31 06:22:23.275 9 INFO neutron.api.wsgi [None req-3eb5298d-6709-4fde-8115-c07b1f9c9021 3b849b791eb74e67821a45d88fb6ed73 077d7a659db64e91841c544516ce3b93 - - default default] 10.0.0.21 "POST /v2.0/networks HTTP/1.1" status: 201 len: 832 time: 0.4960582
2026-03-31 06:22:23.279 10 INFO neutron.api.wsgi [None req-8354986e-9f3d-4429-9344-498c4090914e 0c8cfa4133454b3097b7c50077b745de a0ca050bdd2a42b38f5eef964bc59a02 - - default default] 10.0.0.21 "GET /v2.0/security-groups?tenant_id=e4405b5be65a4603a8103e0fe38a7d5f&name=default HTTP/1.1" status: 200 len: 3120 time: 0.5537419
2026-03-31 06:22:23.283 10 WARNING neutron_lib.context [None req-8e1a99f9-dbd1-44cb-9eec-20543d043814 3b849b791eb74e67821a45d88fb6ed73 077d7a659db64e91841c544516ce3b93 - - default default] Method 'is_advsvc' is deprecated since 2023.2 release (neutron-lib 3.8.0) and will be removed once support for the old RBAC API policies will be removed from Neutron. Please use method 'is_service_role' instead.
2026-03-31 06:22:23.291 9 INFO neutron.api.wsgi [None req-546a943b-4b5f-42d1-a00d-fa7b1a3ddced 0c8cfa4133454b3097b7c50077b745de a0ca050bdd2a42b38f5eef964bc59a02 - - default default] 10.0.0.21 "DELETE /v2.0/security-groups/4ae38269-4c42-4215-8544-2e10e51a8bf8 HTTP/1.1" status: 204 len: 168 time: 0.2645791
2026-03-31 06:22:23.336 10 INFO neutron.api.wsgi [None req-13fdaea4-5f1c-494f-9e66-06c63d4f012e f5320d59b3b24d01a93e9628e2806ebc 1d6f9ad5cb414c34aea54fc74fd6ccdd - - default default] 10.0.0.21 "DELETE /v2.0/networks/53ea6f98-8bb3-47e1-9fd3-66c7438b0e8c HTTP/1.1" status: 204 len: 168 time: 0.4505770
2026-03-31 06:22:23.347 10 WARNING neutron_lib.context [None req-bea9bf6b-540f-4958-9aff-83299a0ca153 f5320d59b3b24d01a93e9628e2806ebc 1d6f9ad5cb414c34aea54fc74fd6ccdd - - default default] Method 'is_advsvc' is deprecated since 2023.2 release (neutron-lib 3.8.0) and will be removed once support for the old RBAC API policies will be removed from Neutron. Please use method 'is_service_role' instead.
2026-03-31 06:22:23.455 10 INFO neutron.db.segments_db [None req-bea9bf6b-540f-4958-9aff-83299a0ca153 f5320d59b3b24d01a93e9628e2806ebc 1d6f9ad5cb414c34aea54fc74fd6ccdd - - default default] Added segment 6dc18cad-6b87-4aa0-a3d0-35610f7813f8 of type geneve for network 7329f6e2-e75c-41ab-9b36-be72098649b7
2026-03-31 06:22:23.472 9 INFO neutron.api.wsgi [None req-3486c542-dab8-4c6f-bf2f-3a9637c72b60 0c8cfa4133454b3097b7c50077b745de a0ca050bdd2a42b38f5eef964bc59a02 - - default default] 10.0.0.21 "DELETE /v2.0/security-groups/8fbcb7b2-9b34-4eda-b2a4-6a0c3adf535c HTTP/1.1" status: 204 len: 168 time: 0.1882792
2026-03-31 06:22:23.485 10 WARNING neutron.scheduler.dhcp_agent_scheduler [None req-8e1a99f9-dbd1-44cb-9eec-20543d043814 3b849b791eb74e67821a45d88fb6ed73 077d7a659db64e91841c544516ce3b93 - - default default] No more DHCP agents
2026-03-31 06:22:23.487 10 WARNING neutron.api.rpc.agentnotifiers.dhcp_rpc_agent_api [None req-8e1a99f9-dbd1-44cb-9eec-20543d043814 3b849b791eb74e67821a45d88fb6ed73 077d7a659db64e91841c544516ce3b93 - - default default] Unable to schedule network 428454c7-9f06-49f3-a904-a4446873673e: no agents available; will retry on subsequent port and subnet creation events.
2026-03-31 06:22:23.516 10 INFO neutron.db.ovn_revision_numbers_db [None req-8e1a99f9-dbd1-44cb-9eec-20543d043814 3b849b791eb74e67821a45d88fb6ed73 077d7a659db64e91841c544516ce3b93 - - default default] Successfully bumped revision number for resource 7b3281a6-ff06-4afa-bc6b-b003a2e6d985 (type: subnets) to 0
2026-03-31 06:22:23.529 10 INFO neutron.api.wsgi [None req-8e1a99f9-dbd1-44cb-9eec-20543d043814 3b849b791eb74e67821a45d88fb6ed73 077d7a659db64e91841c544516ce3b93 - - default default] 10.0.0.21 "POST /v2.0/subnets HTTP/1.1" status: 201 len: 845 time: 0.2492654
2026-03-31 06:22:23.540 9 WARNING neutron_lib.context [None req-850bd7dc-ec8e-407a-90c9-fe4def063814 3b849b791eb74e67821a45d88fb6ed73 077d7a659db64e91841c544516ce3b93 - - default default] Method 'is_advsvc' is deprecated since 2023.2 release (neutron-lib 3.8.0) and will be removed once support for the old RBAC API policies will be removed from Neutron. Please use method 'is_service_role' instead.
2026-03-31 06:22:23.561 10 INFO neutron.db.ovn_revision_numbers_db [None req-bea9bf6b-540f-4958-9aff-83299a0ca153 f5320d59b3b24d01a93e9628e2806ebc 1d6f9ad5cb414c34aea54fc74fd6ccdd - - default default] Successfully bumped revision number for resource 7329f6e2-e75c-41ab-9b36-be72098649b7 (type: networks) to 1
2026-03-31 06:22:23.643 9 INFO neutron.db.ovn_revision_numbers_db [None req-850bd7dc-ec8e-407a-90c9-fe4def063814 3b849b791eb74e67821a45d88fb6ed73 077d7a659db64e91841c544516ce3b93 - - default default] Successfully bumped revision number for resource d4246f49-4b0b-4601-bf31-24f0bc915766 (type: routers) to 1
2026-03-31 06:22:23.661 9 INFO neutron.api.wsgi [None req-850bd7dc-ec8e-407a-90c9-fe4def063814 3b849b791eb74e67821a45d88fb6ed73 077d7a659db64e91841c544516ce3b93 - - default default] 10.0.0.21 "POST /v2.0/routers HTTP/1.1" status: 201 len: 806 time: 0.1267867
2026-03-31 06:22:23.671 9 WARNING neutron_lib.context [None req-b463c080-b0ca-4077-bb95-c99cc8d2084e 3b849b791eb74e67821a45d88fb6ed73 077d7a659db64e91841c544516ce3b93 - - default default] Method 'is_advsvc' is deprecated since 2023.2 release (neutron-lib 3.8.0) and will be removed once support for the old RBAC API policies will be removed from Neutron. Please use method 'is_service_role' instead.
2026-03-31 06:22:23.692 10 WARNING neutron.scheduler.dhcp_agent_scheduler [None req-bea9bf6b-540f-4958-9aff-83299a0ca153 f5320d59b3b24d01a93e9628e2806ebc 1d6f9ad5cb414c34aea54fc74fd6ccdd - - default default] No more DHCP agents
2026-03-31 06:22:23.693 10 WARNING neutron.api.rpc.agentnotifiers.dhcp_rpc_agent_api [None req-bea9bf6b-540f-4958-9aff-83299a0ca153 f5320d59b3b24d01a93e9628e2806ebc 1d6f9ad5cb414c34aea54fc74fd6ccdd - - default default] Unable to schedule network 7329f6e2-e75c-41ab-9b36-be72098649b7: no agents available; will retry on subsequent port and subnet creation events.
2026-03-31 06:22:23.750 10 INFO neutron.db.ovn_revision_numbers_db [None req-bea9bf6b-540f-4958-9aff-83299a0ca153 f5320d59b3b24d01a93e9628e2806ebc 1d6f9ad5cb414c34aea54fc74fd6ccdd - - default default] Successfully bumped revision number for resource 05d5075c-fe2b-4a9c-820c-5fac0f9de3de (type: ports) to 1
2026-03-31 06:22:23.783 10 INFO neutron.api.wsgi [None req-bea9bf6b-540f-4958-9aff-83299a0ca153 f5320d59b3b24d01a93e9628e2806ebc 1d6f9ad5cb414c34aea54fc74fd6ccdd - - default default] 10.0.0.21 "POST /v2.0/networks HTTP/1.1" status: 201 len: 828 time: 0.4399478
2026-03-31 06:22:23.795 10 WARNING neutron_lib.context [None req-824dd48a-23ee-4ce7-a0ae-0c44fa0adf05 f5320d59b3b24d01a93e9628e2806ebc 1d6f9ad5cb414c34aea54fc74fd6ccdd - - default default] Method 'is_advsvc' is deprecated since 2023.2 release (neutron-lib 3.8.0) and will be removed once support for the old RBAC API policies will be removed from Neutron. Please use method 'is_service_role' instead.
2026-03-31 06:22:23.964 10 WARNING neutron.scheduler.dhcp_agent_scheduler [None req-824dd48a-23ee-4ce7-a0ae-0c44fa0adf05 f5320d59b3b24d01a93e9628e2806ebc 1d6f9ad5cb414c34aea54fc74fd6ccdd - - default default] No more DHCP agents
2026-03-31 06:22:23.965 10 WARNING neutron.api.rpc.agentnotifiers.dhcp_rpc_agent_api [None req-824dd48a-23ee-4ce7-a0ae-0c44fa0adf05 f5320d59b3b24d01a93e9628e2806ebc 1d6f9ad5cb414c34aea54fc74fd6ccdd - - default default] Unable to schedule network 7329f6e2-e75c-41ab-9b36-be72098649b7: no agents available; will retry on subsequent port and subnet creation events.
2026-03-31 06:22:24.259 9 WARNING neutron.scheduler.dhcp_agent_scheduler [None req-b463c080-b0ca-4077-bb95-c99cc8d2084e 3b849b791eb74e67821a45d88fb6ed73 077d7a659db64e91841c544516ce3b93 - - default default] No more DHCP agents
2026-03-31 06:22:24.262 9 WARNING neutron.api.rpc.agentnotifiers.dhcp_rpc_agent_api [None req-b463c080-b0ca-4077-bb95-c99cc8d2084e 3b849b791eb74e67821a45d88fb6ed73 077d7a659db64e91841c544516ce3b93 - - default default] Unable to schedule network 428454c7-9f06-49f3-a904-a4446873673e: no agents available; will retry on subsequent port and subnet creation events.
2026-03-31 06:22:24.366 9 INFO neutron.db.ovn_revision_numbers_db [None req-b463c080-b0ca-4077-bb95-c99cc8d2084e 3b849b791eb74e67821a45d88fb6ed73 077d7a659db64e91841c544516ce3b93 - - default default] Successfully bumped revision number for resource 4adf0b0d-569e-4b2d-ad8f-11915a28a66e (type: ports) to 1
2026-03-31 06:22:24.389 10 INFO neutron.services.segments.plugin [-] Segment a3d1116e-62e4-471b-bd33-b45e614e2578 resource provider aggregate not found
2026-03-31 06:22:24.391 9 INFO neutron.api.wsgi [None req-b463c080-b0ca-4077-bb95-c99cc8d2084e 3b849b791eb74e67821a45d88fb6ed73 077d7a659db64e91841c544516ce3b93 - - default default] 10.0.0.21 "POST /v2.0/ports HTTP/1.1" status: 201 len: 1159 time: 0.7242265
2026-03-31 06:22:24.396 10 INFO neutron.services.segments.plugin [-] Segment a3d1116e-62e4-471b-bd33-b45e614e2578 resource provider aggregate not found /var/lib/openstack/lib/python3.12/site-packages/pycadf/identifier.py:71: UserWarning: Invalid uuid: neutron. To ensure interoperability, identifiers should be a valid uuid. warnings.warn(('Invalid uuid: %s. To ensure interoperability, '
2026-03-31 06:22:24.406 10 INFO neutron.services.segments.plugin [-] Segment a3d1116e-62e4-471b-bd33-b45e614e2578 resource provider not found; error: Placement Client Error (4xx): {"errors": [{"status": 404, "title": "Not Found", "detail": "The resource could not be found.\n\n No resource provider with uuid a3d1116e-62e4-471b-bd33-b45e614e2578 found for delete ", "request_id": "req-c1c650db-ffd3-4154-b66f-4415b6ec9502"}]}
2026-03-31 06:22:24.409 10 INFO neutron.services.segments.plugin [-] Segment a3d1116e-62e4-471b-bd33-b45e614e2578 resource provider not found; error: Placement Client Error (4xx): {"errors": [{"status": 404, "title": "Not Found", "detail": "The resource could not be found.\n\n No resource provider with uuid a3d1116e-62e4-471b-bd33-b45e614e2578 found for delete ", "request_id": "req-a5bd63f8-ec2c-4edb-b618-2c156a9ae48d"}]}
2026-03-31 06:22:24.412 10 INFO neutron.db.ovn_revision_numbers_db [None req-f535db97-bd23-40f5-88fd-fa7a8f1654a7 - - - - - -] Successfully bumped revision number for resource 05d5075c-fe2b-4a9c-820c-5fac0f9de3de (type: ports) to 2
2026-03-31 06:22:24.441 10 INFO neutron.db.ovn_revision_numbers_db [None req-f535db97-bd23-40f5-88fd-fa7a8f1654a7 - - - - - -] Successfully bumped revision number for resource 5cdb14f4-3b16-459d-9c11-1bd66486dcb7 (type: subnets) to 0
2026-03-31 06:22:24.456 10 INFO neutron.api.wsgi [None req-824dd48a-23ee-4ce7-a0ae-0c44fa0adf05 f5320d59b3b24d01a93e9628e2806ebc 1d6f9ad5cb414c34aea54fc74fd6ccdd - - default default] 10.0.0.21 "POST /v2.0/subnets HTTP/1.1" status: 201 len: 825 time: 0.6647780
2026-03-31 06:22:24.466 10 WARNING neutron_lib.context [None req-8b594239-883f-48ec-a00b-32a08c1ebe92 f5320d59b3b24d01a93e9628e2806ebc 1d6f9ad5cb414c34aea54fc74fd6ccdd - - default default] Method 'is_advsvc' is deprecated since 2023.2 release (neutron-lib 3.8.0) and will be removed once support for the old RBAC API policies will be removed from Neutron. Please use method 'is_service_role' instead.
2026-03-31 06:22:24.568 10 INFO neutron.db.ovn_revision_numbers_db [None req-8b594239-883f-48ec-a00b-32a08c1ebe92 f5320d59b3b24d01a93e9628e2806ebc 1d6f9ad5cb414c34aea54fc74fd6ccdd - - default default] Successfully bumped revision number for resource 984cff96-fa7d-4c41-97ac-269d77eef814 (type: routers) to 1
2026-03-31 06:22:24.587 10 INFO neutron.api.wsgi [None req-8b594239-883f-48ec-a00b-32a08c1ebe92 f5320d59b3b24d01a93e9628e2806ebc 1d6f9ad5cb414c34aea54fc74fd6ccdd - - default default] 10.0.0.21 "POST /v2.0/routers HTTP/1.1" status: 201 len: 802 time: 0.1261325
2026-03-31 06:22:24.984 9 INFO neutron.db.ovn_revision_numbers_db [None req-ab718701-a76a-4971-9ff2-5e5ce4185e9a 3b849b791eb74e67821a45d88fb6ed73 077d7a659db64e91841c544516ce3b93 - - default default] Successfully bumped revision number for resource 4adf0b0d-569e-4b2d-ad8f-11915a28a66e (type: ports) to 2
2026-03-31 06:22:24.988 10 WARNING neutron.plugins.ml2.drivers.ovn.mech_driver.ovsdb.ovn_client [None req-06c753eb-5a30-4fc0-a4cc-03dedd5d82bd - - - - - -] No port found with ID 1e52e86c-13e5-4c22-8eaf-81d3cfce03df: RuntimeError: No port found with ID 1e52e86c-13e5-4c22-8eaf-81d3cfce03df
2026-03-31 06:22:25.000 10 INFO neutron.plugins.ml2.drivers.ovn.mech_driver.mech_driver [None req-06c753eb-5a30-4fc0-a4cc-03dedd5d82bd - - - - - -] OVN reports status down for port: 145b8eff-9f2f-4f08-b657-db21d7968179
2026-03-31 06:22:25.013 10 INFO neutron.plugins.ml2.drivers.ovn.mech_driver.mech_driver [None req-06c753eb-5a30-4fc0-a4cc-03dedd5d82bd - - - - - -] OVN reports status up for port: 4556257c-3c8e-469f-b0a4-774b0c17bf03
2026-03-31 06:22:25.029 10 INFO neutron.plugins.ml2.drivers.ovn.mech_driver.mech_driver [None req-06c753eb-5a30-4fc0-a4cc-03dedd5d82bd - - - - - -] OVN reports status up for port: 4adf0b0d-569e-4b2d-ad8f-11915a28a66e
2026-03-31 06:22:25.035 10 INFO neutron.plugins.ml2.plugin [None req-06c753eb-5a30-4fc0-a4cc-03dedd5d82bd - - - - - -] Attempt 1 to provision port 4adf0b0d-569e-4b2d-ad8f-11915a28a66e
2026-03-31 06:22:25.081 9 WARNING neutron.scheduler.dhcp_agent_scheduler [None req-ab9f648a-24e2-47e6-86ea-4ded96759e4c f5320d59b3b24d01a93e9628e2806ebc 1d6f9ad5cb414c34aea54fc74fd6ccdd - - default default] No more DHCP agents
2026-03-31 06:22:25.089 9 WARNING neutron.api.rpc.agentnotifiers.dhcp_rpc_agent_api [None req-ab9f648a-24e2-47e6-86ea-4ded96759e4c f5320d59b3b24d01a93e9628e2806ebc 1d6f9ad5cb414c34aea54fc74fd6ccdd - - default default] Unable to schedule network 7329f6e2-e75c-41ab-9b36-be72098649b7: no agents available; will retry on subsequent port and subnet creation events.
2026-03-31 06:22:25.269 9 INFO neutron.db.ovn_revision_numbers_db [None req-ab9f648a-24e2-47e6-86ea-4ded96759e4c f5320d59b3b24d01a93e9628e2806ebc 1d6f9ad5cb414c34aea54fc74fd6ccdd - - default default] Successfully bumped revision number for resource 8c6aec9d-0c90-48a5-8d4f-f36fa25fa033 (type: ports) to 1
2026-03-31 06:22:25.357 10 INFO neutron.db.ovn_revision_numbers_db [None req-06c753eb-5a30-4fc0-a4cc-03dedd5d82bd - - - - - -] Successfully bumped revision number for resource 4adf0b0d-569e-4b2d-ad8f-11915a28a66e (type: ports) to 3
2026-03-31 06:22:25.587 9 INFO neutron.db.ovn_revision_numbers_db [None req-ab718701-a76a-4971-9ff2-5e5ce4185e9a 3b849b791eb74e67821a45d88fb6ed73 077d7a659db64e91841c544516ce3b93 - - default default] Successfully bumped revision number for resource 4adf0b0d-569e-4b2d-ad8f-11915a28a66e (type: ports) to 3
2026-03-31 06:22:25.647 9 WARNING neutron.scheduler.dhcp_agent_scheduler [None req-ab718701-a76a-4971-9ff2-5e5ce4185e9a 3b849b791eb74e67821a45d88fb6ed73 077d7a659db64e91841c544516ce3b93 - - default default] No more DHCP agents
2026-03-31 06:22:25.649 9 WARNING neutron.api.rpc.agentnotifiers.dhcp_rpc_agent_api [None req-ab718701-a76a-4971-9ff2-5e5ce4185e9a 3b849b791eb74e67821a45d88fb6ed73 077d7a659db64e91841c544516ce3b93 - - default default] Unable to schedule network 428454c7-9f06-49f3-a904-a4446873673e: no agents available; will retry on subsequent port and subnet creation events.
2026-03-31 06:22:25.815 9 INFO neutron.db.ovn_revision_numbers_db [None req-ab9f648a-24e2-47e6-86ea-4ded96759e4c f5320d59b3b24d01a93e9628e2806ebc 1d6f9ad5cb414c34aea54fc74fd6ccdd - - default default] Successfully bumped revision number for resource 8c6aec9d-0c90-48a5-8d4f-f36fa25fa033 (type: ports) to 1
2026-03-31 06:22:25.827 9 INFO neutron.db.ovn_revision_numbers_db [None req-ab718701-a76a-4971-9ff2-5e5ce4185e9a 3b849b791eb74e67821a45d88fb6ed73 077d7a659db64e91841c544516ce3b93 - - default default] Successfully bumped revision number for resource 4adf0b0d-569e-4b2d-ad8f-11915a28a66e (type: router_ports) to 3
2026-03-31 06:22:25.832 9 INFO neutron.api.wsgi [None req-ab718701-a76a-4971-9ff2-5e5ce4185e9a 3b849b791eb74e67821a45d88fb6ed73 077d7a659db64e91841c544516ce3b93 - - default default] 10.0.0.21 "PUT /v2.0/routers/d4246f49-4b0b-4601-bf31-24f0bc915766/add_router_interface HTTP/1.1" status: 200 len: 503 time: 1.4363940 /var/lib/openstack/lib/python3.12/site-packages/pycadf/identifier.py:71: UserWarning: Invalid uuid: neutron. To ensure interoperability, identifiers should be a valid uuid. warnings.warn(('Invalid uuid: %s. To ensure interoperability, '
2026-03-31 06:22:25.888 9 WARNING neutron.scheduler.dhcp_agent_scheduler [None req-ab9f648a-24e2-47e6-86ea-4ded96759e4c f5320d59b3b24d01a93e9628e2806ebc 1d6f9ad5cb414c34aea54fc74fd6ccdd - - default default] No more DHCP agents
2026-03-31 06:22:25.892 9 WARNING neutron.api.rpc.agentnotifiers.dhcp_rpc_agent_api [None req-ab9f648a-24e2-47e6-86ea-4ded96759e4c f5320d59b3b24d01a93e9628e2806ebc 1d6f9ad5cb414c34aea54fc74fd6ccdd - - default default] Unable to schedule network 7329f6e2-e75c-41ab-9b36-be72098649b7: no agents available; will retry on subsequent port and subnet creation events.
2026-03-31 06:22:25.947 9 INFO neutron.api.wsgi [None req-c687eff9-e215-4e03-be47-7a9c18331c5a 3b849b791eb74e67821a45d88fb6ed73 077d7a659db64e91841c544516ce3b93 - - default default] 10.0.0.21 "GET /v2.0/ports/4adf0b0d-569e-4b2d-ad8f-11915a28a66e HTTP/1.1" status: 200 len: 1217 time: 0.1095700 /var/lib/openstack/lib/python3.12/site-packages/pycadf/identifier.py:71: UserWarning: Invalid uuid: neutron. To ensure interoperability, identifiers should be a valid uuid. warnings.warn(('Invalid uuid: %s. To ensure interoperability, '
2026-03-31 06:22:26.105 10 INFO neutron.db.ovn_revision_numbers_db [None req-de7273a5-b7b2-4b2b-81ef-5f134a6bb9c7 0c8cfa4133454b3097b7c50077b745de a0ca050bdd2a42b38f5eef964bc59a02 - - default default] Successfully bumped revision number for resource adac4bd7-6397-4d2b-811d-a7d47d7b7a3a (type: security_groups) to 1
2026-03-31 06:22:26.117 10 INFO neutron.db.ovn_revision_numbers_db [None req-de7273a5-b7b2-4b2b-81ef-5f134a6bb9c7 0c8cfa4133454b3097b7c50077b745de a0ca050bdd2a42b38f5eef964bc59a02 - - default default] Successfully bumped revision number for resource 4f335c80-ec39-43b6-9162-8a47328d0019 (type: security_group_rules) to 0
2026-03-31 06:22:26.130 10 INFO neutron.db.ovn_revision_numbers_db [None req-de7273a5-b7b2-4b2b-81ef-5f134a6bb9c7 0c8cfa4133454b3097b7c50077b745de a0ca050bdd2a42b38f5eef964bc59a02 - - default default] Successfully bumped revision number for resource 68988094-50c0-4598-8359-5cb3321128da (type: security_group_rules) to 0
2026-03-31 06:22:26.159 10 INFO neutron.db.ovn_revision_numbers_db [None req-de7273a5-b7b2-4b2b-81ef-5f134a6bb9c7 0c8cfa4133454b3097b7c50077b745de a0ca050bdd2a42b38f5eef964bc59a02 - - default default] Successfully bumped revision number for resource 85690da8-1067-412d-94cd-66414e08fdfe (type: security_group_rules) to 0
2026-03-31 06:22:26.173 10 INFO neutron.db.ovn_revision_numbers_db [None req-de7273a5-b7b2-4b2b-81ef-5f134a6bb9c7 0c8cfa4133454b3097b7c50077b745de a0ca050bdd2a42b38f5eef964bc59a02 - - default default] Successfully bumped revision number for resource f9da7439-704b-4be8-96cd-fa0d970632db (type: security_group_rules) to 0
2026-03-31 06:22:26.182 9 INFO neutron.db.ovn_revision_numbers_db [None req-ab9f648a-24e2-47e6-86ea-4ded96759e4c f5320d59b3b24d01a93e9628e2806ebc 1d6f9ad5cb414c34aea54fc74fd6ccdd - - default default] Successfully bumped revision number for resource 8c6aec9d-0c90-48a5-8d4f-f36fa25fa033 (type: router_ports) to 1
2026-03-31 06:22:26.187 9 INFO neutron.api.wsgi [None req-ab9f648a-24e2-47e6-86ea-4ded96759e4c f5320d59b3b24d01a93e9628e2806ebc 1d6f9ad5cb414c34aea54fc74fd6ccdd - - default default] 10.0.0.21 "PUT /v2.0/routers/984cff96-fa7d-4c41-97ac-269d77eef814/add_router_interface HTTP/1.1" status: 200 len: 503 time: 1.5948172
2026-03-31 06:22:26.225 10 INFO neutron.api.wsgi [None req-de7273a5-b7b2-4b2b-81ef-5f134a6bb9c7 0c8cfa4133454b3097b7c50077b745de a0ca050bdd2a42b38f5eef964bc59a02 - - default default] 10.0.0.21 "GET /v2.0/security-groups?tenant_id=14f11d50427e426593b09d5c1ae6874b&name=default HTTP/1.1" status: 200 len: 3120 time: 0.4984663
2026-03-31 06:22:26.229 10 INFO neutron.api.wsgi [None req-98232bb5-54c2-4089-9c05-a377ce605736 f5320d59b3b24d01a93e9628e2806ebc 1d6f9ad5cb414c34aea54fc74fd6ccdd - - default default] 10.0.0.21 "GET /v2.0/ports/8c6aec9d-0c90-48a5-8d4f-f36fa25fa033 HTTP/1.1" status: 200 len: 1135 time: 0.0370843 /var/lib/openstack/lib/python3.12/site-packages/pycadf/identifier.py:71: UserWarning: Invalid uuid: neutron. To ensure interoperability, identifiers should be a valid uuid. warnings.warn(('Invalid uuid: %s. To ensure interoperability, '
2026-03-31 06:22:26.316 9 INFO neutron.api.wsgi [None req-579fcd22-c342-4f8a-ac64-de68da03b522 f5320d59b3b24d01a93e9628e2806ebc 1d6f9ad5cb414c34aea54fc74fd6ccdd - - default default] 10.0.0.21 "GET /v2.0/ports/8c6aec9d-0c90-48a5-8d4f-f36fa25fa033 HTTP/1.1" status: 200 len: 1135 time: 0.0818453
2026-03-31 06:22:26.501 10 INFO neutron.api.wsgi [None req-c85db1e3-7c76-4b29-abf5-082ae3ce5590 0c8cfa4133454b3097b7c50077b745de a0ca050bdd2a42b38f5eef964bc59a02 - - default default] 10.0.0.21 "DELETE /v2.0/security-groups/adac4bd7-6397-4d2b-811d-a7d47d7b7a3a HTTP/1.1" status: 204 len: 168 time: 0.2682474
2026-03-31 06:22:26.632 9 INFO neutron.api.wsgi [None req-d7b963ff-42da-49eb-b00d-b2df4ea5bf71 3b849b791eb74e67821a45d88fb6ed73 077d7a659db64e91841c544516ce3b93 - - default default] 10.0.0.21 "PUT /v2.0/routers/d4246f49-4b0b-4601-bf31-24f0bc915766/remove_router_interface HTTP/1.1" status: 200 len: 503 time: 0.6798055 /var/lib/openstack/lib/python3.12/site-packages/pycadf/identifier.py:71: UserWarning: Invalid uuid: neutron. To ensure interoperability, identifiers should be a valid uuid. warnings.warn(('Invalid uuid: %s. To ensure interoperability, '
2026-03-31 06:22:26.686 9 INFO neutron.api.v2.resource [None req-1e5775d4-a56d-4c3c-95d8-494839a30bb1 3b849b791eb74e67821a45d88fb6ed73 077d7a659db64e91841c544516ce3b93 - - default default] remove_router_interface failed (client error): The resource could not be found.
2026-03-31 06:22:26.687 9 INFO neutron.api.wsgi [None req-1e5775d4-a56d-4c3c-95d8-494839a30bb1 3b849b791eb74e67821a45d88fb6ed73 077d7a659db64e91841c544516ce3b93 - - default default] 10.0.0.21 "PUT /v2.0/routers/d4246f49-4b0b-4601-bf31-24f0bc915766/remove_router_interface HTTP/1.1" status: 404 len: 398 time: 0.0500510
2026-03-31 06:22:26.708 9 INFO neutron.api.wsgi [None req-327d3b70-49b6-4302-b748-e533742e74d7 3b849b791eb74e67821a45d88fb6ed73 077d7a659db64e91841c544516ce3b93 - - default default] 10.0.0.21 "GET /v2.0/ports?device_id=d4246f49-4b0b-4601-bf31-24f0bc915766 HTTP/1.1" status: 200 len: 205 time: 0.0156388
2026-03-31 06:22:26.880 9 INFO neutron.api.wsgi [None req-1f13e716-3a04-4203-b744-98c866cc9e21 3b849b791eb74e67821a45d88fb6ed73 077d7a659db64e91841c544516ce3b93 - - default default] 10.0.0.21 "DELETE /v2.0/routers/d4246f49-4b0b-4601-bf31-24f0bc915766 HTTP/1.1" status: 204 len: 168 time: 0.1672950
2026-03-31 06:22:27.025 9 INFO neutron.api.wsgi [None req-f2302c80-6d01-4036-9c99-8b50b3371f1b 3b849b791eb74e67821a45d88fb6ed73 077d7a659db64e91841c544516ce3b93 - - default default] 10.0.0.21 "DELETE /v2.0/subnets/7b3281a6-ff06-4afa-bc6b-b003a2e6d985 HTTP/1.1" status: 204 len: 168 time: 0.1407082
2026-03-31 06:22:27.323 9 INFO neutron.services.segments.plugin [-] Segment 2eae9407-2750-42ef-85ad-5f57c4089563 resource provider aggregate not found
2026-03-31 06:22:27.330 9 INFO neutron.services.segments.plugin [-] Segment 2eae9407-2750-42ef-85ad-5f57c4089563 resource provider aggregate not found
2026-03-31 06:22:27.339 9 INFO neutron.services.segments.plugin [-] Segment 2eae9407-2750-42ef-85ad-5f57c4089563 resource provider not found; error: Placement Client Error (4xx): {"errors": [{"status": 404, "title": "Not Found", "detail": "The resource could not be found.\n\n No resource provider with uuid 2eae9407-2750-42ef-85ad-5f57c4089563 found for delete ", "request_id": "req-988a23d8-21a2-4156-95cc-f2918fcc7256"}]}
2026-03-31 06:22:27.347 9 INFO neutron.services.segments.plugin [-] Segment 2eae9407-2750-42ef-85ad-5f57c4089563 resource provider not found; error: Placement Client Error (4xx): {"errors": [{"status": 404, "title": "Not Found", "detail": "The resource could not be found.\n\n No resource provider with uuid 2eae9407-2750-42ef-85ad-5f57c4089563 found for delete ", "request_id": "req-6e8ee92b-a538-484d-9178-bd556d5dc09e"}]}
2026-03-31 06:22:27.357 10 INFO neutron.api.wsgi [None req-0f443411-c2a2-45f5-8373-d2d11d1f5772 f5320d59b3b24d01a93e9628e2806ebc 1d6f9ad5cb414c34aea54fc74fd6ccdd - - default default] 10.0.0.21 "GET /v2.0/ports/8c6aec9d-0c90-48a5-8d4f-f36fa25fa033 HTTP/1.1" status: 200 len: 1135 time: 0.0348790
2026-03-31 06:22:27.369 9 INFO neutron.api.wsgi [None req-096b9685-5800-42ca-9f25-701d5cbdbbd8 3b849b791eb74e67821a45d88fb6ed73 077d7a659db64e91841c544516ce3b93 - - default default] 10.0.0.21 "DELETE /v2.0/networks/428454c7-9f06-49f3-a904-a4446873673e HTTP/1.1" status: 204 len: 168 time: 0.3394508
2026-03-31 06:22:27.381 9 WARNING neutron_lib.context [None req-c6c49a6c-63f0-40b7-b216-3a89f124428b 3b849b791eb74e67821a45d88fb6ed73 077d7a659db64e91841c544516ce3b93 - - default default] Method 'is_advsvc' is deprecated since 2023.2 release (neutron-lib 3.8.0) and will be removed once support for the old RBAC API policies will be removed from Neutron. Please use method 'is_service_role' instead.
2026-03-31 06:22:27.455 9 INFO neutron.db.segments_db [None req-c6c49a6c-63f0-40b7-b216-3a89f124428b 3b849b791eb74e67821a45d88fb6ed73 077d7a659db64e91841c544516ce3b93 - - default default] Added segment 71de3ac2-6f0e-4bf8-8558-c8df42f73d54 of type geneve for network 148763d1-3b0f-4441-adf8-5f17d36c4b79
2026-03-31 06:22:27.524 10 WARNING neutron_lib.context [None req-eda86c3f-7b89-4b17-91f8-422ace6baefe 5a456fd9d24b455ba2f460b1d020006f 165ac9232b7041b88e048cc2245ede2c - - default default] Method 'is_advsvc' is deprecated since 2023.2 release (neutron-lib 3.8.0) and will be removed once support for the old RBAC API policies will be removed from Neutron. Please use method 'is_service_role' instead.
2026-03-31 06:22:27.590 9 INFO neutron.db.ovn_revision_numbers_db [None req-c6c49a6c-63f0-40b7-b216-3a89f124428b 3b849b791eb74e67821a45d88fb6ed73 077d7a659db64e91841c544516ce3b93 - - default default] Successfully bumped revision number for resource 148763d1-3b0f-4441-adf8-5f17d36c4b79 (type: networks) to 1
2026-03-31 06:22:27.595 10 INFO neutron.api.wsgi [None req-eda86c3f-7b89-4b17-91f8-422ace6baefe 5a456fd9d24b455ba2f460b1d020006f 165ac9232b7041b88e048cc2245ede2c - - default default] 10.0.0.21 "POST /v2.0/subnetpools HTTP/1.1" status: 201 len: 715 time: 0.2628779
2026-03-31 06:22:27.609 10 WARNING neutron_lib.context [None req-4583645f-3d2f-4b40-9e51-ed07b3e950ad 5a456fd9d24b455ba2f460b1d020006f 165ac9232b7041b88e048cc2245ede2c - - default default] Method 'is_advsvc' is deprecated since 2023.2 release (neutron-lib 3.8.0) and will be removed once support for the old RBAC API policies will be removed from Neutron. Please use method 'is_service_role' instead.
2026-03-31 06:22:27.674 10 INFO neutron.api.wsgi [None req-4583645f-3d2f-4b40-9e51-ed07b3e950ad 5a456fd9d24b455ba2f460b1d020006f 165ac9232b7041b88e048cc2245ede2c - - default default] 10.0.0.21 "POST /v2.0/subnetpools HTTP/1.1" status: 201 len: 715 time: 0.0690734
2026-03-31 06:22:27.687 9 WARNING neutron_lib.context [None req-bd8fe3aa-9b90-475c-af17-e8c346fd6b8e 5a456fd9d24b455ba2f460b1d020006f 165ac9232b7041b88e048cc2245ede2c - - default default] Method 'is_advsvc' is deprecated since 2023.2 release (neutron-lib 3.8.0) and will be removed once support for the old RBAC API policies will be removed from Neutron. Please use method 'is_service_role' instead.
2026-03-31 06:22:27.745 9 INFO neutron.api.wsgi [None req-bd8fe3aa-9b90-475c-af17-e8c346fd6b8e 5a456fd9d24b455ba2f460b1d020006f 165ac9232b7041b88e048cc2245ede2c - - default default] 10.0.0.21 "POST /v2.0/subnetpools HTTP/1.1" status: 201 len: 715 time: 0.0643308
2026-03-31 06:22:27.755 10 WARNING neutron_lib.context [None req-2ee0e4be-ce1b-450b-acb7-9a4de8f9fa58 5a456fd9d24b455ba2f460b1d020006f 165ac9232b7041b88e048cc2245ede2c - - default default] Method 'is_advsvc' is deprecated since 2023.2 release (neutron-lib 3.8.0) and will be removed once support for the old RBAC API policies will be removed from Neutron. Please use method 'is_service_role' instead.
2026-03-31 06:22:27.783 9 WARNING neutron.scheduler.dhcp_agent_scheduler [None req-c6c49a6c-63f0-40b7-b216-3a89f124428b 3b849b791eb74e67821a45d88fb6ed73 077d7a659db64e91841c544516ce3b93 - - default default] No more DHCP agents
2026-03-31 06:22:27.784 9 WARNING neutron.api.rpc.agentnotifiers.dhcp_rpc_agent_api [None req-c6c49a6c-63f0-40b7-b216-3a89f124428b 3b849b791eb74e67821a45d88fb6ed73 077d7a659db64e91841c544516ce3b93 - - default default] Unable to schedule network 148763d1-3b0f-4441-adf8-5f17d36c4b79: no agents available; will retry on subsequent port and subnet creation events.
2026-03-31 06:22:27.793 10 INFO neutron.api.wsgi [None req-2ee0e4be-ce1b-450b-acb7-9a4de8f9fa58 5a456fd9d24b455ba2f460b1d020006f 165ac9232b7041b88e048cc2245ede2c - - default default] 10.0.0.21 "POST /v2.0/subnetpools HTTP/1.1" status: 201 len: 715 time: 0.0427842
2026-03-31 06:22:27.801 10 WARNING neutron_lib.context [None req-c1d8e69e-e296-46a9-af4e-4413db3acebe 5a456fd9d24b455ba2f460b1d020006f 165ac9232b7041b88e048cc2245ede2c - - default default] Method 'is_advsvc' is deprecated since 2023.2 release (neutron-lib 3.8.0) and will be removed once support for the old RBAC API policies will be removed from Neutron. Please use method 'is_service_role' instead.
2026-03-31 06:22:27.841 9 INFO neutron.db.ovn_revision_numbers_db [None req-c6c49a6c-63f0-40b7-b216-3a89f124428b 3b849b791eb74e67821a45d88fb6ed73 077d7a659db64e91841c544516ce3b93 - - default default] Successfully bumped revision number for resource f9e0859c-3591-4345-8635-f40d12f7730d (type: ports) to 1
2026-03-31 06:22:27.845 10 INFO neutron.api.wsgi [None req-c1d8e69e-e296-46a9-af4e-4413db3acebe 5a456fd9d24b455ba2f460b1d020006f 165ac9232b7041b88e048cc2245ede2c - - default default] 10.0.0.21 "POST /v2.0/subnetpools HTTP/1.1" status: 201 len: 715 time: 0.0474091
2026-03-31 06:22:27.860 9 INFO neutron.api.wsgi [None req-c6c49a6c-63f0-40b7-b216-3a89f124428b 3b849b791eb74e67821a45d88fb6ed73 077d7a659db64e91841c544516ce3b93 - - default default] 10.0.0.21 "POST /v2.0/networks HTTP/1.1" status: 201 len: 833 time: 0.4837046
2026-03-31 06:22:27.871 9 WARNING neutron_lib.context [None req-6f81deb0-c22c-4300-8ffc-7158860d2894 3b849b791eb74e67821a45d88fb6ed73 077d7a659db64e91841c544516ce3b93 - - default default] Method 'is_advsvc' is deprecated since 2023.2 release (neutron-lib 3.8.0) and will be removed once support for the old RBAC API policies will be removed from Neutron. Please use method 'is_service_role' instead.
2026-03-31 06:22:27.882 10 INFO neutron.api.wsgi [None req-f1395ddb-89b9-4653-a279-a10cead1a3dd 5a456fd9d24b455ba2f460b1d020006f 165ac9232b7041b88e048cc2245ede2c - - default default] 10.0.0.21 "PUT /v2.0/subnetpools/6423d1e5-685d-4249-a0e4-e5584bc1caa5/tags HTTP/1.1" status: 200 len: 210 time: 0.0320253
2026-03-31 06:22:27.914 10 INFO neutron.api.wsgi [None req-0af285ba-b2a8-4cb4-a9a2-c6e5995c33bb 5a456fd9d24b455ba2f460b1d020006f 165ac9232b7041b88e048cc2245ede2c - - default default] 10.0.0.21 "PUT /v2.0/subnetpools/4956c926-39ab-4da3-8559-95dac88fb9f6/tags HTTP/1.1" status: 200 len: 218 time: 0.0269408
2026-03-31 06:22:27.947 10 INFO neutron.api.wsgi [None req-5235519f-7fea-45ed-8691-f363a1ba879d 5a456fd9d24b455ba2f460b1d020006f 165ac9232b7041b88e048cc2245ede2c - - default default] 10.0.0.21 "PUT /v2.0/subnetpools/53df3d45-eb36-427c-841e-5d036cdc2992/tags HTTP/1.1" status: 200 len: 227 time: 0.0279601
2026-03-31 06:22:27.980 10 INFO neutron.api.wsgi [None req-a4df13b6-19ff-4818-97e4-aa48f4189902 5a456fd9d24b455ba2f460b1d020006f 165ac9232b7041b88e048cc2245ede2c - - default default] 10.0.0.21 "PUT /v2.0/subnetpools/93922263-a5a6-44ae-8e91-be269739ef03/tags HTTP/1.1" status: 200 len: 212 time: 0.0287325
2026-03-31 06:22:28.010 9 INFO neutron.api.wsgi [None req-ef50b0b7-7125-4d4b-bf93-b6de8b9a569b 5a456fd9d24b455ba2f460b1d020006f 165ac9232b7041b88e048cc2245ede2c - - default default] 10.0.0.21 "GET /v2.0/subnetpools?tags=red HTTP/1.1" status: 200 len: 1758 time: 0.0214348
2026-03-31 06:22:28.043 9 INFO neutron.api.wsgi [None req-8b361eae-ebb5-4929-9c8b-02cfc11074e6 5a456fd9d24b455ba2f460b1d020006f 165ac9232b7041b88e048cc2245ede2c - - default default] 10.0.0.21 "GET /v2.0/subnetpools?tags=red%2Cblue HTTP/1.1" status: 200 len: 1251 time: 0.0276940
2026-03-31 06:22:28.047 9 WARNING neutron.scheduler.dhcp_agent_scheduler [None req-6f81deb0-c22c-4300-8ffc-7158860d2894 3b849b791eb74e67821a45d88fb6ed73 077d7a659db64e91841c544516ce3b93 - - default default] No more DHCP agents
2026-03-31 06:22:28.049 9 WARNING neutron.api.rpc.agentnotifiers.dhcp_rpc_agent_api [None req-6f81deb0-c22c-4300-8ffc-7158860d2894 3b849b791eb74e67821a45d88fb6ed73 077d7a659db64e91841c544516ce3b93 - - default default] Unable to schedule network 148763d1-3b0f-4441-adf8-5f17d36c4b79: no agents available; will retry on subsequent port and subnet creation events.
2026-03-31 06:22:28.077 9 INFO neutron.api.wsgi [None req-a1c540fb-b9a2-4a81-9503-e36d3417a4ea 5a456fd9d24b455ba2f460b1d020006f 165ac9232b7041b88e048cc2245ede2c - - default default] 10.0.0.21 "GET /v2.0/subnetpools?tags-any=blue HTTP/1.1" status: 200 len: 1251 time: 0.0294681
2026-03-31 06:22:28.091 9 INFO neutron.db.ovn_revision_numbers_db [None req-6f81deb0-c22c-4300-8ffc-7158860d2894 3b849b791eb74e67821a45d88fb6ed73 077d7a659db64e91841c544516ce3b93 - - default default] Successfully bumped revision number for resource 1e6b8445-73d0-4e32-afee-16d686cf4679 (type: subnets) to 0
2026-03-31 06:22:28.103 9 INFO neutron.api.wsgi [None req-6f81deb0-c22c-4300-8ffc-7158860d2894 3b849b791eb74e67821a45d88fb6ed73 077d7a659db64e91841c544516ce3b93 - - default default] 10.0.0.21 "POST /v2.0/subnets HTTP/1.1" status: 201 len: 845 time: 0.2387080
2026-03-31 06:22:28.105 10 INFO neutron.api.wsgi [None req-f76b1947-7b47-4dd6-a2b8-f7b8f09a53ee 5a456fd9d24b455ba2f460b1d020006f 165ac9232b7041b88e048cc2245ede2c - - default default] 10.0.0.21 "GET /v2.0/subnetpools?tags-any=red%2Cblue HTTP/1.1" status: 200 len: 1758 time: 0.0220003
2026-03-31 06:22:28.113 10 WARNING neutron_lib.context [None req-292582d8-068b-4859-85e6-543c69a4b516 3b849b791eb74e67821a45d88fb6ed73 077d7a659db64e91841c544516ce3b93 - - default default] Method 'is_advsvc' is deprecated since 2023.2 release (neutron-lib 3.8.0) and will be removed once support for the old RBAC API policies will be removed from Neutron. Please use method 'is_service_role' instead.
2026-03-31 06:22:28.131 9 INFO neutron.api.wsgi [None req-ccbed3ed-5ed5-47d2-b689-e50b97315028 5a456fd9d24b455ba2f460b1d020006f 165ac9232b7041b88e048cc2245ede2c - - default default] 10.0.0.21 "GET /v2.0/subnetpools?not-tags=red HTTP/1.1" status: 200 len: 1223 time: 0.0201414
2026-03-31 06:22:28.166 9 INFO neutron.api.wsgi [None req-7b408180-6933-46f6-b4f4-424fc16bc564 5a456fd9d24b455ba2f460b1d020006f 165ac9232b7041b88e048cc2245ede2c - - default default] 10.0.0.21 "GET /v2.0/subnetpools?not-tags=red%2Cblue HTTP/1.1" status: 200 len: 1730 time: 0.0300257
2026-03-31 06:22:28.188 9 INFO neutron.api.wsgi [None req-8b1cf902-e8c4-41bc-a05d-d44854264865 5a456fd9d24b455ba2f460b1d020006f 165ac9232b7041b88e048cc2245ede2c - - default default] 10.0.0.21 "GET /v2.0/subnetpools?not-tags-any=blue HTTP/1.1" status: 200 len: 1730 time: 0.0175750
