2026-03-31 06:23:00.046 10 INFO neutron.db.ovn_revision_numbers_db [None req-f68d4542-f4d2-49dc-9ce9-77a04e4db9c2 0c8cfa4133454b3097b7c50077b745de a0ca050bdd2a42b38f5eef964bc59a02 - - default default] Successfully bumped revision number for resource 9c9330b3-74a9-4e4b-ad22-381ff50bc9f8 (type: security_group_rules) to 0
2026-03-31 06:23:00.061 10 INFO neutron.db.ovn_revision_numbers_db [None req-f68d4542-f4d2-49dc-9ce9-77a04e4db9c2 0c8cfa4133454b3097b7c50077b745de a0ca050bdd2a42b38f5eef964bc59a02 - - default default] Successfully bumped revision number for resource b6b29835-d4e1-4e61-a4fc-e196ab852c03 (type: security_group_rules) to 0
2026-03-31 06:23:00.115 10 INFO neutron.api.wsgi [None req-f68d4542-f4d2-49dc-9ce9-77a04e4db9c2 0c8cfa4133454b3097b7c50077b745de a0ca050bdd2a42b38f5eef964bc59a02 - - default default] 10.0.0.21 "GET /v2.0/security-groups?tenant_id=09de47d630f744409ceb6c7a9392afa6&name=default HTTP/1.1" status: 200 len: 3120 time: 0.4356925
2026-03-31 06:23:00.246 9 INFO neutron.api.wsgi [-] 10.0.0.13 "GET / HTTP/1.1" status: 200 len: 247 time: 0.0020297
2026-03-31 06:23:00.248 9 INFO neutron.api.wsgi [-] 10.0.0.13 "GET / HTTP/1.1" status: 200 len: 247 time: 0.0016294
2026-03-31 06:23:00.339 10 INFO neutron.api.wsgi [None req-e5d2de82-b87b-493d-99a0-4decf2db704c 0c8cfa4133454b3097b7c50077b745de a0ca050bdd2a42b38f5eef964bc59a02 - - default default] 10.0.0.21 "DELETE /v2.0/security-groups/bfb416c4-3281-4366-9f5a-547427282d59 HTTP/1.1" status: 204 len: 168 time: 0.2188137
2026-03-31 06:23:00.413 10 INFO neutron.db.ovn_revision_numbers_db [None req-314deb23-31ac-4d48-b5ab-659bb58e7c6a - - - - - -] Successfully bumped revision number for resource da0f621a-e66d-48e0-93c5-9b04e9fda5de (type: ports) to 2
2026-03-31 06:23:00.440 10 INFO neutron.db.ovn_revision_numbers_db [None req-314deb23-31ac-4d48-b5ab-659bb58e7c6a - - - - - -] Successfully bumped revision number for resource da2c156a-6cea-4a6e-b9e0-d049f0624130 (type: subnets) to 0
2026-03-31 06:23:00.484 10 INFO neutron.api.wsgi [None req-495e11e0-34af-4435-a9c3-f13b29b96169 592f17127a904af08bc3d484494c221b 2c525cf3ca2d421191b7f66e91c41465 - - default default] 10.0.0.21 "POST /v2.0/subnets HTTP/1.1" status: 201 len: 828 time: 0.7695160
2026-03-31 06:23:00.493 10 WARNING neutron_lib.context [None req-18e44ded-09ea-4c8c-a7ae-672b2dda78a5 592f17127a904af08bc3d484494c221b 2c525cf3ca2d421191b7f66e91c41465 - - default default] Method 'is_advsvc' is deprecated since 2023.2 release (neutron-lib 3.8.0) and will be removed once support for the old RBAC API policies will be removed from Neutron. Please use method 'is_service_role' instead.
2026-03-31 06:23:00.978 10 WARNING neutron.scheduler.dhcp_agent_scheduler [None req-18e44ded-09ea-4c8c-a7ae-672b2dda78a5 592f17127a904af08bc3d484494c221b 2c525cf3ca2d421191b7f66e91c41465 - - default default] No more DHCP agents
2026-03-31 06:23:00.981 10 WARNING neutron.api.rpc.agentnotifiers.dhcp_rpc_agent_api [None req-18e44ded-09ea-4c8c-a7ae-672b2dda78a5 592f17127a904af08bc3d484494c221b 2c525cf3ca2d421191b7f66e91c41465 - - default default] Unable to schedule network e55540ea-a814-4e0a-a66a-8cb2c3059c54: no agents available; will retry on subsequent port and subnet creation events.
2026-03-31 06:23:01.004 10 INFO neutron.db.ovn_revision_numbers_db [None req-2a4813f5-01a1-402b-bd1d-d18da797bd50 fb18fe3ff9464c1d80fc47c5e4ad038d 5d501743fad9431faa33e08ca8790e99 - - default default] Successfully bumped revision number for resource c7c5b468-affb-4112-a6aa-46144253b3c5 (type: security_groups) to 1
2026-03-31 06:23:01.021 10 INFO neutron.db.ovn_revision_numbers_db [None req-2a4813f5-01a1-402b-bd1d-d18da797bd50 fb18fe3ff9464c1d80fc47c5e4ad038d 5d501743fad9431faa33e08ca8790e99 - - default default] Successfully bumped revision number for resource 64f49b16-652b-4aec-a261-d02a69643d32 (type: security_group_rules) to 0
2026-03-31 06:23:01.037 10 INFO neutron.db.ovn_revision_numbers_db [None req-2a4813f5-01a1-402b-bd1d-d18da797bd50 fb18fe3ff9464c1d80fc47c5e4ad038d 5d501743fad9431faa33e08ca8790e99 - - default default] Successfully bumped revision number for resource 7eebe6f1-405d-432e-a1f5-02479bfd9214 (type: security_group_rules) to 0
2026-03-31 06:23:01.050 10 INFO neutron.db.ovn_revision_numbers_db [None req-2a4813f5-01a1-402b-bd1d-d18da797bd50 fb18fe3ff9464c1d80fc47c5e4ad038d 5d501743fad9431faa33e08ca8790e99 - - default default] Successfully bumped revision number for resource d2331cce-9f5c-44c5-8de7-91adaf4631db (type: security_group_rules) to 0
2026-03-31 06:23:01.068 10 INFO neutron.db.ovn_revision_numbers_db [None req-2a4813f5-01a1-402b-bd1d-d18da797bd50 fb18fe3ff9464c1d80fc47c5e4ad038d 5d501743fad9431faa33e08ca8790e99 - - default default] Successfully bumped revision number for resource f2bc3fe5-6878-4442-baab-540470ec72b8 (type: security_group_rules) to 0
2026-03-31 06:23:01.097 10 WARNING neutron.plugins.ml2.drivers.ovn.mech_driver.ovsdb.ovn_client [None req-81a6bf7c-c293-4293-bb37-91c58d6f693d - - - - - -] No hosting information found for port 35b2f903-e2d5-4918-959e-8b5283bcdf26: RuntimeError: No hosting information found for port 35b2f903-e2d5-4918-959e-8b5283bcdf26
2026-03-31 06:23:01.113 10 INFO neutron.db.ovn_revision_numbers_db [None req-18e44ded-09ea-4c8c-a7ae-672b2dda78a5 592f17127a904af08bc3d484494c221b 2c525cf3ca2d421191b7f66e91c41465 - - default default] Successfully bumped revision number for resource 1941b43d-bc0b-4f0f-b73d-6ee25a41271f (type: ports) to 1
2026-03-31 06:23:01.153 10 INFO neutron.db.segments_db [None req-2a4813f5-01a1-402b-bd1d-d18da797bd50 fb18fe3ff9464c1d80fc47c5e4ad038d 5d501743fad9431faa33e08ca8790e99 - - default default] Added segment 1b09bcbf-8983-497b-8561-fbbd4ea0ecab of type geneve for network f09e7928-0bd0-45f5-8f43-e6606c1e2dbd
2026-03-31 06:23:01.223 10 INFO neutron.db.ovn_revision_numbers_db [None req-81a6bf7c-c293-4293-bb37-91c58d6f693d - - - - - -] Successfully bumped revision number for resource 35b2f903-e2d5-4918-959e-8b5283bcdf26 (type: router_ports) to 2
2026-03-31 06:23:01.223 10 INFO neutron.plugins.ml2.drivers.ovn.mech_driver.mech_driver [None req-81a6bf7c-c293-4293-bb37-91c58d6f693d - - - - - -] OVN reports status up for port: 1ac2786f-b4fc-4de7-be6a-1b15aed96d2b
2026-03-31 06:23:01.231 10 INFO neutron.plugins.ml2.plugin [None req-81a6bf7c-c293-4293-bb37-91c58d6f693d - - - - - -] Attempt 1 to provision port 1ac2786f-b4fc-4de7-be6a-1b15aed96d2b
2026-03-31 06:23:01.364 10 INFO neutron.db.ovn_revision_numbers_db [None req-2a4813f5-01a1-402b-bd1d-d18da797bd50 fb18fe3ff9464c1d80fc47c5e4ad038d 5d501743fad9431faa33e08ca8790e99 - - default default] Successfully bumped revision number for resource f09e7928-0bd0-45f5-8f43-e6606c1e2dbd (type: networks) to 1
2026-03-31 06:23:01.617 10 WARNING neutron.scheduler.dhcp_agent_scheduler [None req-2a4813f5-01a1-402b-bd1d-d18da797bd50 fb18fe3ff9464c1d80fc47c5e4ad038d 5d501743fad9431faa33e08ca8790e99 - - default default] No more DHCP agents
2026-03-31 06:23:01.621 10 WARNING neutron.api.rpc.agentnotifiers.dhcp_rpc_agent_api [None req-2a4813f5-01a1-402b-bd1d-d18da797bd50 fb18fe3ff9464c1d80fc47c5e4ad038d 5d501743fad9431faa33e08ca8790e99 - - default default] Unable to schedule network f09e7928-0bd0-45f5-8f43-e6606c1e2dbd: no agents available; will retry on subsequent port and subnet creation events.
2026-03-31 06:23:01.731 10 INFO neutron.db.ovn_revision_numbers_db [None req-2a4813f5-01a1-402b-bd1d-d18da797bd50 fb18fe3ff9464c1d80fc47c5e4ad038d 5d501743fad9431faa33e08ca8790e99 - - default default] Successfully bumped revision number for resource 1365854c-b0e8-40d0-81dc-f087ebfcbf5a (type: ports) to 1
2026-03-31 06:23:01.763 10 INFO neutron.api.wsgi [None req-2a4813f5-01a1-402b-bd1d-d18da797bd50 fb18fe3ff9464c1d80fc47c5e4ad038d 5d501743fad9431faa33e08ca8790e99 - - default default] 10.0.0.21 "POST /v2.0/networks HTTP/1.1" status: 201 len: 928 time: 1.0763621
2026-03-31 06:23:01.846 10 INFO neutron.db.ovn_revision_numbers_db [None req-81a6bf7c-c293-4293-bb37-91c58d6f693d - - - - - -] Successfully bumped revision number for resource 1ac2786f-b4fc-4de7-be6a-1b15aed96d2b (type: ports) to 2
2026-03-31 06:23:01.851 10 INFO neutron.plugins.ml2.drivers.ovn.mech_driver.ovsdb.commands [None req-f1f3ac5c-6c06-44da-b5d4-ff82bbd184b5 - - - - - -] Schedule LRP lrp-1941b43d-bc0b-4f0f-b73d-6ee25a41271f on gateway 2c9e64a4-323c-45d9-936d-664ae41bf917 with priority 1
2026-03-31 06:23:01.865 9 INFO neutron.plugins.ml2.drivers.ovn.mech_driver.mech_driver [None req-d0f00363-b830-4888-9b19-6fa160968e33 - - - - - -] OVN reports status up for port: 1941b43d-bc0b-4f0f-b73d-6ee25a41271f
2026-03-31 06:23:01.889 9 INFO neutron.plugins.ml2.plugin [None req-d0f00363-b830-4888-9b19-6fa160968e33 - - - - - -] Attempt 1 to provision port 1941b43d-bc0b-4f0f-b73d-6ee25a41271f
2026-03-31 06:23:01.896 10 INFO neutron.db.ovn_revision_numbers_db [None req-18e44ded-09ea-4c8c-a7ae-672b2dda78a5 592f17127a904af08bc3d484494c221b 2c525cf3ca2d421191b7f66e91c41465 - - default default] Successfully bumped revision number for resource 1941b43d-bc0b-4f0f-b73d-6ee25a41271f (type: router_ports) to 1
2026-03-31 06:23:01.962 9 WARNING neutron.scheduler.dhcp_agent_scheduler [None req-71c37000-24e9-4343-8849-96dbf9235fa8 fb18fe3ff9464c1d80fc47c5e4ad038d 5d501743fad9431faa33e08ca8790e99 - - default default] No more DHCP agents
2026-03-31 06:23:01.964 9 WARNING neutron.api.rpc.agentnotifiers.dhcp_rpc_agent_api [None req-71c37000-24e9-4343-8849-96dbf9235fa8 fb18fe3ff9464c1d80fc47c5e4ad038d 5d501743fad9431faa33e08ca8790e99 - - default default] Unable to schedule network f09e7928-0bd0-45f5-8f43-e6606c1e2dbd: no agents available; will retry on subsequent port and subnet creation events.
2026-03-31 06:23:01.976 10 INFO neutron.db.ovn_revision_numbers_db [None req-18e44ded-09ea-4c8c-a7ae-672b2dda78a5 592f17127a904af08bc3d484494c221b 2c525cf3ca2d421191b7f66e91c41465 - - default default] Successfully bumped revision number for resource a35c7da6-57e5-4524-a1fc-0b8e8ab1f982 (type: routers) to 2
2026-03-31 06:23:01.993 10 INFO neutron.api.wsgi [None req-18e44ded-09ea-4c8c-a7ae-672b2dda78a5 592f17127a904af08bc3d484494c221b 2c525cf3ca2d421191b7f66e91c41465 - - default default] 10.0.0.21 "POST /v2.0/routers HTTP/1.1" status: 201 len: 1136 time: 1.5039079
2026-03-31 06:23:02.175 10 WARNING neutron_lib.context [None req-02be41a7-498f-439b-83e8-6510daae79c1 c6e7daf514374230bd8d013065bc98d6 78e7c7238f1f4845916876f1baa97a8e - - default default] Method 'is_advsvc' is deprecated since 2023.2 release (neutron-lib 3.8.0) and will be removed once support for the old RBAC API policies will be removed from Neutron. Please use method 'is_service_role' instead.
2026-03-31 06:23:02.335 10 INFO neutron.db.ovn_revision_numbers_db [None req-02be41a7-498f-439b-83e8-6510daae79c1 c6e7daf514374230bd8d013065bc98d6 78e7c7238f1f4845916876f1baa97a8e - - default default] Successfully bumped revision number for resource 88769410-1b69-4ec3-8fd8-7f7e2e74fc1e (type: security_groups) to 1
2026-03-31 06:23:02.355 10 INFO neutron.db.ovn_revision_numbers_db [None req-02be41a7-498f-439b-83e8-6510daae79c1 c6e7daf514374230bd8d013065bc98d6 78e7c7238f1f4845916876f1baa97a8e - - default default] Successfully bumped revision number for resource 2bd6388f-03ac-4efa-bf50-d43e32adb625 (type: security_group_rules) to 0
2026-03-31 06:23:02.374 10 INFO neutron.db.ovn_revision_numbers_db [None req-02be41a7-498f-439b-83e8-6510daae79c1 c6e7daf514374230bd8d013065bc98d6 78e7c7238f1f4845916876f1baa97a8e - - default default] Successfully bumped revision number for resource a2aaf5bc-a355-4bdd-b96c-8c93599dbf67 (type: security_group_rules) to 0
2026-03-31 06:23:02.399 10 INFO neutron.db.ovn_revision_numbers_db [None req-02be41a7-498f-439b-83e8-6510daae79c1 c6e7daf514374230bd8d013065bc98d6 78e7c7238f1f4845916876f1baa97a8e - - default default] Successfully bumped revision number for resource b0304288-a604-416d-aae9-df95b860b93b (type: security_group_rules) to 0
2026-03-31 06:23:02.413 9 INFO neutron.db.ovn_revision_numbers_db [None req-a0241fbd-39e7-4c2e-8146-e62e82288003 - - - - - -] Successfully bumped revision number for resource 1365854c-b0e8-40d0-81dc-f087ebfcbf5a (type: ports) to 2
2026-03-31 06:23:02.420 10 INFO neutron.db.ovn_revision_numbers_db [None req-02be41a7-498f-439b-83e8-6510daae79c1 c6e7daf514374230bd8d013065bc98d6 78e7c7238f1f4845916876f1baa97a8e - - default default] Successfully bumped revision number for resource f9a45a42-3a33-444c-ae64-63c3f48ce3fb (type: security_group_rules) to 0
2026-03-31 06:23:02.439 9 INFO neutron.db.ovn_revision_numbers_db [None req-a0241fbd-39e7-4c2e-8146-e62e82288003 - - - - - -] Successfully bumped revision number for resource 9ee7d0a4-9244-4283-ab84-f7b14dc5ccae (type: subnets) to 0
2026-03-31 06:23:02.454 9 INFO neutron.api.wsgi [None req-71c37000-24e9-4343-8849-96dbf9235fa8 fb18fe3ff9464c1d80fc47c5e4ad038d 5d501743fad9431faa33e08ca8790e99 - - default default] 10.0.0.21 "POST /v2.0/subnets HTTP/1.1" status: 201 len: 843 time: 0.6847410
2026-03-31 06:23:02.462 9 WARNING neutron.api.v2.base [None req-e9dba91c-9c29-41de-aff0-f2a507d0de57 fb18fe3ff9464c1d80fc47c5e4ad038d 5d501743fad9431faa33e08ca8790e99 - - default default] An exception happened while processing the request body. The exception message is [Invalid input for target_tenant. Reason: 'None' is not a valid string.].: webob.exc.HTTPBadRequest: Invalid input for target_tenant. Reason: 'None' is not a valid string.
2026-03-31 06:23:02.463 9 INFO neutron.api.v2.resource [None req-e9dba91c-9c29-41de-aff0-f2a507d0de57 fb18fe3ff9464c1d80fc47c5e4ad038d 5d501743fad9431faa33e08ca8790e99 - - default default] create failed (client error): Invalid input for target_tenant. Reason: 'None' is not a valid string.
2026-03-31 06:23:02.464 9 INFO neutron.api.wsgi [None req-e9dba91c-9c29-41de-aff0-f2a507d0de57 fb18fe3ff9464c1d80fc47c5e4ad038d 5d501743fad9431faa33e08ca8790e99 - - default default] 10.0.0.21 "POST /v2.0/rbac-policies HTTP/1.1" status: 400 len: 346 time: 0.0065677
2026-03-31 06:23:02.490 10 INFO neutron.db.segments_db [None req-02be41a7-498f-439b-83e8-6510daae79c1 c6e7daf514374230bd8d013065bc98d6 78e7c7238f1f4845916876f1baa97a8e - - default default] Added segment d0cfc89d-0394-4262-a031-876a8460849d of type geneve for network 812f3cd1-54db-4c9a-92a2-e12cfd117432
2026-03-31 06:23:02.517 10 WARNING neutron.scheduler.dhcp_agent_scheduler [None req-f54a1435-3df8-4013-ba8a-a649487267eb 592f17127a904af08bc3d484494c221b 2c525cf3ca2d421191b7f66e91c41465 - - default default] No more DHCP agents
2026-03-31 06:23:02.521 10 WARNING neutron.api.rpc.agentnotifiers.dhcp_rpc_agent_api [None req-f54a1435-3df8-4013-ba8a-a649487267eb 592f17127a904af08bc3d484494c221b 2c525cf3ca2d421191b7f66e91c41465 - - default default] Unable to schedule network fd7383e0-9566-4973-9705-d48de85c4ea8: no agents available; will retry on subsequent port and subnet creation events.
2026-03-31 06:23:02.608 10 INFO neutron.db.ovn_revision_numbers_db [None req-02be41a7-498f-439b-83e8-6510daae79c1 c6e7daf514374230bd8d013065bc98d6 78e7c7238f1f4845916876f1baa97a8e - - default default] Successfully bumped revision number for resource 812f3cd1-54db-4c9a-92a2-e12cfd117432 (type: networks) to 1
2026-03-31 06:23:02.679 10 INFO neutron.db.ovn_revision_numbers_db [None req-f54a1435-3df8-4013-ba8a-a649487267eb 592f17127a904af08bc3d484494c221b 2c525cf3ca2d421191b7f66e91c41465 - - default default] Successfully bumped revision number for resource 3ab8cfa6-eeab-4fa3-922e-bce791fc874c (type: ports) to 1
2026-03-31 06:23:02.776 10 WARNING neutron.scheduler.dhcp_agent_scheduler [None req-02be41a7-498f-439b-83e8-6510daae79c1 c6e7daf514374230bd8d013065bc98d6 78e7c7238f1f4845916876f1baa97a8e - - default default] No more DHCP agents
2026-03-31 06:23:02.780 10 WARNING neutron.api.rpc.agentnotifiers.dhcp_rpc_agent_api [None req-02be41a7-498f-439b-83e8-6510daae79c1 c6e7daf514374230bd8d013065bc98d6 78e7c7238f1f4845916876f1baa97a8e - - default default] Unable to schedule network 812f3cd1-54db-4c9a-92a2-e12cfd117432: no agents available; will retry on subsequent port and subnet creation events.
2026-03-31 06:23:02.845 10 INFO neutron.db.ovn_revision_numbers_db [None req-02be41a7-498f-439b-83e8-6510daae79c1 c6e7daf514374230bd8d013065bc98d6 78e7c7238f1f4845916876f1baa97a8e - - default default] Successfully bumped revision number for resource bb0af64b-4804-4af6-abe4-dcd1cf7db67e (type: ports) to 1
2026-03-31 06:23:02.868 10 INFO neutron.api.wsgi [None req-02be41a7-498f-439b-83e8-6510daae79c1 c6e7daf514374230bd8d013065bc98d6 78e7c7238f1f4845916876f1baa97a8e - - default default] 10.0.0.21 "POST /v2.0/networks HTTP/1.1" status: 201 len: 831 time: 0.9363658
2026-03-31 06:23:02.879 10 WARNING neutron_lib.context [None req-5c4eb04b-c176-4f59-8b68-930de9f23586 c6e7daf514374230bd8d013065bc98d6 78e7c7238f1f4845916876f1baa97a8e - - default default] Method 'is_advsvc' is deprecated since 2023.2 release (neutron-lib 3.8.0) and will be removed once support for the old RBAC API policies will be removed from Neutron. Please use method 'is_service_role' instead.
2026-03-31 06:23:02.927 9 INFO neutron.services.segments.plugin [-] Segment 1b09bcbf-8983-497b-8561-fbbd4ea0ecab resource provider aggregate not found
2026-03-31 06:23:02.931 9 INFO neutron.services.segments.plugin [-] Segment 1b09bcbf-8983-497b-8561-fbbd4ea0ecab resource provider aggregate not found
2026-03-31 06:23:02.944 9 INFO neutron.services.segments.plugin [-] Segment 1b09bcbf-8983-497b-8561-fbbd4ea0ecab resource provider not found; error: Placement Client Error (4xx): {"errors": [{"status": 404, "title": "Not Found", "detail": "The resource could not be found.\n\n No resource provider with uuid 1b09bcbf-8983-497b-8561-fbbd4ea0ecab found for delete ", "request_id": "req-deb77aef-e094-4b05-a9c8-ddaa7c716af2"}]}
2026-03-31 06:23:02.945 9 INFO neutron.services.segments.plugin [-] Segment 1b09bcbf-8983-497b-8561-fbbd4ea0ecab resource provider not found; error: Placement Client Error (4xx): {"errors": [{"status": 404, "title": "Not Found", "detail": "The resource could not be found.\n\n No resource provider with uuid 1b09bcbf-8983-497b-8561-fbbd4ea0ecab found for delete ", "request_id": "req-4172bb17-debc-4a05-a849-8f68620d6f2c"}]}
2026-03-31 06:23:02.951 9 INFO neutron.api.wsgi [None req-29638650-da61-48a6-bc0d-2e23a42f85a6 fb18fe3ff9464c1d80fc47c5e4ad038d 5d501743fad9431faa33e08ca8790e99 - - default default] 10.0.0.21 "DELETE /v2.0/networks/f09e7928-0bd0-45f5-8f43-e6606c1e2dbd HTTP/1.1" status: 204 len: 168 time: 0.4834859
2026-03-31 06:23:03.046 9 INFO neutron.db.segments_db [None req-52130349-5ab7-4993-9817-14c5e93713cd fb18fe3ff9464c1d80fc47c5e4ad038d 5d501743fad9431faa33e08ca8790e99 - - default default] Added segment e4e50c55-6391-4a44-a906-0adaa510ee52 of type geneve for network 632a0c1a-0335-40d6-8c82-e5387008f751
2026-03-31 06:23:03.171 9 INFO neutron.db.ovn_revision_numbers_db [None req-52130349-5ab7-4993-9817-14c5e93713cd fb18fe3ff9464c1d80fc47c5e4ad038d 5d501743fad9431faa33e08ca8790e99 - - default default] Successfully bumped revision number for resource 632a0c1a-0335-40d6-8c82-e5387008f751 (type: networks) to 1
2026-03-31 06:23:03.358 9 WARNING neutron.scheduler.dhcp_agent_scheduler [None req-52130349-5ab7-4993-9817-14c5e93713cd fb18fe3ff9464c1d80fc47c5e4ad038d 5d501743fad9431faa33e08ca8790e99 - - default default] No more DHCP agents
2026-03-31 06:23:03.359 9 WARNING neutron.api.rpc.agentnotifiers.dhcp_rpc_agent_api [None req-52130349-5ab7-4993-9817-14c5e93713cd fb18fe3ff9464c1d80fc47c5e4ad038d 5d501743fad9431faa33e08ca8790e99 - - default default] Unable to schedule network 632a0c1a-0335-40d6-8c82-e5387008f751: no agents available; will retry on subsequent port and subnet creation events.
2026-03-31 06:23:03.452 9 INFO neutron.db.ovn_revision_numbers_db [None req-52130349-5ab7-4993-9817-14c5e93713cd fb18fe3ff9464c1d80fc47c5e4ad038d 5d501743fad9431faa33e08ca8790e99 - - default default] Successfully bumped revision number for resource de80c16c-3e21-4a2e-bd38-77f8b6e56999 (type: ports) to 1
2026-03-31 06:23:03.472 9 INFO neutron.api.wsgi [None req-52130349-5ab7-4993-9817-14c5e93713cd fb18fe3ff9464c1d80fc47c5e4ad038d 5d501743fad9431faa33e08ca8790e99 - - default default] 10.0.0.21 "POST /v2.0/networks HTTP/1.1" status: 201 len: 928 time: 0.5115223
2026-03-31 06:23:03.639 10 INFO neutron.api.wsgi [None req-92c713df-e95c-45be-aec7-57c55d4e6e04 db71198cb1e24f1e83c8e10551e19e94 8123b8bfcb544740bac8505e7b9361d8 - - default default] 10.0.0.14 "GET /v2.0/extensions HTTP/1.1" status: 200 len: 19298 time: 0.0321481
2026-03-31 06:23:03.660 9 WARNING neutron.scheduler.dhcp_agent_scheduler [None req-33ee7564-31d3-4ba9-9f52-9279e001f305 fb18fe3ff9464c1d80fc47c5e4ad038d 5d501743fad9431faa33e08ca8790e99 - - default default] No more DHCP agents
2026-03-31 06:23:03.661 9 WARNING neutron.api.rpc.agentnotifiers.dhcp_rpc_agent_api [None req-33ee7564-31d3-4ba9-9f52-9279e001f305 fb18fe3ff9464c1d80fc47c5e4ad038d 5d501743fad9431faa33e08ca8790e99 - - default default] Unable to schedule network 632a0c1a-0335-40d6-8c82-e5387008f751: no agents available; will retry on subsequent port and subnet creation events.
2026-03-31 06:23:03.684 10 WARNING neutron.scheduler.dhcp_agent_scheduler [None req-5c4eb04b-c176-4f59-8b68-930de9f23586 c6e7daf514374230bd8d013065bc98d6 78e7c7238f1f4845916876f1baa97a8e - - default default] No more DHCP agents
2026-03-31 06:23:03.686 10 WARNING neutron.api.rpc.agentnotifiers.dhcp_rpc_agent_api [None req-5c4eb04b-c176-4f59-8b68-930de9f23586 c6e7daf514374230bd8d013065bc98d6 78e7c7238f1f4845916876f1baa97a8e - - default default] Unable to schedule network e55540ea-a814-4e0a-a66a-8cb2c3059c54: no agents available; will retry on subsequent port and subnet creation events.
2026-03-31 06:23:03.709 10 INFO neutron.db.ovn_revision_numbers_db [None req-f54a1435-3df8-4013-ba8a-a649487267eb 592f17127a904af08bc3d484494c221b 2c525cf3ca2d421191b7f66e91c41465 - - default default] Successfully bumped revision number for resource 3ab8cfa6-eeab-4fa3-922e-bce791fc874c (type: ports) to 1
2026-03-31 06:23:03.786 10 WARNING neutron.scheduler.dhcp_agent_scheduler [None req-f54a1435-3df8-4013-ba8a-a649487267eb 592f17127a904af08bc3d484494c221b 2c525cf3ca2d421191b7f66e91c41465 - - default default] No more DHCP agents
2026-03-31 06:23:03.789 10 WARNING neutron.api.rpc.agentnotifiers.dhcp_rpc_agent_api [None req-f54a1435-3df8-4013-ba8a-a649487267eb 592f17127a904af08bc3d484494c221b 2c525cf3ca2d421191b7f66e91c41465 - - default default] Unable to schedule network fd7383e0-9566-4973-9705-d48de85c4ea8: no agents available; will retry on subsequent port and subnet creation events.
2026-03-31 06:23:03.871 10 INFO neutron.api.wsgi [None req-47cf96cb-d662-4072-8404-61322b7b3c23 db71198cb1e24f1e83c8e10551e19e94 8123b8bfcb544740bac8505e7b9361d8 - - default default] 10.0.0.14 "GET /v2.0/quotas/8123b8bfcb544740bac8505e7b9361d8/details HTTP/1.1" status: 200 len: 1046 time: 0.2177291
2026-03-31 06:23:03.873 10 INFO neutron.db.ovn_revision_numbers_db [None req-5c4eb04b-c176-4f59-8b68-930de9f23586 c6e7daf514374230bd8d013065bc98d6 78e7c7238f1f4845916876f1baa97a8e - - default default] Successfully bumped revision number for resource e3fc7d7d-62cf-4cf5-b07c-f4b65a000715 (type: ports) to 1
2026-03-31 06:23:04.130 9 INFO neutron.db.ovn_revision_numbers_db [None req-5734d3e4-58fc-4cf3-8242-f0bc23dc1f2b - - - - - -] Successfully bumped revision number for resource de80c16c-3e21-4a2e-bd38-77f8b6e56999 (type: ports) to 2
2026-03-31 06:23:04.172 9 INFO neutron.db.ovn_revision_numbers_db [None req-5734d3e4-58fc-4cf3-8242-f0bc23dc1f2b - - - - - -] Successfully bumped revision number for resource d6e2ef57-b8e2-4114-8e12-047c7988a13e (type: subnets) to 0
2026-03-31 06:23:04.217 9 INFO neutron.api.wsgi [None req-33ee7564-31d3-4ba9-9f52-9279e001f305 fb18fe3ff9464c1d80fc47c5e4ad038d 5d501743fad9431faa33e08ca8790e99 - - default default] 10.0.0.21 "POST /v2.0/subnets HTTP/1.1" status: 201 len: 846 time: 0.7367995
2026-03-31 06:23:04.231 9 WARNING neutron.api.v2.base [None req-402cedcd-20d0-4f5b-bfe4-309e4e6efed5 fb18fe3ff9464c1d80fc47c5e4ad038d 5d501743fad9431faa33e08ca8790e99 - - default default] An exception happened while processing the request body. The exception message is [Invalid input for target_tenant. Reason: '1234123412341234123412341234123412341234123412341234123412341234123412341234123412341234123412341234123412341234123412341234123412341234123412341234123412341234123412341234123412341234123412341234123412341234123412341234123412341234123412341234123412341234123412341234123412341234123412341234123412341234123412341234123412341234123412341234123412341234123412341234123412341234123412341234123412341234' exceeds maximum length of 255.].: webob.exc.HTTPBadRequest: Invalid input for target_tenant. Reason: '1234123412341234123412341234123412341234123412341234123412341234123412341234123412341234123412341234123412341234123412341234123412341234123412341234123412341234123412341234123412341234123412341234123412341234123412341234123412341234123412341234123412341234123412341234123412341234123412341234123412341234123412341234123412341234123412341234123412341234123412341234123412341234123412341234123412341234' exceeds maximum length of 255.
2026-03-31 06:23:04.232 9 INFO neutron.api.v2.resource [None req-402cedcd-20d0-4f5b-bfe4-309e4e6efed5 fb18fe3ff9464c1d80fc47c5e4ad038d 5d501743fad9431faa33e08ca8790e99 - - default default] create failed (client error): Invalid input for target_tenant. Reason: '1234123412341234123412341234123412341234123412341234123412341234123412341234123412341234123412341234123412341234123412341234123412341234123412341234123412341234123412341234123412341234123412341234123412341234123412341234123412341234123412341234123412341234123412341234123412341234123412341234123412341234123412341234123412341234123412341234123412341234123412341234123412341234123412341234123412341234' exceeds maximum length of 255.
2026-03-31 06:23:04.233 9 INFO neutron.api.wsgi [None req-402cedcd-20d0-4f5b-bfe4-309e4e6efed5 fb18fe3ff9464c1d80fc47c5e4ad038d 5d501743fad9431faa33e08ca8790e99 - - default default] 10.0.0.21 "POST /v2.0/rbac-policies HTTP/1.1" status: 400 len: 750 time: 0.0066655
2026-03-31 06:23:04.317 10 INFO neutron.db.ovn_revision_numbers_db [None req-f54a1435-3df8-4013-ba8a-a649487267eb 592f17127a904af08bc3d484494c221b 2c525cf3ca2d421191b7f66e91c41465 - - default default] Successfully bumped revision number for resource 3ab8cfa6-eeab-4fa3-922e-bce791fc874c (type: router_ports) to 1
2026-03-31 06:23:04.322 10 INFO neutron.api.wsgi [None req-f54a1435-3df8-4013-ba8a-a649487267eb 592f17127a904af08bc3d484494c221b 2c525cf3ca2d421191b7f66e91c41465 - - default default] 10.0.0.21 "PUT /v2.0/routers/a35c7da6-57e5-4524-a1fc-0b8e8ab1f982/add_router_interface HTTP/1.1" status: 200 len: 503 time: 2.3206778
2026-03-31 06:23:04.615 10 INFO neutron.plugins.ml2.drivers.ovn.mech_driver.ovsdb.commands [None req-f1f3ac5c-6c06-44da-b5d4-ff82bbd184b5 - - - - - -] Schedule LRP lrp-e3fc7d7d-62cf-4cf5-b07c-f4b65a000715 on gateway 2c9e64a4-323c-45d9-936d-664ae41bf917 with priority 1
2026-03-31 06:23:04.636 9 INFO neutron.plugins.ml2.drivers.ovn.mech_driver.ovsdb.ovsdb_monitor [None req-ed39c018-811e-49fe-b048-c7df904d32ed - - - - - -] Router 5855e6cd-5074-4782-8a7b-30f3b5f1791f is bound to host instance
2026-03-31 06:23:04.656 10 INFO neutron.db.ovn_revision_numbers_db [None req-5c4eb04b-c176-4f59-8b68-930de9f23586 c6e7daf514374230bd8d013065bc98d6 78e7c7238f1f4845916876f1baa97a8e - - default default] Successfully bumped revision number for resource e3fc7d7d-62cf-4cf5-b07c-f4b65a000715 (type: router_ports) to 1
2026-03-31 06:23:04.720 10 INFO neutron.db.ovn_revision_numbers_db [None req-5c4eb04b-c176-4f59-8b68-930de9f23586 c6e7daf514374230bd8d013065bc98d6 78e7c7238f1f4845916876f1baa97a8e - - default default] Successfully bumped revision number for resource 5855e6cd-5074-4782-8a7b-30f3b5f1791f (type: routers) to 2
2026-03-31 06:23:04.734 10 INFO neutron.api.wsgi [None req-5c4eb04b-c176-4f59-8b68-930de9f23586 c6e7daf514374230bd8d013065bc98d6 78e7c7238f1f4845916876f1baa97a8e - - default default] 10.0.0.21 "POST /v2.0/routers HTTP/1.1" status: 201 len: 1153 time: 1.8591454
2026-03-31 06:23:04.830 10 INFO neutron.api.wsgi [None req-76387fcb-4c0c-4ba7-8815-7099f62159c1 05b44cd51c6a49429504d037b9c9da26 b87cd820824646eda70ac7aef1b35311 - - default default] 10.0.0.21 "GET /v2.0/subnets?project_id=78e7c7238f1f4845916876f1baa97a8e&cidr=10.100.0.0%2F28 HTTP/1.1" status: 200 len: 207 time: 0.0898876
2026-03-31 06:23:04.885 10 INFO neutron.api.wsgi [None req-699d24d7-5be3-40c1-b8ea-be5cf59b486e 05b44cd51c6a49429504d037b9c9da26 b87cd820824646eda70ac7aef1b35311 - - default default] 10.0.0.21 "GET /v2.0/networks?router%3Aexternal=True HTTP/1.1" status: 200 len: 947 time: 0.0483778
2026-03-31 06:23:04.907 10 INFO neutron.api.wsgi [None req-35da091c-0df9-44ab-804f-e03ace805614 05b44cd51c6a49429504d037b9c9da26 b87cd820824646eda70ac7aef1b35311 - - default default] 10.0.0.21 "GET /v2.0/subnets?network_id=e55540ea-a814-4e0a-a66a-8cb2c3059c54&cidr=10.100.0.0%2F28 HTTP/1.1" status: 200 len: 207 time: 0.0180674
2026-03-31 06:23:04.916 10 WARNING neutron_lib.context [None req-72d2652f-d3c9-4453-a636-77b56aed37c4 c6e7daf514374230bd8d013065bc98d6 78e7c7238f1f4845916876f1baa97a8e - - default default] Method 'is_advsvc' is deprecated since 2023.2 release (neutron-lib 3.8.0) and will be removed once support for the old RBAC API policies will be removed from Neutron. Please use method 'is_service_role' instead.
2026-03-31 06:23:04.968 9 WARNING neutron.scheduler.dhcp_agent_scheduler [None req-98b8ce57-2a1b-4404-b0cf-92cfec76a801 - - - - - -] No more DHCP agents
2026-03-31 06:23:04.979 9 WARNING neutron.api.rpc.agentnotifiers.dhcp_rpc_agent_api [None req-98b8ce57-2a1b-4404-b0cf-92cfec76a801 - - - - - -] Unable to schedule network e55540ea-a814-4e0a-a66a-8cb2c3059c54: no agents available; will retry on subsequent port and subnet creation events.
2026-03-31 06:23:04.994 9 INFO neutron.services.segments.plugin [-] Segment e4e50c55-6391-4a44-a906-0adaa510ee52 resource provider aggregate not found
2026-03-31 06:23:04.997 9 INFO neutron.services.segments.plugin [-] Segment e4e50c55-6391-4a44-a906-0adaa510ee52 resource provider aggregate not found
2026-03-31 06:23:05.015 9 INFO neutron.services.segments.plugin [-] Segment e4e50c55-6391-4a44-a906-0adaa510ee52 resource provider not found; error: Placement Client Error (4xx): {"errors": [{"status": 404, "title": "Not Found", "detail": "The resource could not be found.\n\n No resource provider with uuid e4e50c55-6391-4a44-a906-0adaa510ee52 found for delete ", "request_id": "req-4083be38-aff9-47ec-ac63-7002c55c0a8d"}]}
2026-03-31 06:23:05.016 9 INFO neutron.services.segments.plugin [-] Segment e4e50c55-6391-4a44-a906-0adaa510ee52 resource provider not found; error: Placement Client Error (4xx): {"errors": [{"status": 404, "title": "Not Found", "detail": "The resource could not be found.\n\n No resource provider with uuid e4e50c55-6391-4a44-a906-0adaa510ee52 found for delete ", "request_id": "req-2118482d-f0c1-463c-8a21-cabe4fa12944"}]}
2026-03-31 06:23:05.057 9 INFO neutron.api.wsgi [None req-74cece50-7aec-400b-8267-3f83c90f60ef fb18fe3ff9464c1d80fc47c5e4ad038d 5d501743fad9431faa33e08ca8790e99 - - default default] 10.0.0.21 "DELETE /v2.0/networks/632a0c1a-0335-40d6-8c82-e5387008f751 HTTP/1.1" status: 204 len: 168 time: 0.8130500
2026-03-31 06:23:05.117 10 WARNING neutron.scheduler.dhcp_agent_scheduler [None req-72d2652f-d3c9-4453-a636-77b56aed37c4 c6e7daf514374230bd8d013065bc98d6 78e7c7238f1f4845916876f1baa97a8e - - default default] No more DHCP agents
2026-03-31 06:23:05.121 10 WARNING neutron.api.rpc.agentnotifiers.dhcp_rpc_agent_api [None req-72d2652f-d3c9-4453-a636-77b56aed37c4 c6e7daf514374230bd8d013065bc98d6 78e7c7238f1f4845916876f1baa97a8e - - default default] Unable to schedule network 812f3cd1-54db-4c9a-92a2-e12cfd117432: no agents available; will retry on subsequent port and subnet creation events.
2026-03-31 06:23:05.156 9 INFO neutron.db.ovn_revision_numbers_db [None req-98b8ce57-2a1b-4404-b0cf-92cfec76a801 - - - - - -] Successfully bumped revision number for resource 7ad7972e-62fc-4dc5-84f3-cec3ddf15888 (type: ports) to 1
2026-03-31 06:23:05.178 9 INFO neutron.db.segments_db [None req-19e94838-7dff-4c75-b706-0c991e2a3590 fb18fe3ff9464c1d80fc47c5e4ad038d 5d501743fad9431faa33e08ca8790e99 - - default default] Added segment dd91e296-0523-44ca-ade6-e361337bef07 of type geneve for network 7f4bc2a6-c3fe-4e09-8055-61c208d04e45
2026-03-31 06:23:05.281 9 INFO neutron.db.ovn_revision_numbers_db [None req-7c649ea4-37b5-4004-aa7d-f5c2447b6652 - - - - - -] Successfully bumped revision number for resource e3fc7d7d-62cf-4cf5-b07c-f4b65a000715 (type: ports) to 1
2026-03-31 06:23:05.609 10 INFO neutron.db.ovn_revision_numbers_db [None req-19ca5e75-82ea-437b-bc09-327ef12201fa - - - - - -] Successfully bumped revision number for resource bb0af64b-4804-4af6-abe4-dcd1cf7db67e (type: ports) to 2
2026-03-31 06:23:05.640 10 INFO neutron.db.ovn_revision_numbers_db [None req-19ca5e75-82ea-437b-bc09-327ef12201fa - - - - - -] Successfully bumped revision number for resource 5a3840a3-bcec-4e27-8fe7-cf70ca8f625b (type: subnets) to 0
2026-03-31 06:23:05.651 9 INFO neutron.db.ovn_revision_numbers_db [None req-19e94838-7dff-4c75-b706-0c991e2a3590 fb18fe3ff9464c1d80fc47c5e4ad038d 5d501743fad9431faa33e08ca8790e99 - - default default] Successfully bumped revision number for resource 7f4bc2a6-c3fe-4e09-8055-61c208d04e45 (type: networks) to 1
2026-03-31 06:23:05.655 10 INFO neutron.api.wsgi [None req-72d2652f-d3c9-4453-a636-77b56aed37c4 c6e7daf514374230bd8d013065bc98d6 78e7c7238f1f4845916876f1baa97a8e - - default default] 10.0.0.21 "POST /v2.0/subnets HTTP/1.1" status: 201 len: 856 time: 0.7432621
2026-03-31 06:23:05.751 10 INFO neutron.api.wsgi [None req-2d77ff43-4f6c-4641-a268-1b7e88aa3900 db71198cb1e24f1e83c8e10551e19e94 8123b8bfcb544740bac8505e7b9361d8 - - default default] 10.0.0.14 "GET /v2.0/extensions HTTP/1.1" status: 200 len: 19298 time: 0.0048480
2026-03-31 06:23:05.820 9 INFO neutron.db.ovn_revision_numbers_db [None req-98b8ce57-2a1b-4404-b0cf-92cfec76a801 - - - - - -] Successfully bumped revision number for resource 7ad7972e-62fc-4dc5-84f3-cec3ddf15888 (type: ports) to 3
2026-03-31 06:23:05.874 9 WARNING neutron.scheduler.dhcp_agent_scheduler [None req-19e94838-7dff-4c75-b706-0c991e2a3590 fb18fe3ff9464c1d80fc47c5e4ad038d 5d501743fad9431faa33e08ca8790e99 - - default default] No more DHCP agents
2026-03-31 06:23:05.876 9 WARNING neutron.api.rpc.agentnotifiers.dhcp_rpc_agent_api [None req-19e94838-7dff-4c75-b706-0c991e2a3590 fb18fe3ff9464c1d80fc47c5e4ad038d 5d501743fad9431faa33e08ca8790e99 - - default default] Unable to schedule network 7f4bc2a6-c3fe-4e09-8055-61c208d04e45: no agents available; will retry on subsequent port and subnet creation events.
2026-03-31 06:23:05.906 9 INFO neutron.db.segments_db [None req-98b8ce57-2a1b-4404-b0cf-92cfec76a801 - - - - - -] Added segment 42d9b73c-d800-4707-a263-8953583b945e of type geneve for network e64f3805-91c4-4a78-bdf1-6790443299a7
2026-03-31 06:23:06.011 9 INFO neutron.db.ovn_revision_numbers_db [None req-19e94838-7dff-4c75-b706-0c991e2a3590 fb18fe3ff9464c1d80fc47c5e4ad038d 5d501743fad9431faa33e08ca8790e99 - - default default] Successfully bumped revision number for resource 7a613423-aae4-469f-8f2a-e637fd949453 (type: ports) to 1
2026-03-31 06:23:06.034 9 INFO neutron.api.wsgi [None req-2af744b4-7e67-4929-b5f8-93b8f441737c db71198cb1e24f1e83c8e10551e19e94 8123b8bfcb544740bac8505e7b9361d8 - - default default] 10.0.0.14 "GET /v2.0/quotas/8123b8bfcb544740bac8505e7b9361d8/details HTTP/1.1" status: 200 len: 1046 time: 0.2638524
2026-03-31 06:23:06.040 9 INFO neutron.api.wsgi [None req-19e94838-7dff-4c75-b706-0c991e2a3590 fb18fe3ff9464c1d80fc47c5e4ad038d 5d501743fad9431faa33e08ca8790e99 - - default default] 10.0.0.21 "POST /v2.0/networks HTTP/1.1" status: 201 len: 929 time: 0.9774683
2026-03-31 06:23:06.066 9 INFO neutron.db.ovn_revision_numbers_db [None req-7c649ea4-37b5-4004-aa7d-f5c2447b6652 - - - - - -] Successfully bumped revision number for resource e3fc7d7d-62cf-4cf5-b07c-f4b65a000715 (type: ports) to 4
2026-03-31 06:23:06.074 9 INFO neutron.db.ovn_revision_numbers_db [None req-ca5f68c8-2af9-4d91-a44d-31236ee3bd6b - - - - - -] Successfully bumped revision number for resource e64f3805-91c4-4a78-bdf1-6790443299a7 (type: networks) to 1
2026-03-31 06:23:06.221 10 WARNING neutron.scheduler.dhcp_agent_scheduler [None req-8c6ad162-b0b0-4088-b8a9-1997892b705f c6e7daf514374230bd8d013065bc98d6 78e7c7238f1f4845916876f1baa97a8e - - default default] No more DHCP agents
2026-03-31 06:23:06.222 10 WARNING neutron.api.rpc.agentnotifiers.dhcp_rpc_agent_api [None req-8c6ad162-b0b0-4088-b8a9-1997892b705f c6e7daf514374230bd8d013065bc98d6 78e7c7238f1f4845916876f1baa97a8e - - default default] Unable to schedule network 812f3cd1-54db-4c9a-92a2-e12cfd117432: no agents available; will retry on subsequent port and subnet creation events.
2026-03-31 06:23:06.225 10 WARNING neutron.scheduler.dhcp_agent_scheduler [None req-765915e7-c314-4603-bb65-b5b3e953d5b1 fb18fe3ff9464c1d80fc47c5e4ad038d 5d501743fad9431faa33e08ca8790e99 - - default default] No more DHCP agents
2026-03-31 06:23:06.230 10 WARNING neutron.api.rpc.agentnotifiers.dhcp_rpc_agent_api [None req-765915e7-c314-4603-bb65-b5b3e953d5b1 fb18fe3ff9464c1d80fc47c5e4ad038d 5d501743fad9431faa33e08ca8790e99 - - default default] Unable to schedule network 7f4bc2a6-c3fe-4e09-8055-61c208d04e45: no agents available; will retry on subsequent port and subnet creation events.
2026-03-31 06:23:06.244 9 WARNING neutron.scheduler.dhcp_agent_scheduler [None req-ca5f68c8-2af9-4d91-a44d-31236ee3bd6b - - - - - -] No more DHCP agents
2026-03-31 06:23:06.246 9 WARNING neutron.api.rpc.agentnotifiers.dhcp_rpc_agent_api [None req-ca5f68c8-2af9-4d91-a44d-31236ee3bd6b - - - - - -] Unable to schedule network e64f3805-91c4-4a78-bdf1-6790443299a7: no agents available; will retry on subsequent port and subnet creation events.
2026-03-31 06:23:06.315 9 INFO neutron.db.ovn_revision_numbers_db [None req-ca5f68c8-2af9-4d91-a44d-31236ee3bd6b - - - - - -] Successfully bumped revision number for resource 6a9db12c-2f2c-40e9-98ee-80ca63b05537 (type: ports) to 1
2026-03-31 06:23:06.394 10 INFO neutron.db.ovn_revision_numbers_db [None req-8c6ad162-b0b0-4088-b8a9-1997892b705f c6e7daf514374230bd8d013065bc98d6 78e7c7238f1f4845916876f1baa97a8e - - default default] Successfully bumped revision number for resource 7e482e13-90c2-4d70-b0bf-dcb11ac6e870 (type: ports) to 1
2026-03-31 06:23:06.403 9 INFO neutron.db.ovn_revision_numbers_db [None req-7c649ea4-37b5-4004-aa7d-f5c2447b6652 - - - - - -] Successfully bumped revision number for resource e3fc7d7d-62cf-4cf5-b07c-f4b65a000715 (type: ports) to 5
2026-03-31 06:23:06.475 9 WARNING neutron.scheduler.dhcp_agent_scheduler [None req-ca5f68c8-2af9-4d91-a44d-31236ee3bd6b - - - - - -] No more DHCP agents
2026-03-31 06:23:06.478 9 WARNING neutron.api.rpc.agentnotifiers.dhcp_rpc_agent_api [None req-ca5f68c8-2af9-4d91-a44d-31236ee3bd6b - - - - - -] Unable to schedule network e64f3805-91c4-4a78-bdf1-6790443299a7: no agents available; will retry on subsequent port and subnet creation events.
2026-03-31 06:23:06.505 9 INFO neutron.db.ovn_revision_numbers_db [None req-ca5f68c8-2af9-4d91-a44d-31236ee3bd6b - - - - - -] Successfully bumped revision number for resource affd7268-a688-4aae-bec5-99875ca62d46 (type: subnets) to 0
2026-03-31 06:23:06.554 9 WARNING neutron.plugins.ml2.drivers.ovn.mech_driver.ovsdb.ovn_client [None req-d0f00363-b830-4888-9b19-6fa160968e33 - - - - - -] No hosting information found for port 1941b43d-bc0b-4f0f-b73d-6ee25a41271f: RuntimeError: No hosting information found for port 1941b43d-bc0b-4f0f-b73d-6ee25a41271f
2026-03-31 06:23:06.555 9 INFO neutron.plugins.ml2.drivers.ovn.mech_driver.mech_driver [None req-d0f00363-b830-4888-9b19-6fa160968e33 - - - - - -] OVN reports status up for port: 8beaf37c-e232-4252-8b33-f6a2982c60c5
2026-03-31 06:23:06.569 9 INFO neutron.plugins.ml2.plugin [None req-d0f00363-b830-4888-9b19-6fa160968e33 - - - - - -] Attempt 1 to provision port 8beaf37c-e232-4252-8b33-f6a2982c60c5
2026-03-31 06:23:06.756 10 INFO neutron.db.ovn_revision_numbers_db [None req-9b876aae-70ae-4b1c-a3a7-cca7144add99 - - - - - -] Successfully bumped revision number for resource 7a613423-aae4-469f-8f2a-e637fd949453 (type: ports) to 2
2026-03-31 06:23:06.796 10 INFO neutron.db.ovn_revision_numbers_db [None req-9b876aae-70ae-4b1c-a3a7-cca7144add99 - - - - - -] Successfully bumped revision number for resource 55d93e70-52f1-4546-b810-3d808ef4ecac (type: subnets) to 0
2026-03-31 06:23:06.813 9 INFO neutron.db.ovn_revision_numbers_db [None req-d0f00363-b830-4888-9b19-6fa160968e33 - - - - - -] Successfully bumped revision number for resource 8beaf37c-e232-4252-8b33-f6a2982c60c5 (type: ports) to 4
2026-03-31 06:23:06.814 10 INFO neutron.api.wsgi [None req-765915e7-c314-4603-bb65-b5b3e953d5b1 fb18fe3ff9464c1d80fc47c5e4ad038d 5d501743fad9431faa33e08ca8790e99 - - default default] 10.0.0.21 "POST /v2.0/subnets HTTP/1.1" status: 201 len: 846 time: 0.7689354
2026-03-31 06:23:06.905 9 WARNING neutron.scheduler.dhcp_agent_scheduler [None req-ca5f68c8-2af9-4d91-a44d-31236ee3bd6b - - - - - -] No more DHCP agents
2026-03-31 06:23:06.907 9 WARNING neutron.api.rpc.agentnotifiers.dhcp_rpc_agent_api [None req-ca5f68c8-2af9-4d91-a44d-31236ee3bd6b - - - - - -] Unable to schedule network e64f3805-91c4-4a78-bdf1-6790443299a7: no agents available; will retry on subsequent port and subnet creation events.
2026-03-31 06:23:07.022 9 INFO neutron.db.ovn_revision_numbers_db [None req-ca5f68c8-2af9-4d91-a44d-31236ee3bd6b - - - - - -] Successfully bumped revision number for resource d7b73340-8f37-4dbc-a471-1fa387fc0728 (type: ports) to 1
2026-03-31 06:23:07.069 10 INFO neutron.api.wsgi [None req-973bfe71-6900-4542-9f10-10123d0e33e6 fb18fe3ff9464c1d80fc47c5e4ad038d 5d501743fad9431faa33e08ca8790e99 - - default default] 10.0.0.21 "POST /v2.0/rbac-policies HTTP/1.1" status: 201 len: 523 time: 0.2504125
2026-03-31 06:23:07.104 10 INFO neutron.db.ovn_revision_numbers_db [None req-8c6ad162-b0b0-4088-b8a9-1997892b705f c6e7daf514374230bd8d013065bc98d6 78e7c7238f1f4845916876f1baa97a8e - - default default] Successfully bumped revision number for resource 7e482e13-90c2-4d70-b0bf-dcb11ac6e870 (type: ports) to 1
2026-03-31 06:23:07.155 10 WARNING neutron.scheduler.dhcp_agent_scheduler [None req-8c6ad162-b0b0-4088-b8a9-1997892b705f c6e7daf514374230bd8d013065bc98d6 78e7c7238f1f4845916876f1baa97a8e - - default default] No more DHCP agents
2026-03-31 06:23:07.156 10 WARNING neutron.api.rpc.agentnotifiers.dhcp_rpc_agent_api [None req-8c6ad162-b0b0-4088-b8a9-1997892b705f c6e7daf514374230bd8d013065bc98d6 78e7c7238f1f4845916876f1baa97a8e - - default default] Unable to schedule network 812f3cd1-54db-4c9a-92a2-e12cfd117432: no agents available; will retry on subsequent port and subnet creation events.
2026-03-31 06:23:07.206 10 WARNING neutron.plugins.ml2.drivers.ovn.mech_driver.ovsdb.ovn_client [None req-f25585fc-699e-409b-ab12-21d54be14ae3 - - - - - -] No hosting information found for port 1ac2786f-b4fc-4de7-be6a-1b15aed96d2b: RuntimeError: No hosting information found for port 1ac2786f-b4fc-4de7-be6a-1b15aed96d2b
2026-03-31 06:23:07.302 10 INFO neutron.db.ovn_revision_numbers_db [None req-f25585fc-699e-409b-ab12-21d54be14ae3 - - - - - -] Successfully bumped revision number for resource 1ac2786f-b4fc-4de7-be6a-1b15aed96d2b (type: router_ports) to 2
2026-03-31 06:23:07.389 10 INFO neutron.plugins.ml2.drivers.ovn.mech_driver.mech_driver [None req-f25585fc-699e-409b-ab12-21d54be14ae3 - - - - - -] OVN reports status up for port: c0c70afa-e04b-40fb-8285-851ecc3ee52b
2026-03-31 06:23:07.411 10 INFO neutron.plugins.ml2.plugin [None req-f25585fc-699e-409b-ab12-21d54be14ae3 - - - - - -] Attempt 1 to provision port c0c70afa-e04b-40fb-8285-851ecc3ee52b
2026-03-31 06:23:07.559 9 INFO neutron.api.wsgi [None req-4cc64d4c-69ec-4dd4-885f-e52b24468b60 3bab1a093847456eaae6e9f33efa3465 6c34443e976d4150b151f48c4f894e2e - - default default] 10.0.0.21 "GET /v2.0/networks/7f4bc2a6-c3fe-4e09-8055-61c208d04e45 HTTP/1.1" status: 200 len: 849 time: 0.1125426
2026-03-31 06:23:07.599 9 INFO neutron.plugins.ml2.drivers.ovn.mech_driver.mech_driver [None req-2c7fbd1b-e2a8-45ca-99a1-cea65d3faa5d - - - - - -] OVN reports status up for port: d7b73340-8f37-4dbc-a471-1fa387fc0728
2026-03-31 06:23:07.611 9 INFO neutron.plugins.ml2.plugin [None req-2c7fbd1b-e2a8-45ca-99a1-cea65d3faa5d - - - - - -] Attempt 1 to provision port d7b73340-8f37-4dbc-a471-1fa387fc0728
2026-03-31 06:23:07.628 10 INFO neutron.db.ovn_revision_numbers_db [None req-8c6ad162-b0b0-4088-b8a9-1997892b705f c6e7daf514374230bd8d013065bc98d6 78e7c7238f1f4845916876f1baa97a8e - - default default] Successfully bumped revision number for resource 7e482e13-90c2-4d70-b0bf-dcb11ac6e870 (type: router_ports) to 1
2026-03-31 06:23:07.630 9 INFO neutron.db.ovn_revision_numbers_db [None req-ca5f68c8-2af9-4d91-a44d-31236ee3bd6b - - - - - -] Successfully bumped revision number for resource d7b73340-8f37-4dbc-a471-1fa387fc0728 (type: ports) to 1
2026-03-31 06:23:07.634 10 INFO neutron.api.wsgi [None req-8c6ad162-b0b0-4088-b8a9-1997892b705f c6e7daf514374230bd8d013065bc98d6 78e7c7238f1f4845916876f1baa97a8e - - default default] 10.0.0.21 "PUT /v2.0/routers/5855e6cd-5074-4782-8a7b-30f3b5f1791f/add_router_interface HTTP/1.1" status: 200 len: 503 time: 1.9729021
2026-03-31 06:23:07.702 10 INFO neutron.db.ovn_revision_numbers_db [None req-f25585fc-699e-409b-ab12-21d54be14ae3 - - - - - -] Successfully bumped revision number for resource c0c70afa-e04b-40fb-8285-851ecc3ee52b (type: ports) to 4
2026-03-31 06:23:07.718 9 INFO neutron.api.wsgi [None req-db86e30c-7cfe-42a5-860b-665e82f95abc 05b44cd51c6a49429504d037b9c9da26 b87cd820824646eda70ac7aef1b35311 - - default default] 10.0.0.21 "GET /v2.0/networks HTTP/1.1" status: 200 len: 6750 time: 0.0774255
2026-03-31 06:23:07.724 9 WARNING neutron.scheduler.dhcp_agent_scheduler [None req-ca5f68c8-2af9-4d91-a44d-31236ee3bd6b - - - - - -] No more DHCP agents
2026-03-31 06:23:07.727 9 WARNING neutron.api.rpc.agentnotifiers.dhcp_rpc_agent_api [None req-ca5f68c8-2af9-4d91-a44d-31236ee3bd6b - - - - - -] Unable to schedule network e64f3805-91c4-4a78-bdf1-6790443299a7: no agents available; will retry on subsequent port and subnet creation events.
2026-03-31 06:23:07.772 10 INFO neutron.api.wsgi [None req-4012c233-68ca-4204-85a8-313d4c7695a7 05b44cd51c6a49429504d037b9c9da26 b87cd820824646eda70ac7aef1b35311 - - default default] 10.0.0.21 "GET /v2.0/subnets HTTP/1.1" status: 200 len: 5464 time: 0.0498343
2026-03-31 06:23:07.816 10 INFO neutron.plugins.ml2.drivers.ovn.mech_driver.mech_driver [None req-96541657-3897-4f49-be49-5029e397d17d - - - - - -] OVN reports status up for port: 3ab8cfa6-eeab-4fa3-922e-bce791fc874c
2026-03-31 06:23:07.823 10 INFO neutron.plugins.ml2.plugin [None req-96541657-3897-4f49-be49-5029e397d17d - - - - - -] Attempt 1 to provision port 3ab8cfa6-eeab-4fa3-922e-bce791fc874c
2026-03-31 06:23:07.880 9 INFO neutron.api.wsgi [None req-0114dc26-09e2-41e5-b589-30399c6d7f9f 05b44cd51c6a49429504d037b9c9da26 b87cd820824646eda70ac7aef1b35311 - - default default] 10.0.0.21 "GET /v2.0/routers HTTP/1.1" status: 200 len: 3170 time: 0.0993671
2026-03-31 06:23:07.941 9 WARNING neutron_lib.context [None req-27a9edb6-2e54-4b29-a059-0a59dddedb78 c6e7daf514374230bd8d013065bc98d6 78e7c7238f1f4845916876f1baa97a8e - - default default] Method 'is_advsvc' is deprecated since 2023.2 release (neutron-lib 3.8.0) and will be removed once support for the old RBAC API policies will be removed from Neutron. Please use method 'is_service_role' instead.
2026-03-31 06:23:08.072 10 INFO neutron.pecan_wsgi.hooks.translation [None req-af611f56-27bf-4cb9-839b-5bef07e4a7e1 1c86c58dfef340ec8db640f4337fd3e3 5b3dabb63a4a49caa05d140ce1a59815 - - default default] GET failed (client error): The resource could not be found.
2026-03-31 06:23:08.074 10 INFO neutron.api.wsgi [None req-af611f56-27bf-4cb9-839b-5bef07e4a7e1 1c86c58dfef340ec8db640f4337fd3e3 5b3dabb63a4a49caa05d140ce1a59815 - - default default] 10.0.0.21 "GET /v2.0/networks/7f4bc2a6-c3fe-4e09-8055-61c208d04e45 HTTP/1.1" status: 404 len: 339 time: 0.1260026
2026-03-31 06:23:08.113 9 INFO neutron.db.ovn_revision_numbers_db [None req-2c7fbd1b-e2a8-45ca-99a1-cea65d3faa5d - - - - - -] Successfully bumped revision number for resource d7b73340-8f37-4dbc-a471-1fa387fc0728 (type: ports) to 2
2026-03-31 06:23:08.135 9 INFO neutron.db.ovn_revision_numbers_db [None req-27a9edb6-2e54-4b29-a059-0a59dddedb78 c6e7daf514374230bd8d013065bc98d6 78e7c7238f1f4845916876f1baa97a8e - - default default] Successfully bumped revision number for resource 7b7e08a1-30c0-4628-a075-60506b21aa11 (type: security_groups) to 1
2026-03-31 06:23:08.165 9 INFO neutron.db.ovn_revision_numbers_db [None req-27a9edb6-2e54-4b29-a059-0a59dddedb78 c6e7daf514374230bd8d013065bc98d6 78e7c7238f1f4845916876f1baa97a8e - - default default] Successfully bumped revision number for resource 7b7049e6-3ed4-497b-96f2-2a50f9e2ebcd (type: security_group_rules) to 0
2026-03-31 06:23:08.187 9 INFO neutron.db.ovn_revision_numbers_db [None req-27a9edb6-2e54-4b29-a059-0a59dddedb78 c6e7daf514374230bd8d013065bc98d6 78e7c7238f1f4845916876f1baa97a8e - - default default] Successfully bumped revision number for resource 8bd8fb3e-ffdf-4d12-abe8-300c77c5b8da (type: security_group_rules) to 0
2026-03-31 06:23:08.240 10 INFO neutron.db.ovn_revision_numbers_db [None req-96541657-3897-4f49-be49-5029e397d17d - - - - - -] Successfully bumped revision number for resource 3ab8cfa6-eeab-4fa3-922e-bce791fc874c (type: ports) to 2
