2026-03-31 06:22:45.550 9 INFO neutron.api.wsgi [None req-ee625ab2-144f-4c61-a7ee-93094b394a37 0c8cfa4133454b3097b7c50077b745de a0ca050bdd2a42b38f5eef964bc59a02 - - default default] 10.0.0.21 "GET /v2.0/security-groups?tenant_id=f4620ffafd3e49cab18e063ec4dfa34a&name=default HTTP/1.1" status: 200 len: 3120 time: 0.1740694
2026-03-31 06:22:45.746 9 INFO neutron.api.wsgi [req-d4159687-7b66-4d60-9576-0305fdc821a2 req-9b67a900-75dc-4bbd-ba68-71859690d741 2c81727b624e4cfcbe85dcacc63e3208 04e9036af8f9462e93401d7be663e600 - - default default] 10.0.0.204 "GET /v2.0/ports?device_id=19cf240e-bc67-4137-aa86-8047d953ffb2 HTTP/1.1" status: 200 len: 1172 time: 0.0333934
2026-03-31 06:22:45.758 9 INFO neutron.api.wsgi [None req-140c3a96-8f47-49de-8960-132cef0c076a 0c8cfa4133454b3097b7c50077b745de a0ca050bdd2a42b38f5eef964bc59a02 - - default default] 10.0.0.21 "DELETE /v2.0/security-groups/e67ce1a5-77b9-4208-a893-3ddfe641b3a1 HTTP/1.1" status: 204 len: 168 time: 0.2031367
2026-03-31 06:22:45.785 9 INFO neutron.api.wsgi [req-d4159687-7b66-4d60-9576-0305fdc821a2 req-e61b2d79-c3b4-41ad-9a4d-7d2bc6d9f840 2c81727b624e4cfcbe85dcacc63e3208 04e9036af8f9462e93401d7be663e600 - - default default] 10.0.0.204 "GET /v2.0/security-groups?id=6ecb47d0-2fd9-465a-8f2b-a26c015f66a1&fields=id&fields=name HTTP/1.1" status: 200 len: 286 time: 0.0348504
2026-03-31 06:22:46.359 9 INFO neutron.plugins.ml2.drivers.ovn.mech_driver.mech_driver [None req-4049e8b2-52ce-426b-9428-714d59a718fb - - - - - -] OVN reports status up for port: d63f2bf2-2a24-4f3b-a664-b93dbef4a84d
2026-03-31 06:22:46.370 9 INFO neutron.plugins.ml2.plugin [None req-4049e8b2-52ce-426b-9428-714d59a718fb - - - - - -] Attempt 1 to provision port d63f2bf2-2a24-4f3b-a664-b93dbef4a84d
2026-03-31 06:22:46.484 9 INFO neutron.notifiers.nova [-] Nova event matching ['req-be1b427d-c0ea-46d0-b131-772835637545'] response: {'server_uuid': '19cf240e-bc67-4137-aa86-8047d953ffb2', 'name': 'network-vif-plugged', 'status': 'completed', 'tag': 'd63f2bf2-2a24-4f3b-a664-b93dbef4a84d', 'code': 200}
2026-03-31 06:22:46.616 9 INFO neutron.db.ovn_revision_numbers_db [None req-4049e8b2-52ce-426b-9428-714d59a718fb - - - - - -] Successfully bumped revision number for resource d63f2bf2-2a24-4f3b-a664-b93dbef4a84d (type: ports) to 5 /var/lib/openstack/lib/python3.12/site-packages/pycadf/identifier.py:71: UserWarning: Invalid uuid: neutron. To ensure interoperability, identifiers should be a valid uuid. warnings.warn(('Invalid uuid: %s. To ensure interoperability, '
2026-03-31 06:22:46.890 9 INFO neutron.api.wsgi [req-5534b6f2-5f6d-4b4e-99c1-48fa4d760c12 req-55f84e47-fd2a-46bd-8267-4074149bb952 2c81727b624e4cfcbe85dcacc63e3208 04e9036af8f9462e93401d7be663e600 - - default default] 10.0.0.204 "GET /v2.0/ports?device_id=19cf240e-bc67-4137-aa86-8047d953ffb2 HTTP/1.1" status: 200 len: 1174 time: 0.0343664
2026-03-31 06:22:46.945 9 INFO neutron.api.wsgi [req-5534b6f2-5f6d-4b4e-99c1-48fa4d760c12 req-d635992f-d754-47f7-bb4a-c18bb5e87941 2c81727b624e4cfcbe85dcacc63e3208 04e9036af8f9462e93401d7be663e600 - - default default] 10.0.0.204 "GET /v2.0/security-groups?id=6ecb47d0-2fd9-465a-8f2b-a26c015f66a1&fields=id&fields=name HTTP/1.1" status: 200 len: 286 time: 0.0505567
2026-03-31 06:22:47.138 9 INFO neutron.api.wsgi [None req-b55d2411-9c3d-4491-9d9c-e52b785c10d8 0c8cfa4133454b3097b7c50077b745de a0ca050bdd2a42b38f5eef964bc59a02 - - default default] 10.0.0.149 "GET /v2.0/routers HTTP/1.1" status: 200 len: 1150 time: 0.2298067
2026-03-31 06:22:47.151 9 INFO neutron.api.wsgi [None req-7e3a57a7-5651-459f-a79d-50ce88a8ffc9 0c8cfa4133454b3097b7c50077b745de a0ca050bdd2a42b38f5eef964bc59a02 - - default default] 10.0.0.149 "GET /v2.0/agents?binary=ovn-controller HTTP/1.1" status: 200 len: 591 time: 0.0112703
2026-03-31 06:22:47.167 9 INFO neutron.api.wsgi [None req-53ee9010-5b56-4952-bbc2-4755d8a20bb3 0c8cfa4133454b3097b7c50077b745de a0ca050bdd2a42b38f5eef964bc59a02 - - default default] 10.0.0.149 "GET /v2.0/agents HTTP/1.1" status: 200 len: 1390 time: 0.0125144
2026-03-31 06:22:47.214 9 INFO neutron.api.wsgi [None req-354cba3f-4a74-4ff1-82e0-6e2d18e92c1c 0c8cfa4133454b3097b7c50077b745de a0ca050bdd2a42b38f5eef964bc59a02 - - default default] 10.0.0.149 "GET /v2.0/security-groups HTTP/1.1" status: 200 len: 20482 time: 0.0462475
2026-03-31 06:22:47.297 9 INFO neutron.api.wsgi [None req-2e740a10-75d3-4264-92ba-25e868baf2d5 0c8cfa4133454b3097b7c50077b745de a0ca050bdd2a42b38f5eef964bc59a02 - - default default] 10.0.0.149 "GET /v2.0/ports HTTP/1.1" status: 200 len: 9778 time: 0.0782886
2026-03-31 06:22:47.334 9 INFO neutron.api.wsgi [None req-eb8c9a04-1a83-47c0-8a8c-9030a3b994da 0c8cfa4133454b3097b7c50077b745de a0ca050bdd2a42b38f5eef964bc59a02 - - default default] 10.0.0.149 "GET /v2.0/subnets HTTP/1.1" status: 200 len: 2162 time: 0.0303614
2026-03-31 06:22:47.341 9 INFO neutron.api.wsgi [None req-ae5233d5-a285-40cf-a922-ef747490ee9d 0c8cfa4133454b3097b7c50077b745de a0ca050bdd2a42b38f5eef964bc59a02 - - default default] 10.0.0.149 "GET /v2.0/subnetpools HTTP/1.1" status: 200 len: 193 time: 0.0060508
2026-03-31 06:22:47.357 9 INFO neutron.api.wsgi [None req-27aa94c8-154a-4ba1-8779-04e163b0eb33 0c8cfa4133454b3097b7c50077b745de a0ca050bdd2a42b38f5eef964bc59a02 - - default default] 10.0.0.149 "GET /v2.0/network-ip-availabilities HTTP/1.1" status: 200 len: 1752 time: 0.0148933
2026-03-31 06:22:47.370 9 INFO neutron.api.wsgi [None req-b6e0fcf6-9890-4456-853f-afc27a5a803b 0c8cfa4133454b3097b7c50077b745de a0ca050bdd2a42b38f5eef964bc59a02 - - default default] 10.0.0.149 "GET /v2.0/floatingips HTTP/1.1" status: 200 len: 193 time: 0.0123088
2026-03-31 06:22:47.420 9 INFO neutron.api.wsgi [None req-e40050cd-8652-42d4-94e1-7d5fcb7312ec 0c8cfa4133454b3097b7c50077b745de a0ca050bdd2a42b38f5eef964bc59a02 - - default default] 10.0.0.149 "GET /v2.0/networks HTTP/1.1" status: 200 len: 3107 time: 0.0490460
2026-03-31 06:22:47.449 9 INFO neutron.api.wsgi [None req-4dba6960-1180-4bd0-97fd-076cf21b0942 0c8cfa4133454b3097b7c50077b745de a0ca050bdd2a42b38f5eef964bc59a02 - - default default] 10.0.0.149 "GET /v2.0/subnets HTTP/1.1" status: 200 len: 2162 time: 0.0265820
2026-03-31 06:22:48.099 10 INFO neutron.api.wsgi [req-0c960230-979f-4dab-a3f8-5c683c3cc530 req-228d4572-e1a5-4065-aba1-4ba0e128b99d 2c81727b624e4cfcbe85dcacc63e3208 04e9036af8f9462e93401d7be663e600 - - default default] 10.0.0.204 "GET /v2.0/ports?device_id=19cf240e-bc67-4137-aa86-8047d953ffb2 HTTP/1.1" status: 200 len: 1174 time: 0.0881107
2026-03-31 06:22:48.142 10 INFO neutron.api.wsgi [req-0c960230-979f-4dab-a3f8-5c683c3cc530 req-3b817da5-3772-4c9e-aa9b-ce138d632ae5 2c81727b624e4cfcbe85dcacc63e3208 04e9036af8f9462e93401d7be663e600 - - default default] 10.0.0.204 "GET /v2.0/security-groups?id=6ecb47d0-2fd9-465a-8f2b-a26c015f66a1&fields=id&fields=name HTTP/1.1" status: 200 len: 286 time: 0.0358181
2026-03-31 06:22:48.286 10 WARNING neutron_lib.context [None req-68285209-7184-4a8a-b769-803b9985bdeb 592f17127a904af08bc3d484494c221b 2c525cf3ca2d421191b7f66e91c41465 - - default default] Method 'is_advsvc' is deprecated since 2023.2 release (neutron-lib 3.8.0) and will be removed once support for the old RBAC API policies will be removed from Neutron. Please use method 'is_service_role' instead.
2026-03-31 06:22:48.438 10 INFO neutron.db.ovn_revision_numbers_db [None req-68285209-7184-4a8a-b769-803b9985bdeb 592f17127a904af08bc3d484494c221b 2c525cf3ca2d421191b7f66e91c41465 - - default default] Successfully bumped revision number for resource 0509bd28-672f-428f-8d51-294562e6b758 (type: security_groups) to 1
2026-03-31 06:22:48.455 10 INFO neutron.db.ovn_revision_numbers_db [None req-68285209-7184-4a8a-b769-803b9985bdeb 592f17127a904af08bc3d484494c221b 2c525cf3ca2d421191b7f66e91c41465 - - default default] Successfully bumped revision number for resource 79412a4b-33eb-4e18-a5b5-d79233d7fc74 (type: security_group_rules) to 0
2026-03-31 06:22:48.461 10 WARNING neutron.plugins.ml2.drivers.ovn.mech_driver.ovsdb.ovn_client [None req-707bb488-512a-46aa-97b6-68ad2cc13796 - - - - - -] No hosting information found for port 1cb543b8-9dea-4006-939a-9ae6185ec801: RuntimeError: No hosting information found for port 1cb543b8-9dea-4006-939a-9ae6185ec801
2026-03-31 06:22:48.462 10 INFO neutron.plugins.ml2.drivers.ovn.mech_driver.mech_driver [None req-707bb488-512a-46aa-97b6-68ad2cc13796 - - - - - -] OVN reports status up for port: 808e6978-0eaf-4989-a4db-0e21425d9952
2026-03-31 06:22:48.468 10 INFO neutron.db.ovn_revision_numbers_db [None req-68285209-7184-4a8a-b769-803b9985bdeb 592f17127a904af08bc3d484494c221b 2c525cf3ca2d421191b7f66e91c41465 - - default default] Successfully bumped revision number for resource 8c32ea0d-3a35-421b-a0e9-a8d3f35bd227 (type: security_group_rules) to 0
2026-03-31 06:22:48.493 10 INFO neutron.db.ovn_revision_numbers_db [None req-68285209-7184-4a8a-b769-803b9985bdeb 592f17127a904af08bc3d484494c221b 2c525cf3ca2d421191b7f66e91c41465 - - default default] Successfully bumped revision number for resource a697d9ab-18b7-44df-a7d7-a7d00c9d0b02 (type: security_group_rules) to 0
2026-03-31 06:22:48.510 10 INFO neutron.db.ovn_revision_numbers_db [None req-68285209-7184-4a8a-b769-803b9985bdeb 592f17127a904af08bc3d484494c221b 2c525cf3ca2d421191b7f66e91c41465 - - default default] Successfully bumped revision number for resource ea1594d6-76d2-4d92-8a12-f6053d49d5ba (type: security_group_rules) to 0
2026-03-31 06:22:48.514 9 INFO neutron.notifiers.nova [-] Nova event matching ['req-13db892e-ef71-4639-8609-7f22ab617c2a'] response: {'server_uuid': '19cf240e-bc67-4137-aa86-8047d953ffb2', 'name': 'network-vif-plugged', 'status': 'completed', 'tag': 'd63f2bf2-2a24-4f3b-a664-b93dbef4a84d', 'code': 200}
2026-03-31 06:22:48.575 10 INFO neutron.db.ovn_revision_numbers_db [None req-707bb488-512a-46aa-97b6-68ad2cc13796 - - - - - -] Successfully bumped revision number for resource 1cb543b8-9dea-4006-939a-9ae6185ec801 (type: router_ports) to 2
2026-03-31 06:22:48.587 10 INFO neutron.plugins.ml2.drivers.ovn.mech_driver.mech_driver [None req-707bb488-512a-46aa-97b6-68ad2cc13796 - - - - - -] OVN reports status up for port: 0e3a506b-b067-46e4-9e4a-06bda260607e
2026-03-31 06:22:48.598 10 INFO neutron.db.segments_db [None req-68285209-7184-4a8a-b769-803b9985bdeb 592f17127a904af08bc3d484494c221b 2c525cf3ca2d421191b7f66e91c41465 - - default default] Added segment efe490a1-9051-4bc3-9b14-31f093ea18c1 of type geneve for network 1a329827-a519-49b3-887d-ba3df4c35232
2026-03-31 06:22:48.728 10 INFO neutron.db.ovn_revision_numbers_db [None req-68285209-7184-4a8a-b769-803b9985bdeb 592f17127a904af08bc3d484494c221b 2c525cf3ca2d421191b7f66e91c41465 - - default default] Successfully bumped revision number for resource 1a329827-a519-49b3-887d-ba3df4c35232 (type: networks) to 1
2026-03-31 06:22:48.940 10 WARNING neutron.scheduler.dhcp_agent_scheduler [None req-68285209-7184-4a8a-b769-803b9985bdeb 592f17127a904af08bc3d484494c221b 2c525cf3ca2d421191b7f66e91c41465 - - default default] No more DHCP agents
2026-03-31 06:22:48.942 10 WARNING neutron.api.rpc.agentnotifiers.dhcp_rpc_agent_api [None req-68285209-7184-4a8a-b769-803b9985bdeb 592f17127a904af08bc3d484494c221b 2c525cf3ca2d421191b7f66e91c41465 - - default default] Unable to schedule network 1a329827-a519-49b3-887d-ba3df4c35232: no agents available; will retry on subsequent port and subnet creation events.
2026-03-31 06:22:49.016 10 INFO neutron.db.ovn_revision_numbers_db [None req-68285209-7184-4a8a-b769-803b9985bdeb 592f17127a904af08bc3d484494c221b 2c525cf3ca2d421191b7f66e91c41465 - - default default] Successfully bumped revision number for resource e76ba51f-ab35-4c6f-a4b0-8c5e59bfd81b (type: ports) to 1
2026-03-31 06:22:49.039 10 INFO neutron.api.wsgi [None req-68285209-7184-4a8a-b769-803b9985bdeb 592f17127a904af08bc3d484494c221b 2c525cf3ca2d421191b7f66e91c41465 - - default default] 10.0.0.21 "POST /v2.0/networks HTTP/1.1" status: 201 len: 826 time: 0.8444467
2026-03-31 06:22:49.049 10 WARNING neutron_lib.context [None req-ac3005d1-e09e-4b9b-a296-7e3ee4559883 592f17127a904af08bc3d484494c221b 2c525cf3ca2d421191b7f66e91c41465 - - default default] Method 'is_advsvc' is deprecated since 2023.2 release (neutron-lib 3.8.0) and will be removed once support for the old RBAC API policies will be removed from Neutron. Please use method 'is_service_role' instead.
2026-03-31 06:22:49.260 10 WARNING neutron.scheduler.dhcp_agent_scheduler [None req-ac3005d1-e09e-4b9b-a296-7e3ee4559883 592f17127a904af08bc3d484494c221b 2c525cf3ca2d421191b7f66e91c41465 - - default default] No more DHCP agents
2026-03-31 06:22:49.261 10 WARNING neutron.api.rpc.agentnotifiers.dhcp_rpc_agent_api [None req-ac3005d1-e09e-4b9b-a296-7e3ee4559883 592f17127a904af08bc3d484494c221b 2c525cf3ca2d421191b7f66e91c41465 - - default default] Unable to schedule network 1a329827-a519-49b3-887d-ba3df4c35232: no agents available; will retry on subsequent port and subnet creation events.
2026-03-31 06:22:49.425 10 INFO neutron.db.ovn_revision_numbers_db [None req-bd0d9959-7f67-4827-b486-11b864628dcc 0c8cfa4133454b3097b7c50077b745de a0ca050bdd2a42b38f5eef964bc59a02 - - default default] Successfully bumped revision number for resource bf201a77-386c-464c-a195-d3ea4c6d5b0b (type: security_groups) to 1
2026-03-31 06:22:49.440 10 INFO neutron.db.ovn_revision_numbers_db [None req-bd0d9959-7f67-4827-b486-11b864628dcc 0c8cfa4133454b3097b7c50077b745de a0ca050bdd2a42b38f5eef964bc59a02 - - default default] Successfully bumped revision number for resource 185bd5eb-bef9-40fd-99a9-ebc102f1eb09 (type: security_group_rules) to 0
2026-03-31 06:22:49.465 10 INFO neutron.db.ovn_revision_numbers_db [None req-bd0d9959-7f67-4827-b486-11b864628dcc 0c8cfa4133454b3097b7c50077b745de a0ca050bdd2a42b38f5eef964bc59a02 - - default default] Successfully bumped revision number for resource 8dc0188d-08f3-4dc2-b51c-1adc69d6883e (type: security_group_rules) to 0
2026-03-31 06:22:49.488 10 INFO neutron.db.ovn_revision_numbers_db [None req-bd0d9959-7f67-4827-b486-11b864628dcc 0c8cfa4133454b3097b7c50077b745de a0ca050bdd2a42b38f5eef964bc59a02 - - default default] Successfully bumped revision number for resource 94eb7eaf-3e29-46af-bb76-cfdfbca07809 (type: security_group_rules) to 0
2026-03-31 06:22:49.510 10 INFO neutron.db.ovn_revision_numbers_db [None req-bd0d9959-7f67-4827-b486-11b864628dcc 0c8cfa4133454b3097b7c50077b745de a0ca050bdd2a42b38f5eef964bc59a02 - - default default] Successfully bumped revision number for resource f9703d91-6626-4aac-8050-aafddfdc50dc (type: security_group_rules) to 0
2026-03-31 06:22:49.569 10 INFO neutron.api.wsgi [None req-bd0d9959-7f67-4827-b486-11b864628dcc 0c8cfa4133454b3097b7c50077b745de a0ca050bdd2a42b38f5eef964bc59a02 - - default default] 10.0.0.21 "GET /v2.0/security-groups?tenant_id=269c3f9961c3462a87c76c783bb7755a&name=default HTTP/1.1" status: 200 len: 3120 time: 0.4093094
2026-03-31 06:22:49.614 9 INFO neutron.api.wsgi [req-838bc928-7387-4d97-b394-d857ecc3c495 req-bd6b80f4-bcff-4c36-8cc3-0226a6ce7986 2c81727b624e4cfcbe85dcacc63e3208 04e9036af8f9462e93401d7be663e600 - - default default] 10.0.0.204 "GET /v2.0/ports?device_id=19cf240e-bc67-4137-aa86-8047d953ffb2 HTTP/1.1" status: 200 len: 1174 time: 0.0944350
2026-03-31 06:22:49.662 9 INFO neutron.api.wsgi [req-838bc928-7387-4d97-b394-d857ecc3c495 req-71d26dd5-864d-4df6-9ed7-0f4289a043a9 2c81727b624e4cfcbe85dcacc63e3208 04e9036af8f9462e93401d7be663e600 - - default default] 10.0.0.204 "GET /v2.0/security-groups?id=6ecb47d0-2fd9-465a-8f2b-a26c015f66a1&fields=id&fields=name HTTP/1.1" status: 200 len: 286 time: 0.0427449
2026-03-31 06:22:49.807 10 INFO neutron.db.ovn_revision_numbers_db [None req-728a33d8-5bdd-4f50-bb88-994f2be313b7 - - - - - -] Successfully bumped revision number for resource e76ba51f-ab35-4c6f-a4b0-8c5e59bfd81b (type: ports) to 2
2026-03-31 06:22:49.829 9 INFO neutron.api.wsgi [None req-e6adb2d4-5bec-4f49-b999-26d06123ed0d 0c8cfa4133454b3097b7c50077b745de a0ca050bdd2a42b38f5eef964bc59a02 - - default default] 10.0.0.21 "DELETE /v2.0/security-groups/bf201a77-386c-464c-a195-d3ea4c6d5b0b HTTP/1.1" status: 204 len: 168 time: 0.2540219
2026-03-31 06:22:49.844 10 INFO neutron.db.ovn_revision_numbers_db [None req-728a33d8-5bdd-4f50-bb88-994f2be313b7 - - - - - -] Successfully bumped revision number for resource 249f5703-5955-4d50-8ed5-2b0322fb9052 (type: subnets) to 0
2026-03-31 06:22:49.865 10 INFO neutron.api.wsgi [None req-ac3005d1-e09e-4b9b-a296-7e3ee4559883 592f17127a904af08bc3d484494c221b 2c525cf3ca2d421191b7f66e91c41465 - - default default] 10.0.0.21 "POST /v2.0/subnets HTTP/1.1" status: 201 len: 825 time: 0.8205891
2026-03-31 06:22:49.874 10 WARNING neutron_lib.context [None req-020975c9-f4f2-41ad-9ea6-4c154da6b1dc 592f17127a904af08bc3d484494c221b 2c525cf3ca2d421191b7f66e91c41465 - - default default] Method 'is_advsvc' is deprecated since 2023.2 release (neutron-lib 3.8.0) and will be removed once support for the old RBAC API policies will be removed from Neutron. Please use method 'is_service_role' instead.
2026-03-31 06:22:50.026 9 INFO neutron.plugins.ml2.drivers.ovn.mech_driver.mech_driver [None req-53e5801d-5b03-4ee2-98d8-6b5691d34133 - - - - - -] OVN reports status down for port: d63f2bf2-2a24-4f3b-a664-b93dbef4a84d
2026-03-31 06:22:50.304 9 INFO neutron.db.ovn_revision_numbers_db [None req-53e5801d-5b03-4ee2-98d8-6b5691d34133 - - - - - -] Successfully bumped revision number for resource d63f2bf2-2a24-4f3b-a664-b93dbef4a84d (type: ports) to 6
2026-03-31 06:22:50.341 10 WARNING neutron.scheduler.dhcp_agent_scheduler [None req-020975c9-f4f2-41ad-9ea6-4c154da6b1dc 592f17127a904af08bc3d484494c221b 2c525cf3ca2d421191b7f66e91c41465 - - default default] No more DHCP agents
2026-03-31 06:22:50.342 10 WARNING neutron.api.rpc.agentnotifiers.dhcp_rpc_agent_api [None req-020975c9-f4f2-41ad-9ea6-4c154da6b1dc 592f17127a904af08bc3d484494c221b 2c525cf3ca2d421191b7f66e91c41465 - - default default] Unable to schedule network e55540ea-a814-4e0a-a66a-8cb2c3059c54: no agents available; will retry on subsequent port and subnet creation events.
2026-03-31 06:22:50.458 10 INFO neutron.db.ovn_revision_numbers_db [None req-020975c9-f4f2-41ad-9ea6-4c154da6b1dc 592f17127a904af08bc3d484494c221b 2c525cf3ca2d421191b7f66e91c41465 - - default default] Successfully bumped revision number for resource 00d58fc8-c8ff-44af-bb82-46926e18da9c (type: ports) to 1
2026-03-31 06:22:50.545 9 INFO neutron.notifiers.nova [-] Nova event matching ['req-189b6ba5-8b97-4d93-9c21-c39921dd1731'] response: {'server_uuid': '19cf240e-bc67-4137-aa86-8047d953ffb2', 'name': 'network-vif-unplugged', 'status': 'completed', 'tag': 'd63f2bf2-2a24-4f3b-a664-b93dbef4a84d', 'code': 200}
2026-03-31 06:22:50.545 9 INFO neutron.notifiers.nova [-] Nova event matching ['req-189b6ba5-8b97-4d93-9c21-c39921dd1731'] response: {'server_uuid': '19cf240e-bc67-4137-aa86-8047d953ffb2', 'name': 'network-vif-unplugged', 'status': 'completed', 'tag': 'd63f2bf2-2a24-4f3b-a664-b93dbef4a84d', 'code': 200} /var/lib/openstack/lib/python3.12/site-packages/pycadf/identifier.py:71: UserWarning: Invalid uuid: neutron. To ensure interoperability, identifiers should be a valid uuid. warnings.warn(('Invalid uuid: %s. To ensure interoperability, '
2026-03-31 06:22:50.762 9 INFO neutron.api.wsgi [req-21acf275-e58e-4f0c-9fb3-d591ffd3e50e req-d9fa4379-d221-4cf6-af4d-fdd598cd8919 2c81727b624e4cfcbe85dcacc63e3208 04e9036af8f9462e93401d7be663e600 - - default default] 10.0.0.204 "GET /v2.0/ports?device_id=19cf240e-bc67-4137-aa86-8047d953ffb2 HTTP/1.1" status: 200 len: 1172 time: 0.0429611
2026-03-31 06:22:50.794 9 INFO neutron.api.wsgi [req-21acf275-e58e-4f0c-9fb3-d591ffd3e50e req-15ba3b15-ab0f-446c-9cdf-2023288519b9 2c81727b624e4cfcbe85dcacc63e3208 04e9036af8f9462e93401d7be663e600 - - default default] 10.0.0.204 "GET /v2.0/security-groups?id=6ecb47d0-2fd9-465a-8f2b-a26c015f66a1&fields=id&fields=name HTTP/1.1" status: 200 len: 286 time: 0.0287430
2026-03-31 06:22:50.999 10 INFO neutron.plugins.ml2.drivers.ovn.mech_driver.ovsdb.commands [None req-f1f3ac5c-6c06-44da-b5d4-ff82bbd184b5 - - - - - -] Schedule LRP lrp-00d58fc8-c8ff-44af-bb82-46926e18da9c on gateway 2c9e64a4-323c-45d9-936d-664ae41bf917 with priority 1
2026-03-31 06:22:51.007 10 INFO neutron.plugins.ml2.drivers.ovn.mech_driver.mech_driver [None req-707bb488-512a-46aa-97b6-68ad2cc13796 - - - - - -] OVN reports status up for port: 00d58fc8-c8ff-44af-bb82-46926e18da9c
2026-03-31 06:22:51.024 10 INFO neutron.plugins.ml2.plugin [None req-707bb488-512a-46aa-97b6-68ad2cc13796 - - - - - -] Attempt 1 to provision port 00d58fc8-c8ff-44af-bb82-46926e18da9c
2026-03-31 06:22:51.049 10 INFO neutron.db.ovn_revision_numbers_db [None req-020975c9-f4f2-41ad-9ea6-4c154da6b1dc 592f17127a904af08bc3d484494c221b 2c525cf3ca2d421191b7f66e91c41465 - - default default] Successfully bumped revision number for resource 00d58fc8-c8ff-44af-bb82-46926e18da9c (type: router_ports) to 1
2026-03-31 06:22:51.122 10 INFO neutron.db.ovn_revision_numbers_db [None req-020975c9-f4f2-41ad-9ea6-4c154da6b1dc 592f17127a904af08bc3d484494c221b 2c525cf3ca2d421191b7f66e91c41465 - - default default] Successfully bumped revision number for resource bf0a3178-be6d-4f83-b1d2-259b09cac60f (type: routers) to 2
2026-03-31 06:22:51.150 10 INFO neutron.api.wsgi [None req-020975c9-f4f2-41ad-9ea6-4c154da6b1dc 592f17127a904af08bc3d484494c221b 2c525cf3ca2d421191b7f66e91c41465 - - default default] 10.0.0.21 "POST /v2.0/routers HTTP/1.1" status: 201 len: 1134 time: 1.2804711
2026-03-31 06:22:51.283 9 INFO neutron.api.wsgi [req-d51a35d5-0eac-4fbf-bcdf-3d90ed81209a req-8dc52a74-a7ba-47fe-878c-03e1ca3af26e 2c81727b624e4cfcbe85dcacc63e3208 04e9036af8f9462e93401d7be663e600 - - default default] 199.204.45.30 "GET /v2.0/ports?device_id=19cf240e-bc67-4137-aa86-8047d953ffb2 HTTP/1.1" status: 200 len: 1172 time: 0.0453079
2026-03-31 06:22:51.596 9 INFO neutron.api.wsgi [req-d51a35d5-0eac-4fbf-bcdf-3d90ed81209a req-c2252ffa-8d6b-405e-a5e9-1e158da55e44 2c81727b624e4cfcbe85dcacc63e3208 04e9036af8f9462e93401d7be663e600 - - default default] 199.204.45.30 "DELETE /v2.0/ports/d63f2bf2-2a24-4f3b-a664-b93dbef4a84d HTTP/1.1" status: 204 len: 173 time: 0.3090446
2026-03-31 06:22:51.735 10 WARNING neutron.scheduler.dhcp_agent_scheduler [None req-37d918fc-242a-4aac-9583-516c65d57e1d 592f17127a904af08bc3d484494c221b 2c525cf3ca2d421191b7f66e91c41465 - - default default] No more DHCP agents
2026-03-31 06:22:51.736 10 WARNING neutron.api.rpc.agentnotifiers.dhcp_rpc_agent_api [None req-37d918fc-242a-4aac-9583-516c65d57e1d 592f17127a904af08bc3d484494c221b 2c525cf3ca2d421191b7f66e91c41465 - - default default] Unable to schedule network 1a329827-a519-49b3-887d-ba3df4c35232: no agents available; will retry on subsequent port and subnet creation events.
2026-03-31 06:22:51.873 10 INFO neutron.api.wsgi [req-b71266f7-c4cd-446d-9325-e8fc408f88f0 req-550d0284-b825-46a8-80b9-17bc3b265e2b 2c81727b624e4cfcbe85dcacc63e3208 04e9036af8f9462e93401d7be663e600 - - default default] 10.0.0.204 "GET /v2.0/ports?device_id=19cf240e-bc67-4137-aa86-8047d953ffb2 HTTP/1.1" status: 200 len: 210 time: 0.0196164
2026-03-31 06:22:51.898 10 INFO neutron.db.ovn_revision_numbers_db [None req-37d918fc-242a-4aac-9583-516c65d57e1d 592f17127a904af08bc3d484494c221b 2c525cf3ca2d421191b7f66e91c41465 - - default default] Successfully bumped revision number for resource 35b2f903-e2d5-4918-959e-8b5283bcdf26 (type: ports) to 1
2026-03-31 06:22:52.487 10 INFO neutron.db.ovn_revision_numbers_db [None req-37d918fc-242a-4aac-9583-516c65d57e1d 592f17127a904af08bc3d484494c221b 2c525cf3ca2d421191b7f66e91c41465 - - default default] Successfully bumped revision number for resource 35b2f903-e2d5-4918-959e-8b5283bcdf26 (type: ports) to 1
2026-03-31 06:22:52.534 10 WARNING neutron.scheduler.dhcp_agent_scheduler [None req-37d918fc-242a-4aac-9583-516c65d57e1d 592f17127a904af08bc3d484494c221b 2c525cf3ca2d421191b7f66e91c41465 - - default default] No more DHCP agents
2026-03-31 06:22:52.536 10 WARNING neutron.api.rpc.agentnotifiers.dhcp_rpc_agent_api [None req-37d918fc-242a-4aac-9583-516c65d57e1d 592f17127a904af08bc3d484494c221b 2c525cf3ca2d421191b7f66e91c41465 - - default default] Unable to schedule network 1a329827-a519-49b3-887d-ba3df4c35232: no agents available; will retry on subsequent port and subnet creation events.
2026-03-31 06:22:52.574 9 INFO neutron.notifiers.nova [-] Nova event matching ['req-932ecd9e-5c14-4015-a8b3-7f867128f705'] response: {'server_uuid': '19cf240e-bc67-4137-aa86-8047d953ffb2', 'name': 'network-vif-deleted', 'tag': 'd63f2bf2-2a24-4f3b-a664-b93dbef4a84d', 'status': 'completed', 'code': 200}
2026-03-31 06:22:52.869 10 INFO neutron.db.ovn_revision_numbers_db [None req-37d918fc-242a-4aac-9583-516c65d57e1d 592f17127a904af08bc3d484494c221b 2c525cf3ca2d421191b7f66e91c41465 - - default default] Successfully bumped revision number for resource 35b2f903-e2d5-4918-959e-8b5283bcdf26 (type: router_ports) to 1
2026-03-31 06:22:52.875 10 INFO neutron.api.wsgi [None req-37d918fc-242a-4aac-9583-516c65d57e1d 592f17127a904af08bc3d484494c221b 2c525cf3ca2d421191b7f66e91c41465 - - default default] 10.0.0.21 "PUT /v2.0/routers/bf0a3178-be6d-4f83-b1d2-259b09cac60f/add_router_interface HTTP/1.1" status: 200 len: 503 time: 1.7191212
2026-03-31 06:22:52.884 10 WARNING neutron_lib.context [None req-99253ac0-c80a-4e61-8d37-1e6e0b7f3290 592f17127a904af08bc3d484494c221b 2c525cf3ca2d421191b7f66e91c41465 - - default default] Method 'is_advsvc' is deprecated since 2023.2 release (neutron-lib 3.8.0) and will be removed once support for the old RBAC API policies will be removed from Neutron. Please use method 'is_service_role' instead.
2026-03-31 06:22:52.962 10 INFO neutron.api.wsgi [req-4e9debf7-73d1-46f9-81ef-7e020637d8ea req-bc41bff1-239c-4915-b825-1383179b4f20 2c81727b624e4cfcbe85dcacc63e3208 04e9036af8f9462e93401d7be663e600 - - default default] 10.0.0.204 "GET /v2.0/ports?device_id=19cf240e-bc67-4137-aa86-8047d953ffb2 HTTP/1.1" status: 200 len: 210 time: 0.0181315
2026-03-31 06:22:53.447 10 WARNING neutron.scheduler.dhcp_agent_scheduler [None req-2a31da52-5207-467b-9a8d-86891a879129 - - - - - -] No more DHCP agents
2026-03-31 06:22:53.448 10 WARNING neutron.api.rpc.agentnotifiers.dhcp_rpc_agent_api [None req-2a31da52-5207-467b-9a8d-86891a879129 - - - - - -] Unable to schedule network e55540ea-a814-4e0a-a66a-8cb2c3059c54: no agents available; will retry on subsequent port and subnet creation events.
2026-03-31 06:22:53.573 10 INFO neutron.db.ovn_revision_numbers_db [None req-2a31da52-5207-467b-9a8d-86891a879129 - - - - - -] Successfully bumped revision number for resource c0c70afa-e04b-40fb-8285-851ecc3ee52b (type: ports) to 1
2026-03-31 06:22:53.740 10 INFO neutron.db.ovn_revision_numbers_db [None req-2a31da52-5207-467b-9a8d-86891a879129 - - - - - -] Successfully bumped revision number for resource c0c70afa-e04b-40fb-8285-851ecc3ee52b (type: ports) to 3
2026-03-31 06:22:53.791 10 INFO neutron.db.segments_db [None req-2a31da52-5207-467b-9a8d-86891a879129 - - - - - -] Added segment ff762c2b-645c-4cd8-8fbf-e2228aa3e34e of type geneve for network 6b42d522-ef4e-4b9e-88c4-79fe1e35a8ca
2026-03-31 06:22:53.946 10 INFO neutron.db.ovn_revision_numbers_db [None req-edbe127c-480a-4151-86bd-745c0b549dd4 - - - - - -] Successfully bumped revision number for resource 6b42d522-ef4e-4b9e-88c4-79fe1e35a8ca (type: networks) to 1
2026-03-31 06:22:54.046 9 INFO neutron.api.wsgi [req-a99ce8ee-f96b-4060-a96f-93365da4b504 req-bc548367-48d1-46c6-86b4-3b8d2e11d814 2c81727b624e4cfcbe85dcacc63e3208 04e9036af8f9462e93401d7be663e600 - - default default] 10.0.0.204 "GET /v2.0/ports?device_id=19cf240e-bc67-4137-aa86-8047d953ffb2 HTTP/1.1" status: 200 len: 210 time: 0.0208759
2026-03-31 06:22:54.079 10 WARNING neutron.scheduler.dhcp_agent_scheduler [None req-edbe127c-480a-4151-86bd-745c0b549dd4 - - - - - -] No more DHCP agents
2026-03-31 06:22:54.080 10 WARNING neutron.api.rpc.agentnotifiers.dhcp_rpc_agent_api [None req-edbe127c-480a-4151-86bd-745c0b549dd4 - - - - - -] Unable to schedule network 6b42d522-ef4e-4b9e-88c4-79fe1e35a8ca: no agents available; will retry on subsequent port and subnet creation events.
2026-03-31 06:22:54.142 10 INFO neutron.db.ovn_revision_numbers_db [None req-edbe127c-480a-4151-86bd-745c0b549dd4 - - - - - -] Successfully bumped revision number for resource 06e07354-c434-4874-b603-fcd49586551d (type: ports) to 1
2026-03-31 06:22:54.262 10 WARNING neutron.scheduler.dhcp_agent_scheduler [None req-edbe127c-480a-4151-86bd-745c0b549dd4 - - - - - -] No more DHCP agents
2026-03-31 06:22:54.264 10 WARNING neutron.api.rpc.agentnotifiers.dhcp_rpc_agent_api [None req-edbe127c-480a-4151-86bd-745c0b549dd4 - - - - - -] Unable to schedule network 6b42d522-ef4e-4b9e-88c4-79fe1e35a8ca: no agents available; will retry on subsequent port and subnet creation events.
2026-03-31 06:22:54.290 10 INFO neutron.db.ovn_revision_numbers_db [None req-edbe127c-480a-4151-86bd-745c0b549dd4 - - - - - -] Successfully bumped revision number for resource 437945e0-c3eb-40cc-a1e2-1a2d7d46de44 (type: subnets) to 0
2026-03-31 06:22:54.697 10 WARNING neutron.scheduler.dhcp_agent_scheduler [None req-edbe127c-480a-4151-86bd-745c0b549dd4 - - - - - -] No more DHCP agents
2026-03-31 06:22:54.698 10 WARNING neutron.api.rpc.agentnotifiers.dhcp_rpc_agent_api [None req-edbe127c-480a-4151-86bd-745c0b549dd4 - - - - - -] Unable to schedule network 6b42d522-ef4e-4b9e-88c4-79fe1e35a8ca: no agents available; will retry on subsequent port and subnet creation events.
2026-03-31 06:22:54.811 10 INFO neutron.db.ovn_revision_numbers_db [None req-edbe127c-480a-4151-86bd-745c0b549dd4 - - - - - -] Successfully bumped revision number for resource 1ac2786f-b4fc-4de7-be6a-1b15aed96d2b (type: ports) to 1
2026-03-31 06:22:55.332 10 INFO neutron.db.ovn_revision_numbers_db [None req-edbe127c-480a-4151-86bd-745c0b549dd4 - - - - - -] Successfully bumped revision number for resource 1ac2786f-b4fc-4de7-be6a-1b15aed96d2b (type: ports) to 1
2026-03-31 06:22:55.384 10 WARNING neutron.scheduler.dhcp_agent_scheduler [None req-edbe127c-480a-4151-86bd-745c0b549dd4 - - - - - -] No more DHCP agents
2026-03-31 06:22:55.387 10 WARNING neutron.api.rpc.agentnotifiers.dhcp_rpc_agent_api [None req-edbe127c-480a-4151-86bd-745c0b549dd4 - - - - - -] Unable to schedule network 6b42d522-ef4e-4b9e-88c4-79fe1e35a8ca: no agents available; will retry on subsequent port and subnet creation events.
2026-03-31 06:22:55.979 9 INFO neutron.db.ovn_revision_numbers_db [None req-8e42b1e1-5a7e-4587-8af1-0dae0e637e56 0c8cfa4133454b3097b7c50077b745de a0ca050bdd2a42b38f5eef964bc59a02 - - default default] Successfully bumped revision number for resource 4bab19ab-b0d1-4b24-b595-e8c99a358dd1 (type: security_groups) to 1
2026-03-31 06:22:55.989 9 INFO neutron.db.ovn_revision_numbers_db [None req-8e42b1e1-5a7e-4587-8af1-0dae0e637e56 0c8cfa4133454b3097b7c50077b745de a0ca050bdd2a42b38f5eef964bc59a02 - - default default] Successfully bumped revision number for resource 31460b02-4490-4b53-9761-494b8be0a72c (type: security_group_rules) to 0
2026-03-31 06:22:56.006 10 INFO neutron.db.ovn_revision_numbers_db [None req-edbe127c-480a-4151-86bd-745c0b549dd4 - - - - - -] Successfully bumped revision number for resource 1ac2786f-b4fc-4de7-be6a-1b15aed96d2b (type: router_ports) to 1
2026-03-31 06:22:56.007 10 WARNING neutron.plugins.ml2.drivers.ovn.mech_driver.ovsdb.ovn_client [None req-707bb488-512a-46aa-97b6-68ad2cc13796 - - - - - -] No hosting information found for port 00d58fc8-c8ff-44af-bb82-46926e18da9c: RuntimeError: No hosting information found for port 00d58fc8-c8ff-44af-bb82-46926e18da9c
2026-03-31 06:22:56.007 10 INFO neutron.plugins.ml2.drivers.ovn.mech_driver.mech_driver [None req-707bb488-512a-46aa-97b6-68ad2cc13796 - - - - - -] OVN reports status up for port: 35b2f903-e2d5-4918-959e-8b5283bcdf26
2026-03-31 06:22:56.008 9 INFO neutron.db.ovn_revision_numbers_db [None req-8e42b1e1-5a7e-4587-8af1-0dae0e637e56 0c8cfa4133454b3097b7c50077b745de a0ca050bdd2a42b38f5eef964bc59a02 - - default default] Successfully bumped revision number for resource a40011e2-1a1d-48ad-be4e-abda27b364eb (type: security_group_rules) to 0
2026-03-31 06:22:56.019 10 INFO neutron.plugins.ml2.plugin [None req-707bb488-512a-46aa-97b6-68ad2cc13796 - - - - - -] Attempt 1 to provision port 35b2f903-e2d5-4918-959e-8b5283bcdf26
2026-03-31 06:22:56.019 9 INFO neutron.db.ovn_revision_numbers_db [None req-8e42b1e1-5a7e-4587-8af1-0dae0e637e56 0c8cfa4133454b3097b7c50077b745de a0ca050bdd2a42b38f5eef964bc59a02 - - default default] Successfully bumped revision number for resource b532e7ac-317b-45ca-b2f9-2e32c1a3a7fa (type: security_group_rules) to 0
2026-03-31 06:22:56.038 9 INFO neutron.db.ovn_revision_numbers_db [None req-8e42b1e1-5a7e-4587-8af1-0dae0e637e56 0c8cfa4133454b3097b7c50077b745de a0ca050bdd2a42b38f5eef964bc59a02 - - default default] Successfully bumped revision number for resource ed21f57c-2265-4d64-bbce-818e1f0a1fda (type: security_group_rules) to 0
2026-03-31 06:22:56.082 9 INFO neutron.api.wsgi [None req-8e42b1e1-5a7e-4587-8af1-0dae0e637e56 0c8cfa4133454b3097b7c50077b745de a0ca050bdd2a42b38f5eef964bc59a02 - - default default] 10.0.0.21 "GET /v2.0/security-groups?tenant_id=966b4c3a48944c99ab7790f266e66ad4&name=default HTTP/1.1" status: 200 len: 3120 time: 0.3726885
2026-03-31 06:22:56.304 10 WARNING neutron.scheduler.dhcp_agent_scheduler [None req-edbe127c-480a-4151-86bd-745c0b549dd4 - - - - - -] No more DHCP agents
2026-03-31 06:22:56.306 10 WARNING neutron.api.rpc.agentnotifiers.dhcp_rpc_agent_api [None req-edbe127c-480a-4151-86bd-745c0b549dd4 - - - - - -] Unable to schedule network 6b42d522-ef4e-4b9e-88c4-79fe1e35a8ca: no agents available; will retry on subsequent port and subnet creation events.
2026-03-31 06:22:56.432 10 INFO neutron.api.wsgi [None req-51594f80-ece3-45ad-9016-c29cf68f27f0 0c8cfa4133454b3097b7c50077b745de a0ca050bdd2a42b38f5eef964bc59a02 - - default default] 10.0.0.21 "DELETE /v2.0/security-groups/4bab19ab-b0d1-4b24-b595-e8c99a358dd1 HTTP/1.1" status: 204 len: 168 time: 0.3460622
2026-03-31 06:22:56.481 10 INFO neutron.db.ovn_revision_numbers_db [None req-edbe127c-480a-4151-86bd-745c0b549dd4 - - - - - -] Successfully bumped revision number for resource 8beaf37c-e232-4252-8b33-f6a2982c60c5 (type: ports) to 1
2026-03-31 06:22:56.542 10 INFO neutron.db.ovn_revision_numbers_db [None req-707bb488-512a-46aa-97b6-68ad2cc13796 - - - - - -] Successfully bumped revision number for resource 35b2f903-e2d5-4918-959e-8b5283bcdf26 (type: ports) to 2
2026-03-31 06:22:56.696 10 INFO neutron.db.ovn_revision_numbers_db [None req-edbe127c-480a-4151-86bd-745c0b549dd4 - - - - - -] Successfully bumped revision number for resource 8beaf37c-e232-4252-8b33-f6a2982c60c5 (type: ports) to 3
2026-03-31 06:22:57.119 10 INFO neutron.api.wsgi [None req-99253ac0-c80a-4e61-8d37-1e6e0b7f3290 592f17127a904af08bc3d484494c221b 2c525cf3ca2d421191b7f66e91c41465 - - default default] 10.0.0.21 "POST /v2.0/vpn/vpnservices HTTP/1.1" status: 201 len: 657 time: 4.2402294
2026-03-31 06:22:57.129 10 WARNING neutron_lib.context [None req-9d414fcb-92c6-4dce-8dba-e9e73d49bcc4 592f17127a904af08bc3d484494c221b 2c525cf3ca2d421191b7f66e91c41465 - - default default] Method 'is_advsvc' is deprecated since 2023.2 release (neutron-lib 3.8.0) and will be removed once support for the old RBAC API policies will be removed from Neutron. Please use method 'is_service_role' instead.
2026-03-31 06:22:57.326 9 INFO neutron.api.wsgi [None req-6e66b9e7-5cef-47ed-9c08-3b9db13bec1d 0c8cfa4133454b3097b7c50077b745de a0ca050bdd2a42b38f5eef964bc59a02 - - default default] 10.0.0.21 "PUT /v2.0/routers/04656a60-c408-4d21-bbaa-6c261ed20124/remove_router_interface HTTP/1.1" status: 200 len: 503 time: 1.0646884
2026-03-31 06:22:57.459 10 INFO neutron.api.wsgi [None req-9d414fcb-92c6-4dce-8dba-e9e73d49bcc4 592f17127a904af08bc3d484494c221b 2c525cf3ca2d421191b7f66e91c41465 - - default default] 10.0.0.21 "POST /v2.0/vpn/vpnservices HTTP/1.1" status: 201 len: 622 time: 0.3347151 /var/lib/openstack/lib/python3.12/site-packages/pycadf/identifier.py:71: UserWarning: Invalid uuid: neutron. To ensure interoperability, identifiers should be a valid uuid. warnings.warn(('Invalid uuid: %s. To ensure interoperability, '
2026-03-31 06:22:57.480 9 WARNING neutron_lib.context [None req-fe134ecd-8bd8-4b50-9633-411bfec737f4 592f17127a904af08bc3d484494c221b 2c525cf3ca2d421191b7f66e91c41465 - - default default] Method 'is_advsvc' is deprecated since 2023.2 release (neutron-lib 3.8.0) and will be removed once support for the old RBAC API policies will be removed from Neutron. Please use method 'is_service_role' instead.
2026-03-31 06:22:57.531 9 INFO neutron.api.wsgi [None req-fe134ecd-8bd8-4b50-9633-411bfec737f4 592f17127a904af08bc3d484494c221b 2c525cf3ca2d421191b7f66e91c41465 - - default default] 10.0.0.21 "POST /v2.0/vpn/ikepolicies HTTP/1.1" status: 201 len: 602 time: 0.0593479
2026-03-31 06:22:57.539 9 WARNING neutron_lib.context [None req-38aa3a1a-f701-412e-8c77-ead56d666724 592f17127a904af08bc3d484494c221b 2c525cf3ca2d421191b7f66e91c41465 - - default default] Method 'is_advsvc' is deprecated since 2023.2 release (neutron-lib 3.8.0) and will be removed once support for the old RBAC API policies will be removed from Neutron. Please use method 'is_service_role' instead.
2026-03-31 06:22:57.593 9 INFO neutron.api.wsgi [None req-38aa3a1a-f701-412e-8c77-ead56d666724 592f17127a904af08bc3d484494c221b 2c525cf3ca2d421191b7f66e91c41465 - - default default] 10.0.0.21 "POST /v2.0/vpn/ipsecpolicies HTTP/1.1" status: 201 len: 612 time: 0.0590012
2026-03-31 06:22:57.605 10 WARNING neutron_lib.context [None req-a92d40b3-a1cc-41ba-8efe-f3b907e6175c 592f17127a904af08bc3d484494c221b 2c525cf3ca2d421191b7f66e91c41465 - - default default] Method 'is_advsvc' is deprecated since 2023.2 release (neutron-lib 3.8.0) and will be removed once support for the old RBAC API policies will be removed from Neutron. Please use method 'is_service_role' instead.
2026-03-31 06:22:57.676 10 INFO neutron.api.wsgi [None req-a92d40b3-a1cc-41ba-8efe-f3b907e6175c 592f17127a904af08bc3d484494c221b 2c525cf3ca2d421191b7f66e91c41465 - - default default] 10.0.0.21 "POST /v2.0/vpn/endpoint-groups HTTP/1.1" status: 201 len: 527 time: 0.0763779
2026-03-31 06:22:57.686 9 WARNING neutron_lib.context [None req-bb1cc68f-505d-4b4d-8db1-1d7f29838eab 592f17127a904af08bc3d484494c221b 2c525cf3ca2d421191b7f66e91c41465 - - default default] Method 'is_advsvc' is deprecated since 2023.2 release (neutron-lib 3.8.0) and will be removed once support for the old RBAC API policies will be removed from Neutron. Please use method 'is_service_role' instead.
2026-03-31 06:22:57.731 9 INFO neutron.api.wsgi [None req-bb1cc68f-505d-4b4d-8db1-1d7f29838eab 592f17127a904af08bc3d484494c221b 2c525cf3ca2d421191b7f66e91c41465 - - default default] 10.0.0.21 "POST /v2.0/vpn/endpoint-groups HTTP/1.1" status: 201 len: 519 time: 0.0498488
2026-03-31 06:22:57.741 9 WARNING neutron_lib.context [None req-8c293c66-203c-4513-b029-363c63dd6a75 592f17127a904af08bc3d484494c221b 2c525cf3ca2d421191b7f66e91c41465 - - default default] Method 'is_advsvc' is deprecated since 2023.2 release (neutron-lib 3.8.0) and will be removed once support for the old RBAC API policies will be removed from Neutron. Please use method 'is_service_role' instead.
2026-03-31 06:22:57.979 10 INFO neutron.api.wsgi [None req-478b8f30-ef7f-4fb3-81ba-9aa5a2888dcb 0c8cfa4133454b3097b7c50077b745de a0ca050bdd2a42b38f5eef964bc59a02 - - default default] 10.0.0.21 "DELETE /v2.0/routers/04656a60-c408-4d21-bbaa-6c261ed20124 HTTP/1.1" status: 204 len: 168 time: 0.6488123
2026-03-31 06:22:58.127 10 INFO neutron.api.wsgi [None req-7796af48-0812-431e-ab07-c496bc553ed5 0c8cfa4133454b3097b7c50077b745de a0ca050bdd2a42b38f5eef964bc59a02 - - default default] 10.0.0.21 "DELETE /v2.0/subnets/e068d215-f51b-45ba-b881-f58dc0f3fe94 HTTP/1.1" status: 204 len: 168 time: 0.1404502
2026-03-31 06:22:58.408 10 INFO neutron.services.segments.plugin [-] Segment fa958865-9eca-4fba-aca3-fe272faf1374 resource provider aggregate not found
2026-03-31 06:22:58.413 10 INFO neutron.services.segments.plugin [-] Segment fa958865-9eca-4fba-aca3-fe272faf1374 resource provider aggregate not found
2026-03-31 06:22:58.423 10 INFO neutron.services.segments.plugin [-] Segment fa958865-9eca-4fba-aca3-fe272faf1374 resource provider not found; error: Placement Client Error (4xx): {"errors": [{"status": 404, "title": "Not Found", "detail": "The resource could not be found.\n\n No resource provider with uuid fa958865-9eca-4fba-aca3-fe272faf1374 found for delete ", "request_id": "req-cf45ffc4-5d8a-4111-90b3-efb9c5ff5dea"}]}
2026-03-31 06:22:58.423 10 INFO neutron.services.segments.plugin [-] Segment fa958865-9eca-4fba-aca3-fe272faf1374 resource provider not found; error: Placement Client Error (4xx): {"errors": [{"status": 404, "title": "Not Found", "detail": "The resource could not be found.\n\n No resource provider with uuid fa958865-9eca-4fba-aca3-fe272faf1374 found for delete ", "request_id": "req-af89720a-ec17-413c-a449-2e5f7829ceca"}]}
2026-03-31 06:22:58.447 10 INFO neutron.api.wsgi [None req-aa5bc17a-9375-4948-8dd2-7e25ca32f596 0c8cfa4133454b3097b7c50077b745de a0ca050bdd2a42b38f5eef964bc59a02 - - default default] 10.0.0.21 "DELETE /v2.0/networks/f7d299a0-371e-48af-9032-5076472ecbb3 HTTP/1.1" status: 204 len: 168 time: 0.3146443
2026-03-31 06:22:58.448 9 INFO neutron.db.ovn_revision_numbers_db [None req-8c293c66-203c-4513-b029-363c63dd6a75 592f17127a904af08bc3d484494c221b 2c525cf3ca2d421191b7f66e91c41465 - - default default] Successfully bumped revision number for resource bf0a3178-be6d-4f83-b1d2-259b09cac60f (type: routers) to 5
2026-03-31 06:22:58.482 9 INFO neutron.api.wsgi [None req-8c293c66-203c-4513-b029-363c63dd6a75 592f17127a904af08bc3d484494c221b 2c525cf3ca2d421191b7f66e91c41465 - - default default] 10.0.0.21 "POST /v2.0/vpn/ipsec-site-connections HTTP/1.1" status: 201 len: 1002 time: 0.7448897
2026-03-31 06:22:58.492 9 WARNING neutron_lib.context [None req-eaaa7900-59f0-466d-8118-4ef47cabc13b 592f17127a904af08bc3d484494c221b 2c525cf3ca2d421191b7f66e91c41465 - - default default] Method 'is_advsvc' is deprecated since 2023.2 release (neutron-lib 3.8.0) and will be removed once support for the old RBAC API policies will be removed from Neutron. Please use method 'is_service_role' instead.
2026-03-31 06:22:58.531 9 INFO neutron.api.wsgi [None req-eaaa7900-59f0-466d-8118-4ef47cabc13b 592f17127a904af08bc3d484494c221b 2c525cf3ca2d421191b7f66e91c41465 - - default default] 10.0.0.21 "POST /v2.0/vpn/endpoint-groups HTTP/1.1" status: 201 len: 489 time: 0.0429170
2026-03-31 06:22:58.565 9 INFO neutron.api.wsgi [None req-b931a77d-0f4b-4a84-9edd-671135ae69d1 592f17127a904af08bc3d484494c221b 2c525cf3ca2d421191b7f66e91c41465 - - default default] 10.0.0.21 "DELETE /v2.0/vpn/endpoint-groups/46f5fbd1-f64b-4992-8a0f-fdf946b40ece HTTP/1.1" status: 204 len: 168 time: 0.0293405
2026-03-31 06:22:58.579 10 INFO neutron.api.wsgi [None req-e054e64b-2275-4a9b-b963-a1ef0b4bde1e 0c8cfa4133454b3097b7c50077b745de a0ca050bdd2a42b38f5eef964bc59a02 - - default default] 10.0.0.21 "GET /v2.0/security-groups?tenant_id=04e9036af8f9462e93401d7be663e600&name=default HTTP/1.1" status: 200 len: 3120 time: 0.0287342
2026-03-31 06:22:58.590 9 INFO neutron.api.wsgi [None req-5902ef3d-00c5-4b0d-9077-3a6a36ecb6e2 592f17127a904af08bc3d484494c221b 2c525cf3ca2d421191b7f66e91c41465 - - default default] 10.0.0.21 "GET /v2.0/vpn/endpoint-groups HTTP/1.1" status: 200 len: 827 time: 0.0191908
2026-03-31 06:22:58.603 9 INFO neutron.api.wsgi [None req-f912aba3-d427-42ff-8ae8-e4ea7a7d0d42 592f17127a904af08bc3d484494c221b 2c525cf3ca2d421191b7f66e91c41465 - - default default] 10.0.0.21 "GET /v2.0/vpn/endpoint-groups HTTP/1.1" status: 200 len: 827 time: 0.0089128
2026-03-31 06:22:58.810 9 INFO neutron.api.wsgi [None req-fe014556-8ce4-4218-99fd-673067adabf3 0c8cfa4133454b3097b7c50077b745de a0ca050bdd2a42b38f5eef964bc59a02 - - default default] 10.0.0.21 "DELETE /v2.0/security-groups/6ecb47d0-2fd9-465a-8f2b-a26c015f66a1 HTTP/1.1" status: 204 len: 168 time: 0.2265735
2026-03-31 06:22:59.120 9 INFO neutron.api.wsgi [None req-3ff1db2b-0719-41d7-a38f-7a7dcc431e15 e023f946543d466295342c0db318fb9a e6baf9e7c01145ec9d3092e094642e88 - - default default] 10.0.0.21 "POST /v2.0/vpn/ikepolicies HTTP/1.1" status: 201 len: 601 time: 0.1571114
2026-03-31 06:22:59.146 9 INFO neutron.api.wsgi [None req-aa801f02-9e4a-444e-9003-57431486a0cc 592f17127a904af08bc3d484494c221b 2c525cf3ca2d421191b7f66e91c41465 - - default default] 10.0.0.21 "GET /v2.0/vpn/ikepolicies HTTP/1.1" status: 200 len: 990 time: 0.0204124
2026-03-31 06:22:59.184 9 INFO neutron.api.wsgi [None req-9b56ea66-e529-4ac9-8c4f-8e44abbcef6e e023f946543d466295342c0db318fb9a e6baf9e7c01145ec9d3092e094642e88 - - default default] 10.0.0.21 "DELETE /v2.0/vpn/ikepolicies/0257fa21-e0cc-4413-bb2a-629d6453f36b HTTP/1.1" status: 204 len: 168 time: 0.0334704
2026-03-31 06:22:59.226 9 INFO neutron.api.wsgi [None req-69ee05e1-ddb7-4c42-b99c-2e203ba34751 e023f946543d466295342c0db318fb9a e6baf9e7c01145ec9d3092e094642e88 - - default default] 10.0.0.21 "POST /v2.0/vpn/ipsecpolicies HTTP/1.1" status: 201 len: 610 time: 0.0363002
2026-03-31 06:22:59.245 9 INFO neutron.api.wsgi [None req-2abf022e-83dd-481a-a454-ebbb3c6a2087 592f17127a904af08bc3d484494c221b 2c525cf3ca2d421191b7f66e91c41465 - - default default] 10.0.0.21 "GET /v2.0/vpn/ipsecpolicies HTTP/1.1" status: 200 len: 1007 time: 0.0114524
2026-03-31 06:22:59.281 9 INFO neutron.api.wsgi [None req-504c8045-6312-4b80-bc9c-1ee13ae9accf e023f946543d466295342c0db318fb9a e6baf9e7c01145ec9d3092e094642e88 - - default default] 10.0.0.21 "DELETE /v2.0/vpn/ipsecpolicies/12e0a688-6bfe-421e-8531-f968b90db3ec HTTP/1.1" status: 204 len: 168 time: 0.0312030
2026-03-31 06:22:59.296 9 WARNING neutron_lib.context [None req-2051903a-9c4d-4b0a-a9dc-20ae9b3eb939 592f17127a904af08bc3d484494c221b 2c525cf3ca2d421191b7f66e91c41465 - - default default] Method 'is_advsvc' is deprecated since 2023.2 release (neutron-lib 3.8.0) and will be removed once support for the old RBAC API policies will be removed from Neutron. Please use method 'is_service_role' instead.
2026-03-31 06:22:59.371 9 INFO neutron.db.segments_db [None req-2051903a-9c4d-4b0a-a9dc-20ae9b3eb939 592f17127a904af08bc3d484494c221b 2c525cf3ca2d421191b7f66e91c41465 - - default default] Added segment b3fbae87-a483-4d99-9637-662f3a543cb2 of type geneve for network fd7383e0-9566-4973-9705-d48de85c4ea8
2026-03-31 06:22:59.489 9 INFO neutron.db.ovn_revision_numbers_db [None req-2051903a-9c4d-4b0a-a9dc-20ae9b3eb939 592f17127a904af08bc3d484494c221b 2c525cf3ca2d421191b7f66e91c41465 - - default default] Successfully bumped revision number for resource fd7383e0-9566-4973-9705-d48de85c4ea8 (type: networks) to 1
2026-03-31 06:22:59.632 9 WARNING neutron.scheduler.dhcp_agent_scheduler [None req-2051903a-9c4d-4b0a-a9dc-20ae9b3eb939 592f17127a904af08bc3d484494c221b 2c525cf3ca2d421191b7f66e91c41465 - - default default] No more DHCP agents
2026-03-31 06:22:59.633 9 WARNING neutron.api.rpc.agentnotifiers.dhcp_rpc_agent_api [None req-2051903a-9c4d-4b0a-a9dc-20ae9b3eb939 592f17127a904af08bc3d484494c221b 2c525cf3ca2d421191b7f66e91c41465 - - default default] Unable to schedule network fd7383e0-9566-4973-9705-d48de85c4ea8: no agents available; will retry on subsequent port and subnet creation events.
2026-03-31 06:22:59.689 9 INFO neutron.db.ovn_revision_numbers_db [None req-2051903a-9c4d-4b0a-a9dc-20ae9b3eb939 592f17127a904af08bc3d484494c221b 2c525cf3ca2d421191b7f66e91c41465 - - default default] Successfully bumped revision number for resource da0f621a-e66d-48e0-93c5-9b04e9fda5de (type: ports) to 1
2026-03-31 06:22:59.708 9 INFO neutron.api.wsgi [None req-2051903a-9c4d-4b0a-a9dc-20ae9b3eb939 592f17127a904af08bc3d484494c221b 2c525cf3ca2d421191b7f66e91c41465 - - default default] 10.0.0.21 "POST /v2.0/networks HTTP/1.1" status: 201 len: 830 time: 0.4191039
2026-03-31 06:22:59.722 10 WARNING neutron_lib.context [None req-495e11e0-34af-4435-a9c3-f13b29b96169 592f17127a904af08bc3d484494c221b 2c525cf3ca2d421191b7f66e91c41465 - - default default] Method 'is_advsvc' is deprecated since 2023.2 release (neutron-lib 3.8.0) and will be removed once support for the old RBAC API policies will be removed from Neutron. Please use method 'is_service_role' instead.
2026-03-31 06:22:59.917 10 WARNING neutron.scheduler.dhcp_agent_scheduler [None req-495e11e0-34af-4435-a9c3-f13b29b96169 592f17127a904af08bc3d484494c221b 2c525cf3ca2d421191b7f66e91c41465 - - default default] No more DHCP agents
2026-03-31 06:22:59.919 10 WARNING neutron.api.rpc.agentnotifiers.dhcp_rpc_agent_api [None req-495e11e0-34af-4435-a9c3-f13b29b96169 592f17127a904af08bc3d484494c221b 2c525cf3ca2d421191b7f66e91c41465 - - default default] Unable to schedule network fd7383e0-9566-4973-9705-d48de85c4ea8: no agents available; will retry on subsequent port and subnet creation events.
2026-03-31 06:22:59.990 10 INFO neutron.db.ovn_revision_numbers_db [None req-f68d4542-f4d2-49dc-9ce9-77a04e4db9c2 0c8cfa4133454b3097b7c50077b745de a0ca050bdd2a42b38f5eef964bc59a02 - - default default] Successfully bumped revision number for resource bfb416c4-3281-4366-9f5a-547427282d59 (type: security_groups) to 1
2026-03-31 06:23:00.009 10 INFO neutron.db.ovn_revision_numbers_db [None req-f68d4542-f4d2-49dc-9ce9-77a04e4db9c2 0c8cfa4133454b3097b7c50077b745de a0ca050bdd2a42b38f5eef964bc59a02 - - default default] Successfully bumped revision number for resource 086bf3d9-d05f-4f1c-884d-65908b6a302f (type: security_group_rules) to 0
2026-03-31 06:23:00.027 10 INFO neutron.db.ovn_revision_numbers_db [None req-f68d4542-f4d2-49dc-9ce9-77a04e4db9c2 0c8cfa4133454b3097b7c50077b745de a0ca050bdd2a42b38f5eef964bc59a02 - - default default] Successfully bumped revision number for resource 883da39b-df3d-4bd3-9065-ba9408a783df (type: security_group_rules) to 0
