2026-03-31 06:23:46.644 10 INFO neutron.api.wsgi [req-1a9db0da-5394-469c-8ecd-6602f6d9d2ce req-a9356807-4bb5-4e1b-9943-289a802a2dda c6e7daf514374230bd8d013065bc98d6 78e7c7238f1f4845916876f1baa97a8e - - default default] 10.0.0.204 "GET /v2.0/ports?device_id=57873cb9-e080-442a-9d15-ccfc0b7a057d HTTP/1.1" status: 200 len: 1172 time: 0.0656450
2026-03-31 06:23:46.704 10 INFO neutron.api.wsgi [req-1a9db0da-5394-469c-8ecd-6602f6d9d2ce req-735ce731-2378-441e-8933-b25aae43bf3b c6e7daf514374230bd8d013065bc98d6 78e7c7238f1f4845916876f1baa97a8e - - default default] 10.0.0.204 "GET /v2.0/security-groups?id=ea56c348-bb7a-4e01-818f-a3b8ec98fa16&fields=id&fields=name HTTP/1.1" status: 200 len: 313 time: 0.0529120 /var/lib/openstack/lib/python3.12/site-packages/pycadf/identifier.py:71: UserWarning: Invalid uuid: neutron. To ensure interoperability, identifiers should be a valid uuid. warnings.warn(('Invalid uuid: %s. To ensure interoperability, '
2026-03-31 06:23:46.861 9 INFO neutron.db.ovn_revision_numbers_db [req-1a7c75d2-ebf0-4581-8646-c51e78ef833c req-75a3a6de-df59-4b41-8026-b5164bb1b980 c8ddd317cd4d443493736ba307dca577 1afe58f424034bcbb1c076e279edf9b8 - - ed29042efc3c459c90404065aa83b660 ed29042efc3c459c90404065aa83b660] Successfully bumped revision number for resource d37c00b1-feaa-4525-a015-8359e61f8178 (type: ports) to 2
2026-03-31 06:23:46.880 9 INFO neutron.api.wsgi [None req-5624400c-596f-402d-aebb-66da6d38e157 0c8cfa4133454b3097b7c50077b745de a0ca050bdd2a42b38f5eef964bc59a02 - - default default] 10.0.0.21 "GET /v2.0/security-groups?tenant_id=12373fd00aba496ba9e478c0eea95904&name=default HTTP/1.1" status: 200 len: 3120 time: 0.1834695
2026-03-31 06:23:46.982 9 INFO neutron.api.wsgi [None req-b31d6e5c-2d01-4d48-9816-4898bba30fd3 0c8cfa4133454b3097b7c50077b745de a0ca050bdd2a42b38f5eef964bc59a02 - - default default] 10.0.0.149 "GET /v2.0/routers HTTP/1.1" status: 200 len: 4019 time: 0.1541479
2026-03-31 06:23:47.005 9 INFO neutron.api.wsgi [None req-9b206740-af52-4f62-8073-a1baf889469c 0c8cfa4133454b3097b7c50077b745de a0ca050bdd2a42b38f5eef964bc59a02 - - default default] 10.0.0.149 "GET /v2.0/agents?binary=ovn-controller HTTP/1.1" status: 200 len: 591 time: 0.0199554
2026-03-31 06:23:47.061 9 INFO neutron.api.wsgi [None req-bdac6722-bc36-4eba-800c-7b538aa8dd5d 0c8cfa4133454b3097b7c50077b745de a0ca050bdd2a42b38f5eef964bc59a02 - - default default] 10.0.0.149 "GET /v2.0/subnets HTTP/1.1" status: 200 len: 5412 time: 0.0530133
2026-03-31 06:23:47.083 9 INFO neutron.api.wsgi [None req-287dd390-9d60-43e8-b28e-1883716061b7 0c8cfa4133454b3097b7c50077b745de a0ca050bdd2a42b38f5eef964bc59a02 - - default default] 10.0.0.149 "GET /v2.0/subnetpools HTTP/1.1" status: 200 len: 193 time: 0.0133410
2026-03-31 06:23:47.101 9 INFO neutron.api.wsgi [None req-878dbea9-608f-4e42-a082-92dd82c92933 0c8cfa4133454b3097b7c50077b745de a0ca050bdd2a42b38f5eef964bc59a02 - - default default] 10.0.0.149 "GET /v2.0/agents HTTP/1.1" status: 200 len: 1390 time: 0.0160687
2026-03-31 06:23:47.129 10 INFO neutron.api.wsgi [None req-ab19ec4d-581c-4f2d-b49f-51d7bacc7ed4 0c8cfa4133454b3097b7c50077b745de a0ca050bdd2a42b38f5eef964bc59a02 - - default default] 10.0.0.21 "DELETE /v2.0/security-groups/070400bb-bd8d-47e0-b9eb-6fec2de6d175 HTTP/1.1" status: 204 len: 168 time: 0.2436388
2026-03-31 06:23:47.175 9 INFO neutron.api.wsgi [None req-154a503b-b038-4481-97e5-94b701000fa8 0c8cfa4133454b3097b7c50077b745de a0ca050bdd2a42b38f5eef964bc59a02 - - default default] 10.0.0.149 "GET /v2.0/security-groups HTTP/1.1" status: 200 len: 48081 time: 0.0698369 /var/lib/openstack/lib/python3.12/site-packages/pycadf/identifier.py:71: UserWarning: Invalid uuid: neutron. To ensure interoperability, identifiers should be a valid uuid. warnings.warn(('Invalid uuid: %s. To ensure interoperability, '
2026-03-31 06:23:47.236 9 INFO neutron.api.wsgi [None req-30983bb3-610d-48ff-81b6-f73fe0580f5b 0c8cfa4133454b3097b7c50077b745de a0ca050bdd2a42b38f5eef964bc59a02 - - default default] 10.0.0.149 "GET /v2.0/subnets HTTP/1.1" status: 200 len: 5412 time: 0.0466983
2026-03-31 06:23:47.334 9 INFO neutron.api.wsgi [None req-9e8188e8-cb91-4139-9f0d-619ee88448e9 0c8cfa4133454b3097b7c50077b745de a0ca050bdd2a42b38f5eef964bc59a02 - - default default] 10.0.0.149 "GET /v2.0/ports HTTP/1.1" status: 200 len: 24810 time: 0.0939906
2026-03-31 06:23:47.345 9 INFO neutron.db.ovn_revision_numbers_db [req-1a7c75d2-ebf0-4581-8646-c51e78ef833c req-75a3a6de-df59-4b41-8026-b5164bb1b980 c8ddd317cd4d443493736ba307dca577 1afe58f424034bcbb1c076e279edf9b8 - - ed29042efc3c459c90404065aa83b660 ed29042efc3c459c90404065aa83b660] Successfully bumped revision number for resource d37c00b1-feaa-4525-a015-8359e61f8178 (type: ports) to 4
2026-03-31 06:23:47.366 10 INFO neutron.db.ovn_revision_numbers_db [None req-314bf42e-e371-4f36-b29f-6f68ae0b5a20 0c8cfa4133454b3097b7c50077b745de a0ca050bdd2a42b38f5eef964bc59a02 - - default default] Successfully bumped revision number for resource abf25905-f2c9-432c-99cd-ebac63840927 (type: security_groups) to 1
2026-03-31 06:23:47.372 9 INFO neutron.api.wsgi [None req-df0487f1-5ed9-4c4a-98e3-72f3fd8ed757 0c8cfa4133454b3097b7c50077b745de a0ca050bdd2a42b38f5eef964bc59a02 - - default default] 10.0.0.149 "GET /v2.0/network-ip-availabilities HTTP/1.1" status: 200 len: 3908 time: 0.0230038
2026-03-31 06:23:47.381 10 INFO neutron.db.ovn_revision_numbers_db [None req-314bf42e-e371-4f36-b29f-6f68ae0b5a20 0c8cfa4133454b3097b7c50077b745de a0ca050bdd2a42b38f5eef964bc59a02 - - default default] Successfully bumped revision number for resource 815162fa-cd84-4dc1-b463-f3fc1b11448d (type: security_group_rules) to 0
2026-03-31 06:23:47.381 9 INFO neutron.api.wsgi [req-1a7c75d2-ebf0-4581-8646-c51e78ef833c req-75a3a6de-df59-4b41-8026-b5164bb1b980 c8ddd317cd4d443493736ba307dca577 1afe58f424034bcbb1c076e279edf9b8 - - ed29042efc3c459c90404065aa83b660 ed29042efc3c459c90404065aa83b660] 199.204.45.30 "PUT /v2.0/ports/d37c00b1-feaa-4525-a015-8359e61f8178 HTTP/1.1" status: 200 len: 1408 time: 1.2826672
2026-03-31 06:23:47.398 10 INFO neutron.db.ovn_revision_numbers_db [None req-314bf42e-e371-4f36-b29f-6f68ae0b5a20 0c8cfa4133454b3097b7c50077b745de a0ca050bdd2a42b38f5eef964bc59a02 - - default default] Successfully bumped revision number for resource bd1afcf5-7623-45d8-9bf3-cf70406dda75 (type: security_group_rules) to 0
2026-03-31 06:23:47.415 10 INFO neutron.db.ovn_revision_numbers_db [None req-314bf42e-e371-4f36-b29f-6f68ae0b5a20 0c8cfa4133454b3097b7c50077b745de a0ca050bdd2a42b38f5eef964bc59a02 - - default default] Successfully bumped revision number for resource cddd840a-fdf5-4629-9c88-9db1bcb0c28e (type: security_group_rules) to 0
2026-03-31 06:23:47.415 9 INFO neutron.notifiers.nova [-] Nova event matching ['req-ed479193-35d6-4e87-878e-defc983efd58'] response: {'name': 'network-changed', 'server_uuid': '57873cb9-e080-442a-9d15-ccfc0b7a057d', 'tag': 'd37c00b1-feaa-4525-a015-8359e61f8178', 'status': 'completed', 'code': 200}
2026-03-31 06:23:47.430 10 INFO neutron.db.ovn_revision_numbers_db [None req-314bf42e-e371-4f36-b29f-6f68ae0b5a20 0c8cfa4133454b3097b7c50077b745de a0ca050bdd2a42b38f5eef964bc59a02 - - default default] Successfully bumped revision number for resource f720357c-bd8d-44f8-bdaf-0c946c5b2456 (type: security_group_rules) to 0
2026-03-31 06:23:47.430 9 INFO neutron.api.wsgi [None req-dba55084-b9c5-4624-9d74-775177569a6d 0c8cfa4133454b3097b7c50077b745de a0ca050bdd2a42b38f5eef964bc59a02 - - default default] 10.0.0.149 "GET /v2.0/floatingips HTTP/1.1" status: 200 len: 1574 time: 0.0572369
2026-03-31 06:23:47.471 10 INFO neutron.api.wsgi [None req-314bf42e-e371-4f36-b29f-6f68ae0b5a20 0c8cfa4133454b3097b7c50077b745de a0ca050bdd2a42b38f5eef964bc59a02 - - default default] 10.0.0.21 "GET /v2.0/security-groups?tenant_id=3800e378e6a3429d87cf2646370d9fae&name=default HTTP/1.1" status: 200 len: 3120 time: 0.2561488
2026-03-31 06:23:47.501 9 INFO neutron.api.wsgi [None req-349f5e9b-507d-46de-a6e6-8057e5ecd984 0c8cfa4133454b3097b7c50077b745de a0ca050bdd2a42b38f5eef964bc59a02 - - default default] 10.0.0.149 "GET /v2.0/networks HTTP/1.1" status: 200 len: 6837 time: 0.0693803
2026-03-31 06:23:47.702 10 INFO neutron.api.wsgi [None req-fed55051-1f79-41c3-b830-84a956c20b57 0c8cfa4133454b3097b7c50077b745de a0ca050bdd2a42b38f5eef964bc59a02 - - default default] 10.0.0.21 "DELETE /v2.0/security-groups/abf25905-f2c9-432c-99cd-ebac63840927 HTTP/1.1" status: 204 len: 168 time: 0.2211158
2026-03-31 06:23:47.730 9 INFO neutron.api.wsgi [None req-bc352a8f-a285-433a-accb-21a2b755abe5 592f17127a904af08bc3d484494c221b 2c525cf3ca2d421191b7f66e91c41465 - - default default] 10.0.0.21 "PUT /v2.0/routers/73d6c3a6-b1ae-40d0-b710-ba0d844b4a32/remove_router_interface HTTP/1.1" status: 200 len: 503 time: 1.5400631
2026-03-31 06:23:47.795 10 INFO neutron.api.wsgi [req-6a071a54-f494-4c11-82af-00aa822e9a07 req-734c31be-5ea5-4958-ba76-0fde006390ea c6e7daf514374230bd8d013065bc98d6 78e7c7238f1f4845916876f1baa97a8e - - default default] 10.0.0.204 "GET /v2.0/ports?device_id=57873cb9-e080-442a-9d15-ccfc0b7a057d HTTP/1.1" status: 200 len: 1172 time: 0.0375457 /var/lib/openstack/lib/python3.12/site-packages/pycadf/identifier.py:71: UserWarning: Invalid uuid: neutron. To ensure interoperability, identifiers should be a valid uuid. warnings.warn(('Invalid uuid: %s. To ensure interoperability, '
2026-03-31 06:23:47.858 10 INFO neutron.api.wsgi [req-6a071a54-f494-4c11-82af-00aa822e9a07 req-6a6b7adc-7d98-4cb7-baaa-0e567b5df435 c6e7daf514374230bd8d013065bc98d6 78e7c7238f1f4845916876f1baa97a8e - - default default] 10.0.0.204 "GET /v2.0/security-groups?id=ea56c348-bb7a-4e01-818f-a3b8ec98fa16&fields=id&fields=name HTTP/1.1" status: 200 len: 313 time: 0.0570271
2026-03-31 06:23:47.956 9 INFO neutron.api.wsgi [req-9370e706-9d0c-4d81-85e7-5f5efb04906d req-1f5f1253-aa8e-4475-8f80-cdd356d968dd c8ddd317cd4d443493736ba307dca577 1afe58f424034bcbb1c076e279edf9b8 - - ed29042efc3c459c90404065aa83b660 ed29042efc3c459c90404065aa83b660] 199.204.45.30 "GET /v2.0/ports?tenant_id=78e7c7238f1f4845916876f1baa97a8e&device_id=57873cb9-e080-442a-9d15-ccfc0b7a057d HTTP/1.1" status: 200 len: 1411 time: 0.0357568
2026-03-31 06:23:47.957 9 INFO neutron.db.ovn_revision_numbers_db [None req-ae009446-88cd-43be-bae4-53c151c51844 0c8cfa4133454b3097b7c50077b745de a0ca050bdd2a42b38f5eef964bc59a02 - - default default] Successfully bumped revision number for resource 9adf6bdc-69ff-48e7-a187-8c0eeace5945 (type: security_groups) to 1
2026-03-31 06:23:47.980 9 INFO neutron.db.ovn_revision_numbers_db [None req-ae009446-88cd-43be-bae4-53c151c51844 0c8cfa4133454b3097b7c50077b745de a0ca050bdd2a42b38f5eef964bc59a02 - - default default] Successfully bumped revision number for resource 29ab9034-386d-4b5a-9899-a176b938e659 (type: security_group_rules) to 0
2026-03-31 06:23:48.001 9 INFO neutron.db.ovn_revision_numbers_db [None req-ae009446-88cd-43be-bae4-53c151c51844 0c8cfa4133454b3097b7c50077b745de a0ca050bdd2a42b38f5eef964bc59a02 - - default default] Successfully bumped revision number for resource 3b3189e2-86b2-454e-bf35-d3fe822d6974 (type: security_group_rules) to 0
2026-03-31 06:23:48.015 9 INFO neutron.api.wsgi [req-9370e706-9d0c-4d81-85e7-5f5efb04906d req-23ada866-cc8e-4625-aacd-0a4461d093c0 c8ddd317cd4d443493736ba307dca577 1afe58f424034bcbb1c076e279edf9b8 - - ed29042efc3c459c90404065aa83b660 ed29042efc3c459c90404065aa83b660] 199.204.45.30 "GET /v2.0/networks?tenant_id=78e7c7238f1f4845916876f1baa97a8e&shared=False HTTP/1.1" status: 200 len: 958 time: 0.0551548
2026-03-31 06:23:48.016 9 INFO neutron.db.ovn_revision_numbers_db [None req-ae009446-88cd-43be-bae4-53c151c51844 0c8cfa4133454b3097b7c50077b745de a0ca050bdd2a42b38f5eef964bc59a02 - - default default] Successfully bumped revision number for resource 68afbe71-842d-47ea-9ad1-40fafa6f979b (type: security_group_rules) to 0
2026-03-31 06:23:48.035 9 INFO neutron.db.ovn_revision_numbers_db [None req-ae009446-88cd-43be-bae4-53c151c51844 0c8cfa4133454b3097b7c50077b745de a0ca050bdd2a42b38f5eef964bc59a02 - - default default] Successfully bumped revision number for resource f493fb9d-bd39-42ef-8f70-fed36a31057e (type: security_group_rules) to 0
2026-03-31 06:23:48.076 9 INFO neutron.api.wsgi [req-9370e706-9d0c-4d81-85e7-5f5efb04906d req-ae4a2d9c-f17c-4712-b8ba-fdb8d1b95480 c8ddd317cd4d443493736ba307dca577 1afe58f424034bcbb1c076e279edf9b8 - - ed29042efc3c459c90404065aa83b660 ed29042efc3c459c90404065aa83b660] 199.204.45.30 "GET /v2.0/networks?shared=True HTTP/1.1" status: 200 len: 952 time: 0.0567527
2026-03-31 06:23:48.079 9 INFO neutron.api.wsgi [None req-ae009446-88cd-43be-bae4-53c151c51844 0c8cfa4133454b3097b7c50077b745de a0ca050bdd2a42b38f5eef964bc59a02 - - default default] 10.0.0.21 "GET /v2.0/security-groups?tenant_id=001a7dd1a1a04e8c9c2e520fc7a81721&name=default HTTP/1.1" status: 200 len: 3120 time: 0.2542906
2026-03-31 06:23:48.292 9 INFO neutron.api.wsgi [None req-ead1b605-5a34-4b2c-8260-35d72d3eddd0 0c8cfa4133454b3097b7c50077b745de a0ca050bdd2a42b38f5eef964bc59a02 - - default default] 10.0.0.21 "DELETE /v2.0/security-groups/9adf6bdc-69ff-48e7-a187-8c0eeace5945 HTTP/1.1" status: 204 len: 168 time: 0.2079084
2026-03-31 06:23:48.413 10 INFO neutron.api.wsgi [None req-43910bb0-40c7-412e-a84a-a6f3160b3ae0 592f17127a904af08bc3d484494c221b 2c525cf3ca2d421191b7f66e91c41465 - - default default] 10.0.0.21 "DELETE /v2.0/routers/73d6c3a6-b1ae-40d0-b710-ba0d844b4a32 HTTP/1.1" status: 204 len: 168 time: 0.6779339
2026-03-31 06:23:48.431 10 INFO neutron.api.v2.resource [None req-a77b65ac-174f-4553-b062-d4c32383f259 592f17127a904af08bc3d484494c221b 2c525cf3ca2d421191b7f66e91c41465 - - default default] show failed (client error): The resource could not be found.
2026-03-31 06:23:48.432 10 INFO neutron.api.wsgi [None req-a77b65ac-174f-4553-b062-d4c32383f259 592f17127a904af08bc3d484494c221b 2c525cf3ca2d421191b7f66e91c41465 - - default default] 10.0.0.21 "GET /v2.0/routers/46d61e3f-2a0c-437a-ae32-e595034bfbf6 HTTP/1.1" status: 404 len: 336 time: 0.0149200
2026-03-31 06:23:48.625 10 INFO neutron.api.wsgi [None req-8cfed88d-64b2-4806-89ab-425b85803f0e 592f17127a904af08bc3d484494c221b 2c525cf3ca2d421191b7f66e91c41465 - - default default] 10.0.0.21 "DELETE /v2.0/subnets/249f5703-5955-4d50-8ed5-2b0322fb9052 HTTP/1.1" status: 204 len: 168 time: 0.1878262
2026-03-31 06:23:48.793 10 INFO neutron.api.wsgi [None req-9590a423-6dfa-467c-8d87-4cc0a5f14c1f 592f17127a904af08bc3d484494c221b 2c525cf3ca2d421191b7f66e91c41465 - - default default] 10.0.0.21 "DELETE /v2.0/subnets/da2c156a-6cea-4a6e-b9e0-d049f0624130 HTTP/1.1" status: 204 len: 168 time: 0.1628246
2026-03-31 06:23:48.962 10 INFO neutron.api.wsgi [req-ec180167-1b0c-4105-9ba1-8fe8d1daf1b3 req-b3ef8bb8-e36d-4a92-9cf7-ebb60dcca5ef c6e7daf514374230bd8d013065bc98d6 78e7c7238f1f4845916876f1baa97a8e - - default default] 10.0.0.204 "GET /v2.0/ports?device_id=57873cb9-e080-442a-9d15-ccfc0b7a057d HTTP/1.1" status: 200 len: 1172 time: 0.0446305
2026-03-31 06:23:48.986 10 INFO neutron.api.wsgi [None req-977b6971-3ea1-417a-bb4c-52f1dca2c467 592f17127a904af08bc3d484494c221b 2c525cf3ca2d421191b7f66e91c41465 - - default default] 10.0.0.21 "DELETE /v2.0/subnets/005c0a51-cab5-4a8e-bc11-eef45a03ef8b HTTP/1.1" status: 204 len: 168 time: 0.1863716
2026-03-31 06:23:49.002 10 INFO neutron.api.wsgi [req-ec180167-1b0c-4105-9ba1-8fe8d1daf1b3 req-9e5d3e54-3782-45ba-936e-505d91b8d94a c6e7daf514374230bd8d013065bc98d6 78e7c7238f1f4845916876f1baa97a8e - - default default] 10.0.0.204 "GET /v2.0/security-groups?id=ea56c348-bb7a-4e01-818f-a3b8ec98fa16&fields=id&fields=name HTTP/1.1" status: 200 len: 313 time: 0.0324323
2026-03-31 06:23:49.006 9 INFO neutron.pecan_wsgi.hooks.translation [None req-0c2d50c8-8179-4fbb-a476-5df266bdc033 592f17127a904af08bc3d484494c221b 2c525cf3ca2d421191b7f66e91c41465 - - default default] DELETE failed (client error): The resource could not be found.
2026-03-31 06:23:49.008 9 INFO neutron.api.wsgi [None req-0c2d50c8-8179-4fbb-a476-5df266bdc033 592f17127a904af08bc3d484494c221b 2c525cf3ca2d421191b7f66e91c41465 - - default default] 10.0.0.21 "DELETE /v2.0/subnets/6132b895-2334-47ce-9c8e-3cd38d96be6c HTTP/1.1" status: 404 len: 337 time: 0.0170026
2026-03-31 06:23:49.138 9 INFO neutron.api.wsgi [req-1a7c75d2-ebf0-4581-8646-c51e78ef833c req-4e6cf16c-c363-4f46-9bcf-5b74fd6973b7 c8ddd317cd4d443493736ba307dca577 1afe58f424034bcbb1c076e279edf9b8 - - ed29042efc3c459c90404065aa83b660 ed29042efc3c459c90404065aa83b660] 199.204.45.30 "GET /v2.0/ports?tenant_id=78e7c7238f1f4845916876f1baa97a8e&device_id=57873cb9-e080-442a-9d15-ccfc0b7a057d HTTP/1.1" status: 200 len: 1411 time: 0.0482757
2026-03-31 06:23:49.161 9 INFO neutron.api.wsgi [req-1a7c75d2-ebf0-4581-8646-c51e78ef833c req-85f7d968-1e06-4b51-a5e5-37b8b255b36a c8ddd317cd4d443493736ba307dca577 1afe58f424034bcbb1c076e279edf9b8 - - ed29042efc3c459c90404065aa83b660 ed29042efc3c459c90404065aa83b660] 199.204.45.30 "GET /v2.0/floatingips?fixed_ip_address=10.100.0.13&port_id=d37c00b1-feaa-4525-a015-8359e61f8178 HTTP/1.1" status: 200 len: 217 time: 0.0176544
2026-03-31 06:23:49.202 9 INFO neutron.api.wsgi [req-1a7c75d2-ebf0-4581-8646-c51e78ef833c req-e8228667-6456-4821-af0f-d82d5b1f57b9 c8ddd317cd4d443493736ba307dca577 1afe58f424034bcbb1c076e279edf9b8 - - ed29042efc3c459c90404065aa83b660 ed29042efc3c459c90404065aa83b660] 199.204.45.30 "GET /v2.0/subnets?id=5a3840a3-bcec-4e27-8fe7-cf70ca8f625b HTTP/1.1" status: 200 len: 877 time: 0.0353777
2026-03-31 06:23:49.228 9 INFO neutron.api.wsgi [req-1a7c75d2-ebf0-4581-8646-c51e78ef833c req-ac8090be-e643-4628-b4b3-9bc55307e877 c8ddd317cd4d443493736ba307dca577 1afe58f424034bcbb1c076e279edf9b8 - - ed29042efc3c459c90404065aa83b660 ed29042efc3c459c90404065aa83b660] 199.204.45.30 "GET /v2.0/ports?network_id=812f3cd1-54db-4c9a-92a2-e12cfd117432&device_owner=network%3Adhcp HTTP/1.1" status: 200 len: 210 time: 0.0187421
2026-03-31 06:23:49.287 9 INFO neutron.api.wsgi [req-1a7c75d2-ebf0-4581-8646-c51e78ef833c req-71a22f9f-d15e-412b-8b2d-ff26983e363a c8ddd317cd4d443493736ba307dca577 1afe58f424034bcbb1c076e279edf9b8 - - ed29042efc3c459c90404065aa83b660 ed29042efc3c459c90404065aa83b660] 199.204.45.30 "GET /v2.0/networks/812f3cd1-54db-4c9a-92a2-e12cfd117432?fields=segments HTTP/1.1" status: 200 len: 212 time: 0.0528195
2026-03-31 06:23:49.340 9 INFO neutron.api.wsgi [req-1a7c75d2-ebf0-4581-8646-c51e78ef833c req-b333b721-8a39-4737-9ce6-712ba411d322 c8ddd317cd4d443493736ba307dca577 1afe58f424034bcbb1c076e279edf9b8 - - ed29042efc3c459c90404065aa83b660 ed29042efc3c459c90404065aa83b660] 199.204.45.30 "GET /v2.0/networks/812f3cd1-54db-4c9a-92a2-e12cfd117432?fields=provider%3Aphysical_network&fields=provider%3Anetwork_type HTTP/1.1" status: 200 len: 277 time: 0.0444381
2026-03-31 06:23:49.407 9 INFO neutron.services.segments.plugin [-] Segment efe490a1-9051-4bc3-9b14-31f093ea18c1 resource provider aggregate not found
2026-03-31 06:23:49.411 9 INFO neutron.services.segments.plugin [-] Segment efe490a1-9051-4bc3-9b14-31f093ea18c1 resource provider aggregate not found
2026-03-31 06:23:49.424 9 INFO neutron.services.segments.plugin [-] Segment efe490a1-9051-4bc3-9b14-31f093ea18c1 resource provider not found; error: Placement Client Error (4xx): {"errors": [{"status": 404, "title": "Not Found", "detail": "The resource could not be found.\n\n No resource provider with uuid efe490a1-9051-4bc3-9b14-31f093ea18c1 found for delete ", "request_id": "req-e0543eb8-1202-46f1-beee-bdb8ed29d5fa"}]}
2026-03-31 06:23:49.425 9 INFO neutron.services.segments.plugin [-] Segment efe490a1-9051-4bc3-9b14-31f093ea18c1 resource provider not found; error: Placement Client Error (4xx): {"errors": [{"status": 404, "title": "Not Found", "detail": "The resource could not be found.\n\n No resource provider with uuid efe490a1-9051-4bc3-9b14-31f093ea18c1 found for delete ", "request_id": "req-a544a40b-bbfd-4e1b-9f96-f2e1065d0484"}]}
2026-03-31 06:23:49.451 9 INFO neutron.api.wsgi [None req-554be919-ca9a-4b94-affd-a27a2ec2e321 592f17127a904af08bc3d484494c221b 2c525cf3ca2d421191b7f66e91c41465 - - default default] 10.0.0.21 "DELETE /v2.0/networks/1a329827-a519-49b3-887d-ba3df4c35232 HTTP/1.1" status: 204 len: 168 time: 0.4385867
2026-03-31 06:23:49.762 9 INFO neutron.api.wsgi [None req-553020a8-d563-490c-b614-6e342a5e2e27 592f17127a904af08bc3d484494c221b 2c525cf3ca2d421191b7f66e91c41465 - - default default] 10.0.0.21 "DELETE /v2.0/networks/fd7383e0-9566-4973-9705-d48de85c4ea8 HTTP/1.1" status: 204 len: 168 time: 0.3058834
2026-03-31 06:23:50.097 9 INFO neutron.api.wsgi [None req-41677ed1-056e-4c7e-9fa4-541a4f9d23aa 592f17127a904af08bc3d484494c221b 2c525cf3ca2d421191b7f66e91c41465 - - default default] 10.0.0.21 "DELETE /v2.0/networks/08482617-7209-496e-b032-f191acab8f48 HTTP/1.1" status: 204 len: 168 time: 0.3300047
2026-03-31 06:23:50.112 9 INFO neutron.pecan_wsgi.hooks.translation [None req-2e185113-e184-4cb2-a883-7ec10ff6b6d0 592f17127a904af08bc3d484494c221b 2c525cf3ca2d421191b7f66e91c41465 - - default default] DELETE failed (client error): The resource could not be found.
2026-03-31 06:23:50.114 9 INFO neutron.api.wsgi [None req-2e185113-e184-4cb2-a883-7ec10ff6b6d0 592f17127a904af08bc3d484494c221b 2c525cf3ca2d421191b7f66e91c41465 - - default default] 10.0.0.21 "DELETE /v2.0/networks/1cd81fef-b98c-47e1-87bc-241cb0bb2561 HTTP/1.1" status: 404 len: 339 time: 0.0125537
2026-03-31 06:23:50.135 9 INFO neutron.api.wsgi [req-927a3d62-8d79-4541-9a26-26603b413c1d req-aecf0ea4-2094-403f-8bb3-044de323d7ed c6e7daf514374230bd8d013065bc98d6 78e7c7238f1f4845916876f1baa97a8e - - default default] 10.0.0.204 "GET /v2.0/ports?device_id=57873cb9-e080-442a-9d15-ccfc0b7a057d HTTP/1.1" status: 200 len: 1172 time: 0.0780919
2026-03-31 06:23:50.165 9 INFO neutron.api.wsgi [req-927a3d62-8d79-4541-9a26-26603b413c1d req-62711877-65b4-4f35-9556-5f03af498fc5 c6e7daf514374230bd8d013065bc98d6 78e7c7238f1f4845916876f1baa97a8e - - default default] 10.0.0.204 "GET /v2.0/security-groups?id=ea56c348-bb7a-4e01-818f-a3b8ec98fa16&fields=id&fields=name HTTP/1.1" status: 200 len: 313 time: 0.0254161
2026-03-31 06:23:50.916 9 INFO neutron.api.wsgi [None req-a7328fc1-1090-41a3-890e-a24300a58952 0c8cfa4133454b3097b7c50077b745de a0ca050bdd2a42b38f5eef964bc59a02 - - default default] 10.0.0.21 "GET /v2.0/security-groups?tenant_id=2c525cf3ca2d421191b7f66e91c41465&name=default HTTP/1.1" status: 200 len: 3120 time: 0.1595590
2026-03-31 06:23:51.162 9 INFO neutron.api.wsgi [None req-946025da-c6a6-405f-a12c-f471c5c5bc22 0c8cfa4133454b3097b7c50077b745de a0ca050bdd2a42b38f5eef964bc59a02 - - default default] 10.0.0.21 "DELETE /v2.0/security-groups/0509bd28-672f-428f-8d51-294562e6b758 HTTP/1.1" status: 204 len: 168 time: 0.2371898
2026-03-31 06:23:51.255 10 INFO neutron.api.wsgi [req-79518350-5df3-4aee-a6a5-6a7681a4aa69 req-3f330ef3-a391-4906-a9e1-40a18aa970f2 c6e7daf514374230bd8d013065bc98d6 78e7c7238f1f4845916876f1baa97a8e - - default default] 10.0.0.204 "GET /v2.0/ports?device_id=57873cb9-e080-442a-9d15-ccfc0b7a057d HTTP/1.1" status: 200 len: 1172 time: 0.0361040
2026-03-31 06:23:51.308 10 INFO neutron.api.wsgi [req-79518350-5df3-4aee-a6a5-6a7681a4aa69 req-0264c2a2-df28-4434-87b0-329a4dff6064 c6e7daf514374230bd8d013065bc98d6 78e7c7238f1f4845916876f1baa97a8e - - default default] 10.0.0.204 "GET /v2.0/security-groups?id=ea56c348-bb7a-4e01-818f-a3b8ec98fa16&fields=id&fields=name HTTP/1.1" status: 200 len: 313 time: 0.0487041
2026-03-31 06:23:51.391 9 INFO neutron.db.ovn_revision_numbers_db [None req-0e2e032f-02b0-4b6b-808f-d7c26c128ea8 0c8cfa4133454b3097b7c50077b745de a0ca050bdd2a42b38f5eef964bc59a02 - - default default] Successfully bumped revision number for resource 2222471c-e2b9-48f7-a222-97c3f8dad44a (type: security_groups) to 1
2026-03-31 06:23:51.411 9 INFO neutron.db.ovn_revision_numbers_db [None req-0e2e032f-02b0-4b6b-808f-d7c26c128ea8 0c8cfa4133454b3097b7c50077b745de a0ca050bdd2a42b38f5eef964bc59a02 - - default default] Successfully bumped revision number for resource 0f24f02a-c844-42c8-b920-7e350d79f9d5 (type: security_group_rules) to 0
2026-03-31 06:23:51.433 9 INFO neutron.db.ovn_revision_numbers_db [None req-0e2e032f-02b0-4b6b-808f-d7c26c128ea8 0c8cfa4133454b3097b7c50077b745de a0ca050bdd2a42b38f5eef964bc59a02 - - default default] Successfully bumped revision number for resource 2d52276a-d5c1-4473-9c9d-e5e9bfe9466d (type: security_group_rules) to 0
2026-03-31 06:23:51.439 9 INFO neutron.services.segments.plugin [-] Segment b3fbae87-a483-4d99-9637-662f3a543cb2 resource provider aggregate not found
2026-03-31 06:23:51.443 9 INFO neutron.services.segments.plugin [-] Segment b3fbae87-a483-4d99-9637-662f3a543cb2 resource provider aggregate not found
2026-03-31 06:23:51.460 9 INFO neutron.services.segments.plugin [-] Segment b3fbae87-a483-4d99-9637-662f3a543cb2 resource provider not found; error: Placement Client Error (4xx): {"errors": [{"status": 404, "title": "Not Found", "detail": "The resource could not be found.\n\n No resource provider with uuid b3fbae87-a483-4d99-9637-662f3a543cb2 found for delete ", "request_id": "req-ec350de5-f02f-472a-a2e9-882eb7431ac2"}]}
2026-03-31 06:23:51.464 9 INFO neutron.services.segments.plugin [-] Segment b3fbae87-a483-4d99-9637-662f3a543cb2 resource provider not found; error: Placement Client Error (4xx): {"errors": [{"status": 404, "title": "Not Found", "detail": "The resource could not be found.\n\n No resource provider with uuid b3fbae87-a483-4d99-9637-662f3a543cb2 found for delete ", "request_id": "req-b5f0b62b-aff6-41ce-b4ac-b4222a129de4"}]}
2026-03-31 06:23:51.473 9 INFO neutron.db.ovn_revision_numbers_db [None req-0e2e032f-02b0-4b6b-808f-d7c26c128ea8 0c8cfa4133454b3097b7c50077b745de a0ca050bdd2a42b38f5eef964bc59a02 - - default default] Successfully bumped revision number for resource 989b0dfc-2783-4b10-b7a6-569e3deedf2a (type: security_group_rules) to 0
2026-03-31 06:23:51.482 9 INFO neutron.plugins.ml2.drivers.ovn.mech_driver.mech_driver [None req-da11c409-1baa-4e57-be64-b2127c643669 - - - - - -] OVN reports status up for port: d37c00b1-feaa-4525-a015-8359e61f8178
2026-03-31 06:23:51.486 9 INFO neutron.services.segments.plugin [-] Segment aea3a4ed-4c7f-4ca7-83f4-791760ecc068 resource provider aggregate not found
2026-03-31 06:23:51.493 9 INFO neutron.db.ovn_revision_numbers_db [None req-0e2e032f-02b0-4b6b-808f-d7c26c128ea8 0c8cfa4133454b3097b7c50077b745de a0ca050bdd2a42b38f5eef964bc59a02 - - default default] Successfully bumped revision number for resource f19e434c-b92b-44d6-b2dc-2da507ae7b86 (type: security_group_rules) to 0
2026-03-31 06:23:51.497 9 INFO neutron.services.segments.plugin [-] Segment aea3a4ed-4c7f-4ca7-83f4-791760ecc068 resource provider aggregate not found
2026-03-31 06:23:51.503 9 INFO neutron.services.segments.plugin [-] Segment aea3a4ed-4c7f-4ca7-83f4-791760ecc068 resource provider not found; error: Placement Client Error (4xx): {"errors": [{"status": 404, "title": "Not Found", "detail": "The resource could not be found.\n\n No resource provider with uuid aea3a4ed-4c7f-4ca7-83f4-791760ecc068 found for delete ", "request_id": "req-27b8f860-8e21-4d8a-a836-13d97b9de518"}]}
2026-03-31 06:23:51.511 9 INFO neutron.plugins.ml2.plugin [None req-da11c409-1baa-4e57-be64-b2127c643669 - - - - - -] Attempt 1 to provision port d37c00b1-feaa-4525-a015-8359e61f8178
2026-03-31 06:23:51.512 9 INFO neutron.services.segments.plugin [-] Segment aea3a4ed-4c7f-4ca7-83f4-791760ecc068 resource provider not found; error: Placement Client Error (4xx): {"errors": [{"status": 404, "title": "Not Found", "detail": "The resource could not be found.\n\n No resource provider with uuid aea3a4ed-4c7f-4ca7-83f4-791760ecc068 found for delete ", "request_id": "req-e3435539-3404-47ed-84a4-93a48e9bfcd3"}]}
2026-03-31 06:23:51.536 9 INFO neutron.api.wsgi [None req-0e2e032f-02b0-4b6b-808f-d7c26c128ea8 0c8cfa4133454b3097b7c50077b745de a0ca050bdd2a42b38f5eef964bc59a02 - - default default] 10.0.0.21 "GET /v2.0/security-groups?tenant_id=e6baf9e7c01145ec9d3092e094642e88&name=default HTTP/1.1" status: 200 len: 3120 time: 0.2835841
2026-03-31 06:23:51.564 10 WARNING neutron_lib.context [None req-29e905e1-7557-4a8e-be84-1d4a9897bfa0 89f7fe45bd0c47b283d02c2108a52155 1186ddbc449741d6bc639fbf607baa09 - - default default] Method 'is_advsvc' is deprecated since 2023.2 release (neutron-lib 3.8.0) and will be removed once support for the old RBAC API policies will be removed from Neutron. Please use method 'is_service_role' instead.
2026-03-31 06:23:51.627 9 INFO neutron.notifiers.nova [-] Nova event matching ['req-1c1fa205-adc9-474b-a37b-70f6f701a5ec'] response: {'server_uuid': '57873cb9-e080-442a-9d15-ccfc0b7a057d', 'name': 'network-vif-plugged', 'status': 'completed', 'tag': 'd37c00b1-feaa-4525-a015-8359e61f8178', 'code': 200}
2026-03-31 06:23:51.704 10 INFO neutron.db.ovn_revision_numbers_db [None req-29e905e1-7557-4a8e-be84-1d4a9897bfa0 89f7fe45bd0c47b283d02c2108a52155 1186ddbc449741d6bc639fbf607baa09 - - default default] Successfully bumped revision number for resource 3f48305e-4872-4e4c-8f1f-715a0f7dc4c2 (type: security_groups) to 1
2026-03-31 06:23:51.720 10 INFO neutron.db.ovn_revision_numbers_db [None req-29e905e1-7557-4a8e-be84-1d4a9897bfa0 89f7fe45bd0c47b283d02c2108a52155 1186ddbc449741d6bc639fbf607baa09 - - default default] Successfully bumped revision number for resource 6d067abc-6687-4604-b07a-06f14d8071c2 (type: security_group_rules) to 0
2026-03-31 06:23:51.738 10 INFO neutron.db.ovn_revision_numbers_db [None req-29e905e1-7557-4a8e-be84-1d4a9897bfa0 89f7fe45bd0c47b283d02c2108a52155 1186ddbc449741d6bc639fbf607baa09 - - default default] Successfully bumped revision number for resource 91ab5d17-67a1-438a-8c76-9fde68b1f4db (type: security_group_rules) to 0
2026-03-31 06:23:51.754 10 INFO neutron.db.ovn_revision_numbers_db [None req-29e905e1-7557-4a8e-be84-1d4a9897bfa0 89f7fe45bd0c47b283d02c2108a52155 1186ddbc449741d6bc639fbf607baa09 - - default default] Successfully bumped revision number for resource bdbcefcc-4ae4-4621-b1da-13ec99c6ca2c (type: security_group_rules) to 0
2026-03-31 06:23:51.758 9 INFO neutron.db.ovn_revision_numbers_db [None req-da11c409-1baa-4e57-be64-b2127c643669 - - - - - -] Successfully bumped revision number for resource d37c00b1-feaa-4525-a015-8359e61f8178 (type: ports) to 5
2026-03-31 06:23:51.767 9 INFO neutron.api.wsgi [None req-992ba309-1b39-471f-9d05-67c1a44997a1 0c8cfa4133454b3097b7c50077b745de a0ca050bdd2a42b38f5eef964bc59a02 - - default default] 10.0.0.21 "DELETE /v2.0/security-groups/2222471c-e2b9-48f7-a222-97c3f8dad44a HTTP/1.1" status: 204 len: 168 time: 0.2255778
2026-03-31 06:23:51.769 10 INFO neutron.db.ovn_revision_numbers_db [None req-29e905e1-7557-4a8e-be84-1d4a9897bfa0 89f7fe45bd0c47b283d02c2108a52155 1186ddbc449741d6bc639fbf607baa09 - - default default] Successfully bumped revision number for resource e375e9ba-bd6b-4e19-b018-53fe1087e1d1 (type: security_group_rules) to 0
2026-03-31 06:23:51.848 10 INFO neutron.db.segments_db [None req-29e905e1-7557-4a8e-be84-1d4a9897bfa0 89f7fe45bd0c47b283d02c2108a52155 1186ddbc449741d6bc639fbf607baa09 - - default default] Added segment 904d726c-bd4f-44f8-b615-61c4c5049977 of type geneve for network 29eb633a-513f-409f-a71e-9e8817fe6d31
2026-03-31 06:23:51.979 10 INFO neutron.db.ovn_revision_numbers_db [None req-29e905e1-7557-4a8e-be84-1d4a9897bfa0 89f7fe45bd0c47b283d02c2108a52155 1186ddbc449741d6bc639fbf607baa09 - - default default] Successfully bumped revision number for resource 29eb633a-513f-409f-a71e-9e8817fe6d31 (type: networks) to 1
2026-03-31 06:23:52.136 10 WARNING neutron.scheduler.dhcp_agent_scheduler [None req-29e905e1-7557-4a8e-be84-1d4a9897bfa0 89f7fe45bd0c47b283d02c2108a52155 1186ddbc449741d6bc639fbf607baa09 - - default default] No more DHCP agents
2026-03-31 06:23:52.137 10 WARNING neutron.api.rpc.agentnotifiers.dhcp_rpc_agent_api [None req-29e905e1-7557-4a8e-be84-1d4a9897bfa0 89f7fe45bd0c47b283d02c2108a52155 1186ddbc449741d6bc639fbf607baa09 - - default default] Unable to schedule network 29eb633a-513f-409f-a71e-9e8817fe6d31: no agents available; will retry on subsequent port and subnet creation events.
2026-03-31 06:23:52.195 10 INFO neutron.db.ovn_revision_numbers_db [None req-29e905e1-7557-4a8e-be84-1d4a9897bfa0 89f7fe45bd0c47b283d02c2108a52155 1186ddbc449741d6bc639fbf607baa09 - - default default] Successfully bumped revision number for resource e8db2da2-6df5-493e-a7f2-5f6ffb7d462d (type: ports) to 1
2026-03-31 06:23:52.216 10 INFO neutron.api.wsgi [None req-29e905e1-7557-4a8e-be84-1d4a9897bfa0 89f7fe45bd0c47b283d02c2108a52155 1186ddbc449741d6bc639fbf607baa09 - - default default] 10.0.0.21 "POST /v2.0/networks HTTP/1.1" status: 201 len: 830 time: 0.7700496
2026-03-31 06:23:52.261 10 INFO neutron.api.wsgi [None req-682b2444-7335-4d26-83fe-1c8253fc434a 89f7fe45bd0c47b283d02c2108a52155 1186ddbc449741d6bc639fbf607baa09 - - default default] 10.0.0.21 "PUT /v2.0/networks/29eb633a-513f-409f-a71e-9e8817fe6d31/tags HTTP/1.1" status: 200 len: 218 time: 0.0385919
2026-03-31 06:23:52.289 10 INFO neutron.api.wsgi [None req-3d6246e7-239b-453d-8dad-47315e169d9f 89f7fe45bd0c47b283d02c2108a52155 1186ddbc449741d6bc639fbf607baa09 - - default default] 10.0.0.21 "GET /v2.0/networks/29eb633a-513f-409f-a71e-9e8817fe6d31/tags HTTP/1.1" status: 200 len: 218 time: 0.0232978
2026-03-31 06:23:52.338 10 INFO neutron.api.wsgi [None req-2a50fa9c-0aa4-48e6-925d-94a164c7f265 89f7fe45bd0c47b283d02c2108a52155 1186ddbc449741d6bc639fbf607baa09 - - default default] 10.0.0.21 "PUT /v2.0/networks/29eb633a-513f-409f-a71e-9e8817fe6d31/tags/green HTTP/1.1" status: 201 len: 201 time: 0.0439746
2026-03-31 06:23:52.373 10 INFO neutron.api.wsgi [None req-dac7acd9-b254-41cf-a5fa-f0cc2d8f35da 89f7fe45bd0c47b283d02c2108a52155 1186ddbc449741d6bc639fbf607baa09 - - default default] 10.0.0.21 "GET /v2.0/networks/29eb633a-513f-409f-a71e-9e8817fe6d31/tags HTTP/1.1" status: 200 len: 227 time: 0.0308373 /var/lib/openstack/lib/python3.12/site-packages/pycadf/identifier.py:71: UserWarning: Invalid uuid: neutron. To ensure interoperability, identifiers should be a valid uuid. warnings.warn(('Invalid uuid: %s. To ensure interoperability, '
2026-03-31 06:23:52.421 9 INFO neutron.api.wsgi [None req-f2fe3452-cbbd-4291-9169-e11559b7aade 89f7fe45bd0c47b283d02c2108a52155 1186ddbc449741d6bc639fbf607baa09 - - default default] 10.0.0.21 "PUT /v2.0/networks/29eb633a-513f-409f-a71e-9e8817fe6d31/tags/red HTTP/1.1" status: 201 len: 201 time: 0.0400610
2026-03-31 06:23:52.471 9 INFO neutron.api.wsgi [None req-4e81566d-1c29-4d9f-8d14-5ab683f11e07 89f7fe45bd0c47b283d02c2108a52155 1186ddbc449741d6bc639fbf607baa09 - - default default] 10.0.0.21 "GET /v2.0/networks/29eb633a-513f-409f-a71e-9e8817fe6d31/tags HTTP/1.1" status: 200 len: 227 time: 0.0447640
2026-03-31 06:23:52.489 10 INFO neutron.api.wsgi [req-cc0ea2ac-62c9-4b2d-95e0-0a599780a882 req-1c2c54af-fac1-47af-89a3-6bb17ec97aea c6e7daf514374230bd8d013065bc98d6 78e7c7238f1f4845916876f1baa97a8e - - default default] 10.0.0.204 "GET /v2.0/ports?device_id=57873cb9-e080-442a-9d15-ccfc0b7a057d HTTP/1.1" status: 200 len: 1174 time: 0.1192901
2026-03-31 06:23:52.527 9 INFO neutron.api.wsgi [None req-e189326a-52c7-46cc-b83d-86bffad9d99c 89f7fe45bd0c47b283d02c2108a52155 1186ddbc449741d6bc639fbf607baa09 - - default default] 10.0.0.21 "PUT /v2.0/networks/29eb633a-513f-409f-a71e-9e8817fe6d31/tags/black.or.white HTTP/1.1" status: 201 len: 201 time: 0.0480986
2026-03-31 06:23:52.530 10 INFO neutron.api.wsgi [req-cc0ea2ac-62c9-4b2d-95e0-0a599780a882 req-889bdfea-b2d3-4f58-8897-8695e8d26790 c6e7daf514374230bd8d013065bc98d6 78e7c7238f1f4845916876f1baa97a8e - - default default] 10.0.0.204 "GET /v2.0/security-groups?id=ea56c348-bb7a-4e01-818f-a3b8ec98fa16&fields=id&fields=name HTTP/1.1" status: 200 len: 313 time: 0.0319941
2026-03-31 06:23:52.559 9 INFO neutron.api.wsgi [None req-6ec18035-f8e9-48f6-8405-463bf5869bd8 89f7fe45bd0c47b283d02c2108a52155 1186ddbc449741d6bc639fbf607baa09 - - default default] 10.0.0.21 "GET /v2.0/networks/29eb633a-513f-409f-a71e-9e8817fe6d31/tags HTTP/1.1" status: 200 len: 245 time: 0.0263932
2026-03-31 06:23:52.615 9 INFO neutron.api.wsgi [None req-c0a8d7ea-8041-4191-b85c-806c1aedd0f2 89f7fe45bd0c47b283d02c2108a52155 1186ddbc449741d6bc639fbf607baa09 - - default default] 10.0.0.21 "PUT /v2.0/networks/29eb633a-513f-409f-a71e-9e8817fe6d31/tags HTTP/1.1" status: 200 len: 230 time: 0.0487077
2026-03-31 06:23:52.648 10 INFO neutron.api.wsgi [None req-91c5a240-ca8b-4a72-8030-9f6c7d55bda2 89f7fe45bd0c47b283d02c2108a52155 1186ddbc449741d6bc639fbf607baa09 - - default default] 10.0.0.21 "GET /v2.0/networks/29eb633a-513f-409f-a71e-9e8817fe6d31/tags HTTP/1.1" status: 200 len: 230 time: 0.0286858
2026-03-31 06:23:52.681 10 INFO neutron.api.wsgi [None req-a9eb6915-d5a2-45e0-b2c5-eb1a4366e1e3 89f7fe45bd0c47b283d02c2108a52155 1186ddbc449741d6bc639fbf607baa09 - - default default] 10.0.0.21 "GET /v2.0/networks/29eb633a-513f-409f-a71e-9e8817fe6d31/tags/red HTTP/1.1" status: 204 len: 168 time: 0.0281060
2026-03-31 06:23:52.711 10 INFO neutron.api.v2.resource [None req-b27288d5-4a6e-4395-bf5e-c465f7e9186b 89f7fe45bd0c47b283d02c2108a52155 1186ddbc449741d6bc639fbf607baa09 - - default default] show failed (client error): The resource could not be found.
2026-03-31 06:23:52.712 10 INFO neutron.api.wsgi [None req-b27288d5-4a6e-4395-bf5e-c465f7e9186b 89f7fe45bd0c47b283d02c2108a52155 1186ddbc449741d6bc639fbf607baa09 - - default default] 10.0.0.21 "GET /v2.0/networks/29eb633a-513f-409f-a71e-9e8817fe6d31/tags/green HTTP/1.1" status: 404 len: 299 time: 0.0253088
2026-03-31 06:23:52.758 10 INFO neutron.api.wsgi [None req-bfdc494e-0a70-4e9f-83c1-4700ab84a56e 89f7fe45bd0c47b283d02c2108a52155 1186ddbc449741d6bc639fbf607baa09 - - default default] 10.0.0.21 "DELETE /v2.0/networks/29eb633a-513f-409f-a71e-9e8817fe6d31/tags/red HTTP/1.1" status: 204 len: 168 time: 0.0411184
2026-03-31 06:23:52.788 10 INFO neutron.api.wsgi [None req-b1724723-b30c-4554-aac0-645b37551de8 89f7fe45bd0c47b283d02c2108a52155 1186ddbc449741d6bc639fbf607baa09 - - default default] 10.0.0.21 "GET /v2.0/networks/29eb633a-513f-409f-a71e-9e8817fe6d31/tags HTTP/1.1" status: 200 len: 223 time: 0.0252004
2026-03-31 06:23:52.832 10 INFO neutron.api.v2.resource [None req-bc8976d3-d8a7-417c-bc58-9bf6e6efaad3 89f7fe45bd0c47b283d02c2108a52155 1186ddbc449741d6bc639fbf607baa09 - - default default] delete failed (client error): The resource could not be found.
2026-03-31 06:23:52.833 10 INFO neutron.api.wsgi [None req-bc8976d3-d8a7-417c-bc58-9bf6e6efaad3 89f7fe45bd0c47b283d02c2108a52155 1186ddbc449741d6bc639fbf607baa09 - - default default] 10.0.0.21 "DELETE /v2.0/networks/29eb633a-513f-409f-a71e-9e8817fe6d31/tags/green HTTP/1.1" status: 404 len: 299 time: 0.0389407
2026-03-31 06:23:52.871 10 INFO neutron.api.wsgi [None req-f967eec5-9e18-4ac0-9908-bac6baeac9a7 89f7fe45bd0c47b283d02c2108a52155 1186ddbc449741d6bc639fbf607baa09 - - default default] 10.0.0.21 "DELETE /v2.0/networks/29eb633a-513f-409f-a71e-9e8817fe6d31/tags HTTP/1.1" status: 204 len: 168 time: 0.0332754
2026-03-31 06:23:52.900 10 INFO neutron.api.wsgi [None req-9db2e0f4-b253-4885-af8d-07e3f856251e 89f7fe45bd0c47b283d02c2108a52155 1186ddbc449741d6bc639fbf607baa09 - - default default] 10.0.0.21 "GET /v2.0/networks/29eb633a-513f-409f-a71e-9e8817fe6d31/tags HTTP/1.1" status: 200 len: 205 time: 0.0250044
2026-03-31 06:23:53.182 10 INFO neutron.services.segments.plugin [-] Segment 904d726c-bd4f-44f8-b615-61c4c5049977 resource provider aggregate not found
2026-03-31 06:23:53.186 10 INFO neutron.services.segments.plugin [-] Segment 904d726c-bd4f-44f8-b615-61c4c5049977 resource provider aggregate not found
2026-03-31 06:23:53.197 10 INFO neutron.services.segments.plugin [-] Segment 904d726c-bd4f-44f8-b615-61c4c5049977 resource provider not found; error: Placement Client Error (4xx): {"errors": [{"status": 404, "title": "Not Found", "detail": "The resource could not be found.\n\n No resource provider with uuid 904d726c-bd4f-44f8-b615-61c4c5049977 found for delete ", "request_id": "req-54a31553-d78c-452d-a655-59b601bff3c4"}]}
2026-03-31 06:23:53.201 10 INFO neutron.services.segments.plugin [-] Segment 904d726c-bd4f-44f8-b615-61c4c5049977 resource provider not found; error: Placement Client Error (4xx): {"errors": [{"status": 404, "title": "Not Found", "detail": "The resource could not be found.\n\n No resource provider with uuid 904d726c-bd4f-44f8-b615-61c4c5049977 found for delete ", "request_id": "req-58024a0c-98bb-49b0-9bf0-3d7f18aaeef5"}]}
2026-03-31 06:23:53.231 10 INFO neutron.api.wsgi [None req-5b4dbddf-39e5-4b81-95f9-5efb897073ce 89f7fe45bd0c47b283d02c2108a52155 1186ddbc449741d6bc639fbf607baa09 - - default default] 10.0.0.21 "DELETE /v2.0/networks/29eb633a-513f-409f-a71e-9e8817fe6d31 HTTP/1.1" status: 204 len: 168 time: 0.3217900
2026-03-31 06:23:53.638 9 INFO neutron.api.wsgi [req-bd42f7e0-bd23-4f62-88fc-bf5adee5c6a0 req-bb7e88fb-a9de-4e29-8895-b2a422f1ff3e c6e7daf514374230bd8d013065bc98d6 78e7c7238f1f4845916876f1baa97a8e - - default default] 10.0.0.204 "GET /v2.0/ports?device_id=57873cb9-e080-442a-9d15-ccfc0b7a057d HTTP/1.1" status: 200 len: 1174 time: 0.0505733
2026-03-31 06:23:53.661 9 INFO neutron.notifiers.nova [-] Nova event matching ['req-f08cb220-f454-4ae2-b4d3-72a4c380f71d'] response: {'server_uuid': '57873cb9-e080-442a-9d15-ccfc0b7a057d', 'name': 'network-vif-plugged', 'status': 'completed', 'tag': 'd37c00b1-feaa-4525-a015-8359e61f8178', 'code': 200}
2026-03-31 06:23:53.678 9 INFO neutron.api.wsgi [req-bd42f7e0-bd23-4f62-88fc-bf5adee5c6a0 req-344c4fb1-89c7-4d24-b404-42f530af7d3b c6e7daf514374230bd8d013065bc98d6 78e7c7238f1f4845916876f1baa97a8e - - default default] 10.0.0.204 "GET /v2.0/security-groups?id=ea56c348-bb7a-4e01-818f-a3b8ec98fa16&fields=id&fields=name HTTP/1.1" status: 200 len: 313 time: 0.0333807
2026-03-31 06:23:53.782 10 INFO neutron.api.wsgi [req-dbb80f87-6213-4a61-a22f-61ebe4d36877 req-3ba48217-0846-4b42-9d9f-e44597475760 c6e7daf514374230bd8d013065bc98d6 78e7c7238f1f4845916876f1baa97a8e - - default default] 10.0.0.204 "GET /v2.0/ports?device_id=57873cb9-e080-442a-9d15-ccfc0b7a057d HTTP/1.1" status: 200 len: 1174 time: 0.0363095
2026-03-31 06:23:53.819 10 INFO neutron.api.wsgi [req-dbb80f87-6213-4a61-a22f-61ebe4d36877 req-0b111c1a-8c82-40b9-a341-99381275794a c6e7daf514374230bd8d013065bc98d6 78e7c7238f1f4845916876f1baa97a8e - - default default] 10.0.0.204 "GET /v2.0/security-groups?id=ea56c348-bb7a-4e01-818f-a3b8ec98fa16&fields=id&fields=name HTTP/1.1" status: 200 len: 313 time: 0.0319312
2026-03-31 06:23:53.893 10 INFO neutron.api.wsgi [None req-1c2ed7fb-e2a4-4cb9-9a8d-39b6977d8cb6 05b44cd51c6a49429504d037b9c9da26 b87cd820824646eda70ac7aef1b35311 - - default default] 10.0.0.21 "GET /v2.0/ports?device_id=57873cb9-e080-442a-9d15-ccfc0b7a057d HTTP/1.1" status: 200 len: 1408 time: 0.0512612
2026-03-31 06:23:54.387 10 INFO neutron.db.ovn_revision_numbers_db [None req-4a8ff8b3-bcfb-4ef8-9ffe-f42a7deb964c 0c8cfa4133454b3097b7c50077b745de a0ca050bdd2a42b38f5eef964bc59a02 - - default default] Successfully bumped revision number for resource 876c880c-6b2c-4372-b55b-c0dee1d02517 (type: security_groups) to 1
2026-03-31 06:23:54.401 10 INFO neutron.db.ovn_revision_numbers_db [None req-4a8ff8b3-bcfb-4ef8-9ffe-f42a7deb964c 0c8cfa4133454b3097b7c50077b745de a0ca050bdd2a42b38f5eef964bc59a02 - - default default] Successfully bumped revision number for resource 6dc7bff1-2f34-4c6e-aa1f-0069b257f8d8 (type: security_group_rules) to 0
2026-03-31 06:23:54.422 10 INFO neutron.db.ovn_revision_numbers_db [None req-4a8ff8b3-bcfb-4ef8-9ffe-f42a7deb964c 0c8cfa4133454b3097b7c50077b745de a0ca050bdd2a42b38f5eef964bc59a02 - - default default] Successfully bumped revision number for resource 76b19e59-023d-46c3-b3d9-0395a95a2b3c (type: security_group_rules) to 0
2026-03-31 06:23:54.445 10 INFO neutron.db.ovn_revision_numbers_db [None req-4a8ff8b3-bcfb-4ef8-9ffe-f42a7deb964c 0c8cfa4133454b3097b7c50077b745de a0ca050bdd2a42b38f5eef964bc59a02 - - default default] Successfully bumped revision number for resource be8f8bc5-2b55-4031-904b-dbbf52bea6a9 (type: security_group_rules) to 0
2026-03-31 06:23:54.458 10 INFO neutron.db.ovn_revision_numbers_db [None req-4a8ff8b3-bcfb-4ef8-9ffe-f42a7deb964c 0c8cfa4133454b3097b7c50077b745de a0ca050bdd2a42b38f5eef964bc59a02 - - default default] Successfully bumped revision number for resource f900caf7-e45e-4871-a8d5-2fb38841d325 (type: security_group_rules) to 0
2026-03-31 06:23:54.522 10 INFO neutron.api.wsgi [None req-4a8ff8b3-bcfb-4ef8-9ffe-f42a7deb964c 0c8cfa4133454b3097b7c50077b745de a0ca050bdd2a42b38f5eef964bc59a02 - - default default] 10.0.0.21 "GET /v2.0/security-groups?tenant_id=44d1d76336d84496a5ac7552e4169403&name=default HTTP/1.1" status: 200 len: 3120 time: 0.6971571
2026-03-31 06:23:54.681 10 INFO neutron.db.ovn_revision_numbers_db [None req-1775654f-1585-4c43-9eab-7be5ce19a40b c6e7daf514374230bd8d013065bc98d6 78e7c7238f1f4845916876f1baa97a8e - - default default] Successfully bumped revision number for resource a179f7da-8ec4-4a77-a783-70f2d597df7b (type: floatingips) to 4
2026-03-31 06:23:54.758 9 INFO neutron.api.wsgi [None req-2a2a2360-3125-41cb-a6e5-24dbde49833b 0c8cfa4133454b3097b7c50077b745de a0ca050bdd2a42b38f5eef964bc59a02 - - default default] 10.0.0.21 "DELETE /v2.0/security-groups/876c880c-6b2c-4372-b55b-c0dee1d02517 HTTP/1.1" status: 204 len: 168 time: 0.2309954
2026-03-31 06:23:54.836 10 INFO neutron.db.ovn_revision_numbers_db [None req-1775654f-1585-4c43-9eab-7be5ce19a40b c6e7daf514374230bd8d013065bc98d6 78e7c7238f1f4845916876f1baa97a8e - - default default] Successfully bumped revision number for resource a179f7da-8ec4-4a77-a783-70f2d597df7b (type: floatingips) to 5
2026-03-31 06:23:54.837 10 INFO neutron.db.l3_db [None req-1775654f-1585-4c43-9eab-7be5ce19a40b c6e7daf514374230bd8d013065bc98d6 78e7c7238f1f4845916876f1baa97a8e - - default default] Floating IP a179f7da-8ec4-4a77-a783-70f2d597df7b associated. External IP: 10.96.250.214, port: d37c00b1-feaa-4525-a015-8359e61f8178. /var/lib/openstack/lib/python3.12/site-packages/pycadf/identifier.py:71: UserWarning: Invalid uuid: neutron. To ensure interoperability, identifiers should be a valid uuid. warnings.warn(('Invalid uuid: %s. To ensure interoperability, '
2026-03-31 06:23:54.878 10 INFO neutron.api.wsgi [None req-1775654f-1585-4c43-9eab-7be5ce19a40b c6e7daf514374230bd8d013065bc98d6 78e7c7238f1f4845916876f1baa97a8e - - default default] 10.0.0.21 "PUT /v2.0/floatingips/a179f7da-8ec4-4a77-a783-70f2d597df7b HTTP/1.1" status: 200 len: 1050 time: 0.9806759
2026-03-31 06:23:54.911 10 INFO neutron.notifiers.nova [-] Nova event matching ['req-b5c58857-291a-4145-bbc5-db708d89d1c2'] response: {'name': 'network-changed', 'server_uuid': '57873cb9-e080-442a-9d15-ccfc0b7a057d', 'tag': 'd37c00b1-feaa-4525-a015-8359e61f8178', 'status': 'completed', 'code': 200}
2026-03-31 06:23:54.917 9 INFO neutron.api.wsgi [None req-ad62c412-b2d9-4503-a769-82bce71a59eb 0c8cfa4133454b3097b7c50077b745de a0ca050bdd2a42b38f5eef964bc59a02 - - default default] 10.0.0.21 "GET /v2.0/security-groups?tenant_id=1186ddbc449741d6bc639fbf607baa09&name=default HTTP/1.1" status: 200 len: 3120 time: 0.0587132
2026-03-31 06:23:54.936 9 INFO neutron.api.wsgi [None req-706b03e6-9f19-4f1f-b9ca-7cf3573a0175 c6e7daf514374230bd8d013065bc98d6 78e7c7238f1f4845916876f1baa97a8e - - default default] 10.0.0.21 "GET /v2.0/floatingips/a179f7da-8ec4-4a77-a783-70f2d597df7b HTTP/1.1" status: 200 len: 1052 time: 0.0532098
2026-03-31 06:23:55.131 10 INFO neutron.api.wsgi [None req-8f807d8b-2fbb-48c2-826b-e72b85baabb2 0c8cfa4133454b3097b7c50077b745de a0ca050bdd2a42b38f5eef964bc59a02 - - default default] 10.0.0.21 "DELETE /v2.0/security-groups/3f48305e-4872-4e4c-8f1f-715a0f7dc4c2 HTTP/1.1" status: 204 len: 168 time: 0.2095065
2026-03-31 06:23:55.454 9 INFO neutron.api.wsgi [req-27f4f5db-dad9-4c26-acf0-3d53e489704c req-1c162a91-0a42-49d9-8dfe-315e00e0850b c8ddd317cd4d443493736ba307dca577 1afe58f424034bcbb1c076e279edf9b8 - - ed29042efc3c459c90404065aa83b660 ed29042efc3c459c90404065aa83b660] 199.204.45.30 "GET /v2.0/ports?tenant_id=78e7c7238f1f4845916876f1baa97a8e&device_id=57873cb9-e080-442a-9d15-ccfc0b7a057d HTTP/1.1" status: 200 len: 1413 time: 0.0326765
2026-03-31 06:23:55.511 9 INFO neutron.api.wsgi [req-27f4f5db-dad9-4c26-acf0-3d53e489704c req-30c69d5a-6e40-441f-972b-684919ee97a0 c8ddd317cd4d443493736ba307dca577 1afe58f424034bcbb1c076e279edf9b8 - - ed29042efc3c459c90404065aa83b660 ed29042efc3c459c90404065aa83b660] 199.204.45.30 "GET /v2.0/networks?id=812f3cd1-54db-4c9a-92a2-e12cfd117432 HTTP/1.1" status: 200 len: 958 time: 0.0513580
2026-03-31 06:23:55.558 9 INFO neutron.api.wsgi [req-27f4f5db-dad9-4c26-acf0-3d53e489704c req-bb9bb8e0-5309-4262-aeab-41b3e885454b c8ddd317cd4d443493736ba307dca577 1afe58f424034bcbb1c076e279edf9b8 - - ed29042efc3c459c90404065aa83b660 ed29042efc3c459c90404065aa83b660] 199.204.45.30 "GET /v2.0/floatingips?fixed_ip_address=10.100.0.13&port_id=d37c00b1-feaa-4525-a015-8359e61f8178 HTTP/1.1" status: 200 len: 1060 time: 0.0421743
2026-03-31 06:23:55.611 9 INFO neutron.api.wsgi [req-27f4f5db-dad9-4c26-acf0-3d53e489704c req-949bdc8d-9c62-4b5d-906c-28a7c72b0c49 c8ddd317cd4d443493736ba307dca577 1afe58f424034bcbb1c076e279edf9b8 - - ed29042efc3c459c90404065aa83b660 ed29042efc3c459c90404065aa83b660] 199.204.45.30 "GET /v2.0/subnets?id=5a3840a3-bcec-4e27-8fe7-cf70ca8f625b HTTP/1.1" status: 200 len: 877 time: 0.0466502
2026-03-31 06:23:55.638 9 INFO neutron.api.wsgi [req-27f4f5db-dad9-4c26-acf0-3d53e489704c req-737f4046-65e9-4a97-9eff-5623dec3001d c8ddd317cd4d443493736ba307dca577 1afe58f424034bcbb1c076e279edf9b8 - - ed29042efc3c459c90404065aa83b660 ed29042efc3c459c90404065aa83b660] 199.204.45.30 "GET /v2.0/ports?network_id=812f3cd1-54db-4c9a-92a2-e12cfd117432&device_owner=network%3Adhcp HTTP/1.1" status: 200 len: 210 time: 0.0221324
