2026-03-31 06:20:42.502 9 WARNING neutron.api.rpc.agentnotifiers.dhcp_rpc_agent_api [req-1706acdf-3694-4674-9168-5f255a2de18d req-87095f17-bca5-41b7-964a-59a92ff9916a d893a817ea0f4adca79cbd56fa5323e7 124c6a31530b4044b1b3399b739f39e4 - - default default] Unable to schedule network a167c357-0d3e-4c3d-8c55-32ab5ca0ab5e: no agents available; will retry on subsequent port and subnet creation events.
2026-03-31 06:20:42.557 10 INFO neutron.db.ovn_revision_numbers_db [None req-a5c495b0-9863-4b8e-bef6-d253908d7cdd - - - - - -] Successfully bumped revision number for resource 07f58e6f-b761-4455-9d3b-b2397f060e03 (type: ports) to 5 /var/lib/openstack/lib/python3.12/site-packages/pycadf/identifier.py:71: UserWarning: Invalid uuid: neutron. To ensure interoperability, identifiers should be a valid uuid. warnings.warn(('Invalid uuid: %s. To ensure interoperability, '
2026-03-31 06:20:42.593 9 INFO neutron.api.wsgi [req-86f0dc83-cf40-4390-b42b-8d7db5893f2e req-8f8a76e3-d809-4b5a-8274-00e62fe6c184 866d0d9f04c64fb89918ea5b5a679bd8 db3e1c291282459599ed46c70db91e09 - - default default] 10.0.0.204 "GET /v2.0/ports?device_id=45ef1ac0-5e36-4313-be72-f54719e619fc HTTP/1.1" status: 200 len: 1174 time: 0.0348823
2026-03-31 06:20:42.655 9 INFO neutron.api.wsgi [req-86f0dc83-cf40-4390-b42b-8d7db5893f2e req-726b1e3c-2bd0-4e8c-a68d-b786a144d4f8 866d0d9f04c64fb89918ea5b5a679bd8 db3e1c291282459599ed46c70db91e09 - - default default] 10.0.0.204 "GET /v2.0/security-groups?id=1f8301f9-10dc-4cf8-8181-a62cf13245e7&fields=id&fields=name HTTP/1.1" status: 200 len: 312 time: 0.0538857
2026-03-31 06:20:42.671 9 INFO neutron.db.ovn_revision_numbers_db [req-1706acdf-3694-4674-9168-5f255a2de18d req-87095f17-bca5-41b7-964a-59a92ff9916a d893a817ea0f4adca79cbd56fa5323e7 124c6a31530b4044b1b3399b739f39e4 - - default default] Successfully bumped revision number for resource 8a45beab-2f34-44b3-9c56-2dd232a64877 (type: ports) to 1
2026-03-31 06:20:42.715 9 INFO neutron.api.wsgi [req-1706acdf-3694-4674-9168-5f255a2de18d req-87095f17-bca5-41b7-964a-59a92ff9916a d893a817ea0f4adca79cbd56fa5323e7 124c6a31530b4044b1b3399b739f39e4 - - default default] 199.204.45.30 "POST /v2.0/ports HTTP/1.1" status: 201 len: 1158 time: 0.4926109 /var/lib/openstack/lib/python3.12/site-packages/pycadf/identifier.py:71: UserWarning: Invalid uuid: neutron. To ensure interoperability, identifiers should be a valid uuid. warnings.warn(('Invalid uuid: %s. To ensure interoperability, '
2026-03-31 06:20:42.783 10 INFO neutron.api.wsgi [req-c4e3f851-1639-46bc-b4e7-a23f1efeba28 req-2d4b65ce-9b0d-4e56-8cd4-65fc60189315 dbb518c37be44b84b2a244296ad086fd 2248cef44c9743e7ba41e978ad81de2d - - default default] 10.0.0.204 "GET /v2.0/ports?device_id=f933a581-eb47-4ed1-bfe9-aba4a3a13f1c HTTP/1.1" status: 200 len: 1168 time: 0.0598094
2026-03-31 06:20:42.853 10 INFO neutron.api.wsgi [req-c4e3f851-1639-46bc-b4e7-a23f1efeba28 req-9c3ec42f-4503-4e45-ac8e-aed0caf88526 dbb518c37be44b84b2a244296ad086fd 2248cef44c9743e7ba41e978ad81de2d - - default default] 10.0.0.204 "GET /v2.0/security-groups?id=2ba3f522-8176-4a4b-b67b-1ef11658b469&fields=id&fields=name HTTP/1.1" status: 200 len: 313 time: 0.0580449
2026-03-31 06:20:43.082 9 INFO neutron.db.ovn_revision_numbers_db [req-1706acdf-3694-4674-9168-5f255a2de18d req-ceb27bdc-0ae2-4e0e-ac96-2f61480a5436 c8ddd317cd4d443493736ba307dca577 1afe58f424034bcbb1c076e279edf9b8 - - ed29042efc3c459c90404065aa83b660 ed29042efc3c459c90404065aa83b660] Successfully bumped revision number for resource 8a45beab-2f34-44b3-9c56-2dd232a64877 (type: ports) to 2 /var/lib/openstack/lib/python3.12/site-packages/pycadf/identifier.py:71: UserWarning: Invalid uuid: neutron. To ensure interoperability, identifiers should be a valid uuid. warnings.warn(('Invalid uuid: %s. To ensure interoperability, '
2026-03-31 06:20:43.289 9 WARNING neutron.plugins.ml2.drivers.ovn.mech_driver.ovsdb.ovn_client [None req-50710b52-b788-4926-969f-d16a03dcc2e6 - - - - - -] No hosting information found for port cf7c3379-2d58-4da6-88ea-1312d6f85998: RuntimeError: No hosting information found for port cf7c3379-2d58-4da6-88ea-1312d6f85998
2026-03-31 06:20:43.319 9 INFO neutron.api.wsgi [req-e6e02847-ada6-434f-9b0d-e89656d02643 req-ae6ec6e7-b16a-41bf-87dd-6a2507be13c3 d893a817ea0f4adca79cbd56fa5323e7 124c6a31530b4044b1b3399b739f39e4 - - default default] 10.0.0.204 "GET /v2.0/ports?device_id=da67a669-436a-4f7c-9c83-e96ba74e3de4 HTTP/1.1" status: 200 len: 1168 time: 0.1183915 /var/lib/openstack/lib/python3.12/site-packages/pycadf/identifier.py:71: UserWarning: Invalid uuid: neutron. To ensure interoperability, identifiers should be a valid uuid. warnings.warn(('Invalid uuid: %s. To ensure interoperability, '
2026-03-31 06:20:43.383 9 INFO neutron.api.wsgi [req-e6e02847-ada6-434f-9b0d-e89656d02643 req-43906526-694f-44f2-a3e3-faef9239b3fe d893a817ea0f4adca79cbd56fa5323e7 124c6a31530b4044b1b3399b739f39e4 - - default default] 10.0.0.204 "GET /v2.0/security-groups?id=31aa6f49-83a6-48a5-895f-bd1f135bf278&fields=id&fields=name HTTP/1.1" status: 200 len: 313 time: 0.0590808
2026-03-31 06:20:43.403 9 INFO neutron.db.ovn_revision_numbers_db [req-1706acdf-3694-4674-9168-5f255a2de18d req-ceb27bdc-0ae2-4e0e-ac96-2f61480a5436 c8ddd317cd4d443493736ba307dca577 1afe58f424034bcbb1c076e279edf9b8 - - ed29042efc3c459c90404065aa83b660 ed29042efc3c459c90404065aa83b660] Successfully bumped revision number for resource 8a45beab-2f34-44b3-9c56-2dd232a64877 (type: ports) to 4
2026-03-31 06:20:43.427 9 INFO neutron.api.wsgi [req-1706acdf-3694-4674-9168-5f255a2de18d req-ceb27bdc-0ae2-4e0e-ac96-2f61480a5436 c8ddd317cd4d443493736ba307dca577 1afe58f424034bcbb1c076e279edf9b8 - - ed29042efc3c459c90404065aa83b660 ed29042efc3c459c90404065aa83b660] 199.204.45.30 "PUT /v2.0/ports/8a45beab-2f34-44b3-9c56-2dd232a64877 HTTP/1.1" status: 200 len: 1404 time: 0.7064245
2026-03-31 06:20:43.437 9 INFO neutron.db.ovn_revision_numbers_db [None req-50710b52-b788-4926-969f-d16a03dcc2e6 - - - - - -] Successfully bumped revision number for resource c119a685-d777-4d40-8d7a-024345d297a8 (type: router_ports) to 2
2026-03-31 06:20:43.459 9 INFO neutron.notifiers.nova [-] Nova event matching ['req-c31baec5-bce7-4729-8667-ba64f25bb283'] response: {'name': 'network-changed', 'server_uuid': 'da67a669-436a-4f7c-9c83-e96ba74e3de4', 'tag': '8a45beab-2f34-44b3-9c56-2dd232a64877', 'status': 'completed', 'code': 200}
2026-03-31 06:20:43.507 9 INFO neutron.db.ovn_revision_numbers_db [None req-50710b52-b788-4926-969f-d16a03dcc2e6 - - - - - -] Successfully bumped revision number for resource cf7c3379-2d58-4da6-88ea-1312d6f85998 (type: router_ports) to 2
2026-03-31 06:20:43.544 9 INFO neutron.plugins.ml2.drivers.ovn.mech_driver.mech_driver [None req-50710b52-b788-4926-969f-d16a03dcc2e6 - - - - - -] OVN reports status up for port: c71df59e-ab2e-42f5-828e-79e3b2a3eab3
2026-03-31 06:20:43.554 9 INFO neutron.plugins.ml2.plugin [None req-50710b52-b788-4926-969f-d16a03dcc2e6 - - - - - -] Attempt 1 to provision port c71df59e-ab2e-42f5-828e-79e3b2a3eab3
2026-03-31 06:20:43.761 9 INFO neutron.api.wsgi [req-69cf2292-a407-4a34-8ea4-2af1a6140372 req-d5d6f2f6-6f22-4b9b-9349-7c906de3fa19 866d0d9f04c64fb89918ea5b5a679bd8 db3e1c291282459599ed46c70db91e09 - - default default] 10.0.0.204 "GET /v2.0/ports?device_id=45ef1ac0-5e36-4313-be72-f54719e619fc HTTP/1.1" status: 200 len: 1174 time: 0.0386355
2026-03-31 06:20:43.794 9 INFO neutron.db.ovn_revision_numbers_db [None req-50710b52-b788-4926-969f-d16a03dcc2e6 - - - - - -] Successfully bumped revision number for resource c71df59e-ab2e-42f5-828e-79e3b2a3eab3 (type: ports) to 5
2026-03-31 06:20:43.800 9 INFO neutron.api.wsgi [req-69cf2292-a407-4a34-8ea4-2af1a6140372 req-fd97c301-b421-446f-9eb3-007a54c8933c 866d0d9f04c64fb89918ea5b5a679bd8 db3e1c291282459599ed46c70db91e09 - - default default] 10.0.0.204 "GET /v2.0/security-groups?id=1f8301f9-10dc-4cf8-8181-a62cf13245e7&fields=id&fields=name HTTP/1.1" status: 200 len: 312 time: 0.0339022 /var/lib/openstack/lib/python3.12/site-packages/pycadf/identifier.py:71: UserWarning: Invalid uuid: neutron. To ensure interoperability, identifiers should be a valid uuid. warnings.warn(('Invalid uuid: %s. To ensure interoperability, '
2026-03-31 06:20:43.984 10 INFO neutron.api.wsgi [req-d5fa5e4b-539d-4ddd-8a49-d6c12b9c4e0d req-93ad9351-e98d-453b-9fdb-1f659eec4078 dbb518c37be44b84b2a244296ad086fd 2248cef44c9743e7ba41e978ad81de2d - - default default] 10.0.0.204 "GET /v2.0/ports?device_id=f933a581-eb47-4ed1-bfe9-aba4a3a13f1c HTTP/1.1" status: 200 len: 1170 time: 0.0707872
2026-03-31 06:20:44.013 9 INFO neutron.api.wsgi [req-3060c0c9-aa83-4c5d-beb8-ee367b40555e req-8f8c6d0c-b501-40c6-bc83-5cfd402822b1 c8ddd317cd4d443493736ba307dca577 1afe58f424034bcbb1c076e279edf9b8 - - ed29042efc3c459c90404065aa83b660 ed29042efc3c459c90404065aa83b660] 199.204.45.30 "GET /v2.0/ports?tenant_id=124c6a31530b4044b1b3399b739f39e4&device_id=da67a669-436a-4f7c-9c83-e96ba74e3de4 HTTP/1.1" status: 200 len: 1407 time: 0.0469398
2026-03-31 06:20:44.034 10 INFO neutron.api.wsgi [req-d5fa5e4b-539d-4ddd-8a49-d6c12b9c4e0d req-6dd9e6dd-e460-4e08-948d-fcac608ae19e dbb518c37be44b84b2a244296ad086fd 2248cef44c9743e7ba41e978ad81de2d - - default default] 10.0.0.204 "GET /v2.0/security-groups?id=2ba3f522-8176-4a4b-b67b-1ef11658b469&fields=id&fields=name HTTP/1.1" status: 200 len: 313 time: 0.0361528
2026-03-31 06:20:44.068 9 INFO neutron.api.wsgi [req-3060c0c9-aa83-4c5d-beb8-ee367b40555e req-14cdbd38-96a4-4fa0-a19d-1c189c31dd84 c8ddd317cd4d443493736ba307dca577 1afe58f424034bcbb1c076e279edf9b8 - - ed29042efc3c459c90404065aa83b660 ed29042efc3c459c90404065aa83b660] 199.204.45.30 "GET /v2.0/networks?tenant_id=124c6a31530b4044b1b3399b739f39e4&shared=False HTTP/1.1" status: 200 len: 978 time: 0.0514314
2026-03-31 06:20:44.117 9 INFO neutron.api.wsgi [req-3060c0c9-aa83-4c5d-beb8-ee367b40555e req-2f2e4a4b-4ea1-4776-95ad-336752e0f8d6 c8ddd317cd4d443493736ba307dca577 1afe58f424034bcbb1c076e279edf9b8 - - ed29042efc3c459c90404065aa83b660 ed29042efc3c459c90404065aa83b660] 199.204.45.30 "GET /v2.0/networks?shared=True HTTP/1.1" status: 200 len: 952 time: 0.0453629
2026-03-31 06:20:44.486 9 INFO neutron.api.wsgi [req-78655370-e2bf-4999-9ef6-03c3002cfaf2 req-f167bf96-0951-4338-90d9-d1684a311542 d893a817ea0f4adca79cbd56fa5323e7 124c6a31530b4044b1b3399b739f39e4 - - default default] 10.0.0.204 "GET /v2.0/ports?device_id=da67a669-436a-4f7c-9c83-e96ba74e3de4 HTTP/1.1" status: 200 len: 1168 time: 0.0452483
2026-03-31 06:20:44.502 10 INFO neutron.notifiers.nova [-] Nova event matching ['req-d8cb4c41-1a8e-44da-bc16-78052a240ead'] response: {'server_uuid': '45ef1ac0-5e36-4313-be72-f54719e619fc', 'name': 'network-vif-plugged', 'status': 'completed', 'tag': '07f58e6f-b761-4455-9d3b-b2397f060e03', 'code': 200}
2026-03-31 06:20:44.528 9 INFO neutron.api.wsgi [req-78655370-e2bf-4999-9ef6-03c3002cfaf2 req-d0eb11f0-999e-4ad4-9118-b5b13197c4d0 d893a817ea0f4adca79cbd56fa5323e7 124c6a31530b4044b1b3399b739f39e4 - - default default] 10.0.0.204 "GET /v2.0/security-groups?id=31aa6f49-83a6-48a5-895f-bd1f135bf278&fields=id&fields=name HTTP/1.1" status: 200 len: 313 time: 0.0354123
2026-03-31 06:20:44.937 10 INFO neutron.api.wsgi [req-6beb2f22-427a-4326-90e4-52567deea107 req-a5a2070c-b42a-4486-a59e-778132e9c573 866d0d9f04c64fb89918ea5b5a679bd8 db3e1c291282459599ed46c70db91e09 - - default default] 10.0.0.204 "GET /v2.0/ports?device_id=45ef1ac0-5e36-4313-be72-f54719e619fc HTTP/1.1" status: 200 len: 1174 time: 0.0752969
2026-03-31 06:20:44.985 10 INFO neutron.api.wsgi [req-6beb2f22-427a-4326-90e4-52567deea107 req-d3c6a562-15c6-469b-912c-02350315d6ab 866d0d9f04c64fb89918ea5b5a679bd8 db3e1c291282459599ed46c70db91e09 - - default default] 10.0.0.204 "GET /v2.0/security-groups?id=1f8301f9-10dc-4cf8-8181-a62cf13245e7&fields=id&fields=name HTTP/1.1" status: 200 len: 312 time: 0.0413911
2026-03-31 06:20:45.122 9 INFO neutron.api.wsgi [req-28ac9c1e-1285-4fa4-b5a9-bcdc6f0c517d req-b956e95d-91ac-4e57-b905-e54d52d3c00e 866d0d9f04c64fb89918ea5b5a679bd8 db3e1c291282459599ed46c70db91e09 - - default default] 10.0.0.204 "GET /v2.0/ports?device_id=45ef1ac0-5e36-4313-be72-f54719e619fc HTTP/1.1" status: 200 len: 1174 time: 0.0801630
2026-03-31 06:20:45.124 10 INFO neutron.api.wsgi [req-f454eedd-8d96-4c3a-bbcc-6a8f6d33c030 req-22f7023f-42e9-4396-a0cd-d5ed9fe22ff7 dbb518c37be44b84b2a244296ad086fd 2248cef44c9743e7ba41e978ad81de2d - - default default] 10.0.0.204 "GET /v2.0/ports?device_id=f933a581-eb47-4ed1-bfe9-aba4a3a13f1c HTTP/1.1" status: 200 len: 1170 time: 0.0325787
2026-03-31 06:20:45.181 10 INFO neutron.api.wsgi [req-f454eedd-8d96-4c3a-bbcc-6a8f6d33c030 req-c32a8a6a-7af2-4d34-97f7-5a3a27ab2f8d dbb518c37be44b84b2a244296ad086fd 2248cef44c9743e7ba41e978ad81de2d - - default default] 10.0.0.204 "GET /v2.0/security-groups?id=2ba3f522-8176-4a4b-b67b-1ef11658b469&fields=id&fields=name HTTP/1.1" status: 200 len: 313 time: 0.0497513
2026-03-31 06:20:45.197 9 INFO neutron.api.wsgi [req-1706acdf-3694-4674-9168-5f255a2de18d req-5a4c4cc3-8f22-494c-bcd0-34e828768f7b c8ddd317cd4d443493736ba307dca577 1afe58f424034bcbb1c076e279edf9b8 - - ed29042efc3c459c90404065aa83b660 ed29042efc3c459c90404065aa83b660] 199.204.45.30 "GET /v2.0/ports?tenant_id=124c6a31530b4044b1b3399b739f39e4&device_id=da67a669-436a-4f7c-9c83-e96ba74e3de4 HTTP/1.1" status: 200 len: 1407 time: 0.0610526
2026-03-31 06:20:45.218 9 INFO neutron.api.wsgi [req-1706acdf-3694-4674-9168-5f255a2de18d req-5fe4676f-3be6-4397-a980-add2db6ec81e c8ddd317cd4d443493736ba307dca577 1afe58f424034bcbb1c076e279edf9b8 - - ed29042efc3c459c90404065aa83b660 ed29042efc3c459c90404065aa83b660] 199.204.45.30 "GET /v2.0/floatingips?fixed_ip_address=10.100.0.8&port_id=8a45beab-2f34-44b3-9c56-2dd232a64877 HTTP/1.1" status: 200 len: 217 time: 0.0176890
2026-03-31 06:20:45.245 9 INFO neutron.api.wsgi [-] 10.0.0.13 "GET / HTTP/1.1" status: 200 len: 247 time: 0.0011053
2026-03-31 06:20:45.245 10 INFO neutron.api.wsgi [-] 10.0.0.13 "GET / HTTP/1.1" status: 200 len: 247 time: 0.0014255
2026-03-31 06:20:45.252 9 INFO neutron.api.wsgi [req-1706acdf-3694-4674-9168-5f255a2de18d req-8841b7b0-544e-4662-8c3e-2fcd78327e1f c8ddd317cd4d443493736ba307dca577 1afe58f424034bcbb1c076e279edf9b8 - - ed29042efc3c459c90404065aa83b660 ed29042efc3c459c90404065aa83b660] 199.204.45.30 "GET /v2.0/subnets?id=b42d7447-feac-4e3b-9b82-c1f458255f4a HTTP/1.1" status: 200 len: 897 time: 0.0273221
2026-03-31 06:20:45.291 9 INFO neutron.api.wsgi [req-1706acdf-3694-4674-9168-5f255a2de18d req-0d469a4b-2932-48d0-8cef-f1e6ecee6a9f c8ddd317cd4d443493736ba307dca577 1afe58f424034bcbb1c076e279edf9b8 - - ed29042efc3c459c90404065aa83b660 ed29042efc3c459c90404065aa83b660] 199.204.45.30 "GET /v2.0/ports?network_id=a167c357-0d3e-4c3d-8c55-32ab5ca0ab5e&device_owner=network%3Adhcp HTTP/1.1" status: 200 len: 210 time: 0.0251403
2026-03-31 06:20:45.340 9 INFO neutron.api.wsgi [req-1706acdf-3694-4674-9168-5f255a2de18d req-98149476-60e0-42c1-bc0a-db6a79199555 c8ddd317cd4d443493736ba307dca577 1afe58f424034bcbb1c076e279edf9b8 - - ed29042efc3c459c90404065aa83b660 ed29042efc3c459c90404065aa83b660] 199.204.45.30 "GET /v2.0/networks/a167c357-0d3e-4c3d-8c55-32ab5ca0ab5e?fields=segments HTTP/1.1" status: 200 len: 212 time: 0.0440536
2026-03-31 06:20:45.407 9 INFO neutron.api.wsgi [req-1706acdf-3694-4674-9168-5f255a2de18d req-deeb1a08-67b9-4519-a42b-038a49e0862c c8ddd317cd4d443493736ba307dca577 1afe58f424034bcbb1c076e279edf9b8 - - ed29042efc3c459c90404065aa83b660 ed29042efc3c459c90404065aa83b660] 199.204.45.30 "GET /v2.0/networks/a167c357-0d3e-4c3d-8c55-32ab5ca0ab5e?fields=provider%3Aphysical_network&fields=provider%3Anetwork_type HTTP/1.1" status: 200 len: 277 time: 0.0543115
2026-03-31 06:20:45.502 9 INFO neutron.notifiers.nova [-] Nova event matching ['req-55ecbc86-4571-4772-bd78-b9e5baebf63a'] response: {'server_uuid': 'f933a581-eb47-4ed1-bfe9-aba4a3a13f1c', 'name': 'network-vif-plugged', 'status': 'completed', 'tag': 'c71df59e-ab2e-42f5-828e-79e3b2a3eab3', 'code': 200}
2026-03-31 06:20:45.502 9 INFO neutron.notifiers.nova [-] Nova event matching ['req-55ecbc86-4571-4772-bd78-b9e5baebf63a'] response: {'server_uuid': 'f933a581-eb47-4ed1-bfe9-aba4a3a13f1c', 'name': 'network-vif-plugged', 'status': 'completed', 'tag': 'c71df59e-ab2e-42f5-828e-79e3b2a3eab3', 'code': 200}
2026-03-31 06:20:45.689 10 INFO neutron.api.wsgi [req-c9970fba-6fe4-4e52-b553-bb00719db00b req-54285ff1-3bcd-4df8-8aff-f37c28f442c1 d893a817ea0f4adca79cbd56fa5323e7 124c6a31530b4044b1b3399b739f39e4 - - default default] 10.0.0.204 "GET /v2.0/ports?device_id=da67a669-436a-4f7c-9c83-e96ba74e3de4 HTTP/1.1" status: 200 len: 1168 time: 0.1002297
2026-03-31 06:20:45.691 9 INFO neutron.db.ovn_revision_numbers_db [None req-b8f67515-fbc3-4b9c-aac5-2b0a27a744b9 866d0d9f04c64fb89918ea5b5a679bd8 db3e1c291282459599ed46c70db91e09 - - default default] Successfully bumped revision number for resource 3cd58425-d5b1-417e-8aeb-fabd1c00acbe (type: floatingips) to 1
2026-03-31 06:20:45.744 10 INFO neutron.api.wsgi [req-c9970fba-6fe4-4e52-b553-bb00719db00b req-344864d8-b01f-4a32-b954-a5f4c136c877 d893a817ea0f4adca79cbd56fa5323e7 124c6a31530b4044b1b3399b739f39e4 - - default default] 10.0.0.204 "GET /v2.0/security-groups?id=31aa6f49-83a6-48a5-895f-bd1f135bf278&fields=id&fields=name HTTP/1.1" status: 200 len: 313 time: 0.0507023
2026-03-31 06:20:45.817 9 INFO neutron.db.ovn_revision_numbers_db [None req-b8f67515-fbc3-4b9c-aac5-2b0a27a744b9 866d0d9f04c64fb89918ea5b5a679bd8 db3e1c291282459599ed46c70db91e09 - - default default] Successfully bumped revision number for resource 3cd58425-d5b1-417e-8aeb-fabd1c00acbe (type: floatingips) to 2
2026-03-31 06:20:45.817 9 INFO neutron.db.l3_db [None req-b8f67515-fbc3-4b9c-aac5-2b0a27a744b9 866d0d9f04c64fb89918ea5b5a679bd8 db3e1c291282459599ed46c70db91e09 - - default default] Floating IP 3cd58425-d5b1-417e-8aeb-fabd1c00acbe associated. External IP: 10.96.250.216, port: 07f58e6f-b761-4455-9d3b-b2397f060e03.
2026-03-31 06:20:45.850 9 INFO neutron.api.wsgi [None req-b8f67515-fbc3-4b9c-aac5-2b0a27a744b9 866d0d9f04c64fb89918ea5b5a679bd8 db3e1c291282459599ed46c70db91e09 - - default default] 10.0.0.21 "PUT /v2.0/floatingips/3cd58425-d5b1-417e-8aeb-fabd1c00acbe HTTP/1.1" status: 200 len: 1050 time: 0.7152925
2026-03-31 06:20:45.882 10 INFO neutron.api.wsgi [req-76182a13-dd13-4437-9135-5d68c837bd3a req-cc0ad20b-2f63-4587-b4d7-b62b00f054eb c8ddd317cd4d443493736ba307dca577 1afe58f424034bcbb1c076e279edf9b8 - - ed29042efc3c459c90404065aa83b660 ed29042efc3c459c90404065aa83b660] 10.0.0.86 "GET /v2.0/ports?device_id=b47246e8-9d23-4b6b-bc04-10fc93bce38f HTTP/1.1" status: 200 len: 1409 time: 0.1689889 /var/lib/openstack/lib/python3.12/site-packages/pycadf/identifier.py:71: UserWarning: Invalid uuid: neutron. To ensure interoperability, identifiers should be a valid uuid. warnings.warn(('Invalid uuid: %s. To ensure interoperability, '
2026-03-31 06:20:45.937 9 INFO neutron.api.wsgi [req-eee4735c-72c9-4e49-97c4-8580e4895cf8 req-338378d8-3fd5-4300-83e3-5a5044ca9678 866d0d9f04c64fb89918ea5b5a679bd8 db3e1c291282459599ed46c70db91e09 - - default default] 10.0.0.204 "GET /v2.0/ports?device_id=45ef1ac0-5e36-4313-be72-f54719e619fc HTTP/1.1" status: 200 len: 1174 time: 0.0456781
2026-03-31 06:20:45.940 10 INFO neutron.api.wsgi [req-76182a13-dd13-4437-9135-5d68c837bd3a req-6ad24a91-c473-4d0c-9e53-17a49c664a9b c8ddd317cd4d443493736ba307dca577 1afe58f424034bcbb1c076e279edf9b8 - - ed29042efc3c459c90404065aa83b660 ed29042efc3c459c90404065aa83b660] 10.0.0.86 "GET /v2.0/security-groups?id=f3f21c22-5588-4e5d-8a2f-16ef9bd7c50c&fields=id&fields=name HTTP/1.1" status: 200 len: 313 time: 0.0503564
2026-03-31 06:20:46.010 9 INFO neutron.api.wsgi [req-eee4735c-72c9-4e49-97c4-8580e4895cf8 req-b29c6ecf-c08e-407b-9b1a-fc9608274191 866d0d9f04c64fb89918ea5b5a679bd8 db3e1c291282459599ed46c70db91e09 - - default default] 10.0.0.204 "GET /v2.0/security-groups?id=1f8301f9-10dc-4cf8-8181-a62cf13245e7&fields=id&fields=name HTTP/1.1" status: 200 len: 312 time: 0.0660045
2026-03-31 06:20:46.278 10 INFO neutron.api.wsgi [req-2bc7c6a7-7335-45ab-a916-71e084948caa req-af29d980-2317-422e-8d7f-4e7f0fd6afe4 dbb518c37be44b84b2a244296ad086fd 2248cef44c9743e7ba41e978ad81de2d - - default default] 10.0.0.204 "GET /v2.0/ports?device_id=f933a581-eb47-4ed1-bfe9-aba4a3a13f1c HTTP/1.1" status: 200 len: 1170 time: 0.0377541
2026-03-31 06:20:46.332 10 INFO neutron.api.wsgi [req-2bc7c6a7-7335-45ab-a916-71e084948caa req-76ad2f9a-a19d-4035-9079-ffe2a2d34086 dbb518c37be44b84b2a244296ad086fd 2248cef44c9743e7ba41e978ad81de2d - - default default] 10.0.0.204 "GET /v2.0/security-groups?id=2ba3f522-8176-4a4b-b67b-1ef11658b469&fields=id&fields=name HTTP/1.1" status: 200 len: 313 time: 0.0502448
2026-03-31 06:20:46.873 9 INFO neutron.api.wsgi [req-0deffba8-2564-46d6-84f0-f6ee23c19f67 req-01d73aad-4352-4113-a91d-33e82cc421bb d893a817ea0f4adca79cbd56fa5323e7 124c6a31530b4044b1b3399b739f39e4 - - default default] 10.0.0.204 "GET /v2.0/ports?device_id=da67a669-436a-4f7c-9c83-e96ba74e3de4 HTTP/1.1" status: 200 len: 1168 time: 0.0579534
2026-03-31 06:20:46.915 9 INFO neutron.api.wsgi [None req-19eca0d0-259b-476a-a773-4f1c16696efd 0c8cfa4133454b3097b7c50077b745de a0ca050bdd2a42b38f5eef964bc59a02 - - default default] 10.0.0.149 "GET /v2.0/routers HTTP/1.1" status: 200 len: 4060 time: 0.1688700
2026-03-31 06:20:46.916 9 INFO neutron.api.wsgi [req-0deffba8-2564-46d6-84f0-f6ee23c19f67 req-b1ed0184-2687-42de-bdb7-8817a50222bf d893a817ea0f4adca79cbd56fa5323e7 124c6a31530b4044b1b3399b739f39e4 - - default default] 10.0.0.204 "GET /v2.0/security-groups?id=31aa6f49-83a6-48a5-895f-bd1f135bf278&fields=id&fields=name HTTP/1.1" status: 200 len: 313 time: 0.0383732
2026-03-31 06:20:46.931 9 INFO neutron.api.wsgi [None req-e90b6ccb-aae2-4510-922f-6599b39deecd 0c8cfa4133454b3097b7c50077b745de a0ca050bdd2a42b38f5eef964bc59a02 - - default default] 10.0.0.149 "GET /v2.0/agents?binary=ovn-controller HTTP/1.1" status: 200 len: 591 time: 0.0131412
2026-03-31 06:20:46.987 9 INFO neutron.api.wsgi [None req-6c4eccd7-b7f3-43e0-8151-db59455f56b3 0c8cfa4133454b3097b7c50077b745de a0ca050bdd2a42b38f5eef964bc59a02 - - default default] 10.0.0.149 "GET /v2.0/networks HTTP/1.1" status: 200 len: 5404 time: 0.0552001
2026-03-31 06:20:47.004 9 INFO neutron.api.wsgi [None req-ffbead75-af91-48da-bbcd-6030f58d089e 0c8cfa4133454b3097b7c50077b745de a0ca050bdd2a42b38f5eef964bc59a02 - - default default] 10.0.0.149 "GET /v2.0/agents HTTP/1.1" status: 200 len: 1390 time: 0.0116556
2026-03-31 06:20:47.040 9 INFO neutron.api.wsgi [None req-4a17f147-8827-4675-9f87-33a446338b0c 0c8cfa4133454b3097b7c50077b745de a0ca050bdd2a42b38f5eef964bc59a02 - - default default] 10.0.0.149 "GET /v2.0/network-ip-availabilities HTTP/1.1" status: 200 len: 3214 time: 0.0282090
2026-03-31 06:20:47.083 9 INFO neutron.api.wsgi [None req-d7edb9d6-6cef-46fb-b83c-bf25a7db2d88 0c8cfa4133454b3097b7c50077b745de a0ca050bdd2a42b38f5eef964bc59a02 - - default default] 10.0.0.149 "GET /v2.0/floatingips HTTP/1.1" status: 200 len: 2956 time: 0.0420029
2026-03-31 06:20:47.119 9 INFO neutron.api.wsgi [None req-6f99565f-eafe-4f5d-8b3f-78f921325159 0c8cfa4133454b3097b7c50077b745de a0ca050bdd2a42b38f5eef964bc59a02 - - default default] 10.0.0.149 "GET /v2.0/subnets HTTP/1.1" status: 200 len: 4219 time: 0.0331187
2026-03-31 06:20:47.168 9 INFO neutron.api.wsgi [None req-72a8978c-98e5-47c4-b138-516cd34febe4 0c8cfa4133454b3097b7c50077b745de a0ca050bdd2a42b38f5eef964bc59a02 - - default default] 10.0.0.149 "GET /v2.0/security-groups HTTP/1.1" status: 200 len: 40647 time: 0.0470467
2026-03-31 06:20:47.265 9 INFO neutron.api.wsgi [None req-bb3159b1-d977-45a2-8b3b-a576a4c0aa39 0c8cfa4133454b3097b7c50077b745de a0ca050bdd2a42b38f5eef964bc59a02 - - default default] 10.0.0.149 "GET /v2.0/ports HTTP/1.1" status: 200 len: 27022 time: 0.0913427
2026-03-31 06:20:47.307 9 INFO neutron.api.wsgi [None req-ed3d7058-8843-4569-b237-c25b6a3874dd 0c8cfa4133454b3097b7c50077b745de a0ca050bdd2a42b38f5eef964bc59a02 - - default default] 10.0.0.149 "GET /v2.0/subnets HTTP/1.1" status: 200 len: 4219 time: 0.0303452
2026-03-31 06:20:47.316 9 INFO neutron.api.wsgi [None req-09358a1a-a680-4bc9-8651-4761bbb65cfe 0c8cfa4133454b3097b7c50077b745de a0ca050bdd2a42b38f5eef964bc59a02 - - default default] 10.0.0.149 "GET /v2.0/subnetpools HTTP/1.1" status: 200 len: 193 time: 0.0071087
2026-03-31 06:20:47.458 10 INFO neutron.api.wsgi [req-19ab671a-894f-44e9-a9a2-f236ff705ae7 req-0e429a41-2ef8-4b9b-a84f-c12e4e63471b dbb518c37be44b84b2a244296ad086fd 2248cef44c9743e7ba41e978ad81de2d - - default default] 10.0.0.204 "GET /v2.0/ports?device_id=f933a581-eb47-4ed1-bfe9-aba4a3a13f1c HTTP/1.1" status: 200 len: 1170 time: 0.0330114
2026-03-31 06:20:47.501 10 INFO neutron.api.wsgi [req-19ab671a-894f-44e9-a9a2-f236ff705ae7 req-6422365f-9e5f-4049-8cf0-71c5f8ece9aa dbb518c37be44b84b2a244296ad086fd 2248cef44c9743e7ba41e978ad81de2d - - default default] 10.0.0.204 "GET /v2.0/security-groups?id=2ba3f522-8176-4a4b-b67b-1ef11658b469&fields=id&fields=name HTTP/1.1" status: 200 len: 313 time: 0.0294678
2026-03-31 06:20:47.552 9 INFO neutron.notifiers.nova [-] Nova event matching ['req-b6451641-b690-4bd6-bd9a-a41380349123'] response: {'name': 'network-changed', 'server_uuid': '45ef1ac0-5e36-4313-be72-f54719e619fc', 'tag': '07f58e6f-b761-4455-9d3b-b2397f060e03', 'status': 'completed', 'code': 200}
2026-03-31 06:20:47.612 10 INFO neutron.api.wsgi [req-1fb0d4f5-ad2f-423f-ab1c-227ba62e684f req-546b83bd-d1f5-4866-8e8c-cb403afd4781 dbb518c37be44b84b2a244296ad086fd 2248cef44c9743e7ba41e978ad81de2d - - default default] 10.0.0.204 "GET /v2.0/ports?device_id=f933a581-eb47-4ed1-bfe9-aba4a3a13f1c HTTP/1.1" status: 200 len: 1170 time: 0.0358109
2026-03-31 06:20:48.049 9 INFO neutron.api.wsgi [req-f955903e-fb1b-48af-9a53-7c7eea8b3255 req-2b134a1e-3203-40ed-a00d-f14668b5268b d893a817ea0f4adca79cbd56fa5323e7 124c6a31530b4044b1b3399b739f39e4 - - default default] 10.0.0.204 "GET /v2.0/ports?device_id=da67a669-436a-4f7c-9c83-e96ba74e3de4 HTTP/1.1" status: 200 len: 1168 time: 0.0412591
2026-03-31 06:20:48.115 9 INFO neutron.api.wsgi [req-a0c6583c-dc03-4bb3-b729-ab122a1f45a7 req-416f2442-29af-4549-9331-84c3dcaaae8d c8ddd317cd4d443493736ba307dca577 1afe58f424034bcbb1c076e279edf9b8 - - ed29042efc3c459c90404065aa83b660 ed29042efc3c459c90404065aa83b660] 199.204.45.30 "GET /v2.0/ports?tenant_id=db3e1c291282459599ed46c70db91e09&device_id=45ef1ac0-5e36-4313-be72-f54719e619fc HTTP/1.1" status: 200 len: 1413 time: 0.0467112
2026-03-31 06:20:48.128 9 INFO neutron.api.wsgi [req-f955903e-fb1b-48af-9a53-7c7eea8b3255 req-9074ebb4-05ab-49e7-a584-50cb03947165 d893a817ea0f4adca79cbd56fa5323e7 124c6a31530b4044b1b3399b739f39e4 - - default default] 10.0.0.204 "GET /v2.0/security-groups?id=31aa6f49-83a6-48a5-895f-bd1f135bf278&fields=id&fields=name HTTP/1.1" status: 200 len: 313 time: 0.0629013
2026-03-31 06:20:48.167 9 INFO neutron.api.wsgi [req-a0c6583c-dc03-4bb3-b729-ab122a1f45a7 req-755d9054-4e00-44d4-99e7-ced4931da409 c8ddd317cd4d443493736ba307dca577 1afe58f424034bcbb1c076e279edf9b8 - - ed29042efc3c459c90404065aa83b660 ed29042efc3c459c90404065aa83b660] 199.204.45.30 "GET /v2.0/networks?id=a9cf7f93-c387-4298-908c-14f04cc7b38e HTTP/1.1" status: 200 len: 981 time: 0.0463517
2026-03-31 06:20:48.207 9 INFO neutron.api.wsgi [req-a0c6583c-dc03-4bb3-b729-ab122a1f45a7 req-f35903f2-76ff-4925-8588-329c3232f8e2 c8ddd317cd4d443493736ba307dca577 1afe58f424034bcbb1c076e279edf9b8 - - ed29042efc3c459c90404065aa83b660 ed29042efc3c459c90404065aa83b660] 199.204.45.30 "GET /v2.0/floatingips?fixed_ip_address=10.100.0.14&port_id=07f58e6f-b761-4455-9d3b-b2397f060e03 HTTP/1.1" status: 200 len: 1060 time: 0.0319543
2026-03-31 06:20:48.232 9 INFO neutron.api.wsgi [req-a0c6583c-dc03-4bb3-b729-ab122a1f45a7 req-de670f8f-5fa1-4503-b04c-c0bc8439e62f c8ddd317cd4d443493736ba307dca577 1afe58f424034bcbb1c076e279edf9b8 - - ed29042efc3c459c90404065aa83b660 ed29042efc3c459c90404065aa83b660] 199.204.45.30 "GET /v2.0/subnets?id=eecc22e9-de3b-4a35-9aa1-588184c9ba1d HTTP/1.1" status: 200 len: 900 time: 0.0189364
2026-03-31 06:20:48.257 9 INFO neutron.api.wsgi [req-a0c6583c-dc03-4bb3-b729-ab122a1f45a7 req-d793b74d-82f8-4584-be33-f64b669c7ab0 c8ddd317cd4d443493736ba307dca577 1afe58f424034bcbb1c076e279edf9b8 - - ed29042efc3c459c90404065aa83b660 ed29042efc3c459c90404065aa83b660] 199.204.45.30 "GET /v2.0/ports?network_id=a9cf7f93-c387-4298-908c-14f04cc7b38e&device_owner=network%3Adhcp HTTP/1.1" status: 200 len: 210 time: 0.0188932
2026-03-31 06:20:48.309 9 INFO neutron.api.wsgi [req-a0c6583c-dc03-4bb3-b729-ab122a1f45a7 req-495615ff-685c-46e7-8315-88a80ff61daf c8ddd317cd4d443493736ba307dca577 1afe58f424034bcbb1c076e279edf9b8 - - ed29042efc3c459c90404065aa83b660 ed29042efc3c459c90404065aa83b660] 199.204.45.30 "GET /v2.0/networks/a9cf7f93-c387-4298-908c-14f04cc7b38e?fields=segments HTTP/1.1" status: 200 len: 212 time: 0.0446451
2026-03-31 06:20:48.368 9 INFO neutron.api.wsgi [req-a0c6583c-dc03-4bb3-b729-ab122a1f45a7 req-3efe8996-d2d1-4096-bcd6-e720df5945bd c8ddd317cd4d443493736ba307dca577 1afe58f424034bcbb1c076e279edf9b8 - - ed29042efc3c459c90404065aa83b660 ed29042efc3c459c90404065aa83b660] 199.204.45.30 "GET /v2.0/networks/a9cf7f93-c387-4298-908c-14f04cc7b38e?fields=provider%3Aphysical_network&fields=provider%3Anetwork_type HTTP/1.1" status: 200 len: 277 time: 0.0518036
2026-03-31 06:20:48.430 10 INFO neutron.db.ovn_revision_numbers_db [None req-e844fd88-6035-4386-ad96-4fbafb47d209 dbb518c37be44b84b2a244296ad086fd 2248cef44c9743e7ba41e978ad81de2d - - default default] Successfully bumped revision number for resource 022cc810-e730-4227-ae51-0e54bb880f6c (type: floatingips) to 1
2026-03-31 06:20:48.542 10 INFO neutron.db.ovn_revision_numbers_db [None req-e844fd88-6035-4386-ad96-4fbafb47d209 dbb518c37be44b84b2a244296ad086fd 2248cef44c9743e7ba41e978ad81de2d - - default default] Successfully bumped revision number for resource 022cc810-e730-4227-ae51-0e54bb880f6c (type: floatingips) to 2
2026-03-31 06:20:48.542 10 INFO neutron.db.l3_db [None req-e844fd88-6035-4386-ad96-4fbafb47d209 dbb518c37be44b84b2a244296ad086fd 2248cef44c9743e7ba41e978ad81de2d - - default default] Floating IP 022cc810-e730-4227-ae51-0e54bb880f6c associated. External IP: 10.96.250.211, port: c71df59e-ab2e-42f5-828e-79e3b2a3eab3.
2026-03-31 06:20:48.574 10 INFO neutron.api.wsgi [None req-e844fd88-6035-4386-ad96-4fbafb47d209 dbb518c37be44b84b2a244296ad086fd 2248cef44c9743e7ba41e978ad81de2d - - default default] 10.0.0.21 "PUT /v2.0/floatingips/022cc810-e730-4227-ae51-0e54bb880f6c HTTP/1.1" status: 200 len: 1049 time: 0.9532299
2026-03-31 06:20:48.621 10 INFO neutron.notifiers.nova [-] Nova event matching ['req-a95134aa-c000-4bd3-90d1-40de6791e444'] response: {'name': 'network-changed', 'server_uuid': 'f933a581-eb47-4ed1-bfe9-aba4a3a13f1c', 'tag': 'c71df59e-ab2e-42f5-828e-79e3b2a3eab3', 'status': 'completed', 'code': 200}
2026-03-31 06:20:48.702 9 INFO neutron.api.wsgi [req-778c0d5b-e506-4f8c-8ef8-d6a18f20ddbc req-31ded9ff-0e89-4ebf-9f8d-d349460d805b dbb518c37be44b84b2a244296ad086fd 2248cef44c9743e7ba41e978ad81de2d - - default default] 10.0.0.204 "GET /v2.0/ports?device_id=f933a581-eb47-4ed1-bfe9-aba4a3a13f1c HTTP/1.1" status: 200 len: 1170 time: 0.0721955
2026-03-31 06:20:48.742 9 INFO neutron.api.wsgi [req-778c0d5b-e506-4f8c-8ef8-d6a18f20ddbc req-faaeb2c1-8217-4f55-adff-2a2b63df7226 dbb518c37be44b84b2a244296ad086fd 2248cef44c9743e7ba41e978ad81de2d - - default default] 10.0.0.204 "GET /v2.0/security-groups?id=2ba3f522-8176-4a4b-b67b-1ef11658b469&fields=id&fields=name HTTP/1.1" status: 200 len: 313 time: 0.0347157 /var/lib/openstack/lib/python3.12/site-packages/pycadf/identifier.py:71: UserWarning: Invalid uuid: neutron. To ensure interoperability, identifiers should be a valid uuid. warnings.warn(('Invalid uuid: %s. To ensure interoperability, '
2026-03-31 06:20:49.126 10 INFO neutron.api.wsgi [req-824544fd-5fc0-4a94-ae34-8481585b10c9 req-fadda618-1e4d-4f04-a34f-1a47c7872cd4 dbb518c37be44b84b2a244296ad086fd 2248cef44c9743e7ba41e978ad81de2d - - default default] 10.0.0.204 "GET /v2.0/ports?device_id=f933a581-eb47-4ed1-bfe9-aba4a3a13f1c HTTP/1.1" status: 200 len: 1170 time: 0.0758543
2026-03-31 06:20:49.165 9 INFO neutron.api.wsgi [req-a7d3c344-4061-4296-afec-44ad674ef844 req-d982da25-945c-4450-b2a9-5dccbab4bf74 c8ddd317cd4d443493736ba307dca577 1afe58f424034bcbb1c076e279edf9b8 - - ed29042efc3c459c90404065aa83b660 ed29042efc3c459c90404065aa83b660] 199.204.45.30 "GET /v2.0/ports?tenant_id=2248cef44c9743e7ba41e978ad81de2d&device_id=f933a581-eb47-4ed1-bfe9-aba4a3a13f1c HTTP/1.1" status: 200 len: 1409 time: 0.0322187
2026-03-31 06:20:49.183 10 INFO neutron.api.wsgi [req-824544fd-5fc0-4a94-ae34-8481585b10c9 req-7f2c5e0a-2a1c-4ee5-a519-5599f31389a7 dbb518c37be44b84b2a244296ad086fd 2248cef44c9743e7ba41e978ad81de2d - - default default] 10.0.0.204 "GET /v2.0/security-groups?id=2ba3f522-8176-4a4b-b67b-1ef11658b469&fields=id&fields=name HTTP/1.1" status: 200 len: 313 time: 0.0496554
2026-03-31 06:20:49.231 9 INFO neutron.api.wsgi [req-a7d3c344-4061-4296-afec-44ad674ef844 req-b3f7d94b-af25-46cb-9a7e-0b14fa8a3f18 c8ddd317cd4d443493736ba307dca577 1afe58f424034bcbb1c076e279edf9b8 - - ed29042efc3c459c90404065aa83b660 ed29042efc3c459c90404065aa83b660] 199.204.45.30 "GET /v2.0/networks?id=743d559a-470b-475c-95f6-b96c87c7e8fb HTTP/1.1" status: 200 len: 974 time: 0.0599546
2026-03-31 06:20:49.277 9 INFO neutron.api.wsgi [req-a7d3c344-4061-4296-afec-44ad674ef844 req-f96e973b-4e0d-455e-bc91-0af47260b42d c8ddd317cd4d443493736ba307dca577 1afe58f424034bcbb1c076e279edf9b8 - - ed29042efc3c459c90404065aa83b660 ed29042efc3c459c90404065aa83b660] 199.204.45.30 "GET /v2.0/floatingips?fixed_ip_address=10.100.0.4&port_id=c71df59e-ab2e-42f5-828e-79e3b2a3eab3 HTTP/1.1" status: 200 len: 1059 time: 0.0402501
2026-03-31 06:20:49.294 9 INFO neutron.api.wsgi [req-d1ad9578-5ce2-4f99-b01c-87e0c0da5b86 req-fc0d324e-4ce4-42bf-a5d7-580d3b8ccf58 d893a817ea0f4adca79cbd56fa5323e7 124c6a31530b4044b1b3399b739f39e4 - - default default] 10.0.0.204 "GET /v2.0/ports?device_id=da67a669-436a-4f7c-9c83-e96ba74e3de4 HTTP/1.1" status: 200 len: 1168 time: 0.0907874
2026-03-31 06:20:49.313 9 INFO neutron.api.wsgi [req-a7d3c344-4061-4296-afec-44ad674ef844 req-351f6141-ca06-43c3-85e1-ad28d5a17a01 c8ddd317cd4d443493736ba307dca577 1afe58f424034bcbb1c076e279edf9b8 - - ed29042efc3c459c90404065aa83b660 ed29042efc3c459c90404065aa83b660] 199.204.45.30 "GET /v2.0/subnets?id=ac89c886-7794-4202-89e3-db890b22c566 HTTP/1.1" status: 200 len: 893 time: 0.0322251
2026-03-31 06:20:49.336 9 INFO neutron.api.wsgi [req-a7d3c344-4061-4296-afec-44ad674ef844 req-865bd12f-7f9b-4d53-bc5d-b1f93187f264 c8ddd317cd4d443493736ba307dca577 1afe58f424034bcbb1c076e279edf9b8 - - ed29042efc3c459c90404065aa83b660 ed29042efc3c459c90404065aa83b660] 199.204.45.30 "GET /v2.0/ports?network_id=743d559a-470b-475c-95f6-b96c87c7e8fb&device_owner=network%3Adhcp HTTP/1.1" status: 200 len: 210 time: 0.0169382
2026-03-31 06:20:49.345 9 INFO neutron.api.wsgi [req-d1ad9578-5ce2-4f99-b01c-87e0c0da5b86 req-2e57e7fb-942f-4c61-ab8c-7295c6e034d7 d893a817ea0f4adca79cbd56fa5323e7 124c6a31530b4044b1b3399b739f39e4 - - default default] 10.0.0.204 "GET /v2.0/security-groups?id=31aa6f49-83a6-48a5-895f-bd1f135bf278&fields=id&fields=name HTTP/1.1" status: 200 len: 313 time: 0.0448148
2026-03-31 06:20:49.392 9 INFO neutron.api.wsgi [req-a7d3c344-4061-4296-afec-44ad674ef844 req-a7ce5466-5874-4116-89e5-25885b579d37 c8ddd317cd4d443493736ba307dca577 1afe58f424034bcbb1c076e279edf9b8 - - ed29042efc3c459c90404065aa83b660 ed29042efc3c459c90404065aa83b660] 199.204.45.30 "GET /v2.0/networks/743d559a-470b-475c-95f6-b96c87c7e8fb?fields=segments HTTP/1.1" status: 200 len: 212 time: 0.0507061
2026-03-31 06:20:49.438 9 INFO neutron.api.wsgi [req-a7d3c344-4061-4296-afec-44ad674ef844 req-e4282160-df59-45ff-935e-46bed1eef08a c8ddd317cd4d443493736ba307dca577 1afe58f424034bcbb1c076e279edf9b8 - - ed29042efc3c459c90404065aa83b660 ed29042efc3c459c90404065aa83b660] 199.204.45.30 "GET /v2.0/networks/743d559a-470b-475c-95f6-b96c87c7e8fb?fields=provider%3Aphysical_network&fields=provider%3Anetwork_type HTTP/1.1" status: 200 len: 277 time: 0.0400772
2026-03-31 06:20:49.610 9 INFO neutron.plugins.ml2.drivers.ovn.mech_driver.mech_driver [None req-d406600c-84c8-4898-a0c6-00db9ee7a2a7 - - - - - -] OVN reports status down for port: c71df59e-ab2e-42f5-828e-79e3b2a3eab3
2026-03-31 06:20:49.718 9 INFO neutron.notifiers.nova [-] Nova event matching ['req-5a234bbc-4ce1-45e1-9fde-09074d23f236'] response: {'server_uuid': 'f933a581-eb47-4ed1-bfe9-aba4a3a13f1c', 'name': 'network-vif-unplugged', 'status': 'completed', 'tag': 'c71df59e-ab2e-42f5-828e-79e3b2a3eab3', 'code': 200}
2026-03-31 06:20:49.822 9 INFO neutron.db.ovn_revision_numbers_db [None req-d406600c-84c8-4898-a0c6-00db9ee7a2a7 - - - - - -] Successfully bumped revision number for resource c71df59e-ab2e-42f5-828e-79e3b2a3eab3 (type: ports) to 6 /var/lib/openstack/lib/python3.12/site-packages/pycadf/identifier.py:71: UserWarning: Invalid uuid: neutron. To ensure interoperability, identifiers should be a valid uuid. warnings.warn(('Invalid uuid: %s. To ensure interoperability, '
2026-03-31 06:20:50.279 9 INFO neutron.api.wsgi [req-d81bcf69-9778-4e11-9911-b627e3eab622 req-8eb5cfa4-fac1-49b0-b427-78fab6ecb1c2 dbb518c37be44b84b2a244296ad086fd 2248cef44c9743e7ba41e978ad81de2d - - default default] 10.0.0.204 "GET /v2.0/ports?device_id=f933a581-eb47-4ed1-bfe9-aba4a3a13f1c HTTP/1.1" status: 200 len: 1168 time: 0.0372412
2026-03-31 06:20:50.318 9 INFO neutron.api.wsgi [req-d81bcf69-9778-4e11-9911-b627e3eab622 req-6fbf6bdc-10be-45ac-af66-256d06d74c1b dbb518c37be44b84b2a244296ad086fd 2248cef44c9743e7ba41e978ad81de2d - - default default] 10.0.0.204 "GET /v2.0/security-groups?id=2ba3f522-8176-4a4b-b67b-1ef11658b469&fields=id&fields=name HTTP/1.1" status: 200 len: 313 time: 0.0337551
2026-03-31 06:20:50.441 10 INFO neutron.api.wsgi [req-d1100057-cd41-4b51-b23d-0bb2e71ab6d0 req-563f2dc1-01cf-4f16-afee-e7d8bd5981f5 d893a817ea0f4adca79cbd56fa5323e7 124c6a31530b4044b1b3399b739f39e4 - - default default] 10.0.0.204 "GET /v2.0/ports?device_id=da67a669-436a-4f7c-9c83-e96ba74e3de4 HTTP/1.1" status: 200 len: 1168 time: 0.0410981
2026-03-31 06:20:50.451 10 INFO neutron.plugins.ml2.drivers.ovn.mech_driver.mech_driver [None req-88129236-4e76-44c1-aafa-800d6302af3f - - - - - -] OVN reports status up for port: 8a45beab-2f34-44b3-9c56-2dd232a64877
2026-03-31 06:20:50.469 10 INFO neutron.plugins.ml2.plugin [None req-88129236-4e76-44c1-aafa-800d6302af3f - - - - - -] Attempt 1 to provision port 8a45beab-2f34-44b3-9c56-2dd232a64877
2026-03-31 06:20:50.494 10 INFO neutron.api.wsgi [req-d1100057-cd41-4b51-b23d-0bb2e71ab6d0 req-4ce0d986-7f13-430f-9ef3-1d77e71c0a4d d893a817ea0f4adca79cbd56fa5323e7 124c6a31530b4044b1b3399b739f39e4 - - default default] 10.0.0.204 "GET /v2.0/security-groups?id=31aa6f49-83a6-48a5-895f-bd1f135bf278&fields=id&fields=name HTTP/1.1" status: 200 len: 313 time: 0.0464430
2026-03-31 06:20:50.653 10 INFO neutron.notifiers.nova [-] Nova event matching ['req-3a76af43-cb23-40fb-b884-b8b4e1759400'] response: {'server_uuid': 'da67a669-436a-4f7c-9c83-e96ba74e3de4', 'name': 'network-vif-plugged', 'status': 'completed', 'tag': '8a45beab-2f34-44b3-9c56-2dd232a64877', 'code': 200}
2026-03-31 06:20:50.752 10 INFO neutron.db.ovn_revision_numbers_db [None req-88129236-4e76-44c1-aafa-800d6302af3f - - - - - -] Successfully bumped revision number for resource 8a45beab-2f34-44b3-9c56-2dd232a64877 (type: ports) to 5
2026-03-31 06:20:50.837 9 INFO neutron.api.wsgi [req-a4c3b8ad-54b3-48b4-bf35-bbb79a85fff3 req-5a22b50f-95f5-452a-8c71-55baf5c43edc dbb518c37be44b84b2a244296ad086fd 2248cef44c9743e7ba41e978ad81de2d - - default default] 199.204.45.30 "GET /v2.0/ports?device_id=f933a581-eb47-4ed1-bfe9-aba4a3a13f1c HTTP/1.1" status: 200 len: 1168 time: 0.0374813
2026-03-31 06:20:51.261 9 INFO neutron.db.l3_db [req-a4c3b8ad-54b3-48b4-bf35-bbb79a85fff3 req-86201317-2f52-43eb-8339-bf96ead715bb dbb518c37be44b84b2a244296ad086fd 2248cef44c9743e7ba41e978ad81de2d - - default default] Floating IP 022cc810-e730-4227-ae51-0e54bb880f6c disassociated. External IP: 10.96.250.211, port: c71df59e-ab2e-42f5-828e-79e3b2a3eab3. /var/lib/openstack/lib/python3.12/site-packages/pycadf/identifier.py:71: UserWarning: Invalid uuid: neutron. To ensure interoperability, identifiers should be a valid uuid. warnings.warn(('Invalid uuid: %s. To ensure interoperability, '
2026-03-31 06:20:51.479 10 INFO neutron.api.wsgi [req-6b2591c7-0d80-4f8f-a473-3d96feca7aff req-465eced3-c850-43c3-9168-739479ad22ec 860a99c8c32b4bf7b981c34e49a840cc 5d29fb9856c94f3991ff7026e886d048 - - default default] 10.0.0.204 "GET /v2.0/ports?device_id=b47246e8-9d23-4b6b-bc04-10fc93bce38f HTTP/1.1" status: 200 len: 1170 time: 0.1130564
2026-03-31 06:20:51.527 9 INFO neutron.api.wsgi [req-cd8f3d44-3848-4f89-99ca-a3e64e7d0046 req-dd6b2afc-831b-4e13-ac64-5d1457a5a308 dbb518c37be44b84b2a244296ad086fd 2248cef44c9743e7ba41e978ad81de2d - - default default] 10.0.0.204 "GET /v2.0/ports?device_id=f933a581-eb47-4ed1-bfe9-aba4a3a13f1c HTTP/1.1" status: 200 len: 1168 time: 0.0460167
2026-03-31 06:20:51.536 10 INFO neutron.api.wsgi [req-6b2591c7-0d80-4f8f-a473-3d96feca7aff req-11b04c4f-d287-43ff-a007-5539ea8b6509 860a99c8c32b4bf7b981c34e49a840cc 5d29fb9856c94f3991ff7026e886d048 - - default default] 10.0.0.204 "GET /v2.0/security-groups?id=f3f21c22-5588-4e5d-8a2f-16ef9bd7c50c&fields=id&fields=name HTTP/1.1" status: 200 len: 313 time: 0.0502644
2026-03-31 06:20:51.573 9 INFO neutron.api.wsgi [req-a4c3b8ad-54b3-48b4-bf35-bbb79a85fff3 req-86201317-2f52-43eb-8339-bf96ead715bb dbb518c37be44b84b2a244296ad086fd 2248cef44c9743e7ba41e978ad81de2d - - default default] 199.204.45.30 "DELETE /v2.0/ports/c71df59e-ab2e-42f5-828e-79e3b2a3eab3 HTTP/1.1" status: 204 len: 173 time: 0.7320576
2026-03-31 06:20:51.589 9 INFO neutron.api.wsgi [req-cd8f3d44-3848-4f89-99ca-a3e64e7d0046 req-d19ebbb9-ace3-49f1-8d4a-c303f3f871b0 dbb518c37be44b84b2a244296ad086fd 2248cef44c9743e7ba41e978ad81de2d - - default default] 10.0.0.204 "GET /v2.0/security-groups?id=2ba3f522-8176-4a4b-b67b-1ef11658b469&fields=id&fields=name HTTP/1.1" status: 200 len: 313 time: 0.0562031
2026-03-31 06:20:51.684 10 INFO neutron.api.wsgi [req-b11355a2-0d46-476e-a3c7-5bfadd894877 req-ead5ee43-cd5e-49ab-b401-674418e7d331 d893a817ea0f4adca79cbd56fa5323e7 124c6a31530b4044b1b3399b739f39e4 - - default default] 10.0.0.204 "GET /v2.0/ports?device_id=da67a669-436a-4f7c-9c83-e96ba74e3de4 HTTP/1.1" status: 200 len: 1170 time: 0.0840895
2026-03-31 06:20:51.731 10 INFO neutron.api.wsgi [req-b11355a2-0d46-476e-a3c7-5bfadd894877 req-52cb398c-c61a-4a1d-af72-b329aadafb91 d893a817ea0f4adca79cbd56fa5323e7 124c6a31530b4044b1b3399b739f39e4 - - default default] 10.0.0.204 "GET /v2.0/security-groups?id=31aa6f49-83a6-48a5-895f-bd1f135bf278&fields=id&fields=name HTTP/1.1" status: 200 len: 313 time: 0.0396581
2026-03-31 06:20:51.733 9 INFO neutron.api.wsgi [req-e2ebc0f7-e9f4-4a20-a6df-bdbbff27878e req-bcb8ee99-1501-4182-a125-2e3029e27592 860a99c8c32b4bf7b981c34e49a840cc 5d29fb9856c94f3991ff7026e886d048 - - default default] 10.0.0.204 "GET /v2.0/ports?device_id=b47246e8-9d23-4b6b-bc04-10fc93bce38f HTTP/1.1" status: 200 len: 1170 time: 0.0908654
2026-03-31 06:20:51.771 9 INFO neutron.notifiers.nova [-] Nova event matching ['req-813c015c-740e-4aea-8ec8-402c04aa0763'] response: {'server_uuid': 'f933a581-eb47-4ed1-bfe9-aba4a3a13f1c', 'name': 'network-vif-unplugged', 'status': 'completed', 'tag': 'c71df59e-ab2e-42f5-828e-79e3b2a3eab3', 'code': 200}
2026-03-31 06:20:51.771 9 INFO neutron.notifiers.nova [-] Nova event matching ['req-813c015c-740e-4aea-8ec8-402c04aa0763'] response: {'server_uuid': 'f933a581-eb47-4ed1-bfe9-aba4a3a13f1c', 'name': 'network-vif-deleted', 'tag': 'c71df59e-ab2e-42f5-828e-79e3b2a3eab3', 'status': 'completed', 'code': 200}
2026-03-31 06:20:51.788 9 INFO neutron.api.wsgi [req-e2ebc0f7-e9f4-4a20-a6df-bdbbff27878e req-7302c030-de0b-4a20-aef1-be576f51ec02 860a99c8c32b4bf7b981c34e49a840cc 5d29fb9856c94f3991ff7026e886d048 - - default default] 10.0.0.204 "GET /v2.0/security-groups?id=f3f21c22-5588-4e5d-8a2f-16ef9bd7c50c&fields=id&fields=name HTTP/1.1" status: 200 len: 313 time: 0.0489910
2026-03-31 06:20:52.235 9 INFO neutron.api.wsgi [req-d827db4c-8aee-4cb4-8db2-6808b6f6ef2a req-1d8999a2-ace2-42e6-8d87-3c0c40844d07 860a99c8c32b4bf7b981c34e49a840cc 5d29fb9856c94f3991ff7026e886d048 - - default default] 10.0.0.204 "GET /v2.0/ports?device_id=b47246e8-9d23-4b6b-bc04-10fc93bce38f HTTP/1.1" status: 200 len: 1170 time: 0.0394185
2026-03-31 06:20:52.272 9 INFO neutron.api.wsgi [req-d827db4c-8aee-4cb4-8db2-6808b6f6ef2a req-0a40890d-dc7d-4055-8cb6-9953b4840baf 860a99c8c32b4bf7b981c34e49a840cc 5d29fb9856c94f3991ff7026e886d048 - - default default] 10.0.0.204 "GET /v2.0/security-groups?id=f3f21c22-5588-4e5d-8a2f-16ef9bd7c50c&fields=id&fields=name HTTP/1.1" status: 200 len: 313 time: 0.0310266
2026-03-31 06:20:52.681 10 INFO neutron.api.wsgi [req-3557064a-ab49-4711-9628-de86048f1e86 req-00f15656-eac0-4609-961b-c72e55a1f2bf dbb518c37be44b84b2a244296ad086fd 2248cef44c9743e7ba41e978ad81de2d - - default default] 10.0.0.204 "GET /v2.0/ports?device_id=f933a581-eb47-4ed1-bfe9-aba4a3a13f1c HTTP/1.1" status: 200 len: 210 time: 0.0191541
2026-03-31 06:20:52.695 10 INFO neutron.notifiers.nova [-] Nova event matching ['req-fb88d2ab-4752-4468-8a1b-b8f1bb700027'] response: {'server_uuid': 'da67a669-436a-4f7c-9c83-e96ba74e3de4', 'name': 'network-vif-plugged', 'status': 'completed', 'tag': '8a45beab-2f34-44b3-9c56-2dd232a64877', 'code': 200}
2026-03-31 06:20:52.825 10 INFO neutron.api.wsgi [req-7135e22e-c0a5-4f55-98da-335c70bc7f71 req-b97d1ab1-9437-468d-9767-56e85e6fdc54 d893a817ea0f4adca79cbd56fa5323e7 124c6a31530b4044b1b3399b739f39e4 - - default default] 10.0.0.204 "GET /v2.0/ports?device_id=da67a669-436a-4f7c-9c83-e96ba74e3de4 HTTP/1.1" status: 200 len: 1170 time: 0.0336854
2026-03-31 06:20:52.858 10 INFO neutron.api.wsgi [req-7135e22e-c0a5-4f55-98da-335c70bc7f71 req-e16bfdfc-ec0c-4d7c-83e1-9f1f2ebb0ae4 d893a817ea0f4adca79cbd56fa5323e7 124c6a31530b4044b1b3399b739f39e4 - - default default] 10.0.0.204 "GET /v2.0/security-groups?id=31aa6f49-83a6-48a5-895f-bd1f135bf278&fields=id&fields=name HTTP/1.1" status: 200 len: 313 time: 0.0300386
2026-03-31 06:20:52.950 9 INFO neutron.api.wsgi [req-ad76ee50-0697-49df-91ed-63925e8494a8 req-073d78e3-6ddc-4ac7-bb16-83f0bf486996 d893a817ea0f4adca79cbd56fa5323e7 124c6a31530b4044b1b3399b739f39e4 - - default default] 10.0.0.204 "GET /v2.0/ports?device_id=da67a669-436a-4f7c-9c83-e96ba74e3de4 HTTP/1.1" status: 200 len: 1170 time: 0.0320301
2026-03-31 06:20:53.370 10 INFO neutron.api.wsgi [req-3a9b26e6-003c-4a43-8cc2-a0b4ac4e2196 req-42a3ffa0-7577-41c4-b1ee-156ad2e296bb 860a99c8c32b4bf7b981c34e49a840cc 5d29fb9856c94f3991ff7026e886d048 - - default default] 10.0.0.204 "GET /v2.0/ports?device_id=b47246e8-9d23-4b6b-bc04-10fc93bce38f HTTP/1.1" status: 200 len: 1170 time: 0.0382135
2026-03-31 06:20:53.438 9 INFO neutron.db.ovn_revision_numbers_db [None req-83b2b31a-ff08-48d4-ae94-c3f3eac254bd d893a817ea0f4adca79cbd56fa5323e7 124c6a31530b4044b1b3399b739f39e4 - - default default] Successfully bumped revision number for resource 4baeb7cc-85aa-455f-b5f7-f458940a2d02 (type: floatingips) to 1
2026-03-31 06:20:53.441 10 INFO neutron.api.wsgi [req-3a9b26e6-003c-4a43-8cc2-a0b4ac4e2196 req-97ce7dcf-e085-4119-b339-6f4857f00570 860a99c8c32b4bf7b981c34e49a840cc 5d29fb9856c94f3991ff7026e886d048 - - default default] 10.0.0.204 "GET /v2.0/security-groups?id=f3f21c22-5588-4e5d-8a2f-16ef9bd7c50c&fields=id&fields=name HTTP/1.1" status: 200 len: 313 time: 0.0628221
2026-03-31 06:20:53.561 9 INFO neutron.db.ovn_revision_numbers_db [None req-83b2b31a-ff08-48d4-ae94-c3f3eac254bd d893a817ea0f4adca79cbd56fa5323e7 124c6a31530b4044b1b3399b739f39e4 - - default default] Successfully bumped revision number for resource 4baeb7cc-85aa-455f-b5f7-f458940a2d02 (type: floatingips) to 2
2026-03-31 06:20:53.561 9 INFO neutron.db.l3_db [None req-83b2b31a-ff08-48d4-ae94-c3f3eac254bd d893a817ea0f4adca79cbd56fa5323e7 124c6a31530b4044b1b3399b739f39e4 - - default default] Floating IP 4baeb7cc-85aa-455f-b5f7-f458940a2d02 associated. External IP: 10.96.250.218, port: 8a45beab-2f34-44b3-9c56-2dd232a64877.
2026-03-31 06:20:53.588 9 INFO neutron.api.wsgi [None req-83b2b31a-ff08-48d4-ae94-c3f3eac254bd d893a817ea0f4adca79cbd56fa5323e7 124c6a31530b4044b1b3399b739f39e4 - - default default] 10.0.0.21 "PUT /v2.0/floatingips/4baeb7cc-85aa-455f-b5f7-f458940a2d02 HTTP/1.1" status: 200 len: 1049 time: 0.6179028
2026-03-31 06:20:53.671 9 INFO neutron.api.wsgi [req-353b3e15-683e-40ab-bed5-21f2a27fb667 req-cdaea5c6-7a76-4174-b163-285bbdac1bb2 d893a817ea0f4adca79cbd56fa5323e7 124c6a31530b4044b1b3399b739f39e4 - - default default] 10.0.0.204 "GET /v2.0/ports?device_id=da67a669-436a-4f7c-9c83-e96ba74e3de4 HTTP/1.1" status: 200 len: 1170 time: 0.0345161
2026-03-31 06:20:53.707 9 INFO neutron.api.wsgi [req-353b3e15-683e-40ab-bed5-21f2a27fb667 req-d0bde1fa-6dc0-45d9-b5d3-3b57261c373f d893a817ea0f4adca79cbd56fa5323e7 124c6a31530b4044b1b3399b739f39e4 - - default default] 10.0.0.204 "GET /v2.0/security-groups?id=31aa6f49-83a6-48a5-895f-bd1f135bf278&fields=id&fields=name HTTP/1.1" status: 200 len: 313 time: 0.0306401
2026-03-31 06:20:53.759 9 INFO neutron.api.wsgi [req-2b0fcf71-ec1d-447c-9f7a-b9412a67d567 req-cfb3d9a9-44be-4d23-984c-e3dea4b3905c c8ddd317cd4d443493736ba307dca577 1afe58f424034bcbb1c076e279edf9b8 - - ed29042efc3c459c90404065aa83b660 ed29042efc3c459c90404065aa83b660] 199.204.45.30 "GET /v2.0/ports?tenant_id=5d29fb9856c94f3991ff7026e886d048&device_id=b47246e8-9d23-4b6b-bc04-10fc93bce38f HTTP/1.1" status: 200 len: 1409 time: 0.0410600 /var/lib/openstack/lib/python3.12/site-packages/pycadf/identifier.py:71: UserWarning: Invalid uuid: neutron. To ensure interoperability, identifiers should be a valid uuid. warnings.warn(('Invalid uuid: %s. To ensure interoperability, '
