2026-03-31 06:21:06.173 9 INFO neutron.api.wsgi [req-e551ce51-d49a-46e8-b262-6bea00033045 req-27678f5c-ca08-42df-a7a6-6e0607c2781f 866d0d9f04c64fb89918ea5b5a679bd8 db3e1c291282459599ed46c70db91e09 - - default default] 199.204.45.30 "GET /v2.0/ports?device_id=45ef1ac0-5e36-4313-be72-f54719e619fc&device_owner=compute%3Anova&fixed_ips=ip_address%3D10.100.0.4 HTTP/1.1" status: 200 len: 1352 time: 0.0582047 /var/lib/openstack/lib/python3.12/site-packages/pycadf/identifier.py:71: UserWarning: Invalid uuid: neutron. To ensure interoperability, identifiers should be a valid uuid. warnings.warn(('Invalid uuid: %s. To ensure interoperability, '
2026-03-31 06:21:06.653 9 INFO neutron.db.ovn_revision_numbers_db [req-e551ce51-d49a-46e8-b262-6bea00033045 req-24506493-43d2-4c29-b738-ce248782ef04 866d0d9f04c64fb89918ea5b5a679bd8 db3e1c291282459599ed46c70db91e09 - - default default] Successfully bumped revision number for resource 07f58e6f-b761-4455-9d3b-b2397f060e03 (type: ports) to 7
2026-03-31 06:21:06.663 9 INFO neutron.api.wsgi [req-e551ce51-d49a-46e8-b262-6bea00033045 req-24506493-43d2-4c29-b738-ce248782ef04 866d0d9f04c64fb89918ea5b5a679bd8 db3e1c291282459599ed46c70db91e09 - - default default] 199.204.45.30 "PUT /v2.0/ports/07f58e6f-b761-4455-9d3b-b2397f060e03 HTTP/1.1" status: 200 len: 1171 time: 0.4859807
2026-03-31 06:21:06.693 9 INFO neutron.db.ovn_revision_numbers_db [None req-ee470d65-8f10-4350-91fa-32108aef0360 0c8cfa4133454b3097b7c50077b745de a0ca050bdd2a42b38f5eef964bc59a02 - - default default] Successfully bumped revision number for resource 773caf3d-1bde-471e-9dcf-73408359b84e (type: security_groups) to 1
2026-03-31 06:21:06.697 9 INFO neutron.notifiers.nova [-] Nova event matching ['req-c3b06b27-8687-49ee-83c8-2bbb4ee3c7d3'] response: {'name': 'network-changed', 'server_uuid': '45ef1ac0-5e36-4313-be72-f54719e619fc', 'tag': '07f58e6f-b761-4455-9d3b-b2397f060e03', 'status': 'completed', 'code': 200}
2026-03-31 06:21:06.708 9 INFO neutron.db.ovn_revision_numbers_db [None req-ee470d65-8f10-4350-91fa-32108aef0360 0c8cfa4133454b3097b7c50077b745de a0ca050bdd2a42b38f5eef964bc59a02 - - default default] Successfully bumped revision number for resource 77797419-7750-4930-bb21-b52bfd1fb9ff (type: security_group_rules) to 0
2026-03-31 06:21:06.722 9 INFO neutron.db.ovn_revision_numbers_db [None req-ee470d65-8f10-4350-91fa-32108aef0360 0c8cfa4133454b3097b7c50077b745de a0ca050bdd2a42b38f5eef964bc59a02 - - default default] Successfully bumped revision number for resource d32e0555-dbd0-456d-879d-15f282a823c3 (type: security_group_rules) to 0
2026-03-31 06:21:06.738 9 INFO neutron.db.ovn_revision_numbers_db [None req-ee470d65-8f10-4350-91fa-32108aef0360 0c8cfa4133454b3097b7c50077b745de a0ca050bdd2a42b38f5eef964bc59a02 - - default default] Successfully bumped revision number for resource fba11a97-b9da-4fa5-a034-16e967e49f87 (type: security_group_rules) to 0
2026-03-31 06:21:06.752 9 INFO neutron.db.ovn_revision_numbers_db [None req-ee470d65-8f10-4350-91fa-32108aef0360 0c8cfa4133454b3097b7c50077b745de a0ca050bdd2a42b38f5eef964bc59a02 - - default default] Successfully bumped revision number for resource fbe29816-f696-4188-be01-d85ca8be70ac (type: security_group_rules) to 0
2026-03-31 06:21:06.829 9 INFO neutron.db.segments_db [None req-ee470d65-8f10-4350-91fa-32108aef0360 0c8cfa4133454b3097b7c50077b745de a0ca050bdd2a42b38f5eef964bc59a02 - - default default] Added segment 12886853-8e10-4568-b464-c75704df11fa of type geneve for network 78b55ef5-8af7-4859-bbbf-fdf8ccac6498
2026-03-31 06:21:06.946 9 INFO neutron.db.ovn_revision_numbers_db [None req-ee470d65-8f10-4350-91fa-32108aef0360 0c8cfa4133454b3097b7c50077b745de a0ca050bdd2a42b38f5eef964bc59a02 - - default default] Successfully bumped revision number for resource 78b55ef5-8af7-4859-bbbf-fdf8ccac6498 (type: networks) to 1
2026-03-31 06:21:07.068 9 INFO neutron.api.wsgi [req-5ffaf3af-3881-4f19-824e-5969e529cb6b req-a9da410d-0ce7-483e-bf4b-692e77fd9b4c f7ed42b7ae1443739badfd06afa007a9 ad888be67fb04d8bb0f203d4edb5a6f5 - - default default] 10.0.0.204 "GET /v2.0/networks?id=0b047da7-e1e4-4d5c-af9e-a1c7981a75e3 HTTP/1.1" status: 200 len: 876 time: 0.0513463
2026-03-31 06:21:07.089 9 INFO neutron.api.wsgi [req-5ffaf3af-3881-4f19-824e-5969e529cb6b req-6740d236-f673-42a4-ad21-41773e5fcea0 f7ed42b7ae1443739badfd06afa007a9 ad888be67fb04d8bb0f203d4edb5a6f5 - - default default] 10.0.0.204 "GET /v2.0/quotas/ad888be67fb04d8bb0f203d4edb5a6f5 HTTP/1.1" status: 200 len: 491 time: 0.0137742
2026-03-31 06:21:07.125 9 WARNING neutron.scheduler.dhcp_agent_scheduler [None req-ee470d65-8f10-4350-91fa-32108aef0360 0c8cfa4133454b3097b7c50077b745de a0ca050bdd2a42b38f5eef964bc59a02 - - default default] No more DHCP agents
2026-03-31 06:21:07.129 9 WARNING neutron.api.rpc.agentnotifiers.dhcp_rpc_agent_api [None req-ee470d65-8f10-4350-91fa-32108aef0360 0c8cfa4133454b3097b7c50077b745de a0ca050bdd2a42b38f5eef964bc59a02 - - default default] Unable to schedule network 78b55ef5-8af7-4859-bbbf-fdf8ccac6498: no agents available; will retry on subsequent port and subnet creation events.
2026-03-31 06:21:07.171 9 INFO neutron.api.wsgi [req-5ffaf3af-3881-4f19-824e-5969e529cb6b req-0ee1bf6f-f567-4e1e-bc64-56086c1abd7e f7ed42b7ae1443739badfd06afa007a9 ad888be67fb04d8bb0f203d4edb5a6f5 - - default default] 10.0.0.204 "GET /v2.0/ports?tenant_id=ad888be67fb04d8bb0f203d4edb5a6f5&fields=id HTTP/1.1" status: 200 len: 302 time: 0.0754726
2026-03-31 06:21:07.219 9 INFO neutron.db.ovn_revision_numbers_db [None req-ee470d65-8f10-4350-91fa-32108aef0360 0c8cfa4133454b3097b7c50077b745de a0ca050bdd2a42b38f5eef964bc59a02 - - default default] Successfully bumped revision number for resource b80b451d-c554-40ca-b576-502fcb13a4dd (type: ports) to 1
2026-03-31 06:21:07.229 9 INFO neutron.api.wsgi [req-e551ce51-d49a-46e8-b262-6bea00033045 req-06a3cbbf-f48f-4c6e-bc50-b89aff22ec8a c8ddd317cd4d443493736ba307dca577 1afe58f424034bcbb1c076e279edf9b8 - - ed29042efc3c459c90404065aa83b660 ed29042efc3c459c90404065aa83b660] 199.204.45.30 "GET /v2.0/ports?tenant_id=db3e1c291282459599ed46c70db91e09&device_id=45ef1ac0-5e36-4313-be72-f54719e619fc HTTP/1.1" status: 200 len: 1413 time: 0.0501676
2026-03-31 06:21:07.243 9 INFO neutron.api.wsgi [req-5ffaf3af-3881-4f19-824e-5969e529cb6b req-e261a6da-000f-4623-bb79-6e97a6842159 c8ddd317cd4d443493736ba307dca577 1afe58f424034bcbb1c076e279edf9b8 - - ed29042efc3c459c90404065aa83b660 ed29042efc3c459c90404065aa83b660] 10.0.0.204 "GET /v2.0/networks/0b047da7-e1e4-4d5c-af9e-a1c7981a75e3?fields=segments HTTP/1.1" status: 200 len: 212 time: 0.0629537
2026-03-31 06:21:07.259 9 INFO neutron.api.wsgi [None req-ee470d65-8f10-4350-91fa-32108aef0360 0c8cfa4133454b3097b7c50077b745de a0ca050bdd2a42b38f5eef964bc59a02 - - default default] 10.0.0.21 "POST /v2.0/networks HTTP/1.1" status: 201 len: 939 time: 0.8803151
2026-03-31 06:21:07.299 9 INFO neutron.api.wsgi [req-e551ce51-d49a-46e8-b262-6bea00033045 req-1a84194d-7a15-4c04-aa02-4bc6a2c867bf c8ddd317cd4d443493736ba307dca577 1afe58f424034bcbb1c076e279edf9b8 - - ed29042efc3c459c90404065aa83b660 ed29042efc3c459c90404065aa83b660] 199.204.45.30 "GET /v2.0/networks?id=a9cf7f93-c387-4298-908c-14f04cc7b38e HTTP/1.1" status: 200 len: 981 time: 0.0627251
2026-03-31 06:21:07.306 9 INFO neutron.api.wsgi [req-5ffaf3af-3881-4f19-824e-5969e529cb6b req-4e36b626-3af5-46b8-8f66-2303921d1416 c8ddd317cd4d443493736ba307dca577 1afe58f424034bcbb1c076e279edf9b8 - - ed29042efc3c459c90404065aa83b660 ed29042efc3c459c90404065aa83b660] 10.0.0.204 "GET /v2.0/networks/0b047da7-e1e4-4d5c-af9e-a1c7981a75e3?fields=provider%3Aphysical_network&fields=provider%3Anetwork_type HTTP/1.1" status: 200 len: 277 time: 0.0569241
2026-03-31 06:21:07.354 9 INFO neutron.api.wsgi [req-e551ce51-d49a-46e8-b262-6bea00033045 req-e4a59b9a-3376-42a2-93bc-5e0ea1858180 c8ddd317cd4d443493736ba307dca577 1afe58f424034bcbb1c076e279edf9b8 - - ed29042efc3c459c90404065aa83b660 ed29042efc3c459c90404065aa83b660] 199.204.45.30 "GET /v2.0/floatingips?fixed_ip_address=10.100.0.14&port_id=07f58e6f-b761-4455-9d3b-b2397f060e03 HTTP/1.1" status: 200 len: 1060 time: 0.0477154
2026-03-31 06:21:07.413 10 WARNING neutron.scheduler.dhcp_agent_scheduler [None req-c05946d5-8206-49ea-b8b0-100a831c8c79 0c8cfa4133454b3097b7c50077b745de a0ca050bdd2a42b38f5eef964bc59a02 - - default default] No more DHCP agents
2026-03-31 06:21:07.414 10 WARNING neutron.api.rpc.agentnotifiers.dhcp_rpc_agent_api [None req-c05946d5-8206-49ea-b8b0-100a831c8c79 0c8cfa4133454b3097b7c50077b745de a0ca050bdd2a42b38f5eef964bc59a02 - - default default] Unable to schedule network 78b55ef5-8af7-4859-bbbf-fdf8ccac6498: no agents available; will retry on subsequent port and subnet creation events.
2026-03-31 06:21:07.419 9 INFO neutron.api.wsgi [req-e551ce51-d49a-46e8-b262-6bea00033045 req-f1ea387a-56d5-4dce-be6a-ae055a896166 c8ddd317cd4d443493736ba307dca577 1afe58f424034bcbb1c076e279edf9b8 - - ed29042efc3c459c90404065aa83b660 ed29042efc3c459c90404065aa83b660] 199.204.45.30 "GET /v2.0/subnets?id=eecc22e9-de3b-4a35-9aa1-588184c9ba1d HTTP/1.1" status: 200 len: 900 time: 0.0577507
2026-03-31 06:21:07.448 9 INFO neutron.api.wsgi [req-e551ce51-d49a-46e8-b262-6bea00033045 req-2d4bf4b6-71bb-421c-a784-f62844632fa8 c8ddd317cd4d443493736ba307dca577 1afe58f424034bcbb1c076e279edf9b8 - - ed29042efc3c459c90404065aa83b660 ed29042efc3c459c90404065aa83b660] 199.204.45.30 "GET /v2.0/ports?network_id=a9cf7f93-c387-4298-908c-14f04cc7b38e&device_owner=network%3Adhcp HTTP/1.1" status: 200 len: 210 time: 0.0239701
2026-03-31 06:21:07.457 10 INFO neutron.api.wsgi [req-ff8e772d-3d63-4eda-bec1-8aafad819016 req-af28207a-903c-452d-8bc1-1dee6d06fd5a f7ed42b7ae1443739badfd06afa007a9 ad888be67fb04d8bb0f203d4edb5a6f5 - - default default] 10.0.0.204 "GET /v2.0/ports?device_id=388e8ba9-6167-4142-bc4f-7d5323548436 HTTP/1.1" status: 200 len: 210 time: 0.0230210
2026-03-31 06:21:07.501 9 INFO neutron.api.wsgi [req-e551ce51-d49a-46e8-b262-6bea00033045 req-2347c7fd-4981-442c-a039-078a4b0dd2a2 c8ddd317cd4d443493736ba307dca577 1afe58f424034bcbb1c076e279edf9b8 - - ed29042efc3c459c90404065aa83b660 ed29042efc3c459c90404065aa83b660] 199.204.45.30 "GET /v2.0/networks/a9cf7f93-c387-4298-908c-14f04cc7b38e?fields=segments HTTP/1.1" status: 200 len: 212 time: 0.0470095
2026-03-31 06:21:07.552 9 INFO neutron.api.wsgi [req-e551ce51-d49a-46e8-b262-6bea00033045 req-33e6233e-eb2b-4d13-958a-a261e0a23ac0 c8ddd317cd4d443493736ba307dca577 1afe58f424034bcbb1c076e279edf9b8 - - ed29042efc3c459c90404065aa83b660 ed29042efc3c459c90404065aa83b660] 199.204.45.30 "GET /v2.0/networks/a9cf7f93-c387-4298-908c-14f04cc7b38e?fields=provider%3Aphysical_network&fields=provider%3Anetwork_type HTTP/1.1" status: 200 len: 277 time: 0.0453670
2026-03-31 06:21:07.855 10 INFO neutron.db.ovn_revision_numbers_db [None req-45d78ad1-fe13-48f2-9c89-2823c914b848 - - - - - -] Successfully bumped revision number for resource b80b451d-c554-40ca-b576-502fcb13a4dd (type: ports) to 2
2026-03-31 06:21:07.863 9 INFO neutron.api.wsgi [req-d3fab704-55a3-4793-99a4-bcb74169ef1f req-9344a69b-67f0-44a7-81fd-6e81c124ccca 866d0d9f04c64fb89918ea5b5a679bd8 db3e1c291282459599ed46c70db91e09 - - default default] 10.0.0.204 "GET /v2.0/ports?device_id=45ef1ac0-5e36-4313-be72-f54719e619fc HTTP/1.1" status: 200 len: 1174 time: 0.0889440
2026-03-31 06:21:07.889 10 INFO neutron.db.ovn_revision_numbers_db [None req-45d78ad1-fe13-48f2-9c89-2823c914b848 - - - - - -] Successfully bumped revision number for resource 3b4d5088-ecee-44b6-926a-c9992bad3251 (type: subnets) to 0
2026-03-31 06:21:07.906 10 INFO neutron.api.wsgi [None req-c05946d5-8206-49ea-b8b0-100a831c8c79 0c8cfa4133454b3097b7c50077b745de a0ca050bdd2a42b38f5eef964bc59a02 - - default default] 10.0.0.21 "POST /v2.0/subnets HTTP/1.1" status: 201 len: 883 time: 0.6423712
2026-03-31 06:21:07.907 9 INFO neutron.api.wsgi [req-d3fab704-55a3-4793-99a4-bcb74169ef1f req-0d01d7bf-b1f4-4098-89a4-5a1aeb97ab6f 866d0d9f04c64fb89918ea5b5a679bd8 db3e1c291282459599ed46c70db91e09 - - default default] 10.0.0.204 "GET /v2.0/security-groups?id=1f8301f9-10dc-4cf8-8181-a62cf13245e7&fields=id&fields=name HTTP/1.1" status: 200 len: 312 time: 0.0393288
2026-03-31 06:21:08.249 10 WARNING neutron.scheduler.dhcp_agent_scheduler [None req-b782c6f8-3d23-41b7-80e7-4c11aacd93d4 0c8cfa4133454b3097b7c50077b745de a0ca050bdd2a42b38f5eef964bc59a02 - - default default] No more DHCP agents
2026-03-31 06:21:08.250 10 WARNING neutron.api.rpc.agentnotifiers.dhcp_rpc_agent_api [None req-b782c6f8-3d23-41b7-80e7-4c11aacd93d4 0c8cfa4133454b3097b7c50077b745de a0ca050bdd2a42b38f5eef964bc59a02 - - default default] Unable to schedule network e55540ea-a814-4e0a-a66a-8cb2c3059c54: no agents available; will retry on subsequent port and subnet creation events.
2026-03-31 06:21:08.364 10 INFO neutron.db.ovn_revision_numbers_db [None req-b782c6f8-3d23-41b7-80e7-4c11aacd93d4 0c8cfa4133454b3097b7c50077b745de a0ca050bdd2a42b38f5eef964bc59a02 - - default default] Successfully bumped revision number for resource 2b35b07d-ddc0-4c8b-bdb9-324ec8271778 (type: ports) to 1
2026-03-31 06:21:08.571 9 INFO neutron.api.wsgi [req-12d60084-2bf3-4758-bc4e-958de1f06dfa req-c4784ee1-1c0c-4d14-a30c-7fc7d87a2085 f7ed42b7ae1443739badfd06afa007a9 ad888be67fb04d8bb0f203d4edb5a6f5 - - default default] 10.0.0.204 "GET /v2.0/ports?device_id=388e8ba9-6167-4142-bc4f-7d5323548436 HTTP/1.1" status: 200 len: 210 time: 0.0311060
2026-03-31 06:21:08.610 9 INFO neutron.api.wsgi [req-eb4c801c-13ab-4996-9da3-96b0ca3e7cd8 req-3199e4b2-f7cd-4821-b425-1d59eef8e95a c8ddd317cd4d443493736ba307dca577 1afe58f424034bcbb1c076e279edf9b8 - - ed29042efc3c459c90404065aa83b660 ed29042efc3c459c90404065aa83b660] 199.204.45.30 "GET /v2.0/ports?tenant_id=db3e1c291282459599ed46c70db91e09&device_id=45ef1ac0-5e36-4313-be72-f54719e619fc HTTP/1.1" status: 200 len: 1413 time: 0.0425055
2026-03-31 06:21:08.670 9 INFO neutron.api.wsgi [req-eb4c801c-13ab-4996-9da3-96b0ca3e7cd8 req-4dacda1b-5e9b-412e-90d2-8c5a0804a994 c8ddd317cd4d443493736ba307dca577 1afe58f424034bcbb1c076e279edf9b8 - - ed29042efc3c459c90404065aa83b660 ed29042efc3c459c90404065aa83b660] 199.204.45.30 "GET /v2.0/networks?id=a9cf7f93-c387-4298-908c-14f04cc7b38e HTTP/1.1" status: 200 len: 981 time: 0.0515380
2026-03-31 06:21:08.712 9 INFO neutron.api.wsgi [req-eb4c801c-13ab-4996-9da3-96b0ca3e7cd8 req-ef301292-2cb0-42d1-8511-b993dd6e0145 c8ddd317cd4d443493736ba307dca577 1afe58f424034bcbb1c076e279edf9b8 - - ed29042efc3c459c90404065aa83b660 ed29042efc3c459c90404065aa83b660] 199.204.45.30 "GET /v2.0/floatingips?fixed_ip_address=10.100.0.14&port_id=07f58e6f-b761-4455-9d3b-b2397f060e03 HTTP/1.1" status: 200 len: 1060 time: 0.0351224
2026-03-31 06:21:08.760 9 INFO neutron.api.wsgi [req-eb4c801c-13ab-4996-9da3-96b0ca3e7cd8 req-af0c8b15-b60c-418f-90fc-718b43887606 c8ddd317cd4d443493736ba307dca577 1afe58f424034bcbb1c076e279edf9b8 - - ed29042efc3c459c90404065aa83b660 ed29042efc3c459c90404065aa83b660] 199.204.45.30 "GET /v2.0/subnets?id=eecc22e9-de3b-4a35-9aa1-588184c9ba1d HTTP/1.1" status: 200 len: 900 time: 0.0388575
2026-03-31 06:21:08.783 9 INFO neutron.api.wsgi [req-eb4c801c-13ab-4996-9da3-96b0ca3e7cd8 req-4603de69-6e90-424e-8bf4-420b5df17f37 c8ddd317cd4d443493736ba307dca577 1afe58f424034bcbb1c076e279edf9b8 - - ed29042efc3c459c90404065aa83b660 ed29042efc3c459c90404065aa83b660] 199.204.45.30 "GET /v2.0/ports?network_id=a9cf7f93-c387-4298-908c-14f04cc7b38e&device_owner=network%3Adhcp HTTP/1.1" status: 200 len: 210 time: 0.0177989
2026-03-31 06:21:08.827 9 INFO neutron.api.wsgi [req-eb4c801c-13ab-4996-9da3-96b0ca3e7cd8 req-d34e866e-0d72-42de-9eb7-24845476cd84 c8ddd317cd4d443493736ba307dca577 1afe58f424034bcbb1c076e279edf9b8 - - ed29042efc3c459c90404065aa83b660 ed29042efc3c459c90404065aa83b660] 199.204.45.30 "GET /v2.0/networks/a9cf7f93-c387-4298-908c-14f04cc7b38e?fields=segments HTTP/1.1" status: 200 len: 212 time: 0.0389061
2026-03-31 06:21:08.877 9 INFO neutron.api.wsgi [req-eb4c801c-13ab-4996-9da3-96b0ca3e7cd8 req-a3fb933e-8d8f-4059-84ab-c8c157183026 c8ddd317cd4d443493736ba307dca577 1afe58f424034bcbb1c076e279edf9b8 - - ed29042efc3c459c90404065aa83b660 ed29042efc3c459c90404065aa83b660] 199.204.45.30 "GET /v2.0/networks/a9cf7f93-c387-4298-908c-14f04cc7b38e?fields=provider%3Aphysical_network&fields=provider%3Anetwork_type HTTP/1.1" status: 200 len: 277 time: 0.0398574
2026-03-31 06:21:09.021 10 INFO neutron.plugins.ml2.drivers.ovn.mech_driver.ovsdb.commands [None req-f1f3ac5c-6c06-44da-b5d4-ff82bbd184b5 - - - - - -] Schedule LRP lrp-2b35b07d-ddc0-4c8b-bdb9-324ec8271778 on gateway 2c9e64a4-323c-45d9-936d-664ae41bf917 with priority 1
2026-03-31 06:21:09.035 9 INFO neutron.plugins.ml2.drivers.ovn.mech_driver.mech_driver [None req-5e836cda-3a9d-4c3e-9f51-d01ac42fea10 - - - - - -] OVN reports status up for port: 2b35b07d-ddc0-4c8b-bdb9-324ec8271778
2026-03-31 06:21:09.042 9 INFO neutron.plugins.ml2.plugin [None req-5e836cda-3a9d-4c3e-9f51-d01ac42fea10 - - - - - -] Attempt 1 to provision port 2b35b07d-ddc0-4c8b-bdb9-324ec8271778
2026-03-31 06:21:09.045 9 INFO neutron.plugins.ml2.drivers.ovn.mech_driver.ovsdb.ovsdb_monitor [None req-4532ac44-011a-4af2-8a15-32922ecf0d9e - - - - - -] Router 7548f47c-1596-4510-a670-01aaf98e62a7 is bound to host instance
2026-03-31 06:21:09.069 10 INFO neutron.db.ovn_revision_numbers_db [None req-b782c6f8-3d23-41b7-80e7-4c11aacd93d4 0c8cfa4133454b3097b7c50077b745de a0ca050bdd2a42b38f5eef964bc59a02 - - default default] Successfully bumped revision number for resource 2b35b07d-ddc0-4c8b-bdb9-324ec8271778 (type: router_ports) to 1
2026-03-31 06:21:09.092 10 INFO neutron.api.wsgi [req-3f80e05f-647d-4efc-8ce8-5992b2663479 req-4c404d4b-9af8-4875-98bd-4d1a44d2d220 866d0d9f04c64fb89918ea5b5a679bd8 db3e1c291282459599ed46c70db91e09 - - default default] 10.0.0.204 "GET /v2.0/ports?device_id=45ef1ac0-5e36-4313-be72-f54719e619fc HTTP/1.1" status: 200 len: 1174 time: 0.1069863
2026-03-31 06:21:09.148 10 INFO neutron.api.wsgi [req-3f80e05f-647d-4efc-8ce8-5992b2663479 req-6d7f7a00-ba55-4ff2-93dc-6ed53e1a7f52 866d0d9f04c64fb89918ea5b5a679bd8 db3e1c291282459599ed46c70db91e09 - - default default] 10.0.0.204 "GET /v2.0/security-groups?id=1f8301f9-10dc-4cf8-8181-a62cf13245e7&fields=id&fields=name HTTP/1.1" status: 200 len: 312 time: 0.0509000
2026-03-31 06:21:09.157 10 INFO neutron.db.ovn_revision_numbers_db [None req-b782c6f8-3d23-41b7-80e7-4c11aacd93d4 0c8cfa4133454b3097b7c50077b745de a0ca050bdd2a42b38f5eef964bc59a02 - - default default] Successfully bumped revision number for resource 7548f47c-1596-4510-a670-01aaf98e62a7 (type: routers) to 2
2026-03-31 06:21:09.174 10 INFO neutron.api.wsgi [None req-b782c6f8-3d23-41b7-80e7-4c11aacd93d4 0c8cfa4133454b3097b7c50077b745de a0ca050bdd2a42b38f5eef964bc59a02 - - default default] 10.0.0.21 "POST /v2.0/routers HTTP/1.1" status: 201 len: 1161 time: 1.2638566
2026-03-31 06:21:09.539 9 INFO neutron.db.ovn_revision_numbers_db [None req-3790bc79-038d-43e0-8b4d-34360a232656 - - - - - -] Successfully bumped revision number for resource 2b35b07d-ddc0-4c8b-bdb9-324ec8271778 (type: ports) to 1
2026-03-31 06:21:09.571 10 WARNING neutron.scheduler.dhcp_agent_scheduler [None req-3b7796fb-e73f-487d-97fd-bb227391a29b 0c8cfa4133454b3097b7c50077b745de a0ca050bdd2a42b38f5eef964bc59a02 - - default default] No more DHCP agents
2026-03-31 06:21:09.572 10 WARNING neutron.api.rpc.agentnotifiers.dhcp_rpc_agent_api [None req-3b7796fb-e73f-487d-97fd-bb227391a29b 0c8cfa4133454b3097b7c50077b745de a0ca050bdd2a42b38f5eef964bc59a02 - - default default] Unable to schedule network 78b55ef5-8af7-4859-bbbf-fdf8ccac6498: no agents available; will retry on subsequent port and subnet creation events.
2026-03-31 06:21:09.595 9 INFO neutron.api.wsgi [req-27d22210-d3cb-4af8-bd32-f257236aa715 req-65c30615-de9d-42be-bc2f-4a81448db581 866d0d9f04c64fb89918ea5b5a679bd8 db3e1c291282459599ed46c70db91e09 - - default default] 199.204.45.30 "GET /v2.0/ports?device_id=45ef1ac0-5e36-4313-be72-f54719e619fc HTTP/1.1" status: 200 len: 1174 time: 0.0393696
2026-03-31 06:21:09.669 9 INFO neutron.api.wsgi [req-3de1994d-c814-4250-acf3-bcdef2f9d25d req-5824c56d-0ea2-4a23-9914-857462a4af1f f7ed42b7ae1443739badfd06afa007a9 ad888be67fb04d8bb0f203d4edb5a6f5 - - default default] 10.0.0.204 "GET /v2.0/ports?device_id=388e8ba9-6167-4142-bc4f-7d5323548436 HTTP/1.1" status: 200 len: 210 time: 0.0242386
2026-03-31 06:21:09.722 10 INFO neutron.db.ovn_revision_numbers_db [None req-3b7796fb-e73f-487d-97fd-bb227391a29b 0c8cfa4133454b3097b7c50077b745de a0ca050bdd2a42b38f5eef964bc59a02 - - default default] Successfully bumped revision number for resource 34d8a740-c58e-42a0-84f3-8668aa037580 (type: ports) to 1
2026-03-31 06:21:09.946 9 INFO neutron.db.l3_db [req-27d22210-d3cb-4af8-bd32-f257236aa715 req-e5ac32c6-2220-462c-a707-71b6828c8699 866d0d9f04c64fb89918ea5b5a679bd8 db3e1c291282459599ed46c70db91e09 - - default default] Floating IP 3cd58425-d5b1-417e-8aeb-fabd1c00acbe disassociated. External IP: 10.96.250.216, port: 07f58e6f-b761-4455-9d3b-b2397f060e03.
2026-03-31 06:21:09.954 9 INFO neutron.db.ovn_revision_numbers_db [None req-3790bc79-038d-43e0-8b4d-34360a232656 - - - - - -] Successfully bumped revision number for resource 2b35b07d-ddc0-4c8b-bdb9-324ec8271778 (type: ports) to 4
2026-03-31 06:21:10.073 9 INFO neutron.api.wsgi [req-27d22210-d3cb-4af8-bd32-f257236aa715 req-e5ac32c6-2220-462c-a707-71b6828c8699 866d0d9f04c64fb89918ea5b5a679bd8 db3e1c291282459599ed46c70db91e09 - - default default] 199.204.45.30 "DELETE /v2.0/ports/07f58e6f-b761-4455-9d3b-b2397f060e03 HTTP/1.1" status: 204 len: 173 time: 0.4752371
2026-03-31 06:21:10.109 9 INFO neutron.notifiers.nova [-] Nova event matching ['req-8c3b543a-db5d-42e2-ad28-064ea3137539'] response: {'server_uuid': '45ef1ac0-5e36-4313-be72-f54719e619fc', 'name': 'network-vif-deleted', 'tag': '07f58e6f-b761-4455-9d3b-b2397f060e03', 'status': 'completed', 'code': 200}
2026-03-31 06:21:10.232 9 INFO neutron.api.wsgi [req-53c629b1-a98d-401e-a79d-39316e55732e req-b3a2548f-9adf-436e-8357-3ee5bd8e3e5e 866d0d9f04c64fb89918ea5b5a679bd8 db3e1c291282459599ed46c70db91e09 - - default default] 10.0.0.204 "GET /v2.0/ports?device_id=45ef1ac0-5e36-4313-be72-f54719e619fc HTTP/1.1" status: 200 len: 210 time: 0.0194201
2026-03-31 06:21:10.259 10 WARNING neutron.plugins.ml2.drivers.ovn.mech_driver.ovsdb.ovn_client [None req-d8db5342-a2a8-4ebd-9934-3e5ce963c250 - - - - - -] No hosting information found for port 6e092ced-0729-4ba6-b500-e51710a4bdff: RuntimeError: No hosting information found for port 6e092ced-0729-4ba6-b500-e51710a4bdff
2026-03-31 06:21:10.263 10 INFO neutron.db.ovn_revision_numbers_db [None req-3b7796fb-e73f-487d-97fd-bb227391a29b 0c8cfa4133454b3097b7c50077b745de a0ca050bdd2a42b38f5eef964bc59a02 - - default default] Successfully bumped revision number for resource 34d8a740-c58e-42a0-84f3-8668aa037580 (type: ports) to 1
2026-03-31 06:21:10.269 9 INFO neutron.db.ovn_revision_numbers_db [None req-3790bc79-038d-43e0-8b4d-34360a232656 - - - - - -] Successfully bumped revision number for resource 2b35b07d-ddc0-4c8b-bdb9-324ec8271778 (type: ports) to 5
2026-03-31 06:21:10.323 10 WARNING neutron.scheduler.dhcp_agent_scheduler [None req-3b7796fb-e73f-487d-97fd-bb227391a29b 0c8cfa4133454b3097b7c50077b745de a0ca050bdd2a42b38f5eef964bc59a02 - - default default] No more DHCP agents
2026-03-31 06:21:10.325 10 WARNING neutron.api.rpc.agentnotifiers.dhcp_rpc_agent_api [None req-3b7796fb-e73f-487d-97fd-bb227391a29b 0c8cfa4133454b3097b7c50077b745de a0ca050bdd2a42b38f5eef964bc59a02 - - default default] Unable to schedule network 78b55ef5-8af7-4859-bbbf-fdf8ccac6498: no agents available; will retry on subsequent port and subnet creation events.
2026-03-31 06:21:10.339 10 INFO neutron.db.ovn_revision_numbers_db [None req-d8db5342-a2a8-4ebd-9934-3e5ce963c250 - - - - - -] Successfully bumped revision number for resource 6e092ced-0729-4ba6-b500-e51710a4bdff (type: router_ports) to 2
2026-03-31 06:21:10.339 10 INFO neutron.plugins.ml2.drivers.ovn.mech_driver.mech_driver [None req-d8db5342-a2a8-4ebd-9934-3e5ce963c250 - - - - - -] OVN reports status down for port: 07f58e6f-b761-4455-9d3b-b2397f060e03
2026-03-31 06:21:10.345 10 INFO neutron.plugins.ml2.drivers.ovn.mech_driver.mech_driver [None req-d8db5342-a2a8-4ebd-9934-3e5ce963c250 - - - - - -] OVN reports status up for port: 34d8a740-c58e-42a0-84f3-8668aa037580
2026-03-31 06:21:10.359 10 INFO neutron.plugins.ml2.plugin [None req-d8db5342-a2a8-4ebd-9934-3e5ce963c250 - - - - - -] Attempt 1 to provision port 34d8a740-c58e-42a0-84f3-8668aa037580
2026-03-31 06:21:10.736 10 INFO neutron.db.ovn_revision_numbers_db [None req-d8db5342-a2a8-4ebd-9934-3e5ce963c250 - - - - - -] Successfully bumped revision number for resource 34d8a740-c58e-42a0-84f3-8668aa037580 (type: ports) to 2
2026-03-31 06:21:10.756 10 INFO neutron.api.wsgi [req-bd9282d7-c48e-4add-9afb-a55ab9bdd5d4 req-3d3df1e1-153b-443e-aef4-e64a9bfbb4f9 f7ed42b7ae1443739badfd06afa007a9 ad888be67fb04d8bb0f203d4edb5a6f5 - - default default] 10.0.0.204 "GET /v2.0/ports?device_id=388e8ba9-6167-4142-bc4f-7d5323548436 HTTP/1.1" status: 200 len: 210 time: 0.0180142
2026-03-31 06:21:11.094 10 INFO neutron.db.ovn_revision_numbers_db [None req-3b7796fb-e73f-487d-97fd-bb227391a29b 0c8cfa4133454b3097b7c50077b745de a0ca050bdd2a42b38f5eef964bc59a02 - - default default] Successfully bumped revision number for resource 34d8a740-c58e-42a0-84f3-8668aa037580 (type: router_ports) to 1
2026-03-31 06:21:11.102 10 INFO neutron.api.wsgi [None req-3b7796fb-e73f-487d-97fd-bb227391a29b 0c8cfa4133454b3097b7c50077b745de a0ca050bdd2a42b38f5eef964bc59a02 - - default default] 10.0.0.21 "PUT /v2.0/routers/7548f47c-1596-4510-a670-01aaf98e62a7/add_router_interface HTTP/1.1" status: 200 len: 503 time: 1.9237051 /var/lib/openstack/lib/python3.12/site-packages/pycadf/identifier.py:71: UserWarning: Invalid uuid: neutron. To ensure interoperability, identifiers should be a valid uuid. warnings.warn(('Invalid uuid: %s. To ensure interoperability, '
2026-03-31 06:21:11.328 9 INFO neutron.api.wsgi [req-fd67118c-b56f-4e89-bd8d-4bb7ff9e06c9 req-cddfe6cc-1171-49ff-bb9e-393ea268028d 866d0d9f04c64fb89918ea5b5a679bd8 db3e1c291282459599ed46c70db91e09 - - default default] 10.0.0.204 "GET /v2.0/ports?device_id=45ef1ac0-5e36-4313-be72-f54719e619fc HTTP/1.1" status: 200 len: 210 time: 0.0234933
2026-03-31 06:21:11.570 10 WARNING neutron_lib.context [None req-353dd39f-5fdf-40e7-bfeb-25761390986a e69ac62701e1414181bc1de2b1828ed7 455c059fce9c4c52bbe6e3a2647f2943 - - default default] Method 'is_advsvc' is deprecated since 2023.2 release (neutron-lib 3.8.0) and will be removed once support for the old RBAC API policies will be removed from Neutron. Please use method 'is_service_role' instead.
2026-03-31 06:21:11.684 10 INFO neutron.db.ovn_revision_numbers_db [None req-353dd39f-5fdf-40e7-bfeb-25761390986a e69ac62701e1414181bc1de2b1828ed7 455c059fce9c4c52bbe6e3a2647f2943 - - default default] Successfully bumped revision number for resource c9b1a304-52d2-4371-9905-37d0633e0dfb (type: security_groups) to 1
2026-03-31 06:21:11.700 10 INFO neutron.api.wsgi [req-aa3ea2b5-35cc-40e9-95c7-8b8d22c44759 req-70675a43-5468-45ef-a4b5-61e66124c28a c8ddd317cd4d443493736ba307dca577 1afe58f424034bcbb1c076e279edf9b8 - - ed29042efc3c459c90404065aa83b660 ed29042efc3c459c90404065aa83b660] 10.0.0.86 "GET /v2.0/ports?device_id=b47246e8-9d23-4b6b-bc04-10fc93bce38f HTTP/1.1" status: 200 len: 1409 time: 0.0354135
2026-03-31 06:21:11.701 10 INFO neutron.db.ovn_revision_numbers_db [None req-353dd39f-5fdf-40e7-bfeb-25761390986a e69ac62701e1414181bc1de2b1828ed7 455c059fce9c4c52bbe6e3a2647f2943 - - default default] Successfully bumped revision number for resource 0239a546-88dc-48df-8ee4-05fe6386ee54 (type: security_group_rules) to 0
2026-03-31 06:21:11.717 10 INFO neutron.db.ovn_revision_numbers_db [None req-353dd39f-5fdf-40e7-bfeb-25761390986a e69ac62701e1414181bc1de2b1828ed7 455c059fce9c4c52bbe6e3a2647f2943 - - default default] Successfully bumped revision number for resource 6b1f6db7-1d79-47ae-8843-edd5811a400e (type: security_group_rules) to 0
2026-03-31 06:21:11.749 10 INFO neutron.api.wsgi [req-aa3ea2b5-35cc-40e9-95c7-8b8d22c44759 req-cc6b9d6e-9a04-4585-b5e8-ca9215381fc4 c8ddd317cd4d443493736ba307dca577 1afe58f424034bcbb1c076e279edf9b8 - - ed29042efc3c459c90404065aa83b660 ed29042efc3c459c90404065aa83b660] 10.0.0.86 "GET /v2.0/security-groups?id=f3f21c22-5588-4e5d-8a2f-16ef9bd7c50c&fields=id&fields=name HTTP/1.1" status: 200 len: 313 time: 0.0437336
2026-03-31 06:21:11.754 10 INFO neutron.api.wsgi [None req-353dd39f-5fdf-40e7-bfeb-25761390986a e69ac62701e1414181bc1de2b1828ed7 455c059fce9c4c52bbe6e3a2647f2943 - - default default] 10.0.0.21 "POST /v2.0/security-groups HTTP/1.1" status: 201 len: 1861 time: 0.1926491
2026-03-31 06:21:11.764 10 WARNING neutron_lib.context [None req-85ccf126-f6ab-484b-9834-7dabfa19c844 e69ac62701e1414181bc1de2b1828ed7 455c059fce9c4c52bbe6e3a2647f2943 - - default default] Method 'is_advsvc' is deprecated since 2023.2 release (neutron-lib 3.8.0) and will be removed once support for the old RBAC API policies will be removed from Neutron. Please use method 'is_service_role' instead.
2026-03-31 06:21:11.787 9 INFO neutron.api.wsgi [req-5ffaf3af-3881-4f19-824e-5969e529cb6b req-3ef71396-d0d1-4bec-9b32-a71f7a23847a f7ed42b7ae1443739badfd06afa007a9 ad888be67fb04d8bb0f203d4edb5a6f5 - - default default] 199.204.45.30 "GET /v2.0/networks?id=0b047da7-e1e4-4d5c-af9e-a1c7981a75e3 HTTP/1.1" status: 200 len: 876 time: 0.0630896
2026-03-31 06:21:11.795 9 WARNING neutron_lib.context [req-5ffaf3af-3881-4f19-824e-5969e529cb6b req-e85fc5e6-125f-4e08-a18d-f608e574b290 f7ed42b7ae1443739badfd06afa007a9 ad888be67fb04d8bb0f203d4edb5a6f5 - - default default] Method 'is_advsvc' is deprecated since 2023.2 release (neutron-lib 3.8.0) and will be removed once support for the old RBAC API policies will be removed from Neutron. Please use method 'is_service_role' instead.
2026-03-31 06:21:11.844 9 INFO neutron.api.wsgi [req-75d547f2-edd5-4a2c-9be9-24e9dcb1e9b6 req-f5d28220-c3f5-4fd3-83c2-b486ad663af2 f7ed42b7ae1443739badfd06afa007a9 ad888be67fb04d8bb0f203d4edb5a6f5 - - default default] 10.0.0.204 "GET /v2.0/ports?device_id=388e8ba9-6167-4142-bc4f-7d5323548436 HTTP/1.1" status: 200 len: 210 time: 0.0154078
2026-03-31 06:21:11.893 10 INFO neutron.db.ovn_revision_numbers_db [None req-85ccf126-f6ab-484b-9834-7dabfa19c844 e69ac62701e1414181bc1de2b1828ed7 455c059fce9c4c52bbe6e3a2647f2943 - - default default] Successfully bumped revision number for resource 2b1e33a3-a751-476d-9118-9c4052ee8669 (type: security_group_rules) to 0
2026-03-31 06:21:11.924 10 INFO neutron.api.wsgi [None req-85ccf126-f6ab-484b-9834-7dabfa19c844 e69ac62701e1414181bc1de2b1828ed7 455c059fce9c4c52bbe6e3a2647f2943 - - default default] 10.0.0.21 "POST /v2.0/security-group-rules HTTP/1.1" status: 201 len: 796 time: 0.1639607
2026-03-31 06:21:11.933 10 WARNING neutron_lib.context [None req-2596470d-a86d-4ce9-9342-18ee80009b25 e69ac62701e1414181bc1de2b1828ed7 455c059fce9c4c52bbe6e3a2647f2943 - - default default] Method 'is_advsvc' is deprecated since 2023.2 release (neutron-lib 3.8.0) and will be removed once support for the old RBAC API policies will be removed from Neutron. Please use method 'is_service_role' instead.
2026-03-31 06:21:12.048 10 INFO neutron.db.ovn_revision_numbers_db [None req-2596470d-a86d-4ce9-9342-18ee80009b25 e69ac62701e1414181bc1de2b1828ed7 455c059fce9c4c52bbe6e3a2647f2943 - - default default] Successfully bumped revision number for resource e7bcb019-1a27-4945-8ac9-fe6761cf2ba9 (type: security_group_rules) to 0
2026-03-31 06:21:12.082 10 INFO neutron.api.wsgi [None req-2596470d-a86d-4ce9-9342-18ee80009b25 e69ac62701e1414181bc1de2b1828ed7 455c059fce9c4c52bbe6e3a2647f2943 - - default default] 10.0.0.21 "POST /v2.0/security-group-rules HTTP/1.1" status: 201 len: 801 time: 0.1531975
2026-03-31 06:21:12.093 10 WARNING neutron_lib.context [None req-54872bbc-d372-47c3-b107-4cd029eb83aa e69ac62701e1414181bc1de2b1828ed7 455c059fce9c4c52bbe6e3a2647f2943 - - default default] Method 'is_advsvc' is deprecated since 2023.2 release (neutron-lib 3.8.0) and will be removed once support for the old RBAC API policies will be removed from Neutron. Please use method 'is_service_role' instead.
2026-03-31 06:21:12.113 9 WARNING neutron.scheduler.dhcp_agent_scheduler [req-5ffaf3af-3881-4f19-824e-5969e529cb6b req-e85fc5e6-125f-4e08-a18d-f608e574b290 f7ed42b7ae1443739badfd06afa007a9 ad888be67fb04d8bb0f203d4edb5a6f5 - - default default] No more DHCP agents
2026-03-31 06:21:12.115 9 WARNING neutron.api.rpc.agentnotifiers.dhcp_rpc_agent_api [req-5ffaf3af-3881-4f19-824e-5969e529cb6b req-e85fc5e6-125f-4e08-a18d-f608e574b290 f7ed42b7ae1443739badfd06afa007a9 ad888be67fb04d8bb0f203d4edb5a6f5 - - default default] Unable to schedule network 0b047da7-e1e4-4d5c-af9e-a1c7981a75e3: no agents available; will retry on subsequent port and subnet creation events.
2026-03-31 06:21:12.224 9 INFO neutron.db.ovn_revision_numbers_db [req-5ffaf3af-3881-4f19-824e-5969e529cb6b req-e85fc5e6-125f-4e08-a18d-f608e574b290 f7ed42b7ae1443739badfd06afa007a9 ad888be67fb04d8bb0f203d4edb5a6f5 - - default default] Successfully bumped revision number for resource f3258b9e-e577-4274-84eb-96bf58985598 (type: ports) to 1
2026-03-31 06:21:12.246 9 INFO neutron.api.wsgi [req-5ffaf3af-3881-4f19-824e-5969e529cb6b req-e85fc5e6-125f-4e08-a18d-f608e574b290 f7ed42b7ae1443739badfd06afa007a9 ad888be67fb04d8bb0f203d4edb5a6f5 - - default default] 199.204.45.30 "POST /v2.0/ports HTTP/1.1" status: 201 len: 1158 time: 0.4551003 /var/lib/openstack/lib/python3.12/site-packages/pycadf/identifier.py:71: UserWarning: Invalid uuid: neutron. To ensure interoperability, identifiers should be a valid uuid. warnings.warn(('Invalid uuid: %s. To ensure interoperability, '
2026-03-31 06:21:12.328 10 WARNING neutron.scheduler.dhcp_agent_scheduler [None req-54872bbc-d372-47c3-b107-4cd029eb83aa e69ac62701e1414181bc1de2b1828ed7 455c059fce9c4c52bbe6e3a2647f2943 - - default default] No more DHCP agents
2026-03-31 06:21:12.329 10 WARNING neutron.api.rpc.agentnotifiers.dhcp_rpc_agent_api [None req-54872bbc-d372-47c3-b107-4cd029eb83aa e69ac62701e1414181bc1de2b1828ed7 455c059fce9c4c52bbe6e3a2647f2943 - - default default] Unable to schedule network e55540ea-a814-4e0a-a66a-8cb2c3059c54: no agents available; will retry on subsequent port and subnet creation events.
2026-03-31 06:21:12.421 10 INFO neutron.api.wsgi [req-e6f5aff9-d098-4c89-be27-bfc17dfd71cb req-b2e0c0ac-3e12-403f-bfb2-0b5b1940bd8f 866d0d9f04c64fb89918ea5b5a679bd8 db3e1c291282459599ed46c70db91e09 - - default default] 10.0.0.204 "GET /v2.0/ports?device_id=45ef1ac0-5e36-4313-be72-f54719e619fc HTTP/1.1" status: 200 len: 210 time: 0.0198081
2026-03-31 06:21:12.586 9 INFO neutron.db.ovn_revision_numbers_db [req-5ffaf3af-3881-4f19-824e-5969e529cb6b req-4066c4f7-c2bc-4147-a200-dcfe5f52e3c0 c8ddd317cd4d443493736ba307dca577 1afe58f424034bcbb1c076e279edf9b8 - - ed29042efc3c459c90404065aa83b660 ed29042efc3c459c90404065aa83b660] Successfully bumped revision number for resource f3258b9e-e577-4274-84eb-96bf58985598 (type: ports) to 2
2026-03-31 06:21:12.595 10 INFO neutron.api.wsgi [None req-54872bbc-d372-47c3-b107-4cd029eb83aa e69ac62701e1414181bc1de2b1828ed7 455c059fce9c4c52bbe6e3a2647f2943 - - default default] 10.0.0.21 "POST /v2.0/floatingips HTTP/1.1" status: 201 len: 751 time: 0.5070238
2026-03-31 06:21:12.792 9 INFO neutron.db.ovn_revision_numbers_db [req-5ffaf3af-3881-4f19-824e-5969e529cb6b req-4066c4f7-c2bc-4147-a200-dcfe5f52e3c0 c8ddd317cd4d443493736ba307dca577 1afe58f424034bcbb1c076e279edf9b8 - - ed29042efc3c459c90404065aa83b660 ed29042efc3c459c90404065aa83b660] Successfully bumped revision number for resource f3258b9e-e577-4274-84eb-96bf58985598 (type: ports) to 4
2026-03-31 06:21:12.809 9 INFO neutron.api.wsgi [req-5ffaf3af-3881-4f19-824e-5969e529cb6b req-4066c4f7-c2bc-4147-a200-dcfe5f52e3c0 c8ddd317cd4d443493736ba307dca577 1afe58f424034bcbb1c076e279edf9b8 - - ed29042efc3c459c90404065aa83b660 ed29042efc3c459c90404065aa83b660] 199.204.45.30 "PUT /v2.0/ports/f3258b9e-e577-4274-84eb-96bf58985598 HTTP/1.1" status: 200 len: 1404 time: 0.5580683
2026-03-31 06:21:12.845 9 INFO neutron.notifiers.nova [-] Nova event matching ['req-9e5216ad-0756-4cdd-b700-0fefdb5a8d45'] response: {'name': 'network-changed', 'server_uuid': '388e8ba9-6167-4142-bc4f-7d5323548436', 'tag': 'f3258b9e-e577-4274-84eb-96bf58985598', 'status': 'completed', 'code': 200} /var/lib/openstack/lib/python3.12/site-packages/pycadf/identifier.py:71: UserWarning: Invalid uuid: neutron. To ensure interoperability, identifiers should be a valid uuid. warnings.warn(('Invalid uuid: %s. To ensure interoperability, '
2026-03-31 06:21:12.980 10 INFO neutron.api.wsgi [req-00fba83d-c4bd-44dd-a7e2-ca5017a93505 req-0dc8876a-494f-441a-bb76-47cfc5b6d835 f7ed42b7ae1443739badfd06afa007a9 ad888be67fb04d8bb0f203d4edb5a6f5 - - default default] 10.0.0.204 "GET /v2.0/ports?device_id=388e8ba9-6167-4142-bc4f-7d5323548436 HTTP/1.1" status: 200 len: 1168 time: 0.0697088
2026-03-31 06:21:12.985 9 INFO neutron.api.wsgi [req-c5fe1c09-8299-4b66-9b60-cdeb178a7a86 req-0817b8d6-c977-462a-8a9f-e84df80f5fce e69ac62701e1414181bc1de2b1828ed7 455c059fce9c4c52bbe6e3a2647f2943 - - default default] 10.0.0.204 "GET /v2.0/security-groups?name=tempest-securitygroup--1010244231&fields=id&tenant_id=455c059fce9c4c52bbe6e3a2647f2943 HTTP/1.1" status: 200 len: 267 time: 0.0331440
2026-03-31 06:21:13.022 10 INFO neutron.api.wsgi [req-00fba83d-c4bd-44dd-a7e2-ca5017a93505 req-87134a93-cae8-44f4-8893-a5ac37c4b2e1 f7ed42b7ae1443739badfd06afa007a9 ad888be67fb04d8bb0f203d4edb5a6f5 - - default default] 10.0.0.204 "GET /v2.0/security-groups?id=0a5bbeaf-3e2f-41d0-bc7f-91302fea0864&fields=id&fields=name HTTP/1.1" status: 200 len: 286 time: 0.0372603
2026-03-31 06:21:13.038 9 INFO neutron.api.wsgi [req-c5fe1c09-8299-4b66-9b60-cdeb178a7a86 req-46eb9207-1c01-4985-9344-357f5bd8dded e69ac62701e1414181bc1de2b1828ed7 455c059fce9c4c52bbe6e3a2647f2943 - - default default] 10.0.0.204 "GET /v2.0/networks?id=78b55ef5-8af7-4859-bbbf-fdf8ccac6498 HTTP/1.1" status: 200 len: 868 time: 0.0453048
2026-03-31 06:21:13.052 9 INFO neutron.api.wsgi [req-c5fe1c09-8299-4b66-9b60-cdeb178a7a86 req-9e745770-42f9-4cb1-bcf7-3562653f1c1e e69ac62701e1414181bc1de2b1828ed7 455c059fce9c4c52bbe6e3a2647f2943 - - default default] 10.0.0.204 "GET /v2.0/quotas/455c059fce9c4c52bbe6e3a2647f2943 HTTP/1.1" status: 200 len: 491 time: 0.0073855
2026-03-31 06:21:13.115 9 INFO neutron.api.wsgi [req-c5fe1c09-8299-4b66-9b60-cdeb178a7a86 req-b1d78057-cdaa-4486-b355-00912c102da4 e69ac62701e1414181bc1de2b1828ed7 455c059fce9c4c52bbe6e3a2647f2943 - - default default] 10.0.0.204 "GET /v2.0/ports?tenant_id=455c059fce9c4c52bbe6e3a2647f2943&fields=id HTTP/1.1" status: 200 len: 302 time: 0.0569005
2026-03-31 06:21:13.167 9 INFO neutron.api.wsgi [req-c5fe1c09-8299-4b66-9b60-cdeb178a7a86 req-07fc2f89-3c2a-427c-bd66-7e02a444a4e3 c8ddd317cd4d443493736ba307dca577 1afe58f424034bcbb1c076e279edf9b8 - - ed29042efc3c459c90404065aa83b660 ed29042efc3c459c90404065aa83b660] 10.0.0.204 "GET /v2.0/networks/78b55ef5-8af7-4859-bbbf-fdf8ccac6498?fields=segments HTTP/1.1" status: 200 len: 212 time: 0.0398867
2026-03-31 06:21:13.212 9 INFO neutron.api.wsgi [req-c5fe1c09-8299-4b66-9b60-cdeb178a7a86 req-4453bdab-fe76-489e-a7a8-a2e448873969 c8ddd317cd4d443493736ba307dca577 1afe58f424034bcbb1c076e279edf9b8 - - ed29042efc3c459c90404065aa83b660 ed29042efc3c459c90404065aa83b660] 10.0.0.204 "GET /v2.0/networks/78b55ef5-8af7-4859-bbbf-fdf8ccac6498?fields=provider%3Aphysical_network&fields=provider%3Anetwork_type HTTP/1.1" status: 200 len: 277 time: 0.0385318
2026-03-31 06:21:13.352 10 INFO neutron.api.wsgi [req-77c67c61-51fe-429d-a32f-aea4408e4646 req-6ceadf26-c216-4f3c-a30b-1ad34527fb53 e69ac62701e1414181bc1de2b1828ed7 455c059fce9c4c52bbe6e3a2647f2943 - - default default] 10.0.0.204 "GET /v2.0/ports?device_id=01b7c525-98b1-4149-a148-542013aa4f3f HTTP/1.1" status: 200 len: 210 time: 0.0201590
2026-03-31 06:21:13.386 9 INFO neutron.api.wsgi [req-9d90d09e-12df-4e22-9edc-c2a1e7b5412d req-8db06d96-daa6-4f40-8ac6-ee990cf6906f c8ddd317cd4d443493736ba307dca577 1afe58f424034bcbb1c076e279edf9b8 - - ed29042efc3c459c90404065aa83b660 ed29042efc3c459c90404065aa83b660] 199.204.45.30 "GET /v2.0/ports?tenant_id=ad888be67fb04d8bb0f203d4edb5a6f5&device_id=388e8ba9-6167-4142-bc4f-7d5323548436 HTTP/1.1" status: 200 len: 1407 time: 0.0328693
2026-03-31 06:21:13.438 9 INFO neutron.api.wsgi [req-9d90d09e-12df-4e22-9edc-c2a1e7b5412d req-0f977f4d-5445-4124-b5b8-ec757d79e8a5 c8ddd317cd4d443493736ba307dca577 1afe58f424034bcbb1c076e279edf9b8 - - ed29042efc3c459c90404065aa83b660 ed29042efc3c459c90404065aa83b660] 199.204.45.30 "GET /v2.0/networks?tenant_id=ad888be67fb04d8bb0f203d4edb5a6f5&shared=False HTTP/1.1" status: 200 len: 975 time: 0.0454366
2026-03-31 06:21:13.488 9 INFO neutron.api.wsgi [req-9d90d09e-12df-4e22-9edc-c2a1e7b5412d req-bd0f2d21-6c08-4aca-96c4-065d204f71bd c8ddd317cd4d443493736ba307dca577 1afe58f424034bcbb1c076e279edf9b8 - - ed29042efc3c459c90404065aa83b660 ed29042efc3c459c90404065aa83b660] 199.204.45.30 "GET /v2.0/networks?shared=True HTTP/1.1" status: 200 len: 952 time: 0.0445292
2026-03-31 06:21:13.629 10 INFO neutron.api.wsgi [None req-8051d271-46a8-459b-9b87-e5ee782526ed 866d0d9f04c64fb89918ea5b5a679bd8 db3e1c291282459599ed46c70db91e09 - - default default] 10.0.0.21 "DELETE /v2.0/security-groups/1f8301f9-10dc-4cf8-8181-a62cf13245e7 HTTP/1.1" status: 204 len: 168 time: 0.1259272
2026-03-31 06:21:13.643 10 INFO neutron.api.v2.resource [None req-0f3e6c00-fa63-40ba-b7be-9614f824f651 866d0d9f04c64fb89918ea5b5a679bd8 db3e1c291282459599ed46c70db91e09 - - default default] show failed (client error): The resource could not be found.
2026-03-31 06:21:13.644 10 INFO neutron.api.wsgi [None req-0f3e6c00-fa63-40ba-b7be-9614f824f651 866d0d9f04c64fb89918ea5b5a679bd8 db3e1c291282459599ed46c70db91e09 - - default default] 10.0.0.21 "GET /v2.0/security-groups/1f8301f9-10dc-4cf8-8181-a62cf13245e7 HTTP/1.1" status: 404 len: 347 time: 0.0094731
2026-03-31 06:21:13.879 10 INFO neutron.api.wsgi [None req-a21dc942-79b7-4488-9848-7c97471ebac0 866d0d9f04c64fb89918ea5b5a679bd8 db3e1c291282459599ed46c70db91e09 - - default default] 10.0.0.21 "DELETE /v2.0/floatingips/3cd58425-d5b1-417e-8aeb-fabd1c00acbe HTTP/1.1" status: 204 len: 168 time: 0.2298791
2026-03-31 06:21:14.156 9 INFO neutron.api.wsgi [req-42e6f8c4-a399-4865-95a0-77ddf32cfcdc req-e8ac1170-ae4c-402e-8197-bcd91fe39c9f f7ed42b7ae1443739badfd06afa007a9 ad888be67fb04d8bb0f203d4edb5a6f5 - - default default] 10.0.0.204 "GET /v2.0/ports?device_id=388e8ba9-6167-4142-bc4f-7d5323548436 HTTP/1.1" status: 200 len: 1168 time: 0.0783894
2026-03-31 06:21:14.193 9 INFO neutron.api.wsgi [req-42e6f8c4-a399-4865-95a0-77ddf32cfcdc req-f9d587a1-b8d1-45d7-8fd3-902d1667f970 f7ed42b7ae1443739badfd06afa007a9 ad888be67fb04d8bb0f203d4edb5a6f5 - - default default] 10.0.0.204 "GET /v2.0/security-groups?id=0a5bbeaf-3e2f-41d0-bc7f-91302fea0864&fields=id&fields=name HTTP/1.1" status: 200 len: 286 time: 0.0316970
2026-03-31 06:21:14.444 10 INFO neutron.api.wsgi [req-b19d7d73-b7ff-4f85-83ef-f7adf50ee3e5 req-7a215773-0746-496d-a245-eb03622d12d4 e69ac62701e1414181bc1de2b1828ed7 455c059fce9c4c52bbe6e3a2647f2943 - - default default] 10.0.0.204 "GET /v2.0/ports?device_id=01b7c525-98b1-4149-a148-542013aa4f3f HTTP/1.1" status: 200 len: 210 time: 0.0320644
2026-03-31 06:21:14.531 9 INFO neutron.api.wsgi [req-5ffaf3af-3881-4f19-824e-5969e529cb6b req-12050af7-915c-4f20-bd0d-ce7a7980cfc9 c8ddd317cd4d443493736ba307dca577 1afe58f424034bcbb1c076e279edf9b8 - - ed29042efc3c459c90404065aa83b660 ed29042efc3c459c90404065aa83b660] 199.204.45.30 "GET /v2.0/ports?tenant_id=ad888be67fb04d8bb0f203d4edb5a6f5&device_id=388e8ba9-6167-4142-bc4f-7d5323548436 HTTP/1.1" status: 200 len: 1407 time: 0.0261755
2026-03-31 06:21:14.553 9 INFO neutron.api.wsgi [req-5ffaf3af-3881-4f19-824e-5969e529cb6b req-918a0073-8918-42df-af30-4f87abdbaac0 c8ddd317cd4d443493736ba307dca577 1afe58f424034bcbb1c076e279edf9b8 - - ed29042efc3c459c90404065aa83b660 ed29042efc3c459c90404065aa83b660] 199.204.45.30 "GET /v2.0/floatingips?fixed_ip_address=10.100.0.3&port_id=f3258b9e-e577-4274-84eb-96bf58985598 HTTP/1.1" status: 200 len: 217 time: 0.0162795
2026-03-31 06:21:14.593 9 INFO neutron.api.wsgi [req-5ffaf3af-3881-4f19-824e-5969e529cb6b req-2da0e60a-72c0-4c1f-baa4-b1d7ce6277d6 c8ddd317cd4d443493736ba307dca577 1afe58f424034bcbb1c076e279edf9b8 - - ed29042efc3c459c90404065aa83b660 ed29042efc3c459c90404065aa83b660] 199.204.45.30 "GET /v2.0/subnets?id=ca6eb2bc-c9ff-47c8-a7c1-4f553500f48b HTTP/1.1" status: 200 len: 894 time: 0.0344338
2026-03-31 06:21:14.611 9 INFO neutron.api.wsgi [req-5ffaf3af-3881-4f19-824e-5969e529cb6b req-75d349d4-ce0f-490f-9c58-e8430d5fb413 c8ddd317cd4d443493736ba307dca577 1afe58f424034bcbb1c076e279edf9b8 - - ed29042efc3c459c90404065aa83b660 ed29042efc3c459c90404065aa83b660] 199.204.45.30 "GET /v2.0/ports?network_id=0b047da7-e1e4-4d5c-af9e-a1c7981a75e3&device_owner=network%3Adhcp HTTP/1.1" status: 200 len: 210 time: 0.0141556
2026-03-31 06:21:14.655 9 INFO neutron.api.wsgi [req-5ffaf3af-3881-4f19-824e-5969e529cb6b req-1e1e2050-aeaa-4289-b757-eb0dc3178a90 c8ddd317cd4d443493736ba307dca577 1afe58f424034bcbb1c076e279edf9b8 - - ed29042efc3c459c90404065aa83b660 ed29042efc3c459c90404065aa83b660] 199.204.45.30 "GET /v2.0/networks/0b047da7-e1e4-4d5c-af9e-a1c7981a75e3?fields=segments HTTP/1.1" status: 200 len: 212 time: 0.0378809
2026-03-31 06:21:14.705 9 INFO neutron.api.wsgi [req-5ffaf3af-3881-4f19-824e-5969e529cb6b req-9550e8bb-3fb4-4019-b883-8bf3d3f70db4 c8ddd317cd4d443493736ba307dca577 1afe58f424034bcbb1c076e279edf9b8 - - ed29042efc3c459c90404065aa83b660 ed29042efc3c459c90404065aa83b660] 199.204.45.30 "GET /v2.0/networks/0b047da7-e1e4-4d5c-af9e-a1c7981a75e3?fields=provider%3Aphysical_network&fields=provider%3Anetwork_type HTTP/1.1" status: 200 len: 277 time: 0.0451424
2026-03-31 06:21:15.028 10 INFO neutron.api.wsgi [None req-379dc392-99ee-4ac4-b3e7-e1f622003f2b 0c8cfa4133454b3097b7c50077b745de a0ca050bdd2a42b38f5eef964bc59a02 - - default default] 10.0.0.21 "PUT /v2.0/routers/b3655212-e091-4ef8-9074-87153fdc2c6c/remove_router_interface HTTP/1.1" status: 200 len: 503 time: 1.0878198 /var/lib/openstack/lib/python3.12/site-packages/pycadf/identifier.py:71: UserWarning: Invalid uuid: neutron. To ensure interoperability, identifiers should be a valid uuid. warnings.warn(('Invalid uuid: %s. To ensure interoperability, '
2026-03-31 06:21:15.245 10 INFO neutron.api.wsgi [-] 10.0.0.13 "GET / HTTP/1.1" status: 200 len: 247 time: 0.0018911
2026-03-31 06:21:15.247 10 INFO neutron.api.wsgi [-] 10.0.0.13 "GET / HTTP/1.1" status: 200 len: 247 time: 0.0013626
2026-03-31 06:21:15.290 9 INFO neutron.api.wsgi [req-ff4b883a-defc-40f7-99cf-8fe4b87eb1ac req-fe447200-250b-4827-90aa-bbe2050531af f7ed42b7ae1443739badfd06afa007a9 ad888be67fb04d8bb0f203d4edb5a6f5 - - default default] 10.0.0.204 "GET /v2.0/ports?device_id=388e8ba9-6167-4142-bc4f-7d5323548436 HTTP/1.1" status: 200 len: 1168 time: 0.0349448
2026-03-31 06:21:15.329 9 INFO neutron.api.wsgi [req-ff4b883a-defc-40f7-99cf-8fe4b87eb1ac req-20aea958-fa34-4af3-8959-a45420cb1788 f7ed42b7ae1443739badfd06afa007a9 ad888be67fb04d8bb0f203d4edb5a6f5 - - default default] 10.0.0.204 "GET /v2.0/security-groups?id=0a5bbeaf-3e2f-41d0-bc7f-91302fea0864&fields=id&fields=name HTTP/1.1" status: 200 len: 286 time: 0.0305579
2026-03-31 06:21:15.512 10 INFO neutron.api.wsgi [req-e39e4796-1038-4520-9239-5ec1f2ac3a7b req-9578a2b5-afcd-43a4-9689-9bb91353955f e69ac62701e1414181bc1de2b1828ed7 455c059fce9c4c52bbe6e3a2647f2943 - - default default] 10.0.0.204 "GET /v2.0/ports?device_id=01b7c525-98b1-4149-a148-542013aa4f3f HTTP/1.1" status: 200 len: 210 time: 0.0134008
2026-03-31 06:21:15.631 10 INFO neutron.api.wsgi [None req-6ff72e2a-81df-4185-bbd2-8069dc01c003 0c8cfa4133454b3097b7c50077b745de a0ca050bdd2a42b38f5eef964bc59a02 - - default default] 10.0.0.21 "DELETE /v2.0/routers/b3655212-e091-4ef8-9074-87153fdc2c6c HTTP/1.1" status: 204 len: 168 time: 0.5989261
2026-03-31 06:21:15.785 10 INFO neutron.api.wsgi [None req-7aba4183-ad05-4efb-888f-7fa50c5a8630 0c8cfa4133454b3097b7c50077b745de a0ca050bdd2a42b38f5eef964bc59a02 - - default default] 10.0.0.21 "DELETE /v2.0/subnets/eecc22e9-de3b-4a35-9aa1-588184c9ba1d HTTP/1.1" status: 204 len: 168 time: 0.1487076
2026-03-31 06:21:15.961 10 WARNING neutron.plugins.ml2.drivers.ovn.mech_driver.ovsdb.ovn_client [None req-6db3d5f0-7ed8-4fb6-86dc-e2058cab5add - - - - - -] No hosting information found for port 34d8a740-c58e-42a0-84f3-8668aa037580: RuntimeError: No hosting information found for port 34d8a740-c58e-42a0-84f3-8668aa037580
2026-03-31 06:21:16.050 10 INFO neutron.db.ovn_revision_numbers_db [None req-6db3d5f0-7ed8-4fb6-86dc-e2058cab5add - - - - - -] Successfully bumped revision number for resource 34d8a740-c58e-42a0-84f3-8668aa037580 (type: router_ports) to 2
2026-03-31 06:21:16.099 9 INFO neutron.api.wsgi [req-3b09b1cd-e871-46b9-8f97-ece75adca13d req-6b56d405-9c1f-40ec-873d-0afe1f333afd 860a99c8c32b4bf7b981c34e49a840cc 5d29fb9856c94f3991ff7026e886d048 - - default default] 10.0.0.204 "GET /v2.0/ports?device_id=b47246e8-9d23-4b6b-bc04-10fc93bce38f HTTP/1.1" status: 200 len: 1170 time: 0.0973029
2026-03-31 06:21:16.156 9 INFO neutron.api.wsgi [req-3b09b1cd-e871-46b9-8f97-ece75adca13d req-dde55bde-63b9-4bf0-ba63-a0a0ed998c29 860a99c8c32b4bf7b981c34e49a840cc 5d29fb9856c94f3991ff7026e886d048 - - default default] 10.0.0.204 "GET /v2.0/security-groups?id=f3f21c22-5588-4e5d-8a2f-16ef9bd7c50c&fields=id&fields=name HTTP/1.1" status: 200 len: 313 time: 0.0508502
2026-03-31 06:21:16.156 9 INFO neutron.services.segments.plugin [-] Segment 4afff11d-0c7e-4893-a001-d5230d499360 resource provider aggregate not found
2026-03-31 06:21:16.160 9 INFO neutron.services.segments.plugin [-] Segment 4afff11d-0c7e-4893-a001-d5230d499360 resource provider aggregate not found
