2026-03-31 06:18:47.012 9 INFO neutron.api.wsgi [None req-ddf7105c-124f-47ea-a47b-d61bfac7f32d 0c8cfa4133454b3097b7c50077b745de a0ca050bdd2a42b38f5eef964bc59a02 - - default default] 10.0.0.149 "GET /v2.0/security-groups HTTP/1.1" status: 200 len: 17578 time: 0.0326729
2026-03-31 06:19:00.246 10 INFO neutron.api.wsgi [-] 10.0.0.13 "GET / HTTP/1.1" status: 200 len: 247 time: 0.0022755
2026-03-31 06:19:00.246 9 INFO neutron.api.wsgi [-] 10.0.0.13 "GET / HTTP/1.1" status: 200 len: 247 time: 0.0024674
2026-03-31 06:19:15.247 10 INFO neutron.api.wsgi [-] 10.0.0.13 "GET / HTTP/1.1" status: 200 len: 247 time: 0.0031264
2026-03-31 06:19:15.253 10 INFO neutron.api.wsgi [-] 10.0.0.13 "GET / HTTP/1.1" status: 200 len: 247 time: 0.0051470
2026-03-31 06:19:17.541 10 INFO neutron.api.wsgi [None req-c790500e-5a6c-4e4f-b055-6920567bb5d4 0c8cfa4133454b3097b7c50077b745de a0ca050bdd2a42b38f5eef964bc59a02 - - default default] 199.204.45.30,10.0.0.13 "GET /v2.0/networks?name=public HTTP/1.1" status: 200 len: 928 time: 0.0906496
2026-03-31 06:19:30.245 9 INFO neutron.api.wsgi [-] 10.0.0.13 "GET / HTTP/1.1" status: 200 len: 247 time: 0.0017021
2026-03-31 06:19:30.246 10 INFO neutron.api.wsgi [-] 10.0.0.13 "GET / HTTP/1.1" status: 200 len: 247 time: 0.0026748
2026-03-31 06:19:45.247 10 INFO neutron.api.wsgi [-] 10.0.0.13 "GET / HTTP/1.1" status: 200 len: 247 time: 0.0023673
2026-03-31 06:19:45.250 10 INFO neutron.api.wsgi [-] 10.0.0.13 "GET / HTTP/1.1" status: 200 len: 247 time: 0.0020735
2026-03-31 06:19:46.884 9 INFO neutron.api.wsgi [None req-9a014393-a7f6-4d12-b8c7-5668c02d73e3 0c8cfa4133454b3097b7c50077b745de a0ca050bdd2a42b38f5eef964bc59a02 - - default default] 10.0.0.149 "GET /v2.0/floatingips HTTP/1.1" status: 200 len: 193 time: 0.1278303
2026-03-31 06:19:46.928 9 INFO neutron.api.wsgi [None req-915684d2-43de-490b-abee-13b44fdcd542 0c8cfa4133454b3097b7c50077b745de a0ca050bdd2a42b38f5eef964bc59a02 - - default default] 10.0.0.149 "GET /v2.0/ports HTTP/1.1" status: 200 len: 5351 time: 0.0430512
2026-03-31 06:19:46.945 9 INFO neutron.api.wsgi [None req-3587a976-6b72-4fc0-baf8-f94dbfd6c98e 0c8cfa4133454b3097b7c50077b745de a0ca050bdd2a42b38f5eef964bc59a02 - - default default] 10.0.0.149 "GET /v2.0/routers HTTP/1.1" status: 200 len: 189 time: 0.0147626
2026-03-31 06:19:46.975 9 INFO neutron.api.wsgi [None req-72c11a35-2343-49a2-b05e-3db79fa7129d 0c8cfa4133454b3097b7c50077b745de a0ca050bdd2a42b38f5eef964bc59a02 - - default default] 10.0.0.149 "GET /v2.0/agents?binary=ovn-controller HTTP/1.1" status: 200 len: 591 time: 0.0289559
2026-03-31 06:19:46.988 9 INFO neutron.api.wsgi [None req-1b2cd3aa-ec56-4b1f-b434-968813805b99 0c8cfa4133454b3097b7c50077b745de a0ca050bdd2a42b38f5eef964bc59a02 - - default default] 10.0.0.149 "GET /v2.0/network-ip-availabilities HTTP/1.1" status: 200 len: 1280 time: 0.0118110
2026-03-31 06:19:47.010 9 INFO neutron.api.wsgi [None req-b3d0fa53-e8b6-41fc-825c-fdafc6c42168 0c8cfa4133454b3097b7c50077b745de a0ca050bdd2a42b38f5eef964bc59a02 - - default default] 10.0.0.149 "GET /v2.0/subnets HTTP/1.1" status: 200 len: 1484 time: 0.0217562
2026-03-31 06:19:47.019 9 INFO neutron.api.wsgi [None req-78b895d4-47b4-4b94-8a51-c5aca0b5907c 0c8cfa4133454b3097b7c50077b745de a0ca050bdd2a42b38f5eef964bc59a02 - - default default] 10.0.0.149 "GET /v2.0/subnetpools HTTP/1.1" status: 200 len: 193 time: 0.0071337
2026-03-31 06:19:47.065 9 INFO neutron.api.wsgi [None req-1f56692d-e678-449f-9439-24cc7d393e98 0c8cfa4133454b3097b7c50077b745de a0ca050bdd2a42b38f5eef964bc59a02 - - default default] 10.0.0.149 "GET /v2.0/networks HTTP/1.1" status: 200 len: 2349 time: 0.0448854
2026-03-31 06:19:47.104 9 INFO neutron.api.wsgi [None req-897e96ec-52c9-4b8e-83f1-3bd043f1f06f 0c8cfa4133454b3097b7c50077b745de a0ca050bdd2a42b38f5eef964bc59a02 - - default default] 10.0.0.149 "GET /v2.0/security-groups HTTP/1.1" status: 200 len: 17578 time: 0.0369117
2026-03-31 06:19:47.143 9 INFO neutron.api.wsgi [None req-7a177649-ad6b-4b32-8c73-c689b1f283e3 0c8cfa4133454b3097b7c50077b745de a0ca050bdd2a42b38f5eef964bc59a02 - - default default] 10.0.0.149 "GET /v2.0/subnets HTTP/1.1" status: 200 len: 1484 time: 0.0308831
2026-03-31 06:19:47.155 9 INFO neutron.api.wsgi [None req-168b1e3e-01f3-4086-8c57-c0730a3466ec 0c8cfa4133454b3097b7c50077b745de a0ca050bdd2a42b38f5eef964bc59a02 - - default default] 10.0.0.149 "GET /v2.0/agents HTTP/1.1" status: 200 len: 1390 time: 0.0104961
2026-03-31 06:19:56.875 10 INFO neutron.api.wsgi [None req-039833c6-6331-4ca9-a9de-bc36eafd44f0 0c8cfa4133454b3097b7c50077b745de a0ca050bdd2a42b38f5eef964bc59a02 - - default default] 10.0.0.21 "GET /v2.0/networks HTTP/1.1" status: 200 len: 2368 time: 0.0946267
2026-03-31 06:19:58.046 10 INFO neutron.api.wsgi [None req-8dddeb87-6349-4dc9-80f1-c113f8bd456c 0c8cfa4133454b3097b7c50077b745de a0ca050bdd2a42b38f5eef964bc59a02 - - default default] 10.0.0.21 "GET /v2.0/floatingips HTTP/1.1" status: 200 len: 212 time: 0.0347428
2026-03-31 06:19:58.084 10 INFO neutron.api.wsgi [None req-20c81c85-60cb-4bf7-bf0d-4a603fe52c01 0c8cfa4133454b3097b7c50077b745de a0ca050bdd2a42b38f5eef964bc59a02 - - default default] 10.0.0.21 "GET /v2.0/routers HTTP/1.1" status: 200 len: 208 time: 0.0335121
2026-03-31 06:19:58.127 10 INFO neutron.api.wsgi [None req-9d80c5ff-83c3-4361-8cca-66e089c824e1 0c8cfa4133454b3097b7c50077b745de a0ca050bdd2a42b38f5eef964bc59a02 - - default default] 10.0.0.21 "GET /v2.0/ports HTTP/1.1" status: 200 len: 5370 time: 0.0369272
2026-03-31 06:19:58.159 10 INFO neutron.api.wsgi [None req-0743bd14-0f48-40a6-a1f7-f59fa41fffd7 0c8cfa4133454b3097b7c50077b745de a0ca050bdd2a42b38f5eef964bc59a02 - - default default] 10.0.0.21 "GET /v2.0/subnets HTTP/1.1" status: 200 len: 1503 time: 0.0282316
2026-03-31 06:19:58.212 10 INFO neutron.api.wsgi [None req-78f22de4-8231-4510-819c-e1bff29f46b4 0c8cfa4133454b3097b7c50077b745de a0ca050bdd2a42b38f5eef964bc59a02 - - default default] 10.0.0.21 "GET /v2.0/networks HTTP/1.1" status: 200 len: 2368 time: 0.0455122
2026-03-31 06:19:58.260 10 INFO neutron.api.wsgi [None req-3276859b-7cd2-4347-903d-8375b412bd49 0c8cfa4133454b3097b7c50077b745de a0ca050bdd2a42b38f5eef964bc59a02 - - default default] 10.0.0.21 "GET /v2.0/security-groups HTTP/1.1" status: 200 len: 17597 time: 0.0430217
2026-03-31 06:19:58.272 10 INFO neutron.api.wsgi [None req-a5f859ac-118b-44bd-a116-7ffc4acb3d1a 0c8cfa4133454b3097b7c50077b745de a0ca050bdd2a42b38f5eef964bc59a02 - - default default] 10.0.0.21 "GET /v2.0/subnetpools HTTP/1.1" status: 200 len: 212 time: 0.0074821
2026-03-31 06:20:00.248 9 INFO neutron.api.wsgi [-] 10.0.0.13 "GET / HTTP/1.1" status: 200 len: 247 time: 0.0034893
2026-03-31 06:20:00.248 10 INFO neutron.api.wsgi [-] 10.0.0.13 "GET / HTTP/1.1" status: 200 len: 247 time: 0.0035992
2026-03-31 06:20:09.095 10 INFO neutron.db.ovn_revision_numbers_db [None req-d59ebab2-1fd4-481f-8318-c5228f8b73ce 0c8cfa4133454b3097b7c50077b745de a0ca050bdd2a42b38f5eef964bc59a02 - - default default] Successfully bumped revision number for resource cd209f4e-232e-47bf-ae5c-aef15ad5eefe (type: security_groups) to 1
2026-03-31 06:20:09.109 10 INFO neutron.db.ovn_revision_numbers_db [None req-d59ebab2-1fd4-481f-8318-c5228f8b73ce 0c8cfa4133454b3097b7c50077b745de a0ca050bdd2a42b38f5eef964bc59a02 - - default default] Successfully bumped revision number for resource 00a8d6bd-1881-47e6-bcdd-77df4f7525f6 (type: security_group_rules) to 0
2026-03-31 06:20:09.137 10 INFO neutron.db.ovn_revision_numbers_db [None req-d59ebab2-1fd4-481f-8318-c5228f8b73ce 0c8cfa4133454b3097b7c50077b745de a0ca050bdd2a42b38f5eef964bc59a02 - - default default] Successfully bumped revision number for resource 1f4cb4b7-8952-4ea3-9ee7-6a1f35778452 (type: security_group_rules) to 0
2026-03-31 06:20:09.157 10 INFO neutron.db.ovn_revision_numbers_db [None req-d59ebab2-1fd4-481f-8318-c5228f8b73ce 0c8cfa4133454b3097b7c50077b745de a0ca050bdd2a42b38f5eef964bc59a02 - - default default] Successfully bumped revision number for resource adab654a-3d04-48f7-bbcd-ddadd90d4bae (type: security_group_rules) to 0
2026-03-31 06:20:09.160 10 INFO neutron.db.ovn_revision_numbers_db [None req-6b9ff393-a80d-4ab5-9635-2aefdb3ff203 0c8cfa4133454b3097b7c50077b745de a0ca050bdd2a42b38f5eef964bc59a02 - - default default] Successfully bumped revision number for resource 622d781f-3da5-48aa-bfb3-24169c89f2d8 (type: security_groups) to 1
2026-03-31 06:20:09.182 10 INFO neutron.db.ovn_revision_numbers_db [None req-d59ebab2-1fd4-481f-8318-c5228f8b73ce 0c8cfa4133454b3097b7c50077b745de a0ca050bdd2a42b38f5eef964bc59a02 - - default default] Successfully bumped revision number for resource efb3640b-4361-4159-8088-e107399c4b7b (type: security_group_rules) to 0
2026-03-31 06:20:09.188 10 INFO neutron.db.ovn_revision_numbers_db [None req-6b9ff393-a80d-4ab5-9635-2aefdb3ff203 0c8cfa4133454b3097b7c50077b745de a0ca050bdd2a42b38f5eef964bc59a02 - - default default] Successfully bumped revision number for resource 30587857-a005-48ab-a20a-1c4f37b3364c (type: security_group_rules) to 0
2026-03-31 06:20:09.213 10 INFO neutron.db.ovn_revision_numbers_db [None req-6b9ff393-a80d-4ab5-9635-2aefdb3ff203 0c8cfa4133454b3097b7c50077b745de a0ca050bdd2a42b38f5eef964bc59a02 - - default default] Successfully bumped revision number for resource 4092fd73-005b-4d6a-a072-a2b334c539eb (type: security_group_rules) to 0
2026-03-31 06:20:09.225 9 INFO neutron.db.ovn_revision_numbers_db [None req-4875d127-a3ed-4278-8391-9f29951d27ce 0c8cfa4133454b3097b7c50077b745de a0ca050bdd2a42b38f5eef964bc59a02 - - default default] Successfully bumped revision number for resource 9e8f840b-52c9-4006-a5b8-6ea401dc3f70 (type: security_groups) to 1
2026-03-31 06:20:09.237 9 INFO neutron.db.ovn_revision_numbers_db [None req-4875d127-a3ed-4278-8391-9f29951d27ce 0c8cfa4133454b3097b7c50077b745de a0ca050bdd2a42b38f5eef964bc59a02 - - default default] Successfully bumped revision number for resource 6fcd94ec-d596-4ed7-9ca1-7bcec16e3220 (type: security_group_rules) to 0
2026-03-31 06:20:09.241 10 INFO neutron.db.ovn_revision_numbers_db [None req-6b9ff393-a80d-4ab5-9635-2aefdb3ff203 0c8cfa4133454b3097b7c50077b745de a0ca050bdd2a42b38f5eef964bc59a02 - - default default] Successfully bumped revision number for resource 675f4b4e-e415-4b93-bd34-096be19d2d4e (type: security_group_rules) to 0
2026-03-31 06:20:09.250 9 INFO neutron.db.ovn_revision_numbers_db [None req-4875d127-a3ed-4278-8391-9f29951d27ce 0c8cfa4133454b3097b7c50077b745de a0ca050bdd2a42b38f5eef964bc59a02 - - default default] Successfully bumped revision number for resource 8fc99400-d21f-4e50-a437-ad157e4fe6a8 (type: security_group_rules) to 0
2026-03-31 06:20:09.256 10 INFO neutron.db.ovn_revision_numbers_db [None req-6b9ff393-a80d-4ab5-9635-2aefdb3ff203 0c8cfa4133454b3097b7c50077b745de a0ca050bdd2a42b38f5eef964bc59a02 - - default default] Successfully bumped revision number for resource 7aa11540-fb20-471d-9c15-c57aa027a543 (type: security_group_rules) to 0
2026-03-31 06:20:09.261 9 INFO neutron.db.ovn_revision_numbers_db [None req-4875d127-a3ed-4278-8391-9f29951d27ce 0c8cfa4133454b3097b7c50077b745de a0ca050bdd2a42b38f5eef964bc59a02 - - default default] Successfully bumped revision number for resource c5edff50-8b10-4af8-9fcc-ba5d1618d51f (type: security_group_rules) to 0
2026-03-31 06:20:09.273 9 INFO neutron.db.ovn_revision_numbers_db [None req-4875d127-a3ed-4278-8391-9f29951d27ce 0c8cfa4133454b3097b7c50077b745de a0ca050bdd2a42b38f5eef964bc59a02 - - default default] Successfully bumped revision number for resource ce216e8c-f639-44e1-82a9-a20aa28e65a4 (type: security_group_rules) to 0
2026-03-31 06:20:09.291 10 INFO neutron.db.segments_db [None req-d59ebab2-1fd4-481f-8318-c5228f8b73ce 0c8cfa4133454b3097b7c50077b745de a0ca050bdd2a42b38f5eef964bc59a02 - - default default] Added segment acc4f20d-35e8-42f1-a162-a07f26382383 of type geneve for network 743d559a-470b-475c-95f6-b96c87c7e8fb
2026-03-31 06:20:09.337 10 INFO neutron.db.segments_db [None req-6b9ff393-a80d-4ab5-9635-2aefdb3ff203 0c8cfa4133454b3097b7c50077b745de a0ca050bdd2a42b38f5eef964bc59a02 - - default default] Added segment 138f717b-0d4c-4f28-9448-2b470dc803dc of type geneve for network a1b951e2-de9d-45d1-85d6-8c579db03a38
2026-03-31 06:20:09.360 9 INFO neutron.db.segments_db [None req-4875d127-a3ed-4278-8391-9f29951d27ce 0c8cfa4133454b3097b7c50077b745de a0ca050bdd2a42b38f5eef964bc59a02 - - default default] Added segment 50ed5cc0-6608-407c-9e38-2b1535dc7708 of type geneve for network cf4ad66a-9853-440a-9355-255e6ca8a4e8
2026-03-31 06:20:09.422 10 INFO neutron.db.ovn_revision_numbers_db [None req-d59ebab2-1fd4-481f-8318-c5228f8b73ce 0c8cfa4133454b3097b7c50077b745de a0ca050bdd2a42b38f5eef964bc59a02 - - default default] Successfully bumped revision number for resource 743d559a-470b-475c-95f6-b96c87c7e8fb (type: networks) to 1
2026-03-31 06:20:09.461 10 INFO neutron.db.ovn_revision_numbers_db [None req-6b9ff393-a80d-4ab5-9635-2aefdb3ff203 0c8cfa4133454b3097b7c50077b745de a0ca050bdd2a42b38f5eef964bc59a02 - - default default] Successfully bumped revision number for resource a1b951e2-de9d-45d1-85d6-8c579db03a38 (type: networks) to 1
2026-03-31 06:20:09.473 9 INFO neutron.db.ovn_revision_numbers_db [None req-4875d127-a3ed-4278-8391-9f29951d27ce 0c8cfa4133454b3097b7c50077b745de a0ca050bdd2a42b38f5eef964bc59a02 - - default default] Successfully bumped revision number for resource cf4ad66a-9853-440a-9355-255e6ca8a4e8 (type: networks) to 1
2026-03-31 06:20:09.601 10 WARNING neutron.scheduler.dhcp_agent_scheduler [None req-d59ebab2-1fd4-481f-8318-c5228f8b73ce 0c8cfa4133454b3097b7c50077b745de a0ca050bdd2a42b38f5eef964bc59a02 - - default default] No more DHCP agents
2026-03-31 06:20:09.602 10 WARNING neutron.api.rpc.agentnotifiers.dhcp_rpc_agent_api [None req-d59ebab2-1fd4-481f-8318-c5228f8b73ce 0c8cfa4133454b3097b7c50077b745de a0ca050bdd2a42b38f5eef964bc59a02 - - default default] Unable to schedule network 743d559a-470b-475c-95f6-b96c87c7e8fb: no agents available; will retry on subsequent port and subnet creation events.
2026-03-31 06:20:09.625 10 WARNING neutron.scheduler.dhcp_agent_scheduler [None req-6b9ff393-a80d-4ab5-9635-2aefdb3ff203 0c8cfa4133454b3097b7c50077b745de a0ca050bdd2a42b38f5eef964bc59a02 - - default default] No more DHCP agents
2026-03-31 06:20:09.626 10 WARNING neutron.api.rpc.agentnotifiers.dhcp_rpc_agent_api [None req-6b9ff393-a80d-4ab5-9635-2aefdb3ff203 0c8cfa4133454b3097b7c50077b745de a0ca050bdd2a42b38f5eef964bc59a02 - - default default] Unable to schedule network a1b951e2-de9d-45d1-85d6-8c579db03a38: no agents available; will retry on subsequent port and subnet creation events.
2026-03-31 06:20:09.675 10 INFO neutron.db.ovn_revision_numbers_db [None req-d59ebab2-1fd4-481f-8318-c5228f8b73ce 0c8cfa4133454b3097b7c50077b745de a0ca050bdd2a42b38f5eef964bc59a02 - - default default] Successfully bumped revision number for resource 9a3545c4-3ffb-43fc-b2de-1bc55ee1f86f (type: ports) to 1
2026-03-31 06:20:09.680 9 WARNING neutron.scheduler.dhcp_agent_scheduler [None req-4875d127-a3ed-4278-8391-9f29951d27ce 0c8cfa4133454b3097b7c50077b745de a0ca050bdd2a42b38f5eef964bc59a02 - - default default] No more DHCP agents
2026-03-31 06:20:09.681 9 WARNING neutron.api.rpc.agentnotifiers.dhcp_rpc_agent_api [None req-4875d127-a3ed-4278-8391-9f29951d27ce 0c8cfa4133454b3097b7c50077b745de a0ca050bdd2a42b38f5eef964bc59a02 - - default default] Unable to schedule network cf4ad66a-9853-440a-9355-255e6ca8a4e8: no agents available; will retry on subsequent port and subnet creation events.
2026-03-31 06:20:09.694 10 INFO neutron.db.ovn_revision_numbers_db [None req-6b9ff393-a80d-4ab5-9635-2aefdb3ff203 0c8cfa4133454b3097b7c50077b745de a0ca050bdd2a42b38f5eef964bc59a02 - - default default] Successfully bumped revision number for resource 51114c0f-5a2a-4bf3-9b0c-44418f9e3005 (type: ports) to 1
2026-03-31 06:20:09.699 10 INFO neutron.api.wsgi [None req-d59ebab2-1fd4-481f-8318-c5228f8b73ce 0c8cfa4133454b3097b7c50077b745de a0ca050bdd2a42b38f5eef964bc59a02 - - default default] 10.0.0.21 "POST /v2.0/networks HTTP/1.1" status: 201 len: 946 time: 0.9630392
2026-03-31 06:20:09.721 10 INFO neutron.api.wsgi [None req-6b9ff393-a80d-4ab5-9635-2aefdb3ff203 0c8cfa4133454b3097b7c50077b745de a0ca050bdd2a42b38f5eef964bc59a02 - - default default] 10.0.0.21 "POST /v2.0/networks HTTP/1.1" status: 201 len: 946 time: 0.7566152
2026-03-31 06:20:09.776 9 INFO neutron.db.ovn_revision_numbers_db [None req-4875d127-a3ed-4278-8391-9f29951d27ce 0c8cfa4133454b3097b7c50077b745de a0ca050bdd2a42b38f5eef964bc59a02 - - default default] Successfully bumped revision number for resource ba9a5dab-f83b-400f-ba1a-d5f6f2ade15b (type: ports) to 1
2026-03-31 06:20:09.808 9 INFO neutron.api.wsgi [None req-4875d127-a3ed-4278-8391-9f29951d27ce 0c8cfa4133454b3097b7c50077b745de a0ca050bdd2a42b38f5eef964bc59a02 - - default default] 10.0.0.21 "POST /v2.0/networks HTTP/1.1" status: 201 len: 951 time: 0.7688963
2026-03-31 06:20:09.932 10 WARNING neutron.scheduler.dhcp_agent_scheduler [None req-28ecc202-d5ed-4804-9078-0aaba87d0b5f 0c8cfa4133454b3097b7c50077b745de a0ca050bdd2a42b38f5eef964bc59a02 - - default default] No more DHCP agents
2026-03-31 06:20:09.934 10 WARNING neutron.api.rpc.agentnotifiers.dhcp_rpc_agent_api [None req-28ecc202-d5ed-4804-9078-0aaba87d0b5f 0c8cfa4133454b3097b7c50077b745de a0ca050bdd2a42b38f5eef964bc59a02 - - default default] Unable to schedule network 743d559a-470b-475c-95f6-b96c87c7e8fb: no agents available; will retry on subsequent port and subnet creation events.
2026-03-31 06:20:09.964 9 WARNING neutron.scheduler.dhcp_agent_scheduler [None req-fd3f3a4d-4239-4e4c-99e9-e2809439e873 0c8cfa4133454b3097b7c50077b745de a0ca050bdd2a42b38f5eef964bc59a02 - - default default] No more DHCP agents
2026-03-31 06:20:09.965 9 WARNING neutron.api.rpc.agentnotifiers.dhcp_rpc_agent_api [None req-fd3f3a4d-4239-4e4c-99e9-e2809439e873 0c8cfa4133454b3097b7c50077b745de a0ca050bdd2a42b38f5eef964bc59a02 - - default default] Unable to schedule network cf4ad66a-9853-440a-9355-255e6ca8a4e8: no agents available; will retry on subsequent port and subnet creation events.
2026-03-31 06:20:09.967 10 INFO neutron.db.ovn_revision_numbers_db [None req-61d348d6-1503-4b0c-b963-839d9267a649 0c8cfa4133454b3097b7c50077b745de a0ca050bdd2a42b38f5eef964bc59a02 - - default default] Successfully bumped revision number for resource af55b6b5-342f-4c9e-836a-58c3a4dcd54a (type: security_groups) to 1
2026-03-31 06:20:09.984 10 INFO neutron.db.ovn_revision_numbers_db [None req-61d348d6-1503-4b0c-b963-839d9267a649 0c8cfa4133454b3097b7c50077b745de a0ca050bdd2a42b38f5eef964bc59a02 - - default default] Successfully bumped revision number for resource 31bd2393-55c9-468f-8fed-11e2817dc358 (type: security_group_rules) to 0
2026-03-31 06:20:09.987 10 WARNING neutron.scheduler.dhcp_agent_scheduler [None req-1960d5fa-a7b9-4979-b35f-04f495197f65 0c8cfa4133454b3097b7c50077b745de a0ca050bdd2a42b38f5eef964bc59a02 - - default default] No more DHCP agents
2026-03-31 06:20:09.990 10 WARNING neutron.api.rpc.agentnotifiers.dhcp_rpc_agent_api [None req-1960d5fa-a7b9-4979-b35f-04f495197f65 0c8cfa4133454b3097b7c50077b745de a0ca050bdd2a42b38f5eef964bc59a02 - - default default] Unable to schedule network a1b951e2-de9d-45d1-85d6-8c579db03a38: no agents available; will retry on subsequent port and subnet creation events.
2026-03-31 06:20:10.008 10 INFO neutron.db.ovn_revision_numbers_db [None req-61d348d6-1503-4b0c-b963-839d9267a649 0c8cfa4133454b3097b7c50077b745de a0ca050bdd2a42b38f5eef964bc59a02 - - default default] Successfully bumped revision number for resource 36de439f-b7d4-4221-8897-64eb2d0dc1cc (type: security_group_rules) to 0
2026-03-31 06:20:10.025 10 INFO neutron.db.ovn_revision_numbers_db [None req-61d348d6-1503-4b0c-b963-839d9267a649 0c8cfa4133454b3097b7c50077b745de a0ca050bdd2a42b38f5eef964bc59a02 - - default default] Successfully bumped revision number for resource 6b8e6e85-871c-4ec4-8039-3f93bde3a10a (type: security_group_rules) to 0
2026-03-31 06:20:10.052 10 INFO neutron.db.ovn_revision_numbers_db [None req-61d348d6-1503-4b0c-b963-839d9267a649 0c8cfa4133454b3097b7c50077b745de a0ca050bdd2a42b38f5eef964bc59a02 - - default default] Successfully bumped revision number for resource d737299e-72f2-44a7-9a55-3ba99d987961 (type: security_group_rules) to 0
2026-03-31 06:20:10.116 10 INFO neutron.api.wsgi [None req-61d348d6-1503-4b0c-b963-839d9267a649 0c8cfa4133454b3097b7c50077b745de a0ca050bdd2a42b38f5eef964bc59a02 - - default default] 10.0.0.21 "GET /v2.0/security-groups?tenant_id=5f4484eb221d4ce3a77e9e1779df40e8&name=default HTTP/1.1" status: 200 len: 3116 time: 0.4545333
2026-03-31 06:20:10.442 9 INFO neutron.db.ovn_revision_numbers_db [None req-281fd8a1-0485-474a-8d79-ac8dde0609c8 - - - - - -] Successfully bumped revision number for resource ba9a5dab-f83b-400f-ba1a-d5f6f2ade15b (type: ports) to 2
2026-03-31 06:20:10.454 10 INFO neutron.api.wsgi [None req-e5ac660c-1047-4d6a-ae56-85b2070d7f12 0c8cfa4133454b3097b7c50077b745de a0ca050bdd2a42b38f5eef964bc59a02 - - default default] 10.0.0.21 "DELETE /v2.0/security-groups/af55b6b5-342f-4c9e-836a-58c3a4dcd54a HTTP/1.1" status: 204 len: 168 time: 0.3320861
2026-03-31 06:20:10.472 9 INFO neutron.db.ovn_revision_numbers_db [None req-281fd8a1-0485-474a-8d79-ac8dde0609c8 - - - - - -] Successfully bumped revision number for resource 0c2d7641-3828-468f-b085-afe2537dc42d (type: subnets) to 0
2026-03-31 06:20:10.486 9 INFO neutron.api.wsgi [None req-fd3f3a4d-4239-4e4c-99e9-e2809439e873 0c8cfa4133454b3097b7c50077b745de a0ca050bdd2a42b38f5eef964bc59a02 - - default default] 10.0.0.21 "POST /v2.0/subnets HTTP/1.1" status: 201 len: 895 time: 0.6687460
2026-03-31 06:20:10.516 10 INFO neutron.db.ovn_revision_numbers_db [None req-7f953bba-03c9-4bb8-8e2b-c734b8626937 - - - - - -] Successfully bumped revision number for resource 9a3545c4-3ffb-43fc-b2de-1bc55ee1f86f (type: ports) to 2
2026-03-31 06:20:10.613 10 INFO neutron.db.ovn_revision_numbers_db [None req-6112b9d2-ecb1-4407-9577-868458d4c041 - - - - - -] Successfully bumped revision number for resource 51114c0f-5a2a-4bf3-9b0c-44418f9e3005 (type: ports) to 2
2026-03-31 06:20:10.615 10 INFO neutron.db.ovn_revision_numbers_db [None req-7f953bba-03c9-4bb8-8e2b-c734b8626937 - - - - - -] Successfully bumped revision number for resource ac89c886-7794-4202-89e3-db890b22c566 (type: subnets) to 0
2026-03-31 06:20:10.627 10 INFO neutron.api.wsgi [None req-28ecc202-d5ed-4804-9078-0aaba87d0b5f 0c8cfa4133454b3097b7c50077b745de a0ca050bdd2a42b38f5eef964bc59a02 - - default default] 10.0.0.21 "POST /v2.0/subnets HTTP/1.1" status: 201 len: 890 time: 0.9233592
2026-03-31 06:20:10.649 10 INFO neutron.db.ovn_revision_numbers_db [None req-6112b9d2-ecb1-4407-9577-868458d4c041 - - - - - -] Successfully bumped revision number for resource f6aa5818-b706-4485-ad40-ebf1feb21f05 (type: subnets) to 0
2026-03-31 06:20:10.661 10 INFO neutron.api.wsgi [None req-1960d5fa-a7b9-4979-b35f-04f495197f65 0c8cfa4133454b3097b7c50077b745de a0ca050bdd2a42b38f5eef964bc59a02 - - default default] 10.0.0.21 "POST /v2.0/subnets HTTP/1.1" status: 201 len: 890 time: 0.9335718
2026-03-31 06:20:10.938 9 WARNING neutron.scheduler.dhcp_agent_scheduler [None req-92c5f4d2-38a4-4f64-bfb9-35fe986aed04 0c8cfa4133454b3097b7c50077b745de a0ca050bdd2a42b38f5eef964bc59a02 - - default default] No more DHCP agents
2026-03-31 06:20:10.938 9 WARNING neutron.api.rpc.agentnotifiers.dhcp_rpc_agent_api [None req-92c5f4d2-38a4-4f64-bfb9-35fe986aed04 0c8cfa4133454b3097b7c50077b745de a0ca050bdd2a42b38f5eef964bc59a02 - - default default] Unable to schedule network e55540ea-a814-4e0a-a66a-8cb2c3059c54: no agents available; will retry on subsequent port and subnet creation events.
2026-03-31 06:20:11.052 9 INFO neutron.db.ovn_revision_numbers_db [None req-92c5f4d2-38a4-4f64-bfb9-35fe986aed04 0c8cfa4133454b3097b7c50077b745de a0ca050bdd2a42b38f5eef964bc59a02 - - default default] Successfully bumped revision number for resource 239891f3-7d9f-4ab0-9f81-6a1422f1e0e0 (type: ports) to 1
2026-03-31 06:20:11.174 10 WARNING neutron.scheduler.dhcp_agent_scheduler [None req-29c03a41-ac83-4233-803d-da5afdc92a33 0c8cfa4133454b3097b7c50077b745de a0ca050bdd2a42b38f5eef964bc59a02 - - default default] No more DHCP agents
2026-03-31 06:20:11.175 10 WARNING neutron.api.rpc.agentnotifiers.dhcp_rpc_agent_api [None req-29c03a41-ac83-4233-803d-da5afdc92a33 0c8cfa4133454b3097b7c50077b745de a0ca050bdd2a42b38f5eef964bc59a02 - - default default] Unable to schedule network e55540ea-a814-4e0a-a66a-8cb2c3059c54: no agents available; will retry on subsequent port and subnet creation events.
2026-03-31 06:20:11.280 10 INFO neutron.db.ovn_revision_numbers_db [None req-29c03a41-ac83-4233-803d-da5afdc92a33 0c8cfa4133454b3097b7c50077b745de a0ca050bdd2a42b38f5eef964bc59a02 - - default default] Successfully bumped revision number for resource 8c956963-1bbe-4f28-bb5b-0db9460ff369 (type: ports) to 1
2026-03-31 06:20:11.329 9 INFO neutron.plugins.ml2.drivers.ovn.mech_driver.ovsdb.extensions.qos [None req-92c5f4d2-38a4-4f64-bfb9-35fe986aed04 0c8cfa4133454b3097b7c50077b745de a0ca050bdd2a42b38f5eef964bc59a02 - - default default] Starting OVNClientQosExtension
2026-03-31 06:20:11.601 10 INFO neutron.plugins.ml2.drivers.ovn.mech_driver.ovsdb.extensions.qos [None req-29c03a41-ac83-4233-803d-da5afdc92a33 0c8cfa4133454b3097b7c50077b745de a0ca050bdd2a42b38f5eef964bc59a02 - - default default] Starting OVNClientQosExtension
2026-03-31 06:20:11.753 9 INFO neutron.plugins.ml2.drivers.ovn.mech_driver.ovsdb.commands [None req-ec91ec26-8cc7-43f2-8422-b545f8e0346e - - - - - -] Schedule LRP lrp-239891f3-7d9f-4ab0-9f81-6a1422f1e0e0 on gateway 2c9e64a4-323c-45d9-936d-664ae41bf917 with priority 1
2026-03-31 06:20:11.787 9 INFO neutron.db.ovn_revision_numbers_db [None req-92c5f4d2-38a4-4f64-bfb9-35fe986aed04 0c8cfa4133454b3097b7c50077b745de a0ca050bdd2a42b38f5eef964bc59a02 - - default default] Successfully bumped revision number for resource 239891f3-7d9f-4ab0-9f81-6a1422f1e0e0 (type: router_ports) to 1
2026-03-31 06:20:11.828 10 INFO neutron.plugins.ml2.drivers.ovn.mech_driver.ovsdb.ovsdb_monitor [-] Router f1df9252-1975-485d-a1fb-012c14e086cd is bound to host instance
2026-03-31 06:20:11.841 10 INFO neutron.plugins.ml2.drivers.ovn.mech_driver.mech_driver [None req-dddacf6f-9753-44a9-94f9-36776e3db702 - - - - - -] OVN reports status up for port: 239891f3-7d9f-4ab0-9f81-6a1422f1e0e0
2026-03-31 06:20:11.855 9 INFO neutron.db.ovn_revision_numbers_db [None req-92c5f4d2-38a4-4f64-bfb9-35fe986aed04 0c8cfa4133454b3097b7c50077b745de a0ca050bdd2a42b38f5eef964bc59a02 - - default default] Successfully bumped revision number for resource f1df9252-1975-485d-a1fb-012c14e086cd (type: routers) to 2
2026-03-31 06:20:11.862 10 INFO neutron.plugins.ml2.plugin [None req-dddacf6f-9753-44a9-94f9-36776e3db702 - - - - - -] Attempt 1 to provision port 239891f3-7d9f-4ab0-9f81-6a1422f1e0e0
2026-03-31 06:20:11.871 9 INFO neutron.api.wsgi [None req-92c5f4d2-38a4-4f64-bfb9-35fe986aed04 0c8cfa4133454b3097b7c50077b745de a0ca050bdd2a42b38f5eef964bc59a02 - - default default] 10.0.0.21 "POST /v2.0/routers HTTP/1.1" status: 201 len: 1173 time: 1.3789122
2026-03-31 06:20:12.073 10 WARNING neutron.scheduler.dhcp_agent_scheduler [None req-83275c6d-43aa-460b-8c15-3690e87ef084 0c8cfa4133454b3097b7c50077b745de a0ca050bdd2a42b38f5eef964bc59a02 - - default default] No more DHCP agents
2026-03-31 06:20:12.076 10 WARNING neutron.api.rpc.agentnotifiers.dhcp_rpc_agent_api [None req-83275c6d-43aa-460b-8c15-3690e87ef084 0c8cfa4133454b3097b7c50077b745de a0ca050bdd2a42b38f5eef964bc59a02 - - default default] Unable to schedule network e55540ea-a814-4e0a-a66a-8cb2c3059c54: no agents available; will retry on subsequent port and subnet creation events.
2026-03-31 06:20:12.195 10 INFO neutron.plugins.ml2.drivers.ovn.mech_driver.ovsdb.commands [None req-f1f3ac5c-6c06-44da-b5d4-ff82bbd184b5 - - - - - -] Schedule LRP lrp-8c956963-1bbe-4f28-bb5b-0db9460ff369 on gateway 2c9e64a4-323c-45d9-936d-664ae41bf917 with priority 1
2026-03-31 06:20:12.207 9 INFO neutron.plugins.ml2.drivers.ovn.mech_driver.mech_driver [-] OVN reports status up for port: 8c956963-1bbe-4f28-bb5b-0db9460ff369
2026-03-31 06:20:12.223 9 INFO neutron.plugins.ml2.plugin [None req-0f8cb182-0dac-47cd-8dc8-cdc26d779b79 - - - - - -] Attempt 1 to provision port 8c956963-1bbe-4f28-bb5b-0db9460ff369
2026-03-31 06:20:12.247 10 INFO neutron.db.ovn_revision_numbers_db [None req-83275c6d-43aa-460b-8c15-3690e87ef084 0c8cfa4133454b3097b7c50077b745de a0ca050bdd2a42b38f5eef964bc59a02 - - default default] Successfully bumped revision number for resource 55e330d0-0ebb-4812-904d-834dae077b58 (type: ports) to 1
2026-03-31 06:20:12.264 10 INFO neutron.db.ovn_revision_numbers_db [None req-29c03a41-ac83-4233-803d-da5afdc92a33 0c8cfa4133454b3097b7c50077b745de a0ca050bdd2a42b38f5eef964bc59a02 - - default default] Successfully bumped revision number for resource 8c956963-1bbe-4f28-bb5b-0db9460ff369 (type: router_ports) to 1
2026-03-31 06:20:12.312 9 WARNING neutron.scheduler.dhcp_agent_scheduler [None req-c24614c7-956f-4cde-8551-1f30b9b16bea 0c8cfa4133454b3097b7c50077b745de a0ca050bdd2a42b38f5eef964bc59a02 - - default default] No more DHCP agents
2026-03-31 06:20:12.314 9 WARNING neutron.api.rpc.agentnotifiers.dhcp_rpc_agent_api [None req-c24614c7-956f-4cde-8551-1f30b9b16bea 0c8cfa4133454b3097b7c50077b745de a0ca050bdd2a42b38f5eef964bc59a02 - - default default] Unable to schedule network cf4ad66a-9853-440a-9355-255e6ca8a4e8: no agents available; will retry on subsequent port and subnet creation events.
2026-03-31 06:20:12.377 10 INFO neutron.db.ovn_revision_numbers_db [None req-29c03a41-ac83-4233-803d-da5afdc92a33 0c8cfa4133454b3097b7c50077b745de a0ca050bdd2a42b38f5eef964bc59a02 - - default default] Successfully bumped revision number for resource b43f37f5-c852-4d40-adc7-4bbbd17f5e50 (type: routers) to 2
2026-03-31 06:20:12.416 10 INFO neutron.api.wsgi [None req-29c03a41-ac83-4233-803d-da5afdc92a33 0c8cfa4133454b3097b7c50077b745de a0ca050bdd2a42b38f5eef964bc59a02 - - default default] 10.0.0.21 "POST /v2.0/routers HTTP/1.1" status: 201 len: 1168 time: 1.7849267
2026-03-31 06:20:12.428 9 INFO neutron.db.ovn_revision_numbers_db [None req-c24614c7-956f-4cde-8551-1f30b9b16bea 0c8cfa4133454b3097b7c50077b745de a0ca050bdd2a42b38f5eef964bc59a02 - - default default] Successfully bumped revision number for resource b94d7696-c7c0-4e72-a749-9d2e188c3ee9 (type: ports) to 1
2026-03-31 06:20:12.541 10 INFO neutron.db.ovn_revision_numbers_db [None req-d64a6d7d-3121-4b78-9ec5-f341c9762006 - - - - - -] Successfully bumped revision number for resource 239891f3-7d9f-4ab0-9f81-6a1422f1e0e0 (type: ports) to 1
2026-03-31 06:20:12.542 10 INFO neutron.db.ovn_revision_numbers_db [None req-bf5220e2-182e-4ed8-a08e-9994cd54c6c7 0c8cfa4133454b3097b7c50077b745de a0ca050bdd2a42b38f5eef964bc59a02 - - default default] Successfully bumped revision number for resource 07b08e67-c853-4379-9245-2156aa0cacad (type: security_groups) to 1
2026-03-31 06:20:12.564 10 INFO neutron.db.ovn_revision_numbers_db [None req-bf5220e2-182e-4ed8-a08e-9994cd54c6c7 0c8cfa4133454b3097b7c50077b745de a0ca050bdd2a42b38f5eef964bc59a02 - - default default] Successfully bumped revision number for resource 907ba9f2-fa54-4069-847c-277ccc9d9ed8 (type: security_group_rules) to 0
2026-03-31 06:20:12.588 10 INFO neutron.db.ovn_revision_numbers_db [None req-bf5220e2-182e-4ed8-a08e-9994cd54c6c7 0c8cfa4133454b3097b7c50077b745de a0ca050bdd2a42b38f5eef964bc59a02 - - default default] Successfully bumped revision number for resource b639b60f-b6f9-4653-b641-6f666ee295c3 (type: security_group_rules) to 0
2026-03-31 06:20:12.604 10 INFO neutron.db.ovn_revision_numbers_db [None req-bf5220e2-182e-4ed8-a08e-9994cd54c6c7 0c8cfa4133454b3097b7c50077b745de a0ca050bdd2a42b38f5eef964bc59a02 - - default default] Successfully bumped revision number for resource b7add1aa-ebd1-40ea-af98-bad6320bf438 (type: security_group_rules) to 0
2026-03-31 06:20:12.626 10 INFO neutron.db.ovn_revision_numbers_db [None req-bf5220e2-182e-4ed8-a08e-9994cd54c6c7 0c8cfa4133454b3097b7c50077b745de a0ca050bdd2a42b38f5eef964bc59a02 - - default default] Successfully bumped revision number for resource f77e5e98-1952-4f09-94f8-a5c34112b919 (type: security_group_rules) to 0
2026-03-31 06:20:12.716 10 INFO neutron.db.segments_db [None req-bf5220e2-182e-4ed8-a08e-9994cd54c6c7 0c8cfa4133454b3097b7c50077b745de a0ca050bdd2a42b38f5eef964bc59a02 - - default default] Added segment 5305b6d2-50df-4ccc-8c61-b1fef2d5755e of type geneve for network a58cd765-41b1-4dc1-afd9-8178757be03e
2026-03-31 06:20:12.876 10 INFO neutron.db.ovn_revision_numbers_db [None req-bf5220e2-182e-4ed8-a08e-9994cd54c6c7 0c8cfa4133454b3097b7c50077b745de a0ca050bdd2a42b38f5eef964bc59a02 - - default default] Successfully bumped revision number for resource a58cd765-41b1-4dc1-afd9-8178757be03e (type: networks) to 1
2026-03-31 06:20:13.057 9 WARNING neutron.scheduler.dhcp_agent_scheduler [None req-e194c17c-dd79-4ded-ab2b-002ea4d84625 0c8cfa4133454b3097b7c50077b745de a0ca050bdd2a42b38f5eef964bc59a02 - - default default] No more DHCP agents
2026-03-31 06:20:13.059 9 WARNING neutron.api.rpc.agentnotifiers.dhcp_rpc_agent_api [None req-e194c17c-dd79-4ded-ab2b-002ea4d84625 0c8cfa4133454b3097b7c50077b745de a0ca050bdd2a42b38f5eef964bc59a02 - - default default] Unable to schedule network 743d559a-470b-475c-95f6-b96c87c7e8fb: no agents available; will retry on subsequent port and subnet creation events.
2026-03-31 06:20:13.086 10 INFO neutron.db.ovn_revision_numbers_db [None req-d64a6d7d-3121-4b78-9ec5-f341c9762006 - - - - - -] Successfully bumped revision number for resource 239891f3-7d9f-4ab0-9f81-6a1422f1e0e0 (type: ports) to 4
2026-03-31 06:20:13.172 10 INFO neutron.plugins.ml2.drivers.ovn.mech_driver.ovsdb.commands [None req-f1f3ac5c-6c06-44da-b5d4-ff82bbd184b5 - - - - - -] Schedule LRP lrp-55e330d0-0ebb-4812-904d-834dae077b58 on gateway 2c9e64a4-323c-45d9-936d-664ae41bf917 with priority 1
2026-03-31 06:20:13.179 9 INFO neutron.db.ovn_revision_numbers_db [None req-c24614c7-956f-4cde-8551-1f30b9b16bea 0c8cfa4133454b3097b7c50077b745de a0ca050bdd2a42b38f5eef964bc59a02 - - default default] Successfully bumped revision number for resource b94d7696-c7c0-4e72-a749-9d2e188c3ee9 (type: ports) to 1
2026-03-31 06:20:13.189 9 INFO neutron.db.ovn_revision_numbers_db [None req-e194c17c-dd79-4ded-ab2b-002ea4d84625 0c8cfa4133454b3097b7c50077b745de a0ca050bdd2a42b38f5eef964bc59a02 - - default default] Successfully bumped revision number for resource 4f027f58-0b99-47d6-8527-88d6d1f48a2d (type: ports) to 1
2026-03-31 06:20:13.209 10 WARNING neutron.scheduler.dhcp_agent_scheduler [None req-bf5220e2-182e-4ed8-a08e-9994cd54c6c7 0c8cfa4133454b3097b7c50077b745de a0ca050bdd2a42b38f5eef964bc59a02 - - default default] No more DHCP agents
2026-03-31 06:20:13.211 10 WARNING neutron.api.rpc.agentnotifiers.dhcp_rpc_agent_api [None req-bf5220e2-182e-4ed8-a08e-9994cd54c6c7 0c8cfa4133454b3097b7c50077b745de a0ca050bdd2a42b38f5eef964bc59a02 - - default default] Unable to schedule network a58cd765-41b1-4dc1-afd9-8178757be03e: no agents available; will retry on subsequent port and subnet creation events.
2026-03-31 06:20:13.239 10 INFO neutron.db.ovn_revision_numbers_db [None req-83275c6d-43aa-460b-8c15-3690e87ef084 0c8cfa4133454b3097b7c50077b745de a0ca050bdd2a42b38f5eef964bc59a02 - - default default] Successfully bumped revision number for resource 55e330d0-0ebb-4812-904d-834dae077b58 (type: router_ports) to 1
2026-03-31 06:20:13.245 9 WARNING neutron.scheduler.dhcp_agent_scheduler [None req-c24614c7-956f-4cde-8551-1f30b9b16bea 0c8cfa4133454b3097b7c50077b745de a0ca050bdd2a42b38f5eef964bc59a02 - - default default] No more DHCP agents
2026-03-31 06:20:13.246 9 WARNING neutron.api.rpc.agentnotifiers.dhcp_rpc_agent_api [None req-c24614c7-956f-4cde-8551-1f30b9b16bea 0c8cfa4133454b3097b7c50077b745de a0ca050bdd2a42b38f5eef964bc59a02 - - default default] Unable to schedule network cf4ad66a-9853-440a-9355-255e6ca8a4e8: no agents available; will retry on subsequent port and subnet creation events.
2026-03-31 06:20:13.314 10 INFO neutron.db.ovn_revision_numbers_db [None req-bf5220e2-182e-4ed8-a08e-9994cd54c6c7 0c8cfa4133454b3097b7c50077b745de a0ca050bdd2a42b38f5eef964bc59a02 - - default default] Successfully bumped revision number for resource f5df21c2-eea4-4022-8b7c-864cb4931cf6 (type: ports) to 1
2026-03-31 06:20:13.316 10 INFO neutron.db.ovn_revision_numbers_db [None req-83275c6d-43aa-460b-8c15-3690e87ef084 0c8cfa4133454b3097b7c50077b745de a0ca050bdd2a42b38f5eef964bc59a02 - - default default] Successfully bumped revision number for resource a420d8f9-0bb0-47ae-b293-238f8e27bfe9 (type: routers) to 2
2026-03-31 06:20:13.332 10 INFO neutron.api.wsgi [None req-83275c6d-43aa-460b-8c15-3690e87ef084 0c8cfa4133454b3097b7c50077b745de a0ca050bdd2a42b38f5eef964bc59a02 - - default default] 10.0.0.21 "POST /v2.0/routers HTTP/1.1" status: 201 len: 1168 time: 2.6664741
2026-03-31 06:20:13.359 10 INFO neutron.api.wsgi [None req-bf5220e2-182e-4ed8-a08e-9994cd54c6c7 0c8cfa4133454b3097b7c50077b745de a0ca050bdd2a42b38f5eef964bc59a02 - - default default] 10.0.0.21 "POST /v2.0/networks HTTP/1.1" status: 201 len: 946 time: 1.2012527
2026-03-31 06:20:13.481 10 INFO neutron.db.ovn_revision_numbers_db [None req-d64a6d7d-3121-4b78-9ec5-f341c9762006 - - - - - -] Successfully bumped revision number for resource 239891f3-7d9f-4ab0-9f81-6a1422f1e0e0 (type: ports) to 5
2026-03-31 06:20:13.498 10 WARNING neutron.scheduler.dhcp_agent_scheduler [None req-26884479-ea22-4cb9-b19e-4aff001ea6cf 0c8cfa4133454b3097b7c50077b745de a0ca050bdd2a42b38f5eef964bc59a02 - - default default] No more DHCP agents
2026-03-31 06:20:13.499 10 WARNING neutron.api.rpc.agentnotifiers.dhcp_rpc_agent_api [None req-26884479-ea22-4cb9-b19e-4aff001ea6cf 0c8cfa4133454b3097b7c50077b745de a0ca050bdd2a42b38f5eef964bc59a02 - - default default] Unable to schedule network a58cd765-41b1-4dc1-afd9-8178757be03e: no agents available; will retry on subsequent port and subnet creation events.
2026-03-31 06:20:13.550 10 INFO neutron.plugins.ml2.drivers.ovn.mech_driver.ovsdb.ovsdb_monitor [None req-d64a6d7d-3121-4b78-9ec5-f341c9762006 - - - - - -] Router b43f37f5-c852-4d40-adc7-4bbbd17f5e50 is bound to host instance
2026-03-31 06:20:13.910 10 INFO neutron.db.ovn_revision_numbers_db [None req-098374a0-0f85-4b39-a7db-d173097e970d - - - - - -] Successfully bumped revision number for resource f5df21c2-eea4-4022-8b7c-864cb4931cf6 (type: ports) to 2
2026-03-31 06:20:13.944 10 INFO neutron.db.ovn_revision_numbers_db [None req-098374a0-0f85-4b39-a7db-d173097e970d - - - - - -] Successfully bumped revision number for resource e6822ef4-f35b-4aff-a809-3bb41283900a (type: subnets) to 0
2026-03-31 06:20:13.962 10 INFO neutron.api.wsgi [None req-26884479-ea22-4cb9-b19e-4aff001ea6cf 0c8cfa4133454b3097b7c50077b745de a0ca050bdd2a42b38f5eef964bc59a02 - - default default] 10.0.0.21 "POST /v2.0/subnets HTTP/1.1" status: 201 len: 890 time: 0.5963995
2026-03-31 06:20:13.974 10 INFO neutron.db.ovn_revision_numbers_db [None req-e7182b8c-a93b-4df6-9f53-09dee3d4b398 - - - - - -] Successfully bumped revision number for resource 8c956963-1bbe-4f28-bb5b-0db9460ff369 (type: ports) to 1
2026-03-31 06:20:14.032 9 WARNING neutron.scheduler.dhcp_agent_scheduler [None req-5e41deea-6de1-46b3-a0be-685531f97712 0c8cfa4133454b3097b7c50077b745de a0ca050bdd2a42b38f5eef964bc59a02 - - default default] No more DHCP agents
2026-03-31 06:20:14.045 9 WARNING neutron.api.rpc.agentnotifiers.dhcp_rpc_agent_api [None req-5e41deea-6de1-46b3-a0be-685531f97712 0c8cfa4133454b3097b7c50077b745de a0ca050bdd2a42b38f5eef964bc59a02 - - default default] Unable to schedule network a1b951e2-de9d-45d1-85d6-8c579db03a38: no agents available; will retry on subsequent port and subnet creation events.
2026-03-31 06:20:14.070 9 INFO neutron.db.ovn_revision_numbers_db [None req-e194c17c-dd79-4ded-ab2b-002ea4d84625 0c8cfa4133454b3097b7c50077b745de a0ca050bdd2a42b38f5eef964bc59a02 - - default default] Successfully bumped revision number for resource 4f027f58-0b99-47d6-8527-88d6d1f48a2d (type: ports) to 1
2026-03-31 06:20:14.314 9 WARNING neutron.scheduler.dhcp_agent_scheduler [None req-e194c17c-dd79-4ded-ab2b-002ea4d84625 0c8cfa4133454b3097b7c50077b745de a0ca050bdd2a42b38f5eef964bc59a02 - - default default] No more DHCP agents
2026-03-31 06:20:14.317 9 WARNING neutron.api.rpc.agentnotifiers.dhcp_rpc_agent_api [None req-e194c17c-dd79-4ded-ab2b-002ea4d84625 0c8cfa4133454b3097b7c50077b745de a0ca050bdd2a42b38f5eef964bc59a02 - - default default] Unable to schedule network 743d559a-470b-475c-95f6-b96c87c7e8fb: no agents available; will retry on subsequent port and subnet creation events.
2026-03-31 06:20:14.329 9 INFO neutron.db.ovn_revision_numbers_db [None req-c24614c7-956f-4cde-8551-1f30b9b16bea 0c8cfa4133454b3097b7c50077b745de a0ca050bdd2a42b38f5eef964bc59a02 - - default default] Successfully bumped revision number for resource b94d7696-c7c0-4e72-a749-9d2e188c3ee9 (type: router_ports) to 1
2026-03-31 06:20:14.334 9 INFO neutron.api.wsgi [None req-c24614c7-956f-4cde-8551-1f30b9b16bea 0c8cfa4133454b3097b7c50077b745de a0ca050bdd2a42b38f5eef964bc59a02 - - default default] 10.0.0.21 "PUT /v2.0/routers/f1df9252-1975-485d-a1fb-012c14e086cd/add_router_interface HTTP/1.1" status: 200 len: 503 time: 2.4582508
2026-03-31 06:20:14.344 9 INFO neutron.db.ovn_revision_numbers_db [None req-5e41deea-6de1-46b3-a0be-685531f97712 0c8cfa4133454b3097b7c50077b745de a0ca050bdd2a42b38f5eef964bc59a02 - - default default] Successfully bumped revision number for resource 299153f5-42ba-4f79-83c5-91c3fdc1034c (type: ports) to 1
2026-03-31 06:20:14.358 10 INFO neutron.plugins.ml2.drivers.ovn.mech_driver.mech_driver [None req-dddacf6f-9753-44a9-94f9-36776e3db702 - - - - - -] OVN reports status up for port: 55e330d0-0ebb-4812-904d-834dae077b58
2026-03-31 06:20:14.368 10 INFO neutron.plugins.ml2.plugin [None req-dddacf6f-9753-44a9-94f9-36776e3db702 - - - - - -] Attempt 1 to provision port 55e330d0-0ebb-4812-904d-834dae077b58
2026-03-31 06:20:14.370 10 INFO neutron.db.ovn_revision_numbers_db [None req-e7182b8c-a93b-4df6-9f53-09dee3d4b398 - - - - - -] Successfully bumped revision number for resource 8c956963-1bbe-4f28-bb5b-0db9460ff369 (type: ports) to 4
2026-03-31 06:20:14.402 10 WARNING neutron.scheduler.dhcp_agent_scheduler [None req-0d9f4b47-666d-44f3-912b-12e855415097 0c8cfa4133454b3097b7c50077b745de a0ca050bdd2a42b38f5eef964bc59a02 - - default default] No more DHCP agents
2026-03-31 06:20:14.404 10 WARNING neutron.api.rpc.agentnotifiers.dhcp_rpc_agent_api [None req-0d9f4b47-666d-44f3-912b-12e855415097 0c8cfa4133454b3097b7c50077b745de a0ca050bdd2a42b38f5eef964bc59a02 - - default default] Unable to schedule network e55540ea-a814-4e0a-a66a-8cb2c3059c54: no agents available; will retry on subsequent port and subnet creation events.
2026-03-31 06:20:14.518 10 INFO neutron.db.ovn_revision_numbers_db [None req-0d9f4b47-666d-44f3-912b-12e855415097 0c8cfa4133454b3097b7c50077b745de a0ca050bdd2a42b38f5eef964bc59a02 - - default default] Successfully bumped revision number for resource 027785a6-858a-45b7-9e86-d8ddac5a701c (type: ports) to 1
2026-03-31 06:20:14.805 10 INFO neutron.db.ovn_revision_numbers_db [None req-e7182b8c-a93b-4df6-9f53-09dee3d4b398 - - - - - -] Successfully bumped revision number for resource 8c956963-1bbe-4f28-bb5b-0db9460ff369 (type: ports) to 5
2026-03-31 06:20:14.885 10 INFO neutron.plugins.ml2.drivers.ovn.mech_driver.ovsdb.ovsdb_monitor [None req-e7182b8c-a93b-4df6-9f53-09dee3d4b398 - - - - - -] Router a420d8f9-0bb0-47ae-b293-238f8e27bfe9 is bound to host instance
2026-03-31 06:20:14.967 9 INFO neutron.db.ovn_revision_numbers_db [None req-5e41deea-6de1-46b3-a0be-685531f97712 0c8cfa4133454b3097b7c50077b745de a0ca050bdd2a42b38f5eef964bc59a02 - - default default] Successfully bumped revision number for resource 299153f5-42ba-4f79-83c5-91c3fdc1034c (type: ports) to 1
2026-03-31 06:20:15.025 9 WARNING neutron.scheduler.dhcp_agent_scheduler [None req-5e41deea-6de1-46b3-a0be-685531f97712 0c8cfa4133454b3097b7c50077b745de a0ca050bdd2a42b38f5eef964bc59a02 - - default default] No more DHCP agents
2026-03-31 06:20:15.027 9 WARNING neutron.api.rpc.agentnotifiers.dhcp_rpc_agent_api [None req-5e41deea-6de1-46b3-a0be-685531f97712 0c8cfa4133454b3097b7c50077b745de a0ca050bdd2a42b38f5eef964bc59a02 - - default default] Unable to schedule network a1b951e2-de9d-45d1-85d6-8c579db03a38: no agents available; will retry on subsequent port and subnet creation events.
2026-03-31 06:20:15.132 9 INFO neutron.plugins.ml2.drivers.ovn.mech_driver.mech_driver [None req-0f8cb182-0dac-47cd-8dc8-cdc26d779b79 - - - - - -] OVN reports status up for port: b94d7696-c7c0-4e72-a749-9d2e188c3ee9
2026-03-31 06:20:15.139 9 INFO neutron.db.ovn_revision_numbers_db [None req-e194c17c-dd79-4ded-ab2b-002ea4d84625 0c8cfa4133454b3097b7c50077b745de a0ca050bdd2a42b38f5eef964bc59a02 - - default default] Successfully bumped revision number for resource 4f027f58-0b99-47d6-8527-88d6d1f48a2d (type: router_ports) to 1
2026-03-31 06:20:15.143 9 INFO neutron.api.wsgi [None req-e194c17c-dd79-4ded-ab2b-002ea4d84625 0c8cfa4133454b3097b7c50077b745de a0ca050bdd2a42b38f5eef964bc59a02 - - default default] 10.0.0.21 "PUT /v2.0/routers/b43f37f5-c852-4d40-adc7-4bbbd17f5e50/add_router_interface HTTP/1.1" status: 200 len: 503 time: 2.7213488
2026-03-31 06:20:15.144 9 INFO neutron.plugins.ml2.plugin [None req-0f8cb182-0dac-47cd-8dc8-cdc26d779b79 - - - - - -] Attempt 1 to provision port b94d7696-c7c0-4e72-a749-9d2e188c3ee9
2026-03-31 06:20:15.236 9 WARNING neutron_lib.context [req-626d8e6e-b27f-4a9c-be8d-7120ff9b59ea req-c646b017-e7c0-417b-941e-219f6df1cca5 31dd1ee958fc4af3aac3cf2ecca065e1 bd1766c0ef75464e98678160983e5109 - - default default] Method 'is_advsvc' is deprecated since 2023.2 release (neutron-lib 3.8.0) and will be removed once support for the old RBAC API policies will be removed from Neutron. Please use method 'is_service_role' instead.
2026-03-31 06:20:15.240 10 INFO neutron.plugins.ml2.drivers.ovn.mech_driver.ovsdb.commands [None req-f1f3ac5c-6c06-44da-b5d4-ff82bbd184b5 - - - - - -] Schedule LRP lrp-027785a6-858a-45b7-9e86-d8ddac5a701c on gateway 2c9e64a4-323c-45d9-936d-664ae41bf917 with priority 1
2026-03-31 06:20:15.244 9 INFO neutron.api.wsgi [-] 10.0.0.13 "GET / HTTP/1.1" status: 200 len: 247 time: 0.0012496
2026-03-31 06:20:15.247 9 INFO neutron.api.wsgi [-] 10.0.0.13 "GET / HTTP/1.1" status: 200 len: 247 time: 0.0009577
2026-03-31 06:20:15.276 9 INFO neutron.plugins.ml2.drivers.ovn.mech_driver.ovsdb.ovsdb_monitor [-] Router b006211e-50ef-44cd-a274-a6f0969c7c53 is bound to host instance
2026-03-31 06:20:15.313 10 INFO neutron.db.ovn_revision_numbers_db [None req-0d9f4b47-666d-44f3-912b-12e855415097 0c8cfa4133454b3097b7c50077b745de a0ca050bdd2a42b38f5eef964bc59a02 - - default default] Successfully bumped revision number for resource 027785a6-858a-45b7-9e86-d8ddac5a701c (type: router_ports) to 1
2026-03-31 06:20:15.387 10 INFO neutron.db.ovn_revision_numbers_db [None req-0d9f4b47-666d-44f3-912b-12e855415097 0c8cfa4133454b3097b7c50077b745de a0ca050bdd2a42b38f5eef964bc59a02 - - default default] Successfully bumped revision number for resource b006211e-50ef-44cd-a274-a6f0969c7c53 (type: routers) to 2
2026-03-31 06:20:15.403 10 INFO neutron.api.wsgi [None req-0d9f4b47-666d-44f3-912b-12e855415097 0c8cfa4133454b3097b7c50077b745de a0ca050bdd2a42b38f5eef964bc59a02 - - default default] 10.0.0.21 "POST /v2.0/routers HTTP/1.1" status: 201 len: 1168 time: 1.4352145
2026-03-31 06:20:15.404 10 INFO neutron.db.ovn_revision_numbers_db [None req-8b85673a-b434-4725-be64-908d6d5fccf8 - - - - - -] Successfully bumped revision number for resource 55e330d0-0ebb-4812-904d-834dae077b58 (type: ports) to 1
2026-03-31 06:20:15.479 9 INFO neutron.db.ovn_revision_numbers_db [req-626d8e6e-b27f-4a9c-be8d-7120ff9b59ea req-c646b017-e7c0-417b-941e-219f6df1cca5 31dd1ee958fc4af3aac3cf2ecca065e1 bd1766c0ef75464e98678160983e5109 - - default default] Successfully bumped revision number for resource 2867cf25-11ce-409e-ba2d-8c7e78b33792 (type: security_groups) to 1
2026-03-31 06:20:15.516 9 INFO neutron.db.ovn_revision_numbers_db [req-626d8e6e-b27f-4a9c-be8d-7120ff9b59ea req-c646b017-e7c0-417b-941e-219f6df1cca5 31dd1ee958fc4af3aac3cf2ecca065e1 bd1766c0ef75464e98678160983e5109 - - default default] Successfully bumped revision number for resource 283a687b-6b68-4d99-a23c-c3c8508fb303 (type: security_group_rules) to 0
2026-03-31 06:20:15.639 10 WARNING neutron_lib.context [None req-d4f96ee0-5e1c-46e2-a6f0-3ea81777bd8f dbb518c37be44b84b2a244296ad086fd 2248cef44c9743e7ba41e978ad81de2d - - default default] Method 'is_advsvc' is deprecated since 2023.2 release (neutron-lib 3.8.0) and will be removed once support for the old RBAC API policies will be removed from Neutron. Please use method 'is_service_role' instead.
2026-03-31 06:20:15.640 9 INFO neutron.db.ovn_revision_numbers_db [req-626d8e6e-b27f-4a9c-be8d-7120ff9b59ea req-c646b017-e7c0-417b-941e-219f6df1cca5 31dd1ee958fc4af3aac3cf2ecca065e1 bd1766c0ef75464e98678160983e5109 - - default default] Successfully bumped revision number for resource adaf2ee9-37f6-45e8-8b4a-016ffae76383 (type: security_group_rules) to 0
2026-03-31 06:20:15.705 9 INFO neutron.api.wsgi [req-626d8e6e-b27f-4a9c-be8d-7120ff9b59ea req-c646b017-e7c0-417b-941e-219f6df1cca5 31dd1ee958fc4af3aac3cf2ecca065e1 bd1766c0ef75464e98678160983e5109 - - default default] 10.0.0.204 "POST /v2.0/security-groups HTTP/1.1" status: 201 len: 1890 time: 0.5367289
2026-03-31 06:20:15.823 10 INFO neutron.db.ovn_revision_numbers_db [None req-d4f96ee0-5e1c-46e2-a6f0-3ea81777bd8f dbb518c37be44b84b2a244296ad086fd 2248cef44c9743e7ba41e978ad81de2d - - default default] Successfully bumped revision number for resource 2ba3f522-8176-4a4b-b67b-1ef11658b469 (type: security_groups) to 1
2026-03-31 06:20:15.838 10 INFO neutron.db.ovn_revision_numbers_db [None req-8b85673a-b434-4725-be64-908d6d5fccf8 - - - - - -] Successfully bumped revision number for resource 55e330d0-0ebb-4812-904d-834dae077b58 (type: ports) to 4
