2026-03-31 06:21:36.885 10 INFO neutron.db.ovn_revision_numbers_db [None req-c520d931-f364-4634-80b6-cce6a36c2f6b ba1dd14cb5744edc896931ecd56530a7 01016722add943368d5431542ad9eb96 - - default default] Successfully bumped revision number for resource 71e50b83-84c4-4ab9-bcbf-f5743d8b8e02 (type: networks) to 1
2026-03-31 06:21:37.066 10 WARNING neutron.scheduler.dhcp_agent_scheduler [None req-c520d931-f364-4634-80b6-cce6a36c2f6b ba1dd14cb5744edc896931ecd56530a7 01016722add943368d5431542ad9eb96 - - default default] No more DHCP agents
2026-03-31 06:21:37.067 10 WARNING neutron.api.rpc.agentnotifiers.dhcp_rpc_agent_api [None req-c520d931-f364-4634-80b6-cce6a36c2f6b ba1dd14cb5744edc896931ecd56530a7 01016722add943368d5431542ad9eb96 - - default default] Unable to schedule network 71e50b83-84c4-4ab9-bcbf-f5743d8b8e02: no agents available; will retry on subsequent port and subnet creation events.
2026-03-31 06:21:37.147 10 INFO neutron.db.ovn_revision_numbers_db [None req-c520d931-f364-4634-80b6-cce6a36c2f6b ba1dd14cb5744edc896931ecd56530a7 01016722add943368d5431542ad9eb96 - - default default] Successfully bumped revision number for resource 823b8bd1-5c9c-4d67-95e2-210c46bf6bec (type: ports) to 1
2026-03-31 06:21:37.168 10 INFO neutron.api.wsgi [None req-c520d931-f364-4634-80b6-cce6a36c2f6b ba1dd14cb5744edc896931ecd56530a7 01016722add943368d5431542ad9eb96 - - default default] 10.0.0.21 "POST /v2.0/networks HTTP/1.1" status: 201 len: 853 time: 0.4671371
2026-03-31 06:21:37.592 10 WARNING keystonemiddleware.audit [None req-d297785f-4a01-4aff-9050-d7c540b1b0a1 - - - - - -] Skipping service tempest-service-1709190882 as it have no endpoints.
2026-03-31 06:21:37.680 9 WARNING neutron_lib.context [None req-63dde3d2-19b7-433d-9167-57ede40bfe58 ba1dd14cb5744edc896931ecd56530a7 01016722add943368d5431542ad9eb96 - - default default] Method 'is_advsvc' is deprecated since 2023.2 release (neutron-lib 3.8.0) and will be removed once support for the old RBAC API policies will be removed from Neutron. Please use method 'is_service_role' instead.
2026-03-31 06:21:37.705 10 INFO neutron.db.ovn_revision_numbers_db [None req-dad66e2f-78ff-43fb-9205-a564384f23b5 0c8cfa4133454b3097b7c50077b745de a0ca050bdd2a42b38f5eef964bc59a02 - - default default] Successfully bumped revision number for resource 13e8a2aa-0a62-4167-9fdb-8ae0fcd9ac85 (type: security_groups) to 1
2026-03-31 06:21:37.718 9 WARNING neutron_lib.context [None req-63dde3d2-19b7-433d-9167-57ede40bfe58 ba1dd14cb5744edc896931ecd56530a7 01016722add943368d5431542ad9eb96 - - default default] Method 'is_advsvc' is deprecated since 2023.2 release (neutron-lib 3.8.0) and will be removed once support for the old RBAC API policies will be removed from Neutron. Please use method 'is_service_role' instead.
2026-03-31 06:21:37.727 10 INFO neutron.db.ovn_revision_numbers_db [None req-dad66e2f-78ff-43fb-9205-a564384f23b5 0c8cfa4133454b3097b7c50077b745de a0ca050bdd2a42b38f5eef964bc59a02 - - default default] Successfully bumped revision number for resource 1a1dacd6-c5ad-4fe5-b36f-e8fe2acf06d0 (type: security_group_rules) to 0
2026-03-31 06:21:37.743 10 INFO neutron.db.ovn_revision_numbers_db [None req-dad66e2f-78ff-43fb-9205-a564384f23b5 0c8cfa4133454b3097b7c50077b745de a0ca050bdd2a42b38f5eef964bc59a02 - - default default] Successfully bumped revision number for resource 9ac57b00-f9a0-4e7c-93a5-1eddd3abb781 (type: security_group_rules) to 0
2026-03-31 06:21:37.758 10 INFO neutron.db.ovn_revision_numbers_db [None req-dad66e2f-78ff-43fb-9205-a564384f23b5 0c8cfa4133454b3097b7c50077b745de a0ca050bdd2a42b38f5eef964bc59a02 - - default default] Successfully bumped revision number for resource c1c1c76b-109c-4299-a8d8-f252f82a65fd (type: security_group_rules) to 0
2026-03-31 06:21:37.772 10 INFO neutron.db.ovn_revision_numbers_db [None req-dad66e2f-78ff-43fb-9205-a564384f23b5 0c8cfa4133454b3097b7c50077b745de a0ca050bdd2a42b38f5eef964bc59a02 - - default default] Successfully bumped revision number for resource ff8d75fd-c7fa-45ec-81fe-7243aeec12e4 (type: security_group_rules) to 0
2026-03-31 06:21:37.825 10 INFO neutron.api.wsgi [None req-dad66e2f-78ff-43fb-9205-a564384f23b5 0c8cfa4133454b3097b7c50077b745de a0ca050bdd2a42b38f5eef964bc59a02 - - default default] 10.0.0.21 "GET /v2.0/security-groups?tenant_id=fd4fc9d1a34c428c87f684c918a7c089&name=default HTTP/1.1" status: 200 len: 3120 time: 0.4198563
2026-03-31 06:21:37.831 10 WARNING keystonemiddleware.audit [None req-15e166a4-d7ba-4968-89ee-850f1bf8f5ec - - - - - -] Skipping service tempest-service-1709190882 as it have no endpoints.
2026-03-31 06:21:38.013 9 WARNING neutron.scheduler.dhcp_agent_scheduler [None req-63dde3d2-19b7-433d-9167-57ede40bfe58 ba1dd14cb5744edc896931ecd56530a7 01016722add943368d5431542ad9eb96 - - default default] No more DHCP agents
2026-03-31 06:21:38.015 9 WARNING neutron.api.rpc.agentnotifiers.dhcp_rpc_agent_api [None req-63dde3d2-19b7-433d-9167-57ede40bfe58 ba1dd14cb5744edc896931ecd56530a7 01016722add943368d5431542ad9eb96 - - default default] Unable to schedule network 4795e2a4-33dc-48a0-82ba-7f10ded7c204: no agents available; will retry on subsequent port and subnet creation events.
2026-03-31 06:21:38.033 10 INFO neutron.api.wsgi [None req-235eb608-b440-4c54-a528-c91580a179a8 0c8cfa4133454b3097b7c50077b745de a0ca050bdd2a42b38f5eef964bc59a02 - - default default] 10.0.0.21 "DELETE /v2.0/security-groups/13e8a2aa-0a62-4167-9fdb-8ae0fcd9ac85 HTTP/1.1" status: 204 len: 168 time: 0.2048876
2026-03-31 06:21:38.038 9 INFO neutron.db.ovn_revision_numbers_db [None req-63dde3d2-19b7-433d-9167-57ede40bfe58 ba1dd14cb5744edc896931ecd56530a7 01016722add943368d5431542ad9eb96 - - default default] Successfully bumped revision number for resource 4fcc1321-b96f-4057-a11e-3a01d3175263 (type: subnets) to 0
2026-03-31 06:21:38.075 9 WARNING neutron.scheduler.dhcp_agent_scheduler [None req-63dde3d2-19b7-433d-9167-57ede40bfe58 ba1dd14cb5744edc896931ecd56530a7 01016722add943368d5431542ad9eb96 - - default default] No more DHCP agents
2026-03-31 06:21:38.076 9 WARNING neutron.api.rpc.agentnotifiers.dhcp_rpc_agent_api [None req-63dde3d2-19b7-433d-9167-57ede40bfe58 ba1dd14cb5744edc896931ecd56530a7 01016722add943368d5431542ad9eb96 - - default default] Unable to schedule network 71e50b83-84c4-4ab9-bcbf-f5743d8b8e02: no agents available; will retry on subsequent port and subnet creation events.
2026-03-31 06:21:38.109 9 INFO neutron.db.ovn_revision_numbers_db [None req-63dde3d2-19b7-433d-9167-57ede40bfe58 ba1dd14cb5744edc896931ecd56530a7 01016722add943368d5431542ad9eb96 - - default default] Successfully bumped revision number for resource 5bc2223e-5245-4af5-bb91-9e4f7626eb64 (type: subnets) to 0
2026-03-31 06:21:38.125 9 INFO neutron.api.wsgi [None req-63dde3d2-19b7-433d-9167-57ede40bfe58 ba1dd14cb5744edc896931ecd56530a7 01016722add943368d5431542ad9eb96 - - default default] 10.0.0.21 "POST /v2.0/subnets HTTP/1.1" status: 201 len: 1524 time: 0.4518270
2026-03-31 06:21:38.176 9 INFO neutron.api.wsgi [None req-379601d1-f636-4fa1-8fc2-77affd11a502 ba1dd14cb5744edc896931ecd56530a7 01016722add943368d5431542ad9eb96 - - default default] 10.0.0.21 "GET /v2.0/subnets HTTP/1.1" status: 200 len: 2155 time: 0.0451283
2026-03-31 06:21:38.320 10 INFO neutron.api.wsgi [None req-25ebeefd-3f83-4956-9bcb-fd9fcf3183f7 ba1dd14cb5744edc896931ecd56530a7 01016722add943368d5431542ad9eb96 - - default default] 10.0.0.21 "DELETE /v2.0/subnets/4fcc1321-b96f-4057-a11e-3a01d3175263 HTTP/1.1" status: 204 len: 168 time: 0.1288860
2026-03-31 06:21:38.449 10 INFO neutron.api.wsgi [None req-ef2f2522-e6f4-453f-9bb6-f365c67542f1 ba1dd14cb5744edc896931ecd56530a7 01016722add943368d5431542ad9eb96 - - default default] 10.0.0.21 "DELETE /v2.0/subnets/5bc2223e-5245-4af5-bb91-9e4f7626eb64 HTTP/1.1" status: 204 len: 168 time: 0.1239824
2026-03-31 06:21:38.489 10 INFO neutron.api.wsgi [None req-467d2328-2e47-4e8a-94ec-4c187fd8fb6f ba1dd14cb5744edc896931ecd56530a7 01016722add943368d5431542ad9eb96 - - default default] 10.0.0.21 "GET /v2.0/subnets HTTP/1.1" status: 200 len: 843 time: 0.0343714
2026-03-31 06:21:38.792 10 INFO neutron.services.segments.plugin [-] Segment e1f33e56-8637-4b1b-b758-8eadc6b7b81f resource provider aggregate not found
2026-03-31 06:21:38.796 10 INFO neutron.services.segments.plugin [-] Segment e1f33e56-8637-4b1b-b758-8eadc6b7b81f resource provider aggregate not found
2026-03-31 06:21:38.811 10 INFO neutron.services.segments.plugin [-] Segment e1f33e56-8637-4b1b-b758-8eadc6b7b81f resource provider not found; error: Placement Client Error (4xx): {"errors": [{"status": 404, "title": "Not Found", "detail": "The resource could not be found.\n\n No resource provider with uuid e1f33e56-8637-4b1b-b758-8eadc6b7b81f found for delete ", "request_id": "req-93ae44e1-a07c-490c-9871-dbf9c9752cfa"}]}
2026-03-31 06:21:38.814 10 INFO neutron.services.segments.plugin [-] Segment e1f33e56-8637-4b1b-b758-8eadc6b7b81f resource provider not found; error: Placement Client Error (4xx): {"errors": [{"status": 404, "title": "Not Found", "detail": "The resource could not be found.\n\n No resource provider with uuid e1f33e56-8637-4b1b-b758-8eadc6b7b81f found for delete ", "request_id": "req-2f38fdc3-f333-490c-95b2-125162f50b5d"}]}
2026-03-31 06:21:38.833 10 INFO neutron.api.wsgi [None req-98ef8b22-ad2d-438e-966d-ba3cad4c0349 ba1dd14cb5744edc896931ecd56530a7 01016722add943368d5431542ad9eb96 - - default default] 10.0.0.21 "DELETE /v2.0/networks/71e50b83-84c4-4ab9-bcbf-f5743d8b8e02 HTTP/1.1" status: 204 len: 168 time: 0.3385293
2026-03-31 06:21:38.910 10 INFO neutron.db.ovn_revision_numbers_db [None req-53a07c2e-5383-47fb-b188-b08c292e8eca 0c8cfa4133454b3097b7c50077b745de a0ca050bdd2a42b38f5eef964bc59a02 - - default default] Successfully bumped revision number for resource 24f3dccb-6342-47f0-b460-075556f70ccc (type: security_groups) to 1
2026-03-31 06:21:38.926 10 INFO neutron.db.ovn_revision_numbers_db [None req-53a07c2e-5383-47fb-b188-b08c292e8eca 0c8cfa4133454b3097b7c50077b745de a0ca050bdd2a42b38f5eef964bc59a02 - - default default] Successfully bumped revision number for resource 0ddfb7ca-8d42-4bec-b042-43eecc56bce6 (type: security_group_rules) to 0
2026-03-31 06:21:38.940 10 INFO neutron.db.ovn_revision_numbers_db [None req-53a07c2e-5383-47fb-b188-b08c292e8eca 0c8cfa4133454b3097b7c50077b745de a0ca050bdd2a42b38f5eef964bc59a02 - - default default] Successfully bumped revision number for resource 69ad78ca-47ae-4bab-b268-5bd5bd566890 (type: security_group_rules) to 0
2026-03-31 06:21:38.955 10 INFO neutron.db.ovn_revision_numbers_db [None req-53a07c2e-5383-47fb-b188-b08c292e8eca 0c8cfa4133454b3097b7c50077b745de a0ca050bdd2a42b38f5eef964bc59a02 - - default default] Successfully bumped revision number for resource 6e8a786d-3361-4de4-821e-ba83116d548c (type: security_group_rules) to 0
2026-03-31 06:21:38.967 10 INFO neutron.db.ovn_revision_numbers_db [None req-53a07c2e-5383-47fb-b188-b08c292e8eca 0c8cfa4133454b3097b7c50077b745de a0ca050bdd2a42b38f5eef964bc59a02 - - default default] Successfully bumped revision number for resource ed3cc97e-f8fe-423a-9f31-14e2bd4e9f8c (type: security_group_rules) to 0
2026-03-31 06:21:39.010 10 INFO neutron.api.wsgi [None req-53a07c2e-5383-47fb-b188-b08c292e8eca 0c8cfa4133454b3097b7c50077b745de a0ca050bdd2a42b38f5eef964bc59a02 - - default default] 10.0.0.21 "GET /v2.0/security-groups?tenant_id=9ac489e4f5ca405cac5fe750ed39f571&name=default HTTP/1.1" status: 200 len: 3120 time: 0.3654435
2026-03-31 06:21:39.116 9 INFO neutron.services.segments.plugin [-] Segment 3c705ac9-168c-4eba-afb7-f08caf04e936 resource provider aggregate not found
2026-03-31 06:21:39.122 9 INFO neutron.services.segments.plugin [-] Segment 3c705ac9-168c-4eba-afb7-f08caf04e936 resource provider aggregate not found
2026-03-31 06:21:39.132 9 INFO neutron.services.segments.plugin [-] Segment 3c705ac9-168c-4eba-afb7-f08caf04e936 resource provider not found; error: Placement Client Error (4xx): {"errors": [{"status": 404, "title": "Not Found", "detail": "The resource could not be found.\n\n No resource provider with uuid 3c705ac9-168c-4eba-afb7-f08caf04e936 found for delete ", "request_id": "req-a6894c13-5911-437e-abd5-922174df3f91"}]}
2026-03-31 06:21:39.141 9 INFO neutron.services.segments.plugin [-] Segment 3c705ac9-168c-4eba-afb7-f08caf04e936 resource provider not found; error: Placement Client Error (4xx): {"errors": [{"status": 404, "title": "Not Found", "detail": "The resource could not be found.\n\n No resource provider with uuid 3c705ac9-168c-4eba-afb7-f08caf04e936 found for delete ", "request_id": "req-b7a2ec4f-0938-4c51-abf0-120e759d0f88"}]}
2026-03-31 06:21:39.159 9 INFO neutron.api.wsgi [None req-dd3b2e23-32da-4be2-b6a0-7ede61c5906a ba1dd14cb5744edc896931ecd56530a7 01016722add943368d5431542ad9eb96 - - default default] 10.0.0.21 "DELETE /v2.0/networks/4795e2a4-33dc-48a0-82ba-7f10ded7c204 HTTP/1.1" status: 204 len: 168 time: 0.3199289
2026-03-31 06:21:39.232 10 INFO neutron.api.wsgi [None req-5423bbe5-ba0a-4c33-b461-d3fdd16c3f4e 0c8cfa4133454b3097b7c50077b745de a0ca050bdd2a42b38f5eef964bc59a02 - - default default] 10.0.0.21 "DELETE /v2.0/security-groups/24f3dccb-6342-47f0-b460-075556f70ccc HTTP/1.1" status: 204 len: 168 time: 0.2163315
2026-03-31 06:21:39.502 10 INFO neutron.db.ovn_revision_numbers_db [None req-7d1adda4-4388-474a-b08a-470ecd5ca5ba 0c8cfa4133454b3097b7c50077b745de a0ca050bdd2a42b38f5eef964bc59a02 - - default default] Successfully bumped revision number for resource 3af04312-d078-4366-8892-987bec972709 (type: security_groups) to 1
2026-03-31 06:21:39.516 10 INFO neutron.db.ovn_revision_numbers_db [None req-7d1adda4-4388-474a-b08a-470ecd5ca5ba 0c8cfa4133454b3097b7c50077b745de a0ca050bdd2a42b38f5eef964bc59a02 - - default default] Successfully bumped revision number for resource 000b4a59-30e8-443c-9f97-0d9fd519e2c9 (type: security_group_rules) to 0
2026-03-31 06:21:39.530 10 INFO neutron.db.ovn_revision_numbers_db [None req-7d1adda4-4388-474a-b08a-470ecd5ca5ba 0c8cfa4133454b3097b7c50077b745de a0ca050bdd2a42b38f5eef964bc59a02 - - default default] Successfully bumped revision number for resource 8ec87c76-e9d1-4139-8c0a-b6f7f3dc1a66 (type: security_group_rules) to 0
2026-03-31 06:21:39.542 10 INFO neutron.db.ovn_revision_numbers_db [None req-7d1adda4-4388-474a-b08a-470ecd5ca5ba 0c8cfa4133454b3097b7c50077b745de a0ca050bdd2a42b38f5eef964bc59a02 - - default default] Successfully bumped revision number for resource e65c08a7-46e9-4d1c-bb48-0d8c7b53831c (type: security_group_rules) to 0
2026-03-31 06:21:39.546 9 INFO neutron.api.wsgi [None req-455e5785-a041-461c-bbc6-c97a3874322f ba1dd14cb5744edc896931ecd56530a7 01016722add943368d5431542ad9eb96 - - default default] 10.0.0.21 "DELETE /v2.0/networks/cf20263e-bd91-48f8-9d16-3c3a8848eb6e HTTP/1.1" status: 204 len: 168 time: 0.3805010
2026-03-31 06:21:39.557 10 INFO neutron.db.ovn_revision_numbers_db [None req-7d1adda4-4388-474a-b08a-470ecd5ca5ba 0c8cfa4133454b3097b7c50077b745de a0ca050bdd2a42b38f5eef964bc59a02 - - default default] Successfully bumped revision number for resource fa60a83a-5b1c-4de8-9c09-8707747d2494 (type: security_group_rules) to 0
2026-03-31 06:21:39.593 10 INFO neutron.api.wsgi [None req-7d1adda4-4388-474a-b08a-470ecd5ca5ba 0c8cfa4133454b3097b7c50077b745de a0ca050bdd2a42b38f5eef964bc59a02 - - default default] 10.0.0.21 "GET /v2.0/security-groups?tenant_id=d32576205bee450abe9adca191be7c9a&name=default HTTP/1.1" status: 200 len: 3120 time: 0.2018278
2026-03-31 06:21:39.796 10 INFO neutron.api.wsgi [None req-8732089d-b47d-4d52-93ce-aa194630fde5 0c8cfa4133454b3097b7c50077b745de a0ca050bdd2a42b38f5eef964bc59a02 - - default default] 10.0.0.21 "DELETE /v2.0/security-groups/3af04312-d078-4366-8892-987bec972709 HTTP/1.1" status: 204 len: 168 time: 0.1993184
2026-03-31 06:21:39.857 9 INFO neutron.api.wsgi [None req-49eee136-f0d7-4f9a-ade9-f28bbd348158 ba1dd14cb5744edc896931ecd56530a7 01016722add943368d5431542ad9eb96 - - default default] 10.0.0.21 "DELETE /v2.0/networks/f0884e47-8857-49eb-a116-0c156fa7cf75 HTTP/1.1" status: 204 len: 168 time: 0.3059003
2026-03-31 06:21:40.489 9 INFO neutron.api.wsgi [None req-0b90653a-f327-4917-b216-0ba46c623ba0 0c8cfa4133454b3097b7c50077b745de a0ca050bdd2a42b38f5eef964bc59a02 - - default default] 10.0.0.21 "GET /v2.0/security-groups?tenant_id=01016722add943368d5431542ad9eb96&name=default HTTP/1.1" status: 200 len: 3120 time: 0.1175067
2026-03-31 06:21:40.699 9 INFO neutron.api.wsgi [None req-d769d2ff-ddf2-4ee4-b3e9-7aadc5edfcbd 0c8cfa4133454b3097b7c50077b745de a0ca050bdd2a42b38f5eef964bc59a02 - - default default] 10.0.0.21 "DELETE /v2.0/security-groups/658dbb7f-6399-4711-8f69-4854e995557e HTTP/1.1" status: 204 len: 168 time: 0.2026465
2026-03-31 06:21:41.147 9 INFO neutron.services.segments.plugin [-] Segment 0402c389-e918-4f1b-940d-b7da1240c524 resource provider aggregate not found
2026-03-31 06:21:41.159 9 INFO neutron.services.segments.plugin [-] Segment 0402c389-e918-4f1b-940d-b7da1240c524 resource provider aggregate not found
2026-03-31 06:21:41.168 9 INFO neutron.services.segments.plugin [-] Segment 0402c389-e918-4f1b-940d-b7da1240c524 resource provider not found; error: Placement Client Error (4xx): {"errors": [{"status": 404, "title": "Not Found", "detail": "The resource could not be found.\n\n No resource provider with uuid 0402c389-e918-4f1b-940d-b7da1240c524 found for delete ", "request_id": "req-7fd8af8e-a7e1-42ce-8315-bc56e7769833"}]}
2026-03-31 06:21:41.171 9 INFO neutron.services.segments.plugin [-] Segment 0402c389-e918-4f1b-940d-b7da1240c524 resource provider not found; error: Placement Client Error (4xx): {"errors": [{"status": 404, "title": "Not Found", "detail": "The resource could not be found.\n\n No resource provider with uuid 0402c389-e918-4f1b-940d-b7da1240c524 found for delete ", "request_id": "req-f8041665-51df-4975-85c6-696833a6694a"}]}
2026-03-31 06:21:41.184 9 INFO neutron.services.segments.plugin [-] Segment e5a163f0-b2cc-4f4e-b4a9-1f5e798c8371 resource provider aggregate not found
2026-03-31 06:21:41.188 9 INFO neutron.services.segments.plugin [-] Segment e5a163f0-b2cc-4f4e-b4a9-1f5e798c8371 resource provider aggregate not found
2026-03-31 06:21:41.197 9 INFO neutron.services.segments.plugin [-] Segment e5a163f0-b2cc-4f4e-b4a9-1f5e798c8371 resource provider not found; error: Placement Client Error (4xx): {"errors": [{"status": 404, "title": "Not Found", "detail": "The resource could not be found.\n\n No resource provider with uuid e5a163f0-b2cc-4f4e-b4a9-1f5e798c8371 found for delete ", "request_id": "req-beb8e0b2-2196-401c-8070-96f1ad3a911a"}]}
2026-03-31 06:21:41.205 9 INFO neutron.services.segments.plugin [-] Segment e5a163f0-b2cc-4f4e-b4a9-1f5e798c8371 resource provider not found; error: Placement Client Error (4xx): {"errors": [{"status": 404, "title": "Not Found", "detail": "The resource could not be found.\n\n No resource provider with uuid e5a163f0-b2cc-4f4e-b4a9-1f5e798c8371 found for delete ", "request_id": "req-a36b0b35-adcc-4a6b-95bb-bd7d43941c71"}]}
2026-03-31 06:21:42.034 10 INFO neutron.db.ovn_revision_numbers_db [None req-86961620-76af-46d3-8923-75606454a78a 0c8cfa4133454b3097b7c50077b745de a0ca050bdd2a42b38f5eef964bc59a02 - - default default] Successfully bumped revision number for resource d2b339b8-d704-444e-b95e-1a6e3dcdde65 (type: security_groups) to 1
2026-03-31 06:21:42.046 10 INFO neutron.db.ovn_revision_numbers_db [None req-86961620-76af-46d3-8923-75606454a78a 0c8cfa4133454b3097b7c50077b745de a0ca050bdd2a42b38f5eef964bc59a02 - - default default] Successfully bumped revision number for resource 01fe80c9-62ff-4550-bc67-17af3c7f9f7a (type: security_group_rules) to 0
2026-03-31 06:21:42.063 10 INFO neutron.db.ovn_revision_numbers_db [None req-86961620-76af-46d3-8923-75606454a78a 0c8cfa4133454b3097b7c50077b745de a0ca050bdd2a42b38f5eef964bc59a02 - - default default] Successfully bumped revision number for resource 04ea2569-5205-4552-8399-881c7158fa51 (type: security_group_rules) to 0
2026-03-31 06:21:42.089 10 INFO neutron.db.ovn_revision_numbers_db [None req-86961620-76af-46d3-8923-75606454a78a 0c8cfa4133454b3097b7c50077b745de a0ca050bdd2a42b38f5eef964bc59a02 - - default default] Successfully bumped revision number for resource 39e2eadc-1662-4a67-aa23-4979aa09f390 (type: security_group_rules) to 0
2026-03-31 06:21:42.105 10 INFO neutron.db.ovn_revision_numbers_db [None req-86961620-76af-46d3-8923-75606454a78a 0c8cfa4133454b3097b7c50077b745de a0ca050bdd2a42b38f5eef964bc59a02 - - default default] Successfully bumped revision number for resource 67e15b9f-ab97-47e3-b694-3e29a8aaa845 (type: security_group_rules) to 0
2026-03-31 06:21:42.142 10 INFO neutron.api.wsgi [None req-86961620-76af-46d3-8923-75606454a78a 0c8cfa4133454b3097b7c50077b745de a0ca050bdd2a42b38f5eef964bc59a02 - - default default] 10.0.0.21 "GET /v2.0/security-groups?tenant_id=7b12f20bb3934b528ae6fe717c8ac618&name=default HTTP/1.1" status: 200 len: 3120 time: 0.4141014
2026-03-31 06:21:42.350 10 INFO neutron.api.wsgi [None req-45175dc7-12d9-4760-abd9-c9689c68639c 0c8cfa4133454b3097b7c50077b745de a0ca050bdd2a42b38f5eef964bc59a02 - - default default] 10.0.0.21 "DELETE /v2.0/security-groups/d2b339b8-d704-444e-b95e-1a6e3dcdde65 HTTP/1.1" status: 204 len: 168 time: 0.2004933
2026-03-31 06:21:42.724 10 WARNING neutron_lib.context [None req-ce697939-e816-4662-81f4-4b683cc2c09a e66808320bf74169a566292905cec7c7 336b4796e1b544df80bdf45c77ca2224 - - default default] Method 'is_advsvc' is deprecated since 2023.2 release (neutron-lib 3.8.0) and will be removed once support for the old RBAC API policies will be removed from Neutron. Please use method 'is_service_role' instead.
2026-03-31 06:21:42.846 10 INFO neutron.db.ovn_revision_numbers_db [None req-ce697939-e816-4662-81f4-4b683cc2c09a e66808320bf74169a566292905cec7c7 336b4796e1b544df80bdf45c77ca2224 - - default default] Successfully bumped revision number for resource 6401eeba-737c-4c37-808a-76e9d9a75416 (type: security_groups) to 1
2026-03-31 06:21:42.859 10 INFO neutron.db.ovn_revision_numbers_db [None req-ce697939-e816-4662-81f4-4b683cc2c09a e66808320bf74169a566292905cec7c7 336b4796e1b544df80bdf45c77ca2224 - - default default] Successfully bumped revision number for resource 0337c9cb-31f0-4618-b75c-1d72ece3857a (type: security_group_rules) to 0
2026-03-31 06:21:42.872 10 INFO neutron.db.ovn_revision_numbers_db [None req-ce697939-e816-4662-81f4-4b683cc2c09a e66808320bf74169a566292905cec7c7 336b4796e1b544df80bdf45c77ca2224 - - default default] Successfully bumped revision number for resource a9d3110c-5337-4e3a-8406-08ec13040789 (type: security_group_rules) to 0
2026-03-31 06:21:42.885 10 INFO neutron.db.ovn_revision_numbers_db [None req-ce697939-e816-4662-81f4-4b683cc2c09a e66808320bf74169a566292905cec7c7 336b4796e1b544df80bdf45c77ca2224 - - default default] Successfully bumped revision number for resource dd84b376-bd1f-422f-ad7f-0654b4d381cf (type: security_group_rules) to 0
2026-03-31 06:21:42.900 10 INFO neutron.db.ovn_revision_numbers_db [None req-ce697939-e816-4662-81f4-4b683cc2c09a e66808320bf74169a566292905cec7c7 336b4796e1b544df80bdf45c77ca2224 - - default default] Successfully bumped revision number for resource e324e3bb-e4fd-4044-9e0a-1ec8c1ddb12a (type: security_group_rules) to 0
2026-03-31 06:21:42.972 10 INFO neutron.db.segments_db [None req-ce697939-e816-4662-81f4-4b683cc2c09a e66808320bf74169a566292905cec7c7 336b4796e1b544df80bdf45c77ca2224 - - default default] Added segment f2877264-1686-424b-b196-8e72b5f77e9c of type geneve for network b47d0e9b-f988-41a2-83ec-a35479efb9be
2026-03-31 06:21:43.250 10 INFO neutron.db.ovn_revision_numbers_db [None req-ce697939-e816-4662-81f4-4b683cc2c09a e66808320bf74169a566292905cec7c7 336b4796e1b544df80bdf45c77ca2224 - - default default] Successfully bumped revision number for resource b47d0e9b-f988-41a2-83ec-a35479efb9be (type: networks) to 1
2026-03-31 06:21:43.397 10 WARNING neutron.scheduler.dhcp_agent_scheduler [None req-ce697939-e816-4662-81f4-4b683cc2c09a e66808320bf74169a566292905cec7c7 336b4796e1b544df80bdf45c77ca2224 - - default default] No more DHCP agents
2026-03-31 06:21:43.398 10 WARNING neutron.api.rpc.agentnotifiers.dhcp_rpc_agent_api [None req-ce697939-e816-4662-81f4-4b683cc2c09a e66808320bf74169a566292905cec7c7 336b4796e1b544df80bdf45c77ca2224 - - default default] Unable to schedule network b47d0e9b-f988-41a2-83ec-a35479efb9be: no agents available; will retry on subsequent port and subnet creation events.
2026-03-31 06:21:43.458 10 INFO neutron.db.ovn_revision_numbers_db [None req-ce697939-e816-4662-81f4-4b683cc2c09a e66808320bf74169a566292905cec7c7 336b4796e1b544df80bdf45c77ca2224 - - default default] Successfully bumped revision number for resource 91ebc226-a1eb-40a2-8e2a-fe8243bda8a1 (type: ports) to 1
2026-03-31 06:21:43.477 10 INFO neutron.api.wsgi [None req-ce697939-e816-4662-81f4-4b683cc2c09a e66808320bf74169a566292905cec7c7 336b4796e1b544df80bdf45c77ca2224 - - default default] 10.0.0.21 "POST /v2.0/networks HTTP/1.1" status: 201 len: 843 time: 0.9264932
2026-03-31 06:21:43.515 9 WARNING neutron_lib.context [None req-53fee504-3029-4548-a17b-30590a5876d4 e66808320bf74169a566292905cec7c7 336b4796e1b544df80bdf45c77ca2224 - - default default] Method 'is_advsvc' is deprecated since 2023.2 release (neutron-lib 3.8.0) and will be removed once support for the old RBAC API policies will be removed from Neutron. Please use method 'is_service_role' instead.
2026-03-31 06:21:43.697 9 WARNING neutron.scheduler.dhcp_agent_scheduler [None req-53fee504-3029-4548-a17b-30590a5876d4 e66808320bf74169a566292905cec7c7 336b4796e1b544df80bdf45c77ca2224 - - default default] No more DHCP agents
2026-03-31 06:21:43.698 9 WARNING neutron.api.rpc.agentnotifiers.dhcp_rpc_agent_api [None req-53fee504-3029-4548-a17b-30590a5876d4 e66808320bf74169a566292905cec7c7 336b4796e1b544df80bdf45c77ca2224 - - default default] Unable to schedule network b47d0e9b-f988-41a2-83ec-a35479efb9be: no agents available; will retry on subsequent port and subnet creation events.
2026-03-31 06:21:44.096 9 INFO neutron.db.ovn_revision_numbers_db [None req-e920c308-8658-4f80-b406-74638b9491bc - - - - - -] Successfully bumped revision number for resource 91ebc226-a1eb-40a2-8e2a-fe8243bda8a1 (type: ports) to 2
2026-03-31 06:21:44.127 9 INFO neutron.db.ovn_revision_numbers_db [None req-1a3be13c-50c8-4150-812e-e629d9d3ef64 0c8cfa4133454b3097b7c50077b745de a0ca050bdd2a42b38f5eef964bc59a02 - - default default] Successfully bumped revision number for resource c3cfcbe9-92f4-49a4-b068-80d1fd27f46d (type: security_groups) to 1
2026-03-31 06:21:44.130 9 INFO neutron.db.ovn_revision_numbers_db [None req-e920c308-8658-4f80-b406-74638b9491bc - - - - - -] Successfully bumped revision number for resource f51c1e11-cf34-42fa-a6aa-50bbdb4a7d81 (type: subnets) to 0
2026-03-31 06:21:44.142 9 INFO neutron.db.ovn_revision_numbers_db [None req-1a3be13c-50c8-4150-812e-e629d9d3ef64 0c8cfa4133454b3097b7c50077b745de a0ca050bdd2a42b38f5eef964bc59a02 - - default default] Successfully bumped revision number for resource 524c8897-d8ed-43f6-bd28-a8c438ae1eda (type: security_group_rules) to 0
2026-03-31 06:21:44.147 9 INFO neutron.api.wsgi [None req-53fee504-3029-4548-a17b-30590a5876d4 e66808320bf74169a566292905cec7c7 336b4796e1b544df80bdf45c77ca2224 - - default default] 10.0.0.21 "POST /v2.0/subnets HTTP/1.1" status: 201 len: 840 time: 0.6353705
2026-03-31 06:21:44.157 10 WARNING neutron_lib.context [None req-c2d95f94-e427-4080-a051-edba8431364e e66808320bf74169a566292905cec7c7 336b4796e1b544df80bdf45c77ca2224 - - default default] Method 'is_advsvc' is deprecated since 2023.2 release (neutron-lib 3.8.0) and will be removed once support for the old RBAC API policies will be removed from Neutron. Please use method 'is_service_role' instead.
2026-03-31 06:21:44.166 9 INFO neutron.db.ovn_revision_numbers_db [None req-1a3be13c-50c8-4150-812e-e629d9d3ef64 0c8cfa4133454b3097b7c50077b745de a0ca050bdd2a42b38f5eef964bc59a02 - - default default] Successfully bumped revision number for resource 64476300-3d68-4e8f-b18e-4d0a3ea60bc9 (type: security_group_rules) to 0
2026-03-31 06:21:44.187 9 INFO neutron.db.ovn_revision_numbers_db [None req-1a3be13c-50c8-4150-812e-e629d9d3ef64 0c8cfa4133454b3097b7c50077b745de a0ca050bdd2a42b38f5eef964bc59a02 - - default default] Successfully bumped revision number for resource a1a97905-f816-45af-b0d4-38d1a2b7e849 (type: security_group_rules) to 0
2026-03-31 06:21:44.199 9 INFO neutron.db.ovn_revision_numbers_db [None req-1a3be13c-50c8-4150-812e-e629d9d3ef64 0c8cfa4133454b3097b7c50077b745de a0ca050bdd2a42b38f5eef964bc59a02 - - default default] Successfully bumped revision number for resource c2f81d93-4c0c-47c2-a754-8aecf0585386 (type: security_group_rules) to 0
2026-03-31 06:21:44.232 10 INFO neutron.db.segments_db [None req-c2d95f94-e427-4080-a051-edba8431364e e66808320bf74169a566292905cec7c7 336b4796e1b544df80bdf45c77ca2224 - - default default] Added segment e2f39598-3222-431d-b803-43de252f3030 of type geneve for network f3d7a419-7b2a-493e-8253-9856d91b675b
2026-03-31 06:21:44.238 9 INFO neutron.api.wsgi [None req-1a3be13c-50c8-4150-812e-e629d9d3ef64 0c8cfa4133454b3097b7c50077b745de a0ca050bdd2a42b38f5eef964bc59a02 - - default default] 10.0.0.21 "GET /v2.0/security-groups?tenant_id=55e5c0539a784fe9bac8774f53cf633f&name=default HTTP/1.1" status: 200 len: 3120 time: 0.3570802
2026-03-31 06:21:44.271 9 WARNING neutron_lib.context [None req-21c274c1-f646-4f04-aed7-ff7dca06d241 4a9d861896da4dc29c8a9a3238af3872 19955f0c77424d919ea0ee7b193a387e - - default default] Method 'is_advsvc' is deprecated since 2023.2 release (neutron-lib 3.8.0) and will be removed once support for the old RBAC API policies will be removed from Neutron. Please use method 'is_service_role' instead.
2026-03-31 06:21:44.271 9 WARNING neutron_lib.context [None req-21c274c1-f646-4f04-aed7-ff7dca06d241 4a9d861896da4dc29c8a9a3238af3872 19955f0c77424d919ea0ee7b193a387e - - default default] Method 'is_advsvc' is deprecated since 2023.2 release (neutron-lib 3.8.0) and will be removed once support for the old RBAC API policies will be removed from Neutron. Please use method 'is_service_role' instead.
2026-03-31 06:21:44.323 10 INFO neutron.db.ovn_revision_numbers_db [None req-c2d95f94-e427-4080-a051-edba8431364e e66808320bf74169a566292905cec7c7 336b4796e1b544df80bdf45c77ca2224 - - default default] Successfully bumped revision number for resource f3d7a419-7b2a-493e-8253-9856d91b675b (type: networks) to 1
2026-03-31 06:21:44.428 9 INFO neutron.db.ovn_revision_numbers_db [None req-21c274c1-f646-4f04-aed7-ff7dca06d241 4a9d861896da4dc29c8a9a3238af3872 19955f0c77424d919ea0ee7b193a387e - - default default] Successfully bumped revision number for resource 34efb903-5dbe-49da-8e9a-e9a46504dec9 (type: security_groups) to 1
2026-03-31 06:21:44.447 9 INFO neutron.db.ovn_revision_numbers_db [None req-21c274c1-f646-4f04-aed7-ff7dca06d241 4a9d861896da4dc29c8a9a3238af3872 19955f0c77424d919ea0ee7b193a387e - - default default] Successfully bumped revision number for resource 2ff7e62b-adde-4c1d-a9a6-1173011473d0 (type: security_group_rules) to 0
2026-03-31 06:21:44.457 9 INFO neutron.db.ovn_revision_numbers_db [None req-21c274c1-f646-4f04-aed7-ff7dca06d241 4a9d861896da4dc29c8a9a3238af3872 19955f0c77424d919ea0ee7b193a387e - - default default] Successfully bumped revision number for resource 49613caa-2e26-4020-af5c-03f488d87712 (type: security_group_rules) to 0
2026-03-31 06:21:44.471 9 INFO neutron.db.ovn_revision_numbers_db [None req-21c274c1-f646-4f04-aed7-ff7dca06d241 4a9d861896da4dc29c8a9a3238af3872 19955f0c77424d919ea0ee7b193a387e - - default default] Successfully bumped revision number for resource 77c6fb86-d5ce-4248-820f-3102d4287986 (type: security_group_rules) to 0
2026-03-31 06:21:44.479 10 WARNING neutron.scheduler.dhcp_agent_scheduler [None req-c2d95f94-e427-4080-a051-edba8431364e e66808320bf74169a566292905cec7c7 336b4796e1b544df80bdf45c77ca2224 - - default default] No more DHCP agents
2026-03-31 06:21:44.480 10 WARNING neutron.api.rpc.agentnotifiers.dhcp_rpc_agent_api [None req-c2d95f94-e427-4080-a051-edba8431364e e66808320bf74169a566292905cec7c7 336b4796e1b544df80bdf45c77ca2224 - - default default] Unable to schedule network f3d7a419-7b2a-493e-8253-9856d91b675b: no agents available; will retry on subsequent port and subnet creation events.
2026-03-31 06:21:44.487 9 INFO neutron.db.ovn_revision_numbers_db [None req-21c274c1-f646-4f04-aed7-ff7dca06d241 4a9d861896da4dc29c8a9a3238af3872 19955f0c77424d919ea0ee7b193a387e - - default default] Successfully bumped revision number for resource b5f84783-6a70-48cd-9d76-d9a1a2f32b34 (type: security_group_rules) to 0
2026-03-31 06:21:44.493 9 INFO neutron.api.wsgi [None req-680befc5-406a-4df8-bedb-784b37e88348 0c8cfa4133454b3097b7c50077b745de a0ca050bdd2a42b38f5eef964bc59a02 - - default default] 10.0.0.21 "DELETE /v2.0/security-groups/c3cfcbe9-92f4-49a4-b068-80d1fd27f46d HTTP/1.1" status: 204 len: 168 time: 0.2511008
2026-03-31 06:21:44.556 10 INFO neutron.db.ovn_revision_numbers_db [None req-c2d95f94-e427-4080-a051-edba8431364e e66808320bf74169a566292905cec7c7 336b4796e1b544df80bdf45c77ca2224 - - default default] Successfully bumped revision number for resource 3040767d-7599-41b6-85ef-e3c599d8cabf (type: ports) to 1
2026-03-31 06:21:44.579 10 INFO neutron.api.wsgi [None req-c2d95f94-e427-4080-a051-edba8431364e e66808320bf74169a566292905cec7c7 336b4796e1b544df80bdf45c77ca2224 - - default default] 10.0.0.21 "POST /v2.0/networks HTTP/1.1" status: 201 len: 842 time: 0.4268832
2026-03-31 06:21:44.592 9 INFO neutron.db.segments_db [None req-21c274c1-f646-4f04-aed7-ff7dca06d241 4a9d861896da4dc29c8a9a3238af3872 19955f0c77424d919ea0ee7b193a387e - - default default] Added segment 2630333c-373b-4d69-95f8-ef3d79b45702 of type geneve for network f1010b31-eb46-408d-a298-33c338474be0
2026-03-31 06:21:44.690 9 INFO neutron.db.segments_db [None req-21c274c1-f646-4f04-aed7-ff7dca06d241 4a9d861896da4dc29c8a9a3238af3872 19955f0c77424d919ea0ee7b193a387e - - default default] Added segment d7df0b9c-93b7-4dd8-bdb7-342801286b78 of type geneve for network 96b2b82c-4323-4dc7-a23d-38f7a693ed14
2026-03-31 06:21:44.713 10 INFO neutron.db.ovn_revision_numbers_db [None req-72d61761-ba2e-4957-ae72-978db8b7bf7a e66808320bf74169a566292905cec7c7 336b4796e1b544df80bdf45c77ca2224 - - default default] Successfully bumped revision number for resource f3d7a419-7b2a-493e-8253-9856d91b675b (type: networks) to 2
2026-03-31 06:21:44.716 10 INFO neutron.api.wsgi [None req-72d61761-ba2e-4957-ae72-978db8b7bf7a e66808320bf74169a566292905cec7c7 336b4796e1b544df80bdf45c77ca2224 - - default default] 10.0.0.21 "PUT /v2.0/networks/f3d7a419-7b2a-493e-8253-9856d91b675b HTTP/1.1" status: 200 len: 792 time: 0.1317987
2026-03-31 06:21:44.727 10 WARNING neutron_lib.context [None req-efc3d18a-710b-413a-aa5f-2b6311d6e2f0 e66808320bf74169a566292905cec7c7 336b4796e1b544df80bdf45c77ca2224 - - default default] Method 'is_advsvc' is deprecated since 2023.2 release (neutron-lib 3.8.0) and will be removed once support for the old RBAC API policies will be removed from Neutron. Please use method 'is_service_role' instead.
2026-03-31 06:21:44.814 9 INFO neutron.db.ovn_revision_numbers_db [None req-21c274c1-f646-4f04-aed7-ff7dca06d241 4a9d861896da4dc29c8a9a3238af3872 19955f0c77424d919ea0ee7b193a387e - - default default] Successfully bumped revision number for resource f1010b31-eb46-408d-a298-33c338474be0 (type: networks) to 1
2026-03-31 06:21:44.824 9 INFO neutron.db.ovn_revision_numbers_db [None req-1bff0b40-d8b2-49a0-b3b1-5d8282615b2a 0c8cfa4133454b3097b7c50077b745de a0ca050bdd2a42b38f5eef964bc59a02 - - default default] Successfully bumped revision number for resource 80a9b778-84d5-4397-8107-11c97aa18777 (type: security_groups) to 1
2026-03-31 06:21:44.839 9 INFO neutron.db.ovn_revision_numbers_db [None req-1bff0b40-d8b2-49a0-b3b1-5d8282615b2a 0c8cfa4133454b3097b7c50077b745de a0ca050bdd2a42b38f5eef964bc59a02 - - default default] Successfully bumped revision number for resource 35ff965c-930a-4a65-959e-43a567848388 (type: security_group_rules) to 0
2026-03-31 06:21:44.854 9 INFO neutron.db.ovn_revision_numbers_db [None req-1bff0b40-d8b2-49a0-b3b1-5d8282615b2a 0c8cfa4133454b3097b7c50077b745de a0ca050bdd2a42b38f5eef964bc59a02 - - default default] Successfully bumped revision number for resource 5b305057-caa8-4f4d-a4d8-42d5bde4c5a6 (type: security_group_rules) to 0
2026-03-31 06:21:44.869 9 INFO neutron.db.ovn_revision_numbers_db [None req-1bff0b40-d8b2-49a0-b3b1-5d8282615b2a 0c8cfa4133454b3097b7c50077b745de a0ca050bdd2a42b38f5eef964bc59a02 - - default default] Successfully bumped revision number for resource 6588d6d8-d42d-4a14-8648-92e8fa22b33b (type: security_group_rules) to 0
2026-03-31 06:21:44.883 9 INFO neutron.db.ovn_revision_numbers_db [None req-1bff0b40-d8b2-49a0-b3b1-5d8282615b2a 0c8cfa4133454b3097b7c50077b745de a0ca050bdd2a42b38f5eef964bc59a02 - - default default] Successfully bumped revision number for resource ab6f76c3-45e1-4c87-9d8f-33581380d540 (type: security_group_rules) to 0
2026-03-31 06:21:44.908 10 WARNING neutron.scheduler.dhcp_agent_scheduler [None req-efc3d18a-710b-413a-aa5f-2b6311d6e2f0 e66808320bf74169a566292905cec7c7 336b4796e1b544df80bdf45c77ca2224 - - default default] No more DHCP agents
2026-03-31 06:21:44.910 10 WARNING neutron.api.rpc.agentnotifiers.dhcp_rpc_agent_api [None req-efc3d18a-710b-413a-aa5f-2b6311d6e2f0 e66808320bf74169a566292905cec7c7 336b4796e1b544df80bdf45c77ca2224 - - default default] Unable to schedule network f3d7a419-7b2a-493e-8253-9856d91b675b: no agents available; will retry on subsequent port and subnet creation events.
2026-03-31 06:21:44.921 9 INFO neutron.api.wsgi [None req-1bff0b40-d8b2-49a0-b3b1-5d8282615b2a 0c8cfa4133454b3097b7c50077b745de a0ca050bdd2a42b38f5eef964bc59a02 - - default default] 10.0.0.21 "GET /v2.0/security-groups?tenant_id=d457094d2d8d4aada7dda5f8f7ee8e66&name=default HTTP/1.1" status: 200 len: 3120 time: 0.2235234
2026-03-31 06:21:44.974 9 WARNING neutron.scheduler.dhcp_agent_scheduler [None req-21c274c1-f646-4f04-aed7-ff7dca06d241 4a9d861896da4dc29c8a9a3238af3872 19955f0c77424d919ea0ee7b193a387e - - default default] No more DHCP agents
2026-03-31 06:21:44.976 9 WARNING neutron.api.rpc.agentnotifiers.dhcp_rpc_agent_api [None req-21c274c1-f646-4f04-aed7-ff7dca06d241 4a9d861896da4dc29c8a9a3238af3872 19955f0c77424d919ea0ee7b193a387e - - default default] Unable to schedule network f1010b31-eb46-408d-a298-33c338474be0: no agents available; will retry on subsequent port and subnet creation events.
2026-03-31 06:21:45.064 9 INFO neutron.db.ovn_revision_numbers_db [None req-21c274c1-f646-4f04-aed7-ff7dca06d241 4a9d861896da4dc29c8a9a3238af3872 19955f0c77424d919ea0ee7b193a387e - - default default] Successfully bumped revision number for resource 76cb7325-bdd4-42e0-a7b5-f3b48f58b67d (type: ports) to 1
2026-03-31 06:21:45.156 9 INFO neutron.db.ovn_revision_numbers_db [None req-21c274c1-f646-4f04-aed7-ff7dca06d241 4a9d861896da4dc29c8a9a3238af3872 19955f0c77424d919ea0ee7b193a387e - - default default] Successfully bumped revision number for resource 96b2b82c-4323-4dc7-a23d-38f7a693ed14 (type: networks) to 1
2026-03-31 06:21:45.213 9 INFO neutron.api.wsgi [None req-3ab52f97-0137-40eb-a79c-fbf4b62bdad1 0c8cfa4133454b3097b7c50077b745de a0ca050bdd2a42b38f5eef964bc59a02 - - default default] 10.0.0.21 "DELETE /v2.0/security-groups/80a9b778-84d5-4397-8107-11c97aa18777 HTTP/1.1" status: 204 len: 168 time: 0.2860112
2026-03-31 06:21:45.249 10 INFO neutron.api.wsgi [-] 10.0.0.13 "GET / HTTP/1.1" status: 200 len: 247 time: 0.0054052
2026-03-31 06:21:45.251 10 INFO neutron.api.wsgi [-] 10.0.0.13 "GET / HTTP/1.1" status: 200 len: 247 time: 0.0013695
2026-03-31 06:21:45.327 9 WARNING neutron.scheduler.dhcp_agent_scheduler [None req-21c274c1-f646-4f04-aed7-ff7dca06d241 4a9d861896da4dc29c8a9a3238af3872 19955f0c77424d919ea0ee7b193a387e - - default default] No more DHCP agents
2026-03-31 06:21:45.328 9 WARNING neutron.api.rpc.agentnotifiers.dhcp_rpc_agent_api [None req-21c274c1-f646-4f04-aed7-ff7dca06d241 4a9d861896da4dc29c8a9a3238af3872 19955f0c77424d919ea0ee7b193a387e - - default default] Unable to schedule network 96b2b82c-4323-4dc7-a23d-38f7a693ed14: no agents available; will retry on subsequent port and subnet creation events.
2026-03-31 06:21:45.329 10 INFO neutron.db.ovn_revision_numbers_db [None req-c615b5b9-a4a4-4bf9-9dd9-19a445610ab7 - - - - - -] Successfully bumped revision number for resource 3040767d-7599-41b6-85ef-e3c599d8cabf (type: ports) to 2
2026-03-31 06:21:45.360 10 INFO neutron.db.ovn_revision_numbers_db [None req-c615b5b9-a4a4-4bf9-9dd9-19a445610ab7 - - - - - -] Successfully bumped revision number for resource 442edd99-8774-4ff6-83dc-49b46eb7a16c (type: subnets) to 0
2026-03-31 06:21:45.375 10 INFO neutron.api.wsgi [None req-efc3d18a-710b-413a-aa5f-2b6311d6e2f0 e66808320bf74169a566292905cec7c7 336b4796e1b544df80bdf45c77ca2224 - - default default] 10.0.0.21 "POST /v2.0/subnets HTTP/1.1" status: 201 len: 825 time: 0.6521680
2026-03-31 06:21:45.397 9 INFO neutron.db.ovn_revision_numbers_db [None req-21c274c1-f646-4f04-aed7-ff7dca06d241 4a9d861896da4dc29c8a9a3238af3872 19955f0c77424d919ea0ee7b193a387e - - default default] Successfully bumped revision number for resource 015db34a-6347-4437-a26a-367d6da516d3 (type: ports) to 1
2026-03-31 06:21:45.425 9 INFO neutron.api.wsgi [None req-21c274c1-f646-4f04-aed7-ff7dca06d241 4a9d861896da4dc29c8a9a3238af3872 19955f0c77424d919ea0ee7b193a387e - - default default] 10.0.0.21 "POST /v2.0/networks HTTP/1.1" status: 201 len: 1444 time: 1.2639019
2026-03-31 06:21:45.490 9 INFO neutron.api.wsgi [None req-780c3278-5294-4c67-bfa2-5f7aeab44285 4a9d861896da4dc29c8a9a3238af3872 19955f0c77424d919ea0ee7b193a387e - - default default] 10.0.0.21 "GET /v2.0/networks HTTP/1.1" status: 200 len: 2050 time: 0.0599332
2026-03-31 06:21:45.640 9 INFO neutron.db.ovn_revision_numbers_db [None req-c2fd5d98-d777-4036-800a-b9c41dac8618 e66808320bf74169a566292905cec7c7 336b4796e1b544df80bdf45c77ca2224 - - default default] Successfully bumped revision number for resource 442edd99-8774-4ff6-83dc-49b46eb7a16c (type: subnets) to 1
2026-03-31 06:21:45.642 9 INFO neutron.api.wsgi [None req-c2fd5d98-d777-4036-800a-b9c41dac8618 e66808320bf74169a566292905cec7c7 336b4796e1b544df80bdf45c77ca2224 - - default default] 10.0.0.21 "PUT /v2.0/subnets/442edd99-8774-4ff6-83dc-49b46eb7a16c HTTP/1.1" status: 200 len: 830 time: 0.2631238
2026-03-31 06:21:45.783 9 INFO neutron.services.segments.plugin [-] Segment 2630333c-373b-4d69-95f8-ef3d79b45702 resource provider aggregate not found
2026-03-31 06:21:45.789 9 INFO neutron.services.segments.plugin [-] Segment 2630333c-373b-4d69-95f8-ef3d79b45702 resource provider aggregate not found
2026-03-31 06:21:45.797 9 INFO neutron.services.segments.plugin [-] Segment 2630333c-373b-4d69-95f8-ef3d79b45702 resource provider not found; error: Placement Client Error (4xx): {"errors": [{"status": 404, "title": "Not Found", "detail": "The resource could not be found.\n\n No resource provider with uuid 2630333c-373b-4d69-95f8-ef3d79b45702 found for delete ", "request_id": "req-44af3df1-9273-4255-bfb0-9aa2a49a9568"}]}
2026-03-31 06:21:45.806 9 INFO neutron.services.segments.plugin [-] Segment 2630333c-373b-4d69-95f8-ef3d79b45702 resource provider not found; error: Placement Client Error (4xx): {"errors": [{"status": 404, "title": "Not Found", "detail": "The resource could not be found.\n\n No resource provider with uuid 2630333c-373b-4d69-95f8-ef3d79b45702 found for delete ", "request_id": "req-1dca359e-7a30-4dfa-99db-0dd1493dd6b6"}]}
2026-03-31 06:21:45.820 9 INFO neutron.api.wsgi [None req-7324a0f0-a275-4194-ad50-ff4919a7095e 4a9d861896da4dc29c8a9a3238af3872 19955f0c77424d919ea0ee7b193a387e - - default default] 10.0.0.21 "DELETE /v2.0/networks/f1010b31-eb46-408d-a298-33c338474be0 HTTP/1.1" status: 204 len: 168 time: 0.3253071
2026-03-31 06:21:46.155 10 INFO neutron.services.segments.plugin [-] Segment d7df0b9c-93b7-4dd8-bdb7-342801286b78 resource provider aggregate not found
2026-03-31 06:21:46.160 10 INFO neutron.services.segments.plugin [-] Segment d7df0b9c-93b7-4dd8-bdb7-342801286b78 resource provider aggregate not found
2026-03-31 06:21:46.171 10 INFO neutron.services.segments.plugin [-] Segment d7df0b9c-93b7-4dd8-bdb7-342801286b78 resource provider not found; error: Placement Client Error (4xx): {"errors": [{"status": 404, "title": "Not Found", "detail": "The resource could not be found.\n\n No resource provider with uuid d7df0b9c-93b7-4dd8-bdb7-342801286b78 found for delete ", "request_id": "req-abcedc03-54f3-4a64-94de-fdb2fdbe2df7"}]}
2026-03-31 06:21:46.174 10 INFO neutron.services.segments.plugin [-] Segment d7df0b9c-93b7-4dd8-bdb7-342801286b78 resource provider not found; error: Placement Client Error (4xx): {"errors": [{"status": 404, "title": "Not Found", "detail": "The resource could not be found.\n\n No resource provider with uuid d7df0b9c-93b7-4dd8-bdb7-342801286b78 found for delete ", "request_id": "req-4c5503e8-95e7-41eb-b2fc-8d00416742c1"}]}
2026-03-31 06:21:46.206 10 INFO neutron.api.wsgi [None req-57d9dba3-92eb-41c3-9d59-1b6a90e30eb4 4a9d861896da4dc29c8a9a3238af3872 19955f0c77424d919ea0ee7b193a387e - - default default] 10.0.0.21 "DELETE /v2.0/networks/96b2b82c-4323-4dc7-a23d-38f7a693ed14 HTTP/1.1" status: 204 len: 168 time: 0.3808956
2026-03-31 06:21:46.219 10 INFO neutron.api.wsgi [None req-27fce467-5095-48f7-820d-c854f4291e21 e66808320bf74169a566292905cec7c7 336b4796e1b544df80bdf45c77ca2224 - - default default] 10.0.0.21 "DELETE /v2.0/networks/f3d7a419-7b2a-493e-8253-9856d91b675b HTTP/1.1" status: 204 len: 168 time: 0.5699859
2026-03-31 06:21:46.236 10 INFO neutron.pecan_wsgi.hooks.translation [None req-17ea696f-3932-49f2-a8da-260bba3acde9 e66808320bf74169a566292905cec7c7 336b4796e1b544df80bdf45c77ca2224 - - default default] DELETE failed (client error): The resource could not be found.
2026-03-31 06:21:46.238 10 INFO neutron.api.wsgi [None req-17ea696f-3932-49f2-a8da-260bba3acde9 e66808320bf74169a566292905cec7c7 336b4796e1b544df80bdf45c77ca2224 - - default default] 10.0.0.21 "DELETE /v2.0/networks/f3d7a419-7b2a-493e-8253-9856d91b675b HTTP/1.1" status: 404 len: 339 time: 0.0144114
2026-03-31 06:21:46.279 10 INFO neutron.api.wsgi [None req-1387176d-be2b-4686-95d9-a82b625a8da3 4a9d861896da4dc29c8a9a3238af3872 19955f0c77424d919ea0ee7b193a387e - - default default] 10.0.0.21 "GET /v2.0/networks HTTP/1.1" status: 200 len: 845 time: 0.0691319
2026-03-31 06:21:46.294 9 WARNING neutron_lib.context [None req-8b99ba50-2fb3-48e3-8ccc-465cd8f36bfd 4a9d861896da4dc29c8a9a3238af3872 19955f0c77424d919ea0ee7b193a387e - - default default] Method 'is_advsvc' is deprecated since 2023.2 release (neutron-lib 3.8.0) and will be removed once support for the old RBAC API policies will be removed from Neutron. Please use method 'is_service_role' instead.
2026-03-31 06:21:46.301 10 INFO neutron.api.wsgi [None req-f46dcd5f-2c17-40cd-b1ab-c3914891313f e66808320bf74169a566292905cec7c7 336b4796e1b544df80bdf45c77ca2224 - - default default] 10.0.0.21 "GET /v2.0/networks?router%3Aexternal=True HTTP/1.1" status: 200 len: 845 time: 0.0573649
2026-03-31 06:21:46.352 9 INFO neutron.api.wsgi [None req-e76c552d-84a3-40d6-8e83-003c97513797 e66808320bf74169a566292905cec7c7 336b4796e1b544df80bdf45c77ca2224 - - default default] 10.0.0.21 "GET /v2.0/subnets?network_id=e55540ea-a814-4e0a-a66a-8cb2c3059c54 HTTP/1.1" status: 200 len: 843 time: 0.0461957
2026-03-31 06:21:46.368 10 INFO neutron.api.wsgi [None req-9daf12a8-9b7b-4a7d-b3cf-f922f166698e e66808320bf74169a566292905cec7c7 336b4796e1b544df80bdf45c77ca2224 - - default default] 10.0.0.21 "GET /v2.0/extensions HTTP/1.1" status: 200 len: 19293 time: 0.0057671
2026-03-31 06:21:46.409 9 INFO neutron.db.segments_db [None req-8b99ba50-2fb3-48e3-8ccc-465cd8f36bfd 4a9d861896da4dc29c8a9a3238af3872 19955f0c77424d919ea0ee7b193a387e - - default default] Added segment 3ce91dca-34dd-4257-9118-d6ba236ba16f of type geneve for network 64d7ab5e-e029-433b-b755-19a22df6ec38
2026-03-31 06:21:46.428 9 INFO neutron.api.wsgi [None req-aa6d6a2c-ff2d-4e15-aff6-5267a00ce7ff e66808320bf74169a566292905cec7c7 336b4796e1b544df80bdf45c77ca2224 - - default default] 10.0.0.21 "GET /v2.0/networks HTTP/1.1" status: 200 len: 1504 time: 0.0554891
2026-03-31 06:21:46.472 10 INFO neutron.api.wsgi [None req-720bd1f0-fcf9-4272-bb51-8603237740c2 e66808320bf74169a566292905cec7c7 336b4796e1b544df80bdf45c77ca2224 - - default default] 10.0.0.21 "GET /v2.0/subnets HTTP/1.1" status: 200 len: 1475 time: 0.0355899
2026-03-31 06:21:46.516 10 INFO neutron.api.wsgi [None req-2d871f40-d8ca-4229-8644-efe2e5c790f7 e66808320bf74169a566292905cec7c7 336b4796e1b544df80bdf45c77ca2224 - - default default] 10.0.0.21 "GET /v2.0/networks/b47d0e9b-f988-41a2-83ec-a35479efb9be HTTP/1.1" status: 200 len: 863 time: 0.0373812
2026-03-31 06:21:46.547 9 INFO neutron.db.ovn_revision_numbers_db [None req-8b99ba50-2fb3-48e3-8ccc-465cd8f36bfd 4a9d861896da4dc29c8a9a3238af3872 19955f0c77424d919ea0ee7b193a387e - - default default] Successfully bumped revision number for resource 64d7ab5e-e029-433b-b755-19a22df6ec38 (type: networks) to 1
2026-03-31 06:21:46.567 9 INFO neutron.api.wsgi [None req-dd07744a-ad78-46d6-b6df-daedf8b3da04 e66808320bf74169a566292905cec7c7 336b4796e1b544df80bdf45c77ca2224 - - default default] 10.0.0.21 "GET /v2.0/subnets/f51c1e11-cf34-42fa-a6aa-50bbdb4a7d81 HTTP/1.1" status: 200 len: 835 time: 0.0475905
2026-03-31 06:21:46.585 10 INFO neutron.pecan_wsgi.hooks.translation [None req-f2e6e621-dba6-4e84-92df-14e3cce41c4a e66808320bf74169a566292905cec7c7 336b4796e1b544df80bdf45c77ca2224 - - default default] DELETE failed (client error): The resource could not be found.
2026-03-31 06:21:46.587 10 INFO neutron.api.wsgi [None req-f2e6e621-dba6-4e84-92df-14e3cce41c4a e66808320bf74169a566292905cec7c7 336b4796e1b544df80bdf45c77ca2224 - - default default] 10.0.0.21 "DELETE /v2.0/subnets/442edd99-8774-4ff6-83dc-49b46eb7a16c HTTP/1.1" status: 404 len: 337 time: 0.0141187
