2026-03-31 06:24:38.885 9 INFO neutron.services.segments.plugin [-] Segment 38d0b023-a97b-4a80-9d99-a14dedf1a762 resource provider not found; error: Placement Client Error (4xx): {"errors": [{"status": 404, "title": "Not Found", "detail": "The resource could not be found.\n\n No resource provider with uuid 38d0b023-a97b-4a80-9d99-a14dedf1a762 found for delete ", "request_id": "req-bc7344ed-582b-4579-a130-34287616cbfc"}]}
2026-03-31 06:24:38.902 9 INFO neutron.services.segments.plugin [-] Segment 3a0ee9c2-5184-437c-b4e9-6f59035daef3 resource provider aggregate not found
2026-03-31 06:24:38.906 9 INFO neutron.services.segments.plugin [-] Segment 3a0ee9c2-5184-437c-b4e9-6f59035daef3 resource provider aggregate not found
2026-03-31 06:24:38.930 9 INFO neutron.services.segments.plugin [-] Segment 3a0ee9c2-5184-437c-b4e9-6f59035daef3 resource provider not found; error: Placement Client Error (4xx): {"errors": [{"status": 404, "title": "Not Found", "detail": "The resource could not be found.\n\n No resource provider with uuid 3a0ee9c2-5184-437c-b4e9-6f59035daef3 found for delete ", "request_id": "req-23b1daca-c879-4cf5-87d5-25c615939158"}]}
2026-03-31 06:24:38.934 9 INFO neutron.services.segments.plugin [-] Segment 3a0ee9c2-5184-437c-b4e9-6f59035daef3 resource provider not found; error: Placement Client Error (4xx): {"errors": [{"status": 404, "title": "Not Found", "detail": "The resource could not be found.\n\n No resource provider with uuid 3a0ee9c2-5184-437c-b4e9-6f59035daef3 found for delete ", "request_id": "req-318a5a6d-9677-4016-9583-59404c516eef"}]}
2026-03-31 06:24:38.953 9 INFO neutron.services.segments.plugin [-] Segment bf7e6ca7-86fa-467c-b843-c709059568bc resource provider aggregate not found
2026-03-31 06:24:38.958 9 INFO neutron.services.segments.plugin [-] Segment bf7e6ca7-86fa-467c-b843-c709059568bc resource provider aggregate not found
2026-03-31 06:24:38.967 9 INFO neutron.services.segments.plugin [-] Segment bf7e6ca7-86fa-467c-b843-c709059568bc resource provider not found; error: Placement Client Error (4xx): {"errors": [{"status": 404, "title": "Not Found", "detail": "The resource could not be found.\n\n No resource provider with uuid bf7e6ca7-86fa-467c-b843-c709059568bc found for delete ", "request_id": "req-9f3eb5d3-8ddf-439c-9660-0fd48d258658"}]}
2026-03-31 06:24:38.980 9 INFO neutron.services.segments.plugin [-] Segment bf7e6ca7-86fa-467c-b843-c709059568bc resource provider not found; error: Placement Client Error (4xx): {"errors": [{"status": 404, "title": "Not Found", "detail": "The resource could not be found.\n\n No resource provider with uuid bf7e6ca7-86fa-467c-b843-c709059568bc found for delete ", "request_id": "req-9c0e3067-b822-412c-aed1-045c77ee4619"}]}
2026-03-31 06:24:39.069 9 INFO neutron.api.wsgi [req-eed3c9f2-ba38-4541-97c8-bae14f4540c1 req-2b9ece50-b9e5-4f1e-be3b-1a39cc50153d 4b74c0136ed54fe5ae70aa1357de939f a8d4e6dffa0748baaf86f788e69a8210 - - default default] 10.0.0.204 "GET /v2.0/ports?device_id=5b28f08d-206d-4359-9a42-6d401341b707 HTTP/1.1" status: 200 len: 1382 time: 0.1010463
2026-03-31 06:24:39.071 9 INFO neutron.db.ovn_revision_numbers_db [None req-8e757585-66a5-4de4-99a9-e908729edea7 0c8cfa4133454b3097b7c50077b745de a0ca050bdd2a42b38f5eef964bc59a02 - - default default] Successfully bumped revision number for resource 3ea54af0-e6fd-4d0d-8909-3726d9aefb84 (type: security_groups) to 1 /var/lib/openstack/lib/python3.12/site-packages/pycadf/identifier.py:71: UserWarning: Invalid uuid: neutron. To ensure interoperability, identifiers should be a valid uuid. warnings.warn(('Invalid uuid: %s. To ensure interoperability, '
2026-03-31 06:24:39.096 9 INFO neutron.db.ovn_revision_numbers_db [None req-8e757585-66a5-4de4-99a9-e908729edea7 0c8cfa4133454b3097b7c50077b745de a0ca050bdd2a42b38f5eef964bc59a02 - - default default] Successfully bumped revision number for resource 3a88de98-9b0c-4621-a470-5612fa30471f (type: security_group_rules) to 0
2026-03-31 06:24:39.118 9 INFO neutron.db.ovn_revision_numbers_db [None req-8e757585-66a5-4de4-99a9-e908729edea7 0c8cfa4133454b3097b7c50077b745de a0ca050bdd2a42b38f5eef964bc59a02 - - default default] Successfully bumped revision number for resource 76862b4a-f1b0-4f78-8b8b-39c1618a6646 (type: security_group_rules) to 0
2026-03-31 06:24:39.123 9 INFO neutron.api.wsgi [req-eed3c9f2-ba38-4541-97c8-bae14f4540c1 req-976a6c5a-b138-443c-85ee-2819689d4d99 4b74c0136ed54fe5ae70aa1357de939f a8d4e6dffa0748baaf86f788e69a8210 - - default default] 10.0.0.204 "GET /v2.0/security-groups?id=cde15ca5-eb95-4392-b282-9cae81b42196&fields=id&fields=name HTTP/1.1" status: 200 len: 311 time: 0.0476105
2026-03-31 06:24:39.144 9 INFO neutron.db.ovn_revision_numbers_db [None req-8e757585-66a5-4de4-99a9-e908729edea7 0c8cfa4133454b3097b7c50077b745de a0ca050bdd2a42b38f5eef964bc59a02 - - default default] Successfully bumped revision number for resource 813931c8-640b-46e6-bcaf-90a587f71041 (type: security_group_rules) to 0
2026-03-31 06:24:39.165 9 INFO neutron.db.ovn_revision_numbers_db [None req-8e757585-66a5-4de4-99a9-e908729edea7 0c8cfa4133454b3097b7c50077b745de a0ca050bdd2a42b38f5eef964bc59a02 - - default default] Successfully bumped revision number for resource 9cbb4c80-3812-4029-a7b2-ac870cc7e8a4 (type: security_group_rules) to 0
2026-03-31 06:24:39.210 9 INFO neutron.api.wsgi [None req-8e757585-66a5-4de4-99a9-e908729edea7 0c8cfa4133454b3097b7c50077b745de a0ca050bdd2a42b38f5eef964bc59a02 - - default default] 10.0.0.21 "GET /v2.0/security-groups?tenant_id=f1e05a6ccc734b5ba0f833a494f6423c&name=default HTTP/1.1" status: 200 len: 3124 time: 0.5511107
2026-03-31 06:24:39.226 9 INFO neutron.db.ovn_revision_numbers_db [req-b1120cd9-8c4a-4b3d-8131-1340593ae79b req-67453e7d-c14b-487f-bbdb-69744cb56326 c8ddd317cd4d443493736ba307dca577 1afe58f424034bcbb1c076e279edf9b8 - - ed29042efc3c459c90404065aa83b660 ed29042efc3c459c90404065aa83b660] Successfully bumped revision number for resource 1c1bdf0b-e04b-49f1-9ad7-53d822e79b4d (type: ports) to 2
2026-03-31 06:24:39.418 10 INFO neutron.api.wsgi [None req-653b688a-6622-4e9b-bacf-dab6a628b516 0c8cfa4133454b3097b7c50077b745de a0ca050bdd2a42b38f5eef964bc59a02 - - default default] 10.0.0.21 "DELETE /v2.0/security-groups/3ea54af0-e6fd-4d0d-8909-3726d9aefb84 HTTP/1.1" status: 204 len: 168 time: 0.2025838
2026-03-31 06:24:39.437 9 INFO neutron.db.ovn_revision_numbers_db [req-b1120cd9-8c4a-4b3d-8131-1340593ae79b req-67453e7d-c14b-487f-bbdb-69744cb56326 c8ddd317cd4d443493736ba307dca577 1afe58f424034bcbb1c076e279edf9b8 - - ed29042efc3c459c90404065aa83b660 ed29042efc3c459c90404065aa83b660] Successfully bumped revision number for resource 1c1bdf0b-e04b-49f1-9ad7-53d822e79b4d (type: ports) to 4
2026-03-31 06:24:39.452 9 INFO neutron.api.wsgi [req-b1120cd9-8c4a-4b3d-8131-1340593ae79b req-67453e7d-c14b-487f-bbdb-69744cb56326 c8ddd317cd4d443493736ba307dca577 1afe58f424034bcbb1c076e279edf9b8 - - ed29042efc3c459c90404065aa83b660 ed29042efc3c459c90404065aa83b660] 199.204.45.30 "PUT /v2.0/ports/1c1bdf0b-e04b-49f1-9ad7-53d822e79b4d HTTP/1.1" status: 200 len: 1629 time: 0.7217546 /var/lib/openstack/lib/python3.12/site-packages/pycadf/identifier.py:71: UserWarning: Invalid uuid: neutron. To ensure interoperability, identifiers should be a valid uuid. warnings.warn(('Invalid uuid: %s. To ensure interoperability, '
2026-03-31 06:24:39.482 9 INFO neutron.notifiers.nova [-] Nova event matching ['req-fa6071ad-c5fd-472b-bd30-8d75e7d5c648'] response: {'name': 'network-changed', 'server_uuid': '5b28f08d-206d-4359-9a42-6d401341b707', 'tag': '1c1bdf0b-e04b-49f1-9ad7-53d822e79b4d', 'status': 'completed', 'code': 200}
2026-03-31 06:24:39.497 9 INFO neutron.api.wsgi [req-725b1668-1003-48e0-b752-a5b4c5055f64 req-83071686-9bfc-4cc5-a478-7789b4e325cd c8ddd317cd4d443493736ba307dca577 1afe58f424034bcbb1c076e279edf9b8 - - ed29042efc3c459c90404065aa83b660 ed29042efc3c459c90404065aa83b660] 10.0.0.86 "GET /v2.0/ports?device_id=7d247ce9-997b-4a50-ba8d-0495917ef776 HTTP/1.1" status: 200 len: 1638 time: 0.0392072
2026-03-31 06:24:39.538 10 INFO neutron.api.wsgi [None req-6e01e033-1442-49a6-8445-8a23c861c4a0 0c8cfa4133454b3097b7c50077b745de a0ca050bdd2a42b38f5eef964bc59a02 - - default default] 10.0.0.21 "GET /v2.0/security-groups?tenant_id=60a2fcab937a449f8bc839e7dc6f5155&name=default HTTP/1.1" status: 200 len: 3124 time: 0.0467770
2026-03-31 06:24:39.548 9 INFO neutron.api.wsgi [req-725b1668-1003-48e0-b752-a5b4c5055f64 req-70acd9d1-c318-4b69-8cda-e41f0108b056 c8ddd317cd4d443493736ba307dca577 1afe58f424034bcbb1c076e279edf9b8 - - ed29042efc3c459c90404065aa83b660 ed29042efc3c459c90404065aa83b660] 10.0.0.86 "GET /v2.0/security-groups?id=cde15ca5-eb95-4392-b282-9cae81b42196&fields=id&fields=name HTTP/1.1" status: 200 len: 311 time: 0.0429208
2026-03-31 06:24:39.742 10 INFO neutron.api.wsgi [None req-09e43081-1e36-4b80-bb4f-f7cd0842cd77 0c8cfa4133454b3097b7c50077b745de a0ca050bdd2a42b38f5eef964bc59a02 - - default default] 10.0.0.21 "DELETE /v2.0/security-groups/f23aa871-037a-4f31-8224-741f54636c74 HTTP/1.1" status: 204 len: 168 time: 0.1979814
2026-03-31 06:24:39.990 10 INFO neutron.db.ovn_revision_numbers_db [None req-de59598f-6ff9-41a6-9cf0-30ca0db04730 0c8cfa4133454b3097b7c50077b745de a0ca050bdd2a42b38f5eef964bc59a02 - - default default] Successfully bumped revision number for resource c52ac568-5fe5-4bdb-9447-c944653622fb (type: security_groups) to 1
2026-03-31 06:24:40.006 10 INFO neutron.db.ovn_revision_numbers_db [None req-de59598f-6ff9-41a6-9cf0-30ca0db04730 0c8cfa4133454b3097b7c50077b745de a0ca050bdd2a42b38f5eef964bc59a02 - - default default] Successfully bumped revision number for resource 393bdfef-6818-4df6-8a5b-2ac1640bd48d (type: security_group_rules) to 0
2026-03-31 06:24:40.019 10 INFO neutron.db.ovn_revision_numbers_db [None req-de59598f-6ff9-41a6-9cf0-30ca0db04730 0c8cfa4133454b3097b7c50077b745de a0ca050bdd2a42b38f5eef964bc59a02 - - default default] Successfully bumped revision number for resource aea65793-ed48-4aea-85d4-91f5c5825afc (type: security_group_rules) to 0
2026-03-31 06:24:40.033 10 INFO neutron.db.ovn_revision_numbers_db [None req-de59598f-6ff9-41a6-9cf0-30ca0db04730 0c8cfa4133454b3097b7c50077b745de a0ca050bdd2a42b38f5eef964bc59a02 - - default default] Successfully bumped revision number for resource b84bcc72-700f-4f10-b27b-3579583c43ba (type: security_group_rules) to 0
2026-03-31 06:24:40.035 9 INFO neutron.api.wsgi [req-aa3cf555-eccc-43f3-9b40-f6b7363ec8f6 req-60e2a3f2-36e7-4d64-a8d5-15afa3fc7a6e c8ddd317cd4d443493736ba307dca577 1afe58f424034bcbb1c076e279edf9b8 - - ed29042efc3c459c90404065aa83b660 ed29042efc3c459c90404065aa83b660] 199.204.45.30 "GET /v2.0/ports?tenant_id=a8d4e6dffa0748baaf86f788e69a8210&device_id=5b28f08d-206d-4359-9a42-6d401341b707 HTTP/1.1" status: 200 len: 1632 time: 0.0411963
2026-03-31 06:24:40.051 10 INFO neutron.db.ovn_revision_numbers_db [None req-de59598f-6ff9-41a6-9cf0-30ca0db04730 0c8cfa4133454b3097b7c50077b745de a0ca050bdd2a42b38f5eef964bc59a02 - - default default] Successfully bumped revision number for resource df6f8758-c683-430b-81cd-0f1272042801 (type: security_group_rules) to 0
2026-03-31 06:24:40.088 10 INFO neutron.api.wsgi [None req-de59598f-6ff9-41a6-9cf0-30ca0db04730 0c8cfa4133454b3097b7c50077b745de a0ca050bdd2a42b38f5eef964bc59a02 - - default default] 10.0.0.21 "GET /v2.0/security-groups?tenant_id=8392d2535dd64f408697b367d80cec6e&name=default HTTP/1.1" status: 200 len: 3124 time: 0.2119775
2026-03-31 06:24:40.089 9 INFO neutron.api.wsgi [req-aa3cf555-eccc-43f3-9b40-f6b7363ec8f6 req-0217d05c-79bb-4d56-9d99-545a529f5889 c8ddd317cd4d443493736ba307dca577 1afe58f424034bcbb1c076e279edf9b8 - - ed29042efc3c459c90404065aa83b660 ed29042efc3c459c90404065aa83b660] 199.204.45.30 "GET /v2.0/networks?tenant_id=a8d4e6dffa0748baaf86f788e69a8210&shared=False HTTP/1.1" status: 200 len: 2585 time: 0.0509789
2026-03-31 06:24:40.159 9 INFO neutron.api.wsgi [req-aa3cf555-eccc-43f3-9b40-f6b7363ec8f6 req-35a058a7-8706-42c4-bc4a-5f683b10e8c4 c8ddd317cd4d443493736ba307dca577 1afe58f424034bcbb1c076e279edf9b8 - - ed29042efc3c459c90404065aa83b660 ed29042efc3c459c90404065aa83b660] 199.204.45.30 "GET /v2.0/networks?shared=True HTTP/1.1" status: 200 len: 952 time: 0.0620959
2026-03-31 06:24:40.329 9 INFO neutron.api.wsgi [None req-770ffa91-f841-4e8e-8769-b69393e485fc 0c8cfa4133454b3097b7c50077b745de a0ca050bdd2a42b38f5eef964bc59a02 - - default default] 10.0.0.21 "DELETE /v2.0/security-groups/c52ac568-5fe5-4bdb-9447-c944653622fb HTTP/1.1" status: 204 len: 168 time: 0.2359488
2026-03-31 06:24:40.689 10 INFO neutron.api.wsgi [None req-3d417657-e1dc-47af-817d-3832f7608625 99564c0f726545f7b8ef8449566cf492 ff9dd5514da84ed0a487e17befe2c91b - - default default] 10.0.0.21 "POST /v2.0/qos/policies HTTP/1.1" status: 201 len: 558 time: 0.2157767
2026-03-31 06:24:40.739 10 INFO neutron.api.wsgi [None req-6ac67f48-a6d7-4a9f-8413-f11d1e54c078 99564c0f726545f7b8ef8449566cf492 ff9dd5514da84ed0a487e17befe2c91b - - default default] 10.0.0.21 "PUT /v2.0/policies/bda49f31-1c2b-427d-ae37-1ee4f55386e1/tags HTTP/1.1" status: 200 len: 218 time: 0.0425673
2026-03-31 06:24:40.757 10 INFO neutron.api.wsgi [None req-d6d4d726-a176-4104-8b69-b2062cd15f8e 99564c0f726545f7b8ef8449566cf492 ff9dd5514da84ed0a487e17befe2c91b - - default default] 10.0.0.21 "GET /v2.0/policies/bda49f31-1c2b-427d-ae37-1ee4f55386e1/tags HTTP/1.1" status: 200 len: 218 time: 0.0139697
2026-03-31 06:24:40.797 10 INFO neutron.api.wsgi [None req-e069eb50-2b8b-495a-a12b-db08bd62bfb3 99564c0f726545f7b8ef8449566cf492 ff9dd5514da84ed0a487e17befe2c91b - - default default] 10.0.0.21 "PUT /v2.0/policies/bda49f31-1c2b-427d-ae37-1ee4f55386e1/tags/green HTTP/1.1" status: 201 len: 201 time: 0.0345643
2026-03-31 06:24:40.818 10 INFO neutron.api.wsgi [None req-65fb895a-e1ed-4c1f-b025-0e3bd7795e84 99564c0f726545f7b8ef8449566cf492 ff9dd5514da84ed0a487e17befe2c91b - - default default] 10.0.0.21 "GET /v2.0/policies/bda49f31-1c2b-427d-ae37-1ee4f55386e1/tags HTTP/1.1" status: 200 len: 227 time: 0.0156937
2026-03-31 06:24:40.844 10 INFO neutron.api.wsgi [None req-a02fec4a-6a30-42c7-81a4-e0e38397789c 99564c0f726545f7b8ef8449566cf492 ff9dd5514da84ed0a487e17befe2c91b - - default default] 10.0.0.21 "PUT /v2.0/policies/bda49f31-1c2b-427d-ae37-1ee4f55386e1/tags/red HTTP/1.1" status: 201 len: 201 time: 0.0199869
2026-03-31 06:24:40.864 10 INFO neutron.api.wsgi [None req-73a898b6-9688-4f4b-8a22-c3d0a24b6006 99564c0f726545f7b8ef8449566cf492 ff9dd5514da84ed0a487e17befe2c91b - - default default] 10.0.0.21 "GET /v2.0/policies/bda49f31-1c2b-427d-ae37-1ee4f55386e1/tags HTTP/1.1" status: 200 len: 227 time: 0.0142584
2026-03-31 06:24:40.896 10 INFO neutron.api.wsgi [None req-0dacd102-168c-4fb4-9cef-24e78b98360f 99564c0f726545f7b8ef8449566cf492 ff9dd5514da84ed0a487e17befe2c91b - - default default] 10.0.0.21 "PUT /v2.0/policies/bda49f31-1c2b-427d-ae37-1ee4f55386e1/tags/black.or.white HTTP/1.1" status: 201 len: 201 time: 0.0266306
2026-03-31 06:24:40.940 10 INFO neutron.api.wsgi [None req-83738f1d-4a07-4104-b9ac-5ce071b8e6a4 99564c0f726545f7b8ef8449566cf492 ff9dd5514da84ed0a487e17befe2c91b - - default default] 10.0.0.21 "GET /v2.0/policies/bda49f31-1c2b-427d-ae37-1ee4f55386e1/tags HTTP/1.1" status: 200 len: 245 time: 0.0391910
2026-03-31 06:24:40.973 9 INFO neutron.api.wsgi [None req-07d78a6f-d5d6-452d-a24e-48de577d6b62 99564c0f726545f7b8ef8449566cf492 ff9dd5514da84ed0a487e17befe2c91b - - default default] 10.0.0.21 "PUT /v2.0/policies/bda49f31-1c2b-427d-ae37-1ee4f55386e1/tags HTTP/1.1" status: 200 len: 230 time: 0.0265913
2026-03-31 06:24:40.995 9 INFO neutron.api.wsgi [None req-128b70cc-2414-41c7-8d56-f57c1cffc32b 99564c0f726545f7b8ef8449566cf492 ff9dd5514da84ed0a487e17befe2c91b - - default default] 10.0.0.21 "GET /v2.0/policies/bda49f31-1c2b-427d-ae37-1ee4f55386e1/tags HTTP/1.1" status: 200 len: 230 time: 0.0167987
2026-03-31 06:24:41.015 10 INFO neutron.api.wsgi [None req-c28e7007-582e-4009-8918-62b242a9a605 99564c0f726545f7b8ef8449566cf492 ff9dd5514da84ed0a487e17befe2c91b - - default default] 10.0.0.21 "GET /v2.0/policies/bda49f31-1c2b-427d-ae37-1ee4f55386e1/tags/red HTTP/1.1" status: 204 len: 168 time: 0.0141788
2026-03-31 06:24:41.036 10 INFO neutron.api.v2.resource [None req-94fe77b5-768d-4707-b287-ee0a5011602d 99564c0f726545f7b8ef8449566cf492 ff9dd5514da84ed0a487e17befe2c91b - - default default] show failed (client error): The resource could not be found.
2026-03-31 06:24:41.037 10 INFO neutron.api.wsgi [None req-94fe77b5-768d-4707-b287-ee0a5011602d 99564c0f726545f7b8ef8449566cf492 ff9dd5514da84ed0a487e17befe2c91b - - default default] 10.0.0.21 "GET /v2.0/policies/bda49f31-1c2b-427d-ae37-1ee4f55386e1/tags/green HTTP/1.1" status: 404 len: 299 time: 0.0159943
2026-03-31 06:24:41.067 10 INFO neutron.api.wsgi [None req-3063d711-d5ae-4e51-9727-21776628a18f 99564c0f726545f7b8ef8449566cf492 ff9dd5514da84ed0a487e17befe2c91b - - default default] 10.0.0.21 "DELETE /v2.0/policies/bda49f31-1c2b-427d-ae37-1ee4f55386e1/tags/red HTTP/1.1" status: 204 len: 168 time: 0.0262980
2026-03-31 06:24:41.088 10 INFO neutron.api.wsgi [None req-64a14531-52c5-427d-a3dd-8e559ed5b522 99564c0f726545f7b8ef8449566cf492 ff9dd5514da84ed0a487e17befe2c91b - - default default] 10.0.0.21 "GET /v2.0/policies/bda49f31-1c2b-427d-ae37-1ee4f55386e1/tags HTTP/1.1" status: 200 len: 223 time: 0.0153191
2026-03-31 06:24:41.110 10 INFO neutron.api.v2.resource [None req-6a17201b-3fe7-4ccc-b1f1-ffd7d6ded113 99564c0f726545f7b8ef8449566cf492 ff9dd5514da84ed0a487e17befe2c91b - - default default] delete failed (client error): The resource could not be found.
2026-03-31 06:24:41.111 10 INFO neutron.api.wsgi [None req-6a17201b-3fe7-4ccc-b1f1-ffd7d6ded113 99564c0f726545f7b8ef8449566cf492 ff9dd5514da84ed0a487e17befe2c91b - - default default] 10.0.0.21 "DELETE /v2.0/policies/bda49f31-1c2b-427d-ae37-1ee4f55386e1/tags/green HTTP/1.1" status: 404 len: 299 time: 0.0185521
2026-03-31 06:24:41.146 10 INFO neutron.api.wsgi [None req-1b758a32-0c39-4718-a5bb-3ba62adda28d 99564c0f726545f7b8ef8449566cf492 ff9dd5514da84ed0a487e17befe2c91b - - default default] 10.0.0.21 "DELETE /v2.0/policies/bda49f31-1c2b-427d-ae37-1ee4f55386e1/tags HTTP/1.1" status: 204 len: 168 time: 0.0289378
2026-03-31 06:24:41.165 10 INFO neutron.api.wsgi [None req-bcceb260-b804-4c3b-a41c-8ec3ab2e1d25 99564c0f726545f7b8ef8449566cf492 ff9dd5514da84ed0a487e17befe2c91b - - default default] 10.0.0.21 "GET /v2.0/policies/bda49f31-1c2b-427d-ae37-1ee4f55386e1/tags HTTP/1.1" status: 200 len: 205 time: 0.0146096
2026-03-31 06:24:41.218 9 INFO neutron.api.wsgi [req-b1120cd9-8c4a-4b3d-8131-1340593ae79b req-4824d270-a491-48a9-ad0d-155e5870e2cc c8ddd317cd4d443493736ba307dca577 1afe58f424034bcbb1c076e279edf9b8 - - ed29042efc3c459c90404065aa83b660 ed29042efc3c459c90404065aa83b660] 199.204.45.30 "GET /v2.0/ports?tenant_id=a8d4e6dffa0748baaf86f788e69a8210&device_id=5b28f08d-206d-4359-9a42-6d401341b707 HTTP/1.1" status: 200 len: 1632 time: 0.0344748
2026-03-31 06:24:41.243 9 INFO neutron.api.wsgi [req-b1120cd9-8c4a-4b3d-8131-1340593ae79b req-7676bd95-eb39-4cb2-ae27-45e0f9a43477 c8ddd317cd4d443493736ba307dca577 1afe58f424034bcbb1c076e279edf9b8 - - ed29042efc3c459c90404065aa83b660 ed29042efc3c459c90404065aa83b660] 199.204.45.30 "GET /v2.0/floatingips?fixed_ip_address=10.2.2.39&port_id=1c1bdf0b-e04b-49f1-9ad7-53d822e79b4d HTTP/1.1" status: 200 len: 217 time: 0.0180235
2026-03-31 06:24:41.248 9 INFO neutron.api.wsgi [None req-0085c728-9a6e-4188-9c49-a159847c8240 99564c0f726545f7b8ef8449566cf492 ff9dd5514da84ed0a487e17befe2c91b - - default default] 10.0.0.21 "DELETE /v2.0/qos/policies/bda49f31-1c2b-427d-ae37-1ee4f55386e1 HTTP/1.1" status: 204 len: 168 time: 0.0751088
2026-03-31 06:24:41.266 9 INFO neutron.api.wsgi [req-b1120cd9-8c4a-4b3d-8131-1340593ae79b req-ba1b9df5-b2f7-4d7a-a53b-8a9ceaf03276 c8ddd317cd4d443493736ba307dca577 1afe58f424034bcbb1c076e279edf9b8 - - ed29042efc3c459c90404065aa83b660 ed29042efc3c459c90404065aa83b660] 199.204.45.30 "GET /v2.0/floatingips?fixed_ip_address=fd77%3A1457%3A4cf0%3A26a8%3A%3Af7&port_id=1c1bdf0b-e04b-49f1-9ad7-53d822e79b4d HTTP/1.1" status: 200 len: 217 time: 0.0164373
2026-03-31 06:24:41.305 9 INFO neutron.api.wsgi [req-b1120cd9-8c4a-4b3d-8131-1340593ae79b req-8b9f83a4-aab9-42ea-8a72-c3110296c836 c8ddd317cd4d443493736ba307dca577 1afe58f424034bcbb1c076e279edf9b8 - - ed29042efc3c459c90404065aa83b660 ed29042efc3c459c90404065aa83b660] 199.204.45.30 "GET /v2.0/subnets?id=81e0b3f0-f4b9-47dc-baa4-5cea8b2f3d43&id=bbc92bdb-a85d-4d43-aee4-b7472d127377 HTTP/1.1" status: 200 len: 1614 time: 0.0302019
2026-03-31 06:24:41.327 9 INFO neutron.api.wsgi [req-b1120cd9-8c4a-4b3d-8131-1340593ae79b req-b806677e-2f56-4572-8e11-77472c5bdba0 c8ddd317cd4d443493736ba307dca577 1afe58f424034bcbb1c076e279edf9b8 - - ed29042efc3c459c90404065aa83b660 ed29042efc3c459c90404065aa83b660] 199.204.45.30 "GET /v2.0/ports?network_id=48f02ee7-3f64-4566-a98b-e9c416cd4dd8&device_owner=network%3Adhcp HTTP/1.1" status: 200 len: 210 time: 0.0177588
2026-03-31 06:24:41.351 9 INFO neutron.api.wsgi [req-b1120cd9-8c4a-4b3d-8131-1340593ae79b req-31984050-ac3c-4dec-91e5-abc67d28fe80 c8ddd317cd4d443493736ba307dca577 1afe58f424034bcbb1c076e279edf9b8 - - ed29042efc3c459c90404065aa83b660 ed29042efc3c459c90404065aa83b660] 199.204.45.30 "GET /v2.0/ports?network_id=48f02ee7-3f64-4566-a98b-e9c416cd4dd8&device_owner=network%3Adhcp HTTP/1.1" status: 200 len: 210 time: 0.0176744
2026-03-31 06:24:41.396 9 INFO neutron.api.wsgi [req-b1120cd9-8c4a-4b3d-8131-1340593ae79b req-50abfda3-562c-4b7f-89fd-9cf9555fef93 c8ddd317cd4d443493736ba307dca577 1afe58f424034bcbb1c076e279edf9b8 - - ed29042efc3c459c90404065aa83b660 ed29042efc3c459c90404065aa83b660] 199.204.45.30 "GET /v2.0/networks/48f02ee7-3f64-4566-a98b-e9c416cd4dd8?fields=segments HTTP/1.1" status: 200 len: 212 time: 0.0403626
2026-03-31 06:24:41.447 9 INFO neutron.api.wsgi [req-b1120cd9-8c4a-4b3d-8131-1340593ae79b req-69680570-9e38-4ab6-8fba-9aa0d2f879e5 c8ddd317cd4d443493736ba307dca577 1afe58f424034bcbb1c076e279edf9b8 - - ed29042efc3c459c90404065aa83b660 ed29042efc3c459c90404065aa83b660] 199.204.45.30 "GET /v2.0/networks/48f02ee7-3f64-4566-a98b-e9c416cd4dd8?fields=provider%3Aphysical_network&fields=provider%3Anetwork_type HTTP/1.1" status: 200 len: 277 time: 0.0466027
2026-03-31 06:24:42.165 9 INFO neutron.db.ovn_revision_numbers_db [None req-260eee2b-23e0-4f3e-95b3-38c020ce0540 0c8cfa4133454b3097b7c50077b745de a0ca050bdd2a42b38f5eef964bc59a02 - - default default] Successfully bumped revision number for resource 031136bf-f99d-4761-8acf-9ceaf61c1de3 (type: security_groups) to 1
2026-03-31 06:24:42.176 9 INFO neutron.db.ovn_revision_numbers_db [None req-260eee2b-23e0-4f3e-95b3-38c020ce0540 0c8cfa4133454b3097b7c50077b745de a0ca050bdd2a42b38f5eef964bc59a02 - - default default] Successfully bumped revision number for resource 2af9848d-4703-493b-b32c-cf6ab3aad825 (type: security_group_rules) to 0
2026-03-31 06:24:42.191 9 INFO neutron.db.ovn_revision_numbers_db [None req-260eee2b-23e0-4f3e-95b3-38c020ce0540 0c8cfa4133454b3097b7c50077b745de a0ca050bdd2a42b38f5eef964bc59a02 - - default default] Successfully bumped revision number for resource 8944f414-b241-4a99-8069-36b78eb2fac0 (type: security_group_rules) to 0
2026-03-31 06:24:42.204 9 INFO neutron.db.ovn_revision_numbers_db [None req-260eee2b-23e0-4f3e-95b3-38c020ce0540 0c8cfa4133454b3097b7c50077b745de a0ca050bdd2a42b38f5eef964bc59a02 - - default default] Successfully bumped revision number for resource a1063953-1b50-459b-bed7-6d33ce6ce41c (type: security_group_rules) to 0
2026-03-31 06:24:42.217 9 INFO neutron.db.ovn_revision_numbers_db [None req-260eee2b-23e0-4f3e-95b3-38c020ce0540 0c8cfa4133454b3097b7c50077b745de a0ca050bdd2a42b38f5eef964bc59a02 - - default default] Successfully bumped revision number for resource b2dcb092-3779-4c02-8c9d-1e87ebb1e806 (type: security_group_rules) to 0
2026-03-31 06:24:42.254 9 INFO neutron.api.wsgi [None req-260eee2b-23e0-4f3e-95b3-38c020ce0540 0c8cfa4133454b3097b7c50077b745de a0ca050bdd2a42b38f5eef964bc59a02 - - default default] 10.0.0.21 "GET /v2.0/security-groups?tenant_id=8e33335160a74ac68993538ccd94ffaf&name=default HTTP/1.1" status: 200 len: 3124 time: 0.3901918
2026-03-31 06:24:42.456 9 INFO neutron.api.wsgi [None req-24591351-f339-4931-ad54-db3e227aebc9 0c8cfa4133454b3097b7c50077b745de a0ca050bdd2a42b38f5eef964bc59a02 - - default default] 10.0.0.21 "DELETE /v2.0/security-groups/031136bf-f99d-4761-8acf-9ceaf61c1de3 HTTP/1.1" status: 204 len: 168 time: 0.1976750
2026-03-31 06:24:42.670 9 INFO neutron.db.ovn_revision_numbers_db [None req-7670b96b-c7ca-41bd-b382-7cfa24494517 0c8cfa4133454b3097b7c50077b745de a0ca050bdd2a42b38f5eef964bc59a02 - - default default] Successfully bumped revision number for resource 7c19c23d-f2e8-4c36-ba2e-a393e5f7b796 (type: security_groups) to 1
2026-03-31 06:24:42.684 9 INFO neutron.db.ovn_revision_numbers_db [None req-7670b96b-c7ca-41bd-b382-7cfa24494517 0c8cfa4133454b3097b7c50077b745de a0ca050bdd2a42b38f5eef964bc59a02 - - default default] Successfully bumped revision number for resource 15ff64a1-b4bd-4a87-9356-f6c6f8659f23 (type: security_group_rules) to 0
2026-03-31 06:24:42.696 9 INFO neutron.db.ovn_revision_numbers_db [None req-7670b96b-c7ca-41bd-b382-7cfa24494517 0c8cfa4133454b3097b7c50077b745de a0ca050bdd2a42b38f5eef964bc59a02 - - default default] Successfully bumped revision number for resource 76f6ebeb-425e-494f-8762-9e5ed420d623 (type: security_group_rules) to 0
2026-03-31 06:24:42.710 9 INFO neutron.db.ovn_revision_numbers_db [None req-7670b96b-c7ca-41bd-b382-7cfa24494517 0c8cfa4133454b3097b7c50077b745de a0ca050bdd2a42b38f5eef964bc59a02 - - default default] Successfully bumped revision number for resource 8f57d3b8-a2dc-4c99-9f2e-c6a6f00a27eb (type: security_group_rules) to 0
2026-03-31 06:24:42.723 9 INFO neutron.db.ovn_revision_numbers_db [None req-7670b96b-c7ca-41bd-b382-7cfa24494517 0c8cfa4133454b3097b7c50077b745de a0ca050bdd2a42b38f5eef964bc59a02 - - default default] Successfully bumped revision number for resource c96de4e4-bb5a-4e8f-b13d-cd0fa5883da2 (type: security_group_rules) to 0
2026-03-31 06:24:42.770 9 INFO neutron.api.wsgi [None req-7670b96b-c7ca-41bd-b382-7cfa24494517 0c8cfa4133454b3097b7c50077b745de a0ca050bdd2a42b38f5eef964bc59a02 - - default default] 10.0.0.21 "GET /v2.0/security-groups?tenant_id=ff9dd5514da84ed0a487e17befe2c91b&name=default HTTP/1.1" status: 200 len: 3124 time: 0.2311697
2026-03-31 06:24:42.975 10 INFO neutron.api.wsgi [None req-950f4b54-d38e-4a99-8d1e-b63add361e59 0c8cfa4133454b3097b7c50077b745de a0ca050bdd2a42b38f5eef964bc59a02 - - default default] 10.0.0.21 "DELETE /v2.0/security-groups/7c19c23d-f2e8-4c36-ba2e-a393e5f7b796 HTTP/1.1" status: 204 len: 168 time: 0.1994607
2026-03-31 06:24:43.597 9 INFO neutron.plugins.ml2.drivers.ovn.mech_driver.mech_driver [None req-808321b4-6139-4f01-b252-4093f6aa4641 - - - - - -] OVN reports status up for port: 1c1bdf0b-e04b-49f1-9ad7-53d822e79b4d
2026-03-31 06:24:43.612 9 INFO neutron.plugins.ml2.plugin [None req-808321b4-6139-4f01-b252-4093f6aa4641 - - - - - -] Attempt 1 to provision port 1c1bdf0b-e04b-49f1-9ad7-53d822e79b4d
2026-03-31 06:24:43.733 9 INFO neutron.notifiers.nova [-] Nova event matching ['req-8a18e53e-252b-4f14-aa8d-8f9aa8d96e4b'] response: {'server_uuid': '5b28f08d-206d-4359-9a42-6d401341b707', 'name': 'network-vif-plugged', 'status': 'completed', 'tag': '1c1bdf0b-e04b-49f1-9ad7-53d822e79b4d', 'code': 200}
2026-03-31 06:24:43.836 9 INFO neutron.db.ovn_revision_numbers_db [None req-808321b4-6139-4f01-b252-4093f6aa4641 - - - - - -] Successfully bumped revision number for resource 1c1bdf0b-e04b-49f1-9ad7-53d822e79b4d (type: ports) to 5
2026-03-31 06:24:44.283 10 INFO neutron.api.wsgi [req-457494da-0550-4654-93c4-be452e22e7b4 req-562dde47-b878-4aae-8191-af67a0ea3f75 4b74c0136ed54fe5ae70aa1357de939f a8d4e6dffa0748baaf86f788e69a8210 - - default default] 10.0.0.204 "GET /v2.0/ports?device_id=5b28f08d-206d-4359-9a42-6d401341b707 HTTP/1.1" status: 200 len: 1396 time: 0.1034043
2026-03-31 06:24:44.332 10 INFO neutron.api.wsgi [req-457494da-0550-4654-93c4-be452e22e7b4 req-468a8632-0254-46be-83bc-251e0c647795 4b74c0136ed54fe5ae70aa1357de939f a8d4e6dffa0748baaf86f788e69a8210 - - default default] 10.0.0.204 "GET /v2.0/security-groups?id=cde15ca5-eb95-4392-b282-9cae81b42196&fields=id&fields=name HTTP/1.1" status: 200 len: 311 time: 0.0429914
2026-03-31 06:24:44.793 10 WARNING neutron_lib.context [None req-cf8c8de9-a146-4fde-b4a3-a30db70fb5a5 04b760167b7743c3a1a5d1096970394b c952f567d8f04b9e9e1aa8eb7ca7a994 - - default default] Method 'is_advsvc' is deprecated since 2023.2 release (neutron-lib 3.8.0) and will be removed once support for the old RBAC API policies will be removed from Neutron. Please use method 'is_service_role' instead.
2026-03-31 06:24:44.911 10 INFO neutron.db.ovn_revision_numbers_db [None req-cf8c8de9-a146-4fde-b4a3-a30db70fb5a5 04b760167b7743c3a1a5d1096970394b c952f567d8f04b9e9e1aa8eb7ca7a994 - - default default] Successfully bumped revision number for resource 3b18ba41-45b2-47ad-9b50-ab61d18d5f3e (type: security_groups) to 1
2026-03-31 06:24:44.924 10 INFO neutron.db.ovn_revision_numbers_db [None req-cf8c8de9-a146-4fde-b4a3-a30db70fb5a5 04b760167b7743c3a1a5d1096970394b c952f567d8f04b9e9e1aa8eb7ca7a994 - - default default] Successfully bumped revision number for resource b2edc24f-9df8-4c4c-b2f1-d185486a79eb (type: security_group_rules) to 0
2026-03-31 06:24:44.937 10 INFO neutron.db.ovn_revision_numbers_db [None req-cf8c8de9-a146-4fde-b4a3-a30db70fb5a5 04b760167b7743c3a1a5d1096970394b c952f567d8f04b9e9e1aa8eb7ca7a994 - - default default] Successfully bumped revision number for resource b9953a1a-22e4-4d86-acc5-679aaa199652 (type: security_group_rules) to 0
2026-03-31 06:24:44.950 10 INFO neutron.db.ovn_revision_numbers_db [None req-cf8c8de9-a146-4fde-b4a3-a30db70fb5a5 04b760167b7743c3a1a5d1096970394b c952f567d8f04b9e9e1aa8eb7ca7a994 - - default default] Successfully bumped revision number for resource d3a882a0-bf71-4cb4-a52a-91cc8c3b4293 (type: security_group_rules) to 0
2026-03-31 06:24:44.961 10 INFO neutron.db.ovn_revision_numbers_db [None req-cf8c8de9-a146-4fde-b4a3-a30db70fb5a5 04b760167b7743c3a1a5d1096970394b c952f567d8f04b9e9e1aa8eb7ca7a994 - - default default] Successfully bumped revision number for resource f56940c7-e561-409c-b7c0-dd564064a895 (type: security_group_rules) to 0
2026-03-31 06:24:45.033 10 INFO neutron.db.segments_db [None req-cf8c8de9-a146-4fde-b4a3-a30db70fb5a5 04b760167b7743c3a1a5d1096970394b c952f567d8f04b9e9e1aa8eb7ca7a994 - - default default] Added segment abb8563d-5856-40e1-85a7-ad02e536118e of type geneve for network 7675bd07-f007-40a4-a74f-1d7b0048e785
2026-03-31 06:24:45.145 10 INFO neutron.db.ovn_revision_numbers_db [None req-cf8c8de9-a146-4fde-b4a3-a30db70fb5a5 04b760167b7743c3a1a5d1096970394b c952f567d8f04b9e9e1aa8eb7ca7a994 - - default default] Successfully bumped revision number for resource 7675bd07-f007-40a4-a74f-1d7b0048e785 (type: networks) to 1
2026-03-31 06:24:45.245 10 INFO neutron.api.wsgi [-] 10.0.0.13 "GET / HTTP/1.1" status: 200 len: 247 time: 0.0022032
2026-03-31 06:24:45.247 9 INFO neutron.api.wsgi [-] 10.0.0.13 "GET / HTTP/1.1" status: 200 len: 247 time: 0.0034878
2026-03-31 06:24:45.297 10 WARNING neutron.scheduler.dhcp_agent_scheduler [None req-cf8c8de9-a146-4fde-b4a3-a30db70fb5a5 04b760167b7743c3a1a5d1096970394b c952f567d8f04b9e9e1aa8eb7ca7a994 - - default default] No more DHCP agents
2026-03-31 06:24:45.298 10 WARNING neutron.api.rpc.agentnotifiers.dhcp_rpc_agent_api [None req-cf8c8de9-a146-4fde-b4a3-a30db70fb5a5 04b760167b7743c3a1a5d1096970394b c952f567d8f04b9e9e1aa8eb7ca7a994 - - default default] Unable to schedule network 7675bd07-f007-40a4-a74f-1d7b0048e785: no agents available; will retry on subsequent port and subnet creation events.
2026-03-31 06:24:45.367 10 INFO neutron.db.ovn_revision_numbers_db [None req-cf8c8de9-a146-4fde-b4a3-a30db70fb5a5 04b760167b7743c3a1a5d1096970394b c952f567d8f04b9e9e1aa8eb7ca7a994 - - default default] Successfully bumped revision number for resource c71fbca3-19fc-4ae3-896f-4612b1cd8ffd (type: ports) to 1
2026-03-31 06:24:45.385 10 INFO neutron.api.wsgi [None req-cf8c8de9-a146-4fde-b4a3-a30db70fb5a5 04b760167b7743c3a1a5d1096970394b c952f567d8f04b9e9e1aa8eb7ca7a994 - - default default] 10.0.0.21 "POST /v2.0/networks HTTP/1.1" status: 201 len: 830 time: 0.7350492
2026-03-31 06:24:45.398 10 WARNING neutron_lib.context [None req-d32b5157-3f99-4326-8907-ac91af9eb39e 04b760167b7743c3a1a5d1096970394b c952f567d8f04b9e9e1aa8eb7ca7a994 - - default default] Method 'is_advsvc' is deprecated since 2023.2 release (neutron-lib 3.8.0) and will be removed once support for the old RBAC API policies will be removed from Neutron. Please use method 'is_service_role' instead.
2026-03-31 06:24:45.641 10 WARNING neutron.scheduler.dhcp_agent_scheduler [None req-d32b5157-3f99-4326-8907-ac91af9eb39e 04b760167b7743c3a1a5d1096970394b c952f567d8f04b9e9e1aa8eb7ca7a994 - - default default] No more DHCP agents
2026-03-31 06:24:45.643 10 WARNING neutron.api.rpc.agentnotifiers.dhcp_rpc_agent_api [None req-d32b5157-3f99-4326-8907-ac91af9eb39e 04b760167b7743c3a1a5d1096970394b c952f567d8f04b9e9e1aa8eb7ca7a994 - - default default] Unable to schedule network 7675bd07-f007-40a4-a74f-1d7b0048e785: no agents available; will retry on subsequent port and subnet creation events.
2026-03-31 06:24:45.708 10 INFO neutron.db.ovn_revision_numbers_db [None req-d32b5157-3f99-4326-8907-ac91af9eb39e 04b760167b7743c3a1a5d1096970394b c952f567d8f04b9e9e1aa8eb7ca7a994 - - default default] Successfully bumped revision number for resource c6f427d5-9089-40f3-ac77-18222179c768 (type: ports) to 1
2026-03-31 06:24:45.728 10 INFO neutron.api.wsgi [None req-d32b5157-3f99-4326-8907-ac91af9eb39e 04b760167b7743c3a1a5d1096970394b c952f567d8f04b9e9e1aa8eb7ca7a994 - - default default] 10.0.0.21 "POST /v2.0/ports HTTP/1.1" status: 201 len: 942 time: 0.3353956 /var/lib/openstack/lib/python3.12/site-packages/pycadf/identifier.py:71: UserWarning: Invalid uuid: neutron. To ensure interoperability, identifiers should be a valid uuid. warnings.warn(('Invalid uuid: %s. To ensure interoperability, '
2026-03-31 06:24:45.738 10 WARNING neutron_lib.context [None req-3d2f83c9-e158-4318-9037-9daac613e7f8 04b760167b7743c3a1a5d1096970394b c952f567d8f04b9e9e1aa8eb7ca7a994 - - default default] Method 'is_advsvc' is deprecated since 2023.2 release (neutron-lib 3.8.0) and will be removed once support for the old RBAC API policies will be removed from Neutron. Please use method 'is_service_role' instead.
2026-03-31 06:24:45.766 9 INFO neutron.notifiers.nova [-] Nova event matching ['req-d7f6aad6-5b97-416a-a21b-41a406dc58e3'] response: {'server_uuid': '5b28f08d-206d-4359-9a42-6d401341b707', 'name': 'network-vif-plugged', 'status': 'completed', 'tag': '1c1bdf0b-e04b-49f1-9ad7-53d822e79b4d', 'code': 200}
2026-03-31 06:24:45.818 10 INFO neutron.db.segments_db [None req-3d2f83c9-e158-4318-9037-9daac613e7f8 04b760167b7743c3a1a5d1096970394b c952f567d8f04b9e9e1aa8eb7ca7a994 - - default default] Added segment 5571a1c4-2554-4fb5-8b85-631b86a67ba0 of type geneve for network ef5ab84a-cb4a-46ec-8c42-837b09d1c3cd
2026-03-31 06:24:45.941 10 INFO neutron.db.ovn_revision_numbers_db [None req-3d2f83c9-e158-4318-9037-9daac613e7f8 04b760167b7743c3a1a5d1096970394b c952f567d8f04b9e9e1aa8eb7ca7a994 - - default default] Successfully bumped revision number for resource ef5ab84a-cb4a-46ec-8c42-837b09d1c3cd (type: networks) to 1
2026-03-31 06:24:46.153 10 WARNING neutron.scheduler.dhcp_agent_scheduler [None req-3d2f83c9-e158-4318-9037-9daac613e7f8 04b760167b7743c3a1a5d1096970394b c952f567d8f04b9e9e1aa8eb7ca7a994 - - default default] No more DHCP agents
2026-03-31 06:24:46.155 10 WARNING neutron.api.rpc.agentnotifiers.dhcp_rpc_agent_api [None req-3d2f83c9-e158-4318-9037-9daac613e7f8 04b760167b7743c3a1a5d1096970394b c952f567d8f04b9e9e1aa8eb7ca7a994 - - default default] Unable to schedule network ef5ab84a-cb4a-46ec-8c42-837b09d1c3cd: no agents available; will retry on subsequent port and subnet creation events.
2026-03-31 06:24:46.221 10 INFO neutron.db.ovn_revision_numbers_db [None req-3d2f83c9-e158-4318-9037-9daac613e7f8 04b760167b7743c3a1a5d1096970394b c952f567d8f04b9e9e1aa8eb7ca7a994 - - default default] Successfully bumped revision number for resource f81cd06a-24ef-40cf-bb2e-ffc9f8eb2af0 (type: ports) to 1
2026-03-31 06:24:46.241 10 INFO neutron.api.wsgi [None req-3d2f83c9-e158-4318-9037-9daac613e7f8 04b760167b7743c3a1a5d1096970394b c952f567d8f04b9e9e1aa8eb7ca7a994 - - default default] 10.0.0.21 "POST /v2.0/networks HTTP/1.1" status: 201 len: 830 time: 0.5074413
2026-03-31 06:24:46.250 10 WARNING neutron_lib.context [None req-dc4289c0-d524-4a1c-ac36-00162a889564 04b760167b7743c3a1a5d1096970394b c952f567d8f04b9e9e1aa8eb7ca7a994 - - default default] Method 'is_advsvc' is deprecated since 2023.2 release (neutron-lib 3.8.0) and will be removed once support for the old RBAC API policies will be removed from Neutron. Please use method 'is_service_role' instead. /var/lib/openstack/lib/python3.12/site-packages/pycadf/identifier.py:71: UserWarning: Invalid uuid: neutron. To ensure interoperability, identifiers should be a valid uuid. warnings.warn(('Invalid uuid: %s. To ensure interoperability, '
2026-03-31 06:24:46.353 9 WARNING neutron_lib.context [None req-e35316b7-ec5e-4f32-a948-0df471fea7e1 073ff24128ea4ccf846f62ef38e3fded fe86f6f8127d49ed8d6f79110962dfa9 - - default default] Method 'is_advsvc' is deprecated since 2023.2 release (neutron-lib 3.8.0) and will be removed once support for the old RBAC API policies will be removed from Neutron. Please use method 'is_service_role' instead.
2026-03-31 06:24:46.467 9 INFO neutron.db.ovn_revision_numbers_db [None req-e35316b7-ec5e-4f32-a948-0df471fea7e1 073ff24128ea4ccf846f62ef38e3fded fe86f6f8127d49ed8d6f79110962dfa9 - - default default] Successfully bumped revision number for resource b33dcd1d-938c-4231-aa42-908ee726aa17 (type: routers) to 1
2026-03-31 06:24:46.483 9 INFO neutron.api.wsgi [None req-e35316b7-ec5e-4f32-a948-0df471fea7e1 073ff24128ea4ccf846f62ef38e3fded fe86f6f8127d49ed8d6f79110962dfa9 - - default default] 10.0.0.21 "POST /v2.0/routers HTTP/1.1" status: 201 len: 769 time: 0.2715814 /var/lib/openstack/lib/python3.12/site-packages/pycadf/identifier.py:71: UserWarning: Invalid uuid: neutron. To ensure interoperability, identifiers should be a valid uuid. warnings.warn(('Invalid uuid: %s. To ensure interoperability, '
2026-03-31 06:24:46.517 10 WARNING neutron.scheduler.dhcp_agent_scheduler [None req-dc4289c0-d524-4a1c-ac36-00162a889564 04b760167b7743c3a1a5d1096970394b c952f567d8f04b9e9e1aa8eb7ca7a994 - - default default] No more DHCP agents
2026-03-31 06:24:46.521 10 WARNING neutron.api.rpc.agentnotifiers.dhcp_rpc_agent_api [None req-dc4289c0-d524-4a1c-ac36-00162a889564 04b760167b7743c3a1a5d1096970394b c952f567d8f04b9e9e1aa8eb7ca7a994 - - default default] Unable to schedule network ef5ab84a-cb4a-46ec-8c42-837b09d1c3cd: no agents available; will retry on subsequent port and subnet creation events.
2026-03-31 06:24:46.538 10 INFO neutron.api.wsgi [None req-a62b7461-5b15-45bb-8680-37ba8536be7e 073ff24128ea4ccf846f62ef38e3fded fe86f6f8127d49ed8d6f79110962dfa9 - - default default] 10.0.0.21 "PUT /v2.0/routers/b33dcd1d-938c-4231-aa42-908ee726aa17/tags HTTP/1.1" status: 200 len: 218 time: 0.0478187
2026-03-31 06:24:46.592 10 INFO neutron.api.wsgi [None req-4b2e9007-2bba-4dcc-936a-1d041aca13a0 073ff24128ea4ccf846f62ef38e3fded fe86f6f8127d49ed8d6f79110962dfa9 - - default default] 10.0.0.21 "GET /v2.0/routers/b33dcd1d-938c-4231-aa42-908ee726aa17/tags HTTP/1.1" status: 200 len: 218 time: 0.0479467
2026-03-31 06:24:46.612 10 INFO neutron.db.ovn_revision_numbers_db [None req-dc4289c0-d524-4a1c-ac36-00162a889564 04b760167b7743c3a1a5d1096970394b c952f567d8f04b9e9e1aa8eb7ca7a994 - - default default] Successfully bumped revision number for resource a52ae1bd-f63b-41a7-92b1-0acf539d0228 (type: ports) to 1
2026-03-31 06:24:46.637 10 INFO neutron.api.wsgi [None req-dc4289c0-d524-4a1c-ac36-00162a889564 04b760167b7743c3a1a5d1096970394b c952f567d8f04b9e9e1aa8eb7ca7a994 - - default default] 10.0.0.21 "POST /v2.0/ports HTTP/1.1" status: 201 len: 942 time: 0.3918610
2026-03-31 06:24:46.645 9 WARNING neutron_lib.context [None req-744f0eb5-2a34-4ba7-919f-e254ed0ed2ba 04b760167b7743c3a1a5d1096970394b c952f567d8f04b9e9e1aa8eb7ca7a994 - - default default] Method 'is_advsvc' is deprecated since 2023.2 release (neutron-lib 3.8.0) and will be removed once support for the old RBAC API policies will be removed from Neutron. Please use method 'is_service_role' instead.
2026-03-31 06:24:46.680 9 INFO neutron.api.wsgi [None req-1fe869d3-eff6-49c0-b2ef-7f5d35fc03dc 073ff24128ea4ccf846f62ef38e3fded fe86f6f8127d49ed8d6f79110962dfa9 - - default default] 10.0.0.21 "PUT /v2.0/routers/b33dcd1d-938c-4231-aa42-908ee726aa17/tags/green HTTP/1.1" status: 201 len: 201 time: 0.0811393
2026-03-31 06:24:46.718 10 INFO neutron.api.wsgi [None req-11b0e8b9-f4ce-4f87-bb73-baf374fdc692 073ff24128ea4ccf846f62ef38e3fded fe86f6f8127d49ed8d6f79110962dfa9 - - default default] 10.0.0.21 "GET /v2.0/routers/b33dcd1d-938c-4231-aa42-908ee726aa17/tags HTTP/1.1" status: 200 len: 227 time: 0.0328569
2026-03-31 06:24:46.741 9 INFO neutron.db.segments_db [None req-744f0eb5-2a34-4ba7-919f-e254ed0ed2ba 04b760167b7743c3a1a5d1096970394b c952f567d8f04b9e9e1aa8eb7ca7a994 - - default default] Added segment fa1db897-b3d7-4b75-a8bd-e2fc47b18e61 of type geneve for network fcad01de-1de1-410a-af8e-1c6a5a806042
2026-03-31 06:24:46.757 10 INFO neutron.api.wsgi [None req-1ec5f2e5-9dd1-4d2c-8095-b04e0c0a551f 073ff24128ea4ccf846f62ef38e3fded fe86f6f8127d49ed8d6f79110962dfa9 - - default default] 10.0.0.21 "PUT /v2.0/routers/b33dcd1d-938c-4231-aa42-908ee726aa17/tags/red HTTP/1.1" status: 201 len: 201 time: 0.0357306
2026-03-31 06:24:46.795 10 INFO neutron.api.wsgi [None req-a679ecd7-75a4-492a-84b2-8653feeee5c7 073ff24128ea4ccf846f62ef38e3fded fe86f6f8127d49ed8d6f79110962dfa9 - - default default] 10.0.0.21 "GET /v2.0/routers/b33dcd1d-938c-4231-aa42-908ee726aa17/tags HTTP/1.1" status: 200 len: 227 time: 0.0339110
2026-03-31 06:24:46.862 10 INFO neutron.api.wsgi [None req-7e6e1f8d-75d0-4508-9d5e-7101da7899ce 073ff24128ea4ccf846f62ef38e3fded fe86f6f8127d49ed8d6f79110962dfa9 - - default default] 10.0.0.21 "PUT /v2.0/routers/b33dcd1d-938c-4231-aa42-908ee726aa17/tags/black.or.white HTTP/1.1" status: 201 len: 201 time: 0.0612698
2026-03-31 06:24:46.889 9 INFO neutron.db.ovn_revision_numbers_db [None req-744f0eb5-2a34-4ba7-919f-e254ed0ed2ba 04b760167b7743c3a1a5d1096970394b c952f567d8f04b9e9e1aa8eb7ca7a994 - - default default] Successfully bumped revision number for resource fcad01de-1de1-410a-af8e-1c6a5a806042 (type: networks) to 1
2026-03-31 06:24:46.898 10 INFO neutron.api.wsgi [None req-df31b9e8-31dd-49e2-84d0-dbc0c9be0a57 073ff24128ea4ccf846f62ef38e3fded fe86f6f8127d49ed8d6f79110962dfa9 - - default default] 10.0.0.21 "GET /v2.0/routers/b33dcd1d-938c-4231-aa42-908ee726aa17/tags HTTP/1.1" status: 200 len: 245 time: 0.0314114
2026-03-31 06:24:46.928 9 INFO neutron.api.wsgi [None req-2a3dd9ba-590d-424e-a493-cb4a5a063613 0c8cfa4133454b3097b7c50077b745de a0ca050bdd2a42b38f5eef964bc59a02 - - default default] 10.0.0.149 "GET /v2.0/ports HTTP/1.1" status: 200 len: 20047 time: 0.1331172
2026-03-31 06:24:46.950 10 INFO neutron.api.wsgi [None req-77d09c99-7a50-460a-8390-5df5d7eddbb5 073ff24128ea4ccf846f62ef38e3fded fe86f6f8127d49ed8d6f79110962dfa9 - - default default] 10.0.0.21 "PUT /v2.0/routers/b33dcd1d-938c-4231-aa42-908ee726aa17/tags HTTP/1.1" status: 200 len: 230 time: 0.0489135
2026-03-31 06:24:47.014 9 INFO neutron.api.wsgi [None req-69e3da54-77af-40fe-893d-3011f883a5c7 073ff24128ea4ccf846f62ef38e3fded fe86f6f8127d49ed8d6f79110962dfa9 - - default default] 10.0.0.21 "GET /v2.0/routers/b33dcd1d-938c-4231-aa42-908ee726aa17/tags HTTP/1.1" status: 200 len: 230 time: 0.0581131
2026-03-31 06:24:47.069 9 INFO neutron.api.wsgi [None req-b85521f7-b68c-484b-9323-949ef682244c 0c8cfa4133454b3097b7c50077b745de a0ca050bdd2a42b38f5eef964bc59a02 - - default default] 10.0.0.149 "GET /v2.0/routers HTTP/1.1" status: 200 len: 1745 time: 0.1243615
2026-03-31 06:24:47.081 9 INFO neutron.api.wsgi [None req-d8895c52-df5c-4fee-bfd4-88ee81071ef7 073ff24128ea4ccf846f62ef38e3fded fe86f6f8127d49ed8d6f79110962dfa9 - - default default] 10.0.0.21 "GET /v2.0/routers/b33dcd1d-938c-4231-aa42-908ee726aa17/tags/red HTTP/1.1" status: 204 len: 168 time: 0.0605826
2026-03-31 06:24:47.095 9 INFO neutron.api.wsgi [None req-c2b69d21-e1b6-4dfb-a287-e1a8ee1190ef 0c8cfa4133454b3097b7c50077b745de a0ca050bdd2a42b38f5eef964bc59a02 - - default default] 10.0.0.149 "GET /v2.0/agents?binary=ovn-controller HTTP/1.1" status: 200 len: 591 time: 0.0242152
2026-03-31 06:24:47.117 9 INFO neutron.api.wsgi [None req-90db9cda-8e9f-4c07-81f3-02df6e862056 0c8cfa4133454b3097b7c50077b745de a0ca050bdd2a42b38f5eef964bc59a02 - - default default] 10.0.0.149 "GET /v2.0/agents HTTP/1.1" status: 200 len: 1390 time: 0.0130951
2026-03-31 06:24:47.148 9 INFO neutron.api.wsgi [None req-195d72b9-715b-48f4-bc01-cacf0b4c033c 0c8cfa4133454b3097b7c50077b745de a0ca050bdd2a42b38f5eef964bc59a02 - - default default] 10.0.0.149 "GET /v2.0/network-ip-availabilities HTTP/1.1" status: 200 len: 4165 time: 0.0249577
2026-03-31 06:24:47.151 9 INFO neutron.api.v2.resource [None req-8fa325fc-ea4d-4251-b785-d9638e3d43ca 073ff24128ea4ccf846f62ef38e3fded fe86f6f8127d49ed8d6f79110962dfa9 - - default default] show failed (client error): The resource could not be found.
2026-03-31 06:24:47.152 9 INFO neutron.api.wsgi [None req-8fa325fc-ea4d-4251-b785-d9638e3d43ca 073ff24128ea4ccf846f62ef38e3fded fe86f6f8127d49ed8d6f79110962dfa9 - - default default] 10.0.0.21 "GET /v2.0/routers/b33dcd1d-938c-4231-aa42-908ee726aa17/tags/green HTTP/1.1" status: 404 len: 299 time: 0.0597157
2026-03-31 06:24:47.257 9 INFO neutron.api.wsgi [None req-163bf489-7c18-4578-8ba1-f02a59ecdb3a 0c8cfa4133454b3097b7c50077b745de a0ca050bdd2a42b38f5eef964bc59a02 - - default default] 10.0.0.149 "GET /v2.0/networks HTTP/1.1" status: 200 len: 6835 time: 0.1064231
2026-03-31 06:24:47.265 9 INFO neutron.api.wsgi [None req-0d90fa46-5f3d-465d-a03e-0cd2833dc2fc 073ff24128ea4ccf846f62ef38e3fded fe86f6f8127d49ed8d6f79110962dfa9 - - default default] 10.0.0.21 "DELETE /v2.0/routers/b33dcd1d-938c-4231-aa42-908ee726aa17/tags/red HTTP/1.1" status: 204 len: 168 time: 0.1060650
2026-03-31 06:24:47.267 9 WARNING neutron.scheduler.dhcp_agent_scheduler [None req-744f0eb5-2a34-4ba7-919f-e254ed0ed2ba 04b760167b7743c3a1a5d1096970394b c952f567d8f04b9e9e1aa8eb7ca7a994 - - default default] No more DHCP agents
2026-03-31 06:24:47.272 9 WARNING neutron.api.rpc.agentnotifiers.dhcp_rpc_agent_api [None req-744f0eb5-2a34-4ba7-919f-e254ed0ed2ba 04b760167b7743c3a1a5d1096970394b c952f567d8f04b9e9e1aa8eb7ca7a994 - - default default] Unable to schedule network fcad01de-1de1-410a-af8e-1c6a5a806042: no agents available; will retry on subsequent port and subnet creation events.
2026-03-31 06:24:47.311 10 INFO neutron.api.wsgi [None req-9572a7bf-8a07-4e13-a59c-519ba6da03ce 073ff24128ea4ccf846f62ef38e3fded fe86f6f8127d49ed8d6f79110962dfa9 - - default default] 10.0.0.21 "GET /v2.0/routers/b33dcd1d-938c-4231-aa42-908ee726aa17/tags HTTP/1.1" status: 200 len: 223 time: 0.0407927
2026-03-31 06:24:47.313 9 INFO neutron.api.wsgi [None req-9427384a-3d26-4c6b-b465-ec4f2dc56ffd 0c8cfa4133454b3097b7c50077b745de a0ca050bdd2a42b38f5eef964bc59a02 - - default default] 10.0.0.149 "GET /v2.0/security-groups HTTP/1.1" status: 200 len: 31738 time: 0.0467641
2026-03-31 06:24:47.369 10 INFO neutron.api.v2.resource [None req-74ba5913-e03f-48b4-b281-856be10d2924 073ff24128ea4ccf846f62ef38e3fded fe86f6f8127d49ed8d6f79110962dfa9 - - default default] delete failed (client error): The resource could not be found.
2026-03-31 06:24:47.370 10 INFO neutron.api.wsgi [None req-74ba5913-e03f-48b4-b281-856be10d2924 073ff24128ea4ccf846f62ef38e3fded fe86f6f8127d49ed8d6f79110962dfa9 - - default default] 10.0.0.21 "DELETE /v2.0/routers/b33dcd1d-938c-4231-aa42-908ee726aa17/tags/green HTTP/1.1" status: 404 len: 299 time: 0.0524745
2026-03-31 06:24:47.374 9 INFO neutron.api.wsgi [None req-9d79d8e1-81e4-4f03-9772-2d02566cbfbd 0c8cfa4133454b3097b7c50077b745de a0ca050bdd2a42b38f5eef964bc59a02 - - default default] 10.0.0.149 "GET /v2.0/subnets HTTP/1.1" status: 200 len: 5687 time: 0.0499043
2026-03-31 06:24:47.388 9 INFO neutron.db.ovn_revision_numbers_db [None req-744f0eb5-2a34-4ba7-919f-e254ed0ed2ba 04b760167b7743c3a1a5d1096970394b c952f567d8f04b9e9e1aa8eb7ca7a994 - - default default] Successfully bumped revision number for resource e691a85d-6ae7-433e-8a6d-e429d0a20aab (type: ports) to 1
2026-03-31 06:24:47.406 9 INFO neutron.api.wsgi [None req-785e173c-db81-46a4-b82b-03ae42583386 0c8cfa4133454b3097b7c50077b745de a0ca050bdd2a42b38f5eef964bc59a02 - - default default] 10.0.0.149 "GET /v2.0/floatingips HTTP/1.1" status: 200 len: 1035 time: 0.0303833
2026-03-31 06:24:47.408 9 INFO neutron.api.wsgi [None req-744f0eb5-2a34-4ba7-919f-e254ed0ed2ba 04b760167b7743c3a1a5d1096970394b c952f567d8f04b9e9e1aa8eb7ca7a994 - - default default] 10.0.0.21 "POST /v2.0/networks HTTP/1.1" status: 201 len: 830 time: 0.7674472
2026-03-31 06:24:47.422 9 WARNING neutron_lib.context [None req-c3fc4fa8-3d64-4af3-bd51-54b5c6be67b1 04b760167b7743c3a1a5d1096970394b c952f567d8f04b9e9e1aa8eb7ca7a994 - - default default] Method 'is_advsvc' is deprecated since 2023.2 release (neutron-lib 3.8.0) and will be removed once support for the old RBAC API policies will be removed from Neutron. Please use method 'is_service_role' instead.
2026-03-31 06:24:47.440 10 INFO neutron.api.wsgi [None req-955e512f-7faf-439e-89ba-fb5c4c8c05eb 073ff24128ea4ccf846f62ef38e3fded fe86f6f8127d49ed8d6f79110962dfa9 - - default default] 10.0.0.21 "DELETE /v2.0/routers/b33dcd1d-938c-4231-aa42-908ee726aa17/tags HTTP/1.1" status: 204 len: 168 time: 0.0608220
