2026-03-31 06:21:50.569 9 INFO neutron.api.wsgi [None req-b4cb9745-1cd7-430d-9ab8-db1f62587a01 abc62bfba25b4b68a19623aec8cbfdd4 e8997a125ed8410c9efbfc5bd07a6b8b - - default default] 10.0.0.21 "GET /v2.0/extensions/rbac-address-scope HTTP/1.1" status: 200 len: 384 time: 0.0033987
2026-03-31 06:21:50.581 10 INFO neutron.api.wsgi [None req-e26aaf53-095e-48fa-a6c4-9ae34d59d5de abc62bfba25b4b68a19623aec8cbfdd4 e8997a125ed8410c9efbfc5bd07a6b8b - - default default] 10.0.0.21 "GET /v2.0/extensions/rbac-security-groups HTTP/1.1" status: 200 len: 404 time: 0.0052872
2026-03-31 06:21:50.589 9 INFO neutron.api.wsgi [None req-7917458a-2350-443d-8e98-4669e06d415b abc62bfba25b4b68a19623aec8cbfdd4 e8997a125ed8410c9efbfc5bd07a6b8b - - default default] 10.0.0.21 "GET /v2.0/extensions/revision-if-match HTTP/1.1" status: 200 len: 441 time: 0.0040381
2026-03-31 06:21:50.598 9 INFO neutron.api.wsgi [None req-2564e150-fc32-47bc-90a1-9355212c6ce7 308b4b19aa204e9682ac26d8508df32b b5374b4780f94df999a925e9607172ed - - default default] 10.0.0.21 "GET /v2.0/security-groups/0691e415-5cca-4dd6-af74-be3add721366 HTTP/1.1" status: 200 len: 1857 time: 0.0273504
2026-03-31 06:21:50.600 10 INFO neutron.api.wsgi [None req-2bfe844c-ca70-41b9-9dd6-4859406bde49 abc62bfba25b4b68a19623aec8cbfdd4 e8997a125ed8410c9efbfc5bd07a6b8b - - default default] 10.0.0.21 "GET /v2.0/extensions/standard-attr-revisions HTTP/1.1" status: 200 len: 423 time: 0.0055954
2026-03-31 06:21:50.608 10 INFO neutron.api.wsgi [None req-531553b2-ceea-42d1-8b9e-c20d47fcade2 abc62bfba25b4b68a19623aec8cbfdd4 e8997a125ed8410c9efbfc5bd07a6b8b - - default default] 10.0.0.21 "GET /v2.0/extensions/router_availability_zone HTTP/1.1" status: 200 len: 391 time: 0.0052700
2026-03-31 06:21:50.616 9 INFO neutron.api.wsgi [None req-bb5447ed-eaf9-491b-aa2e-18ac4cd88f8f abc62bfba25b4b68a19623aec8cbfdd4 e8997a125ed8410c9efbfc5bd07a6b8b - - default default] 10.0.0.21 "GET /v2.0/extensions/security-groups-default-rules HTTP/1.1" status: 200 len: 456 time: 0.0031598
2026-03-31 06:21:50.624 10 INFO neutron.api.wsgi [None req-fb015c55-ccd1-45a0-a0fb-8b8ae408dbd6 abc62bfba25b4b68a19623aec8cbfdd4 e8997a125ed8410c9efbfc5bd07a6b8b - - default default] 10.0.0.21 "GET /v2.0/extensions/security-groups-normalized-cidr HTTP/1.1" status: 200 len: 445 time: 0.0039098
2026-03-31 06:21:50.633 10 INFO neutron.api.wsgi [None req-a423d527-9e49-4639-ab58-cb59c50651cb abc62bfba25b4b68a19623aec8cbfdd4 e8997a125ed8410c9efbfc5bd07a6b8b - - default default] 10.0.0.21 "GET /v2.0/extensions/security-groups-remote-address-group HTTP/1.1" status: 200 len: 448 time: 0.0048878
2026-03-31 06:21:50.641 9 INFO neutron.api.wsgi [None req-ba597284-41e5-49f0-8061-995c45ceb137 abc62bfba25b4b68a19623aec8cbfdd4 e8997a125ed8410c9efbfc5bd07a6b8b - - default default] 10.0.0.21 "GET /v2.0/extensions/security-groups-rules-belongs-to-default-sg HTTP/1.1" status: 200 len: 508 time: 0.0043721
2026-03-31 06:21:50.652 10 INFO neutron.api.wsgi [None req-a2addb55-228a-44ca-b6ae-d4f553e50359 abc62bfba25b4b68a19623aec8cbfdd4 e8997a125ed8410c9efbfc5bd07a6b8b - - default default] 10.0.0.21 "GET /v2.0/extensions/security-groups-shared-filtering HTTP/1.1" status: 200 len: 435 time: 0.0058091
2026-03-31 06:21:50.660 10 INFO neutron.api.wsgi [None req-debdf633-49e6-457a-b303-1e5807b85499 abc62bfba25b4b68a19623aec8cbfdd4 e8997a125ed8410c9efbfc5bd07a6b8b - - default default] 10.0.0.21 "GET /v2.0/extensions/security-group HTTP/1.1" status: 200 len: 364 time: 0.0044911
2026-03-31 06:21:50.670 9 INFO neutron.api.wsgi [None req-ab926233-ce60-483e-b399-8168e867a5a9 abc62bfba25b4b68a19623aec8cbfdd4 e8997a125ed8410c9efbfc5bd07a6b8b - - default default] 10.0.0.21 "GET /v2.0/extensions/segment HTTP/1.1" status: 200 len: 339 time: 0.0061774
2026-03-31 06:21:50.679 9 INFO neutron.api.wsgi [None req-8429a1e2-d90f-4a1c-b048-6d0c8a912a02 abc62bfba25b4b68a19623aec8cbfdd4 e8997a125ed8410c9efbfc5bd07a6b8b - - default default] 10.0.0.21 "GET /v2.0/extensions/segments-peer-subnet-host-routes HTTP/1.1" status: 200 len: 427 time: 0.0045722
2026-03-31 06:21:50.690 9 INFO neutron.api.wsgi [None req-c1a73a7f-542e-4062-98a2-127993655bdd abc62bfba25b4b68a19623aec8cbfdd4 e8997a125ed8410c9efbfc5bd07a6b8b - - default default] 10.0.0.21 "GET /v2.0/extensions/service-type HTTP/1.1" status: 200 len: 415 time: 0.0049162
2026-03-31 06:21:50.699 9 INFO neutron.api.wsgi [None req-8d39f86c-8433-4d43-895d-e2bcc78bcfc5 abc62bfba25b4b68a19623aec8cbfdd4 e8997a125ed8410c9efbfc5bd07a6b8b - - default default] 10.0.0.21 "GET /v2.0/extensions/sorting HTTP/1.1" status: 200 len: 377 time: 0.0035639
2026-03-31 06:21:50.706 9 INFO neutron.api.wsgi [None req-21421230-7649-4cb8-9f85-6c5dd3c95324 abc62bfba25b4b68a19623aec8cbfdd4 e8997a125ed8410c9efbfc5bd07a6b8b - - default default] 10.0.0.21 "GET /v2.0/extensions/standard-attr-segment HTTP/1.1" status: 200 len: 406 time: 0.0041103
2026-03-31 06:21:50.716 9 INFO neutron.api.wsgi [None req-bec99c4b-86fe-4987-8a4a-56a509796986 abc62bfba25b4b68a19623aec8cbfdd4 e8997a125ed8410c9efbfc5bd07a6b8b - - default default] 10.0.0.21 "GET /v2.0/extensions/standard-attr-description HTTP/1.1" status: 200 len: 408 time: 0.0042558
2026-03-31 06:21:50.725 9 INFO neutron.api.wsgi [None req-8ef7bccc-c912-498b-a611-7985f2355536 abc62bfba25b4b68a19623aec8cbfdd4 e8997a125ed8410c9efbfc5bd07a6b8b - - default default] 10.0.0.21 "GET /v2.0/extensions/stateful-security-group HTTP/1.1" status: 200 len: 402 time: 0.0034990
2026-03-31 06:21:50.733 9 INFO neutron.api.wsgi [None req-53df616d-565f-48d1-ad02-b6eaa1f577a5 abc62bfba25b4b68a19623aec8cbfdd4 e8997a125ed8410c9efbfc5bd07a6b8b - - default default] 10.0.0.21 "GET /v2.0/extensions/subnet-dns-publish-fixed-ip HTTP/1.1" status: 200 len: 421 time: 0.0032570
2026-03-31 06:21:50.741 9 INFO neutron.api.wsgi [None req-1ea3e311-ee64-4226-8b96-c775de4703de abc62bfba25b4b68a19623aec8cbfdd4 e8997a125ed8410c9efbfc5bd07a6b8b - - default default] 10.0.0.21 "GET /v2.0/extensions/subnet-external-network HTTP/1.1" status: 200 len: 418 time: 0.0025561
2026-03-31 06:21:50.747 9 INFO neutron.api.wsgi [None req-07314b54-3628-4dcd-a42d-20a9f1945f08 abc62bfba25b4b68a19623aec8cbfdd4 e8997a125ed8410c9efbfc5bd07a6b8b - - default default] 10.0.0.21 "GET /v2.0/extensions/subnet-segmentid-writable HTTP/1.1" status: 200 len: 421 time: 0.0027146
2026-03-31 06:21:50.752 9 INFO neutron.api.wsgi [None req-2c3f030d-246a-458f-9455-28f16d9c22df abc62bfba25b4b68a19623aec8cbfdd4 e8997a125ed8410c9efbfc5bd07a6b8b - - default default] 10.0.0.21 "GET /v2.0/extensions/subnet-service-types HTTP/1.1" status: 200 len: 400 time: 0.0026064
2026-03-31 06:21:50.758 9 INFO neutron.api.wsgi [None req-e90f38c2-39aa-48f6-9686-6c4a09712fa4 abc62bfba25b4b68a19623aec8cbfdd4 e8997a125ed8410c9efbfc5bd07a6b8b - - default default] 10.0.0.21 "GET /v2.0/extensions/subnet_allocation HTTP/1.1" status: 200 len: 388 time: 0.0024576
2026-03-31 06:21:50.767 9 INFO neutron.api.wsgi [None req-6e6ee37e-6aa5-4e37-a799-b4813e62b0f4 308b4b19aa204e9682ac26d8508df32b b5374b4780f94df999a925e9607172ed - - default default] 10.0.0.21 "DELETE /v2.0/security-groups/0691e415-5cca-4dd6-af74-be3add721366 HTTP/1.1" status: 204 len: 168 time: 0.1617155
2026-03-31 06:21:50.769 10 INFO neutron.api.wsgi [None req-72ed0e5d-9802-4cfb-9e36-ec21a0025f04 abc62bfba25b4b68a19623aec8cbfdd4 e8997a125ed8410c9efbfc5bd07a6b8b - - default default] 10.0.0.21 "GET /v2.0/extensions/subnetpool-prefix-ops HTTP/1.1" status: 200 len: 418 time: 0.0054057
2026-03-31 06:21:50.777 9 INFO neutron.api.wsgi [None req-2e7ffb85-762a-496e-96f1-b65e2244e988 abc62bfba25b4b68a19623aec8cbfdd4 e8997a125ed8410c9efbfc5bd07a6b8b - - default default] 10.0.0.21 "GET /v2.0/extensions/tag-creation HTTP/1.1" status: 200 len: 384 time: 0.0029600
2026-03-31 06:21:50.784 9 INFO neutron.api.wsgi [None req-db0c02b7-6b4a-477e-b30b-0813abcaf6da abc62bfba25b4b68a19623aec8cbfdd4 e8997a125ed8410c9efbfc5bd07a6b8b - - default default] 10.0.0.21 "GET /v2.0/extensions/standard-attr-tag HTTP/1.1" status: 200 len: 537 time: 0.0026734
2026-03-31 06:21:50.796 10 INFO neutron.api.wsgi [None req-5af1bcc2-eff2-4233-bfd9-3abdaa19e1bb abc62bfba25b4b68a19623aec8cbfdd4 e8997a125ed8410c9efbfc5bd07a6b8b - - default default] 10.0.0.21 "GET /v2.0/extensions/standard-attr-timestamp HTTP/1.1" status: 200 len: 449 time: 0.0067792
2026-03-31 06:21:50.806 10 INFO neutron.api.wsgi [None req-1e6bebf8-88c5-4ab5-92b2-ac94e5776b3a abc62bfba25b4b68a19623aec8cbfdd4 e8997a125ed8410c9efbfc5bd07a6b8b - - default default] 10.0.0.21 "GET /v2.0/extensions/trunk HTTP/1.1" status: 200 len: 358 time: 0.0047736
2026-03-31 06:21:50.810 9 INFO neutron.api.wsgi [None req-7d61df49-651b-4bf1-887a-003e1245926a 308b4b19aa204e9682ac26d8508df32b b5374b4780f94df999a925e9607172ed - - default default] 10.0.0.21 "GET /v2.0/security-groups HTTP/1.1" status: 200 len: 3120 time: 0.0389872
2026-03-31 06:21:50.814 10 INFO neutron.api.wsgi [None req-a3f9e7f9-e867-4567-8cb6-f1707302cb53 abc62bfba25b4b68a19623aec8cbfdd4 e8997a125ed8410c9efbfc5bd07a6b8b - - default default] 10.0.0.21 "GET /v2.0/extensions/trunk-details HTTP/1.1" status: 200 len: 362 time: 0.0033250
2026-03-31 06:21:50.821 10 INFO neutron.api.wsgi [None req-d0604647-e0d2-46c7-9624-ef2e3c92352a abc62bfba25b4b68a19623aec8cbfdd4 e8997a125ed8410c9efbfc5bd07a6b8b - - default default] 10.0.0.21 "GET /v2.0/extensions/vpn-agent-scheduler HTTP/1.1" status: 200 len: 393 time: 0.0029604
2026-03-31 06:21:50.821 9 INFO neutron.api.v2.resource [None req-5fc1f4d2-9780-464c-8c82-5be94071deb7 308b4b19aa204e9682ac26d8508df32b b5374b4780f94df999a925e9607172ed - - default default] delete failed (client error): The resource could not be found.
2026-03-31 06:21:50.821 9 INFO neutron.api.wsgi [None req-5fc1f4d2-9780-464c-8c82-5be94071deb7 308b4b19aa204e9682ac26d8508df32b b5374b4780f94df999a925e9607172ed - - default default] 10.0.0.21 "DELETE /v2.0/security-groups/0691e415-5cca-4dd6-af74-be3add721366 HTTP/1.1" status: 404 len: 347 time: 0.0067432
2026-03-31 06:21:50.830 9 WARNING neutron_lib.context [None req-d35b48d5-a8e6-435b-b713-f126fcebea38 308b4b19aa204e9682ac26d8508df32b b5374b4780f94df999a925e9607172ed - - default default] Method 'is_advsvc' is deprecated since 2023.2 release (neutron-lib 3.8.0) and will be removed once support for the old RBAC API policies will be removed from Neutron. Please use method 'is_service_role' instead.
2026-03-31 06:21:50.832 10 INFO neutron.api.wsgi [None req-7d6ded65-4286-49ff-b1ae-856ba4b40f0a abc62bfba25b4b68a19623aec8cbfdd4 e8997a125ed8410c9efbfc5bd07a6b8b - - default default] 10.0.0.21 "GET /v2.0/extensions/vpn-endpoint-groups HTTP/1.1" status: 200 len: 371 time: 0.0034781
2026-03-31 06:21:50.839 10 INFO neutron.api.wsgi [None req-f7c3d8c2-b601-402b-8720-a1503c47f2d7 abc62bfba25b4b68a19623aec8cbfdd4 e8997a125ed8410c9efbfc5bd07a6b8b - - default default] 10.0.0.21 "GET /v2.0/extensions/vpn-flavors HTTP/1.1" status: 200 len: 376 time: 0.0030274
2026-03-31 06:21:50.846 9 INFO neutron.api.wsgi [None req-3c52f2f5-b10f-4d52-bd20-a5802dfaca91 abc62bfba25b4b68a19623aec8cbfdd4 e8997a125ed8410c9efbfc5bd07a6b8b - - default default] 10.0.0.21 "GET /v2.0/extensions/vpnaas HTTP/1.1" status: 200 len: 348 time: 0.0028641
2026-03-31 06:21:50.891 10 INFO neutron.db.ovn_revision_numbers_db [None req-0f56c7df-5baf-44e3-b6a5-fab1f1187efd - - - - - -] Successfully bumped revision number for resource 67130a3c-a6c4-452e-b810-7d3faad3bef9 (type: ports) to 2
2026-03-31 06:21:50.926 10 INFO neutron.db.ovn_revision_numbers_db [None req-0f56c7df-5baf-44e3-b6a5-fab1f1187efd - - - - - -] Successfully bumped revision number for resource 10f1b79f-2ad5-4d44-aca3-479cfa55fad0 (type: subnets) to 0
2026-03-31 06:21:50.940 9 INFO neutron.db.ovn_revision_numbers_db [None req-d35b48d5-a8e6-435b-b713-f126fcebea38 308b4b19aa204e9682ac26d8508df32b b5374b4780f94df999a925e9607172ed - - default default] Successfully bumped revision number for resource e2c4b51d-f820-49bc-9380-909b1065bd8b (type: security_groups) to 1
2026-03-31 06:21:50.944 10 INFO neutron.api.wsgi [None req-b30804e5-3b8a-417f-96cf-94c7e3d67822 4a9d861896da4dc29c8a9a3238af3872 19955f0c77424d919ea0ee7b193a387e - - default default] 10.0.0.21 "POST /v2.0/subnets HTTP/1.1" status: 201 len: 1474 time: 1.4672370
2026-03-31 06:21:50.952 9 INFO neutron.db.ovn_revision_numbers_db [None req-d35b48d5-a8e6-435b-b713-f126fcebea38 308b4b19aa204e9682ac26d8508df32b b5374b4780f94df999a925e9607172ed - - default default] Successfully bumped revision number for resource 862a1dbe-fe3d-47a4-a76a-01b4228c78f1 (type: security_group_rules) to 0
2026-03-31 06:21:50.966 9 INFO neutron.db.ovn_revision_numbers_db [None req-d35b48d5-a8e6-435b-b713-f126fcebea38 308b4b19aa204e9682ac26d8508df32b b5374b4780f94df999a925e9607172ed - - default default] Successfully bumped revision number for resource e1e129c3-a71d-493c-aa72-164fb942e36a (type: security_group_rules) to 0
2026-03-31 06:21:50.978 10 INFO neutron.api.wsgi [None req-6cedd415-77e3-48ee-a747-c062a1e41e2f 4a9d861896da4dc29c8a9a3238af3872 19955f0c77424d919ea0ee7b193a387e - - default default] 10.0.0.21 "GET /v2.0/subnets HTTP/1.1" status: 200 len: 2105 time: 0.0289526
2026-03-31 06:21:51.009 9 INFO neutron.api.wsgi [None req-d35b48d5-a8e6-435b-b713-f126fcebea38 308b4b19aa204e9682ac26d8508df32b b5374b4780f94df999a925e9607172ed - - default default] 10.0.0.21 "POST /v2.0/security-groups HTTP/1.1" status: 201 len: 1825 time: 0.1823220
2026-03-31 06:21:51.025 10 WARNING neutron_lib.context [None req-510828ab-b4e3-4745-ae25-4700caed8b83 308b4b19aa204e9682ac26d8508df32b b5374b4780f94df999a925e9607172ed - - default default] Method 'is_advsvc' is deprecated since 2023.2 release (neutron-lib 3.8.0) and will be removed once support for the old RBAC API policies will be removed from Neutron. Please use method 'is_service_role' instead.
2026-03-31 06:21:51.160 9 INFO neutron.api.wsgi [None req-ca39d02d-9b9b-4086-887b-588b53185338 4a9d861896da4dc29c8a9a3238af3872 19955f0c77424d919ea0ee7b193a387e - - default default] 10.0.0.21 "DELETE /v2.0/subnets/494fd2af-21b5-4988-8988-3d2d1adc5718 HTTP/1.1" status: 204 len: 168 time: 0.1771328
2026-03-31 06:21:51.214 10 INFO neutron.db.ovn_revision_numbers_db [None req-510828ab-b4e3-4745-ae25-4700caed8b83 308b4b19aa204e9682ac26d8508df32b b5374b4780f94df999a925e9607172ed - - default default] Successfully bumped revision number for resource ffa2a3f2-fba2-4044-8900-9fde1fde2ba2 (type: security_group_rules) to 0
2026-03-31 06:21:51.250 10 INFO neutron.api.wsgi [None req-510828ab-b4e3-4745-ae25-4700caed8b83 308b4b19aa204e9682ac26d8508df32b b5374b4780f94df999a925e9607172ed - - default default] 10.0.0.21 "POST /v2.0/security-group-rules HTTP/1.1" status: 201 len: 800 time: 0.2316611
2026-03-31 06:21:51.284 10 INFO neutron.api.wsgi [None req-21c423a8-860a-4f66-bce9-e1ad278ba243 308b4b19aa204e9682ac26d8508df32b b5374b4780f94df999a925e9607172ed - - default default] 10.0.0.21 "GET /v2.0/security-group-rules/ffa2a3f2-fba2-4044-8900-9fde1fde2ba2 HTTP/1.1" status: 200 len: 795 time: 0.0167608
2026-03-31 06:21:51.298 9 INFO neutron.db.ovn_revision_numbers_db [None req-9a4c8ec6-3bd3-4ab4-8eb1-835173253c98 0c8cfa4133454b3097b7c50077b745de a0ca050bdd2a42b38f5eef964bc59a02 - - default default] Successfully bumped revision number for resource 15525125-3132-4f4e-8c3e-b80a7271133f (type: security_groups) to 1
2026-03-31 06:21:51.312 9 INFO neutron.db.ovn_revision_numbers_db [None req-9a4c8ec6-3bd3-4ab4-8eb1-835173253c98 0c8cfa4133454b3097b7c50077b745de a0ca050bdd2a42b38f5eef964bc59a02 - - default default] Successfully bumped revision number for resource 01efd832-d6c1-4e3f-b839-d869274fb13c (type: security_group_rules) to 0
2026-03-31 06:21:51.323 9 INFO neutron.db.ovn_revision_numbers_db [None req-9a4c8ec6-3bd3-4ab4-8eb1-835173253c98 0c8cfa4133454b3097b7c50077b745de a0ca050bdd2a42b38f5eef964bc59a02 - - default default] Successfully bumped revision number for resource 0b6e6c5c-dac5-4bfa-9980-4fa8191d3fa5 (type: security_group_rules) to 0
2026-03-31 06:21:51.338 9 INFO neutron.db.ovn_revision_numbers_db [None req-9a4c8ec6-3bd3-4ab4-8eb1-835173253c98 0c8cfa4133454b3097b7c50077b745de a0ca050bdd2a42b38f5eef964bc59a02 - - default default] Successfully bumped revision number for resource 82798d2a-855c-494d-a63a-ecc6c8512248 (type: security_group_rules) to 0
2026-03-31 06:21:51.355 9 INFO neutron.api.wsgi [None req-2a6f72d2-40a9-4b0e-8f1f-70ea612f8e84 4a9d861896da4dc29c8a9a3238af3872 19955f0c77424d919ea0ee7b193a387e - - default default] 10.0.0.21 "DELETE /v2.0/subnets/10f1b79f-2ad5-4d44-aca3-479cfa55fad0 HTTP/1.1" status: 204 len: 168 time: 0.1906252
2026-03-31 06:21:51.356 9 INFO neutron.db.ovn_revision_numbers_db [None req-9a4c8ec6-3bd3-4ab4-8eb1-835173253c98 0c8cfa4133454b3097b7c50077b745de a0ca050bdd2a42b38f5eef964bc59a02 - - default default] Successfully bumped revision number for resource 9bea700b-04ca-4aff-be01-d652d76599fb (type: security_group_rules) to 0
2026-03-31 06:21:51.360 10 INFO neutron.api.wsgi [None req-74b872c6-adca-42f1-bc9f-072af07f0b64 308b4b19aa204e9682ac26d8508df32b b5374b4780f94df999a925e9607172ed - - default default] 10.0.0.21 "GET /v2.0/security-group-rules HTTP/1.1" status: 200 len: 4333 time: 0.0701985
2026-03-31 06:21:51.392 9 INFO neutron.api.wsgi [None req-6bd5c685-befd-43b7-b7e9-c008e2f21ee2 4a9d861896da4dc29c8a9a3238af3872 19955f0c77424d919ea0ee7b193a387e - - default default] 10.0.0.21 "GET /v2.0/subnets HTTP/1.1" status: 200 len: 843 time: 0.0292518
2026-03-31 06:21:51.396 9 INFO neutron.api.wsgi [None req-9a4c8ec6-3bd3-4ab4-8eb1-835173253c98 0c8cfa4133454b3097b7c50077b745de a0ca050bdd2a42b38f5eef964bc59a02 - - default default] 10.0.0.21 "GET /v2.0/security-groups?tenant_id=d0fa9fcd8fdc404c92d92a4eee2a7f6e&name=default HTTP/1.1" status: 200 len: 3120 time: 0.4244702
2026-03-31 06:21:51.499 10 INFO neutron.api.wsgi [None req-01728ed7-8657-4140-af99-9a1c3142c6f0 308b4b19aa204e9682ac26d8508df32b b5374b4780f94df999a925e9607172ed - - default default] 10.0.0.21 "DELETE /v2.0/security-group-rules/ffa2a3f2-fba2-4044-8900-9fde1fde2ba2 HTTP/1.1" status: 204 len: 168 time: 0.1326103
2026-03-31 06:21:51.531 9 INFO neutron.db.ovn_revision_numbers_db [None req-1db67316-6ec7-4168-8663-e2bc12417b66 0c8cfa4133454b3097b7c50077b745de a0ca050bdd2a42b38f5eef964bc59a02 - - default default] Successfully bumped revision number for resource bed5c850-35b8-478c-a5d2-0d7ddb672e53 (type: security_groups) to 1
2026-03-31 06:21:51.549 9 INFO neutron.db.ovn_revision_numbers_db [None req-1db67316-6ec7-4168-8663-e2bc12417b66 0c8cfa4133454b3097b7c50077b745de a0ca050bdd2a42b38f5eef964bc59a02 - - default default] Successfully bumped revision number for resource 54c83af7-209f-4135-964b-467e5d63a806 (type: security_group_rules) to 0
2026-03-31 06:21:51.562 9 INFO neutron.db.ovn_revision_numbers_db [None req-1db67316-6ec7-4168-8663-e2bc12417b66 0c8cfa4133454b3097b7c50077b745de a0ca050bdd2a42b38f5eef964bc59a02 - - default default] Successfully bumped revision number for resource 587528ab-a1bb-4bad-8558-2fb80de9a1e9 (type: security_group_rules) to 0
2026-03-31 06:21:51.570 10 INFO neutron.api.wsgi [None req-ef151b70-a126-4ab4-9d23-ad2617a98642 308b4b19aa204e9682ac26d8508df32b b5374b4780f94df999a925e9607172ed - - default default] 10.0.0.21 "GET /v2.0/security-group-rules HTTP/1.1" status: 200 len: 3755 time: 0.0582259
2026-03-31 06:21:51.575 9 INFO neutron.db.ovn_revision_numbers_db [None req-1db67316-6ec7-4168-8663-e2bc12417b66 0c8cfa4133454b3097b7c50077b745de a0ca050bdd2a42b38f5eef964bc59a02 - - default default] Successfully bumped revision number for resource 78b4942f-d2a5-469e-b1ee-c3b0af21e238 (type: security_group_rules) to 0
2026-03-31 06:21:51.578 9 WARNING neutron_lib.context [None req-9dd95c44-2510-4517-82f7-31a7d088c3b2 308b4b19aa204e9682ac26d8508df32b b5374b4780f94df999a925e9607172ed - - default default] Method 'is_advsvc' is deprecated since 2023.2 release (neutron-lib 3.8.0) and will be removed once support for the old RBAC API policies will be removed from Neutron. Please use method 'is_service_role' instead.
2026-03-31 06:21:51.600 9 INFO neutron.db.ovn_revision_numbers_db [None req-1db67316-6ec7-4168-8663-e2bc12417b66 0c8cfa4133454b3097b7c50077b745de a0ca050bdd2a42b38f5eef964bc59a02 - - default default] Successfully bumped revision number for resource 79776fc3-d0e9-425d-98e5-e2ff697fdb7e (type: security_group_rules) to 0
2026-03-31 06:21:51.625 10 INFO neutron.api.wsgi [None req-397303f5-2fcf-4f96-bd2a-4b0f2ccd1087 0c8cfa4133454b3097b7c50077b745de a0ca050bdd2a42b38f5eef964bc59a02 - - default default] 10.0.0.21 "DELETE /v2.0/security-groups/15525125-3132-4f4e-8c3e-b80a7271133f HTTP/1.1" status: 204 len: 168 time: 0.2245612
2026-03-31 06:21:51.643 9 INFO neutron.api.wsgi [None req-1db67316-6ec7-4168-8663-e2bc12417b66 0c8cfa4133454b3097b7c50077b745de a0ca050bdd2a42b38f5eef964bc59a02 - - default default] 10.0.0.21 "GET /v2.0/security-groups?tenant_id=e8997a125ed8410c9efbfc5bd07a6b8b&name=default HTTP/1.1" status: 200 len: 3120 time: 0.3191714
2026-03-31 06:21:51.736 9 INFO neutron.services.segments.plugin [-] Segment 03f648fa-5cd4-41ec-9ed4-f0e903a2f007 resource provider aggregate not found
2026-03-31 06:21:51.741 9 INFO neutron.services.segments.plugin [-] Segment 03f648fa-5cd4-41ec-9ed4-f0e903a2f007 resource provider aggregate not found
2026-03-31 06:21:51.750 9 INFO neutron.services.segments.plugin [-] Segment 03f648fa-5cd4-41ec-9ed4-f0e903a2f007 resource provider not found; error: Placement Client Error (4xx): {"errors": [{"status": 404, "title": "Not Found", "detail": "The resource could not be found.\n\n No resource provider with uuid 03f648fa-5cd4-41ec-9ed4-f0e903a2f007 found for delete ", "request_id": "req-6c891e18-a5ad-4b33-8d62-9f6806365c35"}]}
2026-03-31 06:21:51.755 9 INFO neutron.db.ovn_revision_numbers_db [None req-9dd95c44-2510-4517-82f7-31a7d088c3b2 308b4b19aa204e9682ac26d8508df32b b5374b4780f94df999a925e9607172ed - - default default] Successfully bumped revision number for resource f3e12fe8-e92e-4937-807b-0eeeae92ef52 (type: security_group_rules) to 0
2026-03-31 06:21:51.758 9 INFO neutron.services.segments.plugin [-] Segment 03f648fa-5cd4-41ec-9ed4-f0e903a2f007 resource provider not found; error: Placement Client Error (4xx): {"errors": [{"status": 404, "title": "Not Found", "detail": "The resource could not be found.\n\n No resource provider with uuid 03f648fa-5cd4-41ec-9ed4-f0e903a2f007 found for delete ", "request_id": "req-6c68887c-373d-455e-b607-1684b3a29156"}]}
2026-03-31 06:21:51.774 9 INFO neutron.api.wsgi [None req-952e9b21-7467-4e6d-8516-5e265c99bdf6 4a9d861896da4dc29c8a9a3238af3872 19955f0c77424d919ea0ee7b193a387e - - default default] 10.0.0.21 "DELETE /v2.0/networks/01a07401-f272-4d73-8a55-eaa7c0e40b71 HTTP/1.1" status: 204 len: 168 time: 0.3756206
2026-03-31 06:21:51.792 9 INFO neutron.api.wsgi [None req-9dd95c44-2510-4517-82f7-31a7d088c3b2 308b4b19aa204e9682ac26d8508df32b b5374b4780f94df999a925e9607172ed - - default default] 10.0.0.21 "POST /v2.0/security-group-rules HTTP/1.1" status: 201 len: 800 time: 0.2179990
2026-03-31 06:21:51.814 9 INFO neutron.api.wsgi [None req-5a7bfc54-44ed-4281-ba13-6679907e5905 308b4b19aa204e9682ac26d8508df32b b5374b4780f94df999a925e9607172ed - - default default] 10.0.0.21 "GET /v2.0/security-group-rules/f3e12fe8-e92e-4937-807b-0eeeae92ef52 HTTP/1.1" status: 200 len: 795 time: 0.0158880
2026-03-31 06:21:51.841 10 INFO neutron.db.ovn_revision_numbers_db [None req-fb79c531-a3ca-4507-abea-4605edf75406 0c8cfa4133454b3097b7c50077b745de a0ca050bdd2a42b38f5eef964bc59a02 - - default default] Successfully bumped revision number for resource 7241eb9f-5c20-4139-aeff-8c21e400ea43 (type: security_groups) to 1
2026-03-31 06:21:51.853 10 INFO neutron.db.ovn_revision_numbers_db [None req-fb79c531-a3ca-4507-abea-4605edf75406 0c8cfa4133454b3097b7c50077b745de a0ca050bdd2a42b38f5eef964bc59a02 - - default default] Successfully bumped revision number for resource 3e7038c3-0b4d-462d-8590-bff3f00e6248 (type: security_group_rules) to 0
2026-03-31 06:21:51.864 10 INFO neutron.db.ovn_revision_numbers_db [None req-fb79c531-a3ca-4507-abea-4605edf75406 0c8cfa4133454b3097b7c50077b745de a0ca050bdd2a42b38f5eef964bc59a02 - - default default] Successfully bumped revision number for resource 4ee24b78-6859-43f3-b53b-66cadec2d04e (type: security_group_rules) to 0
2026-03-31 06:21:51.874 10 INFO neutron.api.wsgi [None req-5209aefd-d15f-4114-8cbf-50deb1fdc0c7 0c8cfa4133454b3097b7c50077b745de a0ca050bdd2a42b38f5eef964bc59a02 - - default default] 10.0.0.21 "DELETE /v2.0/security-groups/bed5c850-35b8-478c-a5d2-0d7ddb672e53 HTTP/1.1" status: 204 len: 168 time: 0.2258003
2026-03-31 06:21:51.877 10 INFO neutron.db.ovn_revision_numbers_db [None req-fb79c531-a3ca-4507-abea-4605edf75406 0c8cfa4133454b3097b7c50077b745de a0ca050bdd2a42b38f5eef964bc59a02 - - default default] Successfully bumped revision number for resource df6dd264-87fe-4d7f-b9b3-0587e1622b17 (type: security_group_rules) to 0
2026-03-31 06:21:51.887 10 INFO neutron.db.ovn_revision_numbers_db [None req-fb79c531-a3ca-4507-abea-4605edf75406 0c8cfa4133454b3097b7c50077b745de a0ca050bdd2a42b38f5eef964bc59a02 - - default default] Successfully bumped revision number for resource e10a5135-c582-4587-9a65-a32fa3bf883f (type: security_group_rules) to 0
2026-03-31 06:21:51.894 9 INFO neutron.api.wsgi [None req-0822266b-9197-4ebe-9606-65013515b595 308b4b19aa204e9682ac26d8508df32b b5374b4780f94df999a925e9607172ed - - default default] 10.0.0.21 "GET /v2.0/security-group-rules HTTP/1.1" status: 200 len: 4333 time: 0.0752561
2026-03-31 06:21:51.922 10 INFO neutron.api.wsgi [None req-fb79c531-a3ca-4507-abea-4605edf75406 0c8cfa4133454b3097b7c50077b745de a0ca050bdd2a42b38f5eef964bc59a02 - - default default] 10.0.0.21 "GET /v2.0/security-groups?tenant_id=b7395c484d51403cb3adea31826dd175&name=default HTTP/1.1" status: 200 len: 3120 time: 0.2064393
2026-03-31 06:21:52.035 9 INFO neutron.api.wsgi [None req-a4331b04-3a30-43d8-bcf4-886e79de4080 308b4b19aa204e9682ac26d8508df32b b5374b4780f94df999a925e9607172ed - - default default] 10.0.0.21 "DELETE /v2.0/security-group-rules/f3e12fe8-e92e-4937-807b-0eeeae92ef52 HTTP/1.1" status: 204 len: 168 time: 0.1356795
2026-03-31 06:21:52.091 10 INFO neutron.api.wsgi [None req-bfdd3893-c402-4b77-95be-a11e88fc6b05 308b4b19aa204e9682ac26d8508df32b b5374b4780f94df999a925e9607172ed - - default default] 10.0.0.21 "GET /v2.0/security-group-rules HTTP/1.1" status: 200 len: 3755 time: 0.0503399
2026-03-31 06:21:52.100 9 WARNING neutron_lib.context [None req-57da9463-0a05-45f0-a178-ed72ef66008f 308b4b19aa204e9682ac26d8508df32b b5374b4780f94df999a925e9607172ed - - default default] Method 'is_advsvc' is deprecated since 2023.2 release (neutron-lib 3.8.0) and will be removed once support for the old RBAC API policies will be removed from Neutron. Please use method 'is_service_role' instead.
2026-03-31 06:21:52.125 9 INFO neutron.api.wsgi [None req-ed6734ef-6ed4-4d60-b9ea-6dd809f6da29 4a9d861896da4dc29c8a9a3238af3872 19955f0c77424d919ea0ee7b193a387e - - default default] 10.0.0.21 "DELETE /v2.0/networks/4320603c-91d2-4674-8a45-42891ee8db9c HTTP/1.1" status: 204 len: 168 time: 0.3450172
2026-03-31 06:21:52.125 10 INFO neutron.api.wsgi [None req-2ce19780-e055-4382-888a-5a747b8ad224 0c8cfa4133454b3097b7c50077b745de a0ca050bdd2a42b38f5eef964bc59a02 - - default default] 10.0.0.21 "DELETE /v2.0/security-groups/7241eb9f-5c20-4139-aeff-8c21e400ea43 HTTP/1.1" status: 204 len: 168 time: 0.1988542
2026-03-31 06:21:52.137 9 INFO neutron.db.securitygroups_db [None req-57da9463-0a05-45f0-a178-ed72ef66008f 308b4b19aa204e9682ac26d8508df32b b5374b4780f94df999a925e9607172ed - - default default] Project b5374b4780f94df999a925e9607172ed added a security group rule with legacy IPv6 ICMP protocol name icmp, ipv6-icmp should be used instead. It was automatically converted.
2026-03-31 06:21:52.218 9 INFO neutron.db.ovn_revision_numbers_db [None req-57da9463-0a05-45f0-a178-ed72ef66008f 308b4b19aa204e9682ac26d8508df32b b5374b4780f94df999a925e9607172ed - - default default] Successfully bumped revision number for resource b4c850da-3715-44c9-bb42-c640ef82b541 (type: security_group_rules) to 0
2026-03-31 06:21:52.252 9 INFO neutron.api.wsgi [None req-57da9463-0a05-45f0-a178-ed72ef66008f 308b4b19aa204e9682ac26d8508df32b b5374b4780f94df999a925e9607172ed - - default default] 10.0.0.21 "POST /v2.0/security-group-rules HTTP/1.1" status: 201 len: 806 time: 0.1556239
2026-03-31 06:21:52.276 10 INFO neutron.api.wsgi [None req-d9826720-ace1-4702-8dc7-8f929e35f2ef 308b4b19aa204e9682ac26d8508df32b b5374b4780f94df999a925e9607172ed - - default default] 10.0.0.21 "GET /v2.0/security-group-rules/b4c850da-3715-44c9-bb42-c640ef82b541 HTTP/1.1" status: 200 len: 801 time: 0.0196590
2026-03-31 06:21:52.349 9 INFO neutron.api.wsgi [None req-7a5c23fc-0d2f-44b3-ab4c-00d4e444440a 308b4b19aa204e9682ac26d8508df32b b5374b4780f94df999a925e9607172ed - - default default] 10.0.0.21 "GET /v2.0/security-group-rules HTTP/1.1" status: 200 len: 4339 time: 0.0672054
2026-03-31 06:21:52.430 10 INFO neutron.services.segments.plugin [-] Segment ef149ada-bc1a-424c-9e87-cf90b99e60b5 resource provider aggregate not found
2026-03-31 06:21:52.438 10 INFO neutron.services.segments.plugin [-] Segment ef149ada-bc1a-424c-9e87-cf90b99e60b5 resource provider aggregate not found
2026-03-31 06:21:52.442 10 INFO neutron.services.segments.plugin [-] Segment ef149ada-bc1a-424c-9e87-cf90b99e60b5 resource provider not found; error: Placement Client Error (4xx): {"errors": [{"status": 404, "title": "Not Found", "detail": "The resource could not be found.\n\n No resource provider with uuid ef149ada-bc1a-424c-9e87-cf90b99e60b5 found for delete ", "request_id": "req-694e5e67-3153-408f-bd80-4ddd7da4861c"}]}
2026-03-31 06:21:52.452 10 INFO neutron.services.segments.plugin [-] Segment ef149ada-bc1a-424c-9e87-cf90b99e60b5 resource provider not found; error: Placement Client Error (4xx): {"errors": [{"status": 404, "title": "Not Found", "detail": "The resource could not be found.\n\n No resource provider with uuid ef149ada-bc1a-424c-9e87-cf90b99e60b5 found for delete ", "request_id": "req-ef67814f-b9b9-4ea4-b6ca-d7c1064177a3"}]}
2026-03-31 06:21:52.492 10 INFO neutron.api.wsgi [None req-1007b961-53ef-4408-b119-558d1d4c61bb 4a9d861896da4dc29c8a9a3238af3872 19955f0c77424d919ea0ee7b193a387e - - default default] 10.0.0.21 "DELETE /v2.0/networks/73630657-5602-4122-b2cc-fc6b6b9301b9 HTTP/1.1" status: 204 len: 168 time: 0.3625689
2026-03-31 06:21:52.499 9 INFO neutron.api.wsgi [None req-21a33f9f-12a5-424d-9faf-20fee4d115a0 308b4b19aa204e9682ac26d8508df32b b5374b4780f94df999a925e9607172ed - - default default] 10.0.0.21 "DELETE /v2.0/security-group-rules/b4c850da-3715-44c9-bb42-c640ef82b541 HTTP/1.1" status: 204 len: 168 time: 0.1442008
2026-03-31 06:21:52.563 10 INFO neutron.api.wsgi [None req-ef389c82-c25a-461c-8b86-bd75d016737d 308b4b19aa204e9682ac26d8508df32b b5374b4780f94df999a925e9607172ed - - default default] 10.0.0.21 "GET /v2.0/security-group-rules HTTP/1.1" status: 200 len: 3755 time: 0.0605307
2026-03-31 06:21:52.676 9 INFO neutron.api.wsgi [None req-e7aa16b8-e37a-4480-a345-dd44260653a1 308b4b19aa204e9682ac26d8508df32b b5374b4780f94df999a925e9607172ed - - default default] 10.0.0.21 "DELETE /v2.0/security-groups/e2c4b51d-f820-49bc-9380-909b1065bd8b HTTP/1.1" status: 204 len: 168 time: 0.1057315
2026-03-31 06:21:52.716 9 INFO neutron.api.wsgi [None req-baba8b95-b865-4973-9080-109335467ec3 308b4b19aa204e9682ac26d8508df32b b5374b4780f94df999a925e9607172ed - - default default] 10.0.0.21 "GET /v2.0/security-groups HTTP/1.1" status: 200 len: 3120 time: 0.0324063
2026-03-31 06:21:52.755 9 INFO neutron.api.wsgi [None req-31bea078-9ed4-41de-bb84-f27b31dec11b 308b4b19aa204e9682ac26d8508df32b b5374b4780f94df999a925e9607172ed - - default default] 10.0.0.21 "GET /v2.0/security-groups HTTP/1.1" status: 200 len: 3120 time: 0.0317080
2026-03-31 06:21:52.836 10 INFO neutron.api.wsgi [None req-0505cc19-50a2-49dd-9aa8-807b2dcf9f7b 4a9d861896da4dc29c8a9a3238af3872 19955f0c77424d919ea0ee7b193a387e - - default default] 10.0.0.21 "DELETE /v2.0/networks/64d7ab5e-e029-433b-b755-19a22df6ec38 HTTP/1.1" status: 204 len: 168 time: 0.3397238
2026-03-31 06:21:53.352 9 INFO neutron.api.wsgi [None req-53a9f29c-7d1a-466a-9426-77eceb44d0d4 0c8cfa4133454b3097b7c50077b745de a0ca050bdd2a42b38f5eef964bc59a02 - - default default] 10.0.0.21 "GET /v2.0/security-groups?tenant_id=19955f0c77424d919ea0ee7b193a387e&name=default HTTP/1.1" status: 200 len: 3120 time: 0.0610781
2026-03-31 06:21:53.361 9 INFO neutron.api.wsgi [None req-ff2bd4ad-40ae-4b65-9f7d-7173454e782d 0c8cfa4133454b3097b7c50077b745de a0ca050bdd2a42b38f5eef964bc59a02 - - default default] 10.0.0.21 "GET /v2.0/security-groups?tenant_id=b5374b4780f94df999a925e9607172ed&name=default HTTP/1.1" status: 200 len: 3120 time: 0.1194572
2026-03-31 06:21:53.572 9 INFO neutron.api.wsgi [None req-19237a7f-0df8-49f0-a1c6-536da37f069d 0c8cfa4133454b3097b7c50077b745de a0ca050bdd2a42b38f5eef964bc59a02 - - default default] 10.0.0.21 "DELETE /v2.0/security-groups/5708f988-6a31-4744-ae5c-eb36c05421d5 HTTP/1.1" status: 204 len: 168 time: 0.2063248
2026-03-31 06:21:53.591 10 INFO neutron.api.wsgi [None req-0f37ef7c-9e39-4c03-909b-58d25d09db67 0c8cfa4133454b3097b7c50077b745de a0ca050bdd2a42b38f5eef964bc59a02 - - default default] 10.0.0.21 "DELETE /v2.0/security-groups/34efb903-5dbe-49da-8e9a-e9a46504dec9 HTTP/1.1" status: 204 len: 168 time: 0.2320757
2026-03-31 06:21:53.646 9 WARNING neutron_lib.context [None req-d8159391-99c7-4084-b810-fdd628ec0441 81159e3953354b9ca548100658146334 ef3c1dcfd1274e479a12ab26589a9b4c - - default default] Method 'is_advsvc' is deprecated since 2023.2 release (neutron-lib 3.8.0) and will be removed once support for the old RBAC API policies will be removed from Neutron. Please use method 'is_service_role' instead.
2026-03-31 06:21:53.770 9 INFO neutron.services.segments.plugin [-] Segment ea51e60e-6707-496a-a673-ba5425a4b751 resource provider aggregate not found
2026-03-31 06:21:53.773 9 INFO neutron.db.ovn_revision_numbers_db [None req-d8159391-99c7-4084-b810-fdd628ec0441 81159e3953354b9ca548100658146334 ef3c1dcfd1274e479a12ab26589a9b4c - - default default] Successfully bumped revision number for resource 0c18b7b6-0816-4c23-b7b4-c7f658b1a082 (type: security_groups) to 1
2026-03-31 06:21:53.777 9 INFO neutron.services.segments.plugin [-] Segment ea51e60e-6707-496a-a673-ba5425a4b751 resource provider aggregate not found
2026-03-31 06:21:53.782 9 INFO neutron.services.segments.plugin [-] Segment ea51e60e-6707-496a-a673-ba5425a4b751 resource provider not found; error: Placement Client Error (4xx): {"errors": [{"status": 404, "title": "Not Found", "detail": "The resource could not be found.\n\n No resource provider with uuid ea51e60e-6707-496a-a673-ba5425a4b751 found for delete ", "request_id": "req-a4e299eb-8426-4ee6-904f-f5079fa6ba3a"}]}
2026-03-31 06:21:53.788 9 INFO neutron.services.segments.plugin [-] Segment ea51e60e-6707-496a-a673-ba5425a4b751 resource provider not found; error: Placement Client Error (4xx): {"errors": [{"status": 404, "title": "Not Found", "detail": "The resource could not be found.\n\n No resource provider with uuid ea51e60e-6707-496a-a673-ba5425a4b751 found for delete ", "request_id": "req-1c385628-66c7-4d26-8bb2-1f794f44704a"}]}
2026-03-31 06:21:53.789 9 INFO neutron.db.ovn_revision_numbers_db [None req-d8159391-99c7-4084-b810-fdd628ec0441 81159e3953354b9ca548100658146334 ef3c1dcfd1274e479a12ab26589a9b4c - - default default] Successfully bumped revision number for resource 404e1aa9-b1f9-4830-97e1-9cf7f0cc7ab1 (type: security_group_rules) to 0
2026-03-31 06:21:53.798 9 INFO neutron.db.ovn_revision_numbers_db [None req-d8159391-99c7-4084-b810-fdd628ec0441 81159e3953354b9ca548100658146334 ef3c1dcfd1274e479a12ab26589a9b4c - - default default] Successfully bumped revision number for resource 66fb6e73-4757-4a1e-ae81-3b76ee48dd4b (type: security_group_rules) to 0
2026-03-31 06:21:53.810 9 INFO neutron.db.ovn_revision_numbers_db [None req-d8159391-99c7-4084-b810-fdd628ec0441 81159e3953354b9ca548100658146334 ef3c1dcfd1274e479a12ab26589a9b4c - - default default] Successfully bumped revision number for resource b1ba28e6-c9fb-4c45-97bc-c7e4fddbedc8 (type: security_group_rules) to 0
2026-03-31 06:21:53.820 9 INFO neutron.db.ovn_revision_numbers_db [None req-d8159391-99c7-4084-b810-fdd628ec0441 81159e3953354b9ca548100658146334 ef3c1dcfd1274e479a12ab26589a9b4c - - default default] Successfully bumped revision number for resource dcd273e4-33c2-4778-9138-38f7e20dcb47 (type: security_group_rules) to 0
2026-03-31 06:21:53.895 9 INFO neutron.db.segments_db [None req-d8159391-99c7-4084-b810-fdd628ec0441 81159e3953354b9ca548100658146334 ef3c1dcfd1274e479a12ab26589a9b4c - - default default] Added segment 5e6599e6-98f5-4599-a7d0-f551dfe18232 of type geneve for network 56eb90bf-dc46-448f-8bea-acf2ce1c6ce5
2026-03-31 06:21:54.013 9 INFO neutron.db.ovn_revision_numbers_db [None req-d8159391-99c7-4084-b810-fdd628ec0441 81159e3953354b9ca548100658146334 ef3c1dcfd1274e479a12ab26589a9b4c - - default default] Successfully bumped revision number for resource 56eb90bf-dc46-448f-8bea-acf2ce1c6ce5 (type: networks) to 1
2026-03-31 06:21:54.153 9 WARNING neutron.scheduler.dhcp_agent_scheduler [None req-d8159391-99c7-4084-b810-fdd628ec0441 81159e3953354b9ca548100658146334 ef3c1dcfd1274e479a12ab26589a9b4c - - default default] No more DHCP agents
2026-03-31 06:21:54.154 9 WARNING neutron.api.rpc.agentnotifiers.dhcp_rpc_agent_api [None req-d8159391-99c7-4084-b810-fdd628ec0441 81159e3953354b9ca548100658146334 ef3c1dcfd1274e479a12ab26589a9b4c - - default default] Unable to schedule network 56eb90bf-dc46-448f-8bea-acf2ce1c6ce5: no agents available; will retry on subsequent port and subnet creation events.
2026-03-31 06:21:54.215 9 INFO neutron.db.ovn_revision_numbers_db [None req-d8159391-99c7-4084-b810-fdd628ec0441 81159e3953354b9ca548100658146334 ef3c1dcfd1274e479a12ab26589a9b4c - - default default] Successfully bumped revision number for resource 6cc34075-fe5f-49f1-bb17-0d413eb4e648 (type: ports) to 1
2026-03-31 06:21:54.238 9 INFO neutron.api.wsgi [None req-d8159391-99c7-4084-b810-fdd628ec0441 81159e3953354b9ca548100658146334 ef3c1dcfd1274e479a12ab26589a9b4c - - default default] 10.0.0.21 "POST /v2.0/networks HTTP/1.1" status: 201 len: 848 time: 0.7224641
2026-03-31 06:21:54.247 9 WARNING neutron_lib.context [None req-24f95102-375e-4233-8826-885c2b42d8ca 81159e3953354b9ca548100658146334 ef3c1dcfd1274e479a12ab26589a9b4c - - default default] Method 'is_advsvc' is deprecated since 2023.2 release (neutron-lib 3.8.0) and will be removed once support for the old RBAC API policies will be removed from Neutron. Please use method 'is_service_role' instead.
2026-03-31 06:21:54.425 9 WARNING neutron.scheduler.dhcp_agent_scheduler [None req-24f95102-375e-4233-8826-885c2b42d8ca 81159e3953354b9ca548100658146334 ef3c1dcfd1274e479a12ab26589a9b4c - - default default] No more DHCP agents
2026-03-31 06:21:54.426 9 WARNING neutron.api.rpc.agentnotifiers.dhcp_rpc_agent_api [None req-24f95102-375e-4233-8826-885c2b42d8ca 81159e3953354b9ca548100658146334 ef3c1dcfd1274e479a12ab26589a9b4c - - default default] Unable to schedule network 56eb90bf-dc46-448f-8bea-acf2ce1c6ce5: no agents available; will retry on subsequent port and subnet creation events.
2026-03-31 06:21:54.446 9 INFO neutron.db.ovn_revision_numbers_db [None req-24f95102-375e-4233-8826-885c2b42d8ca 81159e3953354b9ca548100658146334 ef3c1dcfd1274e479a12ab26589a9b4c - - default default] Successfully bumped revision number for resource 49629dc2-014f-46a0-959a-a990693fb495 (type: subnets) to 0
2026-03-31 06:21:54.459 10 INFO neutron.services.segments.plugin [-] Segment 3ce91dca-34dd-4257-9118-d6ba236ba16f resource provider aggregate not found
2026-03-31 06:21:54.461 9 INFO neutron.api.wsgi [None req-24f95102-375e-4233-8826-885c2b42d8ca 81159e3953354b9ca548100658146334 ef3c1dcfd1274e479a12ab26589a9b4c - - default default] 10.0.0.21 "POST /v2.0/subnets HTTP/1.1" status: 201 len: 826 time: 0.2182307
2026-03-31 06:21:54.473 10 WARNING neutron_lib.context [None req-38592092-3bb0-4cac-9396-401dd018c21a 81159e3953354b9ca548100658146334 ef3c1dcfd1274e479a12ab26589a9b4c - - default default] Method 'is_advsvc' is deprecated since 2023.2 release (neutron-lib 3.8.0) and will be removed once support for the old RBAC API policies will be removed from Neutron. Please use method 'is_service_role' instead.
2026-03-31 06:21:54.476 10 INFO neutron.services.segments.plugin [-] Segment 3ce91dca-34dd-4257-9118-d6ba236ba16f resource provider not found; error: Placement Client Error (4xx): {"errors": [{"status": 404, "title": "Not Found", "detail": "The resource could not be found.\n\n No resource provider with uuid 3ce91dca-34dd-4257-9118-d6ba236ba16f found for delete ", "request_id": "req-b70243e8-2f52-4e61-9280-fc52358c08e9"}]}
2026-03-31 06:21:54.477 10 INFO neutron.services.segments.plugin [-] Segment 3ce91dca-34dd-4257-9118-d6ba236ba16f resource provider aggregate not found
2026-03-31 06:21:54.488 10 INFO neutron.services.segments.plugin [-] Segment 3ce91dca-34dd-4257-9118-d6ba236ba16f resource provider not found; error: Placement Client Error (4xx): {"errors": [{"status": 404, "title": "Not Found", "detail": "The resource could not be found.\n\n No resource provider with uuid 3ce91dca-34dd-4257-9118-d6ba236ba16f found for delete ", "request_id": "req-2466b2fc-35a6-4ba9-a709-cc2ec5356d9c"}]}
2026-03-31 06:21:54.846 10 WARNING neutron.scheduler.dhcp_agent_scheduler [None req-38592092-3bb0-4cac-9396-401dd018c21a 81159e3953354b9ca548100658146334 ef3c1dcfd1274e479a12ab26589a9b4c - - default default] No more DHCP agents
2026-03-31 06:21:54.847 10 WARNING neutron.api.rpc.agentnotifiers.dhcp_rpc_agent_api [None req-38592092-3bb0-4cac-9396-401dd018c21a 81159e3953354b9ca548100658146334 ef3c1dcfd1274e479a12ab26589a9b4c - - default default] Unable to schedule network e55540ea-a814-4e0a-a66a-8cb2c3059c54: no agents available; will retry on subsequent port and subnet creation events.
2026-03-31 06:21:54.968 10 INFO neutron.db.ovn_revision_numbers_db [None req-38592092-3bb0-4cac-9396-401dd018c21a 81159e3953354b9ca548100658146334 ef3c1dcfd1274e479a12ab26589a9b4c - - default default] Successfully bumped revision number for resource b94c86a9-9f4d-416f-a6bd-1fc3898df599 (type: ports) to 1
2026-03-31 06:21:55.487 9 WARNING neutron_lib.context [None req-50641fc2-64e1-4ac2-b018-2da75903d2e1 c1718ca3c35e4dda89191fd0e387243b 60d1e1c2a2ff44089f370981a9091e0a - - default default] Method 'is_advsvc' is deprecated since 2023.2 release (neutron-lib 3.8.0) and will be removed once support for the old RBAC API policies will be removed from Neutron. Please use method 'is_service_role' instead.
2026-03-31 06:21:55.502 9 WARNING neutron_lib.context [None req-1b776482-4388-444d-b820-fb878e86b651 a4ff9402425145cfabbb93bb90534528 37e4b988fb5c447ea6d9ab681c554caa - - default default] Method 'is_advsvc' is deprecated since 2023.2 release (neutron-lib 3.8.0) and will be removed once support for the old RBAC API policies will be removed from Neutron. Please use method 'is_service_role' instead.
2026-03-31 06:21:55.553 10 INFO neutron.plugins.ml2.drivers.ovn.mech_driver.ovsdb.commands [None req-f1f3ac5c-6c06-44da-b5d4-ff82bbd184b5 - - - - - -] Schedule LRP lrp-b94c86a9-9f4d-416f-a6bd-1fc3898df599 on gateway 2c9e64a4-323c-45d9-936d-664ae41bf917 with priority 1
2026-03-31 06:21:55.572 9 INFO neutron.plugins.ml2.drivers.ovn.mech_driver.mech_driver [None req-a1e8feaa-6595-49a6-af71-95c0f321155e - - - - - -] OVN reports status up for port: b94c86a9-9f4d-416f-a6bd-1fc3898df599
2026-03-31 06:21:55.584 9 INFO neutron.plugins.ml2.plugin [None req-a1e8feaa-6595-49a6-af71-95c0f321155e - - - - - -] Attempt 1 to provision port b94c86a9-9f4d-416f-a6bd-1fc3898df599
2026-03-31 06:21:55.590 10 INFO neutron.db.ovn_revision_numbers_db [None req-38592092-3bb0-4cac-9396-401dd018c21a 81159e3953354b9ca548100658146334 ef3c1dcfd1274e479a12ab26589a9b4c - - default default] Successfully bumped revision number for resource b94c86a9-9f4d-416f-a6bd-1fc3898df599 (type: router_ports) to 1
2026-03-31 06:21:55.645 9 INFO neutron.db.ovn_revision_numbers_db [None req-50641fc2-64e1-4ac2-b018-2da75903d2e1 c1718ca3c35e4dda89191fd0e387243b 60d1e1c2a2ff44089f370981a9091e0a - - default default] Successfully bumped revision number for resource 5f84ea83-7fe1-4bb5-8d11-9aa6fa1c58c8 (type: security_groups) to 1
2026-03-31 06:21:55.655 10 INFO neutron.db.ovn_revision_numbers_db [None req-38592092-3bb0-4cac-9396-401dd018c21a 81159e3953354b9ca548100658146334 ef3c1dcfd1274e479a12ab26589a9b4c - - default default] Successfully bumped revision number for resource f15d1989-2bc5-4f24-9764-1d941dadbd03 (type: routers) to 2
2026-03-31 06:21:55.663 9 INFO neutron.db.ovn_revision_numbers_db [None req-50641fc2-64e1-4ac2-b018-2da75903d2e1 c1718ca3c35e4dda89191fd0e387243b 60d1e1c2a2ff44089f370981a9091e0a - - default default] Successfully bumped revision number for resource 33e21c41-85ff-4570-a9f4-0059b9be72e0 (type: security_group_rules) to 0
2026-03-31 06:21:55.665 9 INFO neutron.db.ovn_revision_numbers_db [None req-1b776482-4388-444d-b820-fb878e86b651 a4ff9402425145cfabbb93bb90534528 37e4b988fb5c447ea6d9ab681c554caa - - default default] Successfully bumped revision number for resource 4e5eac03-0016-433f-ac2a-3fdfc789b13d (type: security_groups) to 1
2026-03-31 06:21:55.674 10 INFO neutron.api.wsgi [None req-38592092-3bb0-4cac-9396-401dd018c21a 81159e3953354b9ca548100658146334 ef3c1dcfd1274e479a12ab26589a9b4c - - default default] 10.0.0.21 "POST /v2.0/routers HTTP/1.1" status: 201 len: 1153 time: 1.2083430
2026-03-31 06:21:55.677 9 INFO neutron.db.ovn_revision_numbers_db [None req-50641fc2-64e1-4ac2-b018-2da75903d2e1 c1718ca3c35e4dda89191fd0e387243b 60d1e1c2a2ff44089f370981a9091e0a - - default default] Successfully bumped revision number for resource 527e1f1e-0f7b-4de8-838f-7d1fd489008c (type: security_group_rules) to 0
2026-03-31 06:21:55.679 9 INFO neutron.db.ovn_revision_numbers_db [None req-1b776482-4388-444d-b820-fb878e86b651 a4ff9402425145cfabbb93bb90534528 37e4b988fb5c447ea6d9ab681c554caa - - default default] Successfully bumped revision number for resource 20c2272f-a9f2-4546-88f2-c797a2b361c2 (type: security_group_rules) to 0
2026-03-31 06:21:55.694 9 INFO neutron.db.ovn_revision_numbers_db [None req-50641fc2-64e1-4ac2-b018-2da75903d2e1 c1718ca3c35e4dda89191fd0e387243b 60d1e1c2a2ff44089f370981a9091e0a - - default default] Successfully bumped revision number for resource 88311162-6ccd-4eb5-bc0b-479a1ea3e2de (type: security_group_rules) to 0
2026-03-31 06:21:55.695 9 INFO neutron.db.ovn_revision_numbers_db [None req-1b776482-4388-444d-b820-fb878e86b651 a4ff9402425145cfabbb93bb90534528 37e4b988fb5c447ea6d9ab681c554caa - - default default] Successfully bumped revision number for resource a96ec693-9b95-4a95-a431-b966c91601e6 (type: security_group_rules) to 0
2026-03-31 06:21:55.710 9 INFO neutron.db.ovn_revision_numbers_db [None req-50641fc2-64e1-4ac2-b018-2da75903d2e1 c1718ca3c35e4dda89191fd0e387243b 60d1e1c2a2ff44089f370981a9091e0a - - default default] Successfully bumped revision number for resource c0a31284-d92c-4562-a98b-95ae75a6f521 (type: security_group_rules) to 0
2026-03-31 06:21:55.714 9 INFO neutron.db.ovn_revision_numbers_db [None req-1b776482-4388-444d-b820-fb878e86b651 a4ff9402425145cfabbb93bb90534528 37e4b988fb5c447ea6d9ab681c554caa - - default default] Successfully bumped revision number for resource df460f41-9522-4762-8499-1ef7a80aea45 (type: security_group_rules) to 0
2026-03-31 06:21:55.731 9 INFO neutron.db.ovn_revision_numbers_db [None req-1b776482-4388-444d-b820-fb878e86b651 a4ff9402425145cfabbb93bb90534528 37e4b988fb5c447ea6d9ab681c554caa - - default default] Successfully bumped revision number for resource e53cacbe-620c-446c-8ef3-9e6db60f8305 (type: security_group_rules) to 0
2026-03-31 06:21:55.793 9 INFO neutron.db.segments_db [None req-50641fc2-64e1-4ac2-b018-2da75903d2e1 c1718ca3c35e4dda89191fd0e387243b 60d1e1c2a2ff44089f370981a9091e0a - - default default] Added segment e65397cc-594b-496b-933e-0de0a3a1c74f of type geneve for network c0ad2d5f-1525-4383-900a-0701c1d14eb4
2026-03-31 06:21:55.831 9 INFO neutron.db.ovn_revision_numbers_db [None req-1b776482-4388-444d-b820-fb878e86b651 a4ff9402425145cfabbb93bb90534528 37e4b988fb5c447ea6d9ab681c554caa - - default default] Successfully bumped revision number for resource 12f2d8e4-765f-4d66-84b1-f6526276c7d5 (type: security_groups) to 1
2026-03-31 06:21:55.843 9 INFO neutron.db.ovn_revision_numbers_db [None req-1b776482-4388-444d-b820-fb878e86b651 a4ff9402425145cfabbb93bb90534528 37e4b988fb5c447ea6d9ab681c554caa - - default default] Successfully bumped revision number for resource 5dcf00d7-939f-4992-9e44-4db1d713be2a (type: security_group_rules) to 0
2026-03-31 06:21:55.861 9 INFO neutron.db.ovn_revision_numbers_db [None req-1b776482-4388-444d-b820-fb878e86b651 a4ff9402425145cfabbb93bb90534528 37e4b988fb5c447ea6d9ab681c554caa - - default default] Successfully bumped revision number for resource 7486d655-e1ea-4b16-a95d-06d91da40904 (type: security_group_rules) to 0
2026-03-31 06:21:55.908 9 INFO neutron.api.wsgi [None req-1b776482-4388-444d-b820-fb878e86b651 a4ff9402425145cfabbb93bb90534528 37e4b988fb5c447ea6d9ab681c554caa - - default default] 10.0.0.21 "POST /v2.0/security-groups HTTP/1.1" status: 201 len: 1825 time: 0.6044788
2026-03-31 06:21:55.928 9 INFO neutron.db.ovn_revision_numbers_db [None req-50641fc2-64e1-4ac2-b018-2da75903d2e1 c1718ca3c35e4dda89191fd0e387243b 60d1e1c2a2ff44089f370981a9091e0a - - default default] Successfully bumped revision number for resource c0ad2d5f-1525-4383-900a-0701c1d14eb4 (type: networks) to 1
2026-03-31 06:21:55.974 10 INFO neutron.api.wsgi [None req-8913b97d-7cbb-45ea-a8a3-0d7cb1ddadce a4ff9402425145cfabbb93bb90534528 37e4b988fb5c447ea6d9ab681c554caa - - default default] 10.0.0.21 "GET /v2.0/security-groups HTTP/1.1" status: 200 len: 4725 time: 0.0581961
