2026-03-31 06:24:55.303 9 INFO neutron.api.wsgi [None req-d44c5f89-18ab-4a25-ab70-fc6429297c61 0c8cfa4133454b3097b7c50077b745de a0ca050bdd2a42b38f5eef964bc59a02 - - default default] 10.0.0.21 "DELETE /v2.0/security-groups/e9c9d872-9ec3-456b-b280-8fe64faae762 HTTP/1.1" status: 204 len: 168 time: 0.2040350
2026-03-31 06:24:55.317 10 INFO neutron.db.ovn_revision_numbers_db [None req-082f1f90-f158-4434-8847-2d46237d3655 0c8cfa4133454b3097b7c50077b745de a0ca050bdd2a42b38f5eef964bc59a02 - - default default] Successfully bumped revision number for resource 29dc241f-b56e-404a-be5c-79e3571d2cfe (type: security_group_rules) to 0
2026-03-31 06:24:55.330 10 INFO neutron.db.ovn_revision_numbers_db [None req-082f1f90-f158-4434-8847-2d46237d3655 0c8cfa4133454b3097b7c50077b745de a0ca050bdd2a42b38f5eef964bc59a02 - - default default] Successfully bumped revision number for resource 3e1ed269-067a-4c26-bb3b-828db22b56ed (type: security_group_rules) to 0
2026-03-31 06:24:55.342 10 INFO neutron.db.ovn_revision_numbers_db [None req-082f1f90-f158-4434-8847-2d46237d3655 0c8cfa4133454b3097b7c50077b745de a0ca050bdd2a42b38f5eef964bc59a02 - - default default] Successfully bumped revision number for resource 76959666-efe5-4aa9-92ab-40b6e0f40034 (type: security_group_rules) to 0
2026-03-31 06:24:55.354 10 INFO neutron.db.ovn_revision_numbers_db [None req-082f1f90-f158-4434-8847-2d46237d3655 0c8cfa4133454b3097b7c50077b745de a0ca050bdd2a42b38f5eef964bc59a02 - - default default] Successfully bumped revision number for resource f9449d0b-1203-492a-9eee-c142fe5d634d (type: security_group_rules) to 0
2026-03-31 06:24:55.392 10 INFO neutron.api.wsgi [None req-082f1f90-f158-4434-8847-2d46237d3655 0c8cfa4133454b3097b7c50077b745de a0ca050bdd2a42b38f5eef964bc59a02 - - default default] 10.0.0.21 "GET /v2.0/security-groups?tenant_id=24fe9ea9a2eb405795b0b39a8295112f&name=default HTTP/1.1" status: 200 len: 3124 time: 0.2013786
2026-03-31 06:24:55.588 10 INFO neutron.api.wsgi [None req-a5d53de9-f81e-436e-9693-799f4f94876c 0c8cfa4133454b3097b7c50077b745de a0ca050bdd2a42b38f5eef964bc59a02 - - default default] 10.0.0.21 "DELETE /v2.0/security-groups/9df05b65-36b9-4b35-be16-4346a893a1e8 HTTP/1.1" status: 204 len: 168 time: 0.1909418
2026-03-31 06:24:56.370 10 INFO neutron.api.wsgi [req-7b091ad1-a59f-4bd1-83e3-fa5e2f215372 req-d273828a-3b9a-4397-b3d4-0b6d3586a135 c8ddd317cd4d443493736ba307dca577 1afe58f424034bcbb1c076e279edf9b8 - - ed29042efc3c459c90404065aa83b660 ed29042efc3c459c90404065aa83b660] 10.0.0.86 "GET /v2.0/ports?device_id=5b28f08d-206d-4359-9a42-6d401341b707 HTTP/1.1" status: 200 len: 1634 time: 0.0377147
2026-03-31 06:24:56.421 10 INFO neutron.api.wsgi [req-7b091ad1-a59f-4bd1-83e3-fa5e2f215372 req-c106423d-4f5a-42c9-bf6f-611031a72705 c8ddd317cd4d443493736ba307dca577 1afe58f424034bcbb1c076e279edf9b8 - - ed29042efc3c459c90404065aa83b660 ed29042efc3c459c90404065aa83b660] 10.0.0.86 "GET /v2.0/security-groups?id=cde15ca5-eb95-4392-b282-9cae81b42196&fields=id&fields=name HTTP/1.1" status: 200 len: 311 time: 0.0436924
2026-03-31 06:24:58.575 9 WARNING neutron_lib.context [None req-35c049c4-2d11-4d3d-80be-faff222cea97 64d24a59e32f40648acf67407f1fef9e d3ba2ed152504bb7a8d0b0cc2d1ea0d5 - - default default] Method 'is_advsvc' is deprecated since 2023.2 release (neutron-lib 3.8.0) and will be removed once support for the old RBAC API policies will be removed from Neutron. Please use method 'is_service_role' instead.
2026-03-31 06:24:58.708 9 INFO neutron.db.ovn_revision_numbers_db [None req-35c049c4-2d11-4d3d-80be-faff222cea97 64d24a59e32f40648acf67407f1fef9e d3ba2ed152504bb7a8d0b0cc2d1ea0d5 - - default default] Successfully bumped revision number for resource 794577c9-fa3f-4e62-ae3d-6ffbdab182d5 (type: security_groups) to 1
2026-03-31 06:24:58.722 9 INFO neutron.db.ovn_revision_numbers_db [None req-35c049c4-2d11-4d3d-80be-faff222cea97 64d24a59e32f40648acf67407f1fef9e d3ba2ed152504bb7a8d0b0cc2d1ea0d5 - - default default] Successfully bumped revision number for resource 6cb21639-76be-4a1e-8d44-88905f528a56 (type: security_group_rules) to 0
2026-03-31 06:24:58.734 9 INFO neutron.db.ovn_revision_numbers_db [None req-35c049c4-2d11-4d3d-80be-faff222cea97 64d24a59e32f40648acf67407f1fef9e d3ba2ed152504bb7a8d0b0cc2d1ea0d5 - - default default] Successfully bumped revision number for resource 87fa4f39-5998-4ea1-9528-b52bd17e827f (type: security_group_rules) to 0
2026-03-31 06:24:58.749 9 INFO neutron.db.ovn_revision_numbers_db [None req-35c049c4-2d11-4d3d-80be-faff222cea97 64d24a59e32f40648acf67407f1fef9e d3ba2ed152504bb7a8d0b0cc2d1ea0d5 - - default default] Successfully bumped revision number for resource a2b7b91b-7e26-4de5-af12-ef0512602f98 (type: security_group_rules) to 0
2026-03-31 06:24:58.763 9 INFO neutron.db.ovn_revision_numbers_db [None req-35c049c4-2d11-4d3d-80be-faff222cea97 64d24a59e32f40648acf67407f1fef9e d3ba2ed152504bb7a8d0b0cc2d1ea0d5 - - default default] Successfully bumped revision number for resource d3f61bb8-21ae-48ca-a967-b7ac6abf6d2e (type: security_group_rules) to 0
2026-03-31 06:24:58.834 9 WARNING neutron_lib.context [None req-061ca7e4-7454-47d4-8d88-d5ad06e2547f fdac87b971834c5c81c270e5a8ce07ed 929ac0a0670d4c8885475ffcf79ddff3 - - default default] Method 'is_advsvc' is deprecated since 2023.2 release (neutron-lib 3.8.0) and will be removed once support for the old RBAC API policies will be removed from Neutron. Please use method 'is_service_role' instead.
2026-03-31 06:24:58.840 9 INFO neutron.db.segments_db [None req-35c049c4-2d11-4d3d-80be-faff222cea97 64d24a59e32f40648acf67407f1fef9e d3ba2ed152504bb7a8d0b0cc2d1ea0d5 - - default default] Added segment ab61e253-f058-4e14-9017-abd13cfe1736 of type geneve for network 016058bf-ac1e-47b0-9faf-41f80b866f6a
2026-03-31 06:24:59.005 9 INFO neutron.db.ovn_revision_numbers_db [None req-35c049c4-2d11-4d3d-80be-faff222cea97 64d24a59e32f40648acf67407f1fef9e d3ba2ed152504bb7a8d0b0cc2d1ea0d5 - - default default] Successfully bumped revision number for resource 016058bf-ac1e-47b0-9faf-41f80b866f6a (type: networks) to 1
2026-03-31 06:24:59.028 9 INFO neutron.db.ovn_revision_numbers_db [None req-061ca7e4-7454-47d4-8d88-d5ad06e2547f fdac87b971834c5c81c270e5a8ce07ed 929ac0a0670d4c8885475ffcf79ddff3 - - default default] Successfully bumped revision number for resource 8092ed7c-1d45-4941-927c-5c70951ccf43 (type: security_groups) to 1
2026-03-31 06:24:59.044 9 INFO neutron.db.ovn_revision_numbers_db [None req-061ca7e4-7454-47d4-8d88-d5ad06e2547f fdac87b971834c5c81c270e5a8ce07ed 929ac0a0670d4c8885475ffcf79ddff3 - - default default] Successfully bumped revision number for resource 2b582ae5-a984-4756-9cfd-3242871e97d4 (type: security_group_rules) to 0
2026-03-31 06:24:59.066 9 INFO neutron.db.ovn_revision_numbers_db [None req-061ca7e4-7454-47d4-8d88-d5ad06e2547f fdac87b971834c5c81c270e5a8ce07ed 929ac0a0670d4c8885475ffcf79ddff3 - - default default] Successfully bumped revision number for resource 8227f2f2-cc30-4712-9250-d9a3184af32c (type: security_group_rules) to 0
2026-03-31 06:24:59.082 9 INFO neutron.db.ovn_revision_numbers_db [None req-061ca7e4-7454-47d4-8d88-d5ad06e2547f fdac87b971834c5c81c270e5a8ce07ed 929ac0a0670d4c8885475ffcf79ddff3 - - default default] Successfully bumped revision number for resource ba36103e-207a-4b60-aa63-6a0f0a7faf41 (type: security_group_rules) to 0
2026-03-31 06:24:59.102 9 INFO neutron.db.ovn_revision_numbers_db [None req-061ca7e4-7454-47d4-8d88-d5ad06e2547f fdac87b971834c5c81c270e5a8ce07ed 929ac0a0670d4c8885475ffcf79ddff3 - - default default] Successfully bumped revision number for resource fea7b745-bf72-4828-87d4-8d9e5853d776 (type: security_group_rules) to 0
2026-03-31 06:24:59.180 9 INFO neutron.db.segments_db [None req-061ca7e4-7454-47d4-8d88-d5ad06e2547f fdac87b971834c5c81c270e5a8ce07ed 929ac0a0670d4c8885475ffcf79ddff3 - - default default] Added segment 991b56c3-c71d-416e-990a-8a14ffae66c4 of type geneve for network b84b3bf7-dc47-4e1a-9224-d1b95d8b56e9
2026-03-31 06:24:59.198 9 WARNING neutron.scheduler.dhcp_agent_scheduler [None req-35c049c4-2d11-4d3d-80be-faff222cea97 64d24a59e32f40648acf67407f1fef9e d3ba2ed152504bb7a8d0b0cc2d1ea0d5 - - default default] No more DHCP agents
2026-03-31 06:24:59.200 9 WARNING neutron.api.rpc.agentnotifiers.dhcp_rpc_agent_api [None req-35c049c4-2d11-4d3d-80be-faff222cea97 64d24a59e32f40648acf67407f1fef9e d3ba2ed152504bb7a8d0b0cc2d1ea0d5 - - default default] Unable to schedule network 016058bf-ac1e-47b0-9faf-41f80b866f6a: no agents available; will retry on subsequent port and subnet creation events.
2026-03-31 06:24:59.272 9 INFO neutron.db.ovn_revision_numbers_db [None req-35c049c4-2d11-4d3d-80be-faff222cea97 64d24a59e32f40648acf67407f1fef9e d3ba2ed152504bb7a8d0b0cc2d1ea0d5 - - default default] Successfully bumped revision number for resource 44070512-cb18-4cc6-8608-ede053e0fd92 (type: ports) to 1
2026-03-31 06:24:59.299 9 INFO neutron.api.wsgi [None req-35c049c4-2d11-4d3d-80be-faff222cea97 64d24a59e32f40648acf67407f1fef9e d3ba2ed152504bb7a8d0b0cc2d1ea0d5 - - default default] 10.0.0.21 "POST /v2.0/networks HTTP/1.1" status: 201 len: 829 time: 0.8809428
2026-03-31 06:24:59.302 9 INFO neutron.db.ovn_revision_numbers_db [None req-061ca7e4-7454-47d4-8d88-d5ad06e2547f fdac87b971834c5c81c270e5a8ce07ed 929ac0a0670d4c8885475ffcf79ddff3 - - default default] Successfully bumped revision number for resource b84b3bf7-dc47-4e1a-9224-d1b95d8b56e9 (type: networks) to 1
2026-03-31 06:24:59.309 10 WARNING neutron_lib.context [None req-360c41fe-79b6-4f60-bc5e-e4626ee00d96 64d24a59e32f40648acf67407f1fef9e d3ba2ed152504bb7a8d0b0cc2d1ea0d5 - - default default] Method 'is_advsvc' is deprecated since 2023.2 release (neutron-lib 3.8.0) and will be removed once support for the old RBAC API policies will be removed from Neutron. Please use method 'is_service_role' instead.
2026-03-31 06:24:59.389 10 INFO neutron.db.segments_db [None req-360c41fe-79b6-4f60-bc5e-e4626ee00d96 64d24a59e32f40648acf67407f1fef9e d3ba2ed152504bb7a8d0b0cc2d1ea0d5 - - default default] Added segment 542cd5e5-54bf-46b4-8f2d-53e229908445 of type geneve for network f458a95f-0c29-4684-8320-0a824b785cc3
2026-03-31 06:24:59.450 9 WARNING neutron.scheduler.dhcp_agent_scheduler [None req-061ca7e4-7454-47d4-8d88-d5ad06e2547f fdac87b971834c5c81c270e5a8ce07ed 929ac0a0670d4c8885475ffcf79ddff3 - - default default] No more DHCP agents
2026-03-31 06:24:59.451 9 WARNING neutron.api.rpc.agentnotifiers.dhcp_rpc_agent_api [None req-061ca7e4-7454-47d4-8d88-d5ad06e2547f fdac87b971834c5c81c270e5a8ce07ed 929ac0a0670d4c8885475ffcf79ddff3 - - default default] Unable to schedule network b84b3bf7-dc47-4e1a-9224-d1b95d8b56e9: no agents available; will retry on subsequent port and subnet creation events.
2026-03-31 06:24:59.500 10 INFO neutron.db.ovn_revision_numbers_db [None req-360c41fe-79b6-4f60-bc5e-e4626ee00d96 64d24a59e32f40648acf67407f1fef9e d3ba2ed152504bb7a8d0b0cc2d1ea0d5 - - default default] Successfully bumped revision number for resource f458a95f-0c29-4684-8320-0a824b785cc3 (type: networks) to 1
2026-03-31 06:24:59.508 9 INFO neutron.db.ovn_revision_numbers_db [None req-061ca7e4-7454-47d4-8d88-d5ad06e2547f fdac87b971834c5c81c270e5a8ce07ed 929ac0a0670d4c8885475ffcf79ddff3 - - default default] Successfully bumped revision number for resource 72d3fd47-c16e-4a5d-8726-f50f1c61b6bf (type: ports) to 1
2026-03-31 06:24:59.531 9 INFO neutron.api.wsgi [None req-061ca7e4-7454-47d4-8d88-d5ad06e2547f fdac87b971834c5c81c270e5a8ce07ed 929ac0a0670d4c8885475ffcf79ddff3 - - default default] 10.0.0.21 "POST /v2.0/networks HTTP/1.1" status: 201 len: 831 time: 0.7311718
2026-03-31 06:24:59.540 9 WARNING neutron_lib.context [None req-534eba93-ed56-4da2-934c-343a42ceca51 fdac87b971834c5c81c270e5a8ce07ed 929ac0a0670d4c8885475ffcf79ddff3 - - default default] Method 'is_advsvc' is deprecated since 2023.2 release (neutron-lib 3.8.0) and will be removed once support for the old RBAC API policies will be removed from Neutron. Please use method 'is_service_role' instead.
2026-03-31 06:24:59.654 10 WARNING neutron.scheduler.dhcp_agent_scheduler [None req-360c41fe-79b6-4f60-bc5e-e4626ee00d96 64d24a59e32f40648acf67407f1fef9e d3ba2ed152504bb7a8d0b0cc2d1ea0d5 - - default default] No more DHCP agents
2026-03-31 06:24:59.655 10 WARNING neutron.api.rpc.agentnotifiers.dhcp_rpc_agent_api [None req-360c41fe-79b6-4f60-bc5e-e4626ee00d96 64d24a59e32f40648acf67407f1fef9e d3ba2ed152504bb7a8d0b0cc2d1ea0d5 - - default default] Unable to schedule network f458a95f-0c29-4684-8320-0a824b785cc3: no agents available; will retry on subsequent port and subnet creation events.
2026-03-31 06:24:59.710 10 INFO neutron.db.ovn_revision_numbers_db [None req-360c41fe-79b6-4f60-bc5e-e4626ee00d96 64d24a59e32f40648acf67407f1fef9e d3ba2ed152504bb7a8d0b0cc2d1ea0d5 - - default default] Successfully bumped revision number for resource 214c336a-f6a3-49da-90dd-412b645a92d7 (type: ports) to 1
2026-03-31 06:24:59.729 10 INFO neutron.api.wsgi [None req-360c41fe-79b6-4f60-bc5e-e4626ee00d96 64d24a59e32f40648acf67407f1fef9e d3ba2ed152504bb7a8d0b0cc2d1ea0d5 - - default default] 10.0.0.21 "POST /v2.0/networks HTTP/1.1" status: 201 len: 831 time: 0.4259667
2026-03-31 06:24:59.767 9 WARNING neutron.scheduler.dhcp_agent_scheduler [None req-534eba93-ed56-4da2-934c-343a42ceca51 fdac87b971834c5c81c270e5a8ce07ed 929ac0a0670d4c8885475ffcf79ddff3 - - default default] No more DHCP agents
2026-03-31 06:24:59.768 9 WARNING neutron.api.rpc.agentnotifiers.dhcp_rpc_agent_api [None req-534eba93-ed56-4da2-934c-343a42ceca51 fdac87b971834c5c81c270e5a8ce07ed 929ac0a0670d4c8885475ffcf79ddff3 - - default default] Unable to schedule network b84b3bf7-dc47-4e1a-9224-d1b95d8b56e9: no agents available; will retry on subsequent port and subnet creation events.
2026-03-31 06:24:59.771 10 INFO neutron.api.wsgi [None req-7fafeda9-2965-4f04-8cb6-06d098cb03fb 64d24a59e32f40648acf67407f1fef9e d3ba2ed152504bb7a8d0b0cc2d1ea0d5 - - default default] 10.0.0.21 "PUT /v2.0/networks/016058bf-ac1e-47b0-9faf-41f80b866f6a/tags HTTP/1.1" status: 200 len: 218 time: 0.0368030
2026-03-31 06:24:59.811 10 INFO neutron.api.wsgi [None req-9ad54105-1491-4540-9993-e8939122bed5 64d24a59e32f40648acf67407f1fef9e d3ba2ed152504bb7a8d0b0cc2d1ea0d5 - - default default] 10.0.0.21 "GET /v2.0/networks/016058bf-ac1e-47b0-9faf-41f80b866f6a/tags HTTP/1.1" status: 200 len: 218 time: 0.0355170
2026-03-31 06:24:59.817 10 INFO neutron.api.wsgi [None req-953fcf49-9cab-4a79-810b-7732fa98fb66 64a49e09cdbe44089caa08a4edeeff1f 84c8a26e8ed44e5987a4b1f5886695a1 - - default default] 10.0.0.21 "GET /v2.0/subnets/1722c64e-8629-4845-a492-3a7ee412436b HTTP/1.1" status: 200 len: 869 time: 0.0302346
2026-03-31 06:24:59.839 9 INFO neutron.db.ovn_revision_numbers_db [None req-534eba93-ed56-4da2-934c-343a42ceca51 fdac87b971834c5c81c270e5a8ce07ed 929ac0a0670d4c8885475ffcf79ddff3 - - default default] Successfully bumped revision number for resource 93badf80-e2f9-4cb7-b3d9-4dc2d5fb9426 (type: ports) to 1
2026-03-31 06:24:59.845 10 INFO neutron.api.wsgi [None req-bf669048-af84-4791-89d2-8ecd68f0d7f8 64d24a59e32f40648acf67407f1fef9e d3ba2ed152504bb7a8d0b0cc2d1ea0d5 - - default default] 10.0.0.21 "PUT /v2.0/networks/f458a95f-0c29-4684-8320-0a824b785cc3/tags HTTP/1.1" status: 200 len: 210 time: 0.0309498 /var/lib/openstack/lib/python3.12/site-packages/pycadf/identifier.py:71: UserWarning: Invalid uuid: neutron. To ensure interoperability, identifiers should be a valid uuid. warnings.warn(('Invalid uuid: %s. To ensure interoperability, '
2026-03-31 06:24:59.864 9 INFO neutron.api.wsgi [None req-534eba93-ed56-4da2-934c-343a42ceca51 fdac87b971834c5c81c270e5a8ce07ed 929ac0a0670d4c8885475ffcf79ddff3 - - default default] 10.0.0.21 "POST /v2.0/ports HTTP/1.1" status: 201 len: 942 time: 0.3279562
2026-03-31 06:24:59.877 9 INFO neutron.api.wsgi [None req-d16b3c62-554e-40de-8e6d-4f6e77575e1a 64d24a59e32f40648acf67407f1fef9e d3ba2ed152504bb7a8d0b0cc2d1ea0d5 - - default default] 10.0.0.21 "GET /v2.0/networks/f458a95f-0c29-4684-8320-0a824b785cc3/tags HTTP/1.1" status: 200 len: 210 time: 0.0268540
2026-03-31 06:24:59.915 9 INFO neutron.api.wsgi [None req-8c10fe3c-82b4-4b36-b13e-287871d0aa9b 64d24a59e32f40648acf67407f1fef9e d3ba2ed152504bb7a8d0b0cc2d1ea0d5 - - default default] 10.0.0.21 "PUT /v2.0/networks/f458a95f-0c29-4684-8320-0a824b785cc3/tags HTTP/1.1" status: 200 len: 205 time: 0.0333915
2026-03-31 06:24:59.920 10 INFO neutron.api.wsgi [None req-a7658a84-8a78-440b-8b25-fa9613372e0a fdac87b971834c5c81c270e5a8ce07ed 929ac0a0670d4c8885475ffcf79ddff3 - - default default] 10.0.0.21 "PUT /v2.0/ports/93badf80-e2f9-4cb7-b3d9-4dc2d5fb9426/tags HTTP/1.1" status: 200 len: 218 time: 0.0494347
2026-03-31 06:24:59.959 10 INFO neutron.api.wsgi [None req-b27ad1ef-2e92-4374-887e-b60aceb8e5b9 fdac87b971834c5c81c270e5a8ce07ed 929ac0a0670d4c8885475ffcf79ddff3 - - default default] 10.0.0.21 "GET /v2.0/ports/93badf80-e2f9-4cb7-b3d9-4dc2d5fb9426/tags HTTP/1.1" status: 200 len: 218 time: 0.0333772
2026-03-31 06:24:59.962 9 INFO neutron.api.wsgi [None req-e7c40f0b-a344-4d5d-ab38-159c9b857b61 64d24a59e32f40648acf67407f1fef9e d3ba2ed152504bb7a8d0b0cc2d1ea0d5 - - default default] 10.0.0.21 "GET /v2.0/networks/f458a95f-0c29-4684-8320-0a824b785cc3/tags HTTP/1.1" status: 200 len: 205 time: 0.0408027
2026-03-31 06:24:59.995 9 INFO neutron.api.wsgi [None req-d44a89b2-d660-44d7-94b9-ec5636671235 64d24a59e32f40648acf67407f1fef9e d3ba2ed152504bb7a8d0b0cc2d1ea0d5 - - default default] 10.0.0.21 "GET /v2.0/networks/016058bf-ac1e-47b0-9faf-41f80b866f6a/tags HTTP/1.1" status: 200 len: 218 time: 0.0282247
2026-03-31 06:25:00.005 10 INFO neutron.api.wsgi [None req-bbde1879-58d9-4435-9116-deb0e7d7da98 fdac87b971834c5c81c270e5a8ce07ed 929ac0a0670d4c8885475ffcf79ddff3 - - default default] 10.0.0.21 "PUT /v2.0/ports/93badf80-e2f9-4cb7-b3d9-4dc2d5fb9426/tags/green HTTP/1.1" status: 201 len: 201 time: 0.0416143
2026-03-31 06:25:00.045 10 INFO neutron.api.wsgi [None req-6c0f76e3-5ca2-4362-a00b-930c4b09c558 fdac87b971834c5c81c270e5a8ce07ed 929ac0a0670d4c8885475ffcf79ddff3 - - default default] 10.0.0.21 "GET /v2.0/ports/93badf80-e2f9-4cb7-b3d9-4dc2d5fb9426/tags HTTP/1.1" status: 200 len: 227 time: 0.0340402
2026-03-31 06:25:00.082 10 INFO neutron.api.wsgi [None req-dc84340f-24e8-4daf-888e-0afa64a75b7b fdac87b971834c5c81c270e5a8ce07ed 929ac0a0670d4c8885475ffcf79ddff3 - - default default] 10.0.0.21 "PUT /v2.0/ports/93badf80-e2f9-4cb7-b3d9-4dc2d5fb9426/tags/red HTTP/1.1" status: 201 len: 201 time: 0.0328000
2026-03-31 06:25:00.118 10 INFO neutron.api.wsgi [None req-0a42b81c-908d-4e82-befe-8b46ed721c62 fdac87b971834c5c81c270e5a8ce07ed 929ac0a0670d4c8885475ffcf79ddff3 - - default default] 10.0.0.21 "GET /v2.0/ports/93badf80-e2f9-4cb7-b3d9-4dc2d5fb9426/tags HTTP/1.1" status: 200 len: 227 time: 0.0314174
2026-03-31 06:25:00.205 9 INFO neutron.api.wsgi [None req-1523ee5e-f888-4572-8e08-a464e9965562 fdac87b971834c5c81c270e5a8ce07ed 929ac0a0670d4c8885475ffcf79ddff3 - - default default] 10.0.0.21 "PUT /v2.0/ports/93badf80-e2f9-4cb7-b3d9-4dc2d5fb9426/tags/black.or.white HTTP/1.1" status: 201 len: 201 time: 0.0798588
2026-03-31 06:25:00.244 9 INFO neutron.api.wsgi [None req-6464c870-428e-478f-9383-3f92480e8074 fdac87b971834c5c81c270e5a8ce07ed 929ac0a0670d4c8885475ffcf79ddff3 - - default default] 10.0.0.21 "GET /v2.0/ports/93badf80-e2f9-4cb7-b3d9-4dc2d5fb9426/tags HTTP/1.1" status: 200 len: 245 time: 0.0334685
2026-03-31 06:25:00.246 10 INFO neutron.api.wsgi [-] 10.0.0.13 "GET / HTTP/1.1" status: 200 len: 247 time: 0.0019863
2026-03-31 06:25:00.248 10 INFO neutron.api.wsgi [-] 10.0.0.13 "GET / HTTP/1.1" status: 200 len: 247 time: 0.0013647
2026-03-31 06:25:00.296 9 INFO neutron.api.wsgi [None req-d996b1e1-5b08-4d0e-9965-f6be03f604c3 fdac87b971834c5c81c270e5a8ce07ed 929ac0a0670d4c8885475ffcf79ddff3 - - default default] 10.0.0.21 "PUT /v2.0/ports/93badf80-e2f9-4cb7-b3d9-4dc2d5fb9426/tags HTTP/1.1" status: 200 len: 230 time: 0.0483220
2026-03-31 06:25:00.329 9 INFO neutron.services.segments.plugin [-] Segment ab61e253-f058-4e14-9017-abd13cfe1736 resource provider aggregate not found
2026-03-31 06:25:00.332 9 INFO neutron.services.segments.plugin [-] Segment ab61e253-f058-4e14-9017-abd13cfe1736 resource provider aggregate not found
2026-03-31 06:25:00.341 9 INFO neutron.services.segments.plugin [-] Segment ab61e253-f058-4e14-9017-abd13cfe1736 resource provider not found; error: Placement Client Error (4xx): {"errors": [{"status": 404, "title": "Not Found", "detail": "The resource could not be found.\n\n No resource provider with uuid ab61e253-f058-4e14-9017-abd13cfe1736 found for delete ", "request_id": "req-84f6c883-1b9e-46b0-b7c9-c5571cd79522"}]}
2026-03-31 06:25:00.342 10 INFO neutron.api.wsgi [None req-00e4b87e-58f8-493a-85b8-a348e06f08e9 fdac87b971834c5c81c270e5a8ce07ed 929ac0a0670d4c8885475ffcf79ddff3 - - default default] 10.0.0.21 "GET /v2.0/ports/93badf80-e2f9-4cb7-b3d9-4dc2d5fb9426/tags HTTP/1.1" status: 200 len: 230 time: 0.0400152
2026-03-31 06:25:00.346 9 INFO neutron.services.segments.plugin [-] Segment ab61e253-f058-4e14-9017-abd13cfe1736 resource provider not found; error: Placement Client Error (4xx): {"errors": [{"status": 404, "title": "Not Found", "detail": "The resource could not be found.\n\n No resource provider with uuid ab61e253-f058-4e14-9017-abd13cfe1736 found for delete ", "request_id": "req-8e76012f-5586-453f-920e-24824ece1fda"}]}
2026-03-31 06:25:00.366 9 INFO neutron.api.wsgi [None req-4e9d3f77-7e33-46fc-9a3b-d07e6948a467 64d24a59e32f40648acf67407f1fef9e d3ba2ed152504bb7a8d0b0cc2d1ea0d5 - - default default] 10.0.0.21 "DELETE /v2.0/networks/016058bf-ac1e-47b0-9faf-41f80b866f6a HTTP/1.1" status: 204 len: 168 time: 0.3510921
2026-03-31 06:25:00.373 10 INFO neutron.api.wsgi [None req-135de35e-0cc9-415b-8dc7-d7d1341d5206 fdac87b971834c5c81c270e5a8ce07ed 929ac0a0670d4c8885475ffcf79ddff3 - - default default] 10.0.0.21 "GET /v2.0/ports/93badf80-e2f9-4cb7-b3d9-4dc2d5fb9426/tags/red HTTP/1.1" status: 204 len: 168 time: 0.0273128
2026-03-31 06:25:00.417 9 INFO neutron.api.v2.resource [None req-005a49fa-b8c6-4f5e-8013-23b4e6fa47da fdac87b971834c5c81c270e5a8ce07ed 929ac0a0670d4c8885475ffcf79ddff3 - - default default] show failed (client error): The resource could not be found.
2026-03-31 06:25:00.419 9 INFO neutron.api.wsgi [None req-005a49fa-b8c6-4f5e-8013-23b4e6fa47da fdac87b971834c5c81c270e5a8ce07ed 929ac0a0670d4c8885475ffcf79ddff3 - - default default] 10.0.0.21 "GET /v2.0/ports/93badf80-e2f9-4cb7-b3d9-4dc2d5fb9426/tags/green HTTP/1.1" status: 404 len: 299 time: 0.0399907
2026-03-31 06:25:00.495 10 INFO neutron.api.wsgi [None req-f4f535bb-3515-4079-940c-19355fb87d41 fdac87b971834c5c81c270e5a8ce07ed 929ac0a0670d4c8885475ffcf79ddff3 - - default default] 10.0.0.21 "DELETE /v2.0/ports/93badf80-e2f9-4cb7-b3d9-4dc2d5fb9426/tags/red HTTP/1.1" status: 204 len: 168 time: 0.0721738
2026-03-31 06:25:00.529 10 INFO neutron.api.wsgi [None req-f6d763a2-26bb-414e-80a0-15fc1f971278 fdac87b971834c5c81c270e5a8ce07ed 929ac0a0670d4c8885475ffcf79ddff3 - - default default] 10.0.0.21 "GET /v2.0/ports/93badf80-e2f9-4cb7-b3d9-4dc2d5fb9426/tags HTTP/1.1" status: 200 len: 223 time: 0.0299430
2026-03-31 06:25:00.593 10 INFO neutron.api.v2.resource [None req-f2b54b52-961c-4dec-800c-a12b6d00c4a1 fdac87b971834c5c81c270e5a8ce07ed 929ac0a0670d4c8885475ffcf79ddff3 - - default default] delete failed (client error): The resource could not be found.
2026-03-31 06:25:00.594 10 INFO neutron.api.wsgi [None req-f2b54b52-961c-4dec-800c-a12b6d00c4a1 fdac87b971834c5c81c270e5a8ce07ed 929ac0a0670d4c8885475ffcf79ddff3 - - default default] 10.0.0.21 "DELETE /v2.0/ports/93badf80-e2f9-4cb7-b3d9-4dc2d5fb9426/tags/green HTTP/1.1" status: 404 len: 299 time: 0.0612147
2026-03-31 06:25:00.644 9 INFO neutron.api.wsgi [None req-50033eb4-0c6c-45eb-a1da-73846f95a972 fdac87b971834c5c81c270e5a8ce07ed 929ac0a0670d4c8885475ffcf79ddff3 - - default default] 10.0.0.21 "DELETE /v2.0/ports/93badf80-e2f9-4cb7-b3d9-4dc2d5fb9426/tags HTTP/1.1" status: 204 len: 168 time: 0.0471416
2026-03-31 06:25:00.694 10 INFO neutron.api.wsgi [None req-0a9a84ee-f740-4dcd-8462-fe4364e7e8c5 fdac87b971834c5c81c270e5a8ce07ed 929ac0a0670d4c8885475ffcf79ddff3 - - default default] 10.0.0.21 "GET /v2.0/ports/93badf80-e2f9-4cb7-b3d9-4dc2d5fb9426/tags HTTP/1.1" status: 200 len: 205 time: 0.0442805
2026-03-31 06:25:00.781 9 INFO neutron.api.wsgi [None req-dcbf2d47-2428-4b6d-a0cb-0443a40fc862 64d24a59e32f40648acf67407f1fef9e d3ba2ed152504bb7a8d0b0cc2d1ea0d5 - - default default] 10.0.0.21 "DELETE /v2.0/networks/f458a95f-0c29-4684-8320-0a824b785cc3 HTTP/1.1" status: 204 len: 168 time: 0.4098749
2026-03-31 06:25:00.973 10 INFO neutron.api.wsgi [None req-c51314ad-6099-4219-9428-dbffe8e49838 fdac87b971834c5c81c270e5a8ce07ed 929ac0a0670d4c8885475ffcf79ddff3 - - default default] 10.0.0.21 "DELETE /v2.0/ports/93badf80-e2f9-4cb7-b3d9-4dc2d5fb9426 HTTP/1.1" status: 204 len: 168 time: 0.2718990
2026-03-31 06:25:01.203 10 INFO neutron.api.wsgi [None req-fd3d3bc1-fad8-4fb9-8e68-3d31e104c451 0c8cfa4133454b3097b7c50077b745de a0ca050bdd2a42b38f5eef964bc59a02 - - default default] 10.0.0.25 "GET /v2.0/extensions/security-group HTTP/1.1" status: 200 len: 369 time: 0.2446308
2026-03-31 06:25:01.211 10 INFO neutron.api.wsgi [None req-693a27a8-60f6-4ff8-acd2-b78c23416e65 0c8cfa4133454b3097b7c50077b745de a0ca050bdd2a42b38f5eef964bc59a02 - - default default] 10.0.0.25 "GET /v2.0/extensions/dns-integration HTTP/1.1" status: 200 len: 371 time: 0.0036504
2026-03-31 06:25:01.219 10 INFO neutron.api.wsgi [None req-9f077699-d1ce-4d4a-a193-d90d367d68fb 0c8cfa4133454b3097b7c50077b745de a0ca050bdd2a42b38f5eef964bc59a02 - - default default] 10.0.0.25 "GET /v2.0/extensions/qos HTTP/1.1" status: 200 len: 365 time: 0.0038006
2026-03-31 06:25:01.225 10 INFO neutron.api.wsgi [None req-4b40a0a7-f24d-40ce-8d1d-fd45a36e9c7b 0c8cfa4133454b3097b7c50077b745de a0ca050bdd2a42b38f5eef964bc59a02 - - default default] 10.0.0.25 "GET /v2.0/extensions/allowed-address-pairs HTTP/1.1" status: 200 len: 383 time: 0.0029271
2026-03-31 06:25:01.373 10 INFO neutron.services.segments.plugin [-] Segment 991b56c3-c71d-416e-990a-8a14ffae66c4 resource provider aggregate not found
2026-03-31 06:25:01.379 10 INFO neutron.services.segments.plugin [-] Segment 991b56c3-c71d-416e-990a-8a14ffae66c4 resource provider aggregate not found
2026-03-31 06:25:01.395 10 INFO neutron.services.segments.plugin [-] Segment 991b56c3-c71d-416e-990a-8a14ffae66c4 resource provider not found; error: Placement Client Error (4xx): {"errors": [{"status": 404, "title": "Not Found", "detail": "The resource could not be found.\n\n No resource provider with uuid 991b56c3-c71d-416e-990a-8a14ffae66c4 found for delete ", "request_id": "req-3be56260-4965-417f-8454-672fe27701b5"}]}
2026-03-31 06:25:01.396 10 INFO neutron.services.segments.plugin [-] Segment 991b56c3-c71d-416e-990a-8a14ffae66c4 resource provider not found; error: Placement Client Error (4xx): {"errors": [{"status": 404, "title": "Not Found", "detail": "The resource could not be found.\n\n No resource provider with uuid 991b56c3-c71d-416e-990a-8a14ffae66c4 found for delete ", "request_id": "req-acf1b7c2-b737-4205-a5fa-578988a86205"}]}
2026-03-31 06:25:01.407 10 INFO neutron.api.wsgi [None req-40876652-4c01-4e31-a774-5d7bf9bec9b2 fdac87b971834c5c81c270e5a8ce07ed 929ac0a0670d4c8885475ffcf79ddff3 - - default default] 10.0.0.21 "DELETE /v2.0/networks/b84b3bf7-dc47-4e1a-9224-d1b95d8b56e9 HTTP/1.1" status: 204 len: 168 time: 0.4267972
2026-03-31 06:25:01.668 9 INFO neutron.api.wsgi [None req-acfd50fd-37f2-4369-a40b-075c395af9cf 0c8cfa4133454b3097b7c50077b745de a0ca050bdd2a42b38f5eef964bc59a02 - - default default] 10.0.0.21 "GET /v2.0/security-groups?tenant_id=d3ba2ed152504bb7a8d0b0cc2d1ea0d5&name=default HTTP/1.1" status: 200 len: 3124 time: 0.2436414
2026-03-31 06:25:01.826 9 INFO neutron.api.wsgi [-] 10.0.0.25 "GET / HTTP/1.1" status: 200 len: 284 time: 0.0018673
2026-03-31 06:25:01.868 10 INFO neutron.api.wsgi [None req-1f395efb-ea89-4d2f-bcc0-668d72d3088e 4b74c0136ed54fe5ae70aa1357de939f a8d4e6dffa0748baaf86f788e69a8210 - - default default] 10.0.0.25 "GET /v2.0/subnets/1722c64e-8629-4845-a492-3a7ee412436b HTTP/1.1" status: 200 len: 856 time: 0.0236380
2026-03-31 06:25:01.874 9 INFO neutron.api.wsgi [None req-f08d6117-6cba-4967-8673-4243b50fe77f 0c8cfa4133454b3097b7c50077b745de a0ca050bdd2a42b38f5eef964bc59a02 - - default default] 10.0.0.21 "DELETE /v2.0/security-groups/794577c9-fa3f-4e62-ae3d-6ffbdab182d5 HTTP/1.1" status: 204 len: 168 time: 0.1985638
2026-03-31 06:25:01.880 10 INFO neutron.api.wsgi [None req-e8429741-570b-43bf-b20a-cdd584d7b358 0c8cfa4133454b3097b7c50077b745de a0ca050bdd2a42b38f5eef964bc59a02 - - default default] 10.0.0.25 "GET /v2.0/extensions/security-group HTTP/1.1" status: 200 len: 369 time: 0.0048068
2026-03-31 06:25:01.894 10 INFO neutron.api.wsgi [None req-3529663d-c996-4c42-b0b1-7a8868d1bacd 0c8cfa4133454b3097b7c50077b745de a0ca050bdd2a42b38f5eef964bc59a02 - - default default] 10.0.0.25 "GET /v2.0/extensions/dns-integration HTTP/1.1" status: 200 len: 371 time: 0.0054955
2026-03-31 06:25:01.906 10 INFO neutron.api.wsgi [None req-78be94fa-3b95-43ed-a8ef-712615a3fee5 0c8cfa4133454b3097b7c50077b745de a0ca050bdd2a42b38f5eef964bc59a02 - - default default] 10.0.0.25 "GET /v2.0/extensions/qos HTTP/1.1" status: 200 len: 365 time: 0.0076709
2026-03-31 06:25:01.917 10 INFO neutron.api.wsgi [None req-e6f67956-6a9d-4dd3-9852-4144a1be5831 0c8cfa4133454b3097b7c50077b745de a0ca050bdd2a42b38f5eef964bc59a02 - - default default] 10.0.0.25 "GET /v2.0/extensions/allowed-address-pairs HTTP/1.1" status: 200 len: 383 time: 0.0039344
2026-03-31 06:25:01.947 10 INFO neutron.api.wsgi [None req-a8c6aace-fb13-4765-8560-04bd4ad82277 0c8cfa4133454b3097b7c50077b745de a0ca050bdd2a42b38f5eef964bc59a02 - - default default] 10.0.0.25 "GET /v2.0/subnets/1722c64e-8629-4845-a492-3a7ee412436b HTTP/1.1" status: 200 len: 874 time: 0.0234199
2026-03-31 06:25:02.018 10 INFO neutron.api.wsgi [None req-fcd49435-2347-4e7e-9149-2ecb987cc18d 0c8cfa4133454b3097b7c50077b745de a0ca050bdd2a42b38f5eef964bc59a02 - - default default] 10.0.0.25 "GET /v2.0/extensions/security-group HTTP/1.1" status: 200 len: 369 time: 0.0037301
2026-03-31 06:25:02.032 10 INFO neutron.api.wsgi [None req-7c97dde5-2f54-4c94-973a-bcbe11ec3b8e 0c8cfa4133454b3097b7c50077b745de a0ca050bdd2a42b38f5eef964bc59a02 - - default default] 10.0.0.25 "GET /v2.0/extensions/dns-integration HTTP/1.1" status: 200 len: 371 time: 0.0044549
2026-03-31 06:25:02.038 10 INFO neutron.api.wsgi [None req-2ff889bd-88e6-4672-b19e-045d53db19a8 0c8cfa4133454b3097b7c50077b745de a0ca050bdd2a42b38f5eef964bc59a02 - - default default] 10.0.0.25 "GET /v2.0/extensions/qos HTTP/1.1" status: 200 len: 365 time: 0.0031896
2026-03-31 06:25:02.049 10 INFO neutron.api.wsgi [None req-0b9387d5-3696-4d54-9a7f-4dcd50aa5313 0c8cfa4133454b3097b7c50077b745de a0ca050bdd2a42b38f5eef964bc59a02 - - default default] 10.0.0.25 "GET /v2.0/extensions/allowed-address-pairs HTTP/1.1" status: 200 len: 383 time: 0.0038872
2026-03-31 06:25:02.106 10 INFO neutron.api.wsgi [None req-0642c621-609b-41f9-83ea-6f3bc19b707f 0c8cfa4133454b3097b7c50077b745de a0ca050bdd2a42b38f5eef964bc59a02 - - default default] 10.0.0.25 "GET /v2.0/networks/d5d08aee-02de-4495-a201-0f9e8a9a1809 HTTP/1.1" status: 200 len: 1002 time: 0.0507514
2026-03-31 06:25:02.113 10 INFO neutron.db.ovn_revision_numbers_db [None req-361dca14-db3c-4cd8-a604-8cd5cd484d7c 0c8cfa4133454b3097b7c50077b745de a0ca050bdd2a42b38f5eef964bc59a02 - - default default] Successfully bumped revision number for resource d5bfd2e4-b7c8-4015-b629-bea408a7a56d (type: security_groups) to 1
2026-03-31 06:25:02.118 10 INFO neutron.api.wsgi [None req-dbafabe7-7309-4e44-9e2f-6d8bb7f773e8 0c8cfa4133454b3097b7c50077b745de a0ca050bdd2a42b38f5eef964bc59a02 - - default default] 10.0.0.25 "GET /v2.0/extensions/project-id HTTP/1.1" status: 200 len: 403 time: 0.0035262
2026-03-31 06:25:02.136 10 INFO neutron.db.ovn_revision_numbers_db [None req-361dca14-db3c-4cd8-a604-8cd5cd484d7c 0c8cfa4133454b3097b7c50077b745de a0ca050bdd2a42b38f5eef964bc59a02 - - default default] Successfully bumped revision number for resource 080f7dde-c669-4418-b5e6-d563264919c8 (type: security_group_rules) to 0
2026-03-31 06:25:02.155 10 INFO neutron.db.ovn_revision_numbers_db [None req-361dca14-db3c-4cd8-a604-8cd5cd484d7c 0c8cfa4133454b3097b7c50077b745de a0ca050bdd2a42b38f5eef964bc59a02 - - default default] Successfully bumped revision number for resource 28d3aad3-3e42-409d-ab8d-c2dd1210d8fb (type: security_group_rules) to 0
2026-03-31 06:25:02.175 10 INFO neutron.db.ovn_revision_numbers_db [None req-361dca14-db3c-4cd8-a604-8cd5cd484d7c 0c8cfa4133454b3097b7c50077b745de a0ca050bdd2a42b38f5eef964bc59a02 - - default default] Successfully bumped revision number for resource 55a2d56b-c291-4184-84b3-a037fd47a678 (type: security_group_rules) to 0
2026-03-31 06:25:02.191 10 INFO neutron.db.ovn_revision_numbers_db [None req-361dca14-db3c-4cd8-a604-8cd5cd484d7c 0c8cfa4133454b3097b7c50077b745de a0ca050bdd2a42b38f5eef964bc59a02 - - default default] Successfully bumped revision number for resource b46073ea-bae9-4dc5-a4b6-2f325254943c (type: security_group_rules) to 0
2026-03-31 06:25:02.237 10 INFO neutron.api.wsgi [None req-361dca14-db3c-4cd8-a604-8cd5cd484d7c 0c8cfa4133454b3097b7c50077b745de a0ca050bdd2a42b38f5eef964bc59a02 - - default default] 10.0.0.21 "GET /v2.0/security-groups?tenant_id=5e46be0f5e664a4cbd01e640893cffcf&name=default HTTP/1.1" status: 200 len: 3124 time: 0.2582686
2026-03-31 06:25:02.359 9 INFO neutron.services.segments.plugin [-] Segment 542cd5e5-54bf-46b4-8f2d-53e229908445 resource provider aggregate not found
2026-03-31 06:25:02.367 9 INFO neutron.services.segments.plugin [-] Segment 542cd5e5-54bf-46b4-8f2d-53e229908445 resource provider aggregate not found
2026-03-31 06:25:02.374 9 INFO neutron.services.segments.plugin [-] Segment 542cd5e5-54bf-46b4-8f2d-53e229908445 resource provider not found; error: Placement Client Error (4xx): {"errors": [{"status": 404, "title": "Not Found", "detail": "The resource could not be found.\n\n No resource provider with uuid 542cd5e5-54bf-46b4-8f2d-53e229908445 found for delete ", "request_id": "req-ff81fc27-80cf-4783-99a7-5a6962e97dbe"}]}
2026-03-31 06:25:02.380 9 INFO neutron.services.segments.plugin [-] Segment 542cd5e5-54bf-46b4-8f2d-53e229908445 resource provider not found; error: Placement Client Error (4xx): {"errors": [{"status": 404, "title": "Not Found", "detail": "The resource could not be found.\n\n No resource provider with uuid 542cd5e5-54bf-46b4-8f2d-53e229908445 found for delete ", "request_id": "req-e59f8b3c-6907-4e6c-97a2-d70424a2eeaa"}]}
2026-03-31 06:25:02.391 9 INFO neutron.db.ovn_revision_numbers_db [None req-c8431c9d-dd2e-4e83-b614-7309f10f6dd7 0c8cfa4133454b3097b7c50077b745de a0ca050bdd2a42b38f5eef964bc59a02 - - default default] Successfully bumped revision number for resource 3abe9e8b-26b2-42c5-b949-d52344a68581 (type: security_groups) to 1
2026-03-31 06:25:02.408 9 INFO neutron.db.ovn_revision_numbers_db [None req-c8431c9d-dd2e-4e83-b614-7309f10f6dd7 0c8cfa4133454b3097b7c50077b745de a0ca050bdd2a42b38f5eef964bc59a02 - - default default] Successfully bumped revision number for resource 0914cbbc-4eb1-49c0-83bb-f6e3714a2e32 (type: security_group_rules) to 0
2026-03-31 06:25:02.427 9 INFO neutron.db.ovn_revision_numbers_db [None req-c8431c9d-dd2e-4e83-b614-7309f10f6dd7 0c8cfa4133454b3097b7c50077b745de a0ca050bdd2a42b38f5eef964bc59a02 - - default default] Successfully bumped revision number for resource 69d979da-127a-495e-8cde-b7973c01badb (type: security_group_rules) to 0
2026-03-31 06:25:02.430 10 WARNING neutron.scheduler.dhcp_agent_scheduler [None req-032e6a46-e5ad-4407-8f26-87eb84db1823 0c8cfa4133454b3097b7c50077b745de a0ca050bdd2a42b38f5eef964bc59a02 - - default default] No more DHCP agents
2026-03-31 06:25:02.432 10 WARNING neutron.api.rpc.agentnotifiers.dhcp_rpc_agent_api [None req-032e6a46-e5ad-4407-8f26-87eb84db1823 0c8cfa4133454b3097b7c50077b745de a0ca050bdd2a42b38f5eef964bc59a02 - - default default] Unable to schedule network d5d08aee-02de-4495-a201-0f9e8a9a1809: no agents available; will retry on subsequent port and subnet creation events.
2026-03-31 06:25:02.441 9 INFO neutron.db.ovn_revision_numbers_db [None req-c8431c9d-dd2e-4e83-b614-7309f10f6dd7 0c8cfa4133454b3097b7c50077b745de a0ca050bdd2a42b38f5eef964bc59a02 - - default default] Successfully bumped revision number for resource 853ab7d4-4ec8-4d01-acf3-81e1730a8753 (type: security_group_rules) to 0
2026-03-31 06:25:02.457 9 INFO neutron.db.ovn_revision_numbers_db [None req-c8431c9d-dd2e-4e83-b614-7309f10f6dd7 0c8cfa4133454b3097b7c50077b745de a0ca050bdd2a42b38f5eef964bc59a02 - - default default] Successfully bumped revision number for resource a311faa7-4afb-4071-a3b1-17d84b13255c (type: security_group_rules) to 0
2026-03-31 06:25:02.481 9 INFO neutron.api.wsgi [None req-3db3f7e1-21b3-4d88-a858-00a32075757c 0c8cfa4133454b3097b7c50077b745de a0ca050bdd2a42b38f5eef964bc59a02 - - default default] 10.0.0.21 "DELETE /v2.0/security-groups/d5bfd2e4-b7c8-4015-b629-bea408a7a56d HTTP/1.1" status: 204 len: 168 time: 0.2374520
2026-03-31 06:25:02.495 9 INFO neutron.api.wsgi [None req-c8431c9d-dd2e-4e83-b614-7309f10f6dd7 0c8cfa4133454b3097b7c50077b745de a0ca050bdd2a42b38f5eef964bc59a02 - - default default] 10.0.0.21 "GET /v2.0/security-groups?tenant_id=7c4c138f16c0414c8ab8da71604326b9&name=default HTTP/1.1" status: 200 len: 3124 time: 0.4089432
2026-03-31 06:25:02.623 10 INFO neutron.db.ovn_revision_numbers_db [None req-032e6a46-e5ad-4407-8f26-87eb84db1823 0c8cfa4133454b3097b7c50077b745de a0ca050bdd2a42b38f5eef964bc59a02 - - default default] Successfully bumped revision number for resource ceefd085-8aa5-482e-90bc-10c905f20647 (type: ports) to 1
2026-03-31 06:25:02.646 10 INFO neutron.api.wsgi [None req-032e6a46-e5ad-4407-8f26-87eb84db1823 0c8cfa4133454b3097b7c50077b745de a0ca050bdd2a42b38f5eef964bc59a02 - - default default] 10.0.0.25 "POST /v2.0/ports HTTP/1.1" status: 201 len: 1337 time: 0.5223041
2026-03-31 06:25:02.720 9 INFO neutron.api.wsgi [None req-18148979-7775-48c4-a7b7-b4938e7c1c29 0c8cfa4133454b3097b7c50077b745de a0ca050bdd2a42b38f5eef964bc59a02 - - default default] 10.0.0.21 "DELETE /v2.0/security-groups/3abe9e8b-26b2-42c5-b949-d52344a68581 HTTP/1.1" status: 204 len: 168 time: 0.2208469 /var/lib/openstack/lib/python3.12/site-packages/pycadf/identifier.py:71: UserWarning: Invalid uuid: neutron. To ensure interoperability, identifiers should be a valid uuid. warnings.warn(('Invalid uuid: %s. To ensure interoperability, '
2026-03-31 06:25:02.904 10 INFO neutron.api.wsgi [None req-6235d9c8-fd2b-4754-9bdc-574864b43ec3 0c8cfa4133454b3097b7c50077b745de a0ca050bdd2a42b38f5eef964bc59a02 - - default default] 10.0.0.21 "GET /v2.0/security-groups?tenant_id=929ac0a0670d4c8885475ffcf79ddff3&name=default HTTP/1.1" status: 200 len: 3124 time: 0.0310779
2026-03-31 06:25:03.107 10 INFO neutron.api.wsgi [None req-f889a603-b356-4810-93a8-6882060d7b12 0c8cfa4133454b3097b7c50077b745de a0ca050bdd2a42b38f5eef964bc59a02 - - default default] 10.0.0.21 "DELETE /v2.0/security-groups/8092ed7c-1d45-4941-927c-5c70951ccf43 HTTP/1.1" status: 204 len: 168 time: 0.1972213
2026-03-31 06:25:05.472 9 INFO neutron.api.wsgi [None req-c0479e3f-7adc-4001-a2ce-b2fbc0137804 0c8cfa4133454b3097b7c50077b745de a0ca050bdd2a42b38f5eef964bc59a02 - - default default] 199.204.45.30 "GET /v2.0/extensions/security-group HTTP/1.1" status: 200 len: 369 time: 0.1599693
2026-03-31 06:25:05.484 9 INFO neutron.api.wsgi [None req-cd0c806b-6f6f-4d7e-b5b7-9eddd4cc4b64 0c8cfa4133454b3097b7c50077b745de a0ca050bdd2a42b38f5eef964bc59a02 - - default default] 199.204.45.30 "GET /v2.0/extensions/dns-integration HTTP/1.1" status: 200 len: 371 time: 0.0060086
2026-03-31 06:25:05.492 9 INFO neutron.api.wsgi [None req-9a4c66b7-3b5e-4dce-aaf5-5aa959a0382b 0c8cfa4133454b3097b7c50077b745de a0ca050bdd2a42b38f5eef964bc59a02 - - default default] 199.204.45.30 "GET /v2.0/extensions/qos HTTP/1.1" status: 200 len: 365 time: 0.0046291
2026-03-31 06:25:05.502 9 INFO neutron.api.wsgi [None req-0a0ddadc-249e-4a81-ae00-2e7862a102d5 0c8cfa4133454b3097b7c50077b745de a0ca050bdd2a42b38f5eef964bc59a02 - - default default] 199.204.45.30 "GET /v2.0/extensions/allowed-address-pairs HTTP/1.1" status: 200 len: 383 time: 0.0060945
2026-03-31 06:25:05.534 9 INFO neutron.api.wsgi [None req-04f07a4d-a68f-40d1-8139-e59985f18670 0c8cfa4133454b3097b7c50077b745de a0ca050bdd2a42b38f5eef964bc59a02 - - default default] 199.204.45.30 "GET /v2.0/ports/ceefd085-8aa5-482e-90bc-10c905f20647 HTTP/1.1" status: 200 len: 1332 time: 0.0282521
2026-03-31 06:25:05.753 9 INFO neutron.api.wsgi [None req-741a05ca-ca70-4ce7-952f-94ae1ac0b2a7 0c8cfa4133454b3097b7c50077b745de a0ca050bdd2a42b38f5eef964bc59a02 - - default default] 199.204.45.30 "GET /v2.0/extensions/security-group HTTP/1.1" status: 200 len: 369 time: 0.0045874
2026-03-31 06:25:05.760 9 INFO neutron.api.wsgi [None req-5e8773f4-7cc2-45cc-a4be-b8b195b0be84 0c8cfa4133454b3097b7c50077b745de a0ca050bdd2a42b38f5eef964bc59a02 - - default default] 199.204.45.30 "GET /v2.0/extensions/dns-integration HTTP/1.1" status: 200 len: 371 time: 0.0037346
2026-03-31 06:25:05.766 9 INFO neutron.api.wsgi [None req-7bb27d2d-3c96-454e-85d5-de565cda777d 0c8cfa4133454b3097b7c50077b745de a0ca050bdd2a42b38f5eef964bc59a02 - - default default] 199.204.45.30 "GET /v2.0/extensions/qos HTTP/1.1" status: 200 len: 365 time: 0.0038435
2026-03-31 06:25:05.779 9 INFO neutron.api.wsgi [None req-db132ad9-d48c-41cf-b7ad-4f31a351bba7 0c8cfa4133454b3097b7c50077b745de a0ca050bdd2a42b38f5eef964bc59a02 - - default default] 199.204.45.30 "GET /v2.0/extensions/allowed-address-pairs HTTP/1.1" status: 200 len: 383 time: 0.0089631
2026-03-31 06:25:05.798 9 INFO neutron.api.v2.resource [None req-a56e4e73-6264-442f-b619-e4c3f586a132 0c8cfa4133454b3097b7c50077b745de a0ca050bdd2a42b38f5eef964bc59a02 - - default default] show failed (client error): The resource could not be found.
2026-03-31 06:25:05.799 9 INFO neutron.api.wsgi [None req-a56e4e73-6264-442f-b619-e4c3f586a132 0c8cfa4133454b3097b7c50077b745de a0ca050bdd2a42b38f5eef964bc59a02 - - default default] 199.204.45.30 "GET /v2.0/security-groups/lb-c0c9b862-09df-4b7e-93dc-685f561920d5 HTTP/1.1" status: 404 len: 355 time: 0.0144262
2026-03-31 06:25:05.831 9 INFO neutron.api.wsgi [None req-721ca59f-9aaf-4871-8b5d-f93ccd53891c 0c8cfa4133454b3097b7c50077b745de a0ca050bdd2a42b38f5eef964bc59a02 - - default default] 199.204.45.30 "GET /v2.0/security-groups?name=lb-c0c9b862-09df-4b7e-93dc-685f561920d5 HTTP/1.1" status: 200 len: 221 time: 0.0282173
2026-03-31 06:25:05.940 9 INFO neutron.db.ovn_revision_numbers_db [None req-214206df-5abe-47b8-a0fd-072e79f354a1 0c8cfa4133454b3097b7c50077b745de a0ca050bdd2a42b38f5eef964bc59a02 - - default default] Successfully bumped revision number for resource 5977ad4e-455c-4e9c-8e87-8c45d0ee0a5e (type: security_groups) to 1
2026-03-31 06:25:05.950 9 INFO neutron.db.ovn_revision_numbers_db [None req-214206df-5abe-47b8-a0fd-072e79f354a1 0c8cfa4133454b3097b7c50077b745de a0ca050bdd2a42b38f5eef964bc59a02 - - default default] Successfully bumped revision number for resource 3c1538a5-5955-431e-a66d-553c991c24d8 (type: security_group_rules) to 0
2026-03-31 06:25:05.971 9 INFO neutron.db.ovn_revision_numbers_db [None req-214206df-5abe-47b8-a0fd-072e79f354a1 0c8cfa4133454b3097b7c50077b745de a0ca050bdd2a42b38f5eef964bc59a02 - - default default] Successfully bumped revision number for resource 5cacfc0c-3ba1-42af-b176-2ae51f170646 (type: security_group_rules) to 0
2026-03-31 06:25:06.013 9 INFO neutron.api.wsgi [None req-214206df-5abe-47b8-a0fd-072e79f354a1 0c8cfa4133454b3097b7c50077b745de a0ca050bdd2a42b38f5eef964bc59a02 - - default default] 199.204.45.30 "POST /v2.0/security-groups HTTP/1.1" status: 201 len: 1843 time: 0.1753614
2026-03-31 06:25:06.051 9 INFO neutron.api.wsgi [None req-615da13b-832f-4cae-8448-8dc13e2394eb 0c8cfa4133454b3097b7c50077b745de a0ca050bdd2a42b38f5eef964bc59a02 - - default default] 199.204.45.30 "GET /v2.0/security-group-rules?security_group_id=5977ad4e-455c-4e9c-8e87-8c45d0ee0a5e HTTP/1.1" status: 200 len: 1382 time: 0.0334010
2026-03-31 06:25:06.250 10 WARNING neutron_lib.context [None req-fb420ce7-e46a-43a7-8bb2-6637ef4c1253 c375b3d263204866970613f19ae98972 8b0880361a1a40f6b38358413c4e4516 - - default default] Method 'is_advsvc' is deprecated since 2023.2 release (neutron-lib 3.8.0) and will be removed once support for the old RBAC API policies will be removed from Neutron. Please use method 'is_service_role' instead.
2026-03-31 06:25:06.395 10 INFO neutron.db.ovn_revision_numbers_db [None req-fb420ce7-e46a-43a7-8bb2-6637ef4c1253 c375b3d263204866970613f19ae98972 8b0880361a1a40f6b38358413c4e4516 - - default default] Successfully bumped revision number for resource 50c63b91-dfbc-4dfc-86b0-886c5f802255 (type: security_groups) to 1
2026-03-31 06:25:06.397 9 INFO neutron.db.ovn_revision_numbers_db [None req-fcf0eaf2-2f80-4aa3-8b49-e429a008c761 0c8cfa4133454b3097b7c50077b745de a0ca050bdd2a42b38f5eef964bc59a02 - - default default] Successfully bumped revision number for resource ceefd085-8aa5-482e-90bc-10c905f20647 (type: ports) to 2
2026-03-31 06:25:06.408 9 INFO neutron.api.wsgi [None req-fcf0eaf2-2f80-4aa3-8b49-e429a008c761 0c8cfa4133454b3097b7c50077b745de a0ca050bdd2a42b38f5eef964bc59a02 - - default default] 199.204.45.30 "PUT /v2.0/ports/ceefd085-8aa5-482e-90bc-10c905f20647 HTTP/1.1" status: 200 len: 1332 time: 0.3462882
2026-03-31 06:25:06.412 10 INFO neutron.db.ovn_revision_numbers_db [None req-fb420ce7-e46a-43a7-8bb2-6637ef4c1253 c375b3d263204866970613f19ae98972 8b0880361a1a40f6b38358413c4e4516 - - default default] Successfully bumped revision number for resource 2703fff4-d03f-415e-a288-6fde401ffb4f (type: security_group_rules) to 0
2026-03-31 06:25:06.427 10 INFO neutron.db.ovn_revision_numbers_db [None req-fb420ce7-e46a-43a7-8bb2-6637ef4c1253 c375b3d263204866970613f19ae98972 8b0880361a1a40f6b38358413c4e4516 - - default default] Successfully bumped revision number for resource 2dde3109-b87c-4439-8120-dc24a6a3c329 (type: security_group_rules) to 0
2026-03-31 06:25:06.461 10 INFO neutron.db.ovn_revision_numbers_db [None req-fb420ce7-e46a-43a7-8bb2-6637ef4c1253 c375b3d263204866970613f19ae98972 8b0880361a1a40f6b38358413c4e4516 - - default default] Successfully bumped revision number for resource 46b7b8dd-dc0e-4155-b158-a7a86801fe80 (type: security_group_rules) to 0
2026-03-31 06:25:06.474 10 INFO neutron.db.ovn_revision_numbers_db [None req-fb420ce7-e46a-43a7-8bb2-6637ef4c1253 c375b3d263204866970613f19ae98972 8b0880361a1a40f6b38358413c4e4516 - - default default] Successfully bumped revision number for resource 7ee36a64-96f3-4984-99a6-dd4bb6a87481 (type: security_group_rules) to 0 /var/lib/openstack/lib/python3.12/site-packages/pycadf/identifier.py:71: UserWarning: Invalid uuid: neutron. To ensure interoperability, identifiers should be a valid uuid. warnings.warn(('Invalid uuid: %s. To ensure interoperability, '
2026-03-31 06:25:06.482 9 INFO neutron.api.wsgi [None req-af85d6d7-601e-4c07-8560-bbde22ea2a38 0c8cfa4133454b3097b7c50077b745de a0ca050bdd2a42b38f5eef964bc59a02 - - default default] 199.204.45.30 "GET /v2.0/extensions/security-group HTTP/1.1" status: 200 len: 369 time: 0.0056589
2026-03-31 06:25:06.491 9 INFO neutron.api.wsgi [None req-10e4d128-be45-4800-ac86-bd37126744c0 0c8cfa4133454b3097b7c50077b745de a0ca050bdd2a42b38f5eef964bc59a02 - - default default] 199.204.45.30 "GET /v2.0/extensions/dns-integration HTTP/1.1" status: 200 len: 371 time: 0.0044923
2026-03-31 06:25:06.498 9 INFO neutron.api.wsgi [None req-7cb6f3a7-6cd1-4a99-9717-5dd9d937e190 0c8cfa4133454b3097b7c50077b745de a0ca050bdd2a42b38f5eef964bc59a02 - - default default] 199.204.45.30 "GET /v2.0/extensions/qos HTTP/1.1" status: 200 len: 365 time: 0.0041568
2026-03-31 06:25:06.505 9 INFO neutron.api.wsgi [None req-ebe0f4da-1d1c-43bb-a7a8-fde311e336b8 0c8cfa4133454b3097b7c50077b745de a0ca050bdd2a42b38f5eef964bc59a02 - - default default] 199.204.45.30 "GET /v2.0/extensions/allowed-address-pairs HTTP/1.1" status: 200 len: 383 time: 0.0042624
2026-03-31 06:25:06.535 9 INFO neutron.api.wsgi [None req-eb579906-f3fc-4514-8ab2-bab6e334c304 0c8cfa4133454b3097b7c50077b745de a0ca050bdd2a42b38f5eef964bc59a02 - - default default] 199.204.45.30 "GET /v2.0/subnets/1722c64e-8629-4845-a492-3a7ee412436b HTTP/1.1" status: 200 len: 874 time: 0.0254712
2026-03-31 06:25:06.553 10 INFO neutron.db.segments_db [None req-fb420ce7-e46a-43a7-8bb2-6637ef4c1253 c375b3d263204866970613f19ae98972 8b0880361a1a40f6b38358413c4e4516 - - default default] Added segment 6ed7f570-1f02-482d-a0dc-417683c93e0e of type geneve for network 717c912b-d942-44d3-aaa4-73548ee6c78c
2026-03-31 06:25:06.671 10 INFO neutron.db.ovn_revision_numbers_db [None req-fb420ce7-e46a-43a7-8bb2-6637ef4c1253 c375b3d263204866970613f19ae98972 8b0880361a1a40f6b38358413c4e4516 - - default default] Successfully bumped revision number for resource 717c912b-d942-44d3-aaa4-73548ee6c78c (type: networks) to 1
2026-03-31 06:25:06.847 10 WARNING neutron.scheduler.dhcp_agent_scheduler [None req-fb420ce7-e46a-43a7-8bb2-6637ef4c1253 c375b3d263204866970613f19ae98972 8b0880361a1a40f6b38358413c4e4516 - - default default] No more DHCP agents
2026-03-31 06:25:06.848 10 WARNING neutron.api.rpc.agentnotifiers.dhcp_rpc_agent_api [None req-fb420ce7-e46a-43a7-8bb2-6637ef4c1253 c375b3d263204866970613f19ae98972 8b0880361a1a40f6b38358413c4e4516 - - default default] Unable to schedule network 717c912b-d942-44d3-aaa4-73548ee6c78c: no agents available; will retry on subsequent port and subnet creation events.
2026-03-31 06:25:06.923 10 INFO neutron.db.ovn_revision_numbers_db [None req-fb420ce7-e46a-43a7-8bb2-6637ef4c1253 c375b3d263204866970613f19ae98972 8b0880361a1a40f6b38358413c4e4516 - - default default] Successfully bumped revision number for resource 3ac2f783-eba0-446f-ba30-cdefdef708e7 (type: ports) to 1
