2026-03-31 06:23:08.245 10 INFO neutron.db.ovn_revision_numbers_db [None req-a80a47ef-2848-48aa-8eb0-bd03c9350258 0c8cfa4133454b3097b7c50077b745de a0ca050bdd2a42b38f5eef964bc59a02 - - default default] Successfully bumped revision number for resource dd291c8c-a65e-4a76-a248-6a4156049e51 (type: security_groups) to 1
2026-03-31 06:23:08.259 10 INFO neutron.db.ovn_revision_numbers_db [None req-a80a47ef-2848-48aa-8eb0-bd03c9350258 0c8cfa4133454b3097b7c50077b745de a0ca050bdd2a42b38f5eef964bc59a02 - - default default] Successfully bumped revision number for resource 06a73b65-def0-4916-9785-fdb8b971d509 (type: security_group_rules) to 0
2026-03-31 06:23:08.262 9 INFO neutron.api.wsgi [None req-27a9edb6-2e54-4b29-a059-0a59dddedb78 c6e7daf514374230bd8d013065bc98d6 78e7c7238f1f4845916876f1baa97a8e - - default default] 10.0.0.21 "POST /v2.0/security-groups HTTP/1.1" status: 201 len: 1873 time: 0.3261521
2026-03-31 06:23:08.272 10 WARNING neutron_lib.context [None req-f9df0d32-741f-4496-8142-99fe3fb5d8d1 c6e7daf514374230bd8d013065bc98d6 78e7c7238f1f4845916876f1baa97a8e - - default default] Method 'is_advsvc' is deprecated since 2023.2 release (neutron-lib 3.8.0) and will be removed once support for the old RBAC API policies will be removed from Neutron. Please use method 'is_service_role' instead.
2026-03-31 06:23:08.281 10 INFO neutron.db.ovn_revision_numbers_db [None req-a80a47ef-2848-48aa-8eb0-bd03c9350258 0c8cfa4133454b3097b7c50077b745de a0ca050bdd2a42b38f5eef964bc59a02 - - default default] Successfully bumped revision number for resource a8706b2f-90c1-4fbf-8b24-6c9b05a5c16c (type: security_group_rules) to 0
2026-03-31 06:23:08.298 10 INFO neutron.db.ovn_revision_numbers_db [None req-a80a47ef-2848-48aa-8eb0-bd03c9350258 0c8cfa4133454b3097b7c50077b745de a0ca050bdd2a42b38f5eef964bc59a02 - - default default] Successfully bumped revision number for resource f2e3f148-e2e4-45e5-8fba-0405a387ea50 (type: security_group_rules) to 0
2026-03-31 06:23:08.316 10 INFO neutron.db.ovn_revision_numbers_db [None req-a80a47ef-2848-48aa-8eb0-bd03c9350258 0c8cfa4133454b3097b7c50077b745de a0ca050bdd2a42b38f5eef964bc59a02 - - default default] Successfully bumped revision number for resource f53dacad-4e0c-4f0b-a6cd-453a1d452133 (type: security_group_rules) to 0
2026-03-31 06:23:08.361 10 INFO neutron.api.wsgi [None req-a80a47ef-2848-48aa-8eb0-bd03c9350258 0c8cfa4133454b3097b7c50077b745de a0ca050bdd2a42b38f5eef964bc59a02 - - default default] 10.0.0.21 "GET /v2.0/security-groups?tenant_id=8123b8bfcb544740bac8505e7b9361d8&name=default HTTP/1.1" status: 200 len: 3120 time: 0.2765076
2026-03-31 06:23:08.431 10 INFO neutron.db.ovn_revision_numbers_db [None req-f9df0d32-741f-4496-8142-99fe3fb5d8d1 c6e7daf514374230bd8d013065bc98d6 78e7c7238f1f4845916876f1baa97a8e - - default default] Successfully bumped revision number for resource 1282cf36-ee46-4faa-857e-7daaaed9be7d (type: security_group_rules) to 0
2026-03-31 06:23:08.476 10 INFO neutron.api.wsgi [None req-f9df0d32-741f-4496-8142-99fe3fb5d8d1 c6e7daf514374230bd8d013065bc98d6 78e7c7238f1f4845916876f1baa97a8e - - default default] 10.0.0.21 "POST /v2.0/security-group-rules HTTP/1.1" status: 201 len: 796 time: 0.2078047
2026-03-31 06:23:08.486 10 WARNING neutron_lib.context [None req-6ce3061b-4db3-48b6-a9b2-c974cc3433b1 c6e7daf514374230bd8d013065bc98d6 78e7c7238f1f4845916876f1baa97a8e - - default default] Method 'is_advsvc' is deprecated since 2023.2 release (neutron-lib 3.8.0) and will be removed once support for the old RBAC API policies will be removed from Neutron. Please use method 'is_service_role' instead.
2026-03-31 06:23:08.601 10 INFO neutron.api.wsgi [None req-47f2c17d-90f9-4e2e-a8f1-de8ec55ea079 0c8cfa4133454b3097b7c50077b745de a0ca050bdd2a42b38f5eef964bc59a02 - - default default] 10.0.0.21 "DELETE /v2.0/security-groups/dd291c8c-a65e-4a76-a248-6a4156049e51 HTTP/1.1" status: 204 len: 168 time: 0.2352178
2026-03-31 06:23:08.617 9 INFO neutron.db.ovn_revision_numbers_db [None req-ca5f68c8-2af9-4d91-a44d-31236ee3bd6b - - - - - -] Successfully bumped revision number for resource d7b73340-8f37-4dbc-a471-1fa387fc0728 (type: router_ports) to 1
2026-03-31 06:23:08.625 10 INFO neutron.db.ovn_revision_numbers_db [None req-6ce3061b-4db3-48b6-a9b2-c974cc3433b1 c6e7daf514374230bd8d013065bc98d6 78e7c7238f1f4845916876f1baa97a8e - - default default] Successfully bumped revision number for resource 2e811ebb-5764-4cd3-add9-96f3bdafbccb (type: security_group_rules) to 0
2026-03-31 06:23:08.661 10 INFO neutron.api.wsgi [None req-6ce3061b-4db3-48b6-a9b2-c974cc3433b1 c6e7daf514374230bd8d013065bc98d6 78e7c7238f1f4845916876f1baa97a8e - - default default] 10.0.0.21 "POST /v2.0/security-group-rules HTTP/1.1" status: 201 len: 795 time: 0.1780286
2026-03-31 06:23:08.668 10 WARNING neutron_lib.context [None req-c6ce3d1e-1918-4e18-97a7-229adb33575e c6e7daf514374230bd8d013065bc98d6 78e7c7238f1f4845916876f1baa97a8e - - default default] Method 'is_advsvc' is deprecated since 2023.2 release (neutron-lib 3.8.0) and will be removed once support for the old RBAC API policies will be removed from Neutron. Please use method 'is_service_role' instead.
2026-03-31 06:23:08.689 9 INFO neutron.services.segments.plugin [-] Segment dd91e296-0523-44ca-ade6-e361337bef07 resource provider aggregate not found
2026-03-31 06:23:08.692 9 INFO neutron.services.segments.plugin [-] Segment dd91e296-0523-44ca-ade6-e361337bef07 resource provider aggregate not found
2026-03-31 06:23:08.704 9 INFO neutron.services.segments.plugin [-] Segment dd91e296-0523-44ca-ade6-e361337bef07 resource provider not found; error: Placement Client Error (4xx): {"errors": [{"status": 404, "title": "Not Found", "detail": "The resource could not be found.\n\n No resource provider with uuid dd91e296-0523-44ca-ade6-e361337bef07 found for delete ", "request_id": "req-c8eddf90-d843-47e7-afca-234c0eb836b8"}]}
2026-03-31 06:23:08.708 9 INFO neutron.services.segments.plugin [-] Segment dd91e296-0523-44ca-ade6-e361337bef07 resource provider not found; error: Placement Client Error (4xx): {"errors": [{"status": 404, "title": "Not Found", "detail": "The resource could not be found.\n\n No resource provider with uuid dd91e296-0523-44ca-ade6-e361337bef07 found for delete ", "request_id": "req-3ec7abed-296f-406c-ae1e-e09379ab4235"}]}
2026-03-31 06:23:08.734 9 INFO neutron.api.wsgi [None req-9c5b3f0e-ea57-4150-9aba-f1680a0f8bf3 fb18fe3ff9464c1d80fc47c5e4ad038d 5d501743fad9431faa33e08ca8790e99 - - default default] 10.0.0.21 "DELETE /v2.0/networks/7f4bc2a6-c3fe-4e09-8055-61c208d04e45 HTTP/1.1" status: 204 len: 168 time: 0.6548142
2026-03-31 06:23:08.765 10 INFO neutron.pecan_wsgi.hooks.translation [None req-a6baa501-0707-430a-bc80-34d6e0bc287b fb18fe3ff9464c1d80fc47c5e4ad038d 5d501743fad9431faa33e08ca8790e99 - - default default] DELETE failed (client error): The resource could not be found.
2026-03-31 06:23:08.768 10 INFO neutron.api.wsgi [None req-a6baa501-0707-430a-bc80-34d6e0bc287b fb18fe3ff9464c1d80fc47c5e4ad038d 5d501743fad9431faa33e08ca8790e99 - - default default] 10.0.0.21 "DELETE /v2.0/subnets/9ee7d0a4-9244-4283-ab84-f7b14dc5ccae HTTP/1.1" status: 404 len: 337 time: 0.0272715
2026-03-31 06:23:08.780 10 INFO neutron.pecan_wsgi.hooks.translation [None req-bea26736-a667-4038-8809-3cf069dc017b fb18fe3ff9464c1d80fc47c5e4ad038d 5d501743fad9431faa33e08ca8790e99 - - default default] DELETE failed (client error): The resource could not be found.
2026-03-31 06:23:08.782 10 INFO neutron.api.wsgi [None req-bea26736-a667-4038-8809-3cf069dc017b fb18fe3ff9464c1d80fc47c5e4ad038d 5d501743fad9431faa33e08ca8790e99 - - default default] 10.0.0.21 "DELETE /v2.0/subnets/d6e2ef57-b8e2-4114-8e12-047c7988a13e HTTP/1.1" status: 404 len: 337 time: 0.0107055
2026-03-31 06:23:08.794 10 INFO neutron.pecan_wsgi.hooks.translation [None req-6fe5d5a4-423e-4698-a42e-94f91db6f67f fb18fe3ff9464c1d80fc47c5e4ad038d 5d501743fad9431faa33e08ca8790e99 - - default default] DELETE failed (client error): The resource could not be found.
2026-03-31 06:23:08.797 10 INFO neutron.api.wsgi [None req-6fe5d5a4-423e-4698-a42e-94f91db6f67f fb18fe3ff9464c1d80fc47c5e4ad038d 5d501743fad9431faa33e08ca8790e99 - - default default] 10.0.0.21 "DELETE /v2.0/subnets/55d93e70-52f1-4546-b810-3d808ef4ecac HTTP/1.1" status: 404 len: 337 time: 0.0101824
2026-03-31 06:23:08.804 10 INFO neutron.db.ovn_revision_numbers_db [None req-c6ce3d1e-1918-4e18-97a7-229adb33575e c6e7daf514374230bd8d013065bc98d6 78e7c7238f1f4845916876f1baa97a8e - - default default] Successfully bumped revision number for resource 19765e06-d21a-4337-8735-736186b1bc1e (type: security_group_rules) to 0
2026-03-31 06:23:08.837 9 WARNING neutron.scheduler.dhcp_agent_scheduler [None req-ca5f68c8-2af9-4d91-a44d-31236ee3bd6b - - - - - -] No more DHCP agents
2026-03-31 06:23:08.838 9 WARNING neutron.api.rpc.agentnotifiers.dhcp_rpc_agent_api [None req-ca5f68c8-2af9-4d91-a44d-31236ee3bd6b - - - - - -] Unable to schedule network e64f3805-91c4-4a78-bdf1-6790443299a7: no agents available; will retry on subsequent port and subnet creation events.
2026-03-31 06:23:08.839 10 INFO neutron.api.wsgi [None req-c6ce3d1e-1918-4e18-97a7-229adb33575e c6e7daf514374230bd8d013065bc98d6 78e7c7238f1f4845916876f1baa97a8e - - default default] 10.0.0.21 "POST /v2.0/security-group-rules HTTP/1.1" status: 201 len: 801 time: 0.1748478
2026-03-31 06:23:08.849 10 WARNING neutron_lib.context [None req-a34b1188-0a51-443f-9489-9d0d2ed76816 c6e7daf514374230bd8d013065bc98d6 78e7c7238f1f4845916876f1baa97a8e - - default default] Method 'is_advsvc' is deprecated since 2023.2 release (neutron-lib 3.8.0) and will be removed once support for the old RBAC API policies will be removed from Neutron. Please use method 'is_service_role' instead.
2026-03-31 06:23:08.959 10 INFO neutron.db.ovn_revision_numbers_db [None req-a34b1188-0a51-443f-9489-9d0d2ed76816 c6e7daf514374230bd8d013065bc98d6 78e7c7238f1f4845916876f1baa97a8e - - default default] Successfully bumped revision number for resource a11e0954-48c3-4807-939f-9504b80e958e (type: security_group_rules) to 0
2026-03-31 06:23:08.966 9 INFO neutron.db.ovn_revision_numbers_db [None req-ca5f68c8-2af9-4d91-a44d-31236ee3bd6b - - - - - -] Successfully bumped revision number for resource 51ed60f0-0c66-4616-97f1-95373724722f (type: ports) to 1
2026-03-31 06:23:08.991 10 INFO neutron.api.wsgi [None req-a34b1188-0a51-443f-9489-9d0d2ed76816 c6e7daf514374230bd8d013065bc98d6 78e7c7238f1f4845916876f1baa97a8e - - default default] 10.0.0.21 "POST /v2.0/security-group-rules HTTP/1.1" status: 201 len: 800 time: 0.1460204
2026-03-31 06:23:09.001 10 WARNING neutron_lib.context [None req-d1b3fb3e-6c27-4d3d-ad85-b25c147d9d96 c6e7daf514374230bd8d013065bc98d6 78e7c7238f1f4845916876f1baa97a8e - - default default] Method 'is_advsvc' is deprecated since 2023.2 release (neutron-lib 3.8.0) and will be removed once support for the old RBAC API policies will be removed from Neutron. Please use method 'is_service_role' instead.
2026-03-31 06:23:09.033 10 INFO neutron.db.securitygroups_db [None req-d1b3fb3e-6c27-4d3d-ad85-b25c147d9d96 c6e7daf514374230bd8d013065bc98d6 78e7c7238f1f4845916876f1baa97a8e - - default default] Project 78e7c7238f1f4845916876f1baa97a8e added a security group rule with legacy IPv6 ICMP protocol name icmp, ipv6-icmp should be used instead. It was automatically converted.
2026-03-31 06:23:09.142 10 INFO neutron.db.ovn_revision_numbers_db [None req-d1b3fb3e-6c27-4d3d-ad85-b25c147d9d96 c6e7daf514374230bd8d013065bc98d6 78e7c7238f1f4845916876f1baa97a8e - - default default] Successfully bumped revision number for resource bbdca88d-e0f9-44ea-a2e2-b1161e7782b3 (type: security_group_rules) to 0
2026-03-31 06:23:09.178 10 INFO neutron.api.wsgi [None req-d1b3fb3e-6c27-4d3d-ad85-b25c147d9d96 c6e7daf514374230bd8d013065bc98d6 78e7c7238f1f4845916876f1baa97a8e - - default default] 10.0.0.21 "POST /v2.0/security-group-rules HTTP/1.1" status: 201 len: 806 time: 0.1817648
2026-03-31 06:23:09.179 9 INFO neutron.db.ovn_revision_numbers_db [None req-ca5f68c8-2af9-4d91-a44d-31236ee3bd6b - - - - - -] Successfully bumped revision number for resource 51ed60f0-0c66-4616-97f1-95373724722f (type: ports) to 3
2026-03-31 06:23:09.187 10 WARNING neutron_lib.context [None req-abc9afe1-90eb-4075-8365-53f1a17720e0 c6e7daf514374230bd8d013065bc98d6 78e7c7238f1f4845916876f1baa97a8e - - default default] Method 'is_advsvc' is deprecated since 2023.2 release (neutron-lib 3.8.0) and will be removed once support for the old RBAC API policies will be removed from Neutron. Please use method 'is_service_role' instead.
2026-03-31 06:23:09.216 10 INFO neutron.db.securitygroups_db [None req-abc9afe1-90eb-4075-8365-53f1a17720e0 c6e7daf514374230bd8d013065bc98d6 78e7c7238f1f4845916876f1baa97a8e - - default default] Project 78e7c7238f1f4845916876f1baa97a8e added a security group rule with legacy IPv6 ICMP protocol name icmp, ipv6-icmp should be used instead. It was automatically converted.
2026-03-31 06:23:09.318 10 INFO neutron.db.ovn_revision_numbers_db [None req-abc9afe1-90eb-4075-8365-53f1a17720e0 c6e7daf514374230bd8d013065bc98d6 78e7c7238f1f4845916876f1baa97a8e - - default default] Successfully bumped revision number for resource 41ce113c-c205-4e9c-94bb-c84a2b4a6f42 (type: security_group_rules) to 0
2026-03-31 06:23:09.347 10 INFO neutron.api.wsgi [None req-abc9afe1-90eb-4075-8365-53f1a17720e0 c6e7daf514374230bd8d013065bc98d6 78e7c7238f1f4845916876f1baa97a8e - - default default] 10.0.0.21 "POST /v2.0/security-group-rules HTTP/1.1" status: 201 len: 805 time: 0.1642873
2026-03-31 06:23:09.398 9 INFO neutron.api.wsgi [None req-c2237e11-e67b-4997-a90b-a5019eadd8be e023f946543d466295342c0db318fb9a e6baf9e7c01145ec9d3092e094642e88 - - default default] 10.0.0.21 "POST /v2.0/vpn/vpnservices HTTP/1.1" status: 201 len: 656 time: 5.0724647
2026-03-31 06:23:09.424 9 INFO neutron.api.wsgi [None req-59c40657-6a92-4b2f-9c5b-3aca8d6bbc80 592f17127a904af08bc3d484494c221b 2c525cf3ca2d421191b7f66e91c41465 - - default default] 10.0.0.21 "GET /v2.0/vpn/vpnservices HTTP/1.1" status: 200 len: 1508 time: 0.0203719
2026-03-31 06:23:09.777 10 INFO neutron.db.ovn_revision_numbers_db [None req-b40e4fba-be2e-4fa9-ac24-2832b5e522b7 0c8cfa4133454b3097b7c50077b745de a0ca050bdd2a42b38f5eef964bc59a02 - - default default] Successfully bumped revision number for resource 72db5532-8f74-4325-8ccf-3951a0bdb298 (type: security_groups) to 1
2026-03-31 06:23:09.799 10 INFO neutron.db.ovn_revision_numbers_db [None req-b40e4fba-be2e-4fa9-ac24-2832b5e522b7 0c8cfa4133454b3097b7c50077b745de a0ca050bdd2a42b38f5eef964bc59a02 - - default default] Successfully bumped revision number for resource 0e9cc2f2-f764-4a16-9ab9-3522406342aa (type: security_group_rules) to 0
2026-03-31 06:23:09.803 9 INFO neutron.api.wsgi [None req-d37bcada-eeda-4d18-9df2-d56aad3eeebd c6e7daf514374230bd8d013065bc98d6 78e7c7238f1f4845916876f1baa97a8e - - default default] 10.0.0.21 "GET /v2.0/networks HTTP/1.1" status: 200 len: 1492 time: 0.0876124
2026-03-31 06:23:09.816 10 INFO neutron.db.ovn_revision_numbers_db [None req-b40e4fba-be2e-4fa9-ac24-2832b5e522b7 0c8cfa4133454b3097b7c50077b745de a0ca050bdd2a42b38f5eef964bc59a02 - - default default] Successfully bumped revision number for resource 0eb376c4-7708-4984-a300-09ef9a29a49d (type: security_group_rules) to 0
2026-03-31 06:23:09.833 10 INFO neutron.db.ovn_revision_numbers_db [None req-b40e4fba-be2e-4fa9-ac24-2832b5e522b7 0c8cfa4133454b3097b7c50077b745de a0ca050bdd2a42b38f5eef964bc59a02 - - default default] Successfully bumped revision number for resource 5b3e6117-e708-4365-a65f-4e87355c8a1f (type: security_group_rules) to 0
2026-03-31 06:23:09.849 10 INFO neutron.db.ovn_revision_numbers_db [None req-b40e4fba-be2e-4fa9-ac24-2832b5e522b7 0c8cfa4133454b3097b7c50077b745de a0ca050bdd2a42b38f5eef964bc59a02 - - default default] Successfully bumped revision number for resource 7a2523d1-5ef1-4d8b-b618-01fa012f5b79 (type: security_group_rules) to 0
2026-03-31 06:23:09.905 10 INFO neutron.api.wsgi [None req-b40e4fba-be2e-4fa9-ac24-2832b5e522b7 0c8cfa4133454b3097b7c50077b745de a0ca050bdd2a42b38f5eef964bc59a02 - - default default] 10.0.0.21 "GET /v2.0/security-groups?tenant_id=6c34443e976d4150b151f48c4f894e2e&name=default HTTP/1.1" status: 200 len: 3120 time: 0.3733625
2026-03-31 06:23:09.923 10 INFO neutron.api.wsgi [req-338d0ffb-64c9-4c38-ba68-7c80e8f253c7 req-e6de3d14-ca50-41bd-9bfd-e162394bf909 c6e7daf514374230bd8d013065bc98d6 78e7c7238f1f4845916876f1baa97a8e - - default default] 10.0.0.204 "GET /v2.0/security-groups?name=tempest-secgroup-smoke-830065337&fields=id&tenant_id=78e7c7238f1f4845916876f1baa97a8e HTTP/1.1" status: 200 len: 267 time: 0.0450532
2026-03-31 06:23:09.982 10 INFO neutron.api.wsgi [req-338d0ffb-64c9-4c38-ba68-7c80e8f253c7 req-0e18d9c3-a628-4938-9659-29374444526a c6e7daf514374230bd8d013065bc98d6 78e7c7238f1f4845916876f1baa97a8e - - default default] 10.0.0.204 "GET /v2.0/networks?id=812f3cd1-54db-4c9a-92a2-e12cfd117432 HTTP/1.1" status: 200 len: 859 time: 0.0505624
2026-03-31 06:23:09.999 10 INFO neutron.api.wsgi [req-338d0ffb-64c9-4c38-ba68-7c80e8f253c7 req-6e207dea-e4af-486e-ad23-e3f12114ece3 c6e7daf514374230bd8d013065bc98d6 78e7c7238f1f4845916876f1baa97a8e - - default default] 10.0.0.204 "GET /v2.0/quotas/78e7c7238f1f4845916876f1baa97a8e HTTP/1.1" status: 200 len: 491 time: 0.0107493
2026-03-31 06:23:10.075 10 INFO neutron.api.wsgi [req-338d0ffb-64c9-4c38-ba68-7c80e8f253c7 req-681057b0-07a7-4e54-b43b-96ca51d95db7 c6e7daf514374230bd8d013065bc98d6 78e7c7238f1f4845916876f1baa97a8e - - default default] 10.0.0.204 "GET /v2.0/ports?tenant_id=78e7c7238f1f4845916876f1baa97a8e&fields=id HTTP/1.1" status: 200 len: 302 time: 0.0717442
2026-03-31 06:23:10.146 10 INFO neutron.api.wsgi [None req-b9265ff8-2e73-4738-b6b1-64faf9f45e95 0c8cfa4133454b3097b7c50077b745de a0ca050bdd2a42b38f5eef964bc59a02 - - default default] 10.0.0.21 "DELETE /v2.0/security-groups/72db5532-8f74-4325-8ccf-3951a0bdb298 HTTP/1.1" status: 204 len: 168 time: 0.2327442
2026-03-31 06:23:10.149 10 INFO neutron.api.wsgi [req-338d0ffb-64c9-4c38-ba68-7c80e8f253c7 req-4e448a6c-9f7d-4d08-b23a-c1aecec75420 c8ddd317cd4d443493736ba307dca577 1afe58f424034bcbb1c076e279edf9b8 - - ed29042efc3c459c90404065aa83b660 ed29042efc3c459c90404065aa83b660] 10.0.0.204 "GET /v2.0/networks/812f3cd1-54db-4c9a-92a2-e12cfd117432?fields=segments HTTP/1.1" status: 200 len: 212 time: 0.0548699
2026-03-31 06:23:10.194 10 INFO neutron.api.wsgi [req-338d0ffb-64c9-4c38-ba68-7c80e8f253c7 req-aeba1875-ba0b-48ce-a915-35087a21e66c c8ddd317cd4d443493736ba307dca577 1afe58f424034bcbb1c076e279edf9b8 - - ed29042efc3c459c90404065aa83b660 ed29042efc3c459c90404065aa83b660] 10.0.0.204 "GET /v2.0/networks/812f3cd1-54db-4c9a-92a2-e12cfd117432?fields=provider%3Aphysical_network&fields=provider%3Anetwork_type HTTP/1.1" status: 200 len: 277 time: 0.0410018
2026-03-31 06:23:10.332 9 INFO neutron.api.wsgi [req-4d7fc14d-ad82-46cb-afbf-6769cac8f7f0 req-1e1ec191-e6f7-42d5-8ebd-ac9554e0581c c6e7daf514374230bd8d013065bc98d6 78e7c7238f1f4845916876f1baa97a8e - - default default] 10.0.0.204 "GET /v2.0/ports?device_id=ba940ca5-2b00-4b89-bef5-d457d1faebe2 HTTP/1.1" status: 200 len: 210 time: 0.0262358
2026-03-31 06:23:10.463 10 INFO neutron.db.ovn_revision_numbers_db [None req-710bec44-42ae-4ed6-ad64-07a4aa9e3ade 0c8cfa4133454b3097b7c50077b745de a0ca050bdd2a42b38f5eef964bc59a02 - - default default] Successfully bumped revision number for resource 04bd40fe-d81e-4a9a-a1e9-aa3da0158dad (type: security_groups) to 1
2026-03-31 06:23:10.477 10 INFO neutron.db.ovn_revision_numbers_db [None req-710bec44-42ae-4ed6-ad64-07a4aa9e3ade 0c8cfa4133454b3097b7c50077b745de a0ca050bdd2a42b38f5eef964bc59a02 - - default default] Successfully bumped revision number for resource 1f8e32ea-3033-4016-8b07-f4a2f109ae97 (type: security_group_rules) to 0
2026-03-31 06:23:10.492 10 INFO neutron.db.ovn_revision_numbers_db [None req-710bec44-42ae-4ed6-ad64-07a4aa9e3ade 0c8cfa4133454b3097b7c50077b745de a0ca050bdd2a42b38f5eef964bc59a02 - - default default] Successfully bumped revision number for resource 613c8f67-8506-4a83-90a8-7b10e9ae3c97 (type: security_group_rules) to 0
2026-03-31 06:23:10.504 10 INFO neutron.db.ovn_revision_numbers_db [None req-710bec44-42ae-4ed6-ad64-07a4aa9e3ade 0c8cfa4133454b3097b7c50077b745de a0ca050bdd2a42b38f5eef964bc59a02 - - default default] Successfully bumped revision number for resource a49d6256-e6a1-4c83-b6e3-29e7d70494b4 (type: security_group_rules) to 0
2026-03-31 06:23:10.527 10 INFO neutron.db.ovn_revision_numbers_db [None req-710bec44-42ae-4ed6-ad64-07a4aa9e3ade 0c8cfa4133454b3097b7c50077b745de a0ca050bdd2a42b38f5eef964bc59a02 - - default default] Successfully bumped revision number for resource e8b18b7b-d3b3-4ca9-8de2-3c7a9c01ce5f (type: security_group_rules) to 0
2026-03-31 06:23:10.564 10 INFO neutron.api.wsgi [None req-710bec44-42ae-4ed6-ad64-07a4aa9e3ade 0c8cfa4133454b3097b7c50077b745de a0ca050bdd2a42b38f5eef964bc59a02 - - default default] 10.0.0.21 "GET /v2.0/security-groups?tenant_id=5b3dabb63a4a49caa05d140ce1a59815&name=default HTTP/1.1" status: 200 len: 3120 time: 0.2177534
2026-03-31 06:23:10.577 10 INFO neutron.db.ovn_revision_numbers_db [None req-b218bf2e-415a-4cee-93c7-5414a5cfb2c9 0c8cfa4133454b3097b7c50077b745de a0ca050bdd2a42b38f5eef964bc59a02 - - default default] Successfully bumped revision number for resource d2bf9556-02a9-46ee-a27f-c9de1fb8433f (type: security_groups) to 1
2026-03-31 06:23:10.602 10 INFO neutron.db.ovn_revision_numbers_db [None req-b218bf2e-415a-4cee-93c7-5414a5cfb2c9 0c8cfa4133454b3097b7c50077b745de a0ca050bdd2a42b38f5eef964bc59a02 - - default default] Successfully bumped revision number for resource 1809a19e-71f6-4ad3-b45f-da496c887ae5 (type: security_group_rules) to 0
2026-03-31 06:23:10.623 10 INFO neutron.db.ovn_revision_numbers_db [None req-b218bf2e-415a-4cee-93c7-5414a5cfb2c9 0c8cfa4133454b3097b7c50077b745de a0ca050bdd2a42b38f5eef964bc59a02 - - default default] Successfully bumped revision number for resource 4c992db8-8c99-4851-a187-254cae375295 (type: security_group_rules) to 0
2026-03-31 06:23:10.642 10 INFO neutron.db.ovn_revision_numbers_db [None req-b218bf2e-415a-4cee-93c7-5414a5cfb2c9 0c8cfa4133454b3097b7c50077b745de a0ca050bdd2a42b38f5eef964bc59a02 - - default default] Successfully bumped revision number for resource 5976cdca-93f4-498b-96b7-027c4b039185 (type: security_group_rules) to 0
2026-03-31 06:23:10.659 10 INFO neutron.db.ovn_revision_numbers_db [None req-b218bf2e-415a-4cee-93c7-5414a5cfb2c9 0c8cfa4133454b3097b7c50077b745de a0ca050bdd2a42b38f5eef964bc59a02 - - default default] Successfully bumped revision number for resource b3f581a9-2d89-4ca4-8a86-4567a3401418 (type: security_group_rules) to 0
2026-03-31 06:23:10.742 10 INFO neutron.db.segments_db [None req-b218bf2e-415a-4cee-93c7-5414a5cfb2c9 0c8cfa4133454b3097b7c50077b745de a0ca050bdd2a42b38f5eef964bc59a02 - - default default] Added segment a4b68002-4368-4a47-8528-396b383b83b6 of type geneve for network ead13210-36d1-4b34-806e-fc22a6121113
2026-03-31 06:23:10.789 10 INFO neutron.api.wsgi [None req-dc19c81e-c965-43ad-aedc-6273e98722a1 0c8cfa4133454b3097b7c50077b745de a0ca050bdd2a42b38f5eef964bc59a02 - - default default] 10.0.0.21 "DELETE /v2.0/security-groups/04bd40fe-d81e-4a9a-a1e9-aa3da0158dad HTTP/1.1" status: 204 len: 168 time: 0.2217908
2026-03-31 06:23:10.864 10 INFO neutron.db.ovn_revision_numbers_db [None req-b218bf2e-415a-4cee-93c7-5414a5cfb2c9 0c8cfa4133454b3097b7c50077b745de a0ca050bdd2a42b38f5eef964bc59a02 - - default default] Successfully bumped revision number for resource ead13210-36d1-4b34-806e-fc22a6121113 (type: networks) to 1
2026-03-31 06:23:10.959 9 INFO neutron.api.wsgi [None req-dd839553-adc3-49b5-b7be-3a42dec7f41a 0c8cfa4133454b3097b7c50077b745de a0ca050bdd2a42b38f5eef964bc59a02 - - default default] 10.0.0.21 "GET /v2.0/security-groups?tenant_id=5d501743fad9431faa33e08ca8790e99&name=default HTTP/1.1" status: 200 len: 3120 time: 0.0456483
2026-03-31 06:23:11.037 10 WARNING neutron.scheduler.dhcp_agent_scheduler [None req-b218bf2e-415a-4cee-93c7-5414a5cfb2c9 0c8cfa4133454b3097b7c50077b745de a0ca050bdd2a42b38f5eef964bc59a02 - - default default] No more DHCP agents
2026-03-31 06:23:11.039 10 WARNING neutron.api.rpc.agentnotifiers.dhcp_rpc_agent_api [None req-b218bf2e-415a-4cee-93c7-5414a5cfb2c9 0c8cfa4133454b3097b7c50077b745de a0ca050bdd2a42b38f5eef964bc59a02 - - default default] Unable to schedule network ead13210-36d1-4b34-806e-fc22a6121113: no agents available; will retry on subsequent port and subnet creation events.
2026-03-31 06:23:11.115 10 INFO neutron.db.ovn_revision_numbers_db [None req-b218bf2e-415a-4cee-93c7-5414a5cfb2c9 0c8cfa4133454b3097b7c50077b745de a0ca050bdd2a42b38f5eef964bc59a02 - - default default] Successfully bumped revision number for resource 3cbc7e6f-011b-46a8-a4e5-a2d32c23d857 (type: ports) to 1
2026-03-31 06:23:11.150 10 INFO neutron.api.wsgi [None req-b218bf2e-415a-4cee-93c7-5414a5cfb2c9 0c8cfa4133454b3097b7c50077b745de a0ca050bdd2a42b38f5eef964bc59a02 - - default default] 10.0.0.21 "POST /v2.0/networks HTTP/1.1" status: 201 len: 943 time: 0.8989110
2026-03-31 06:23:11.260 9 INFO neutron.api.wsgi [None req-1dc2693d-50c6-4a45-9da1-dfe047465563 0c8cfa4133454b3097b7c50077b745de a0ca050bdd2a42b38f5eef964bc59a02 - - default default] 10.0.0.21 "DELETE /v2.0/security-groups/c7c5b468-affb-4112-a6aa-46144253b3c5 HTTP/1.1" status: 204 len: 168 time: 0.2952733
2026-03-31 06:23:11.291 10 WARNING neutron.scheduler.dhcp_agent_scheduler [None req-c4faee42-f821-499e-9428-ac4a37c1e27a 0c8cfa4133454b3097b7c50077b745de a0ca050bdd2a42b38f5eef964bc59a02 - - default default] No more DHCP agents
2026-03-31 06:23:11.293 10 WARNING neutron.api.rpc.agentnotifiers.dhcp_rpc_agent_api [None req-c4faee42-f821-499e-9428-ac4a37c1e27a 0c8cfa4133454b3097b7c50077b745de a0ca050bdd2a42b38f5eef964bc59a02 - - default default] Unable to schedule network ead13210-36d1-4b34-806e-fc22a6121113: no agents available; will retry on subsequent port and subnet creation events.
2026-03-31 06:23:11.401 10 INFO neutron.api.wsgi [req-cc0ef8eb-261a-46af-aac1-e87d19a60969 req-d5911b0d-ea62-407f-bfcc-3907fba5637a c6e7daf514374230bd8d013065bc98d6 78e7c7238f1f4845916876f1baa97a8e - - default default] 10.0.0.204 "GET /v2.0/ports?device_id=ba940ca5-2b00-4b89-bef5-d457d1faebe2 HTTP/1.1" status: 200 len: 210 time: 0.0181098
2026-03-31 06:23:11.614 9 INFO neutron.services.segments.plugin [-] Segment 42d9b73c-d800-4707-a263-8953583b945e resource provider aggregate not found
2026-03-31 06:23:11.618 9 INFO neutron.services.segments.plugin [-] Segment 42d9b73c-d800-4707-a263-8953583b945e resource provider aggregate not found
2026-03-31 06:23:11.635 9 INFO neutron.services.segments.plugin [-] Segment 42d9b73c-d800-4707-a263-8953583b945e resource provider not found; error: Placement Client Error (4xx): {"errors": [{"status": 404, "title": "Not Found", "detail": "The resource could not be found.\n\n No resource provider with uuid 42d9b73c-d800-4707-a263-8953583b945e found for delete ", "request_id": "req-1d35e2e9-d4ef-47f6-9ae1-41d9c5a61d22"}]}
2026-03-31 06:23:11.636 9 INFO neutron.services.segments.plugin [-] Segment 42d9b73c-d800-4707-a263-8953583b945e resource provider not found; error: Placement Client Error (4xx): {"errors": [{"status": 404, "title": "Not Found", "detail": "The resource could not be found.\n\n No resource provider with uuid 42d9b73c-d800-4707-a263-8953583b945e found for delete ", "request_id": "req-a7c6a08a-1c3d-435f-96df-58b856e955eb"}]}
2026-03-31 06:23:11.674 9 INFO neutron.api.wsgi [None req-e0608b5c-dfce-4a45-aaba-a91befd735eb e023f946543d466295342c0db318fb9a e6baf9e7c01145ec9d3092e094642e88 - - default default] 10.0.0.21 "DELETE /v2.0/vpn/vpnservices/601990c4-6631-422a-a4b3-76e679b10484 HTTP/1.1" status: 204 len: 168 time: 2.2450852 /var/lib/openstack/lib/python3.12/site-packages/pycadf/identifier.py:71: UserWarning: Invalid uuid: neutron. To ensure interoperability, identifiers should be a valid uuid. warnings.warn(('Invalid uuid: %s. To ensure interoperability, '
2026-03-31 06:23:11.687 9 WARNING neutron_lib.context [None req-a4defe83-37ae-4155-ac17-f0000a49b3de 592f17127a904af08bc3d484494c221b 2c525cf3ca2d421191b7f66e91c41465 - - default default] Method 'is_advsvc' is deprecated since 2023.2 release (neutron-lib 3.8.0) and will be removed once support for the old RBAC API policies will be removed from Neutron. Please use method 'is_service_role' instead.
2026-03-31 06:23:11.726 10 INFO neutron.db.ovn_revision_numbers_db [None req-ff8458c5-b9cd-4807-b297-a819caa5f37c - - - - - -] Successfully bumped revision number for resource 3cbc7e6f-011b-46a8-a4e5-a2d32c23d857 (type: ports) to 2
2026-03-31 06:23:11.746 9 INFO neutron.api.wsgi [None req-a4defe83-37ae-4155-ac17-f0000a49b3de 592f17127a904af08bc3d484494c221b 2c525cf3ca2d421191b7f66e91c41465 - - default default] 10.0.0.21 "POST /v2.0/vpn/endpoint-groups HTTP/1.1" status: 201 len: 499 time: 0.0654287
2026-03-31 06:23:11.756 10 WARNING neutron_lib.context [None req-67c4f014-7086-4ab2-bdaa-66c0ec043e47 592f17127a904af08bc3d484494c221b 2c525cf3ca2d421191b7f66e91c41465 - - default default] Method 'is_advsvc' is deprecated since 2023.2 release (neutron-lib 3.8.0) and will be removed once support for the old RBAC API policies will be removed from Neutron. Please use method 'is_service_role' instead.
2026-03-31 06:23:11.768 10 INFO neutron.db.ovn_revision_numbers_db [None req-ff8458c5-b9cd-4807-b297-a819caa5f37c - - - - - -] Successfully bumped revision number for resource 19d435e4-e6a8-47f8-928a-f51f7d954d46 (type: subnets) to 0
2026-03-31 06:23:11.792 10 INFO neutron.api.wsgi [None req-c4faee42-f821-499e-9428-ac4a37c1e27a 0c8cfa4133454b3097b7c50077b745de a0ca050bdd2a42b38f5eef964bc59a02 - - default default] 10.0.0.21 "POST /v2.0/subnets HTTP/1.1" status: 201 len: 887 time: 0.6362364
2026-03-31 06:23:11.816 10 INFO neutron.api.wsgi [None req-67c4f014-7086-4ab2-bdaa-66c0ec043e47 592f17127a904af08bc3d484494c221b 2c525cf3ca2d421191b7f66e91c41465 - - default default] 10.0.0.21 "POST /v2.0/vpn/endpoint-groups HTTP/1.1" status: 201 len: 493 time: 0.0643315
2026-03-31 06:23:11.826 9 WARNING neutron.api.v2.base [None req-c06e5e1a-016b-4660-bbe3-d73e059825e2 592f17127a904af08bc3d484494c221b 2c525cf3ca2d421191b7f66e91c41465 - - default default] An exception happened while processing the request body. The exception message is [Unrecognized attribute(s) 'peer_cidr'].: webob.exc.HTTPBadRequest: Unrecognized attribute(s) 'peer_cidr'
2026-03-31 06:23:11.826 9 INFO neutron.api.v2.resource [None req-c06e5e1a-016b-4660-bbe3-d73e059825e2 592f17127a904af08bc3d484494c221b 2c525cf3ca2d421191b7f66e91c41465 - - default default] create failed (client error): Unrecognized attribute(s) 'peer_cidr'
2026-03-31 06:23:11.827 9 INFO neutron.api.wsgi [None req-c06e5e1a-016b-4660-bbe3-d73e059825e2 592f17127a904af08bc3d484494c221b 2c525cf3ca2d421191b7f66e91c41465 - - default default] 10.0.0.21 "POST /v2.0/vpn/ipsec-site-connections HTTP/1.1" status: 400 len: 313 time: 0.0064487
2026-03-31 06:23:11.854 9 INFO neutron.api.wsgi [None req-ce7cc820-f5ae-493b-9264-f3a981fe05cb 592f17127a904af08bc3d484494c221b 2c525cf3ca2d421191b7f66e91c41465 - - default default] 10.0.0.21 "GET /v2.0/vpn/endpoint-groups HTTP/1.1" status: 200 len: 1386 time: 0.0236535
2026-03-31 06:23:11.876 9 INFO neutron.api.wsgi [None req-bd334756-48d4-4a5a-b388-bf15f4258119 592f17127a904af08bc3d484494c221b 2c525cf3ca2d421191b7f66e91c41465 - - default default] 10.0.0.21 "DELETE /v2.0/vpn/endpoint-groups/761f0eb7-307b-4400-a0df-0edbee47d08b HTTP/1.1" status: 204 len: 168 time: 0.0191848
2026-03-31 06:23:11.894 9 INFO neutron.api.wsgi [None req-a4b45469-bf25-4b1a-8535-55d33dbc6a45 592f17127a904af08bc3d484494c221b 2c525cf3ca2d421191b7f66e91c41465 - - default default] 10.0.0.21 "GET /v2.0/vpn/endpoint-groups HTTP/1.1" status: 200 len: 1109 time: 0.0135989
2026-03-31 06:23:11.929 10 INFO neutron.api.wsgi [None req-66d2baf2-b308-46c6-91e9-6ac3cbabfc0b 592f17127a904af08bc3d484494c221b 2c525cf3ca2d421191b7f66e91c41465 - - default default] 10.0.0.21 "GET /v2.0/vpn/endpoint-groups HTTP/1.1" status: 200 len: 1109 time: 0.0308921
2026-03-31 06:23:11.967 9 INFO neutron.api.wsgi [None req-905049dc-d3c0-4c79-ad3a-e8c16d767584 592f17127a904af08bc3d484494c221b 2c525cf3ca2d421191b7f66e91c41465 - - default default] 10.0.0.21 "DELETE /v2.0/vpn/endpoint-groups/7383d4bd-ef2d-4603-a308-931d38816eca HTTP/1.1" status: 204 len: 168 time: 0.0327523
2026-03-31 06:23:11.981 10 INFO neutron.api.wsgi [None req-efc7b913-97f0-46c4-9f95-590d11217ec2 592f17127a904af08bc3d484494c221b 2c525cf3ca2d421191b7f66e91c41465 - - default default] 10.0.0.21 "GET /v2.0/vpn/endpoint-groups HTTP/1.1" status: 200 len: 827 time: 0.0105462
2026-03-31 06:23:11.993 9 WARNING neutron_lib.context [None req-d12e9768-6cba-435f-9918-4bbb2f3246fe 592f17127a904af08bc3d484494c221b 2c525cf3ca2d421191b7f66e91c41465 - - default default] Method 'is_advsvc' is deprecated since 2023.2 release (neutron-lib 3.8.0) and will be removed once support for the old RBAC API policies will be removed from Neutron. Please use method 'is_service_role' instead.
2026-03-31 06:23:12.071 9 INFO neutron.api.wsgi [None req-d12e9768-6cba-435f-9918-4bbb2f3246fe 592f17127a904af08bc3d484494c221b 2c525cf3ca2d421191b7f66e91c41465 - - default default] 10.0.0.21 "POST /v2.0/vpn/endpoint-groups HTTP/1.1" status: 201 len: 500 time: 0.0789070
2026-03-31 06:23:12.077 10 WARNING neutron_lib.context [None req-a4b93c9e-d35d-423b-b2b5-2ad9507e0082 592f17127a904af08bc3d484494c221b 2c525cf3ca2d421191b7f66e91c41465 - - default default] Method 'is_advsvc' is deprecated since 2023.2 release (neutron-lib 3.8.0) and will be removed once support for the old RBAC API policies will be removed from Neutron. Please use method 'is_service_role' instead.
2026-03-31 06:23:12.125 10 INFO neutron.api.wsgi [None req-a4b93c9e-d35d-423b-b2b5-2ad9507e0082 592f17127a904af08bc3d484494c221b 2c525cf3ca2d421191b7f66e91c41465 - - default default] 10.0.0.21 "POST /v2.0/vpn/endpoint-groups HTTP/1.1" status: 201 len: 493 time: 0.0530875
2026-03-31 06:23:12.137 9 WARNING neutron_lib.context [None req-ec200d72-81c6-462a-a9df-ec9640c826a2 592f17127a904af08bc3d484494c221b 2c525cf3ca2d421191b7f66e91c41465 - - default default] Method 'is_advsvc' is deprecated since 2023.2 release (neutron-lib 3.8.0) and will be removed once support for the old RBAC API policies will be removed from Neutron. Please use method 'is_service_role' instead.
2026-03-31 06:23:12.171 9 INFO neutron.api.v2.resource [None req-ec200d72-81c6-462a-a9df-ec9640c826a2 592f17127a904af08bc3d484494c221b 2c525cf3ca2d421191b7f66e91c41465 - - default default] create failed (client error): The server could not comply with the request since it is either malformed or otherwise incorrect.
2026-03-31 06:23:12.172 9 INFO neutron.api.wsgi [None req-ec200d72-81c6-462a-a9df-ec9640c826a2 592f17127a904af08bc3d484494c221b 2c525cf3ca2d421191b7f66e91c41465 - - default default] 10.0.0.21 "POST /v2.0/vpn/ipsec-site-connections HTTP/1.1" status: 400 len: 373 time: 0.0414686
2026-03-31 06:23:12.187 9 INFO neutron.api.wsgi [None req-e924579f-7862-4ece-9061-b8cfa2b0dfd1 592f17127a904af08bc3d484494c221b 2c525cf3ca2d421191b7f66e91c41465 - - default default] 10.0.0.21 "GET /v2.0/vpn/endpoint-groups HTTP/1.1" status: 200 len: 1387 time: 0.0103796
2026-03-31 06:23:12.208 9 INFO neutron.api.wsgi [None req-8a1bdd27-c58d-4144-83d3-e63c01b714cf 592f17127a904af08bc3d484494c221b 2c525cf3ca2d421191b7f66e91c41465 - - default default] 10.0.0.21 "DELETE /v2.0/vpn/endpoint-groups/e7588080-d3f2-44a8-a780-1beb8166e169 HTTP/1.1" status: 204 len: 168 time: 0.0177538
2026-03-31 06:23:12.221 9 INFO neutron.api.wsgi [None req-db4661b3-1832-461f-ba3e-1429280ce1bc 592f17127a904af08bc3d484494c221b 2c525cf3ca2d421191b7f66e91c41465 - - default default] 10.0.0.21 "GET /v2.0/vpn/endpoint-groups HTTP/1.1" status: 200 len: 1110 time: 0.0080035
2026-03-31 06:23:12.235 10 INFO neutron.api.wsgi [None req-0a2b01df-2717-4c35-8226-95a70c016638 592f17127a904af08bc3d484494c221b 2c525cf3ca2d421191b7f66e91c41465 - - default default] 10.0.0.21 "GET /v2.0/vpn/endpoint-groups HTTP/1.1" status: 200 len: 1110 time: 0.0110455
2026-03-31 06:23:12.265 10 WARNING neutron.scheduler.dhcp_agent_scheduler [None req-afa7e09d-6ebd-478c-9e1e-241f7b713b4f 0c8cfa4133454b3097b7c50077b745de a0ca050bdd2a42b38f5eef964bc59a02 - - default default] No more DHCP agents
2026-03-31 06:23:12.268 10 INFO neutron.api.wsgi [None req-a291768d-5aaa-40d9-947b-bfbc9f280fe2 592f17127a904af08bc3d484494c221b 2c525cf3ca2d421191b7f66e91c41465 - - default default] 10.0.0.21 "DELETE /v2.0/vpn/endpoint-groups/cae83323-677f-4869-8ee2-5318185a45af HTTP/1.1" status: 204 len: 168 time: 0.0292904
2026-03-31 06:23:12.269 10 WARNING neutron.api.rpc.agentnotifiers.dhcp_rpc_agent_api [None req-afa7e09d-6ebd-478c-9e1e-241f7b713b4f 0c8cfa4133454b3097b7c50077b745de a0ca050bdd2a42b38f5eef964bc59a02 - - default default] Unable to schedule network e55540ea-a814-4e0a-a66a-8cb2c3059c54: no agents available; will retry on subsequent port and subnet creation events.
2026-03-31 06:23:12.283 9 INFO neutron.api.wsgi [None req-15782948-e6cd-46c6-98b8-198c9165fd13 592f17127a904af08bc3d484494c221b 2c525cf3ca2d421191b7f66e91c41465 - - default default] 10.0.0.21 "GET /v2.0/vpn/endpoint-groups HTTP/1.1" status: 200 len: 827 time: 0.0110106
2026-03-31 06:23:12.294 10 WARNING neutron_lib.context [None req-45a0c7a2-6613-4a9d-9828-55d328f680c2 592f17127a904af08bc3d484494c221b 2c525cf3ca2d421191b7f66e91c41465 - - default default] Method 'is_advsvc' is deprecated since 2023.2 release (neutron-lib 3.8.0) and will be removed once support for the old RBAC API policies will be removed from Neutron. Please use method 'is_service_role' instead.
2026-03-31 06:23:12.354 10 INFO neutron.api.wsgi [None req-45a0c7a2-6613-4a9d-9828-55d328f680c2 592f17127a904af08bc3d484494c221b 2c525cf3ca2d421191b7f66e91c41465 - - default default] 10.0.0.21 "POST /v2.0/vpn/endpoint-groups HTTP/1.1" status: 201 len: 501 time: 0.0655072
2026-03-31 06:23:12.363 9 WARNING neutron.api.v2.base [None req-1739c7a1-35e9-4413-bfaa-8a66d50470c9 592f17127a904af08bc3d484494c221b 2c525cf3ca2d421191b7f66e91c41465 - - default default] An exception happened while processing the request body. The exception message is [Failed to parse request. Required attribute 'peer_id' not specified].: webob.exc.HTTPBadRequest: Failed to parse request. Required attribute 'peer_id' not specified
2026-03-31 06:23:12.364 9 INFO neutron.api.v2.resource [None req-1739c7a1-35e9-4413-bfaa-8a66d50470c9 592f17127a904af08bc3d484494c221b 2c525cf3ca2d421191b7f66e91c41465 - - default default] create failed (client error): Failed to parse request. Required attribute 'peer_id' not specified
2026-03-31 06:23:12.365 9 INFO neutron.api.wsgi [None req-1739c7a1-35e9-4413-bfaa-8a66d50470c9 592f17127a904af08bc3d484494c221b 2c525cf3ca2d421191b7f66e91c41465 - - default default] 10.0.0.21 "POST /v2.0/vpn/ipsec-site-connections HTTP/1.1" status: 400 len: 343 time: 0.0057766
2026-03-31 06:23:12.385 9 INFO neutron.api.wsgi [None req-7da0e03e-739b-4c75-8cef-6317aed12189 592f17127a904af08bc3d484494c221b 2c525cf3ca2d421191b7f66e91c41465 - - default default] 10.0.0.21 "GET /v2.0/vpn/endpoint-groups HTTP/1.1" status: 200 len: 1111 time: 0.0135727
2026-03-31 06:23:12.401 10 INFO neutron.db.ovn_revision_numbers_db [None req-afa7e09d-6ebd-478c-9e1e-241f7b713b4f 0c8cfa4133454b3097b7c50077b745de a0ca050bdd2a42b38f5eef964bc59a02 - - default default] Successfully bumped revision number for resource 6ccf3c30-6f5f-4318-b462-e331a980dafb (type: ports) to 1
2026-03-31 06:23:12.410 10 INFO neutron.api.wsgi [None req-711b0d7f-b5ee-4ab6-8a74-2e5be0827ef8 592f17127a904af08bc3d484494c221b 2c525cf3ca2d421191b7f66e91c41465 - - default default] 10.0.0.21 "DELETE /v2.0/vpn/endpoint-groups/2ad1e689-e8f1-49ae-92f4-236e61341855 HTTP/1.1" status: 204 len: 168 time: 0.0204487
2026-03-31 06:23:12.424 9 INFO neutron.api.wsgi [None req-4eda7b0b-af81-4ea2-a79e-e701ad62fb64 592f17127a904af08bc3d484494c221b 2c525cf3ca2d421191b7f66e91c41465 - - default default] 10.0.0.21 "GET /v2.0/vpn/endpoint-groups HTTP/1.1" status: 200 len: 827 time: 0.0082150
2026-03-31 06:23:12.434 10 WARNING neutron_lib.context [None req-9d1fd22d-fc0a-474f-ad95-d103e8a5935d 592f17127a904af08bc3d484494c221b 2c525cf3ca2d421191b7f66e91c41465 - - default default] Method 'is_advsvc' is deprecated since 2023.2 release (neutron-lib 3.8.0) and will be removed once support for the old RBAC API policies will be removed from Neutron. Please use method 'is_service_role' instead.
2026-03-31 06:23:12.477 9 INFO neutron.api.wsgi [req-3c5a8948-f9bc-4a0c-948b-6aebccb4a698 req-4335b30b-6807-4ca1-8ec7-5006cea3f269 c6e7daf514374230bd8d013065bc98d6 78e7c7238f1f4845916876f1baa97a8e - - default default] 10.0.0.204 "GET /v2.0/ports?device_id=ba940ca5-2b00-4b89-bef5-d457d1faebe2 HTTP/1.1" status: 200 len: 210 time: 0.0191507
2026-03-31 06:23:12.760 10 INFO neutron.api.wsgi [None req-9d1fd22d-fc0a-474f-ad95-d103e8a5935d 592f17127a904af08bc3d484494c221b 2c525cf3ca2d421191b7f66e91c41465 - - default default] 10.0.0.21 "POST /v2.0/vpn/endpoint-groups HTTP/1.1" status: 201 len: 493 time: 0.3307188
2026-03-31 06:23:12.770 9 WARNING neutron.api.v2.base [None req-89b96d19-3d64-4fd5-9f48-0cd9d9bec013 592f17127a904af08bc3d484494c221b 2c525cf3ca2d421191b7f66e91c41465 - - default default] An exception happened while processing the request body. The exception message is [Failed to parse request. Required attribute 'peer_id' not specified].: webob.exc.HTTPBadRequest: Failed to parse request. Required attribute 'peer_id' not specified
2026-03-31 06:23:12.771 9 INFO neutron.api.v2.resource [None req-89b96d19-3d64-4fd5-9f48-0cd9d9bec013 592f17127a904af08bc3d484494c221b 2c525cf3ca2d421191b7f66e91c41465 - - default default] create failed (client error): Failed to parse request. Required attribute 'peer_id' not specified
2026-03-31 06:23:12.777 9 INFO neutron.api.wsgi [None req-89b96d19-3d64-4fd5-9f48-0cd9d9bec013 592f17127a904af08bc3d484494c221b 2c525cf3ca2d421191b7f66e91c41465 - - default default] 10.0.0.21 "POST /v2.0/vpn/ipsec-site-connections HTTP/1.1" status: 400 len: 343 time: 0.0118947
2026-03-31 06:23:12.794 9 INFO neutron.api.wsgi [None req-139b4068-9df1-4766-94e2-f0ca0e89d928 592f17127a904af08bc3d484494c221b 2c525cf3ca2d421191b7f66e91c41465 - - default default] 10.0.0.21 "GET /v2.0/vpn/endpoint-groups HTTP/1.1" status: 200 len: 1103 time: 0.0115697
2026-03-31 06:23:12.820 9 INFO neutron.api.wsgi [None req-836458d1-ef93-4ff6-b3f6-1fefa701aa86 592f17127a904af08bc3d484494c221b 2c525cf3ca2d421191b7f66e91c41465 - - default default] 10.0.0.21 "DELETE /v2.0/vpn/endpoint-groups/428d2b0f-8a1a-4f7b-b3e9-36cbfa4730b4 HTTP/1.1" status: 204 len: 168 time: 0.0199692
2026-03-31 06:23:12.834 9 INFO neutron.api.wsgi [None req-5143efb8-e5b4-4170-a6de-a550190be88c 592f17127a904af08bc3d484494c221b 2c525cf3ca2d421191b7f66e91c41465 - - default default] 10.0.0.21 "GET /v2.0/vpn/endpoint-groups HTTP/1.1" status: 200 len: 827 time: 0.0086961
2026-03-31 06:23:12.843 9 WARNING neutron_lib.context [None req-4032c773-82bc-4aa7-a8a8-8709652c73dc 592f17127a904af08bc3d484494c221b 2c525cf3ca2d421191b7f66e91c41465 - - default default] Method 'is_advsvc' is deprecated since 2023.2 release (neutron-lib 3.8.0) and will be removed once support for the old RBAC API policies will be removed from Neutron. Please use method 'is_service_role' instead.
2026-03-31 06:23:12.882 9 INFO neutron.api.wsgi [None req-4032c773-82bc-4aa7-a8a8-8709652c73dc 592f17127a904af08bc3d484494c221b 2c525cf3ca2d421191b7f66e91c41465 - - default default] 10.0.0.21 "POST /v2.0/vpn/endpoint-groups HTTP/1.1" status: 201 len: 488 time: 0.0416584
2026-03-31 06:23:12.891 9 WARNING neutron_lib.context [None req-9651a71f-e960-4657-885a-5882551f963c 592f17127a904af08bc3d484494c221b 2c525cf3ca2d421191b7f66e91c41465 - - default default] Method 'is_advsvc' is deprecated since 2023.2 release (neutron-lib 3.8.0) and will be removed once support for the old RBAC API policies will be removed from Neutron. Please use method 'is_service_role' instead.
2026-03-31 06:23:12.942 9 INFO neutron.api.wsgi [None req-9651a71f-e960-4657-885a-5882551f963c 592f17127a904af08bc3d484494c221b 2c525cf3ca2d421191b7f66e91c41465 - - default default] 10.0.0.21 "POST /v2.0/vpn/endpoint-groups HTTP/1.1" status: 201 len: 500 time: 0.0553451
2026-03-31 06:23:12.952 9 WARNING neutron_lib.context [None req-8210ec61-e74d-47bb-9894-c8fb4c1b4b98 592f17127a904af08bc3d484494c221b 2c525cf3ca2d421191b7f66e91c41465 - - default default] Method 'is_advsvc' is deprecated since 2023.2 release (neutron-lib 3.8.0) and will be removed once support for the old RBAC API policies will be removed from Neutron. Please use method 'is_service_role' instead.
2026-03-31 06:23:13.187 10 INFO neutron.plugins.ml2.drivers.ovn.mech_driver.ovsdb.commands [None req-f1f3ac5c-6c06-44da-b5d4-ff82bbd184b5 - - - - - -] Schedule LRP lrp-6ccf3c30-6f5f-4318-b462-e331a980dafb on gateway 2c9e64a4-323c-45d9-936d-664ae41bf917 with priority 1
2026-03-31 06:23:13.220 10 INFO neutron.plugins.ml2.drivers.ovn.mech_driver.ovsdb.ovsdb_monitor [None req-8b85673a-b434-4725-be64-908d6d5fccf8 - - - - - -] Router f65a491e-85cf-42a4-a47b-44ca2bfa35b0 is bound to host instance
2026-03-31 06:23:13.236 10 INFO neutron.db.ovn_revision_numbers_db [None req-afa7e09d-6ebd-478c-9e1e-241f7b713b4f 0c8cfa4133454b3097b7c50077b745de a0ca050bdd2a42b38f5eef964bc59a02 - - default default] Successfully bumped revision number for resource 6ccf3c30-6f5f-4318-b462-e331a980dafb (type: router_ports) to 1
2026-03-31 06:23:13.301 10 INFO neutron.db.ovn_revision_numbers_db [None req-afa7e09d-6ebd-478c-9e1e-241f7b713b4f 0c8cfa4133454b3097b7c50077b745de a0ca050bdd2a42b38f5eef964bc59a02 - - default default] Successfully bumped revision number for resource f65a491e-85cf-42a4-a47b-44ca2bfa35b0 (type: routers) to 2
2026-03-31 06:23:13.322 10 INFO neutron.api.wsgi [None req-afa7e09d-6ebd-478c-9e1e-241f7b713b4f 0c8cfa4133454b3097b7c50077b745de a0ca050bdd2a42b38f5eef964bc59a02 - - default default] 10.0.0.21 "POST /v2.0/routers HTTP/1.1" status: 201 len: 1165 time: 1.5270824
2026-03-31 06:23:13.553 10 INFO neutron.api.wsgi [req-8d9f2010-cc53-4b9f-a2bb-a2c9fabedde9 req-6bf31da4-cb9b-427d-9b4b-e678d84f4af7 c6e7daf514374230bd8d013065bc98d6 78e7c7238f1f4845916876f1baa97a8e - - default default] 10.0.0.204 "GET /v2.0/ports?device_id=ba940ca5-2b00-4b89-bef5-d457d1faebe2 HTTP/1.1" status: 200 len: 210 time: 0.0189292
2026-03-31 06:23:13.647 9 INFO neutron.db.ovn_revision_numbers_db [None req-8210ec61-e74d-47bb-9894-c8fb4c1b4b98 592f17127a904af08bc3d484494c221b 2c525cf3ca2d421191b7f66e91c41465 - - default default] Successfully bumped revision number for resource bf0a3178-be6d-4f83-b1d2-259b09cac60f (type: routers) to 6
2026-03-31 06:23:13.684 9 INFO neutron.api.wsgi [None req-8210ec61-e74d-47bb-9894-c8fb4c1b4b98 592f17127a904af08bc3d484494c221b 2c525cf3ca2d421191b7f66e91c41465 - - default default] 10.0.0.21 "POST /v2.0/vpn/ipsec-site-connections HTTP/1.1" status: 201 len: 1043 time: 0.7377212
2026-03-31 06:23:13.734 10 INFO neutron.db.ovn_revision_numbers_db [None req-079bbf55-2378-40c5-a3eb-482d502ba97a - - - - - -] Successfully bumped revision number for resource 6ccf3c30-6f5f-4318-b462-e331a980dafb (type: ports) to 1
2026-03-31 06:23:13.792 9 WARNING neutron.plugins.ml2.drivers.ovn.mech_driver.ovsdb.ovn_client [None req-61c38886-d130-484b-b706-565e481d9e62 - - - - - -] No port found with ID d7b73340-8f37-4dbc-a471-1fa387fc0728: RuntimeError: No port found with ID d7b73340-8f37-4dbc-a471-1fa387fc0728
2026-03-31 06:23:13.806 10 WARNING neutron.scheduler.dhcp_agent_scheduler [None req-1be33f2f-887c-4dc9-ba7c-76f6479417ab 0c8cfa4133454b3097b7c50077b745de a0ca050bdd2a42b38f5eef964bc59a02 - - default default] No more DHCP agents
2026-03-31 06:23:13.809 10 WARNING neutron.api.rpc.agentnotifiers.dhcp_rpc_agent_api [None req-1be33f2f-887c-4dc9-ba7c-76f6479417ab 0c8cfa4133454b3097b7c50077b745de a0ca050bdd2a42b38f5eef964bc59a02 - - default default] Unable to schedule network ead13210-36d1-4b34-806e-fc22a6121113: no agents available; will retry on subsequent port and subnet creation events.
2026-03-31 06:23:13.812 9 INFO neutron.plugins.ml2.drivers.ovn.mech_driver.mech_driver [None req-61c38886-d130-484b-b706-565e481d9e62 - - - - - -] OVN reports status up for port: 6ccf3c30-6f5f-4318-b462-e331a980dafb
2026-03-31 06:23:13.892 9 INFO neutron.plugins.ml2.plugin [None req-61c38886-d130-484b-b706-565e481d9e62 - - - - - -] Attempt 1 to provision port 6ccf3c30-6f5f-4318-b462-e331a980dafb
2026-03-31 06:23:13.970 10 INFO neutron.db.ovn_revision_numbers_db [None req-1be33f2f-887c-4dc9-ba7c-76f6479417ab 0c8cfa4133454b3097b7c50077b745de a0ca050bdd2a42b38f5eef964bc59a02 - - default default] Successfully bumped revision number for resource d40d62e4-8ec7-4b2b-96ad-44d3bb16e65d (type: ports) to 1
2026-03-31 06:23:14.036 10 WARNING neutron.plugins.ml2.drivers.ovn.mech_driver.ovsdb.ovn_client [None req-32eee9de-36d0-442f-9c0c-504367fa9559 - - - - - -] No hosting information found for port 3ab8cfa6-eeab-4fa3-922e-bce791fc874c: RuntimeError: No hosting information found for port 3ab8cfa6-eeab-4fa3-922e-bce791fc874c
2026-03-31 06:23:14.149 10 INFO neutron.db.ovn_revision_numbers_db [None req-32eee9de-36d0-442f-9c0c-504367fa9559 - - - - - -] Successfully bumped revision number for resource 3ab8cfa6-eeab-4fa3-922e-bce791fc874c (type: router_ports) to 2
2026-03-31 06:23:14.149 10 INFO neutron.plugins.ml2.drivers.ovn.mech_driver.mech_driver [None req-32eee9de-36d0-442f-9c0c-504367fa9559 - - - - - -] OVN reports status up for port: e3fc7d7d-62cf-4cf5-b07c-f4b65a000715
2026-03-31 06:23:14.166 10 INFO neutron.plugins.ml2.plugin [None req-32eee9de-36d0-442f-9c0c-504367fa9559 - - - - - -] Attempt 1 to provision port e3fc7d7d-62cf-4cf5-b07c-f4b65a000715
