2026-03-31 06:23:26.567 10 WARNING neutron.scheduler.dhcp_agent_scheduler [None req-c09fd4f1-e5c9-47f3-b5be-f4f6987edede 76d340e085b84594a5f004e5f4971e43 c7077fb191934dbdb0ac0f606ca9bf23 - - default default] No more DHCP agents
2026-03-31 06:23:26.569 10 WARNING neutron.api.rpc.agentnotifiers.dhcp_rpc_agent_api [None req-c09fd4f1-e5c9-47f3-b5be-f4f6987edede 76d340e085b84594a5f004e5f4971e43 c7077fb191934dbdb0ac0f606ca9bf23 - - default default] Unable to schedule network e55540ea-a814-4e0a-a66a-8cb2c3059c54: no agents available; will retry on subsequent port and subnet creation events.
2026-03-31 06:23:26.580 10 WARNING neutron.plugins.ml2.drivers.ovn.mech_driver.ovsdb.ovn_client [None req-081efcd0-c452-49d5-a9a0-3d60caad018e - - - - - -] No hosting information found for port d40d62e4-8ec7-4b2b-96ad-44d3bb16e65d: RuntimeError: No hosting information found for port d40d62e4-8ec7-4b2b-96ad-44d3bb16e65d
2026-03-31 06:23:26.587 9 INFO neutron.api.wsgi [None req-fb848a2c-702a-41b5-b2c1-e036727d8d6b 5350ccceefdc4ea3b1cd92db9bd4ebcf 6fa10926a4494816a13a1713e7c8f52e - - default default] 10.0.0.21 "GET /v2.0/security-groups?not-tags=red HTTP/1.1" status: 200 len: 6289 time: 0.0429909
2026-03-31 06:23:26.643 9 INFO neutron.api.wsgi [None req-21fa17ff-31ba-48c3-9957-cdb9187b9a0c 5350ccceefdc4ea3b1cd92db9bd4ebcf 6fa10926a4494816a13a1713e7c8f52e - - default default] 10.0.0.21 "GET /v2.0/security-groups?not-tags=red%2Cblue HTTP/1.1" status: 200 len: 7875 time: 0.0510967
2026-03-31 06:23:26.693 9 INFO neutron.api.wsgi [None req-b7ba40ec-f4f3-4fd6-ad77-75d3c3398653 5350ccceefdc4ea3b1cd92db9bd4ebcf 6fa10926a4494816a13a1713e7c8f52e - - default default] 10.0.0.21 "GET /v2.0/security-groups?not-tags-any=blue HTTP/1.1" status: 200 len: 7875 time: 0.0472021
2026-03-31 06:23:26.722 10 INFO neutron.db.ovn_revision_numbers_db [None req-081efcd0-c452-49d5-a9a0-3d60caad018e - - - - - -] Successfully bumped revision number for resource d40d62e4-8ec7-4b2b-96ad-44d3bb16e65d (type: router_ports) to 2
2026-03-31 06:23:26.722 10 INFO neutron.plugins.ml2.drivers.ovn.mech_driver.mech_driver [None req-081efcd0-c452-49d5-a9a0-3d60caad018e - - - - - -] OVN reports status up for port: ab30c540-fe21-4c3e-a339-5aaf18aa5b12
2026-03-31 06:23:26.737 10 INFO neutron.plugins.ml2.plugin [None req-081efcd0-c452-49d5-a9a0-3d60caad018e - - - - - -] Attempt 1 to provision port ab30c540-fe21-4c3e-a339-5aaf18aa5b12
2026-03-31 06:23:26.759 10 INFO neutron.api.wsgi [None req-40998757-ef08-4307-93ae-56223d4b3d65 5350ccceefdc4ea3b1cd92db9bd4ebcf 6fa10926a4494816a13a1713e7c8f52e - - default default] 10.0.0.21 "GET /v2.0/security-groups?not-tags-any=red%2Cblue HTTP/1.1" status: 200 len: 6289 time: 0.0605822
2026-03-31 06:23:26.785 9 WARNING neutron.scheduler.dhcp_agent_scheduler [None req-a6a0230f-a6ac-4325-89bf-c536bdede748 - - - - - -] No more DHCP agents
2026-03-31 06:23:26.786 9 WARNING neutron.api.rpc.agentnotifiers.dhcp_rpc_agent_api [None req-a6a0230f-a6ac-4325-89bf-c536bdede748 - - - - - -] Unable to schedule network 8ab5ac1e-9f8e-4912-bf02-7fb5f47bef8e: no agents available; will retry on subsequent port and subnet creation events.
2026-03-31 06:23:26.885 9 INFO neutron.api.wsgi [None req-4ec96c10-d179-4e3d-bf39-8276162e85bf 5350ccceefdc4ea3b1cd92db9bd4ebcf 6fa10926a4494816a13a1713e7c8f52e - - default default] 10.0.0.21 "DELETE /v2.0/security-groups/2bbb9f52-891f-4fdc-80c7-7ae1c91dd307 HTTP/1.1" status: 204 len: 168 time: 0.1184466
2026-03-31 06:23:26.922 10 INFO neutron.api.wsgi [None req-c09fd4f1-e5c9-47f3-b5be-f4f6987edede 76d340e085b84594a5f004e5f4971e43 c7077fb191934dbdb0ac0f606ca9bf23 - - default default] 10.0.0.21 "POST /v2.0/floatingips HTTP/1.1" status: 201 len: 751 time: 0.8244596
2026-03-31 06:23:26.933 9 INFO neutron.db.ovn_revision_numbers_db [None req-a6a0230f-a6ac-4325-89bf-c536bdede748 - - - - - -] Successfully bumped revision number for resource c7393c18-8203-4891-a8f4-5390db9eb299 (type: ports) to 1
2026-03-31 06:23:27.026 10 INFO neutron.api.wsgi [req-a5a9abea-de1d-45b7-b3e4-17fbce590236 req-30cf0965-4bdb-468e-bd80-350c8462cbc3 76d340e085b84594a5f004e5f4971e43 c7077fb191934dbdb0ac0f606ca9bf23 - - default default] 10.0.0.204 "GET /v2.0/security-groups?name=tempest-secgroup-smoke-124356247&fields=id&tenant_id=c7077fb191934dbdb0ac0f606ca9bf23 HTTP/1.1" status: 200 len: 267 time: 0.0402138
2026-03-31 06:23:27.042 9 INFO neutron.api.wsgi [None req-91726a22-a623-4214-8da2-35ec59b1b991 5350ccceefdc4ea3b1cd92db9bd4ebcf 6fa10926a4494816a13a1713e7c8f52e - - default default] 10.0.0.21 "DELETE /v2.0/security-groups/8a2d9775-7bd4-4a82-9577-3670ae0af7ee HTTP/1.1" status: 204 len: 168 time: 0.1497254
2026-03-31 06:23:27.067 10 INFO neutron.api.wsgi [req-a5a9abea-de1d-45b7-b3e4-17fbce590236 req-2cb2d219-08c9-4675-8fad-5a5da7f6cfec 76d340e085b84594a5f004e5f4971e43 c7077fb191934dbdb0ac0f606ca9bf23 - - default default] 10.0.0.204 "GET /v2.0/security-groups?name=tempest-securitygroup--895048543&fields=id&tenant_id=c7077fb191934dbdb0ac0f606ca9bf23 HTTP/1.1" status: 200 len: 267 time: 0.0324039
2026-03-31 06:23:27.112 10 INFO neutron.api.wsgi [req-a5a9abea-de1d-45b7-b3e4-17fbce590236 req-9fb35f55-e099-46e8-93da-d9a621d0a0ed 76d340e085b84594a5f004e5f4971e43 c7077fb191934dbdb0ac0f606ca9bf23 - - default default] 10.0.0.204 "GET /v2.0/networks?id=ead13210-36d1-4b34-806e-fc22a6121113 HTTP/1.1" status: 200 len: 872 time: 0.0378563
2026-03-31 06:23:27.133 10 INFO neutron.api.wsgi [req-a5a9abea-de1d-45b7-b3e4-17fbce590236 req-9e2d5f6d-f8ca-4ebc-920a-96c706a9cc70 76d340e085b84594a5f004e5f4971e43 c7077fb191934dbdb0ac0f606ca9bf23 - - default default] 10.0.0.204 "GET /v2.0/quotas/c7077fb191934dbdb0ac0f606ca9bf23 HTTP/1.1" status: 200 len: 491 time: 0.0142915
2026-03-31 06:23:27.139 9 WARNING neutron.plugins.ml2.drivers.ovn.mech_driver.ovsdb.ovn_client [None req-358ff17b-79ca-4c7b-9bc9-1fafe9b80548 - - - - - -] No hosting information found for port 5cb023bd-fb5b-4637-a63b-4e9eaad75238: RuntimeError: No hosting information found for port 5cb023bd-fb5b-4637-a63b-4e9eaad75238
2026-03-31 06:23:27.194 9 INFO neutron.api.wsgi [None req-365d5711-2fde-4bc7-9b37-61de5620fab1 5350ccceefdc4ea3b1cd92db9bd4ebcf 6fa10926a4494816a13a1713e7c8f52e - - default default] 10.0.0.21 "DELETE /v2.0/security-groups/1b8141d2-87e6-4c46-bbf2-04ee3cf76991 HTTP/1.1" status: 204 len: 168 time: 0.1463470
2026-03-31 06:23:27.213 9 INFO neutron.db.ovn_revision_numbers_db [None req-a6a0230f-a6ac-4325-89bf-c536bdede748 - - - - - -] Successfully bumped revision number for resource c7393c18-8203-4891-a8f4-5390db9eb299 (type: ports) to 3
2026-03-31 06:23:27.223 10 INFO neutron.api.wsgi [req-a5a9abea-de1d-45b7-b3e4-17fbce590236 req-5220a93c-4de9-46e6-ac15-26ede3806bba 76d340e085b84594a5f004e5f4971e43 c7077fb191934dbdb0ac0f606ca9bf23 - - default default] 10.0.0.204 "GET /v2.0/ports?tenant_id=c7077fb191934dbdb0ac0f606ca9bf23&fields=id HTTP/1.1" status: 200 len: 302 time: 0.0824912
2026-03-31 06:23:27.274 9 INFO neutron.db.ovn_revision_numbers_db [None req-358ff17b-79ca-4c7b-9bc9-1fafe9b80548 - - - - - -] Successfully bumped revision number for resource 5cb023bd-fb5b-4637-a63b-4e9eaad75238 (type: router_ports) to 2
2026-03-31 06:23:27.274 9 INFO neutron.plugins.ml2.drivers.ovn.mech_driver.mech_driver [None req-358ff17b-79ca-4c7b-9bc9-1fafe9b80548 - - - - - -] OVN reports status up for port: 3132ddd4-823e-4cc8-94f6-56a953f3f88d
2026-03-31 06:23:27.276 10 INFO neutron.api.wsgi [req-a5a9abea-de1d-45b7-b3e4-17fbce590236 req-a55469d5-4dd7-430d-9ea5-9981c5d2dbef c8ddd317cd4d443493736ba307dca577 1afe58f424034bcbb1c076e279edf9b8 - - ed29042efc3c459c90404065aa83b660 ed29042efc3c459c90404065aa83b660] 10.0.0.204 "GET /v2.0/networks/ead13210-36d1-4b34-806e-fc22a6121113?fields=segments HTTP/1.1" status: 200 len: 212 time: 0.0410216
2026-03-31 06:23:27.286 9 INFO neutron.plugins.ml2.plugin [None req-358ff17b-79ca-4c7b-9bc9-1fafe9b80548 - - - - - -] Attempt 1 to provision port 3132ddd4-823e-4cc8-94f6-56a953f3f88d
2026-03-31 06:23:27.288 12 ERROR oslo_messaging.rpc.server [None req-4676195c-9bbc-4a58-a289-8ad43e8ea708 592f17127a904af08bc3d484494c221b 2c525cf3ca2d421191b7f66e91c41465 - - default default] Exception during message handling: sqlalchemy.exc.PendingRollbackError: This Session's transaction has been rolled back due to a previous exception during flush. To begin a new transaction with this Session, first issue Session.rollback(). Original exception was: (pymysql.err.IntegrityError) (1062, "Duplicate entry '73d6c3a6-b1ae-40d0-b710-ba0d844b4a32-e49265e6-bf2d-5214-aec2-274' for key 'routervpnagentbindings.PRIMARY'") [SQL: INSERT INTO routervpnagentbindings (router_id, vpn_agent_id) VALUES (%(router_id)s, %(vpn_agent_id)s)] [parameters: {'router_id': '73d6c3a6-b1ae-40d0-b710-ba0d844b4a32', 'vpn_agent_id': 'e49265e6-bf2d-5214-aec2-274baa934e2d'}] (Background on this error at: https://sqlalche.me/e/20/gkpj) (Background on this error at: https://sqlalche.me/e/20/7s2a)
2026-03-31 06:23:27.288 12 ERROR oslo_messaging.rpc.server
Traceback (most recent call last):
2026-03-31 06:23:27.288 12 ERROR oslo_messaging.rpc.server
File "/var/lib/openstack/lib/python3.12/site-packages/oslo_messaging/rpc/server.py", line 172, in _process_incoming
2026-03-31 06:23:27.288 12 ERROR oslo_messaging.rpc.server res = self.dispatcher.dispatch(message)
2026-03-31 06:23:27.288 12 ERROR oslo_messaging.rpc.server ^^^^^^^^^^^^^^^^^^^^^^^^^^^^^^^^^
2026-03-31 06:23:27.288 12 ERROR oslo_messaging.rpc.server
File "/var/lib/openstack/lib/python3.12/site-packages/oslo_messaging/rpc/dispatcher.py", line 309, in dispatch
2026-03-31 06:23:27.288 12 ERROR oslo_messaging.rpc.server return self._do_dispatch(endpoint, method, ctxt, args)
2026-03-31 06:23:27.288 12 ERROR oslo_messaging.rpc.server ^^^^^^^^^^^^^^^^^^^^^^^^^^^^^^^^^^^^^^^^^^^^^^^
2026-03-31 06:23:27.288 12 ERROR oslo_messaging.rpc.server
File "/var/lib/openstack/lib/python3.12/site-packages/oslo_messaging/rpc/dispatcher.py", line 229, in _do_dispatch
2026-03-31 06:23:27.288 12 ERROR oslo_messaging.rpc.server result = func(ctxt, **new_args)
2026-03-31 06:23:27.288 12 ERROR oslo_messaging.rpc.server ^^^^^^^^^^^^^^^^^^^^^^
2026-03-31 06:23:27.288 12 ERROR oslo_messaging.rpc.server
File "/var/lib/openstack/lib/python3.12/site-packages/oslo_db/sqlalchemy/enginefacade.py", line 998, in wrapper
2026-03-31 06:23:27.288 12 ERROR oslo_messaging.rpc.server return fn(*args, **kwargs)
2026-03-31 06:23:27.288 12 ERROR oslo_messaging.rpc.server ^^^^^^^^^^^^^^^^^^^
2026-03-31 06:23:27.288 12 ERROR oslo_messaging.rpc.server
File "/var/lib/openstack/lib/python3.12/site-packages/neutron_vpnaas/services/vpn/service_drivers/base_ipsec.py", line 80, in get_vpn_services_on_host
2026-03-31 06:23:27.288 12 ERROR oslo_messaging.rpc.server local_cidr_map = plugin._build_local_subnet_cidr_map(context)
2026-03-31 06:23:27.288 12 ERROR oslo_messaging.rpc.server ^^^^^^^^^^^^^^^^^^^^^^^^^^^^^^^^^^^^^^^^^^^^
2026-03-31 06:23:27.288 12 ERROR oslo_messaging.rpc.server
File "/var/lib/openstack/lib/python3.12/site-packages/neutron_vpnaas/db/vpn/vpn_db.py", line 731, in _build_local_subnet_cidr_map
2026-03-31 06:23:27.288 12 ERROR oslo_messaging.rpc.server return {sn.id: sn.cidr for sn in query.all()}
2026-03-31 06:23:27.288 12 ERROR oslo_messaging.rpc.server ^^^^^^^^^^^
2026-03-31 06:23:27.288 12 ERROR oslo_messaging.rpc.server
File "/var/lib/openstack/lib/python3.12/site-packages/sqlalchemy/orm/query.py", line 2673, in all
2026-03-31 06:23:27.288 12 ERROR oslo_messaging.rpc.server return self._iter().all() # type: ignore
2026-03-31 06:23:27.288 12 ERROR oslo_messaging.rpc.server ^^^^^^^^^^^^
2026-03-31 06:23:27.288 12 ERROR oslo_messaging.rpc.server
File "/var/lib/openstack/lib/python3.12/site-packages/sqlalchemy/orm/query.py", line 2827, in _iter
2026-03-31 06:23:27.288 12 ERROR oslo_messaging.rpc.server result: Union[ScalarResult[_T], Result[_T]] = self.session.execute(
2026-03-31 06:23:27.288 12 ERROR oslo_messaging.rpc.server ^^^^^^^^^^^^^^^^^^^^^
2026-03-31 06:23:27.288 12 ERROR oslo_messaging.rpc.server
File "/var/lib/openstack/lib/python3.12/site-packages/sqlalchemy/orm/session.py", line 2362, in execute
2026-03-31 06:23:27.288 12 ERROR oslo_messaging.rpc.server return self._execute_internal(
2026-03-31 06:23:27.288 12 ERROR oslo_messaging.rpc.server ^^^^^^^^^^^^^^^^^^^^^^^
2026-03-31 06:23:27.288 12 ERROR oslo_messaging.rpc.server
File "/var/lib/openstack/lib/python3.12/site-packages/sqlalchemy/orm/session.py", line 2237, in _execute_internal
2026-03-31 06:23:27.288 12 ERROR oslo_messaging.rpc.server conn = self._connection_for_bind(bind)
2026-03-31 06:23:27.288 12 ERROR oslo_messaging.rpc.server ^^^^^^^^^^^^^^^^^^^^^^^^^^^^^^^
2026-03-31 06:23:27.288 12 ERROR oslo_messaging.rpc.server
File "/var/lib/openstack/lib/python3.12/site-packages/sqlalchemy/orm/session.py", line 2106, in _connection_for_bind
2026-03-31 06:23:27.288 12 ERROR oslo_messaging.rpc.server return trans._connection_for_bind(engine, execution_options)
2026-03-31 06:23:27.288 12 ERROR oslo_messaging.rpc.server ^^^^^^^^^^^^^^^^^^^^^^^^^^^^^^^^^^^^^^^^^^^^^^^^^^^^^
2026-03-31 06:23:27.288 12 ERROR oslo_messaging.rpc.server File "", line 2, in _connection_for_bind
2026-03-31 06:23:27.288 12 ERROR oslo_messaging.rpc.server
File "/var/lib/openstack/lib/python3.12/site-packages/sqlalchemy/orm/state_changes.py", line 103, in _go
2026-03-31 06:23:27.288 12 ERROR oslo_messaging.rpc.server self._raise_for_prerequisite_state(fn.__name__, current_state)
2026-03-31 06:23:27.288 12 ERROR oslo_messaging.rpc.server
File "/var/lib/openstack/lib/python3.12/site-packages/sqlalchemy/orm/session.py", line 973, in _raise_for_prerequisite_state
2026-03-31 06:23:27.288 12 ERROR oslo_messaging.rpc.server raise sa_exc.PendingRollbackError(
2026-03-31 06:23:27.288 12 ERROR oslo_messaging.rpc.server sqlalchemy.exc.PendingRollbackError: This Session's transaction has been rolled back due to a previous exception during flush. To begin a new transaction with this Session, first issue Session.rollback(). Original exception was: (pymysql.err.IntegrityError) (1062, "Duplicate entry '73d6c3a6-b1ae-40d0-b710-ba0d844b4a32-e49265e6-bf2d-5214-aec2-274' for key 'routervpnagentbindings.PRIMARY'")
2026-03-31 06:23:27.288 12 ERROR oslo_messaging.rpc.server [SQL: INSERT INTO routervpnagentbindings (router_id, vpn_agent_id) VALUES (%(router_id)s, %(vpn_agent_id)s)]
2026-03-31 06:23:27.288 12 ERROR oslo_messaging.rpc.server [parameters: {'router_id': '73d6c3a6-b1ae-40d0-b710-ba0d844b4a32', 'vpn_agent_id': 'e49265e6-bf2d-5214-aec2-274baa934e2d'}]
2026-03-31 06:23:27.288 12 ERROR oslo_messaging.rpc.server (Background on this error at: https://sqlalche.me/e/20/gkpj) (Background on this error at: https://sqlalche.me/e/20/7s2a)
2026-03-31 06:23:27.288 12 ERROR oslo_messaging.rpc.server
2026-03-31 06:23:27.322 10 INFO neutron.api.wsgi [req-a5a9abea-de1d-45b7-b3e4-17fbce590236 req-38fa9aec-f5fc-4346-b66c-8d000d52a2d9 c8ddd317cd4d443493736ba307dca577 1afe58f424034bcbb1c076e279edf9b8 - - ed29042efc3c459c90404065aa83b660 ed29042efc3c459c90404065aa83b660] 10.0.0.204 "GET /v2.0/networks/ead13210-36d1-4b34-806e-fc22a6121113?fields=provider%3Aphysical_network&fields=provider%3Anetwork_type HTTP/1.1" status: 200 len: 277 time: 0.0387301
2026-03-31 06:23:27.396 9 INFO neutron.api.wsgi [None req-fd413320-1780-4807-a8ba-227fc2a241e2 5350ccceefdc4ea3b1cd92db9bd4ebcf 6fa10926a4494816a13a1713e7c8f52e - - default default] 10.0.0.21 "DELETE /v2.0/security-groups/2c47ae9e-dc45-40c0-bcdf-1f2743367060 HTTP/1.1" status: 204 len: 168 time: 0.1899650
2026-03-31 06:23:27.432 9 INFO neutron.api.wsgi [None req-44612c1f-b15d-401c-8d9b-47e62c045dcb 592f17127a904af08bc3d484494c221b 2c525cf3ca2d421191b7f66e91c41465 - - default default] 10.0.0.21 "POST /v2.0/vpn/vpnservices HTTP/1.1" status: 201 len: 657 time: 5.4468558
2026-03-31 06:23:27.460 9 INFO neutron.api.wsgi [None req-588732d2-ef91-4992-bc96-2fe2a8ef418b 592f17127a904af08bc3d484494c221b 2c525cf3ca2d421191b7f66e91c41465 - - default default] 10.0.0.21 "GET /v2.0/vpn/vpnservices HTTP/1.1" status: 200 len: 1501 time: 0.0241728
2026-03-31 06:23:27.467 9 INFO neutron.api.wsgi [req-588c6a8d-c371-451d-9999-4aaa18e4a1d8 req-8fdcbe67-31eb-4749-92fb-c9f3d6a6ccd8 76d340e085b84594a5f004e5f4971e43 c7077fb191934dbdb0ac0f606ca9bf23 - - default default] 10.0.0.204 "GET /v2.0/ports?device_id=08343d95-4c84-4b2b-bd03-7cbe5171a711 HTTP/1.1" status: 200 len: 210 time: 0.0237520
2026-03-31 06:23:27.540 10 INFO neutron.api.wsgi [None req-5aa6209c-5cf3-420b-b314-6900539becfa 5350ccceefdc4ea3b1cd92db9bd4ebcf 6fa10926a4494816a13a1713e7c8f52e - - default default] 10.0.0.21 "DELETE /v2.0/security-groups/574ce198-2552-4947-a5c6-deb976ad87b7 HTTP/1.1" status: 204 len: 168 time: 0.1386421
2026-03-31 06:23:27.746 9 INFO neutron.db.ovn_revision_numbers_db [None req-358ff17b-79ca-4c7b-9bc9-1fafe9b80548 - - - - - -] Successfully bumped revision number for resource 3132ddd4-823e-4cc8-94f6-56a953f3f88d (type: ports) to 2
2026-03-31 06:23:28.555 10 INFO neutron.api.wsgi [req-49d57c04-071b-4cbd-ba6c-036ed29e5219 req-f567a56d-735c-40b7-bdf7-180df71005d9 76d340e085b84594a5f004e5f4971e43 c7077fb191934dbdb0ac0f606ca9bf23 - - default default] 10.0.0.204 "GET /v2.0/ports?device_id=08343d95-4c84-4b2b-bd03-7cbe5171a711 HTTP/1.1" status: 200 len: 210 time: 0.0250938
2026-03-31 06:23:28.709 10 INFO neutron.db.ovn_revision_numbers_db [None req-bb74f8a5-7b40-48b3-9568-491f19664ac4 0c8cfa4133454b3097b7c50077b745de a0ca050bdd2a42b38f5eef964bc59a02 - - default default] Successfully bumped revision number for resource 88c39a3d-7d92-4f86-bdc3-43342d3795ac (type: security_groups) to 1
2026-03-31 06:23:28.732 10 INFO neutron.db.ovn_revision_numbers_db [None req-bb74f8a5-7b40-48b3-9568-491f19664ac4 0c8cfa4133454b3097b7c50077b745de a0ca050bdd2a42b38f5eef964bc59a02 - - default default] Successfully bumped revision number for resource 118195eb-df6b-489c-83e7-4c8f373cfa98 (type: security_group_rules) to 0
2026-03-31 06:23:28.758 10 INFO neutron.db.ovn_revision_numbers_db [None req-bb74f8a5-7b40-48b3-9568-491f19664ac4 0c8cfa4133454b3097b7c50077b745de a0ca050bdd2a42b38f5eef964bc59a02 - - default default] Successfully bumped revision number for resource 3dd9fc44-185c-467e-ad1d-02483fa05a7e (type: security_group_rules) to 0
2026-03-31 06:23:28.775 10 INFO neutron.db.ovn_revision_numbers_db [None req-bb74f8a5-7b40-48b3-9568-491f19664ac4 0c8cfa4133454b3097b7c50077b745de a0ca050bdd2a42b38f5eef964bc59a02 - - default default] Successfully bumped revision number for resource 61558be8-a757-4736-b15f-f20959c64413 (type: security_group_rules) to 0
2026-03-31 06:23:28.808 10 INFO neutron.db.ovn_revision_numbers_db [None req-bb74f8a5-7b40-48b3-9568-491f19664ac4 0c8cfa4133454b3097b7c50077b745de a0ca050bdd2a42b38f5eef964bc59a02 - - default default] Successfully bumped revision number for resource e7dc3556-333b-430c-bb37-7c57a6ecb321 (type: security_group_rules) to 0
2026-03-31 06:23:28.850 10 INFO neutron.api.wsgi [None req-bb74f8a5-7b40-48b3-9568-491f19664ac4 0c8cfa4133454b3097b7c50077b745de a0ca050bdd2a42b38f5eef964bc59a02 - - default default] 10.0.0.21 "GET /v2.0/security-groups?tenant_id=44409339eb5b4ff0aa56029a411fc919&name=default HTTP/1.1" status: 200 len: 3120 time: 0.4813347
2026-03-31 06:23:29.130 10 INFO neutron.api.wsgi [None req-b8fb13e4-703a-4c84-b0ba-2f748149ac00 0c8cfa4133454b3097b7c50077b745de a0ca050bdd2a42b38f5eef964bc59a02 - - default default] 10.0.0.21 "DELETE /v2.0/security-groups/88c39a3d-7d92-4f86-bdc3-43342d3795ac HTTP/1.1" status: 204 len: 168 time: 0.2690792
2026-03-31 06:23:29.253 9 INFO neutron.api.wsgi [None req-35dfebcd-73d3-4e4e-b28a-6eec696c5b1a 0c8cfa4133454b3097b7c50077b745de a0ca050bdd2a42b38f5eef964bc59a02 - - default default] 10.0.0.21 "GET /v2.0/security-groups?tenant_id=6fa10926a4494816a13a1713e7c8f52e&name=default HTTP/1.1" status: 200 len: 3120 time: 0.0348287
2026-03-31 06:23:29.487 10 INFO neutron.api.wsgi [None req-46bd5873-e5e8-430e-9f3c-d65f9dbdca88 0c8cfa4133454b3097b7c50077b745de a0ca050bdd2a42b38f5eef964bc59a02 - - default default] 10.0.0.21 "DELETE /v2.0/security-groups/147946c0-5846-4f12-ba36-d012c3a978d6 HTTP/1.1" status: 204 len: 168 time: 0.2295971
2026-03-31 06:23:29.646 9 INFO neutron.api.wsgi [req-bc5326e1-34b7-41d1-bb5b-0d19877f41e2 req-2cc1f1f7-0086-482e-80f9-6105082fe616 76d340e085b84594a5f004e5f4971e43 c7077fb191934dbdb0ac0f606ca9bf23 - - default default] 10.0.0.204 "GET /v2.0/ports?device_id=08343d95-4c84-4b2b-bd03-7cbe5171a711 HTTP/1.1" status: 200 len: 210 time: 0.0194595
2026-03-31 06:23:29.793 10 INFO neutron.db.ovn_revision_numbers_db [None req-1e8cf50f-422e-4ac8-859b-45e935dd44a2 0c8cfa4133454b3097b7c50077b745de a0ca050bdd2a42b38f5eef964bc59a02 - - default default] Successfully bumped revision number for resource 3746f2f2-ca11-4ed9-b795-eaca9b5eb36a (type: security_groups) to 1
2026-03-31 06:23:29.809 10 INFO neutron.db.ovn_revision_numbers_db [None req-1e8cf50f-422e-4ac8-859b-45e935dd44a2 0c8cfa4133454b3097b7c50077b745de a0ca050bdd2a42b38f5eef964bc59a02 - - default default] Successfully bumped revision number for resource 004550e6-97e0-45f2-9aa5-cb700cff15f2 (type: security_group_rules) to 0
2026-03-31 06:23:29.822 10 INFO neutron.db.ovn_revision_numbers_db [None req-1e8cf50f-422e-4ac8-859b-45e935dd44a2 0c8cfa4133454b3097b7c50077b745de a0ca050bdd2a42b38f5eef964bc59a02 - - default default] Successfully bumped revision number for resource 16d7137c-9bb6-46bb-8ac2-45ad9e10226a (type: security_group_rules) to 0
2026-03-31 06:23:29.835 10 INFO neutron.db.ovn_revision_numbers_db [None req-1e8cf50f-422e-4ac8-859b-45e935dd44a2 0c8cfa4133454b3097b7c50077b745de a0ca050bdd2a42b38f5eef964bc59a02 - - default default] Successfully bumped revision number for resource 38c7cb8a-11d0-46ad-94d5-c145fe7495b7 (type: security_group_rules) to 0
2026-03-31 06:23:29.848 10 INFO neutron.db.ovn_revision_numbers_db [None req-1e8cf50f-422e-4ac8-859b-45e935dd44a2 0c8cfa4133454b3097b7c50077b745de a0ca050bdd2a42b38f5eef964bc59a02 - - default default] Successfully bumped revision number for resource 61567949-9c9e-498d-b851-3fa79c2139b8 (type: security_group_rules) to 0
2026-03-31 06:23:29.889 10 INFO neutron.api.wsgi [None req-1e8cf50f-422e-4ac8-859b-45e935dd44a2 0c8cfa4133454b3097b7c50077b745de a0ca050bdd2a42b38f5eef964bc59a02 - - default default] 10.0.0.21 "GET /v2.0/security-groups?tenant_id=225e893bc4f5459ba9bb0e3a42a6ed3d&name=default HTTP/1.1" status: 200 len: 3120 time: 0.2565155 /var/lib/openstack/lib/python3.12/site-packages/pycadf/identifier.py:71: UserWarning: Invalid uuid: neutron. To ensure interoperability, identifiers should be a valid uuid. warnings.warn(('Invalid uuid: %s. To ensure interoperability, '
2026-03-31 06:23:30.106 10 INFO neutron.api.wsgi [None req-c9a906b6-b043-44c1-80ef-7e38d8f10736 0c8cfa4133454b3097b7c50077b745de a0ca050bdd2a42b38f5eef964bc59a02 - - default default] 10.0.0.21 "DELETE /v2.0/security-groups/3746f2f2-ca11-4ed9-b795-eaca9b5eb36a HTTP/1.1" status: 204 len: 168 time: 0.2086425
2026-03-31 06:23:30.161 10 INFO neutron.services.segments.plugin [-] Segment 4f133722-96aa-420f-bcaf-a67534c37643 resource provider aggregate not found
2026-03-31 06:23:30.167 10 INFO neutron.services.segments.plugin [-] Segment 4f133722-96aa-420f-bcaf-a67534c37643 resource provider aggregate not found
2026-03-31 06:23:30.178 10 INFO neutron.services.segments.plugin [-] Segment 4f133722-96aa-420f-bcaf-a67534c37643 resource provider not found; error: Placement Client Error (4xx): {"errors": [{"status": 404, "title": "Not Found", "detail": "The resource could not be found.\n\n No resource provider with uuid 4f133722-96aa-420f-bcaf-a67534c37643 found for delete ", "request_id": "req-4d58957c-892e-4100-bfe1-0402371c8903"}]}
2026-03-31 06:23:30.180 10 INFO neutron.services.segments.plugin [-] Segment 4f133722-96aa-420f-bcaf-a67534c37643 resource provider not found; error: Placement Client Error (4xx): {"errors": [{"status": 404, "title": "Not Found", "detail": "The resource could not be found.\n\n No resource provider with uuid 4f133722-96aa-420f-bcaf-a67534c37643 found for delete ", "request_id": "req-8d834d4a-2d02-4939-a602-7de22bf565ac"}]}
2026-03-31 06:23:30.189 10 INFO neutron.api.wsgi [None req-2c9a1b1d-4860-4e8a-8c28-646043c7263c 592f17127a904af08bc3d484494c221b 2c525cf3ca2d421191b7f66e91c41465 - - default default] 10.0.0.21 "DELETE /v2.0/vpn/vpnservices/1576bb85-361d-4ff1-9628-fc0cac903309 HTTP/1.1" status: 204 len: 168 time: 2.7223573
2026-03-31 06:23:30.201 10 INFO neutron.api.wsgi [None req-b9c03826-f166-428a-9209-8dcc46a0695c 592f17127a904af08bc3d484494c221b 2c525cf3ca2d421191b7f66e91c41465 - - default default] 10.0.0.21 "GET /v2.0/vpn/vpnservices HTTP/1.1" status: 200 len: 1056 time: 0.0068691
2026-03-31 06:23:30.209 10 WARNING neutron_lib.context [None req-11ae6a9d-d89b-4371-8a25-573ab9c345cd 592f17127a904af08bc3d484494c221b 2c525cf3ca2d421191b7f66e91c41465 - - default default] Method 'is_advsvc' is deprecated since 2023.2 release (neutron-lib 3.8.0) and will be removed once support for the old RBAC API policies will be removed from Neutron. Please use method 'is_service_role' instead.
2026-03-31 06:23:30.247 10 INFO neutron.api.wsgi [-] 10.0.0.13 "GET / HTTP/1.1" status: 200 len: 247 time: 0.0027790
2026-03-31 06:23:30.249 9 INFO neutron.api.wsgi [-] 10.0.0.13 "GET / HTTP/1.1" status: 200 len: 247 time: 0.0037115
2026-03-31 06:23:30.255 10 INFO neutron.api.v2.resource [None req-11ae6a9d-d89b-4371-8a25-573ab9c345cd 592f17127a904af08bc3d484494c221b 2c525cf3ca2d421191b7f66e91c41465 - - default default] create failed (client error): The server could not comply with the request since it is either malformed or otherwise incorrect.
2026-03-31 06:23:30.256 10 INFO neutron.api.wsgi [None req-11ae6a9d-d89b-4371-8a25-573ab9c345cd 592f17127a904af08bc3d484494c221b 2c525cf3ca2d421191b7f66e91c41465 - - default default] 10.0.0.21 "POST /v2.0/vpn/ipsec-site-connections HTTP/1.1" status: 400 len: 330 time: 0.0490830
2026-03-31 06:23:30.272 9 WARNING neutron_lib.context [None req-f2c7e5b9-b2f2-4aa0-813e-1890f27e4029 592f17127a904af08bc3d484494c221b 2c525cf3ca2d421191b7f66e91c41465 - - default default] Method 'is_advsvc' is deprecated since 2023.2 release (neutron-lib 3.8.0) and will be removed once support for the old RBAC API policies will be removed from Neutron. Please use method 'is_service_role' instead.
2026-03-31 06:23:30.321 9 INFO neutron.api.v2.resource [None req-f2c7e5b9-b2f2-4aa0-813e-1890f27e4029 592f17127a904af08bc3d484494c221b 2c525cf3ca2d421191b7f66e91c41465 - - default default] create failed (client error): The server could not comply with the request since it is either malformed or otherwise incorrect.
2026-03-31 06:23:30.322 9 INFO neutron.api.wsgi [None req-f2c7e5b9-b2f2-4aa0-813e-1890f27e4029 592f17127a904af08bc3d484494c221b 2c525cf3ca2d421191b7f66e91c41465 - - default default] 10.0.0.21 "POST /v2.0/vpn/ipsec-site-connections HTTP/1.1" status: 400 len: 339 time: 0.0568621
2026-03-31 06:23:30.334 9 WARNING neutron.api.v2.base [None req-54ba97d6-8e41-449c-aaf2-46596b39ff6e 592f17127a904af08bc3d484494c221b 2c525cf3ca2d421191b7f66e91c41465 - - default default] An exception happened while processing the request body. The exception message is [Invalid input for dpd. Reason: '59' is not a dictionary.].: webob.exc.HTTPBadRequest: Invalid input for dpd. Reason: '59' is not a dictionary.
2026-03-31 06:23:30.335 9 INFO neutron.api.v2.resource [None req-54ba97d6-8e41-449c-aaf2-46596b39ff6e 592f17127a904af08bc3d484494c221b 2c525cf3ca2d421191b7f66e91c41465 - - default default] create failed (client error): Invalid input for dpd. Reason: '59' is not a dictionary.
2026-03-31 06:23:30.336 9 INFO neutron.api.wsgi [None req-54ba97d6-8e41-449c-aaf2-46596b39ff6e 592f17127a904af08bc3d484494c221b 2c525cf3ca2d421191b7f66e91c41465 - - default default] 10.0.0.21 "POST /v2.0/vpn/ipsec-site-connections HTTP/1.1" status: 400 len: 332 time: 0.0061846
2026-03-31 06:23:30.345 9 WARNING neutron_lib.context [None req-b59e8a91-3358-4e14-a496-f6f13ecad7d9 592f17127a904af08bc3d484494c221b 2c525cf3ca2d421191b7f66e91c41465 - - default default] Method 'is_advsvc' is deprecated since 2023.2 release (neutron-lib 3.8.0) and will be removed once support for the old RBAC API policies will be removed from Neutron. Please use method 'is_service_role' instead.
2026-03-31 06:23:30.381 9 INFO neutron.api.wsgi [None req-b59e8a91-3358-4e14-a496-f6f13ecad7d9 592f17127a904af08bc3d484494c221b 2c525cf3ca2d421191b7f66e91c41465 - - default default] 10.0.0.21 "POST /v2.0/vpn/endpoint-groups HTTP/1.1" status: 201 len: 492 time: 0.0412562
2026-03-31 06:23:30.391 9 WARNING neutron_lib.context [None req-74b539a7-4a73-49b0-b3a7-348942c31afe 592f17127a904af08bc3d484494c221b 2c525cf3ca2d421191b7f66e91c41465 - - default default] Method 'is_advsvc' is deprecated since 2023.2 release (neutron-lib 3.8.0) and will be removed once support for the old RBAC API policies will be removed from Neutron. Please use method 'is_service_role' instead.
2026-03-31 06:23:30.427 9 INFO neutron.api.v2.resource [None req-74b539a7-4a73-49b0-b3a7-348942c31afe 592f17127a904af08bc3d484494c221b 2c525cf3ca2d421191b7f66e91c41465 - - default default] create failed (client error): The server could not comply with the request since it is either malformed or otherwise incorrect.
2026-03-31 06:23:30.428 9 INFO neutron.api.wsgi [None req-74b539a7-4a73-49b0-b3a7-348942c31afe 592f17127a904af08bc3d484494c221b 2c525cf3ca2d421191b7f66e91c41465 - - default default] 10.0.0.21 "POST /v2.0/vpn/ipsec-site-connections HTTP/1.1" status: 400 len: 352 time: 0.0421860
2026-03-31 06:23:30.447 10 INFO neutron.api.wsgi [None req-db5c7ae5-b9c8-434b-8146-c57c3fbe8601 592f17127a904af08bc3d484494c221b 2c525cf3ca2d421191b7f66e91c41465 - - default default] 10.0.0.21 "GET /v2.0/vpn/endpoint-groups HTTP/1.1" status: 200 len: 1102 time: 0.0122628
2026-03-31 06:23:30.478 10 INFO neutron.api.wsgi [None req-c5558a34-a3ba-46cf-9aa6-5055c1a0360d 592f17127a904af08bc3d484494c221b 2c525cf3ca2d421191b7f66e91c41465 - - default default] 10.0.0.21 "DELETE /v2.0/vpn/endpoint-groups/5eaa2051-1996-48c8-99e1-308f7e3c2ce8 HTTP/1.1" status: 204 len: 168 time: 0.0263028
2026-03-31 06:23:30.493 10 INFO neutron.api.wsgi [None req-d168803b-8266-4443-a130-f442b95b2a4e 592f17127a904af08bc3d484494c221b 2c525cf3ca2d421191b7f66e91c41465 - - default default] 10.0.0.21 "GET /v2.0/vpn/endpoint-groups HTTP/1.1" status: 200 len: 827 time: 0.0101650
2026-03-31 06:23:30.505 9 WARNING neutron_lib.context [None req-365858e9-80d7-460f-a507-08971e3dc0e6 592f17127a904af08bc3d484494c221b 2c525cf3ca2d421191b7f66e91c41465 - - default default] Method 'is_advsvc' is deprecated since 2023.2 release (neutron-lib 3.8.0) and will be removed once support for the old RBAC API policies will be removed from Neutron. Please use method 'is_service_role' instead.
2026-03-31 06:23:30.553 9 INFO neutron.api.wsgi [None req-365858e9-80d7-460f-a507-08971e3dc0e6 592f17127a904af08bc3d484494c221b 2c525cf3ca2d421191b7f66e91c41465 - - default default] 10.0.0.21 "POST /v2.0/vpn/endpoint-groups HTTP/1.1" status: 201 len: 500 time: 0.0527499
2026-03-31 06:23:30.563 9 WARNING neutron_lib.context [None req-b3760b0a-7f23-420d-bd89-29714511a846 592f17127a904af08bc3d484494c221b 2c525cf3ca2d421191b7f66e91c41465 - - default default] Method 'is_advsvc' is deprecated since 2023.2 release (neutron-lib 3.8.0) and will be removed once support for the old RBAC API policies will be removed from Neutron. Please use method 'is_service_role' instead.
2026-03-31 06:23:30.594 9 INFO neutron.api.v2.resource [None req-b3760b0a-7f23-420d-bd89-29714511a846 592f17127a904af08bc3d484494c221b 2c525cf3ca2d421191b7f66e91c41465 - - default default] create failed (client error): The server could not comply with the request since it is either malformed or otherwise incorrect.
2026-03-31 06:23:30.595 9 INFO neutron.api.wsgi [None req-b3760b0a-7f23-420d-bd89-29714511a846 592f17127a904af08bc3d484494c221b 2c525cf3ca2d421191b7f66e91c41465 - - default default] 10.0.0.21 "POST /v2.0/vpn/ipsec-site-connections HTTP/1.1" status: 400 len: 351 time: 0.0372171
2026-03-31 06:23:30.611 9 INFO neutron.api.wsgi [None req-e9b67d1d-d33f-4d91-9638-28032576a461 592f17127a904af08bc3d484494c221b 2c525cf3ca2d421191b7f66e91c41465 - - default default] 10.0.0.21 "GET /v2.0/vpn/endpoint-groups HTTP/1.1" status: 200 len: 1110 time: 0.0101416
2026-03-31 06:23:30.633 9 INFO neutron.api.wsgi [None req-b06ca7f1-69bb-4489-84c2-8f7f9f4005b5 592f17127a904af08bc3d484494c221b 2c525cf3ca2d421191b7f66e91c41465 - - default default] 10.0.0.21 "DELETE /v2.0/vpn/endpoint-groups/47f183cd-3757-43a4-a775-2855a253d5ba HTTP/1.1" status: 204 len: 168 time: 0.0169303
2026-03-31 06:23:30.647 9 INFO neutron.api.wsgi [None req-ee423d6e-7d7c-4f46-8c92-5181bffd11cb 592f17127a904af08bc3d484494c221b 2c525cf3ca2d421191b7f66e91c41465 - - default default] 10.0.0.21 "GET /v2.0/vpn/endpoint-groups HTTP/1.1" status: 200 len: 827 time: 0.0101216
2026-03-31 06:23:30.658 9 WARNING neutron.api.v2.base [None req-8274fdd2-37c0-41fc-9bcd-30b417c69dc1 592f17127a904af08bc3d484494c221b 2c525cf3ca2d421191b7f66e91c41465 - - default default] An exception happened while processing the request body. The exception message is [Invalid input for peer_cidrs. Reason: '1.0.0.0/33' is not a valid IP subnet.].: webob.exc.HTTPBadRequest: Invalid input for peer_cidrs. Reason: '1.0.0.0/33' is not a valid IP subnet.
2026-03-31 06:23:30.659 9 INFO neutron.api.v2.resource [None req-8274fdd2-37c0-41fc-9bcd-30b417c69dc1 592f17127a904af08bc3d484494c221b 2c525cf3ca2d421191b7f66e91c41465 - - default default] create failed (client error): Invalid input for peer_cidrs. Reason: '1.0.0.0/33' is not a valid IP subnet.
2026-03-31 06:23:30.660 9 INFO neutron.api.wsgi [None req-8274fdd2-37c0-41fc-9bcd-30b417c69dc1 592f17127a904af08bc3d484494c221b 2c525cf3ca2d421191b7f66e91c41465 - - default default] 10.0.0.21 "POST /v2.0/vpn/ipsec-site-connections HTTP/1.1" status: 400 len: 352 time: 0.0064640
2026-03-31 06:23:30.669 9 WARNING neutron_lib.context [None req-179863da-608f-44ae-9730-51b2e66bfa92 592f17127a904af08bc3d484494c221b 2c525cf3ca2d421191b7f66e91c41465 - - default default] Method 'is_advsvc' is deprecated since 2023.2 release (neutron-lib 3.8.0) and will be removed once support for the old RBAC API policies will be removed from Neutron. Please use method 'is_service_role' instead.
2026-03-31 06:23:30.735 10 INFO neutron.api.wsgi [req-b4cd3497-ac71-48e1-ae26-5e030060f924 req-4e70f562-612d-4ccc-b409-1d51276feaf7 76d340e085b84594a5f004e5f4971e43 c7077fb191934dbdb0ac0f606ca9bf23 - - default default] 10.0.0.204 "GET /v2.0/ports?device_id=08343d95-4c84-4b2b-bd03-7cbe5171a711 HTTP/1.1" status: 200 len: 210 time: 0.0163376
2026-03-31 06:23:30.770 9 INFO neutron.db.segments_db [None req-179863da-608f-44ae-9730-51b2e66bfa92 592f17127a904af08bc3d484494c221b 2c525cf3ca2d421191b7f66e91c41465 - - default default] Added segment 0c03daed-8965-4ade-afa1-4549ba1018f4 of type geneve for network 1cd81fef-b98c-47e1-87bc-241cb0bb2561
2026-03-31 06:23:30.883 9 INFO neutron.db.ovn_revision_numbers_db [None req-179863da-608f-44ae-9730-51b2e66bfa92 592f17127a904af08bc3d484494c221b 2c525cf3ca2d421191b7f66e91c41465 - - default default] Successfully bumped revision number for resource 1cd81fef-b98c-47e1-87bc-241cb0bb2561 (type: networks) to 1
2026-03-31 06:23:31.068 9 WARNING neutron.scheduler.dhcp_agent_scheduler [None req-179863da-608f-44ae-9730-51b2e66bfa92 592f17127a904af08bc3d484494c221b 2c525cf3ca2d421191b7f66e91c41465 - - default default] No more DHCP agents
2026-03-31 06:23:31.070 9 WARNING neutron.api.rpc.agentnotifiers.dhcp_rpc_agent_api [None req-179863da-608f-44ae-9730-51b2e66bfa92 592f17127a904af08bc3d484494c221b 2c525cf3ca2d421191b7f66e91c41465 - - default default] Unable to schedule network 1cd81fef-b98c-47e1-87bc-241cb0bb2561: no agents available; will retry on subsequent port and subnet creation events.
2026-03-31 06:23:31.132 9 INFO neutron.db.ovn_revision_numbers_db [None req-179863da-608f-44ae-9730-51b2e66bfa92 592f17127a904af08bc3d484494c221b 2c525cf3ca2d421191b7f66e91c41465 - - default default] Successfully bumped revision number for resource 336befeb-b4bd-4156-b2f3-0446506bbf67 (type: ports) to 1
2026-03-31 06:23:31.155 9 INFO neutron.api.wsgi [None req-179863da-608f-44ae-9730-51b2e66bfa92 592f17127a904af08bc3d484494c221b 2c525cf3ca2d421191b7f66e91c41465 - - default default] 10.0.0.21 "POST /v2.0/networks HTTP/1.1" status: 201 len: 831 time: 0.4899566
2026-03-31 06:23:31.164 9 WARNING neutron_lib.context [None req-1992dff1-9021-4655-868d-3163db55c597 592f17127a904af08bc3d484494c221b 2c525cf3ca2d421191b7f66e91c41465 - - default default] Method 'is_advsvc' is deprecated since 2023.2 release (neutron-lib 3.8.0) and will be removed once support for the old RBAC API policies will be removed from Neutron. Please use method 'is_service_role' instead.
2026-03-31 06:23:31.371 9 WARNING neutron.scheduler.dhcp_agent_scheduler [None req-1992dff1-9021-4655-868d-3163db55c597 592f17127a904af08bc3d484494c221b 2c525cf3ca2d421191b7f66e91c41465 - - default default] No more DHCP agents
2026-03-31 06:23:31.372 9 WARNING neutron.api.rpc.agentnotifiers.dhcp_rpc_agent_api [None req-1992dff1-9021-4655-868d-3163db55c597 592f17127a904af08bc3d484494c221b 2c525cf3ca2d421191b7f66e91c41465 - - default default] Unable to schedule network 1cd81fef-b98c-47e1-87bc-241cb0bb2561: no agents available; will retry on subsequent port and subnet creation events.
2026-03-31 06:23:31.825 9 INFO neutron.api.wsgi [req-9dfa1b49-8dee-4b88-af89-3c6a17783cbf req-c7d8d608-94d1-4e54-8b7e-3299f26a8532 76d340e085b84594a5f004e5f4971e43 c7077fb191934dbdb0ac0f606ca9bf23 - - default default] 10.0.0.204 "GET /v2.0/ports?device_id=08343d95-4c84-4b2b-bd03-7cbe5171a711 HTTP/1.1" status: 200 len: 210 time: 0.0192106
2026-03-31 06:23:31.834 9 INFO neutron.db.ovn_revision_numbers_db [None req-8e2e2a8d-66de-4745-89cc-37af104db106 - - - - - -] Successfully bumped revision number for resource 336befeb-b4bd-4156-b2f3-0446506bbf67 (type: ports) to 2
2026-03-31 06:23:31.869 9 INFO neutron.db.ovn_revision_numbers_db [None req-8e2e2a8d-66de-4745-89cc-37af104db106 - - - - - -] Successfully bumped revision number for resource 6132b895-2334-47ce-9c8e-3cd38d96be6c (type: subnets) to 0
2026-03-31 06:23:31.887 9 INFO neutron.api.wsgi [None req-1992dff1-9021-4655-868d-3163db55c597 592f17127a904af08bc3d484494c221b 2c525cf3ca2d421191b7f66e91c41465 - - default default] 10.0.0.21 "POST /v2.0/subnets HTTP/1.1" status: 201 len: 828 time: 0.7269681
2026-03-31 06:23:31.896 9 WARNING neutron_lib.context [None req-530e29f7-df71-48b7-a879-d7f2db5efbbd 592f17127a904af08bc3d484494c221b 2c525cf3ca2d421191b7f66e91c41465 - - default default] Method 'is_advsvc' is deprecated since 2023.2 release (neutron-lib 3.8.0) and will be removed once support for the old RBAC API policies will be removed from Neutron. Please use method 'is_service_role' instead.
2026-03-31 06:23:31.983 9 WARNING neutron.plugins.ml2.drivers.ovn.mech_driver.ovsdb.ovn_client [None req-da11c409-1baa-4e57-be64-b2127c643669 - - - - - -] No port found with ID 3132ddd4-823e-4cc8-94f6-56a953f3f88d: RuntimeError: No port found with ID 3132ddd4-823e-4cc8-94f6-56a953f3f88d
2026-03-31 06:23:32.300 10 WARNING neutron.plugins.ml2.drivers.ovn.mech_driver.ovsdb.ovn_client [None req-081efcd0-c452-49d5-a9a0-3d60caad018e - - - - - -] No hosting information found for port ab30c540-fe21-4c3e-a339-5aaf18aa5b12: RuntimeError: No hosting information found for port ab30c540-fe21-4c3e-a339-5aaf18aa5b12
2026-03-31 06:23:32.301 10 INFO neutron.plugins.ml2.drivers.ovn.mech_driver.mech_driver [None req-081efcd0-c452-49d5-a9a0-3d60caad018e - - - - - -] OVN reports status up for port: 7ae4a794-98b8-4f44-b394-1dde6596e933
2026-03-31 06:23:32.310 10 INFO neutron.plugins.ml2.plugin [None req-081efcd0-c452-49d5-a9a0-3d60caad018e - - - - - -] Attempt 1 to provision port 7ae4a794-98b8-4f44-b394-1dde6596e933
2026-03-31 06:23:32.314 9 WARNING neutron.scheduler.dhcp_agent_scheduler [None req-530e29f7-df71-48b7-a879-d7f2db5efbbd 592f17127a904af08bc3d484494c221b 2c525cf3ca2d421191b7f66e91c41465 - - default default] No more DHCP agents
2026-03-31 06:23:32.316 9 WARNING neutron.api.rpc.agentnotifiers.dhcp_rpc_agent_api [None req-530e29f7-df71-48b7-a879-d7f2db5efbbd 592f17127a904af08bc3d484494c221b 2c525cf3ca2d421191b7f66e91c41465 - - default default] Unable to schedule network e55540ea-a814-4e0a-a66a-8cb2c3059c54: no agents available; will retry on subsequent port and subnet creation events.
2026-03-31 06:23:32.427 10 INFO neutron.plugins.ml2.drivers.ovn.mech_driver.mech_driver [None req-081efcd0-c452-49d5-a9a0-3d60caad018e - - - - - -] OVN reports status up for port: 64be4882-2246-41d4-a723-470bdba67e6f
2026-03-31 06:23:32.433 10 INFO neutron.plugins.ml2.plugin [None req-081efcd0-c452-49d5-a9a0-3d60caad018e - - - - - -] Attempt 1 to provision port 64be4882-2246-41d4-a723-470bdba67e6f
2026-03-31 06:23:32.447 9 INFO neutron.db.ovn_revision_numbers_db [None req-530e29f7-df71-48b7-a879-d7f2db5efbbd 592f17127a904af08bc3d484494c221b 2c525cf3ca2d421191b7f66e91c41465 - - default default] Successfully bumped revision number for resource ad248a22-4db0-42a9-b548-4219a8903910 (type: ports) to 1
2026-03-31 06:23:32.783 10 INFO neutron.db.ovn_revision_numbers_db [None req-081efcd0-c452-49d5-a9a0-3d60caad018e - - - - - -] Successfully bumped revision number for resource 64be4882-2246-41d4-a723-470bdba67e6f (type: ports) to 2
2026-03-31 06:23:32.905 10 INFO neutron.api.wsgi [req-b1486945-f138-4bd1-bdbe-0439a4d19b17 req-e0dbddf9-25b4-46d7-974a-711f9e0d0327 76d340e085b84594a5f004e5f4971e43 c7077fb191934dbdb0ac0f606ca9bf23 - - default default] 10.0.0.204 "GET /v2.0/ports?device_id=08343d95-4c84-4b2b-bd03-7cbe5171a711 HTTP/1.1" status: 200 len: 210 time: 0.0228086
2026-03-31 06:23:33.246 9 INFO neutron.plugins.ml2.drivers.ovn.mech_driver.ovsdb.commands [None req-ec91ec26-8cc7-43f2-8422-b545f8e0346e - - - - - -] Schedule LRP lrp-ad248a22-4db0-42a9-b548-4219a8903910 on gateway 2c9e64a4-323c-45d9-936d-664ae41bf917 with priority 1
2026-03-31 06:23:33.283 9 INFO neutron.db.ovn_revision_numbers_db [None req-530e29f7-df71-48b7-a879-d7f2db5efbbd 592f17127a904af08bc3d484494c221b 2c525cf3ca2d421191b7f66e91c41465 - - default default] Successfully bumped revision number for resource ad248a22-4db0-42a9-b548-4219a8903910 (type: router_ports) to 1
2026-03-31 06:23:33.351 9 INFO neutron.db.ovn_revision_numbers_db [None req-530e29f7-df71-48b7-a879-d7f2db5efbbd 592f17127a904af08bc3d484494c221b 2c525cf3ca2d421191b7f66e91c41465 - - default default] Successfully bumped revision number for resource 46d61e3f-2a0c-437a-ae32-e595034bfbf6 (type: routers) to 2
2026-03-31 06:23:33.369 9 INFO neutron.api.wsgi [None req-530e29f7-df71-48b7-a879-d7f2db5efbbd 592f17127a904af08bc3d484494c221b 2c525cf3ca2d421191b7f66e91c41465 - - default default] 10.0.0.21 "POST /v2.0/routers HTTP/1.1" status: 201 len: 1135 time: 1.4783628
2026-03-31 06:23:33.471 9 INFO neutron.api.v2.resource [None req-73c4f102-c972-4d86-9c18-9c4e294a403b e023f946543d466295342c0db318fb9a e6baf9e7c01145ec9d3092e094642e88 - - default default] create failed (client error): The server could not comply with the request since it is either malformed or otherwise incorrect.
2026-03-31 06:23:33.472 9 INFO neutron.api.wsgi [None req-73c4f102-c972-4d86-9c18-9c4e294a403b e023f946543d466295342c0db318fb9a e6baf9e7c01145ec9d3092e094642e88 - - default default] 10.0.0.21 "POST /v2.0/vpn/vpnservices HTTP/1.1" status: 400 len: 397 time: 0.0973680
2026-03-31 06:23:33.802 9 INFO neutron.api.wsgi [req-a5a9abea-de1d-45b7-b3e4-17fbce590236 req-0d42f799-c2b1-404a-8189-a08be95a50f3 76d340e085b84594a5f004e5f4971e43 c7077fb191934dbdb0ac0f606ca9bf23 - - default default] 199.204.45.30 "GET /v2.0/networks?id=ead13210-36d1-4b34-806e-fc22a6121113 HTTP/1.1" status: 200 len: 872 time: 0.0482712
2026-03-31 06:23:33.853 9 INFO neutron.api.wsgi [req-2b43b3e3-3b50-4187-87b4-c40b60272dfc req-00c99a80-4203-483c-9d96-096e2d9a8036 c8ddd317cd4d443493736ba307dca577 1afe58f424034bcbb1c076e279edf9b8 - - ed29042efc3c459c90404065aa83b660 ed29042efc3c459c90404065aa83b660] 10.0.0.86 "GET /v2.0/ports?device_id=ba940ca5-2b00-4b89-bef5-d457d1faebe2 HTTP/1.1" status: 200 len: 1409 time: 0.1960616
2026-03-31 06:23:33.866 9 INFO neutron.api.wsgi [req-a5a9abea-de1d-45b7-b3e4-17fbce590236 req-81522327-54b5-48ee-9034-6fa1228c6a39 76d340e085b84594a5f004e5f4971e43 c7077fb191934dbdb0ac0f606ca9bf23 - - default default] 199.204.45.30 "GET /v2.0/security-groups?fields=id&fields=name&tenant_id=c7077fb191934dbdb0ac0f606ca9bf23 HTTP/1.1" status: 200 len: 471 time: 0.0568070
2026-03-31 06:23:33.874 9 WARNING neutron_lib.context [req-a5a9abea-de1d-45b7-b3e4-17fbce590236 req-eec2d6ca-c381-44e9-b311-5d9c171941f6 76d340e085b84594a5f004e5f4971e43 c7077fb191934dbdb0ac0f606ca9bf23 - - default default] Method 'is_advsvc' is deprecated since 2023.2 release (neutron-lib 3.8.0) and will be removed once support for the old RBAC API policies will be removed from Neutron. Please use method 'is_service_role' instead.
2026-03-31 06:23:33.917 9 INFO neutron.api.wsgi [req-2b43b3e3-3b50-4187-87b4-c40b60272dfc req-6850b6ed-ba38-4a0d-8b22-af9702afa54d c8ddd317cd4d443493736ba307dca577 1afe58f424034bcbb1c076e279edf9b8 - - ed29042efc3c459c90404065aa83b660 ed29042efc3c459c90404065aa83b660] 10.0.0.86 "GET /v2.0/security-groups?id=7b7e08a1-30c0-4628-a075-60506b21aa11&fields=id&fields=name HTTP/1.1" status: 200 len: 312 time: 0.0556645
2026-03-31 06:23:33.990 9 INFO neutron.services.segments.plugin [-] Segment 0c03daed-8965-4ade-afa1-4549ba1018f4 resource provider aggregate not found
2026-03-31 06:23:33.991 10 INFO neutron.api.wsgi [req-9e73ad63-570e-4df8-92cd-0fb271742bd2 req-a4e0884c-c6c4-4589-baa9-cc25b54951dd 76d340e085b84594a5f004e5f4971e43 c7077fb191934dbdb0ac0f606ca9bf23 - - default default] 10.0.0.204 "GET /v2.0/ports?device_id=08343d95-4c84-4b2b-bd03-7cbe5171a711 HTTP/1.1" status: 200 len: 210 time: 0.0196874
2026-03-31 06:23:33.994 9 INFO neutron.services.segments.plugin [-] Segment 0c03daed-8965-4ade-afa1-4549ba1018f4 resource provider aggregate not found
2026-03-31 06:23:34.009 9 INFO neutron.services.segments.plugin [-] Segment 0c03daed-8965-4ade-afa1-4549ba1018f4 resource provider not found; error: Placement Client Error (4xx): {"errors": [{"status": 404, "title": "Not Found", "detail": "The resource could not be found.\n\n No resource provider with uuid 0c03daed-8965-4ade-afa1-4549ba1018f4 found for delete ", "request_id": "req-051adb81-c464-4c7c-b1e9-9ac6c1dd615b"}]}
2026-03-31 06:23:34.011 9 INFO neutron.services.segments.plugin [-] Segment 0c03daed-8965-4ade-afa1-4549ba1018f4 resource provider not found; error: Placement Client Error (4xx): {"errors": [{"status": 404, "title": "Not Found", "detail": "The resource could not be found.\n\n No resource provider with uuid 0c03daed-8965-4ade-afa1-4549ba1018f4 found for delete ", "request_id": "req-bd1b3519-706d-4aac-b32e-c5bea5dd9f41"}]}
2026-03-31 06:23:34.052 9 INFO neutron.api.wsgi [None req-7a515942-82af-4fdb-8a0f-b5663ef23896 e023f946543d466295342c0db318fb9a e6baf9e7c01145ec9d3092e094642e88 - - default default] 10.0.0.21 "DELETE /v2.0/networks/1cd81fef-b98c-47e1-87bc-241cb0bb2561 HTTP/1.1" status: 204 len: 168 time: 0.5751693
2026-03-31 06:23:34.159 9 WARNING neutron_lib.context [None req-5d01c91e-62be-4f08-bc60-a937d36fbfc8 484071d21c434f008230ff8371ef107f 12373fd00aba496ba9e478c0eea95904 - - default default] Method 'is_advsvc' is deprecated since 2023.2 release (neutron-lib 3.8.0) and will be removed once support for the old RBAC API policies will be removed from Neutron. Please use method 'is_service_role' instead.
2026-03-31 06:23:34.278 9 WARNING neutron.scheduler.dhcp_agent_scheduler [req-a5a9abea-de1d-45b7-b3e4-17fbce590236 req-eec2d6ca-c381-44e9-b311-5d9c171941f6 76d340e085b84594a5f004e5f4971e43 c7077fb191934dbdb0ac0f606ca9bf23 - - default default] No more DHCP agents
2026-03-31 06:23:34.285 9 WARNING neutron.api.rpc.agentnotifiers.dhcp_rpc_agent_api [req-a5a9abea-de1d-45b7-b3e4-17fbce590236 req-eec2d6ca-c381-44e9-b311-5d9c171941f6 76d340e085b84594a5f004e5f4971e43 c7077fb191934dbdb0ac0f606ca9bf23 - - default default] Unable to schedule network ead13210-36d1-4b34-806e-fc22a6121113: no agents available; will retry on subsequent port and subnet creation events.
2026-03-31 06:23:34.320 9 INFO neutron.db.ovn_revision_numbers_db [None req-5d01c91e-62be-4f08-bc60-a937d36fbfc8 484071d21c434f008230ff8371ef107f 12373fd00aba496ba9e478c0eea95904 - - default default] Successfully bumped revision number for resource 070400bb-bd8d-47e0-b9eb-6fec2de6d175 (type: security_groups) to 1
2026-03-31 06:23:34.338 9 INFO neutron.db.ovn_revision_numbers_db [None req-5d01c91e-62be-4f08-bc60-a937d36fbfc8 484071d21c434f008230ff8371ef107f 12373fd00aba496ba9e478c0eea95904 - - default default] Successfully bumped revision number for resource 5393eb41-7157-4f17-9798-71a27030b24d (type: security_group_rules) to 0
2026-03-31 06:23:34.360 9 INFO neutron.db.ovn_revision_numbers_db [None req-5d01c91e-62be-4f08-bc60-a937d36fbfc8 484071d21c434f008230ff8371ef107f 12373fd00aba496ba9e478c0eea95904 - - default default] Successfully bumped revision number for resource 7436bb95-f268-44f2-a269-97d9047263a8 (type: security_group_rules) to 0
2026-03-31 06:23:34.377 9 INFO neutron.db.ovn_revision_numbers_db [None req-5d01c91e-62be-4f08-bc60-a937d36fbfc8 484071d21c434f008230ff8371ef107f 12373fd00aba496ba9e478c0eea95904 - - default default] Successfully bumped revision number for resource 802b9cb8-8515-43e1-a041-5067a650a9f6 (type: security_group_rules) to 0
2026-03-31 06:23:34.393 9 INFO neutron.db.ovn_revision_numbers_db [None req-5d01c91e-62be-4f08-bc60-a937d36fbfc8 484071d21c434f008230ff8371ef107f 12373fd00aba496ba9e478c0eea95904 - - default default] Successfully bumped revision number for resource 90f4d6d5-1e2b-49c1-b080-09f8f273bab1 (type: security_group_rules) to 0
