Apr 07 19:34:56.585977 np0000164076 devstack@neutron-api.service[102074]: DEBUG neutron_lib.callbacks.manager [None req-b2532d51-5e6a-416b-8393-596357fe5506 None None] Subscribe: > router_interface after_create 55550000, False {{(pid=102074) subscribe /opt/stack/data/venv/lib/python3.12/site-packages/neutron_lib/callbacks/manager.py:52}}
Apr 07 19:34:56.586115 np0000164076 devstack@neutron-api.service[102072]: DEBUG neutron.quota.resource_registry [None req-3237b789-b231-4b07-9f4a-5ba9488c6149 None None] Tracking information for resource: router configured {{(pid=102072) set_tracked_resource /opt/stack/neutron/neutron/quota/resource_registry.py:203}}
Apr 07 19:34:56.586249 np0000164076 devstack@neutron-api.service[102071]: DEBUG neutron.api.extensions [None req-93183f36-35fc-425f-816c-041685ea23b5 None None] get_extension_paths = OrderedDict({'/opt/stack/neutron/neutron/extensions': 1}) {{(pid=102071) get_extensions_path /opt/stack/neutron/neutron/api/extensions.py:640}}
Apr 07 19:34:56.586341 np0000164076 devstack@neutron-api.service[102072]: DEBUG neutron.quota.resource_registry [None req-3237b789-b231-4b07-9f4a-5ba9488c6149 None None] Tracking information for resource: floatingip configured {{(pid=102072) set_tracked_resource /opt/stack/neutron/neutron/quota/resource_registry.py:203}}
Apr 07 19:34:56.586427 np0000164076 devstack@neutron-api.service[102071]: INFO neutron.api.extensions [None req-93183f36-35fc-425f-816c-041685ea23b5 None None] Initializing extension manager.
Apr 07 19:34:56.586565 np0000164076 devstack@neutron-api.service[102074]: DEBUG neutron_lib.callbacks.manager [None req-b2532d51-5e6a-416b-8393-596357fe5506 None None] Subscribe: > floatingip after_create 55550000, False {{(pid=102074) subscribe /opt/stack/data/venv/lib/python3.12/site-packages/neutron_lib/callbacks/manager.py:52}}
Apr 07 19:34:56.586721 np0000164076 devstack@neutron-api.service[102072]: INFO neutron.services.ovn_l3.plugin [None req-3237b789-b231-4b07-9f4a-5ba9488c6149 None None] Starting OVNL3RouterPlugin
Apr 07 19:34:56.586951 np0000164076 devstack@neutron-api.service[102074]: DEBUG neutron_lib.callbacks.manager [None req-b2532d51-5e6a-416b-8393-596357fe5506 None None] Subscribe: > floatingip precommit_create 55550000, False {{(pid=102074) subscribe /opt/stack/data/venv/lib/python3.12/site-packages/neutron_lib/callbacks/manager.py:52}}
Apr 07 19:34:56.587158 np0000164076 devstack@neutron-api.service[102071]: DEBUG neutron.api.extensions [None req-93183f36-35fc-425f-816c-041685ea23b5 None None] Loading extension file: __init__.py {{(pid=102071) _load_all_extensions_from_path /opt/stack/neutron/neutron/api/extensions.py:449}}
Apr 07 19:34:56.587301 np0000164076 devstack@neutron-api.service[102072]: DEBUG neutron_lib.callbacks.manager [None req-3237b789-b231-4b07-9f4a-5ba9488c6149 None None] Subscribe: > port_forwarding_plugin after_init 55550000, False {{(pid=102072) subscribe /opt/stack/data/venv/lib/python3.12/site-packages/neutron_lib/callbacks/manager.py:52}}
Apr 07 19:34:56.587446 np0000164076 devstack@neutron-api.service[102071]: DEBUG neutron.api.extensions [None req-93183f36-35fc-425f-816c-041685ea23b5 None None] Loading extension file: __pycache__ {{(pid=102071) _load_all_extensions_from_path /opt/stack/neutron/neutron/api/extensions.py:449}}
Apr 07 19:34:56.587562 np0000164076 devstack@neutron-api.service[102074]: DEBUG neutron_lib.callbacks.manager [None req-b2532d51-5e6a-416b-8393-596357fe5506 None None] Subscribe: > floatingip precommit_update 55550000, False {{(pid=102074) subscribe /opt/stack/data/venv/lib/python3.12/site-packages/neutron_lib/callbacks/manager.py:52}}
Apr 07 19:34:56.587699 np0000164076 devstack@neutron-api.service[102071]: DEBUG neutron.api.extensions [None req-93183f36-35fc-425f-816c-041685ea23b5 None None] Loading extension file: address_group.py {{(pid=102071) _load_all_extensions_from_path /opt/stack/neutron/neutron/api/extensions.py:449}}
Apr 07 19:34:56.587820 np0000164076 devstack@neutron-api.service[102072]: DEBUG neutron_lib.callbacks.manager [None req-3237b789-b231-4b07-9f4a-5ba9488c6149 None None] Subscribe: > router before_create 55550100, False {{(pid=102072) subscribe /opt/stack/data/venv/lib/python3.12/site-packages/neutron_lib/callbacks/manager.py:52}}
Apr 07 19:34:56.587932 np0000164076 devstack@neutron-api.service[102074]: DEBUG neutron_lib.callbacks.manager [None req-b2532d51-5e6a-416b-8393-596357fe5506 None None] Subscribe: > floatingip after_delete 55550000, False {{(pid=102074) subscribe /opt/stack/data/venv/lib/python3.12/site-packages/neutron_lib/callbacks/manager.py:52}}
Apr 07 19:34:56.588049 np0000164076 devstack@neutron-api.service[102072]: DEBUG neutron_lib.callbacks.manager [None req-3237b789-b231-4b07-9f4a-5ba9488c6149 None None] Subscribe: > router precommit_delete 55550100, False {{(pid=102072) subscribe /opt/stack/data/venv/lib/python3.12/site-packages/neutron_lib/callbacks/manager.py:52}}
Apr 07 19:34:56.588168 np0000164076 devstack@neutron-api.service[102074]: DEBUG neutron_lib.callbacks.manager [None req-b2532d51-5e6a-416b-8393-596357fe5506 None None] Subscribe: > floatingip after_status_update 55550000, False {{(pid=102074) subscribe /opt/stack/data/venv/lib/python3.12/site-packages/neutron_lib/callbacks/manager.py:52}}
Apr 07 19:34:56.588323 np0000164076 devstack@neutron-api.service[102072]: DEBUG neutron_lib.callbacks.manager [None req-3237b789-b231-4b07-9f4a-5ba9488c6149 None None] Subscribe: > router precommit_create 55550100, False {{(pid=102072) subscribe /opt/stack/data/venv/lib/python3.12/site-packages/neutron_lib/callbacks/manager.py:52}}
Apr 07 19:34:56.588466 np0000164076 devstack@neutron-api.service[102071]: DEBUG neutron.api.extensions [None req-93183f36-35fc-425f-816c-041685ea23b5 None None] Ext name="Address group" alias="address-group" description="Support address group" updated="2020-07-15T10:00:00-00:00" {{(pid=102071) _check_extension /opt/stack/neutron/neutron/api/extensions.py:415}}
Apr 07 19:34:56.588589 np0000164076 devstack@neutron-api.service[102072]: DEBUG neutron_lib.callbacks.manager [None req-3237b789-b231-4b07-9f4a-5ba9488c6149 None None] Subscribe: > router precommit_update 55550100, False {{(pid=102072) subscribe /opt/stack/data/venv/lib/python3.12/site-packages/neutron_lib/callbacks/manager.py:52}}
Apr 07 19:34:56.588723 np0000164076 devstack@neutron-api.service[102074]: DEBUG neutron_lib.callbacks.manager [None req-b2532d51-5e6a-416b-8393-596357fe5506 None None] Subscribe: > floatingip after_update 55550000, False {{(pid=102074) subscribe /opt/stack/data/venv/lib/python3.12/site-packages/neutron_lib/callbacks/manager.py:52}}
Apr 07 19:34:56.588804 np0000164076 devstack@neutron-api.service[102071]: INFO neutron.api.extensions [None req-93183f36-35fc-425f-816c-041685ea23b5 None None] Loaded extension: address-group
Apr 07 19:34:56.588898 np0000164076 devstack@neutron-api.service[102074]: DEBUG neutron_lib.callbacks.manager [None req-b2532d51-5e6a-416b-8393-596357fe5506 None None] Subscribe: > port_forwarding after_create 55550000, False {{(pid=102074) subscribe /opt/stack/data/venv/lib/python3.12/site-packages/neutron_lib/callbacks/manager.py:52}}
Apr 07 19:34:56.589052 np0000164076 devstack@neutron-api.service[102071]: DEBUG neutron.api.extensions [None req-93183f36-35fc-425f-816c-041685ea23b5 None None] Loading extension file: address_scope.py {{(pid=102071) _load_all_extensions_from_path /opt/stack/neutron/neutron/api/extensions.py:449}}
Apr 07 19:34:56.589143 np0000164076 devstack@neutron-api.service[102074]: DEBUG neutron_lib.callbacks.manager [None req-b2532d51-5e6a-416b-8393-596357fe5506 None None] Subscribe: > router_interface after_delete 55550000, False {{(pid=102074) subscribe /opt/stack/data/venv/lib/python3.12/site-packages/neutron_lib/callbacks/manager.py:52}}
Apr 07 19:34:56.589143 np0000164076 devstack@neutron-api.service[102074]: DEBUG neutron_lib.callbacks.manager [None req-b2532d51-5e6a-416b-8393-596357fe5506 None None] Subscribe: > router after_create 55550000, False {{(pid=102074) subscribe /opt/stack/data/venv/lib/python3.12/site-packages/neutron_lib/callbacks/manager.py:52}}
Apr 07 19:34:56.589306 np0000164076 devstack@neutron-api.service[102071]: DEBUG neutron.api.extensions [None req-93183f36-35fc-425f-816c-041685ea23b5 None None] Ext name="Address scope" alias="address-scope" description="Address scopes extension." updated="2015-07-26T10:00:00-00:00" {{(pid=102071) _check_extension /opt/stack/neutron/neutron/api/extensions.py:415}}
Apr 07 19:34:56.589403 np0000164076 devstack@neutron-api.service[102074]: DEBUG neutron_lib.callbacks.manager [None req-b2532d51-5e6a-416b-8393-596357fe5506 None None] Subscribe: > router precommit_create 55550000, False {{(pid=102074) subscribe /opt/stack/data/venv/lib/python3.12/site-packages/neutron_lib/callbacks/manager.py:52}}
Apr 07 19:34:56.589552 np0000164076 devstack@neutron-api.service[102071]: INFO neutron.api.extensions [None req-93183f36-35fc-425f-816c-041685ea23b5 None None] Loaded extension: address-scope
Apr 07 19:34:56.589805 np0000164076 devstack@neutron-api.service[102074]: DEBUG neutron_lib.callbacks.manager [None req-b2532d51-5e6a-416b-8393-596357fe5506 None None] Subscribe: > router after_delete 55550000, False {{(pid=102074) subscribe /opt/stack/data/venv/lib/python3.12/site-packages/neutron_lib/callbacks/manager.py:52}}
Apr 07 19:34:56.590003 np0000164076 devstack@neutron-api.service[102071]: DEBUG neutron.api.extensions [None req-93183f36-35fc-425f-816c-041685ea23b5 None None] Loading extension file: admin_state_down_before_update.py {{(pid=102071) _load_all_extensions_from_path /opt/stack/neutron/neutron/api/extensions.py:449}}
Apr 07 19:34:56.590209 np0000164076 devstack@neutron-api.service[102074]: DEBUG neutron_lib.callbacks.manager [None req-b2532d51-5e6a-416b-8393-596357fe5506 None None] Subscribe: > router after_update 55550000, False {{(pid=102074) subscribe /opt/stack/data/venv/lib/python3.12/site-packages/neutron_lib/callbacks/manager.py:52}}
Apr 07 19:34:56.590349 np0000164076 devstack@neutron-api.service[102071]: DEBUG neutron.api.extensions [None req-93183f36-35fc-425f-816c-041685ea23b5 None None] Ext name="Enforce Router's Admin State Down Before Update Extension" alias="router-admin-state-down-before-update" description="Ensure that the admin state of a router is DOWN (admin_state_up=False) before updating the distributed attribute" updated="2019-07-02T15:56:00" {{(pid=102071) _check_extension /opt/stack/neutron/neutron/api/extensions.py:415}}
Apr 07 19:34:56.590446 np0000164076 devstack@neutron-api.service[102074]: DEBUG neutron.services.service_base [None req-b2532d51-5e6a-416b-8393-596357fe5506 None None] Loaded 'neutron.services.ovn_l3.service_providers.ovn.OvnDriver' provider for service L3_ROUTER_NAT {{(pid=102074) load_drivers /opt/stack/neutron/neutron/services/service_base.py:49}}
Apr 07 19:34:56.590532 np0000164076 devstack@neutron-api.service[102071]: INFO neutron.api.extensions [None req-93183f36-35fc-425f-816c-041685ea23b5 None None] Extension router-admin-state-down-before-update not supported by any of loaded plugins
Apr 07 19:34:56.590588 np0000164076 devstack@neutron-api.service[102074]: DEBUG neutron_lib.callbacks.manager [None req-b2532d51-5e6a-416b-8393-596357fe5506 None None] Subscribe: > process after_init 55550001, True {{(pid=102074) subscribe /opt/stack/data/venv/lib/python3.12/site-packages/neutron_lib/callbacks/manager.py:52}}
Apr 07 19:34:56.590743 np0000164076 devstack@neutron-api.service[102071]: DEBUG neutron.api.extensions [None req-93183f36-35fc-425f-816c-041685ea23b5 None None] Loading extension file: agent.py {{(pid=102071) _load_all_extensions_from_path /opt/stack/neutron/neutron/api/extensions.py:449}}
Apr 07 19:34:56.590952 np0000164076 devstack@neutron-api.service[102074]: DEBUG neutron.manager [None req-b2532d51-5e6a-416b-8393-596357fe5506 None None] Successfully loaded L3_ROUTER_NAT plugin. Description: L3 Router Service Plugin for basic L3 forwarding using OVN {{(pid=102074) _create_and_add_service_plugin /opt/stack/neutron/neutron/manager.py:239}}
Apr 07 19:34:56.590952 np0000164076 devstack@neutron-api.service[102074]: INFO neutron.manager [None req-b2532d51-5e6a-416b-8393-596357fe5506 None None] Loading Plugin: auto_allocate
Apr 07 19:34:56.591348 np0000164076 devstack@neutron-api.service[102071]: DEBUG neutron.api.extensions [None req-93183f36-35fc-425f-816c-041685ea23b5 None None] Ext name="agent" alias="agent" description="The agent management extension." updated="2013-02-03T10:00:00-00:00" {{(pid=102071) _check_extension /opt/stack/neutron/neutron/api/extensions.py:415}}
Apr 07 19:34:56.591348 np0000164076 devstack@neutron-api.service[102071]: INFO neutron.api.extensions [None req-93183f36-35fc-425f-816c-041685ea23b5 None None] Loaded extension: agent
Apr 07 19:34:56.591348 np0000164076 devstack@neutron-api.service[102071]: DEBUG neutron.api.extensions [None req-93183f36-35fc-425f-816c-041685ea23b5 None None] Loading extension file: agent_resources_synced.py {{(pid=102071) _load_all_extensions_from_path /opt/stack/neutron/neutron/api/extensions.py:449}}
Apr 07 19:34:56.591348 np0000164076 devstack@neutron-api.service[102071]: DEBUG neutron.api.extensions [None req-93183f36-35fc-425f-816c-041685ea23b5 None None] Ext name="Agent's Resource View Synced to Placement" alias="agent-resources-synced" description="Stores success/failure of last sync to Placement" updated="2018-12-19T00:00:00-00:00" {{(pid=102071) _check_extension /opt/stack/neutron/neutron/api/extensions.py:415}}
Apr 07 19:34:56.591348 np0000164076 devstack@neutron-api.service[102071]: INFO neutron.api.extensions [None req-93183f36-35fc-425f-816c-041685ea23b5 None None] Extension agent-resources-synced not supported by any of loaded plugins
Apr 07 19:34:56.591348 np0000164076 devstack@neutron-api.service[102071]: DEBUG neutron.api.extensions [None req-93183f36-35fc-425f-816c-041685ea23b5 None None] Loading extension file: allowedaddresspairs.py {{(pid=102071) _load_all_extensions_from_path /opt/stack/neutron/neutron/api/extensions.py:449}}
Apr 07 19:34:56.591348 np0000164076 devstack@neutron-api.service[102071]: DEBUG neutron.api.extensions [None req-93183f36-35fc-425f-816c-041685ea23b5 None None] Ext name="Allowed Address Pairs" alias="allowed-address-pairs" description="Provides allowed address pairs" updated="2013-07-23T10:00:00-00:00" {{(pid=102071) _check_extension /opt/stack/neutron/neutron/api/extensions.py:415}}
Apr 07 19:34:56.591847 np0000164076 devstack@neutron-api.service[102071]: INFO neutron.api.extensions [None req-93183f36-35fc-425f-816c-041685ea23b5 None None] Loaded extension: allowed-address-pairs
Apr 07 19:34:56.592098 np0000164076 devstack@neutron-api.service[102074]: DEBUG neutron_lib.callbacks.manager [None req-b2532d51-5e6a-416b-8393-596357fe5506 None None] Subscribe: network precommit_update 55550000, False {{(pid=102074) subscribe /opt/stack/data/venv/lib/python3.12/site-packages/neutron_lib/callbacks/manager.py:52}}
Apr 07 19:34:56.592272 np0000164076 devstack@neutron-api.service[102071]: DEBUG neutron.api.extensions [None req-93183f36-35fc-425f-816c-041685ea23b5 None None] Loading extension file: auto_allocated_topology.py {{(pid=102071) _load_all_extensions_from_path /opt/stack/neutron/neutron/api/extensions.py:449}}
Apr 07 19:34:56.592413 np0000164076 devstack@neutron-api.service[102074]: DEBUG neutron_lib.callbacks.manager [None req-b2532d51-5e6a-416b-8393-596357fe5506 None None] Subscribe: network precommit_create 55550000, False {{(pid=102074) subscribe /opt/stack/data/venv/lib/python3.12/site-packages/neutron_lib/callbacks/manager.py:52}}
Apr 07 19:34:56.592554 np0000164076 devstack@neutron-api.service[102072]: DEBUG neutron.services.provider_configuration [None req-3237b789-b231-4b07-9f4a-5ba9488c6149 None None] Service providers = [] {{(pid=102072) parse_service_provider_opt /opt/stack/neutron/neutron/services/provider_configuration.py:170}}
Apr 07 19:34:56.592726 np0000164076 devstack@neutron-api.service[102071]: DEBUG neutron.api.extensions [None req-93183f36-35fc-425f-816c-041685ea23b5 None None] Ext name="Auto Allocated Topology Services" alias="auto-allocated-topology" description="Auto Allocated Topology Services." updated="2016-01-01T00:00:00-00:00" {{(pid=102071) _check_extension /opt/stack/neutron/neutron/api/extensions.py:415}}
Apr 07 19:34:56.592871 np0000164076 devstack@neutron-api.service[102072]: DEBUG neutron.db.servicetype_db [None req-3237b789-b231-4b07-9f4a-5ba9488c6149 None None] Adding provider configuration for service L3_ROUTER_NAT {{(pid=102072) add_provider_configuration /opt/stack/neutron/neutron/db/servicetype_db.py:42}}
Apr 07 19:34:56.592998 np0000164076 devstack@neutron-api.service[102071]: INFO neutron.api.extensions [None req-93183f36-35fc-425f-816c-041685ea23b5 None None] Loaded extension: auto-allocated-topology
Apr 07 19:34:56.592998 np0000164076 devstack@neutron-api.service[102071]: DEBUG neutron.api.extensions [None req-93183f36-35fc-425f-816c-041685ea23b5 None None] Loading extension file: availability_zone.py {{(pid=102071) _load_all_extensions_from_path /opt/stack/neutron/neutron/api/extensions.py:449}}
Apr 07 19:34:56.593155 np0000164076 devstack@neutron-api.service[102074]: DEBUG neutron.manager [None req-b2532d51-5e6a-416b-8393-596357fe5506 None None] Successfully loaded auto-allocated-topology plugin. Description: Auto Allocated Topology - aka get me a network. {{(pid=102074) _create_and_add_service_plugin /opt/stack/neutron/neutron/manager.py:239}}
Apr 07 19:34:56.593155 np0000164076 devstack@neutron-api.service[102074]: INFO neutron.manager [None req-b2532d51-5e6a-416b-8393-596357fe5506 None None] Loading Plugin: tag
Apr 07 19:34:56.593324 np0000164076 devstack@neutron-api.service[102071]: DEBUG neutron.api.extensions [None req-93183f36-35fc-425f-816c-041685ea23b5 None None] Ext name="Availability Zone" alias="availability_zone" description="The availability zone extension." updated="2015-01-01T10:00:00-00:00" {{(pid=102071) _check_extension /opt/stack/neutron/neutron/api/extensions.py:415}}
Apr 07 19:34:56.593324 np0000164076 devstack@neutron-api.service[102071]: INFO neutron.api.extensions [None req-93183f36-35fc-425f-816c-041685ea23b5 None None] Loaded extension: availability_zone
Apr 07 19:34:56.593324 np0000164076 devstack@neutron-api.service[102071]: DEBUG neutron.api.extensions [None req-93183f36-35fc-425f-816c-041685ea23b5 None None] Loading extension file: availability_zone_filter.py {{(pid=102071) _load_all_extensions_from_path /opt/stack/neutron/neutron/api/extensions.py:449}}
Apr 07 19:34:56.593324 np0000164076 devstack@neutron-api.service[102071]: DEBUG neutron.api.extensions [None req-93183f36-35fc-425f-816c-041685ea23b5 None None] Ext name="Availability Zone Filter Extension" alias="availability_zone_filter" description="Add filter parameters to AvailabilityZone resource" updated="2018-06-22T10:00:00-00:00" {{(pid=102071) _check_extension /opt/stack/neutron/neutron/api/extensions.py:415}}
Apr 07 19:34:56.593324 np0000164076 devstack@neutron-api.service[102071]: INFO neutron.api.extensions [None req-93183f36-35fc-425f-816c-041685ea23b5 None None] Extension availability_zone_filter not supported by any of loaded plugins
Apr 07 19:34:56.593324 np0000164076 devstack@neutron-api.service[102071]: DEBUG neutron.api.extensions [None req-93183f36-35fc-425f-816c-041685ea23b5 None None] Loading extension file: data_plane_status.py {{(pid=102071) _load_all_extensions_from_path /opt/stack/neutron/neutron/api/extensions.py:449}}
Apr 07 19:34:56.593697 np0000164076 devstack@neutron-api.service[102072]: DEBUG neutron_lib.callbacks.manager [None req-3237b789-b231-4b07-9f4a-5ba9488c6149 None None] Subscribe: > router precommit_create 55549900, False {{(pid=102072) subscribe /opt/stack/data/venv/lib/python3.12/site-packages/neutron_lib/callbacks/manager.py:52}}
Apr 07 19:34:56.593873 np0000164076 devstack@neutron-api.service[102071]: DEBUG neutron.api.extensions [None req-93183f36-35fc-425f-816c-041685ea23b5 None None] Ext name="Port data plane status extension" alias="data-plane-status" description="Expose status of underlying data plane" updated="2017-01-24T10:00:00-00:00" {{(pid=102071) _check_extension /opt/stack/neutron/neutron/api/extensions.py:415}}
Apr 07 19:34:56.594014 np0000164076 devstack@neutron-api.service[102072]: DEBUG neutron_lib.callbacks.manager [None req-3237b789-b231-4b07-9f4a-5ba9488c6149 None None] Subscribe: > router_interface after_create 55550000, False {{(pid=102072) subscribe /opt/stack/data/venv/lib/python3.12/site-packages/neutron_lib/callbacks/manager.py:52}}
Apr 07 19:34:56.594014 np0000164076 devstack@neutron-api.service[102072]: DEBUG neutron_lib.callbacks.manager [None req-3237b789-b231-4b07-9f4a-5ba9488c6149 None None] Subscribe: > floatingip after_create 55550000, False {{(pid=102072) subscribe /opt/stack/data/venv/lib/python3.12/site-packages/neutron_lib/callbacks/manager.py:52}}
Apr 07 19:34:56.594185 np0000164076 devstack@neutron-api.service[102071]: INFO neutron.api.extensions [None req-93183f36-35fc-425f-816c-041685ea23b5 None None] Extension data-plane-status not supported by any of loaded plugins
Apr 07 19:34:56.594273 np0000164076 devstack@neutron-api.service[102072]: DEBUG neutron_lib.callbacks.manager [None req-3237b789-b231-4b07-9f4a-5ba9488c6149 None None] Subscribe: > floatingip precommit_create 55550000, False {{(pid=102072) subscribe /opt/stack/data/venv/lib/python3.12/site-packages/neutron_lib/callbacks/manager.py:52}}
Apr 07 19:34:56.594421 np0000164076 devstack@neutron-api.service[102071]: DEBUG neutron.api.extensions [None req-93183f36-35fc-425f-816c-041685ea23b5 None None] Loading extension file: default_subnetpools.py {{(pid=102071) _load_all_extensions_from_path /opt/stack/neutron/neutron/api/extensions.py:449}}
Apr 07 19:34:56.594478 np0000164076 devstack@neutron-api.service[102072]: DEBUG neutron_lib.callbacks.manager [None req-3237b789-b231-4b07-9f4a-5ba9488c6149 None None] Subscribe: > floatingip precommit_update 55550000, False {{(pid=102072) subscribe /opt/stack/data/venv/lib/python3.12/site-packages/neutron_lib/callbacks/manager.py:52}}
Apr 07 19:34:56.594478 np0000164076 devstack@neutron-api.service[102072]: DEBUG neutron_lib.callbacks.manager [None req-3237b789-b231-4b07-9f4a-5ba9488c6149 None None] Subscribe: > floatingip after_delete 55550000, False {{(pid=102072) subscribe /opt/stack/data/venv/lib/python3.12/site-packages/neutron_lib/callbacks/manager.py:52}}
Apr 07 19:34:56.594626 np0000164076 devstack@neutron-api.service[102071]: DEBUG neutron.api.extensions [None req-93183f36-35fc-425f-816c-041685ea23b5 None None] Ext name="Default Subnetpools" alias="default-subnetpools" description="Provides ability to mark and use a subnetpool as the default." updated="2016-02-18T18:00:00-00:00" {{(pid=102071) _check_extension /opt/stack/neutron/neutron/api/extensions.py:415}}
Apr 07 19:34:56.594758 np0000164076 devstack@neutron-api.service[102072]: DEBUG neutron_lib.callbacks.manager [None req-3237b789-b231-4b07-9f4a-5ba9488c6149 None None] Subscribe: > floatingip after_status_update 55550000, False {{(pid=102072) subscribe /opt/stack/data/venv/lib/python3.12/site-packages/neutron_lib/callbacks/manager.py:52}}
Apr 07 19:34:56.594758 np0000164076 devstack@neutron-api.service[102072]: DEBUG neutron_lib.callbacks.manager [None req-3237b789-b231-4b07-9f4a-5ba9488c6149 None None] Subscribe: > floatingip after_update 55550000, False {{(pid=102072) subscribe /opt/stack/data/venv/lib/python3.12/site-packages/neutron_lib/callbacks/manager.py:52}}
Apr 07 19:34:56.594916 np0000164076 devstack@neutron-api.service[102071]: INFO neutron.api.extensions [None req-93183f36-35fc-425f-816c-041685ea23b5 None None] Loaded extension: default-subnetpools
Apr 07 19:34:56.595057 np0000164076 devstack@neutron-api.service[102072]: DEBUG neutron_lib.callbacks.manager [None req-3237b789-b231-4b07-9f4a-5ba9488c6149 None None] Subscribe: > port_forwarding after_create 55550000, False {{(pid=102072) subscribe /opt/stack/data/venv/lib/python3.12/site-packages/neutron_lib/callbacks/manager.py:52}}
Apr 07 19:34:56.595143 np0000164076 devstack@neutron-api.service[102071]: DEBUG neutron.api.extensions [None req-93183f36-35fc-425f-816c-041685ea23b5 None None] Loading extension file: dhcpagentscheduler.py {{(pid=102071) _load_all_extensions_from_path /opt/stack/neutron/neutron/api/extensions.py:449}}
Apr 07 19:34:56.595172 np0000164076 devstack@neutron-api.service[102072]: DEBUG neutron_lib.callbacks.manager [None req-3237b789-b231-4b07-9f4a-5ba9488c6149 None None] Subscribe: > router_interface after_delete 55550000, False {{(pid=102072) subscribe /opt/stack/data/venv/lib/python3.12/site-packages/neutron_lib/callbacks/manager.py:52}}
Apr 07 19:34:56.595172 np0000164076 devstack@neutron-api.service[102072]: DEBUG neutron_lib.callbacks.manager [None req-3237b789-b231-4b07-9f4a-5ba9488c6149 None None] Subscribe: > router after_create 55550000, False {{(pid=102072) subscribe /opt/stack/data/venv/lib/python3.12/site-packages/neutron_lib/callbacks/manager.py:52}}
Apr 07 19:34:56.595172 np0000164076 devstack@neutron-api.service[102072]: DEBUG neutron_lib.callbacks.manager [None req-3237b789-b231-4b07-9f4a-5ba9488c6149 None None] Subscribe: > router precommit_create 55550000, False {{(pid=102072) subscribe /opt/stack/data/venv/lib/python3.12/site-packages/neutron_lib/callbacks/manager.py:52}}
Apr 07 19:34:56.595382 np0000164076 devstack@neutron-api.service[102071]: DEBUG neutron.api.extensions [None req-93183f36-35fc-425f-816c-041685ea23b5 None None] Ext name="DHCP Agent Scheduler" alias="dhcp_agent_scheduler" description="Schedule networks among dhcp agents" updated="2013-02-07T10:00:00-00:00" {{(pid=102071) _check_extension /opt/stack/neutron/neutron/api/extensions.py:415}}
Apr 07 19:34:56.595420 np0000164076 devstack@neutron-api.service[102072]: DEBUG neutron_lib.callbacks.manager [None req-3237b789-b231-4b07-9f4a-5ba9488c6149 None None] Subscribe: > router after_delete 55550000, False {{(pid=102072) subscribe /opt/stack/data/venv/lib/python3.12/site-packages/neutron_lib/callbacks/manager.py:52}}
Apr 07 19:34:56.595420 np0000164076 devstack@neutron-api.service[102072]: DEBUG neutron_lib.callbacks.manager [None req-3237b789-b231-4b07-9f4a-5ba9488c6149 None None] Subscribe: > router after_update 55550000, False {{(pid=102072) subscribe /opt/stack/data/venv/lib/python3.12/site-packages/neutron_lib/callbacks/manager.py:52}}
Apr 07 19:34:56.595565 np0000164076 devstack@neutron-api.service[102071]: INFO neutron.api.extensions [None req-93183f36-35fc-425f-816c-041685ea23b5 None None] Loaded extension: dhcp_agent_scheduler
Apr 07 19:34:56.595696 np0000164076 devstack@neutron-api.service[102072]: DEBUG neutron.services.service_base [None req-3237b789-b231-4b07-9f4a-5ba9488c6149 None None] Loaded 'neutron.services.ovn_l3.service_providers.ovn.OvnDriver' provider for service L3_ROUTER_NAT {{(pid=102072) load_drivers /opt/stack/neutron/neutron/services/service_base.py:49}}
Apr 07 19:34:56.595817 np0000164076 devstack@neutron-api.service[102071]: DEBUG neutron.api.extensions [None req-93183f36-35fc-425f-816c-041685ea23b5 None None] Loading extension file: dns.py {{(pid=102071) _load_all_extensions_from_path /opt/stack/neutron/neutron/api/extensions.py:449}}
Apr 07 19:34:56.595933 np0000164076 devstack@neutron-api.service[102072]: DEBUG neutron_lib.callbacks.manager [None req-3237b789-b231-4b07-9f4a-5ba9488c6149 None None] Subscribe: > process after_init 55550001, True {{(pid=102072) subscribe /opt/stack/data/venv/lib/python3.12/site-packages/neutron_lib/callbacks/manager.py:52}}
Apr 07 19:34:56.596023 np0000164076 devstack@neutron-api.service[102071]: DEBUG neutron.api.extensions [None req-93183f36-35fc-425f-816c-041685ea23b5 None None] Ext name="DNS Integration" alias="dns-integration" description="Provides integration with DNS." updated="2015-08-15T18:00:00-00:00" {{(pid=102071) _check_extension /opt/stack/neutron/neutron/api/extensions.py:415}}
Apr 07 19:34:56.596301 np0000164076 devstack@neutron-api.service[102072]: DEBUG neutron.manager [None req-3237b789-b231-4b07-9f4a-5ba9488c6149 None None] Successfully loaded L3_ROUTER_NAT plugin. Description: L3 Router Service Plugin for basic L3 forwarding using OVN {{(pid=102072) _create_and_add_service_plugin /opt/stack/neutron/neutron/manager.py:239}}
Apr 07 19:34:56.596392 np0000164076 devstack@neutron-api.service[102071]: INFO neutron.api.extensions [None req-93183f36-35fc-425f-816c-041685ea23b5 None None] Loaded extension: dns-integration
Apr 07 19:34:56.596500 np0000164076 devstack@neutron-api.service[102072]: INFO neutron.manager [None req-3237b789-b231-4b07-9f4a-5ba9488c6149 None None] Loading Plugin: auto_allocate
Apr 07 19:34:56.596616 np0000164076 devstack@neutron-api.service[102071]: DEBUG neutron.api.extensions [None req-93183f36-35fc-425f-816c-041685ea23b5 None None] Loading extension file: dns_domain_ports.py {{(pid=102071) _load_all_extensions_from_path /opt/stack/neutron/neutron/api/extensions.py:449}}
Apr 07 19:34:56.596616 np0000164076 devstack@neutron-api.service[102071]: DEBUG neutron.api.extensions [None req-93183f36-35fc-425f-816c-041685ea23b5 None None] Ext name="dns_domain for ports" alias="dns-domain-ports" description="Allows the DNS domain to be specified for a network port." updated="2017-04-24T10:00:00-00:00" {{(pid=102071) _check_extension /opt/stack/neutron/neutron/api/extensions.py:415}}
Apr 07 19:34:56.596616 np0000164076 devstack@neutron-api.service[102071]: INFO neutron.api.extensions [None req-93183f36-35fc-425f-816c-041685ea23b5 None None] Loaded extension: dns-domain-ports
Apr 07 19:34:56.596616 np0000164076 devstack@neutron-api.service[102071]: DEBUG neutron.api.extensions [None req-93183f36-35fc-425f-816c-041685ea23b5 None None] Loading extension file: dns_integration_domain_keywords.py {{(pid=102071) _load_all_extensions_from_path /opt/stack/neutron/neutron/api/extensions.py:449}}
Apr 07 19:34:56.596616 np0000164076 devstack@neutron-api.service[102071]: DEBUG neutron.api.extensions [None req-93183f36-35fc-425f-816c-041685ea23b5 None None] Ext name="DNS domain names with keywords allowed" alias="dns-integration-domain-keywords" description="Allows to use keywords like , , and as DNS domain name" updated="2020-06-15T18:00:00-00:00" {{(pid=102071) _check_extension /opt/stack/neutron/neutron/api/extensions.py:415}}
Apr 07 19:34:56.596931 np0000164076 devstack@neutron-api.service[102072]: DEBUG neutron_lib.callbacks.manager [None req-3237b789-b231-4b07-9f4a-5ba9488c6149 None None] Subscribe: network precommit_update 55550000, False {{(pid=102072) subscribe /opt/stack/data/venv/lib/python3.12/site-packages/neutron_lib/callbacks/manager.py:52}}
Apr 07 19:34:56.597074 np0000164076 devstack@neutron-api.service[102071]: INFO neutron.api.extensions [None req-93183f36-35fc-425f-816c-041685ea23b5 None None] Loaded extension: dns-integration-domain-keywords
Apr 07 19:34:56.597215 np0000164076 devstack@neutron-api.service[102072]: DEBUG neutron_lib.callbacks.manager [None req-3237b789-b231-4b07-9f4a-5ba9488c6149 None None] Subscribe: network precommit_create 55550000, False {{(pid=102072) subscribe /opt/stack/data/venv/lib/python3.12/site-packages/neutron_lib/callbacks/manager.py:52}}
Apr 07 19:34:56.597354 np0000164076 devstack@neutron-api.service[102071]: DEBUG neutron.api.extensions [None req-93183f36-35fc-425f-816c-041685ea23b5 None None] Loading extension file: dvr.py {{(pid=102071) _load_all_extensions_from_path /opt/stack/neutron/neutron/api/extensions.py:449}}
Apr 07 19:34:56.597469 np0000164076 devstack@neutron-api.service[102072]: DEBUG neutron.manager [None req-3237b789-b231-4b07-9f4a-5ba9488c6149 None None] Successfully loaded auto-allocated-topology plugin. Description: Auto Allocated Topology - aka get me a network. {{(pid=102072) _create_and_add_service_plugin /opt/stack/neutron/neutron/manager.py:239}}
Apr 07 19:34:56.597591 np0000164076 devstack@neutron-api.service[102071]: DEBUG neutron.api.extensions [None req-93183f36-35fc-425f-816c-041685ea23b5 None None] Ext name="Distributed Virtual Router" alias="dvr" description="Enables configuration of Distributed Virtual Routers." updated="2014-06-1T10:00:00-00:00" {{(pid=102071) _check_extension /opt/stack/neutron/neutron/api/extensions.py:415}}
Apr 07 19:34:56.597766 np0000164076 devstack@neutron-api.service[102072]: INFO neutron.manager [None req-3237b789-b231-4b07-9f4a-5ba9488c6149 None None] Loading Plugin: tag
Apr 07 19:34:56.597879 np0000164076 devstack@neutron-api.service[102074]: DEBUG neutron.manager [None req-b2532d51-5e6a-416b-8393-596357fe5506 None None] Successfully loaded TAG plugin. Description: Tag support {{(pid=102074) _create_and_add_service_plugin /opt/stack/neutron/neutron/manager.py:239}}
Apr 07 19:34:56.598097 np0000164076 devstack@neutron-api.service[102071]: INFO neutron.api.extensions [None req-93183f36-35fc-425f-816c-041685ea23b5 None None] Extension dvr not supported by any of loaded plugins
Apr 07 19:34:56.598239 np0000164076 devstack@neutron-api.service[102074]: INFO neutron.manager [None req-b2532d51-5e6a-416b-8393-596357fe5506 None None] Loading Plugin: timestamp
Apr 07 19:34:56.598356 np0000164076 devstack@neutron-api.service[102071]: DEBUG neutron.api.extensions [None req-93183f36-35fc-425f-816c-041685ea23b5 None None] Loading extension file: ecmp_routes.py {{(pid=102071) _load_all_extensions_from_path /opt/stack/neutron/neutron/api/extensions.py:449}}
Apr 07 19:34:56.598356 np0000164076 devstack@neutron-api.service[102071]: DEBUG neutron.api.extensions [None req-93183f36-35fc-425f-816c-041685ea23b5 None None] Ext name="Equal Cost Multipath Routing" alias="ecmp_routes" description="Allows traffic to reach thesame destination via multiple different links " updated="2020-11-26T18:00:00-00:00" {{(pid=102071) _check_extension /opt/stack/neutron/neutron/api/extensions.py:415}}
Apr 07 19:34:56.598356 np0000164076 devstack@neutron-api.service[102071]: INFO neutron.api.extensions [None req-93183f36-35fc-425f-816c-041685ea23b5 None None] Extension ecmp_routes not supported by any of loaded plugins
Apr 07 19:34:56.598356 np0000164076 devstack@neutron-api.service[102071]: DEBUG neutron.api.extensions [None req-93183f36-35fc-425f-816c-041685ea23b5 None None] Loading extension file: empty_string_filtering.py {{(pid=102071) _load_all_extensions_from_path /opt/stack/neutron/neutron/api/extensions.py:449}}
Apr 07 19:34:56.598356 np0000164076 devstack@neutron-api.service[102071]: DEBUG neutron.api.extensions [None req-93183f36-35fc-425f-816c-041685ea23b5 None None] Ext name="Empty String Filtering Extension" alias="empty-string-filtering" description="Allow filtering by attributes with empty string value" updated="2018-05-01T10:00:00-00:00" {{(pid=102071) _check_extension /opt/stack/neutron/neutron/api/extensions.py:415}}
Apr 07 19:34:56.598356 np0000164076 devstack@neutron-api.service[102071]: INFO neutron.api.extensions [None req-93183f36-35fc-425f-816c-041685ea23b5 None None] Loaded extension: empty-string-filtering
Apr 07 19:34:56.598356 np0000164076 devstack@neutron-api.service[102071]: DEBUG neutron.api.extensions [None req-93183f36-35fc-425f-816c-041685ea23b5 None None] Loading extension file: expose_l3_conntrack_helper.py {{(pid=102071) _load_all_extensions_from_path /opt/stack/neutron/neutron/api/extensions.py:449}}
Apr 07 19:34:56.598965 np0000164076 devstack@neutron-api.service[102071]: DEBUG neutron.api.extensions [None req-93183f36-35fc-425f-816c-041685ea23b5 None None] Ext name="Expose CT target rules for conntrack helper" alias="expose-l3-conntrack-helper" description="Expose allow adding CT target rules for conntrack helper" updated="2019-04-04T10:00:00-00:00" {{(pid=102071) _check_extension /opt/stack/neutron/neutron/api/extensions.py:415}}
Apr 07 19:34:56.599228 np0000164076 devstack@neutron-api.service[102074]: DEBUG neutron.manager [None req-b2532d51-5e6a-416b-8393-596357fe5506 None None] Successfully loaded timestamp plugin. Description: Adds timestamps to Neutron resources with standard attributes {{(pid=102074) _create_and_add_service_plugin /opt/stack/neutron/neutron/manager.py:239}}
Apr 07 19:34:56.599419 np0000164076 devstack@neutron-api.service[102071]: INFO neutron.api.extensions [None req-93183f36-35fc-425f-816c-041685ea23b5 None None] Extension expose-l3-conntrack-helper not supported by any of loaded plugins
Apr 07 19:34:56.599562 np0000164076 devstack@neutron-api.service[102074]: INFO neutron.manager [None req-b2532d51-5e6a-416b-8393-596357fe5506 None None] Loading Plugin: network_ip_availability
Apr 07 19:34:56.599714 np0000164076 devstack@neutron-api.service[102071]: DEBUG neutron.api.extensions [None req-93183f36-35fc-425f-816c-041685ea23b5 None None] Loading extension file: expose_port_forwarding_in_fip.py {{(pid=102071) _load_all_extensions_from_path /opt/stack/neutron/neutron/api/extensions.py:449}}
Apr 07 19:34:56.599714 np0000164076 devstack@neutron-api.service[102071]: DEBUG neutron.api.extensions [None req-93183f36-35fc-425f-816c-041685ea23b5 None None] Ext name="Expose Floating IP port forwardings" alias="expose-port-forwarding-in-fip" description="Expose port forwarding fields in floating IP response" updated="2018-06-28T16:00:00-00:00" {{(pid=102071) _check_extension /opt/stack/neutron/neutron/api/extensions.py:415}}
Apr 07 19:34:56.599714 np0000164076 devstack@neutron-api.service[102071]: INFO neutron.api.extensions [None req-93183f36-35fc-425f-816c-041685ea23b5 None None] Extension expose-port-forwarding-in-fip not supported by any of loaded plugins
Apr 07 19:34:56.599714 np0000164076 devstack@neutron-api.service[102071]: DEBUG neutron.api.extensions [None req-93183f36-35fc-425f-816c-041685ea23b5 None None] Loading extension file: external_net.py {{(pid=102071) _load_all_extensions_from_path /opt/stack/neutron/neutron/api/extensions.py:449}}
Apr 07 19:34:56.599714 np0000164076 devstack@neutron-api.service[102071]: DEBUG neutron.api.extensions [None req-93183f36-35fc-425f-816c-041685ea23b5 None None] Ext name="Neutron external network" alias="external-net" description="Adds external network attribute to network resource." updated="2013-01-14T10:00:00-00:00" {{(pid=102071) _check_extension /opt/stack/neutron/neutron/api/extensions.py:415}}
Apr 07 19:34:56.599714 np0000164076 devstack@neutron-api.service[102071]: INFO neutron.api.extensions [None req-93183f36-35fc-425f-816c-041685ea23b5 None None] Loaded extension: external-net
Apr 07 19:34:56.599714 np0000164076 devstack@neutron-api.service[102071]: DEBUG neutron.api.extensions [None req-93183f36-35fc-425f-816c-041685ea23b5 None None] Loading extension file: extra_dhcp_opt.py {{(pid=102071) _load_all_extensions_from_path /opt/stack/neutron/neutron/api/extensions.py:449}}
Apr 07 19:34:56.600083 np0000164076 devstack@neutron-api.service[102071]: DEBUG neutron.api.extensions [None req-93183f36-35fc-425f-816c-041685ea23b5 None None] Ext name="Neutron Extra DHCP options" alias="extra_dhcp_opt" description="Extra options configuration for DHCP. For example PXE boot options to DHCP clients can be specified (e.g. tftp-server, server-ip-address, bootfile-name)" updated="2013-03-17T12:00:00-00:00" {{(pid=102071) _check_extension /opt/stack/neutron/neutron/api/extensions.py:415}}
Apr 07 19:34:56.600277 np0000164076 devstack@neutron-api.service[102072]: DEBUG neutron.manager [None req-3237b789-b231-4b07-9f4a-5ba9488c6149 None None] Successfully loaded TAG plugin. Description: Tag support {{(pid=102072) _create_and_add_service_plugin /opt/stack/neutron/neutron/manager.py:239}}
Apr 07 19:34:56.600277 np0000164076 devstack@neutron-api.service[102072]: INFO neutron.manager [None req-3237b789-b231-4b07-9f4a-5ba9488c6149 None None] Loading Plugin: timestamp
Apr 07 19:34:56.600465 np0000164076 devstack@neutron-api.service[102071]: INFO neutron.api.extensions [None req-93183f36-35fc-425f-816c-041685ea23b5 None None] Loaded extension: extra_dhcp_opt
Apr 07 19:34:56.600608 np0000164076 devstack@neutron-api.service[102074]: DEBUG neutron.manager [None req-b2532d51-5e6a-416b-8393-596357fe5506 None None] Successfully loaded network-ip-availability plugin. Description: Provides IP availability data for each network and subnet. {{(pid=102074) _create_and_add_service_plugin /opt/stack/neutron/neutron/manager.py:239}}
Apr 07 19:34:56.600731 np0000164076 devstack@neutron-api.service[102071]: DEBUG neutron.api.extensions [None req-93183f36-35fc-425f-816c-041685ea23b5 None None] Loading extension file: extraroute.py {{(pid=102071) _load_all_extensions_from_path /opt/stack/neutron/neutron/api/extensions.py:449}}
Apr 07 19:34:56.600855 np0000164076 devstack@neutron-api.service[102074]: INFO neutron.manager [None req-b2532d51-5e6a-416b-8393-596357fe5506 None None] Loading Plugin: flavors
Apr 07 19:34:56.600939 np0000164076 devstack@neutron-api.service[102071]: DEBUG neutron.api.extensions [None req-93183f36-35fc-425f-816c-041685ea23b5 None None] Ext name="Neutron Extra Route" alias="extraroute" description="Extra routes configuration for L3 router" updated="2013-02-01T10:00:00-00:00" {{(pid=102071) _check_extension /opt/stack/neutron/neutron/api/extensions.py:415}}
Apr 07 19:34:56.600939 np0000164076 devstack@neutron-api.service[102071]: INFO neutron.api.extensions [None req-93183f36-35fc-425f-816c-041685ea23b5 None None] Loaded extension: extraroute
Apr 07 19:34:56.600939 np0000164076 devstack@neutron-api.service[102071]: DEBUG neutron.api.extensions [None req-93183f36-35fc-425f-816c-041685ea23b5 None None] Loading extension file: extraroute_atomic.py {{(pid=102071) _load_all_extensions_from_path /opt/stack/neutron/neutron/api/extensions.py:449}}
Apr 07 19:34:56.600939 np0000164076 devstack@neutron-api.service[102071]: DEBUG neutron.api.extensions [None req-93183f36-35fc-425f-816c-041685ea23b5 None None] Ext name="Atomically add/remove extra routes" alias="extraroute-atomic" description="Edit extra routes of a router on server side by atomically adding/removing extra routes" updated="2019-07-10T00:00:00+00:00" {{(pid=102071) _check_extension /opt/stack/neutron/neutron/api/extensions.py:415}}
Apr 07 19:34:56.600939 np0000164076 devstack@neutron-api.service[102071]: INFO neutron.api.extensions [None req-93183f36-35fc-425f-816c-041685ea23b5 None None] Loaded extension: extraroute-atomic
Apr 07 19:34:56.600939 np0000164076 devstack@neutron-api.service[102071]: DEBUG neutron.api.extensions [None req-93183f36-35fc-425f-816c-041685ea23b5 None None] Loading extension file: filter_validation.py {{(pid=102071) _load_all_extensions_from_path /opt/stack/neutron/neutron/api/extensions.py:449}}
Apr 07 19:34:56.601248 np0000164076 devstack@neutron-api.service[102074]: DEBUG neutron.manager [None req-b2532d51-5e6a-416b-8393-596357fe5506 None None] Successfully loaded FLAVORS plugin. Description: Neutron Flavors and Service Profiles manager plugin {{(pid=102074) _create_and_add_service_plugin /opt/stack/neutron/neutron/manager.py:239}}
Apr 07 19:34:56.601372 np0000164076 devstack@neutron-api.service[102072]: DEBUG neutron.manager [None req-3237b789-b231-4b07-9f4a-5ba9488c6149 None None] Successfully loaded timestamp plugin. Description: Adds timestamps to Neutron resources with standard attributes {{(pid=102072) _create_and_add_service_plugin /opt/stack/neutron/neutron/manager.py:239}}
Apr 07 19:34:56.601514 np0000164076 devstack@neutron-api.service[102074]: INFO neutron.manager [None req-b2532d51-5e6a-416b-8393-596357fe5506 None None] Loading Plugin: revisions
Apr 07 19:34:56.601597 np0000164076 devstack@neutron-api.service[102071]: DEBUG neutron.api.extensions [None req-93183f36-35fc-425f-816c-041685ea23b5 None None] Ext name="Filter parameters validation" alias="filter-validation" description="Provides validation on filter parameters." updated="2018-07-04T10:00:00-00:00" {{(pid=102071) _check_extension /opt/stack/neutron/neutron/api/extensions.py:415}}
Apr 07 19:34:56.601744 np0000164076 devstack@neutron-api.service[102072]: INFO neutron.manager [None req-3237b789-b231-4b07-9f4a-5ba9488c6149 None None] Loading Plugin: network_ip_availability
Apr 07 19:34:56.601846 np0000164076 devstack@neutron-api.service[102071]: INFO neutron.api.extensions [None req-93183f36-35fc-425f-816c-041685ea23b5 None None] Loaded extension: filter-validation
Apr 07 19:34:56.601846 np0000164076 devstack@neutron-api.service[102071]: DEBUG neutron.api.extensions [None req-93183f36-35fc-425f-816c-041685ea23b5 None None] Loading extension file: fip_pf_description.py {{(pid=102071) _load_all_extensions_from_path /opt/stack/neutron/neutron/api/extensions.py:449}}
Apr 07 19:34:56.601846 np0000164076 devstack@neutron-api.service[102071]: DEBUG neutron.api.extensions [None req-93183f36-35fc-425f-816c-041685ea23b5 None None] Ext name="Floating IP Port Forwarding new attribute description" alias="floating-ip-port-forwarding-description" description="Add a description field to Port Forwarding rules" updated="2019-11-01T10:00:00-00:00" {{(pid=102071) _check_extension /opt/stack/neutron/neutron/api/extensions.py:415}}
Apr 07 19:34:56.601846 np0000164076 devstack@neutron-api.service[102071]: INFO neutron.api.extensions [None req-93183f36-35fc-425f-816c-041685ea23b5 None None] Extension floating-ip-port-forwarding-description not supported by any of loaded plugins
Apr 07 19:34:56.601846 np0000164076 devstack@neutron-api.service[102071]: DEBUG neutron.api.extensions [None req-93183f36-35fc-425f-816c-041685ea23b5 None None] Loading extension file: fip_pf_detail.py {{(pid=102071) _load_all_extensions_from_path /opt/stack/neutron/neutron/api/extensions.py:449}}
Apr 07 19:34:56.601846 np0000164076 devstack@neutron-api.service[102071]: DEBUG neutron.api.extensions [None req-93183f36-35fc-425f-816c-041685ea23b5 None None] Ext name="Floating IP port forwarding detail" alias="floating-ip-port-forwarding-detail" description="Allow list floating ip return more port forwarding data, include'id' and 'internal_port_id'" updated="2022-05-06T10:00:00-00:00" {{(pid=102071) _check_extension /opt/stack/neutron/neutron/api/extensions.py:415}}
Apr 07 19:34:56.602193 np0000164076 devstack@neutron-api.service[102074]: DEBUG neutron.manager [None req-b2532d51-5e6a-416b-8393-596357fe5506 None None] Successfully loaded revision_plugin plugin. Description: Adds revision numbers to resources. {{(pid=102074) _create_and_add_service_plugin /opt/stack/neutron/neutron/manager.py:239}}
Apr 07 19:34:56.602318 np0000164076 devstack@neutron-api.service[102071]: INFO neutron.api.extensions [None req-93183f36-35fc-425f-816c-041685ea23b5 None None] Loaded extension: floating-ip-port-forwarding-detail
Apr 07 19:34:56.602347 np0000164076 devstack@neutron-api.service[102074]: DEBUG oslo_concurrency.lockutils [None req-b2532d51-5e6a-416b-8393-596357fe5506 None None] Lock "manager" "released" by "neutron.manager.NeutronManager._create_instance" :: held 4.679s {{(pid=102074) inner /opt/stack/data/venv/lib/python3.12/site-packages/oslo_concurrency/lockutils.py:538}}
Apr 07 19:34:56.602404 np0000164076 devstack@neutron-api.service[102071]: DEBUG neutron.api.extensions [None req-93183f36-35fc-425f-816c-041685ea23b5 None None] Loading extension file: fip_pf_port_range.py {{(pid=102071) _load_all_extensions_from_path /opt/stack/neutron/neutron/api/extensions.py:449}}
Apr 07 19:34:56.602487 np0000164076 devstack@neutron-api.service[102074]: DEBUG neutron.api.extensions [None req-b2532d51-5e6a-416b-8393-596357fe5506 None None] get_extension_paths = OrderedDict({'/opt/stack/neutron/neutron/extensions': 1}) {{(pid=102074) get_extensions_path /opt/stack/neutron/neutron/api/extensions.py:640}}
Apr 07 19:34:56.602534 np0000164076 devstack@neutron-api.service[102071]: DEBUG neutron.api.extensions [None req-93183f36-35fc-425f-816c-041685ea23b5 None None] Ext name="Floating IP Port Forwarding support port ranges" alias="floating-ip-port-forwarding-port-ranges" description="Add support to port ranges" updated="2020-07-01T10:00:00-00:00" {{(pid=102071) _check_extension /opt/stack/neutron/neutron/api/extensions.py:415}}
Apr 07 19:34:56.602684 np0000164076 devstack@neutron-api.service[102072]: DEBUG neutron.manager [None req-3237b789-b231-4b07-9f4a-5ba9488c6149 None None] Successfully loaded network-ip-availability plugin. Description: Provides IP availability data for each network and subnet. {{(pid=102072) _create_and_add_service_plugin /opt/stack/neutron/neutron/manager.py:239}}
Apr 07 19:34:56.602761 np0000164076 devstack@neutron-api.service[102074]: INFO neutron.api.extensions [None req-b2532d51-5e6a-416b-8393-596357fe5506 None None] Initializing extension manager.
Apr 07 19:34:56.602827 np0000164076 devstack@neutron-api.service[102072]: INFO neutron.manager [None req-3237b789-b231-4b07-9f4a-5ba9488c6149 None None] Loading Plugin: flavors
Apr 07 19:34:56.602854 np0000164076 devstack@neutron-api.service[102071]: INFO neutron.api.extensions [None req-93183f36-35fc-425f-816c-041685ea23b5 None None] Extension floating-ip-port-forwarding-port-ranges not supported by any of loaded plugins
Apr 07 19:34:56.602854 np0000164076 devstack@neutron-api.service[102071]: DEBUG neutron.api.extensions [None req-93183f36-35fc-425f-816c-041685ea23b5 None None] Loading extension file: fip_port_details.py {{(pid=102071) _load_all_extensions_from_path /opt/stack/neutron/neutron/api/extensions.py:449}}
Apr 07 19:34:56.602940 np0000164076 devstack@neutron-api.service[102074]: DEBUG neutron.api.extensions [None req-b2532d51-5e6a-416b-8393-596357fe5506 None None] Loading extension file: __init__.py {{(pid=102074) _load_all_extensions_from_path /opt/stack/neutron/neutron/api/extensions.py:449}}
Apr 07 19:34:56.602940 np0000164076 devstack@neutron-api.service[102074]: DEBUG neutron.api.extensions [None req-b2532d51-5e6a-416b-8393-596357fe5506 None None] Loading extension file: __pycache__ {{(pid=102074) _load_all_extensions_from_path /opt/stack/neutron/neutron/api/extensions.py:449}}
