2026-07-08 16:44:58.003 8 INFO neutron.db.ovn_revision_numbers_db [None req-4ff1984d-98ce-497e-97af-739a05a596a5 913f32b369504acb9c48ee7abe395b51 fdbaadfb9f3e454a9f1fa58686c8f49c - - default default] Successfully bumped revision number for resource 3742f438-45dc-4bbd-8f39-e302e995eb54 (type: security_group_rules) to 0
2026-07-08 16:44:58.016 8 INFO neutron.db.ovn_revision_numbers_db [None req-4ff1984d-98ce-497e-97af-739a05a596a5 913f32b369504acb9c48ee7abe395b51 fdbaadfb9f3e454a9f1fa58686c8f49c - - default default] Successfully bumped revision number for resource 5085722a-4a31-413b-9255-3a036a0102f7 (type: security_group_rules) to 0
2026-07-08 16:44:58.030 8 INFO neutron.db.ovn_revision_numbers_db [None req-4ff1984d-98ce-497e-97af-739a05a596a5 913f32b369504acb9c48ee7abe395b51 fdbaadfb9f3e454a9f1fa58686c8f49c - - default default] Successfully bumped revision number for resource 5aae22f1-2469-4c65-9bc9-9ccbd59306b8 (type: security_group_rules) to 0
2026-07-08 16:44:58.045 8 INFO neutron.db.ovn_revision_numbers_db [None req-4ff1984d-98ce-497e-97af-739a05a596a5 913f32b369504acb9c48ee7abe395b51 fdbaadfb9f3e454a9f1fa58686c8f49c - - default default] Successfully bumped revision number for resource a0925a59-ef73-4efc-b9a7-68ac6fbd5fbb (type: security_group_rules) to 0 [pid: 8|app: 0|req: 1228/2531] 10.0.0.153 () {32 vars in 774 bytes} [Wed Jul 8 16:44:57 2026] GET /v2.0/security-groups?tenant_id=e52cc014e1454d03942ce1da9f6d64ca&name=default => generated 2929 bytes in 390 msecs (HTTP/1.1 200) 4 headers in 158 bytes (1 switches on core 0) [pid: 7|app: 0|req: 1304/2532] 10.0.0.153 () {32 vars in 740 bytes} [Wed Jul 8 16:44:58 2026] DELETE /v2.0/security-groups/566c66b8-82f4-4f2a-a40c-a6a3fff64672 => generated 0 bytes in 209 msecs (HTTP/1.1 204) 2 headers in 112 bytes (1 switches on core 0)
2026-07-08 16:44:58.437 8 WARNING neutron.db.securitygroups_db [None req-9a011516-0630-4f61-ae9f-1d4317c49885 913f32b369504acb9c48ee7abe395b51 fdbaadfb9f3e454a9f1fa58686c8f49c - - default default] project_id key not found in filters, using tenant_id instead. This support has been deprecated and will be removed in a future release. [pid: 8|app: 0|req: 1229/2533] 10.0.0.153 () {32 vars in 774 bytes} [Wed Jul 8 16:44:58 2026] GET /v2.0/security-groups?tenant_id=b7ad0fcddb5e4452b9e5480a0246f86e&name=default => generated 2929 bytes in 32 msecs (HTTP/1.1 200) 4 headers in 158 bytes (1 switches on core 0) [pid: 7|app: 0|req: 1305/2534] 10.0.0.153 () {32 vars in 740 bytes} [Wed Jul 8 16:44:58 2026] DELETE /v2.0/security-groups/daf0a2be-c153-4286-ac3c-384ddf0186a5 => generated 0 bytes in 262 msecs (HTTP/1.1 204) 2 headers in 112 bytes (1 switches on core 0)
2026-07-08 16:45:08.646 8 INFO neutron.db.ovn_revision_numbers_db [None req-76cb4dbd-d5a1-4042-b982-acd707c307aa 232503d625fd40fda5773dba34cd9e17 1032358020434a64a789ebe1b1db47f5 - - default default] Successfully bumped revision number for resource 7460fb28-f69e-43d9-be28-b6ca739b64cb (type: security_groups) to 1
2026-07-08 16:45:08.663 8 INFO neutron.db.ovn_revision_numbers_db [None req-76cb4dbd-d5a1-4042-b982-acd707c307aa 232503d625fd40fda5773dba34cd9e17 1032358020434a64a789ebe1b1db47f5 - - default default] Successfully bumped revision number for resource 4e0cc2fc-62b0-4bb1-914d-37af426f49d3 (type: security_group_rules) to 0
2026-07-08 16:45:08.682 8 INFO neutron.db.ovn_revision_numbers_db [None req-76cb4dbd-d5a1-4042-b982-acd707c307aa 232503d625fd40fda5773dba34cd9e17 1032358020434a64a789ebe1b1db47f5 - - default default] Successfully bumped revision number for resource 6a0c7c7c-22ad-4a75-806c-0492b350baaf (type: security_group_rules) to 0
2026-07-08 16:45:08.698 8 INFO neutron.db.ovn_revision_numbers_db [None req-76cb4dbd-d5a1-4042-b982-acd707c307aa 232503d625fd40fda5773dba34cd9e17 1032358020434a64a789ebe1b1db47f5 - - default default] Successfully bumped revision number for resource bb6cf2d6-da46-4668-a039-7786dac02162 (type: security_group_rules) to 0
2026-07-08 16:45:08.717 8 INFO neutron.db.ovn_revision_numbers_db [None req-76cb4dbd-d5a1-4042-b982-acd707c307aa 232503d625fd40fda5773dba34cd9e17 1032358020434a64a789ebe1b1db47f5 - - default default] Successfully bumped revision number for resource ed22e70b-82c5-40e6-874e-7f68b84ed9f9 (type: security_group_rules) to 0
2026-07-08 16:45:08.804 8 INFO neutron.db.segments_db [None req-76cb4dbd-d5a1-4042-b982-acd707c307aa 232503d625fd40fda5773dba34cd9e17 1032358020434a64a789ebe1b1db47f5 - - default default] Added segment bc905b74-7f83-4a95-a8a3-2759ab44c713 of type geneve for network 4c463e61-6bcc-41d3-b4d9-e06114eef6e4
2026-07-08 16:45:08.948 8 INFO neutron.db.ovn_revision_numbers_db [None req-76cb4dbd-d5a1-4042-b982-acd707c307aa 232503d625fd40fda5773dba34cd9e17 1032358020434a64a789ebe1b1db47f5 - - default default] Successfully bumped revision number for resource 4c463e61-6bcc-41d3-b4d9-e06114eef6e4 (type: networks) to 1
2026-07-08 16:45:09.121 8 WARNING neutron.scheduler.dhcp_agent_scheduler [None req-76cb4dbd-d5a1-4042-b982-acd707c307aa 232503d625fd40fda5773dba34cd9e17 1032358020434a64a789ebe1b1db47f5 - - default default] No more DHCP agents
2026-07-08 16:45:09.123 8 WARNING neutron.api.rpc.agentnotifiers.dhcp_rpc_agent_api [None req-76cb4dbd-d5a1-4042-b982-acd707c307aa 232503d625fd40fda5773dba34cd9e17 1032358020434a64a789ebe1b1db47f5 - - default default] Unable to schedule network 4c463e61-6bcc-41d3-b4d9-e06114eef6e4: no agents available; will retry on subsequent port and subnet creation events.
2026-07-08 16:45:09.185 7 INFO neutron.plugins.ml2.drivers.ovn.mech_driver.mech_driver [None req-f21bc41b-5a99-4e5f-bf44-15a056611a06 - - - - - -] OVN reports status down for port: a0885717-80a8-475e-8255-28605da13a28
2026-07-08 16:45:09.204 8 INFO neutron.db.ovn_revision_numbers_db [None req-76cb4dbd-d5a1-4042-b982-acd707c307aa 232503d625fd40fda5773dba34cd9e17 1032358020434a64a789ebe1b1db47f5 - - default default] Successfully bumped revision number for resource a0885717-80a8-475e-8255-28605da13a28 (type: ports) to 1 [pid: 8|app: 0|req: 1231/2537] 10.0.0.153 () {34 vars in 670 bytes} [Wed Jul 8 16:45:08 2026] POST /v2.0/networks => generated 677 bytes in 924 msecs (HTTP/1.1 201) 4 headers in 162 bytes (1 switches on core 0)
2026-07-08 16:45:09.429 7 WARNING neutron.scheduler.dhcp_agent_scheduler [None req-b71edc59-5b57-4b6c-8b25-67a7c6ea07fc 232503d625fd40fda5773dba34cd9e17 1032358020434a64a789ebe1b1db47f5 - - default default] No more DHCP agents
2026-07-08 16:45:09.431 7 WARNING neutron.api.rpc.agentnotifiers.dhcp_rpc_agent_api [None req-b71edc59-5b57-4b6c-8b25-67a7c6ea07fc 232503d625fd40fda5773dba34cd9e17 1032358020434a64a789ebe1b1db47f5 - - default default] Unable to schedule network 4c463e61-6bcc-41d3-b4d9-e06114eef6e4: no agents available; will retry on subsequent port and subnet creation events.
2026-07-08 16:45:09.925 7 INFO neutron.db.ovn_revision_numbers_db [None req-b71edc59-5b57-4b6c-8b25-67a7c6ea07fc 232503d625fd40fda5773dba34cd9e17 1032358020434a64a789ebe1b1db47f5 - - default default] Successfully bumped revision number for resource a0885717-80a8-475e-8255-28605da13a28 (type: ports) to 2
2026-07-08 16:45:09.961 7 INFO neutron.db.ovn_revision_numbers_db [None req-b71edc59-5b57-4b6c-8b25-67a7c6ea07fc 232503d625fd40fda5773dba34cd9e17 1032358020434a64a789ebe1b1db47f5 - - default default] Successfully bumped revision number for resource d0e2369a-ee17-4ea6-942f-d18734c9f69c (type: subnets) to 0 [pid: 7|app: 0|req: 1307/2538] 10.0.0.153 () {34 vars in 669 bytes} [Wed Jul 8 16:45:09 2026] POST /v2.0/subnets => generated 657 bytes in 750 msecs (HTTP/1.1 201) 4 headers in 162 bytes (1 switches on core 0) [pid: 8|app: 0|req: 1232/2539] 10.0.0.153 () {32 vars in 722 bytes} [Wed Jul 8 16:45:09 2026] GET /v2.0/subnetpools?name=shared-default-subnetpool-v6 => generated 19 bytes in 47 msecs (HTTP/1.1 200) 4 headers in 156 bytes (1 switches on core 0)
2026-07-08 16:45:10.246 7 WARNING neutron.scheduler.dhcp_agent_scheduler [None req-ad672b71-f2d9-416e-af39-5746b3284559 232503d625fd40fda5773dba34cd9e17 1032358020434a64a789ebe1b1db47f5 - - default default] No more DHCP agents
2026-07-08 16:45:10.247 7 WARNING neutron.api.rpc.agentnotifiers.dhcp_rpc_agent_api [None req-ad672b71-f2d9-416e-af39-5746b3284559 232503d625fd40fda5773dba34cd9e17 1032358020434a64a789ebe1b1db47f5 - - default default] Unable to schedule network 4c463e61-6bcc-41d3-b4d9-e06114eef6e4: no agents available; will retry on subsequent port and subnet creation events.
2026-07-08 16:45:10.276 7 INFO neutron.db.ovn_revision_numbers_db [None req-ad672b71-f2d9-416e-af39-5746b3284559 232503d625fd40fda5773dba34cd9e17 1032358020434a64a789ebe1b1db47f5 - - default default] Successfully bumped revision number for resource b8bc7985-6801-4f2e-8b92-8670425eab13 (type: subnets) to 0 [pid: 7|app: 0|req: 1308/2540] 10.0.0.153 () {34 vars in 669 bytes} [Wed Jul 8 16:45:10 2026] POST /v2.0/subnets => generated 732 bytes in 250 msecs (HTTP/1.1 201) 4 headers in 162 bytes (1 switches on core 0)
2026-07-08 16:45:10.393 8 INFO neutron.db.segments_db [None req-0ee58d75-159c-4e79-ac31-3dc443debb24 232503d625fd40fda5773dba34cd9e17 1032358020434a64a789ebe1b1db47f5 - - default default] Added segment ab8f0cbc-cded-41e1-a29c-bc2fbdbe98d8 of type geneve for network 779ea99a-eac9-444c-b122-3bc3e90a226a
2026-07-08 16:45:10.518 8 INFO neutron.db.ovn_revision_numbers_db [None req-0ee58d75-159c-4e79-ac31-3dc443debb24 232503d625fd40fda5773dba34cd9e17 1032358020434a64a789ebe1b1db47f5 - - default default] Successfully bumped revision number for resource 779ea99a-eac9-444c-b122-3bc3e90a226a (type: networks) to 1
2026-07-08 16:45:10.682 8 WARNING neutron.scheduler.dhcp_agent_scheduler [None req-0ee58d75-159c-4e79-ac31-3dc443debb24 232503d625fd40fda5773dba34cd9e17 1032358020434a64a789ebe1b1db47f5 - - default default] No more DHCP agents
2026-07-08 16:45:10.684 8 WARNING neutron.api.rpc.agentnotifiers.dhcp_rpc_agent_api [None req-0ee58d75-159c-4e79-ac31-3dc443debb24 232503d625fd40fda5773dba34cd9e17 1032358020434a64a789ebe1b1db47f5 - - default default] Unable to schedule network 779ea99a-eac9-444c-b122-3bc3e90a226a: no agents available; will retry on subsequent port and subnet creation events.
2026-07-08 16:45:10.740 7 INFO neutron.plugins.ml2.drivers.ovn.mech_driver.mech_driver [None req-f21bc41b-5a99-4e5f-bf44-15a056611a06 - - - - - -] OVN reports status down for port: ca400d01-a966-4a3a-89b1-a92094721a07
2026-07-08 16:45:10.786 8 INFO neutron.db.ovn_revision_numbers_db [None req-0ee58d75-159c-4e79-ac31-3dc443debb24 232503d625fd40fda5773dba34cd9e17 1032358020434a64a789ebe1b1db47f5 - - default default] Successfully bumped revision number for resource ca400d01-a966-4a3a-89b1-a92094721a07 (type: ports) to 1 [pid: 8|app: 0|req: 1233/2541] 10.0.0.153 () {34 vars in 670 bytes} [Wed Jul 8 16:45:10 2026] POST /v2.0/networks => generated 675 bytes in 517 msecs (HTTP/1.1 201) 4 headers in 162 bytes (1 switches on core 0)
2026-07-08 16:45:11.051 7 WARNING neutron.scheduler.dhcp_agent_scheduler [None req-03ee7cf0-0e3f-4396-8473-e7452de2f537 232503d625fd40fda5773dba34cd9e17 1032358020434a64a789ebe1b1db47f5 - - default default] No more DHCP agents
2026-07-08 16:45:11.053 7 WARNING neutron.api.rpc.agentnotifiers.dhcp_rpc_agent_api [None req-03ee7cf0-0e3f-4396-8473-e7452de2f537 232503d625fd40fda5773dba34cd9e17 1032358020434a64a789ebe1b1db47f5 - - default default] Unable to schedule network 779ea99a-eac9-444c-b122-3bc3e90a226a: no agents available; will retry on subsequent port and subnet creation events.
2026-07-08 16:45:11.476 7 INFO neutron.db.ovn_revision_numbers_db [None req-03ee7cf0-0e3f-4396-8473-e7452de2f537 232503d625fd40fda5773dba34cd9e17 1032358020434a64a789ebe1b1db47f5 - - default default] Successfully bumped revision number for resource ca400d01-a966-4a3a-89b1-a92094721a07 (type: ports) to 2
2026-07-08 16:45:11.511 7 INFO neutron.db.ovn_revision_numbers_db [None req-03ee7cf0-0e3f-4396-8473-e7452de2f537 232503d625fd40fda5773dba34cd9e17 1032358020434a64a789ebe1b1db47f5 - - default default] Successfully bumped revision number for resource cb9f6a41-f31f-45c5-a86c-71d2bd45172e (type: subnets) to 0 [pid: 7|app: 0|req: 1309/2542] 10.0.0.153 () {34 vars in 669 bytes} [Wed Jul 8 16:45:10 2026] POST /v2.0/subnets => generated 655 bytes in 709 msecs (HTTP/1.1 201) 4 headers in 162 bytes (1 switches on core 0)
2026-07-08 16:45:11.765 8 WARNING neutron.scheduler.dhcp_agent_scheduler [None req-8aa5f793-be26-4f34-b612-5c8b08152909 232503d625fd40fda5773dba34cd9e17 1032358020434a64a789ebe1b1db47f5 - - default default] No more DHCP agents
2026-07-08 16:45:11.778 8 WARNING neutron.api.rpc.agentnotifiers.dhcp_rpc_agent_api [None req-8aa5f793-be26-4f34-b612-5c8b08152909 232503d625fd40fda5773dba34cd9e17 1032358020434a64a789ebe1b1db47f5 - - default default] Unable to schedule network 779ea99a-eac9-444c-b122-3bc3e90a226a: no agents available; will retry on subsequent port and subnet creation events.
2026-07-08 16:45:11.810 8 INFO neutron.db.ovn_revision_numbers_db [None req-8aa5f793-be26-4f34-b612-5c8b08152909 232503d625fd40fda5773dba34cd9e17 1032358020434a64a789ebe1b1db47f5 - - default default] Successfully bumped revision number for resource 96742913-5405-49dc-9ada-81fd4f9011fd (type: subnets) to 0 [pid: 8|app: 0|req: 1234/2543] 10.0.0.153 () {34 vars in 669 bytes} [Wed Jul 8 16:45:11 2026] POST /v2.0/subnets => generated 724 bytes in 298 msecs (HTTP/1.1 201) 4 headers in 162 bytes (1 switches on core 0)
2026-07-08 16:45:11.924 7 INFO neutron.db.segments_db [None req-ac300218-7178-4ffd-a040-0bd532d27f6a 232503d625fd40fda5773dba34cd9e17 1032358020434a64a789ebe1b1db47f5 - - default default] Added segment cc4b3634-2488-4587-88ab-da765450bd1f of type geneve for network 33d6ca28-a11e-40dd-a1b9-2d71575d1bae
2026-07-08 16:45:12.048 7 INFO neutron.db.ovn_revision_numbers_db [None req-ac300218-7178-4ffd-a040-0bd532d27f6a 232503d625fd40fda5773dba34cd9e17 1032358020434a64a789ebe1b1db47f5 - - default default] Successfully bumped revision number for resource 33d6ca28-a11e-40dd-a1b9-2d71575d1bae (type: networks) to 1
2026-07-08 16:45:12.231 7 WARNING neutron.scheduler.dhcp_agent_scheduler [None req-ac300218-7178-4ffd-a040-0bd532d27f6a 232503d625fd40fda5773dba34cd9e17 1032358020434a64a789ebe1b1db47f5 - - default default] No more DHCP agents
2026-07-08 16:45:12.233 7 WARNING neutron.api.rpc.agentnotifiers.dhcp_rpc_agent_api [None req-ac300218-7178-4ffd-a040-0bd532d27f6a 232503d625fd40fda5773dba34cd9e17 1032358020434a64a789ebe1b1db47f5 - - default default] Unable to schedule network 33d6ca28-a11e-40dd-a1b9-2d71575d1bae: no agents available; will retry on subsequent port and subnet creation events.
2026-07-08 16:45:12.300 8 INFO neutron.plugins.ml2.drivers.ovn.mech_driver.mech_driver [None req-c45e365d-cbac-42bc-95ed-db290a40a23e - - - - - -] OVN reports status down for port: 3a4990f2-7e50-407b-ad10-2deec444f888
2026-07-08 16:45:12.311 7 INFO neutron.db.ovn_revision_numbers_db [None req-ac300218-7178-4ffd-a040-0bd532d27f6a 232503d625fd40fda5773dba34cd9e17 1032358020434a64a789ebe1b1db47f5 - - default default] Successfully bumped revision number for resource 3a4990f2-7e50-407b-ad10-2deec444f888 (type: ports) to 1 [pid: 7|app: 0|req: 1310/2544] 10.0.0.153 () {34 vars in 670 bytes} [Wed Jul 8 16:45:11 2026] POST /v2.0/networks => generated 676 bytes in 499 msecs (HTTP/1.1 201) 4 headers in 162 bytes (1 switches on core 0)
2026-07-08 16:45:12.551 8 WARNING neutron.scheduler.dhcp_agent_scheduler [None req-3b0ad74e-1bb3-4f54-b252-885fe4b22f2e 232503d625fd40fda5773dba34cd9e17 1032358020434a64a789ebe1b1db47f5 - - default default] No more DHCP agents
2026-07-08 16:45:12.552 8 WARNING neutron.api.rpc.agentnotifiers.dhcp_rpc_agent_api [None req-3b0ad74e-1bb3-4f54-b252-885fe4b22f2e 232503d625fd40fda5773dba34cd9e17 1032358020434a64a789ebe1b1db47f5 - - default default] Unable to schedule network 33d6ca28-a11e-40dd-a1b9-2d71575d1bae: no agents available; will retry on subsequent port and subnet creation events.
2026-07-08 16:45:13.063 8 INFO neutron.db.ovn_revision_numbers_db [None req-3b0ad74e-1bb3-4f54-b252-885fe4b22f2e 232503d625fd40fda5773dba34cd9e17 1032358020434a64a789ebe1b1db47f5 - - default default] Successfully bumped revision number for resource 3a4990f2-7e50-407b-ad10-2deec444f888 (type: ports) to 2
2026-07-08 16:45:13.102 8 INFO neutron.db.ovn_revision_numbers_db [None req-3b0ad74e-1bb3-4f54-b252-885fe4b22f2e 232503d625fd40fda5773dba34cd9e17 1032358020434a64a789ebe1b1db47f5 - - default default] Successfully bumped revision number for resource 8cffefbf-a956-490a-93b8-38d3578f1715 (type: subnets) to 0 [pid: 8|app: 0|req: 1235/2545] 10.0.0.153 () {34 vars in 669 bytes} [Wed Jul 8 16:45:12 2026] POST /v2.0/subnets => generated 655 bytes in 781 msecs (HTTP/1.1 201) 4 headers in 162 bytes (1 switches on core 0)
2026-07-08 16:45:13.352 7 WARNING neutron.scheduler.dhcp_agent_scheduler [None req-c9b1d323-787c-42ff-adfd-539e4091bfd8 232503d625fd40fda5773dba34cd9e17 1032358020434a64a789ebe1b1db47f5 - - default default] No more DHCP agents
2026-07-08 16:45:13.354 7 WARNING neutron.api.rpc.agentnotifiers.dhcp_rpc_agent_api [None req-c9b1d323-787c-42ff-adfd-539e4091bfd8 232503d625fd40fda5773dba34cd9e17 1032358020434a64a789ebe1b1db47f5 - - default default] Unable to schedule network 33d6ca28-a11e-40dd-a1b9-2d71575d1bae: no agents available; will retry on subsequent port and subnet creation events.
2026-07-08 16:45:13.390 7 INFO neutron.db.ovn_revision_numbers_db [None req-c9b1d323-787c-42ff-adfd-539e4091bfd8 232503d625fd40fda5773dba34cd9e17 1032358020434a64a789ebe1b1db47f5 - - default default] Successfully bumped revision number for resource 6cb4133f-0a58-4188-81a3-7b25187990cb (type: subnets) to 0 [pid: 7|app: 0|req: 1311/2546] 10.0.0.153 () {34 vars in 669 bytes} [Wed Jul 8 16:45:13 2026] POST /v2.0/subnets => generated 729 bytes in 280 msecs (HTTP/1.1 201) 4 headers in 162 bytes (1 switches on core 0)
2026-07-08 16:45:13.905 8 WARNING neutron.scheduler.dhcp_agent_scheduler [None req-ff7256f7-f53b-400f-8187-68fc19d09b0a 232503d625fd40fda5773dba34cd9e17 1032358020434a64a789ebe1b1db47f5 - - default default] No more DHCP agents
2026-07-08 16:45:13.907 8 WARNING neutron.api.rpc.agentnotifiers.dhcp_rpc_agent_api [None req-ff7256f7-f53b-400f-8187-68fc19d09b0a 232503d625fd40fda5773dba34cd9e17 1032358020434a64a789ebe1b1db47f5 - - default default] Unable to schedule network e60b5156-e399-4522-bd82-65a5a7a5b14e: no agents available; will retry on subsequent port and subnet creation events.
2026-07-08 16:45:14.037 8 INFO neutron.plugins.ml2.drivers.ovn.mech_driver.mech_driver [None req-c45e365d-cbac-42bc-95ed-db290a40a23e - - - - - -] OVN reports status down for port: 1ed2f689-d17a-46a8-958c-0d8e60bdb09f
2026-07-08 16:45:14.090 8 INFO neutron.db.ovn_revision_numbers_db [None req-ff7256f7-f53b-400f-8187-68fc19d09b0a 232503d625fd40fda5773dba34cd9e17 1032358020434a64a789ebe1b1db47f5 - - default default] Successfully bumped revision number for resource 1ed2f689-d17a-46a8-958c-0d8e60bdb09f (type: ports) to 1
2026-07-08 16:45:14.668 8 INFO neutron.plugins.ml2.drivers.ovn.mech_driver.ovsdb.ovsdb_monitor [None req-c413887f-5ce6-4f3b-b202-c1560c5d1bcd - - - - - -] Router ac5dd4ac-a36a-4cbe-b76f-78da3e43f8fe is bound to host instance
2026-07-08 16:45:14.679 8 INFO neutron.plugins.ml2.drivers.ovn.mech_driver.mech_driver [None req-c45e365d-cbac-42bc-95ed-db290a40a23e - - - - - -] OVN reports status up for port: 1ed2f689-d17a-46a8-958c-0d8e60bdb09f
2026-07-08 16:45:14.728 8 INFO neutron.plugins.ml2.plugin [None req-c45e365d-cbac-42bc-95ed-db290a40a23e - - - - - -] Attempt 1 to provision port 1ed2f689-d17a-46a8-958c-0d8e60bdb09f
2026-07-08 16:45:14.782 8 INFO neutron.db.ovn_revision_numbers_db [None req-ff7256f7-f53b-400f-8187-68fc19d09b0a 232503d625fd40fda5773dba34cd9e17 1032358020434a64a789ebe1b1db47f5 - - default default] Successfully bumped revision number for resource 1ed2f689-d17a-46a8-958c-0d8e60bdb09f (type: router_ports) to 1
2026-07-08 16:45:15.040 8 INFO neutron.db.ovn_revision_numbers_db [None req-ff7256f7-f53b-400f-8187-68fc19d09b0a 232503d625fd40fda5773dba34cd9e17 1032358020434a64a789ebe1b1db47f5 - - default default] Successfully bumped revision number for resource ac5dd4ac-a36a-4cbe-b76f-78da3e43f8fe (type: routers) to 2 [pid: 8|app: 0|req: 1236/2547] 10.0.0.153 () {34 vars in 669 bytes} [Wed Jul 8 16:45:13 2026] POST /v2.0/routers => generated 966 bytes in 1658 msecs (HTTP/1.1 201) 4 headers in 162 bytes (1 switches on core 0)
2026-07-08 16:45:15.590 7 WARNING neutron.scheduler.dhcp_agent_scheduler [None req-a747bb55-e760-4fd5-b1a3-20dbec00faf1 232503d625fd40fda5773dba34cd9e17 1032358020434a64a789ebe1b1db47f5 - - default default] No more DHCP agents
2026-07-08 16:45:15.592 7 WARNING neutron.api.rpc.agentnotifiers.dhcp_rpc_agent_api [None req-a747bb55-e760-4fd5-b1a3-20dbec00faf1 232503d625fd40fda5773dba34cd9e17 1032358020434a64a789ebe1b1db47f5 - - default default] Unable to schedule network 4c463e61-6bcc-41d3-b4d9-e06114eef6e4: no agents available; will retry on subsequent port and subnet creation events.
2026-07-08 16:45:15.734 7 INFO neutron.db.ovn_revision_numbers_db [None req-a747bb55-e760-4fd5-b1a3-20dbec00faf1 232503d625fd40fda5773dba34cd9e17 1032358020434a64a789ebe1b1db47f5 - - default default] Successfully bumped revision number for resource cd98f307-0e40-4d70-ae83-f4d7e6c48288 (type: ports) to 1
2026-07-08 16:45:15.834 8 INFO neutron.db.ovn_revision_numbers_db [None req-828e62dc-ad36-4740-8e1d-45156a8e5a36 - - - - - -] Successfully bumped revision number for resource 1ed2f689-d17a-46a8-958c-0d8e60bdb09f (type: ports) to 4
2026-07-08 16:45:16.189 8 INFO neutron.db.ovn_revision_numbers_db [None req-828e62dc-ad36-4740-8e1d-45156a8e5a36 - - - - - -] Successfully bumped revision number for resource 1ed2f689-d17a-46a8-958c-0d8e60bdb09f (type: ports) to 5
2026-07-08 16:45:16.588 7 WARNING neutron.scheduler.dhcp_agent_scheduler [None req-a747bb55-e760-4fd5-b1a3-20dbec00faf1 232503d625fd40fda5773dba34cd9e17 1032358020434a64a789ebe1b1db47f5 - - default default] No more DHCP agents
2026-07-08 16:45:16.589 7 WARNING neutron.api.rpc.agentnotifiers.dhcp_rpc_agent_api [None req-a747bb55-e760-4fd5-b1a3-20dbec00faf1 232503d625fd40fda5773dba34cd9e17 1032358020434a64a789ebe1b1db47f5 - - default default] Unable to schedule network 4c463e61-6bcc-41d3-b4d9-e06114eef6e4: no agents available; will retry on subsequent port and subnet creation events.
2026-07-08 16:45:16.918 7 INFO neutron.db.ovn_revision_numbers_db [None req-a747bb55-e760-4fd5-b1a3-20dbec00faf1 232503d625fd40fda5773dba34cd9e17 1032358020434a64a789ebe1b1db47f5 - - default default] Successfully bumped revision number for resource cd98f307-0e40-4d70-ae83-f4d7e6c48288 (type: router_ports) to 1 [pid: 7|app: 0|req: 1312/2548] 10.0.0.153 () {34 vars in 783 bytes} [Wed Jul 8 16:45:15 2026] PUT /v2.0/routers/ac5dd4ac-a36a-4cbe-b76f-78da3e43f8fe/add_router_interface => generated 310 bytes in 1846 msecs (HTTP/1.1 200) 4 headers in 157 bytes (1 switches on core 0)
2026-07-08 16:45:17.103 8 INFO neutron.plugins.ml2.drivers.ovn.mech_driver.mech_driver [None req-c45e365d-cbac-42bc-95ed-db290a40a23e - - - - - -] OVN reports status down for port: cd98f307-0e40-4d70-ae83-f4d7e6c48288
2026-07-08 16:45:17.218 8 WARNING neutron.plugins.ml2.drivers.ovn.mech_driver.ovsdb.ovn_client [None req-c45e365d-cbac-42bc-95ed-db290a40a23e - - - - - -] Logical_Switch_Port cd98f307-0e40-4d70-ae83-f4d7e6c48288 host information not removed, the port state is up
2026-07-08 16:45:17.219 8 INFO neutron.plugins.ml2.drivers.ovn.mech_driver.mech_driver [None req-c45e365d-cbac-42bc-95ed-db290a40a23e - - - - - -] OVN reports status up for port: cd98f307-0e40-4d70-ae83-f4d7e6c48288
2026-07-08 16:45:17.250 8 INFO neutron.plugins.ml2.plugin [None req-c45e365d-cbac-42bc-95ed-db290a40a23e - - - - - -] Attempt 1 to provision port cd98f307-0e40-4d70-ae83-f4d7e6c48288
2026-07-08 16:45:17.923 8 WARNING neutron.scheduler.dhcp_agent_scheduler [None req-7a0c28f9-2d45-483b-a964-3dcea4deae7b 232503d625fd40fda5773dba34cd9e17 1032358020434a64a789ebe1b1db47f5 - - default default] No more DHCP agents
2026-07-08 16:45:17.928 8 WARNING neutron.api.rpc.agentnotifiers.dhcp_rpc_agent_api [None req-7a0c28f9-2d45-483b-a964-3dcea4deae7b 232503d625fd40fda5773dba34cd9e17 1032358020434a64a789ebe1b1db47f5 - - default default] Unable to schedule network 779ea99a-eac9-444c-b122-3bc3e90a226a: no agents available; will retry on subsequent port and subnet creation events.
2026-07-08 16:45:18.218 8 INFO neutron.db.ovn_revision_numbers_db [None req-c45e365d-cbac-42bc-95ed-db290a40a23e - - - - - -] Successfully bumped revision number for resource cd98f307-0e40-4d70-ae83-f4d7e6c48288 (type: ports) to 2
2026-07-08 16:45:18.291 8 INFO neutron.db.ovn_revision_numbers_db [None req-7a0c28f9-2d45-483b-a964-3dcea4deae7b 232503d625fd40fda5773dba34cd9e17 1032358020434a64a789ebe1b1db47f5 - - default default] Successfully bumped revision number for resource 1e1e389f-0872-4706-aa85-8870911454dc (type: ports) to 1
2026-07-08 16:45:19.251 8 WARNING neutron.scheduler.dhcp_agent_scheduler [None req-7a0c28f9-2d45-483b-a964-3dcea4deae7b 232503d625fd40fda5773dba34cd9e17 1032358020434a64a789ebe1b1db47f5 - - default default] No more DHCP agents
2026-07-08 16:45:19.253 8 WARNING neutron.api.rpc.agentnotifiers.dhcp_rpc_agent_api [None req-7a0c28f9-2d45-483b-a964-3dcea4deae7b 232503d625fd40fda5773dba34cd9e17 1032358020434a64a789ebe1b1db47f5 - - default default] Unable to schedule network 779ea99a-eac9-444c-b122-3bc3e90a226a: no agents available; will retry on subsequent port and subnet creation events.
2026-07-08 16:45:19.580 7 INFO neutron.common.ovn.utils [None req-f21bc41b-5a99-4e5f-bf44-15a056611a06 - - - - - -] HA Chassis Group neutron-779ea99a-eac9-444c-b122-3bc3e90a226a synchronized; highest priority chassis 3d734e04-1ba3-45fa-b9cb-134564c896df
2026-07-08 16:45:19.660 8 INFO neutron.db.ovn_revision_numbers_db [None req-7a0c28f9-2d45-483b-a964-3dcea4deae7b 232503d625fd40fda5773dba34cd9e17 1032358020434a64a789ebe1b1db47f5 - - default default] Successfully bumped revision number for resource 1e1e389f-0872-4706-aa85-8870911454dc (type: router_ports) to 1 [pid: 8|app: 0|req: 1237/2549] 10.0.0.153 () {34 vars in 783 bytes} [Wed Jul 8 16:45:16 2026] PUT /v2.0/routers/ac5dd4ac-a36a-4cbe-b76f-78da3e43f8fe/add_router_interface => generated 310 bytes in 2736 msecs (HTTP/1.1 200) 4 headers in 157 bytes (1 switches on core 0)
2026-07-08 16:45:20.239 7 WARNING neutron.scheduler.dhcp_agent_scheduler [None req-7f4c557b-3b13-481a-bc3f-d330658bc3e5 232503d625fd40fda5773dba34cd9e17 1032358020434a64a789ebe1b1db47f5 - - default default] No more DHCP agents
2026-07-08 16:45:20.240 7 WARNING neutron.api.rpc.agentnotifiers.dhcp_rpc_agent_api [None req-7f4c557b-3b13-481a-bc3f-d330658bc3e5 232503d625fd40fda5773dba34cd9e17 1032358020434a64a789ebe1b1db47f5 - - default default] Unable to schedule network 33d6ca28-a11e-40dd-a1b9-2d71575d1bae: no agents available; will retry on subsequent port and subnet creation events.
2026-07-08 16:45:20.405 7 INFO neutron.db.ovn_revision_numbers_db [None req-7f4c557b-3b13-481a-bc3f-d330658bc3e5 232503d625fd40fda5773dba34cd9e17 1032358020434a64a789ebe1b1db47f5 - - default default] Successfully bumped revision number for resource c40f9244-e852-4480-9019-749fc2e8ea1a (type: ports) to 1
2026-07-08 16:45:21.304 7 WARNING neutron.scheduler.dhcp_agent_scheduler [None req-7f4c557b-3b13-481a-bc3f-d330658bc3e5 232503d625fd40fda5773dba34cd9e17 1032358020434a64a789ebe1b1db47f5 - - default default] No more DHCP agents
2026-07-08 16:45:21.307 7 WARNING neutron.api.rpc.agentnotifiers.dhcp_rpc_agent_api [None req-7f4c557b-3b13-481a-bc3f-d330658bc3e5 232503d625fd40fda5773dba34cd9e17 1032358020434a64a789ebe1b1db47f5 - - default default] Unable to schedule network 33d6ca28-a11e-40dd-a1b9-2d71575d1bae: no agents available; will retry on subsequent port and subnet creation events.
2026-07-08 16:45:21.614 7 INFO neutron.db.ovn_revision_numbers_db [None req-7f4c557b-3b13-481a-bc3f-d330658bc3e5 232503d625fd40fda5773dba34cd9e17 1032358020434a64a789ebe1b1db47f5 - - default default] Successfully bumped revision number for resource c40f9244-e852-4480-9019-749fc2e8ea1a (type: router_ports) to 1 [pid: 7|app: 0|req: 1313/2552] 10.0.0.153 () {34 vars in 783 bytes} [Wed Jul 8 16:45:19 2026] PUT /v2.0/routers/ac5dd4ac-a36a-4cbe-b76f-78da3e43f8fe/add_router_interface => generated 310 bytes in 1949 msecs (HTTP/1.1 200) 4 headers in 157 bytes (1 switches on core 0)
2026-07-08 16:45:21.868 8 INFO neutron.db.ovn_revision_numbers_db [None req-3da947a1-821f-40fe-932b-09add399f188 232503d625fd40fda5773dba34cd9e17 1032358020434a64a789ebe1b1db47f5 - - default default] Successfully bumped revision number for resource 05102e1d-e1a9-4e7c-9e8e-6fa81997d079 (type: security_groups) to 1
2026-07-08 16:45:21.884 8 INFO neutron.db.ovn_revision_numbers_db [None req-3da947a1-821f-40fe-932b-09add399f188 232503d625fd40fda5773dba34cd9e17 1032358020434a64a789ebe1b1db47f5 - - default default] Successfully bumped revision number for resource 6fa44365-ba8f-482e-bb1d-96e4e06af8ee (type: security_group_rules) to 0
2026-07-08 16:45:21.898 8 INFO neutron.db.ovn_revision_numbers_db [None req-3da947a1-821f-40fe-932b-09add399f188 232503d625fd40fda5773dba34cd9e17 1032358020434a64a789ebe1b1db47f5 - - default default] Successfully bumped revision number for resource 88a8d393-f7a3-4187-ad56-bac4af096ab1 (type: security_group_rules) to 0 [pid: 8|app: 0|req: 1240/2553] 10.0.0.153 () {34 vars in 684 bytes} [Wed Jul 8 16:45:21 2026] POST /v2.0/security-groups => generated 1630 bytes in 254 msecs (HTTP/1.1 201) 4 headers in 163 bytes (1 switches on core 0)
2026-07-08 16:45:22.076 7 INFO neutron.db.ovn_revision_numbers_db [None req-498d9edc-aa9a-4d10-b079-1f80a8f4246c 232503d625fd40fda5773dba34cd9e17 1032358020434a64a789ebe1b1db47f5 - - default default] Successfully bumped revision number for resource 9fd62388-97d3-48a1-be69-91f63c20ff80 (type: security_group_rules) to 0 [pid: 7|app: 0|req: 1314/2554] 10.0.0.153 () {34 vars in 695 bytes} [Wed Jul 8 16:45:21 2026] POST /v2.0/security-group-rules => generated 597 bytes in 160 msecs (HTTP/1.1 201) 4 headers in 162 bytes (1 switches on core 0)
2026-07-08 16:45:22.239 8 INFO neutron.db.ovn_revision_numbers_db [None req-1ff9b3ff-faaa-473f-bdc4-e7bdba30176d 232503d625fd40fda5773dba34cd9e17 1032358020434a64a789ebe1b1db47f5 - - default default] Successfully bumped revision number for resource 3e927d81-e539-4c8f-9e46-42e60667e4cb (type: security_group_rules) to 0 [pid: 8|app: 0|req: 1241/2555] 10.0.0.153 () {34 vars in 695 bytes} [Wed Jul 8 16:45:22 2026] POST /v2.0/security-group-rules => generated 597 bytes in 161 msecs (HTTP/1.1 201) 4 headers in 162 bytes (1 switches on core 0)
2026-07-08 16:45:22.391 7 INFO neutron.db.ovn_revision_numbers_db [None req-8b09e342-4c0e-47bb-a317-0470c3e42283 232503d625fd40fda5773dba34cd9e17 1032358020434a64a789ebe1b1db47f5 - - default default] Successfully bumped revision number for resource db012b4e-4864-4b7a-a1e2-f47125987277 (type: security_group_rules) to 0 [pid: 7|app: 0|req: 1315/2556] 10.0.0.153 () {34 vars in 695 bytes} [Wed Jul 8 16:45:22 2026] POST /v2.0/security-group-rules => generated 599 bytes in 144 msecs (HTTP/1.1 201) 4 headers in 162 bytes (1 switches on core 0)
2026-07-08 16:45:22.552 8 INFO neutron.db.ovn_revision_numbers_db [None req-5c614f34-1613-4d1d-b20a-a49d4571c2ce 232503d625fd40fda5773dba34cd9e17 1032358020434a64a789ebe1b1db47f5 - - default default] Successfully bumped revision number for resource 93cc6a9a-f1c1-426d-ada2-292b7ac8e0cc (type: security_group_rules) to 0 [pid: 8|app: 0|req: 1242/2557] 10.0.0.153 () {34 vars in 695 bytes} [Wed Jul 8 16:45:22 2026] POST /v2.0/security-group-rules => generated 601 bytes in 163 msecs (HTTP/1.1 201) 4 headers in 162 bytes (1 switches on core 0)
2026-07-08 16:45:22.727 7 INFO neutron.db.ovn_revision_numbers_db [None req-1f47ca74-a342-4dc7-a6cf-e629ff22373d 232503d625fd40fda5773dba34cd9e17 1032358020434a64a789ebe1b1db47f5 - - default default] Successfully bumped revision number for resource 325f17ff-04a0-4851-a600-37e79af1d9a3 (type: security_group_rules) to 0 [pid: 7|app: 0|req: 1316/2558] 10.0.0.153 () {34 vars in 695 bytes} [Wed Jul 8 16:45:22 2026] POST /v2.0/security-group-rules => generated 601 bytes in 174 msecs (HTTP/1.1 201) 4 headers in 162 bytes (1 switches on core 0)
2026-07-08 16:45:22.942 8 INFO neutron.db.ovn_revision_numbers_db [None req-ee6636ec-7765-4a6d-9afe-f1d9e12d9cd2 232503d625fd40fda5773dba34cd9e17 1032358020434a64a789ebe1b1db47f5 - - default default] Successfully bumped revision number for resource 1f27e217-2f24-46c5-996b-26872fa04e24 (type: security_group_rules) to 0 [pid: 8|app: 0|req: 1243/2559] 10.0.0.153 () {34 vars in 695 bytes} [Wed Jul 8 16:45:22 2026] POST /v2.0/security-group-rules => generated 597 bytes in 204 msecs (HTTP/1.1 201) 4 headers in 162 bytes (1 switches on core 0)
2026-07-08 16:45:23.119 7 INFO neutron.db.ovn_revision_numbers_db [None req-3fde8c1d-14cf-407c-96ca-89d4620bc472 232503d625fd40fda5773dba34cd9e17 1032358020434a64a789ebe1b1db47f5 - - default default] Successfully bumped revision number for resource 91c6d04f-021d-4023-9164-092f3cf7a251 (type: security_group_rules) to 0 [pid: 7|app: 0|req: 1317/2560] 10.0.0.153 () {34 vars in 695 bytes} [Wed Jul 8 16:45:22 2026] POST /v2.0/security-group-rules => generated 597 bytes in 169 msecs (HTTP/1.1 201) 4 headers in 162 bytes (1 switches on core 0)
2026-07-08 16:45:23.295 8 INFO neutron.db.ovn_revision_numbers_db [None req-0cd789f3-1608-4a5d-8052-d22367b27cbc 232503d625fd40fda5773dba34cd9e17 1032358020434a64a789ebe1b1db47f5 - - default default] Successfully bumped revision number for resource dbfbb147-eda8-445f-8b31-7c1cd697e4bb (type: security_group_rules) to 0 [pid: 8|app: 0|req: 1244/2561] 10.0.0.153 () {34 vars in 695 bytes} [Wed Jul 8 16:45:23 2026] POST /v2.0/security-group-rules => generated 597 bytes in 160 msecs (HTTP/1.1 201) 4 headers in 162 bytes (1 switches on core 0)
2026-07-08 16:45:23.468 7 INFO neutron.db.ovn_revision_numbers_db [None req-e1e21817-34d4-4895-9ffc-ea30c45554e8 232503d625fd40fda5773dba34cd9e17 1032358020434a64a789ebe1b1db47f5 - - default default] Successfully bumped revision number for resource f3209a08-b6f0-42c0-832f-8b95e275367a (type: security_group_rules) to 0 [pid: 7|app: 0|req: 1318/2562] 10.0.0.153 () {34 vars in 695 bytes} [Wed Jul 8 16:45:23 2026] POST /v2.0/security-group-rules => generated 599 bytes in 177 msecs (HTTP/1.1 201) 4 headers in 162 bytes (1 switches on core 0)
2026-07-08 16:45:23.672 8 INFO neutron.db.ovn_revision_numbers_db [None req-51d31400-27e8-45bb-b7c1-accabdfcca6f 232503d625fd40fda5773dba34cd9e17 1032358020434a64a789ebe1b1db47f5 - - default default] Successfully bumped revision number for resource 93dbb07c-77d9-43f5-b53f-b582819dad9d (type: security_group_rules) to 0 [pid: 8|app: 0|req: 1245/2563] 10.0.0.153 () {34 vars in 695 bytes} [Wed Jul 8 16:45:23 2026] POST /v2.0/security-group-rules => generated 601 bytes in 218 msecs (HTTP/1.1 201) 4 headers in 162 bytes (1 switches on core 0)
2026-07-08 16:45:23.730 8 WARNING neutron.plugins.ml2.drivers.ovn.mech_driver.ovsdb.ovn_client [None req-772e21fa-20e4-419e-83f2-f65d0b0b7327 - - - - - -] No hosting information found for port cd98f307-0e40-4d70-ae83-f4d7e6c48288: RuntimeError: No hosting information found for port cd98f307-0e40-4d70-ae83-f4d7e6c48288
2026-07-08 16:45:23.776 8 INFO neutron.common.ovn.utils [None req-772e21fa-20e4-419e-83f2-f65d0b0b7327 - - - - - -] HA Chassis Group neutron-4c463e61-6bcc-41d3-b4d9-e06114eef6e4 synchronized; highest priority chassis 3d734e04-1ba3-45fa-b9cb-134564c896df
2026-07-08 16:45:23.880 7 INFO neutron.db.ovn_revision_numbers_db [None req-4e70ce4a-f250-4b00-a565-1018decc9f90 232503d625fd40fda5773dba34cd9e17 1032358020434a64a789ebe1b1db47f5 - - default default] Successfully bumped revision number for resource e778371e-7da5-4bae-ae84-6b97f4b01545 (type: security_group_rules) to 0 [pid: 7|app: 0|req: 1319/2564] 10.0.0.153 () {34 vars in 695 bytes} [Wed Jul 8 16:45:23 2026] POST /v2.0/security-group-rules => generated 597 bytes in 191 msecs (HTTP/1.1 201) 4 headers in 162 bytes (1 switches on core 0)
2026-07-08 16:45:23.948 8 INFO neutron.db.ovn_revision_numbers_db [None req-772e21fa-20e4-419e-83f2-f65d0b0b7327 - - - - - -] Successfully bumped revision number for resource cd98f307-0e40-4d70-ae83-f4d7e6c48288 (type: router_ports) to 2
2026-07-08 16:45:23.995 8 INFO neutron.plugins.ml2.drivers.ovn.mech_driver.mech_driver [None req-772e21fa-20e4-419e-83f2-f65d0b0b7327 - - - - - -] OVN reports status down for port: 1e1e389f-0872-4706-aa85-8870911454dc
2026-07-08 16:45:24.055 8 WARNING neutron.plugins.ml2.drivers.ovn.mech_driver.ovsdb.ovn_client [None req-772e21fa-20e4-419e-83f2-f65d0b0b7327 - - - - - -] Logical_Switch_Port 1e1e389f-0872-4706-aa85-8870911454dc host information not removed, the port state is up
2026-07-08 16:45:24.056 8 INFO neutron.plugins.ml2.drivers.ovn.mech_driver.mech_driver [None req-772e21fa-20e4-419e-83f2-f65d0b0b7327 - - - - - -] OVN reports status up for port: 1e1e389f-0872-4706-aa85-8870911454dc
2026-07-08 16:45:24.068 8 INFO neutron.plugins.ml2.plugin [None req-772e21fa-20e4-419e-83f2-f65d0b0b7327 - - - - - -] Attempt 1 to provision port 1e1e389f-0872-4706-aa85-8870911454dc
2026-07-08 16:45:24.491 8 WARNING neutron.db.securitygroups_db [req-5b50b361-a170-4bf7-852f-b0c5f7adb8ea req-fce0c3c6-3c46-436b-9384-b712a1e9e0f6 232503d625fd40fda5773dba34cd9e17 1032358020434a64a789ebe1b1db47f5 - - default default] project_id key not found in filters, using tenant_id instead. This support has been deprecated and will be removed in a future release.
2026-07-08 16:45:24.525 8 INFO neutron.db.ovn_revision_numbers_db [None req-772e21fa-20e4-419e-83f2-f65d0b0b7327 - - - - - -] Successfully bumped revision number for resource 1e1e389f-0872-4706-aa85-8870911454dc (type: ports) to 2 [pid: 8|app: 0|req: 1246/2565] 10.0.0.76 () {34 vars in 1095 bytes} [Wed Jul 8 16:45:24 2026] GET /v2.0/security-groups?name=tempest-lb_member_SG-1027587223&fields=id&tenant_id=1032358020434a64a789ebe1b1db47f5 => generated 69 bytes in 63 msecs (HTTP/1.1 200) 4 headers in 156 bytes (1 switches on core 0) [pid: 7|app: 0|req: 1320/2566] 10.0.0.76 () {34 vars in 981 bytes} [Wed Jul 8 16:45:24 2026] GET /v2.0/networks?id=779ea99a-eac9-444c-b122-3bc3e90a226a => generated 742 bytes in 58 msecs (HTTP/1.1 200) 4 headers in 157 bytes (1 switches on core 0) [pid: 8|app: 0|req: 1247/2567] 10.0.0.76 () {34 vars in 964 bytes} [Wed Jul 8 16:45:24 2026] GET /v2.0/quotas/1032358020434a64a789ebe1b1db47f5 => generated 312 bytes in 30 msecs (HTTP/1.1 200) 4 headers in 157 bytes (1 switches on core 0) [pid: 7|app: 0|req: 1321/2568] 10.0.0.76 () {34 vars in 1001 bytes} [Wed Jul 8 16:45:24 2026] GET /v2.0/ports?tenant_id=1032358020434a64a789ebe1b1db47f5&fields=id => generated 287 bytes in 207 msecs (HTTP/1.1 200) 4 headers in 157 bytes (1 switches on core 0) [pid: 8|app: 0|req: 1248/2569] 10.0.0.76 () {34 vars in 1007 bytes} [Wed Jul 8 16:45:24 2026] GET /v2.0/networks/779ea99a-eac9-444c-b122-3bc3e90a226a?fields=segments => generated 14 bytes in 122 msecs (HTTP/1.1 200) 4 headers in 156 bytes (1 switches on core 0) [pid: 7|app: 0|req: 1322/2570] 10.0.0.76 () {34 vars in 1107 bytes} [Wed Jul 8 16:45:24 2026] GET /v2.0/networks/779ea99a-eac9-444c-b122-3bc3e90a226a?fields=provider%3Aphysical_network&fields=provider%3Anetwork_type => generated 79 bytes in 54 msecs (HTTP/1.1 200) 4 headers in 156 bytes (1 switches on core 0) [pid: 8|app: 0|req: 1249/2571] 10.0.0.76 () {34 vars in 1069 bytes} [Wed Jul 8 16:45:25 2026] GET /v2.0/ports?fields=security_groups&fields=device_id&device_id=20276ed0-9195-406d-8d18-8b1789f429f5 => generated 12 bytes in 66 msecs (HTTP/1.1 200) 4 headers in 156 bytes (1 switches on core 0) [pid: 7|app: 0|req: 1323/2572] 199.19.213.11 () {34 vars in 985 bytes} [Wed Jul 8 16:45:29 2026] GET /v2.0/networks?id=779ea99a-eac9-444c-b122-3bc3e90a226a => generated 742 bytes in 97 msecs (HTTP/1.1 200) 4 headers in 157 bytes (1 switches on core 0)
2026-07-08 16:45:29.552 8 WARNING neutron.db.securitygroups_db [req-5b50b361-a170-4bf7-852f-b0c5f7adb8ea req-acc0b142-016f-445a-bae5-ca2fb8c6a348 232503d625fd40fda5773dba34cd9e17 1032358020434a64a789ebe1b1db47f5 - - default default] project_id key not found in filters, using tenant_id instead. This support has been deprecated and will be removed in a future release. [pid: 8|app: 0|req: 1250/2573] 199.19.213.11 () {34 vars in 1049 bytes} [Wed Jul 8 16:45:29 2026] GET /v2.0/security-groups?fields=id&fields=name&tenant_id=1032358020434a64a789ebe1b1db47f5 => generated 179 bytes in 36 msecs (HTTP/1.1 200) 4 headers in 157 bytes (1 switches on core 0)
2026-07-08 16:45:29.651 8 WARNING neutron.plugins.ml2.drivers.ovn.mech_driver.ovsdb.ovn_client [None req-a5b19788-e03a-45dc-be25-bf3f66312afc - - - - - -] No hosting information found for port 1e1e389f-0872-4706-aa85-8870911454dc: RuntimeError: No hosting information found for port 1e1e389f-0872-4706-aa85-8870911454dc
2026-07-08 16:45:29.732 8 INFO neutron.db.ovn_revision_numbers_db [None req-a5b19788-e03a-45dc-be25-bf3f66312afc - - - - - -] Successfully bumped revision number for resource 1e1e389f-0872-4706-aa85-8870911454dc (type: router_ports) to 2
2026-07-08 16:45:29.732 8 INFO neutron.plugins.ml2.drivers.ovn.mech_driver.mech_driver [None req-a5b19788-e03a-45dc-be25-bf3f66312afc - - - - - -] OVN reports status down for port: c40f9244-e852-4480-9019-749fc2e8ea1a
2026-07-08 16:45:29.814 8 WARNING neutron.plugins.ml2.drivers.ovn.mech_driver.ovsdb.ovn_client [None req-a5b19788-e03a-45dc-be25-bf3f66312afc - - - - - -] Logical_Switch_Port c40f9244-e852-4480-9019-749fc2e8ea1a host information not removed, the port state is up
2026-07-08 16:45:29.815 8 INFO neutron.plugins.ml2.drivers.ovn.mech_driver.mech_driver [None req-a5b19788-e03a-45dc-be25-bf3f66312afc - - - - - -] OVN reports status up for port: c40f9244-e852-4480-9019-749fc2e8ea1a
2026-07-08 16:45:29.831 8 INFO neutron.plugins.ml2.plugin [None req-a5b19788-e03a-45dc-be25-bf3f66312afc - - - - - -] Attempt 1 to provision port c40f9244-e852-4480-9019-749fc2e8ea1a
2026-07-08 16:45:29.946 7 WARNING neutron.scheduler.dhcp_agent_scheduler [req-5b50b361-a170-4bf7-852f-b0c5f7adb8ea req-20173ba9-4cd8-4d39-b31a-58b86d6f4d78 232503d625fd40fda5773dba34cd9e17 1032358020434a64a789ebe1b1db47f5 - - default default] No more DHCP agents
2026-07-08 16:45:29.947 7 WARNING neutron.api.rpc.agentnotifiers.dhcp_rpc_agent_api [req-5b50b361-a170-4bf7-852f-b0c5f7adb8ea req-20173ba9-4cd8-4d39-b31a-58b86d6f4d78 232503d625fd40fda5773dba34cd9e17 1032358020434a64a789ebe1b1db47f5 - - default default] Unable to schedule network 779ea99a-eac9-444c-b122-3bc3e90a226a: no agents available; will retry on subsequent port and subnet creation events.
2026-07-08 16:45:30.111 7 INFO neutron.db.ovn_revision_numbers_db [req-5b50b361-a170-4bf7-852f-b0c5f7adb8ea req-20173ba9-4cd8-4d39-b31a-58b86d6f4d78 232503d625fd40fda5773dba34cd9e17 1032358020434a64a789ebe1b1db47f5 - - default default] Successfully bumped revision number for resource c51e7db0-eebf-4045-8386-6288bd74ea4b (type: ports) to 1 [pid: 7|app: 0|req: 1324/2574] 199.19.213.11 () {38 vars in 954 bytes} [Wed Jul 8 16:45:29 2026] POST /v2.0/ports => generated 1183 bytes in 586 msecs (HTTP/1.1 201) 4 headers in 163 bytes (1 switches on core 0) /var/lib/openstack/lib/python3.12/site-packages/pycadf/identifier.py:70: UserWarning: Invalid uuid: neutron. To ensure interoperability, identifiers should be a valid uuid. warnings.warn(('Invalid uuid: %s. To ensure interoperability, ' [pid: 7|app: 0|req: 1325/2575] 10.0.0.76 () {34 vars in 1069 bytes} [Wed Jul 8 16:45:30 2026] GET /v2.0/ports?fields=security_groups&fields=device_id&device_id=20276ed0-9195-406d-8d18-8b1789f429f5 => generated 123 bytes in 39 msecs (HTTP/1.1 200) 4 headers in 157 bytes (1 switches on core 0) [pid: 7|app: 0|req: 1326/2576] 10.0.0.76 () {34 vars in 1039 bytes} [Wed Jul 8 16:45:30 2026] GET /v2.0/security-groups?id=05102e1d-e1a9-4e7c-9e8e-6fa81997d079&fields=id&fields=name => generated 112 bytes in 48 msecs (HTTP/1.1 200) 4 headers in 157 bytes (1 switches on core 0)
2026-07-08 16:45:30.457 8 INFO neutron.db.ovn_revision_numbers_db [None req-a5b19788-e03a-45dc-be25-bf3f66312afc - - - - - -] Successfully bumped revision number for resource c40f9244-e852-4480-9019-749fc2e8ea1a (type: ports) to 2
2026-07-08 16:45:30.877 8 INFO neutron.db.ovn_revision_numbers_db [req-5b50b361-a170-4bf7-852f-b0c5f7adb8ea req-b31359e5-9dbe-4cfe-94b9-810e8a246023 be7d36c2f3c14de08cfcc791af7cc550 587a66c8d4bc4d649302fd69db30c66e - - c2988d6cc56d4f89b2b24e34e53bd76f c2988d6cc56d4f89b2b24e34e53bd76f] Successfully bumped revision number for resource c51e7db0-eebf-4045-8386-6288bd74ea4b (type: ports) to 2
2026-07-08 16:45:31.151 8 INFO neutron.db.ovn_revision_numbers_db [req-5b50b361-a170-4bf7-852f-b0c5f7adb8ea req-b31359e5-9dbe-4cfe-94b9-810e8a246023 be7d36c2f3c14de08cfcc791af7cc550 587a66c8d4bc4d649302fd69db30c66e - - c2988d6cc56d4f89b2b24e34e53bd76f c2988d6cc56d4f89b2b24e34e53bd76f] Successfully bumped revision number for resource c51e7db0-eebf-4045-8386-6288bd74ea4b (type: ports) to 4 [pid: 8|app: 0|req: 1251/2577] 199.19.213.11 () {38 vars in 1027 bytes} [Wed Jul 8 16:45:30 2026] PUT /v2.0/ports/c51e7db0-eebf-4045-8386-6288bd74ea4b => generated 1455 bytes in 995 msecs (HTTP/1.1 200) 4 headers in 158 bytes (1 switches on core 0)
2026-07-08 16:45:31.253 8 INFO neutron.notifiers.nova [-] Nova event matching ['req-4a84051e-399e-4316-b818-05880a538f58'] response: {'name': 'network-changed', 'server_uuid': '20276ed0-9195-406d-8d18-8b1789f429f5', 'tag': 'c51e7db0-eebf-4045-8386-6288bd74ea4b', 'status': 'completed', 'code': 200} [pid: 7|app: 0|req: 1327/2578] 199.19.213.11 () {34 vars in 1079 bytes} [Wed Jul 8 16:45:31 2026] GET /v2.0/ports?tenant_id=1032358020434a64a789ebe1b1db47f5&device_id=20276ed0-9195-406d-8d18-8b1789f429f5 => generated 1458 bytes in 85 msecs (HTTP/1.1 200) 4 headers in 158 bytes (1 switches on core 0) /var/lib/openstack/lib/python3.12/site-packages/pycadf/identifier.py:70: UserWarning: Invalid uuid: neutron. To ensure interoperability, identifiers should be a valid uuid. warnings.warn(('Invalid uuid: %s. To ensure interoperability, ' [pid: 8|app: 0|req: 1252/2579] 199.19.213.11 () {34 vars in 1017 bytes} [Wed Jul 8 16:45:31 2026] GET /v2.0/networks?tenant_id=1032358020434a64a789ebe1b1db47f5&shared=False => generated 2497 bytes in 75 msecs (HTTP/1.1 200) 4 headers in 158 bytes (1 switches on core 0) [pid: 7|app: 0|req: 1328/2580] 199.19.213.11 () {34 vars in 929 bytes} [Wed Jul 8 16:45:31 2026] GET /v2.0/networks?shared=True => generated 791 bytes in 67 msecs (HTTP/1.1 200) 4 headers in 157 bytes (1 switches on core 0) [pid: 8|app: 0|req: 1253/2581] 199.19.213.11 () {34 vars in 1079 bytes} [Wed Jul 8 16:45:33 2026] GET /v2.0/ports?tenant_id=1032358020434a64a789ebe1b1db47f5&device_id=20276ed0-9195-406d-8d18-8b1789f429f5 => generated 1458 bytes in 46 msecs (HTTP/1.1 200) 4 headers in 158 bytes (1 switches on core 0) [pid: 7|app: 0|req: 1329/2582] 199.19.213.11 () {34 vars in 1057 bytes} [Wed Jul 8 16:45:33 2026] GET /v2.0/floatingips?fixed_ip_address=10.2.1.207&port_id=c51e7db0-eebf-4045-8386-6288bd74ea4b => generated 19 bytes in 45 msecs (HTTP/1.1 200) 4 headers in 156 bytes (1 switches on core 0) [pid: 8|app: 0|req: 1254/2583] 199.19.213.11 () {34 vars in 1103 bytes} [Wed Jul 8 16:45:33 2026] GET /v2.0/floatingips?fixed_ip_address=fd7b%3Af9f7%3Afff%3A4eca%3A%3A1db&port_id=c51e7db0-eebf-4045-8386-6288bd74ea4b => generated 19 bytes in 25 msecs (HTTP/1.1 200) 4 headers in 156 bytes (1 switches on core 0) [pid: 7|app: 0|req: 1330/2584] 199.19.213.11 () {34 vars in 1063 bytes} [Wed Jul 8 16:45:33 2026] GET /v2.0/subnets?id=cb9f6a41-f31f-45c5-a86c-71d2bd45172e&id=96742913-5405-49dc-9ada-81fd4f9011fd => generated 1408 bytes in 44 msecs (HTTP/1.1 200) 4 headers in 158 bytes (1 switches on core 0) [pid: 8|app: 0|req: 1255/2585] 199.19.213.11 () {34 vars in 1051 bytes} [Wed Jul 8 16:45:33 2026] GET /v2.0/ports?network_id=779ea99a-eac9-444c-b122-3bc3e90a226a&device_owner=network%3Adhcp => generated 12 bytes in 29 msecs (HTTP/1.1 200) 4 headers in 156 bytes (1 switches on core 0) [pid: 7|app: 0|req: 1331/2586] 199.19.213.11 () {34 vars in 1051 bytes} [Wed Jul 8 16:45:33 2026] GET /v2.0/ports?network_id=779ea99a-eac9-444c-b122-3bc3e90a226a&device_owner=network%3Adhcp => generated 12 bytes in 50 msecs (HTTP/1.1 200) 4 headers in 156 bytes (1 switches on core 0) [pid: 8|app: 0|req: 1256/2587] 199.19.213.11 () {34 vars in 1011 bytes} [Wed Jul 8 16:45:33 2026] GET /v2.0/networks/779ea99a-eac9-444c-b122-3bc3e90a226a?fields=segments => generated 14 bytes in 42 msecs (HTTP/1.1 200) 4 headers in 156 bytes (1 switches on core 0) [pid: 7|app: 0|req: 1332/2588] 199.19.213.11 () {34 vars in 1111 bytes} [Wed Jul 8 16:45:33 2026] GET /v2.0/networks/779ea99a-eac9-444c-b122-3bc3e90a226a?fields=provider%3Aphysical_network&fields=provider%3Anetwork_type => generated 79 bytes in 57 msecs (HTTP/1.1 200) 4 headers in 156 bytes (1 switches on core 0)
2026-07-08 16:45:35.408 8 WARNING neutron.plugins.ml2.drivers.ovn.mech_driver.ovsdb.ovn_client [None req-e4246f65-27cc-487b-86ed-d2dc278b04a0 - - - - - -] No hosting information found for port c40f9244-e852-4480-9019-749fc2e8ea1a: RuntimeError: No hosting information found for port c40f9244-e852-4480-9019-749fc2e8ea1a
2026-07-08 16:45:35.448 8 INFO neutron.common.ovn.utils [None req-e4246f65-27cc-487b-86ed-d2dc278b04a0 - - - - - -] HA Chassis Group neutron-33d6ca28-a11e-40dd-a1b9-2d71575d1bae synchronized; highest priority chassis 3d734e04-1ba3-45fa-b9cb-134564c896df
