2026-07-08 16:42:50.630 8 INFO neutron.db.ovn_revision_numbers_db [None req-ba8e91a8-d3ca-41ae-adea-e8b460faf421 23b6a08c634549f494a514f2289b8850 0a9d66af126542139e3793b9a32bf72d - - default default] Successfully bumped revision number for resource 3b7798db-f14d-4477-95fa-f2217fa0e4ea (type: router_ports) to 1 [pid: 8|app: 0|req: 914/1875] 10.0.0.153 () {34 vars in 783 bytes} [Wed Jul 8 16:42:48 2026] PUT /v2.0/routers/796ab103-5dd8-46e0-b68f-96db1d847f09/add_router_interface => generated 310 bytes in 2111 msecs (HTTP/1.1 200) 4 headers in 157 bytes (1 switches on core 0)
2026-07-08 16:42:50.642 7 WARNING neutron.db.securitygroups_db [None req-6bdb0eb6-447b-4249-b134-e88ac08f81a9 913f32b369504acb9c48ee7abe395b51 fdbaadfb9f3e454a9f1fa58686c8f49c - - default default] project_id key not found in filters, using tenant_id instead. This support has been deprecated and will be removed in a future release. [pid: 7|app: 0|req: 962/1878] 10.0.0.153 () {32 vars in 774 bytes} [Wed Jul 8 16:42:50 2026] GET /v2.0/security-groups?tenant_id=55d51cbc9a58462cbc0b9c3975ee6822&name=default => generated 2925 bytes in 66 msecs (HTTP/1.1 200) 4 headers in 158 bytes (1 switches on core 0) [pid: 8|app: 0|req: 917/1879] 10.0.0.231 () {28 vars in 583 bytes} [Wed Jul 8 16:42:50 2026] GET /v2.0/subnets => generated 2607 bytes in 111 msecs (HTTP/1.1 200) 4 headers in 158 bytes (1 switches on core 0)
2026-07-08 16:42:50.887 8 INFO neutron.db.ovn_revision_numbers_db [None req-cb39b027-7688-4bb7-9432-02d396dcc3ab - - - - - -] Successfully bumped revision number for resource 3b7798db-f14d-4477-95fa-f2217fa0e4ea (type: ports) to 2 [pid: 7|app: 0|req: 963/1880] 10.0.0.153 () {32 vars in 740 bytes} [Wed Jul 8 16:42:50 2026] DELETE /v2.0/security-groups/e68707e1-371b-4d1e-9d91-ab9790f71e0f => generated 0 bytes in 221 msecs (HTTP/1.1 204) 2 headers in 112 bytes (1 switches on core 0) [pid: 8|app: 0|req: 918/1881] 10.0.0.153 () {32 vars in 717 bytes} [Wed Jul 8 16:42:50 2026] GET /v2.0/ports/3b7798db-f14d-4477-95fa-f2217fa0e4ea => generated 943 bytes in 147 msecs (HTTP/1.1 200) 4 headers in 157 bytes (1 switches on core 0) [pid: 8|app: 0|req: 919/1882] 10.0.0.76 () {34 vars in 989 bytes} [Wed Jul 8 16:42:50 2026] GET /v2.0/ports?device_id=697825f6-8399-46ed-ba75-a30bb049f2fe => generated 12 bytes in 54 msecs (HTTP/1.1 200) 4 headers in 156 bytes (1 switches on core 0) [pid: 8|app: 0|req: 920/1883] 10.0.0.231 () {28 vars in 579 bytes} [Wed Jul 8 16:42:50 2026] GET /v2.0/ports => generated 10572 bytes in 77 msecs (HTTP/1.1 200) 4 headers in 159 bytes (1 switches on core 0) [pid: 7|app: 0|req: 964/1884] 10.0.0.153 () {32 vars in 740 bytes} [Wed Jul 8 16:42:50 2026] DELETE /v2.0/security-groups/42b134b1-60af-40f2-83f9-75490de72872 => generated 0 bytes in 227 msecs (HTTP/1.1 204) 2 headers in 112 bytes (1 switches on core 0) [pid: 8|app: 0|req: 921/1885] 10.0.0.153 () {32 vars in 717 bytes} [Wed Jul 8 16:42:51 2026] GET /v2.0/ports/3b7798db-f14d-4477-95fa-f2217fa0e4ea => generated 943 bytes in 95 msecs (HTTP/1.1 200) 4 headers in 157 bytes (1 switches on core 0) [pid: 7|app: 0|req: 965/1886] 10.0.0.231 () {28 vars in 591 bytes} [Wed Jul 8 16:42:51 2026] GET /v2.0/floatingips => generated 19 bytes in 20 msecs (HTTP/1.1 200) 4 headers in 156 bytes (1 switches on core 0) [pid: 7|app: 0|req: 966/1887] 10.0.0.231 () {28 vars in 599 bytes} [Wed Jul 8 16:42:51 2026] GET /v2.0/security-groups => generated 28551 bytes in 48 msecs (HTTP/1.1 200) 4 headers in 159 bytes (1 switches on core 0) [pid: 7|app: 0|req: 967/1888] 10.0.0.153 () {32 vars in 740 bytes} [Wed Jul 8 16:42:51 2026] DELETE /v2.0/security-groups/5720faa6-99c9-41be-bba1-6af6a0cecbe1 => generated 0 bytes in 256 msecs (HTTP/1.1 204) 2 headers in 112 bytes (1 switches on core 0) [pid: 7|app: 0|req: 968/1889] 10.0.0.231 () {28 vars in 583 bytes} [Wed Jul 8 16:42:51 2026] GET /v2.0/subnets => generated 2607 bytes in 38 msecs (HTTP/1.1 200) 4 headers in 158 bytes (1 switches on core 0)
2026-07-08 16:42:51.510 7 WARNING neutron.db.securitygroups_db [None req-5970ead9-5b95-4504-b11a-340930c66bcc 913f32b369504acb9c48ee7abe395b51 fdbaadfb9f3e454a9f1fa58686c8f49c - - default default] project_id key not found in filters, using tenant_id instead. This support has been deprecated and will be removed in a future release.
2026-07-08 16:42:51.540 8 INFO neutron_taas.services.taas.taas_plugin [None req-112a473b-8b26-40c2-bac7-016a28f433b6 23b6a08c634549f494a514f2289b8850 0a9d66af126542139e3793b9a32bf72d - - default default] TaaS: Handle Delete Port: 3b7798db-f14d-4477-95fa-f2217fa0e4ea
2026-07-08 16:42:51.546 8 INFO neutron_taas.services.taas.tap_mirror_plugin [None req-112a473b-8b26-40c2-bac7-016a28f433b6 23b6a08c634549f494a514f2289b8850 0a9d66af126542139e3793b9a32bf72d - - default default] Tap Mirror: Handle Delete Port: 3b7798db-f14d-4477-95fa-f2217fa0e4ea
2026-07-08 16:42:51.649 7 INFO neutron.db.ovn_revision_numbers_db [None req-5970ead9-5b95-4504-b11a-340930c66bcc 913f32b369504acb9c48ee7abe395b51 fdbaadfb9f3e454a9f1fa58686c8f49c - - default default] Successfully bumped revision number for resource 3be4b46a-163a-423e-89df-8edd37f1a7d1 (type: security_groups) to 1
2026-07-08 16:42:51.669 7 INFO neutron.db.ovn_revision_numbers_db [None req-5970ead9-5b95-4504-b11a-340930c66bcc 913f32b369504acb9c48ee7abe395b51 fdbaadfb9f3e454a9f1fa58686c8f49c - - default default] Successfully bumped revision number for resource 0b3f3687-1044-42bd-968b-22ce1dce1bd3 (type: security_group_rules) to 0
2026-07-08 16:42:51.687 7 INFO neutron.db.ovn_revision_numbers_db [None req-5970ead9-5b95-4504-b11a-340930c66bcc 913f32b369504acb9c48ee7abe395b51 fdbaadfb9f3e454a9f1fa58686c8f49c - - default default] Successfully bumped revision number for resource 7fd98ef4-b989-4234-bed1-74d65104da2f (type: security_group_rules) to 0
2026-07-08 16:42:51.704 7 INFO neutron.db.ovn_revision_numbers_db [None req-5970ead9-5b95-4504-b11a-340930c66bcc 913f32b369504acb9c48ee7abe395b51 fdbaadfb9f3e454a9f1fa58686c8f49c - - default default] Successfully bumped revision number for resource bedec37e-e373-44c8-bbcd-aa0b0c36b185 (type: security_group_rules) to 0
2026-07-08 16:42:51.719 7 INFO neutron.db.ovn_revision_numbers_db [None req-5970ead9-5b95-4504-b11a-340930c66bcc 913f32b369504acb9c48ee7abe395b51 fdbaadfb9f3e454a9f1fa58686c8f49c - - default default] Successfully bumped revision number for resource ec88f351-66f5-4b03-8d04-3f73c63b7c13 (type: security_group_rules) to 0 [pid: 7|app: 0|req: 969/1890] 10.0.0.153 () {32 vars in 774 bytes} [Wed Jul 8 16:42:51 2026] GET /v2.0/security-groups?tenant_id=21a6464dd9314c83a4cee7a8b6f7b8fe&name=default => generated 2925 bytes in 260 msecs (HTTP/1.1 200) 4 headers in 158 bytes (1 switches on core 0) [pid: 8|app: 0|req: 922/1891] 10.0.0.153 () {34 vars in 789 bytes} [Wed Jul 8 16:42:51 2026] PUT /v2.0/routers/796ab103-5dd8-46e0-b68f-96db1d847f09/remove_router_interface => generated 310 bytes in 831 msecs (HTTP/1.1 200) 4 headers in 157 bytes (1 switches on core 0) /var/lib/openstack/lib/python3.12/site-packages/pycadf/identifier.py:70: UserWarning: Invalid uuid: neutron. To ensure interoperability, identifiers should be a valid uuid. warnings.warn(('Invalid uuid: %s. To ensure interoperability, ' [pid: 8|app: 0|req: 923/1892] 10.0.0.231 () {28 vars in 591 bytes} [Wed Jul 8 16:42:51 2026] GET /v2.0/subnetpools => generated 19 bytes in 13 msecs (HTTP/1.1 200) 4 headers in 156 bytes (1 switches on core 0)
2026-07-08 16:42:52.126 7 INFO neutron_taas.services.taas.taas_plugin [None req-968fe4fa-260f-464a-b171-ddda3fd9486b 142e8f2a450f4ae9afa50a77a16ea67f dacce13eb2884cb19ce26cffb539e29d - - default default] TaaS: Handle Delete Port: a63269bb-6a01-4abb-b28d-652c1c50da80
2026-07-08 16:42:52.138 7 INFO neutron_taas.services.taas.tap_mirror_plugin [None req-968fe4fa-260f-464a-b171-ddda3fd9486b 142e8f2a450f4ae9afa50a77a16ea67f dacce13eb2884cb19ce26cffb539e29d - - default default] Tap Mirror: Handle Delete Port: a63269bb-6a01-4abb-b28d-652c1c50da80 [pid: 8|app: 0|req: 924/1893] 10.0.0.153 () {32 vars in 740 bytes} [Wed Jul 8 16:42:51 2026] DELETE /v2.0/security-groups/3be4b46a-163a-423e-89df-8edd37f1a7d1 => generated 0 bytes in 212 msecs (HTTP/1.1 204) 2 headers in 112 bytes (1 switches on core 0) [pid: 8|app: 0|req: 925/1894] 10.0.0.153 () {32 vars in 736 bytes} [Wed Jul 8 16:42:52 2026] GET /v2.0/ports?device_id=796ab103-5dd8-46e0-b68f-96db1d847f09 => generated 12 bytes in 21 msecs (HTTP/1.1 200) 4 headers in 156 bytes (1 switches on core 0) [pid: 8|app: 0|req: 926/1895] 10.0.0.231 () {28 vars in 581 bytes} [Wed Jul 8 16:42:52 2026] GET /v2.0/agents => generated 1214 bytes in 15 msecs (HTTP/1.1 200) 4 headers in 158 bytes (1 switches on core 0) [pid: 8|app: 0|req: 927/1896] 10.0.0.153 () {32 vars in 724 bytes} [Wed Jul 8 16:42:52 2026] DELETE /v2.0/routers/796ab103-5dd8-46e0-b68f-96db1d847f09 => generated 0 bytes in 205 msecs (HTTP/1.1 204) 2 headers in 112 bytes (1 switches on core 0) [pid: 8|app: 0|req: 928/1897] 10.0.0.231 () {28 vars in 585 bytes} [Wed Jul 8 16:42:52 2026] GET /v2.0/networks => generated 3851 bytes in 56 msecs (HTTP/1.1 200) 4 headers in 158 bytes (1 switches on core 0) [pid: 7|app: 0|req: 970/1898] 10.0.0.153 () {34 vars in 789 bytes} [Wed Jul 8 16:42:51 2026] PUT /v2.0/routers/e42bfda0-f428-4b63-ac91-969330ac5e98/remove_router_interface => generated 310 bytes in 852 msecs (HTTP/1.1 200) 4 headers in 157 bytes (1 switches on core 0) /var/lib/openstack/lib/python3.12/site-packages/pycadf/identifier.py:70: UserWarning: Invalid uuid: neutron. To ensure interoperability, identifiers should be a valid uuid. warnings.warn(('Invalid uuid: %s. To ensure interoperability, ' [pid: 7|app: 0|req: 971/1899] 10.0.0.231 () {28 vars in 583 bytes} [Wed Jul 8 16:42:52 2026] GET /v2.0/routers => generated 997 bytes in 77 msecs (HTTP/1.1 200) 4 headers in 157 bytes (1 switches on core 0) [pid: 8|app: 0|req: 929/1900] 10.0.0.153 () {32 vars in 724 bytes} [Wed Jul 8 16:42:52 2026] DELETE /v2.0/subnets/1219ea8a-519f-4d4f-be30-b6a1c0213697 => generated 0 bytes in 209 msecs (HTTP/1.1 204) 3 headers in 131 bytes (1 switches on core 0) [pid: 8|app: 0|req: 930/1901] 10.0.0.231 () {28 vars in 624 bytes} [Wed Jul 8 16:42:52 2026] GET /v2.0/agents?binary=ovn-controller => generated 416 bytes in 9 msecs (HTTP/1.1 200) 4 headers in 157 bytes (1 switches on core 0) [pid: 7|app: 0|req: 972/1902] 10.0.0.153 () {32 vars in 724 bytes} [Wed Jul 8 16:42:52 2026] DELETE /v2.0/subnets/57652e83-f650-44f0-a452-ea3cec1231e0 => generated 0 bytes in 204 msecs (HTTP/1.1 204) 3 headers in 131 bytes (1 switches on core 0) [pid: 7|app: 0|req: 973/1903] 10.0.0.231 () {28 vars in 619 bytes} [Wed Jul 8 16:42:52 2026] GET /v2.0/network-ip-availabilities => generated 2699 bytes in 23 msecs (HTTP/1.1 200) 4 headers in 158 bytes (1 switches on core 0)
2026-07-08 16:42:53.282 7 INFO neutron_taas.services.taas.taas_plugin [None req-39e811fe-468c-4c62-babf-9fe6757d52b7 142e8f2a450f4ae9afa50a77a16ea67f dacce13eb2884cb19ce26cffb539e29d - - default default] TaaS: Handle Delete Port: 18a9c00b-0c92-4d02-8e80-7248fa9f2a77
2026-07-08 16:42:53.286 7 INFO neutron_taas.services.taas.tap_mirror_plugin [None req-39e811fe-468c-4c62-babf-9fe6757d52b7 142e8f2a450f4ae9afa50a77a16ea67f dacce13eb2884cb19ce26cffb539e29d - - default default] Tap Mirror: Handle Delete Port: 18a9c00b-0c92-4d02-8e80-7248fa9f2a77
2026-07-08 16:42:53.377 8 INFO neutron_taas.services.taas.taas_plugin [None req-ec183789-b8b8-4dc5-9f2e-ce48f8987eb3 23b6a08c634549f494a514f2289b8850 0a9d66af126542139e3793b9a32bf72d - - default default] TaaS: Handle Delete Port: 80a14694-e8be-437b-a5c6-2c28f5549621
2026-07-08 16:42:53.379 8 INFO neutron_taas.services.taas.tap_mirror_plugin [None req-ec183789-b8b8-4dc5-9f2e-ce48f8987eb3 23b6a08c634549f494a514f2289b8850 0a9d66af126542139e3793b9a32bf72d - - default default] Tap Mirror: Handle Delete Port: 80a14694-e8be-437b-a5c6-2c28f5549621
2026-07-08 16:42:53.605 8 INFO neutron.services.segments.plugin [-] Segment a973941a-9ae3-484b-8f5a-65f2ddb20edb resource provider aggregate not found
2026-07-08 16:42:53.608 8 INFO neutron.services.segments.plugin [-] Segment a973941a-9ae3-484b-8f5a-65f2ddb20edb resource provider aggregate not found
2026-07-08 16:42:53.627 8 INFO neutron.services.segments.plugin [-] Client error retrieving segment a973941a-9ae3-484b-8f5a-65f2ddb20edb resource provider; error: Placement Client Error (4xx): {"errors": [{"status": 404, "title": "Not Found", "detail": "The resource could not be found.\n\n No resource provider with uuid a973941a-9ae3-484b-8f5a-65f2ddb20edb found for delete ", "request_id": "req-a184814f-dcb2-4605-b1a7-363d21fdb1e4"}]}
2026-07-08 16:42:53.632 8 INFO neutron.services.segments.plugin [-] Client error retrieving segment a973941a-9ae3-484b-8f5a-65f2ddb20edb resource provider; error: Placement Client Error (4xx): {"errors": [{"status": 404, "title": "Not Found", "detail": "The resource could not be found.\n\n No resource provider with uuid a973941a-9ae3-484b-8f5a-65f2ddb20edb found for delete ", "request_id": "req-fcf5aec2-8e31-4776-889d-e35cedf8d497"}]} [pid: 8|app: 0|req: 931/1904] 10.0.0.153 () {32 vars in 726 bytes} [Wed Jul 8 16:42:52 2026] DELETE /v2.0/networks/3fde62ab-6408-41d5-84f5-e0827dfb5b8a => generated 0 bytes in 931 msecs (HTTP/1.1 204) 3 headers in 131 bytes (1 switches on core 0) [pid: 7|app: 0|req: 974/1905] 10.0.0.153 () {32 vars in 724 bytes} [Wed Jul 8 16:42:52 2026] DELETE /v2.0/routers/e42bfda0-f428-4b63-ac91-969330ac5e98 => generated 0 bytes in 789 msecs (HTTP/1.1 204) 2 headers in 112 bytes (1 switches on core 0)
2026-07-08 16:42:53.876 7 INFO neutron_taas.services.taas.taas_plugin [None req-b38efb27-b423-429d-8f45-bcf4c120bd49 142e8f2a450f4ae9afa50a77a16ea67f dacce13eb2884cb19ce26cffb539e29d - - default default] TaaS: Handle Delete Port: 5dc204b2-1193-4609-82ff-83148498de09
2026-07-08 16:42:53.882 7 INFO neutron_taas.services.taas.tap_mirror_plugin [None req-b38efb27-b423-429d-8f45-bcf4c120bd49 142e8f2a450f4ae9afa50a77a16ea67f dacce13eb2884cb19ce26cffb539e29d - - default default] Tap Mirror: Handle Delete Port: 5dc204b2-1193-4609-82ff-83148498de09
2026-07-08 16:42:54.093 7 INFO neutron.services.segments.plugin [-] Segment 972f9a8f-e2e2-4de7-ae68-ca8444bba9e0 resource provider aggregate not found
2026-07-08 16:42:54.100 7 INFO neutron.services.segments.plugin [-] Segment 972f9a8f-e2e2-4de7-ae68-ca8444bba9e0 resource provider aggregate not found
2026-07-08 16:42:54.115 7 INFO neutron.services.segments.plugin [-] Client error retrieving segment 972f9a8f-e2e2-4de7-ae68-ca8444bba9e0 resource provider; error: Placement Client Error (4xx): {"errors": [{"status": 404, "title": "Not Found", "detail": "The resource could not be found.\n\n No resource provider with uuid 972f9a8f-e2e2-4de7-ae68-ca8444bba9e0 found for delete ", "request_id": "req-95a773dd-60f8-41f9-b772-26abef9bf406"}]}
2026-07-08 16:42:54.122 7 INFO neutron.services.segments.plugin [-] Client error retrieving segment 972f9a8f-e2e2-4de7-ae68-ca8444bba9e0 resource provider; error: Placement Client Error (4xx): {"errors": [{"status": 404, "title": "Not Found", "detail": "The resource could not be found.\n\n No resource provider with uuid 972f9a8f-e2e2-4de7-ae68-ca8444bba9e0 found for delete ", "request_id": "req-88fe56f0-ea2d-43ad-97b3-35b8c74c6fce"}]} [pid: 7|app: 0|req: 975/1906] 10.0.0.153 () {32 vars in 726 bytes} [Wed Jul 8 16:42:53 2026] DELETE /v2.0/networks/d07a257d-f900-44ff-974a-87d71b543692 => generated 0 bytes in 428 msecs (HTTP/1.1 204) 3 headers in 131 bytes (1 switches on core 0)
2026-07-08 16:42:54.202 8 WARNING neutron.scheduler.dhcp_agent_scheduler [None req-dd3e0608-2965-44e9-8871-b6291c8e7acc 23b6a08c634549f494a514f2289b8850 0a9d66af126542139e3793b9a32bf72d - - default default] No more DHCP agents
2026-07-08 16:42:54.204 8 WARNING neutron.api.rpc.agentnotifiers.dhcp_rpc_agent_api [None req-dd3e0608-2965-44e9-8871-b6291c8e7acc 23b6a08c634549f494a514f2289b8850 0a9d66af126542139e3793b9a32bf72d - - default default] Unable to schedule network e60b5156-e399-4522-bd82-65a5a7a5b14e: no agents available; will retry on subsequent port and subnet creation events.
2026-07-08 16:42:54.331 7 INFO neutron.plugins.ml2.drivers.ovn.mech_driver.mech_driver [None req-8ee3905e-d834-4e1d-b347-028ea84c034a - - - - - -] OVN reports status down for port: 02ac3a1d-545b-418e-beb7-287a2fcadb6f
2026-07-08 16:42:54.391 8 INFO neutron.db.ovn_revision_numbers_db [None req-dd3e0608-2965-44e9-8871-b6291c8e7acc 23b6a08c634549f494a514f2289b8850 0a9d66af126542139e3793b9a32bf72d - - default default] Successfully bumped revision number for resource 02ac3a1d-545b-418e-beb7-287a2fcadb6f (type: ports) to 1
2026-07-08 16:42:55.043 7 INFO neutron.plugins.ml2.drivers.ovn.mech_driver.mech_driver [None req-8ee3905e-d834-4e1d-b347-028ea84c034a - - - - - -] OVN reports status up for port: 02ac3a1d-545b-418e-beb7-287a2fcadb6f
2026-07-08 16:42:55.053 7 INFO neutron.plugins.ml2.plugin [None req-8ee3905e-d834-4e1d-b347-028ea84c034a - - - - - -] Attempt 1 to provision port 02ac3a1d-545b-418e-beb7-287a2fcadb6f
2026-07-08 16:42:55.082 8 INFO neutron.db.ovn_revision_numbers_db [None req-dd3e0608-2965-44e9-8871-b6291c8e7acc 23b6a08c634549f494a514f2289b8850 0a9d66af126542139e3793b9a32bf72d - - default default] Successfully bumped revision number for resource 02ac3a1d-545b-418e-beb7-287a2fcadb6f (type: router_ports) to 1
2026-07-08 16:42:55.185 7 WARNING neutron.db.securitygroups_db [None req-cf2f9651-6286-4ae9-9f78-936ab10259f8 913f32b369504acb9c48ee7abe395b51 fdbaadfb9f3e454a9f1fa58686c8f49c - - default default] project_id key not found in filters, using tenant_id instead. This support has been deprecated and will be removed in a future release.
2026-07-08 16:42:55.204 8 INFO neutron.db.ovn_revision_numbers_db [None req-dd3e0608-2965-44e9-8871-b6291c8e7acc 23b6a08c634549f494a514f2289b8850 0a9d66af126542139e3793b9a32bf72d - - default default] Successfully bumped revision number for resource d7cd644e-c87e-44d4-b83e-f87a10421376 (type: routers) to 2 [pid: 7|app: 0|req: 976/1907] 10.0.0.153 () {32 vars in 774 bytes} [Wed Jul 8 16:42:54 2026] GET /v2.0/security-groups?tenant_id=dacce13eb2884cb19ce26cffb539e29d&name=default => generated 2925 bytes in 313 msecs (HTTP/1.1 200) 4 headers in 158 bytes (1 switches on core 0) [pid: 8|app: 0|req: 932/1908] 10.0.0.153 () {34 vars in 669 bytes} [Wed Jul 8 16:42:53 2026] POST /v2.0/routers => generated 968 bytes in 1564 msecs (HTTP/1.1 201) 4 headers in 162 bytes (1 switches on core 0) [pid: 8|app: 0|req: 933/1909] 10.0.0.153 () {32 vars in 721 bytes} [Wed Jul 8 16:42:55 2026] GET /v2.0/routers/d7cd644e-c87e-44d4-b83e-f87a10421376 => generated 974 bytes in 52 msecs (HTTP/1.1 200) 4 headers in 157 bytes (1 switches on core 0) [pid: 7|app: 0|req: 977/1910] 10.0.0.153 () {32 vars in 740 bytes} [Wed Jul 8 16:42:55 2026] DELETE /v2.0/security-groups/071d7539-5b8f-4db5-a36c-616613cd9db6 => generated 0 bytes in 183 msecs (HTTP/1.1 204) 2 headers in 112 bytes (1 switches on core 0)
2026-07-08 16:42:55.447 8 INFO neutron.db.ovn_revision_numbers_db [None req-a028624f-0085-4d52-b0d2-4c6289139405 7a4bb7e9c6694546a7d29e5bff156db9 d97e33a1d55c4084bf0b699ebfb28e69 - - default default] Successfully bumped revision number for resource b290e1e6-ea2f-48cc-8930-6ada1045a334 (type: security_groups) to 1
2026-07-08 16:42:55.460 8 INFO neutron.db.ovn_revision_numbers_db [None req-a028624f-0085-4d52-b0d2-4c6289139405 7a4bb7e9c6694546a7d29e5bff156db9 d97e33a1d55c4084bf0b699ebfb28e69 - - default default] Successfully bumped revision number for resource 27f0d589-cdc7-4169-b068-a02186c5bbab (type: security_group_rules) to 0
2026-07-08 16:42:55.472 8 INFO neutron.db.ovn_revision_numbers_db [None req-a028624f-0085-4d52-b0d2-4c6289139405 7a4bb7e9c6694546a7d29e5bff156db9 d97e33a1d55c4084bf0b699ebfb28e69 - - default default] Successfully bumped revision number for resource 70042516-c345-4fdb-8b4a-01f5c0d2592d (type: security_group_rules) to 0
2026-07-08 16:42:55.485 8 INFO neutron.db.ovn_revision_numbers_db [None req-a028624f-0085-4d52-b0d2-4c6289139405 7a4bb7e9c6694546a7d29e5bff156db9 d97e33a1d55c4084bf0b699ebfb28e69 - - default default] Successfully bumped revision number for resource 844f1668-4ad2-4f04-b7df-762398d9a8aa (type: security_group_rules) to 0
2026-07-08 16:42:55.498 8 INFO neutron.db.ovn_revision_numbers_db [None req-a028624f-0085-4d52-b0d2-4c6289139405 7a4bb7e9c6694546a7d29e5bff156db9 d97e33a1d55c4084bf0b699ebfb28e69 - - default default] Successfully bumped revision number for resource c6fff016-701d-4267-a876-b7f27bdf11f6 (type: security_group_rules) to 0 [pid: 7|app: 0|req: 978/1911] 10.0.0.153 () {32 vars in 647 bytes} [Wed Jul 8 16:42:55 2026] GET /v2.0/routers => generated 977 bytes in 131 msecs (HTTP/1.1 200) 4 headers in 157 bytes (1 switches on core 0)
2026-07-08 16:42:55.544 7 WARNING neutron.db.securitygroups_db [None req-2abea2d2-df98-4baa-9ee2-0f66561cf235 913f32b369504acb9c48ee7abe395b51 fdbaadfb9f3e454a9f1fa58686c8f49c - - default default] project_id key not found in filters, using tenant_id instead. This support has been deprecated and will be removed in a future release.
2026-07-08 16:42:55.565 8 INFO neutron.db.segments_db [None req-a028624f-0085-4d52-b0d2-4c6289139405 7a4bb7e9c6694546a7d29e5bff156db9 d97e33a1d55c4084bf0b699ebfb28e69 - - default default] Added segment dc28a489-89ea-43f3-9602-a4fb91ccb20b of type geneve for network 54eb199d-5fba-4ea1-b661-3df0884998d5
2026-07-08 16:42:55.682 7 INFO neutron.db.ovn_revision_numbers_db [None req-2abea2d2-df98-4baa-9ee2-0f66561cf235 913f32b369504acb9c48ee7abe395b51 fdbaadfb9f3e454a9f1fa58686c8f49c - - default default] Successfully bumped revision number for resource 22c497e1-ab46-4e97-b535-37981ccb82c0 (type: security_groups) to 1
2026-07-08 16:42:55.695 8 INFO neutron.db.ovn_revision_numbers_db [None req-a028624f-0085-4d52-b0d2-4c6289139405 7a4bb7e9c6694546a7d29e5bff156db9 d97e33a1d55c4084bf0b699ebfb28e69 - - default default] Successfully bumped revision number for resource 54eb199d-5fba-4ea1-b661-3df0884998d5 (type: networks) to 1
2026-07-08 16:42:55.696 7 INFO neutron.db.ovn_revision_numbers_db [None req-2abea2d2-df98-4baa-9ee2-0f66561cf235 913f32b369504acb9c48ee7abe395b51 fdbaadfb9f3e454a9f1fa58686c8f49c - - default default] Successfully bumped revision number for resource 6edd951d-0369-4049-ab85-034aed0bdff9 (type: security_group_rules) to 0
2026-07-08 16:42:55.710 7 INFO neutron.db.ovn_revision_numbers_db [None req-2abea2d2-df98-4baa-9ee2-0f66561cf235 913f32b369504acb9c48ee7abe395b51 fdbaadfb9f3e454a9f1fa58686c8f49c - - default default] Successfully bumped revision number for resource 7f420a3d-bce3-44f0-8d4d-8c3054f3a9fe (type: security_group_rules) to 0
2026-07-08 16:42:55.725 7 INFO neutron.db.ovn_revision_numbers_db [None req-2abea2d2-df98-4baa-9ee2-0f66561cf235 913f32b369504acb9c48ee7abe395b51 fdbaadfb9f3e454a9f1fa58686c8f49c - - default default] Successfully bumped revision number for resource a127535e-0c18-42f1-a9c6-a4c45989bf13 (type: security_group_rules) to 0
2026-07-08 16:42:55.738 7 INFO neutron.db.ovn_revision_numbers_db [None req-2abea2d2-df98-4baa-9ee2-0f66561cf235 913f32b369504acb9c48ee7abe395b51 fdbaadfb9f3e454a9f1fa58686c8f49c - - default default] Successfully bumped revision number for resource dbb8a132-e1c4-4985-8452-16eceeed116a (type: security_group_rules) to 0 [pid: 7|app: 0|req: 979/1912] 10.0.0.153 () {32 vars in 774 bytes} [Wed Jul 8 16:42:55 2026] GET /v2.0/security-groups?tenant_id=45f66fe7c9ee46ab820c60ae3390c01d&name=default => generated 2925 bytes in 242 msecs (HTTP/1.1 200) 4 headers in 158 bytes (1 switches on core 0)
2026-07-08 16:42:55.912 8 WARNING neutron.scheduler.dhcp_agent_scheduler [None req-a028624f-0085-4d52-b0d2-4c6289139405 7a4bb7e9c6694546a7d29e5bff156db9 d97e33a1d55c4084bf0b699ebfb28e69 - - default default] No more DHCP agents
2026-07-08 16:42:55.913 8 WARNING neutron.api.rpc.agentnotifiers.dhcp_rpc_agent_api [None req-a028624f-0085-4d52-b0d2-4c6289139405 7a4bb7e9c6694546a7d29e5bff156db9 d97e33a1d55c4084bf0b699ebfb28e69 - - default default] Unable to schedule network 54eb199d-5fba-4ea1-b661-3df0884998d5: no agents available; will retry on subsequent port and subnet creation events.
2026-07-08 16:42:55.997 8 INFO neutron.db.ovn_revision_numbers_db [None req-a028624f-0085-4d52-b0d2-4c6289139405 7a4bb7e9c6694546a7d29e5bff156db9 d97e33a1d55c4084bf0b699ebfb28e69 - - default default] Successfully bumped revision number for resource 845c807f-f4fc-4bce-8337-c78734df5a95 (type: ports) to 1 [pid: 8|app: 0|req: 934/1913] 10.0.0.153 () {34 vars in 670 bytes} [Wed Jul 8 16:42:55 2026] POST /v2.0/networks => generated 766 bytes in 741 msecs (HTTP/1.1 201) 4 headers in 162 bytes (1 switches on core 0)
2026-07-08 16:42:56.140 7 INFO neutron.db.ovn_revision_numbers_db [None req-95cc7ae0-f84f-4378-8bc1-01701bf0c617 23b6a08c634549f494a514f2289b8850 0a9d66af126542139e3793b9a32bf72d - - default default] Successfully bumped revision number for resource d7cd644e-c87e-44d4-b83e-f87a10421376 (type: routers) to 3 [pid: 7|app: 0|req: 980/1914] 10.0.0.153 () {34 vars in 741 bytes} [Wed Jul 8 16:42:55 2026] PUT /v2.0/routers/d7cd644e-c87e-44d4-b83e-f87a10421376 => generated 981 bytes in 365 msecs (HTTP/1.1 200) 4 headers in 157 bytes (1 switches on core 0)
2026-07-08 16:42:56.259 8 WARNING neutron.plugins.ml2.drivers.ovn.mech_driver.ovsdb.ovn_client [None req-8208bc52-9fc6-4d6d-8b52-ba6c83b777d3 - - - - - -] No port found with ID 3b7798db-f14d-4477-95fa-f2217fa0e4ea: RuntimeError: No port found with ID 3b7798db-f14d-4477-95fa-f2217fa0e4ea
2026-07-08 16:42:56.266 8 INFO neutron.db.ovn_revision_numbers_db [None req-e279d9eb-5a63-40fa-a8aa-a30d9b77550c cf9f5dbce51d4369a7883907bbf4dbea e7ccda155d82406aab8dee89dc22ad53 - - default default] Successfully bumped revision number for resource 39dda42f-6f1c-406d-80ca-3d3e5f0062a1 (type: security_groups) to 1
2026-07-08 16:42:56.291 8 INFO neutron.db.ovn_revision_numbers_db [None req-e279d9eb-5a63-40fa-a8aa-a30d9b77550c cf9f5dbce51d4369a7883907bbf4dbea e7ccda155d82406aab8dee89dc22ad53 - - default default] Successfully bumped revision number for resource 25ccfb04-07cb-4f1a-859a-e5059076575f (type: security_group_rules) to 0
2026-07-08 16:42:56.292 8 INFO neutron.plugins.ml2.drivers.ovn.mech_driver.mech_driver [None req-8208bc52-9fc6-4d6d-8b52-ba6c83b777d3 - - - - - -] OVN reports status down for port: 845c807f-f4fc-4bce-8337-c78734df5a95
2026-07-08 16:42:56.319 8 INFO neutron.db.ovn_revision_numbers_db [None req-e279d9eb-5a63-40fa-a8aa-a30d9b77550c cf9f5dbce51d4369a7883907bbf4dbea e7ccda155d82406aab8dee89dc22ad53 - - default default] Successfully bumped revision number for resource d89fd2cc-a37e-4566-8cea-594b9c0ff844 (type: security_group_rules) to 0 [pid: 7|app: 0|req: 981/1915] 10.0.0.153 () {32 vars in 740 bytes} [Wed Jul 8 16:42:56 2026] DELETE /v2.0/security-groups/22c497e1-ab46-4e97-b535-37981ccb82c0 => generated 0 bytes in 176 msecs (HTTP/1.1 204) 2 headers in 112 bytes (1 switches on core 0)
2026-07-08 16:42:56.341 8 INFO neutron.db.ovn_revision_numbers_db [None req-e279d9eb-5a63-40fa-a8aa-a30d9b77550c cf9f5dbce51d4369a7883907bbf4dbea e7ccda155d82406aab8dee89dc22ad53 - - default default] Successfully bumped revision number for resource e429fcef-8947-4eaf-8c65-6585bf75cfe6 (type: security_group_rules) to 0
2026-07-08 16:42:56.358 8 INFO neutron.db.ovn_revision_numbers_db [None req-e279d9eb-5a63-40fa-a8aa-a30d9b77550c cf9f5dbce51d4369a7883907bbf4dbea e7ccda155d82406aab8dee89dc22ad53 - - default default] Successfully bumped revision number for resource eb0451bb-729d-459c-bf36-b87f51632ee0 (type: security_group_rules) to 0
2026-07-08 16:42:56.463 7 WARNING neutron.scheduler.dhcp_agent_scheduler [None req-f5be898e-85eb-45f9-93bc-302c5cc54a2d 7a4bb7e9c6694546a7d29e5bff156db9 d97e33a1d55c4084bf0b699ebfb28e69 - - default default] No more DHCP agents
2026-07-08 16:42:56.465 7 WARNING neutron.api.rpc.agentnotifiers.dhcp_rpc_agent_api [None req-f5be898e-85eb-45f9-93bc-302c5cc54a2d 7a4bb7e9c6694546a7d29e5bff156db9 d97e33a1d55c4084bf0b699ebfb28e69 - - default default] Unable to schedule network 54eb199d-5fba-4ea1-b661-3df0884998d5: no agents available; will retry on subsequent port and subnet creation events.
2026-07-08 16:42:56.502 8 INFO neutron.db.ovn_revision_numbers_db [None req-e279d9eb-5a63-40fa-a8aa-a30d9b77550c cf9f5dbce51d4369a7883907bbf4dbea e7ccda155d82406aab8dee89dc22ad53 - - default default] Successfully bumped revision number for resource 2349c4be-bcb1-4f45-b386-ce60a1c1b324 (type: security_groups) to 1
2026-07-08 16:42:56.514 8 INFO neutron.db.ovn_revision_numbers_db [None req-e279d9eb-5a63-40fa-a8aa-a30d9b77550c cf9f5dbce51d4369a7883907bbf4dbea e7ccda155d82406aab8dee89dc22ad53 - - default default] Successfully bumped revision number for resource 531a1461-1ee2-4465-a842-5b6266354637 (type: security_group_rules) to 0
2026-07-08 16:42:56.525 8 INFO neutron.db.ovn_revision_numbers_db [None req-e279d9eb-5a63-40fa-a8aa-a30d9b77550c cf9f5dbce51d4369a7883907bbf4dbea e7ccda155d82406aab8dee89dc22ad53 - - default default] Successfully bumped revision number for resource a37d77f9-98e9-41af-a215-ebde8a46fcbd (type: security_group_rules) to 0 [pid: 8|app: 0|req: 935/1916] 10.0.0.153 () {34 vars in 684 bytes} [Wed Jul 8 16:42:56 2026] POST /v2.0/security-groups => generated 1601 bytes in 540 msecs (HTTP/1.1 201) 4 headers in 163 bytes (1 switches on core 0) [pid: 8|app: 0|req: 936/1917] 10.0.0.153 () {32 vars in 721 bytes} [Wed Jul 8 16:42:56 2026] GET /v2.0/routers/d7cd644e-c87e-44d4-b83e-f87a10421376 => generated 981 bytes in 79 msecs (HTTP/1.1 200) 4 headers in 157 bytes (1 switches on core 0)
2026-07-08 16:42:56.670 8 WARNING tagging [None req-444c6ea1-f7b1-4044-a52d-ad811892162f cf9f5dbce51d4369a7883907bbf4dbea e7ccda155d82406aab8dee89dc22ad53 - - default default] project_id key not found in request, using tenant_id instead. This support has been deprecated and will be removed in a future release. [pid: 8|app: 0|req: 937/1918] 10.0.0.153 () {34 vars in 767 bytes} [Wed Jul 8 16:42:56 2026] PUT /v2.0/security-groups/2349c4be-bcb1-4f45-b386-ce60a1c1b324/tags => generated 25 bytes in 65 msecs (HTTP/1.1 200) 4 headers in 156 bytes (1 switches on core 0) [pid: 8|app: 0|req: 938/1919] 10.0.0.153 () {32 vars in 736 bytes} [Wed Jul 8 16:42:56 2026] GET /v2.0/ports?device_id=d7cd644e-c87e-44d4-b83e-f87a10421376 => generated 12 bytes in 17 msecs (HTTP/1.1 200) 4 headers in 156 bytes (1 switches on core 0)
2026-07-08 16:42:56.740 8 WARNING tagging [None req-fd366b8c-1cdb-4e8c-9bbe-01f2deef1844 cf9f5dbce51d4369a7883907bbf4dbea e7ccda155d82406aab8dee89dc22ad53 - - default default] project_id key not found in request, using tenant_id instead. This support has been deprecated and will be removed in a future release. [pid: 8|app: 0|req: 939/1920] 10.0.0.153 () {32 vars in 747 bytes} [Wed Jul 8 16:42:56 2026] GET /v2.0/security-groups/2349c4be-bcb1-4f45-b386-ce60a1c1b324/tags => generated 25 bytes in 26 msecs (HTTP/1.1 200) 4 headers in 156 bytes (1 switches on core 0)
2026-07-08 16:42:56.947 7 INFO neutron.db.ovn_revision_numbers_db [None req-f5be898e-85eb-45f9-93bc-302c5cc54a2d 7a4bb7e9c6694546a7d29e5bff156db9 d97e33a1d55c4084bf0b699ebfb28e69 - - default default] Successfully bumped revision number for resource 845c807f-f4fc-4bce-8337-c78734df5a95 (type: ports) to 2
2026-07-08 16:42:56.981 7 INFO neutron.db.ovn_revision_numbers_db [None req-f5be898e-85eb-45f9-93bc-302c5cc54a2d 7a4bb7e9c6694546a7d29e5bff156db9 d97e33a1d55c4084bf0b699ebfb28e69 - - default default] Successfully bumped revision number for resource 8847e3a2-ae0c-46ae-b528-fc040c265b8d (type: subnets) to 0 [pid: 7|app: 0|req: 982/1921] 10.0.0.153 () {34 vars in 669 bytes} [Wed Jul 8 16:42:56 2026] POST /v2.0/subnets => generated 644 bytes in 672 msecs (HTTP/1.1 201) 4 headers in 162 bytes (1 switches on core 0)
2026-07-08 16:42:57.026 7 WARNING tagging [None req-32b73c16-e5f3-4bb3-9180-d4481e3a4dd2 cf9f5dbce51d4369a7883907bbf4dbea e7ccda155d82406aab8dee89dc22ad53 - - default default] project_id key not found in request, using tenant_id instead. This support has been deprecated and will be removed in a future release. [pid: 7|app: 0|req: 983/1922] 10.0.0.153 () {34 vars in 778 bytes} [Wed Jul 8 16:42:56 2026] PUT /v2.0/security-groups/2349c4be-bcb1-4f45-b386-ce60a1c1b324/tags/green => generated 4 bytes in 73 msecs (HTTP/1.1 201) 4 headers in 160 bytes (1 switches on core 0)
2026-07-08 16:42:57.075 7 WARNING neutron.api.v2.base [None req-56a380a3-6fb5-445c-b23b-860465cdb8f8 7a4bb7e9c6694546a7d29e5bff156db9 d97e33a1d55c4084bf0b699ebfb28e69 - - default default] An exception happened while processing the request body. The exception message is [Invalid input for target_tenant. Reason: 'None' is not a valid string.].: webob.exc.HTTPBadRequest: Invalid input for target_tenant. Reason: 'None' is not a valid string.
2026-07-08 16:42:57.076 7 INFO neutron.api.v2.resource [None req-56a380a3-6fb5-445c-b23b-860465cdb8f8 7a4bb7e9c6694546a7d29e5bff156db9 d97e33a1d55c4084bf0b699ebfb28e69 - - default default] create failed (client error): Invalid input for target_tenant. Reason: 'None' is not a valid string. [pid: 7|app: 0|req: 984/1923] 10.0.0.153 () {34 vars in 681 bytes} [Wed Jul 8 16:42:57 2026] POST /v2.0/rbac-policies => generated 143 bytes in 7 msecs (HTTP/1.1 400) 4 headers in 166 bytes (1 switches on core 0)
2026-07-08 16:42:57.097 7 WARNING tagging [None req-c6a2f659-0c82-40d3-9e94-ac743bc1c95d cf9f5dbce51d4369a7883907bbf4dbea e7ccda155d82406aab8dee89dc22ad53 - - default default] project_id key not found in request, using tenant_id instead. This support has been deprecated and will be removed in a future release.
2026-07-08 16:42:57.101 8 INFO neutron_taas.services.taas.taas_plugin [None req-492fd00e-1006-4f27-a9cf-76eeb52bdb92 23b6a08c634549f494a514f2289b8850 0a9d66af126542139e3793b9a32bf72d - - default default] TaaS: Handle Delete Port: 02ac3a1d-545b-418e-beb7-287a2fcadb6f
2026-07-08 16:42:57.104 8 INFO neutron_taas.services.taas.tap_mirror_plugin [None req-492fd00e-1006-4f27-a9cf-76eeb52bdb92 23b6a08c634549f494a514f2289b8850 0a9d66af126542139e3793b9a32bf72d - - default default] Tap Mirror: Handle Delete Port: 02ac3a1d-545b-418e-beb7-287a2fcadb6f [pid: 7|app: 0|req: 985/1924] 10.0.0.153 () {32 vars in 747 bytes} [Wed Jul 8 16:42:57 2026] GET /v2.0/security-groups/2349c4be-bcb1-4f45-b386-ce60a1c1b324/tags => generated 34 bytes in 31 msecs (HTTP/1.1 200) 4 headers in 156 bytes (1 switches on core 0)
2026-07-08 16:42:57.247 7 INFO neutron_taas.services.taas.taas_plugin [None req-195f1b3d-68af-49e3-aa61-d8fc77d12383 7a4bb7e9c6694546a7d29e5bff156db9 d97e33a1d55c4084bf0b699ebfb28e69 - - default default] TaaS: Handle Delete Port: 845c807f-f4fc-4bce-8337-c78734df5a95
2026-07-08 16:42:57.250 7 INFO neutron_taas.services.taas.tap_mirror_plugin [None req-195f1b3d-68af-49e3-aa61-d8fc77d12383 7a4bb7e9c6694546a7d29e5bff156db9 d97e33a1d55c4084bf0b699ebfb28e69 - - default default] Tap Mirror: Handle Delete Port: 845c807f-f4fc-4bce-8337-c78734df5a95 [pid: 8|app: 0|req: 940/1925] 10.0.0.153 () {32 vars in 724 bytes} [Wed Jul 8 16:42:56 2026] DELETE /v2.0/routers/d7cd644e-c87e-44d4-b83e-f87a10421376 => generated 0 bytes in 736 msecs (HTTP/1.1 204) 2 headers in 112 bytes (1 switches on core 0)
2026-07-08 16:42:57.511 8 WARNING tagging [None req-b722bbb9-43f6-46c5-b4cc-55bb79d9d3fc cf9f5dbce51d4369a7883907bbf4dbea e7ccda155d82406aab8dee89dc22ad53 - - default default] project_id key not found in request, using tenant_id instead. This support has been deprecated and will be removed in a future release. [pid: 8|app: 0|req: 941/1926] 10.0.0.153 () {34 vars in 774 bytes} [Wed Jul 8 16:42:57 2026] PUT /v2.0/security-groups/2349c4be-bcb1-4f45-b386-ce60a1c1b324/tags/red => generated 4 bytes in 55 msecs (HTTP/1.1 201) 4 headers in 160 bytes (1 switches on core 0)
2026-07-08 16:42:57.553 7 INFO neutron.services.segments.plugin [-] Segment dc28a489-89ea-43f3-9602-a4fb91ccb20b resource provider aggregate not found
2026-07-08 16:42:57.559 7 INFO neutron.services.segments.plugin [-] Segment dc28a489-89ea-43f3-9602-a4fb91ccb20b resource provider aggregate not found [pid: 8|app: 0|req: 942/1927] 10.0.0.153 () {32 vars in 736 bytes} [Wed Jul 8 16:42:57 2026] GET /v2.0/ports?device_id=d7cd644e-c87e-44d4-b83e-f87a10421376 => generated 12 bytes in 23 msecs (HTTP/1.1 200) 4 headers in 156 bytes (1 switches on core 0)
2026-07-08 16:42:57.570 7 INFO neutron.services.segments.plugin [-] Client error retrieving segment dc28a489-89ea-43f3-9602-a4fb91ccb20b resource provider; error: Placement Client Error (4xx): {"errors": [{"status": 404, "title": "Not Found", "detail": "The resource could not be found.\n\n No resource provider with uuid dc28a489-89ea-43f3-9602-a4fb91ccb20b found for delete ", "request_id": "req-f3d61f95-6566-491b-aa2c-ff14f267d898"}]}
2026-07-08 16:42:57.587 7 INFO neutron.services.segments.plugin [-] Client error retrieving segment dc28a489-89ea-43f3-9602-a4fb91ccb20b resource provider; error: Placement Client Error (4xx): {"errors": [{"status": 404, "title": "Not Found", "detail": "The resource could not be found.\n\n No resource provider with uuid dc28a489-89ea-43f3-9602-a4fb91ccb20b found for delete ", "request_id": "req-5167db6a-e918-4b72-a706-13bf3a509624"}]}
2026-07-08 16:42:57.592 8 WARNING tagging [None req-0f353c9a-6757-40d1-8f2d-da6042ebc08c cf9f5dbce51d4369a7883907bbf4dbea e7ccda155d82406aab8dee89dc22ad53 - - default default] project_id key not found in request, using tenant_id instead. This support has been deprecated and will be removed in a future release. [pid: 8|app: 0|req: 943/1928] 10.0.0.153 () {32 vars in 747 bytes} [Wed Jul 8 16:42:57 2026] GET /v2.0/security-groups/2349c4be-bcb1-4f45-b386-ce60a1c1b324/tags => generated 34 bytes in 43 msecs (HTTP/1.1 200) 4 headers in 156 bytes (1 switches on core 0) [pid: 7|app: 0|req: 986/1929] 10.0.0.153 () {32 vars in 726 bytes} [Wed Jul 8 16:42:57 2026] DELETE /v2.0/networks/54eb199d-5fba-4ea1-b661-3df0884998d5 => generated 0 bytes in 507 msecs (HTTP/1.1 204) 3 headers in 131 bytes (1 switches on core 0)
2026-07-08 16:42:57.625 8 INFO neutron.api.v2.resource [None req-4c41de9a-8326-45a3-95a9-b71bd1fcf7f8 23b6a08c634549f494a514f2289b8850 0a9d66af126542139e3793b9a32bf72d - - default default] delete failed (client error): The resource could not be found. [pid: 8|app: 0|req: 944/1930] 10.0.0.153 () {32 vars in 724 bytes} [Wed Jul 8 16:42:57 2026] DELETE /v2.0/routers/d7cd644e-c87e-44d4-b83e-f87a10421376 => generated 135 bytes in 18 msecs (HTTP/1.1 404) 4 headers in 164 bytes (1 switches on core 0)
2026-07-08 16:42:57.643 7 WARNING tagging [None req-c45ff8e9-0629-4633-a0ee-a8eb59d14973 cf9f5dbce51d4369a7883907bbf4dbea e7ccda155d82406aab8dee89dc22ad53 - - default default] project_id key not found in request, using tenant_id instead. This support has been deprecated and will be removed in a future release. [pid: 7|app: 0|req: 987/1931] 10.0.0.153 () {34 vars in 796 bytes} [Wed Jul 8 16:42:57 2026] PUT /v2.0/security-groups/2349c4be-bcb1-4f45-b386-ce60a1c1b324/tags/black.or.white => generated 4 bytes in 61 msecs (HTTP/1.1 201) 4 headers in 160 bytes (1 switches on core 0) [pid: 7|app: 0|req: 988/1932] 10.0.0.153 () {32 vars in 736 bytes} [Wed Jul 8 16:42:57 2026] GET /v2.0/ports?device_id=796ab103-5dd8-46e0-b68f-96db1d847f09 => generated 12 bytes in 18 msecs (HTTP/1.1 200) 4 headers in 156 bytes (1 switches on core 0)
2026-07-08 16:42:57.714 8 INFO neutron.db.segments_db [None req-a7095e8f-eb95-4520-b157-757ca8ecc1ed 7a4bb7e9c6694546a7d29e5bff156db9 d97e33a1d55c4084bf0b699ebfb28e69 - - default default] Added segment f7679f86-2c70-49fb-a2ce-8ae35831d9b5 of type geneve for network b39dc535-eca8-4500-98ab-01ecfd1f2010
2026-07-08 16:42:57.719 7 WARNING tagging [None req-a77f1937-de5e-4538-ae0e-d1d7732a6432 cf9f5dbce51d4369a7883907bbf4dbea e7ccda155d82406aab8dee89dc22ad53 - - default default] project_id key not found in request, using tenant_id instead. This support has been deprecated and will be removed in a future release. [pid: 7|app: 0|req: 989/1933] 10.0.0.153 () {32 vars in 747 bytes} [Wed Jul 8 16:42:57 2026] GET /v2.0/security-groups/2349c4be-bcb1-4f45-b386-ce60a1c1b324/tags => generated 52 bytes in 34 msecs (HTTP/1.1 200) 4 headers in 156 bytes (1 switches on core 0)
2026-07-08 16:42:57.747 7 INFO neutron.api.v2.resource [None req-b73caa72-f564-4fae-9e9b-1f65108c7d79 23b6a08c634549f494a514f2289b8850 0a9d66af126542139e3793b9a32bf72d - - default default] delete failed (client error): The resource could not be found. [pid: 7|app: 0|req: 990/1934] 10.0.0.153 () {32 vars in 724 bytes} [Wed Jul 8 16:42:57 2026] DELETE /v2.0/routers/796ab103-5dd8-46e0-b68f-96db1d847f09 => generated 135 bytes in 18 msecs (HTTP/1.1 404) 4 headers in 164 bytes (1 switches on core 0)
2026-07-08 16:42:57.783 7 WARNING tagging [None req-19b7af15-5d72-48d6-8c36-63f206f584a7 cf9f5dbce51d4369a7883907bbf4dbea e7ccda155d82406aab8dee89dc22ad53 - - default default] project_id key not found in request, using tenant_id instead. This support has been deprecated and will be removed in a future release. [pid: 7|app: 0|req: 991/1935] 10.0.0.153 () {34 vars in 767 bytes} [Wed Jul 8 16:42:57 2026] PUT /v2.0/security-groups/2349c4be-bcb1-4f45-b386-ce60a1c1b324/tags => generated 37 bytes in 69 msecs (HTTP/1.1 200) 4 headers in 156 bytes (1 switches on core 0)
2026-07-08 16:42:57.840 7 INFO neutron.pecan_wsgi.hooks.translation [None req-cc58926f-3993-4b8a-bbb8-364e1b778c31 23b6a08c634549f494a514f2289b8850 0a9d66af126542139e3793b9a32bf72d - - default default] DELETE failed (client error): The resource could not be found. [pid: 7|app: 0|req: 992/1936] 10.0.0.153 () {32 vars in 724 bytes} [Wed Jul 8 16:42:57 2026] DELETE /v2.0/subnets/1219ea8a-519f-4d4f-be30-b6a1c0213697 => generated 136 bytes in 25 msecs (HTTP/1.1 404) 4 headers in 164 bytes (1 switches on core 0)
2026-07-08 16:42:57.858 8 INFO neutron.db.ovn_revision_numbers_db [None req-a7095e8f-eb95-4520-b157-757ca8ecc1ed 7a4bb7e9c6694546a7d29e5bff156db9 d97e33a1d55c4084bf0b699ebfb28e69 - - default default] Successfully bumped revision number for resource b39dc535-eca8-4500-98ab-01ecfd1f2010 (type: networks) to 1
2026-07-08 16:42:57.873 7 WARNING tagging [None req-742e95bf-8ada-4c9b-b141-edf3d6332e82 cf9f5dbce51d4369a7883907bbf4dbea e7ccda155d82406aab8dee89dc22ad53 - - default default] project_id key not found in request, using tenant_id instead. This support has been deprecated and will be removed in a future release. [pid: 7|app: 0|req: 993/1937] 10.0.0.153 () {32 vars in 747 bytes} [Wed Jul 8 16:42:57 2026] GET /v2.0/security-groups/2349c4be-bcb1-4f45-b386-ce60a1c1b324/tags => generated 37 bytes in 42 msecs (HTTP/1.1 200) 4 headers in 156 bytes (1 switches on core 0) [pid: 7|app: 0|req: 994/1938] 10.0.0.153 () {32 vars in 736 bytes} [Wed Jul 8 16:42:57 2026] GET /v2.0/ports?device_id=4fee9bfe-6e0a-490d-a57b-594ace658ae0 => generated 12 bytes in 15 msecs (HTTP/1.1 200) 4 headers in 156 bytes (1 switches on core 0)
2026-07-08 16:42:57.926 7 WARNING tagging [None req-b47303a7-8fd1-4208-b354-7126411b8597 cf9f5dbce51d4369a7883907bbf4dbea e7ccda155d82406aab8dee89dc22ad53 - - default default] project_id key not found in request, using tenant_id instead. This support has been deprecated and will be removed in a future release. [pid: 7|app: 0|req: 995/1939] 10.0.0.153 () {32 vars in 755 bytes} [Wed Jul 8 16:42:57 2026] GET /v2.0/security-groups/2349c4be-bcb1-4f45-b386-ce60a1c1b324/tags/red => generated 0 bytes in 36 msecs (HTTP/1.1 204) 2 headers in 112 bytes (1 switches on core 0)
2026-07-08 16:42:57.959 7 INFO neutron.api.v2.resource [None req-a91d7819-e264-4253-babc-1e2a6de05abc 23b6a08c634549f494a514f2289b8850 0a9d66af126542139e3793b9a32bf72d - - default default] delete failed (client error): The resource could not be found. [pid: 7|app: 0|req: 996/1940] 10.0.0.153 () {32 vars in 724 bytes} [Wed Jul 8 16:42:57 2026] DELETE /v2.0/routers/4fee9bfe-6e0a-490d-a57b-594ace658ae0 => generated 135 bytes in 22 msecs (HTTP/1.1 404) 4 headers in 164 bytes (1 switches on core 0)
2026-07-08 16:42:57.985 7 WARNING tagging [None req-8d9460d5-fce1-4d47-92cd-b6e27c673f7f cf9f5dbce51d4369a7883907bbf4dbea e7ccda155d82406aab8dee89dc22ad53 - - default default] project_id key not found in request, using tenant_id instead. This support has been deprecated and will be removed in a future release.
2026-07-08 16:42:57.995 7 INFO neutron.api.v2.resource [None req-8d9460d5-fce1-4d47-92cd-b6e27c673f7f cf9f5dbce51d4369a7883907bbf4dbea e7ccda155d82406aab8dee89dc22ad53 - - default default] show failed (client error): The resource could not be found. [pid: 7|app: 0|req: 997/1941] 10.0.0.153 () {32 vars in 759 bytes} [Wed Jul 8 16:42:57 2026] GET /v2.0/security-groups/2349c4be-bcb1-4f45-b386-ce60a1c1b324/tags/green => generated 99 bytes in 35 msecs (HTTP/1.1 404) 4 headers in 163 bytes (1 switches on core 0)
2026-07-08 16:42:58.008 7 INFO neutron.pecan_wsgi.hooks.translation [None req-f9866b96-aeca-45a3-b0c5-6607ff2ad62a 23b6a08c634549f494a514f2289b8850 0a9d66af126542139e3793b9a32bf72d - - default default] DELETE failed (client error): The resource could not be found. [pid: 7|app: 0|req: 998/1942] 10.0.0.153 () {32 vars in 724 bytes} [Wed Jul 8 16:42:57 2026] DELETE /v2.0/subnets/4798d093-94c1-4c4c-b1de-890194726154 => generated 136 bytes in 14 msecs (HTTP/1.1 404) 4 headers in 164 bytes (1 switches on core 0)
2026-07-08 16:42:58.041 7 WARNING tagging [None req-697ebf76-e544-409c-8b57-f1a97fdf0ff5 cf9f5dbce51d4369a7883907bbf4dbea e7ccda155d82406aab8dee89dc22ad53 - - default default] project_id key not found in request, using tenant_id instead. This support has been deprecated and will be removed in a future release.
2026-07-08 16:42:58.051 8 WARNING neutron.scheduler.dhcp_agent_scheduler [None req-a7095e8f-eb95-4520-b157-757ca8ecc1ed 7a4bb7e9c6694546a7d29e5bff156db9 d97e33a1d55c4084bf0b699ebfb28e69 - - default default] No more DHCP agents
2026-07-08 16:42:58.053 8 WARNING neutron.api.rpc.agentnotifiers.dhcp_rpc_agent_api [None req-a7095e8f-eb95-4520-b157-757ca8ecc1ed 7a4bb7e9c6694546a7d29e5bff156db9 d97e33a1d55c4084bf0b699ebfb28e69 - - default default] Unable to schedule network b39dc535-eca8-4500-98ab-01ecfd1f2010: no agents available; will retry on subsequent port and subnet creation events. [pid: 7|app: 0|req: 999/1943] 10.0.0.153 () {32 vars in 758 bytes} [Wed Jul 8 16:42:58 2026] DELETE /v2.0/security-groups/2349c4be-bcb1-4f45-b386-ce60a1c1b324/tags/red => generated 0 bytes in 56 msecs (HTTP/1.1 204) 2 headers in 112 bytes (1 switches on core 0) [pid: 7|app: 0|req: 1000/1944] 10.0.0.153 () {32 vars in 736 bytes} [Wed Jul 8 16:42:58 2026] GET /v2.0/ports?device_id=57fb697d-f1d8-4763-968b-60a899a0694d => generated 12 bytes in 17 msecs (HTTP/1.1 200) 4 headers in 156 bytes (1 switches on core 0)
2026-07-08 16:42:58.121 7 WARNING tagging [None req-98aafa03-f2e8-45fc-9366-bbb1e78be5a3 cf9f5dbce51d4369a7883907bbf4dbea e7ccda155d82406aab8dee89dc22ad53 - - default default] project_id key not found in request, using tenant_id instead. This support has been deprecated and will be removed in a future release. [pid: 7|app: 0|req: 1001/1945] 10.0.0.153 () {32 vars in 747 bytes} [Wed Jul 8 16:42:58 2026] GET /v2.0/security-groups/2349c4be-bcb1-4f45-b386-ce60a1c1b324/tags => generated 30 bytes in 46 msecs (HTTP/1.1 200) 4 headers in 156 bytes (1 switches on core 0)
2026-07-08 16:42:58.134 8 INFO neutron.db.ovn_revision_numbers_db [None req-a7095e8f-eb95-4520-b157-757ca8ecc1ed 7a4bb7e9c6694546a7d29e5bff156db9 d97e33a1d55c4084bf0b699ebfb28e69 - - default default] Successfully bumped revision number for resource 879fbf7b-248a-4d32-b0d2-5373a9df6786 (type: ports) to 1
2026-07-08 16:42:58.150 7 INFO neutron.api.v2.resource [None req-c5f1e9f2-4f94-43b8-9c51-ba1e6bb43a58 23b6a08c634549f494a514f2289b8850 0a9d66af126542139e3793b9a32bf72d - - default default] delete failed (client error): The resource could not be found. [pid: 7|app: 0|req: 1002/1946] 10.0.0.153 () {32 vars in 724 bytes} [Wed Jul 8 16:42:58 2026] DELETE /v2.0/routers/57fb697d-f1d8-4763-968b-60a899a0694d => generated 135 bytes in 18 msecs (HTTP/1.1 404) 4 headers in 164 bytes (1 switches on core 0) [pid: 8|app: 0|req: 945/1947] 10.0.0.153 () {34 vars in 670 bytes} [Wed Jul 8 16:42:57 2026] POST /v2.0/networks => generated 768 bytes in 529 msecs (HTTP/1.1 201) 4 headers in 162 bytes (1 switches on core 0)
2026-07-08 16:42:58.172 8 INFO neutron.pecan_wsgi.hooks.translation [None req-d659d64a-ffe3-42a3-aa8d-b4abd868f32c 23b6a08c634549f494a514f2289b8850 0a9d66af126542139e3793b9a32bf72d - - default default] DELETE failed (client error): The resource could not be found.
2026-07-08 16:42:58.174 7 WARNING tagging [None req-fd3ed7b0-4378-4039-84dd-ee4ba05736fc cf9f5dbce51d4369a7883907bbf4dbea e7ccda155d82406aab8dee89dc22ad53 - - default default] project_id key not found in request, using tenant_id instead. This support has been deprecated and will be removed in a future release. [pid: 8|app: 0|req: 946/1948] 10.0.0.153 () {32 vars in 724 bytes} [Wed Jul 8 16:42:58 2026] DELETE /v2.0/subnets/0da95445-7c97-4aa7-a40a-329e123588c0 => generated 136 bytes in 18 msecs (HTTP/1.1 404) 4 headers in 164 bytes (1 switches on core 0)
2026-07-08 16:42:58.189 7 INFO neutron.api.v2.resource [None req-fd3ed7b0-4378-4039-84dd-ee4ba05736fc cf9f5dbce51d4369a7883907bbf4dbea e7ccda155d82406aab8dee89dc22ad53 - - default default] delete failed (client error): The resource could not be found. [pid: 7|app: 0|req: 1003/1949] 10.0.0.153 () {32 vars in 762 bytes} [Wed Jul 8 16:42:58 2026] DELETE /v2.0/security-groups/2349c4be-bcb1-4f45-b386-ce60a1c1b324/tags/green => generated 99 bytes in 39 msecs (HTTP/1.1 404) 4 headers in 163 bytes (1 switches on core 0)
