2026-07-08 16:43:05.903 8 WARNING tagging [None req-a715d675-c08a-4f09-8a1b-fa065cb37890 5205bb31945343798126e1e2b6306fef 692e47a8137b45e1973c617acf93ea52 - - default default] project_id key not found in request, using tenant_id instead. This support has been deprecated and will be removed in a future release. [pid: 8|app: 0|req: 972/2007] 10.0.0.153 () {32 vars in 729 bytes} [Wed Jul 8 16:43:05 2026] GET /v2.0/trunks/e6866454-2413-4ebc-85e9-622de0257405/tags => generated 52 bytes in 31 msecs (HTTP/1.1 200) 4 headers in 156 bytes (1 switches on core 0)
2026-07-08 16:43:05.944 8 WARNING tagging [None req-950702c5-b432-4189-abbf-b9dfd09a10df 5205bb31945343798126e1e2b6306fef 692e47a8137b45e1973c617acf93ea52 - - default default] project_id key not found in request, using tenant_id instead. This support has been deprecated and will be removed in a future release. [pid: 8|app: 0|req: 973/2008] 10.0.0.153 () {34 vars in 749 bytes} [Wed Jul 8 16:43:05 2026] PUT /v2.0/trunks/e6866454-2413-4ebc-85e9-622de0257405/tags => generated 37 bytes in 54 msecs (HTTP/1.1 200) 4 headers in 156 bytes (1 switches on core 0)
2026-07-08 16:43:06.001 8 WARNING tagging [None req-f1c5bb17-858d-4b4a-bb8f-975e55a8b429 5205bb31945343798126e1e2b6306fef 692e47a8137b45e1973c617acf93ea52 - - default default] project_id key not found in request, using tenant_id instead. This support has been deprecated and will be removed in a future release. [pid: 8|app: 0|req: 974/2009] 10.0.0.153 () {32 vars in 729 bytes} [Wed Jul 8 16:43:05 2026] GET /v2.0/trunks/e6866454-2413-4ebc-85e9-622de0257405/tags => generated 37 bytes in 36 msecs (HTTP/1.1 200) 4 headers in 156 bytes (1 switches on core 0)
2026-07-08 16:43:06.038 8 WARNING tagging [None req-648efd9e-3b33-4246-bc01-2822de6807e0 5205bb31945343798126e1e2b6306fef 692e47a8137b45e1973c617acf93ea52 - - default default] project_id key not found in request, using tenant_id instead. This support has been deprecated and will be removed in a future release. [pid: 8|app: 0|req: 975/2010] 10.0.0.153 () {32 vars in 737 bytes} [Wed Jul 8 16:43:06 2026] GET /v2.0/trunks/e6866454-2413-4ebc-85e9-622de0257405/tags/red => generated 0 bytes in 23 msecs (HTTP/1.1 204) 2 headers in 112 bytes (1 switches on core 0)
2026-07-08 16:43:06.066 8 WARNING tagging [None req-9e21eb73-2813-4022-9770-bab6e31ccb54 5205bb31945343798126e1e2b6306fef 692e47a8137b45e1973c617acf93ea52 - - default default] project_id key not found in request, using tenant_id instead. This support has been deprecated and will be removed in a future release.
2026-07-08 16:43:06.079 8 INFO neutron.api.v2.resource [None req-9e21eb73-2813-4022-9770-bab6e31ccb54 5205bb31945343798126e1e2b6306fef 692e47a8137b45e1973c617acf93ea52 - - default default] show failed (client error): The resource could not be found. [pid: 8|app: 0|req: 976/2011] 10.0.0.153 () {32 vars in 741 bytes} [Wed Jul 8 16:43:06 2026] GET /v2.0/trunks/e6866454-2413-4ebc-85e9-622de0257405/tags/green => generated 99 bytes in 29 msecs (HTTP/1.1 404) 4 headers in 163 bytes (1 switches on core 0)
2026-07-08 16:43:06.095 7 INFO neutron.services.segments.plugin [-] Segment 4156b0fa-6bc3-479a-b71f-cdd8531d12fd resource provider aggregate not found
2026-07-08 16:43:06.104 8 WARNING tagging [None req-fa8ec7f0-cdf6-4475-a628-1164f95fa019 5205bb31945343798126e1e2b6306fef 692e47a8137b45e1973c617acf93ea52 - - default default] project_id key not found in request, using tenant_id instead. This support has been deprecated and will be removed in a future release.
2026-07-08 16:43:06.120 7 INFO neutron.services.segments.plugin [-] Client error retrieving segment 4156b0fa-6bc3-479a-b71f-cdd8531d12fd resource provider; error: Placement Client Error (4xx): {"errors": [{"status": 404, "title": "Not Found", "detail": "The resource could not be found.\n\n No resource provider with uuid 4156b0fa-6bc3-479a-b71f-cdd8531d12fd found for delete ", "request_id": "req-768aeedb-214f-4ed2-9064-d3d358f56af8"}]}
2026-07-08 16:43:06.123 7 INFO neutron.services.segments.plugin [-] Segment 4156b0fa-6bc3-479a-b71f-cdd8531d12fd resource provider aggregate not found [pid: 8|app: 0|req: 977/2012] 10.0.0.153 () {32 vars in 740 bytes} [Wed Jul 8 16:43:06 2026] DELETE /v2.0/trunks/e6866454-2413-4ebc-85e9-622de0257405/tags/red => generated 0 bytes in 57 msecs (HTTP/1.1 204) 2 headers in 112 bytes (1 switches on core 0)
2026-07-08 16:43:06.143 7 INFO neutron.services.segments.plugin [-] Client error retrieving segment 4156b0fa-6bc3-479a-b71f-cdd8531d12fd resource provider; error: Placement Client Error (4xx): {"errors": [{"status": 404, "title": "Not Found", "detail": "The resource could not be found.\n\n No resource provider with uuid 4156b0fa-6bc3-479a-b71f-cdd8531d12fd found for delete ", "request_id": "req-1a687eba-0e09-4d35-9349-99f0942c9e4b"}]} [pid: 7|app: 0|req: 1036/2013] 10.0.0.153 () {32 vars in 726 bytes} [Wed Jul 8 16:43:05 2026] DELETE /v2.0/networks/788fd318-0397-4824-a181-800cf1b7e54b => generated 0 bytes in 449 msecs (HTTP/1.1 204) 3 headers in 131 bytes (1 switches on core 0)
2026-07-08 16:43:06.166 8 WARNING tagging [None req-cc7d2608-b191-454b-be21-61fea407a79e 5205bb31945343798126e1e2b6306fef 692e47a8137b45e1973c617acf93ea52 - - default default] project_id key not found in request, using tenant_id instead. This support has been deprecated and will be removed in a future release. [pid: 8|app: 0|req: 978/2014] 10.0.0.153 () {32 vars in 729 bytes} [Wed Jul 8 16:43:06 2026] GET /v2.0/trunks/e6866454-2413-4ebc-85e9-622de0257405/tags => generated 30 bytes in 33 msecs (HTTP/1.1 200) 4 headers in 156 bytes (1 switches on core 0)
2026-07-08 16:43:06.204 8 WARNING tagging [None req-0fc6f24e-c4a4-4d90-a05b-5de0e22b84c0 5205bb31945343798126e1e2b6306fef 692e47a8137b45e1973c617acf93ea52 - - default default] project_id key not found in request, using tenant_id instead. This support has been deprecated and will be removed in a future release.
2026-07-08 16:43:06.222 8 INFO neutron.api.v2.resource [None req-0fc6f24e-c4a4-4d90-a05b-5de0e22b84c0 5205bb31945343798126e1e2b6306fef 692e47a8137b45e1973c617acf93ea52 - - default default] delete failed (client error): The resource could not be found. [pid: 8|app: 0|req: 979/2015] 10.0.0.153 () {32 vars in 744 bytes} [Wed Jul 8 16:43:06 2026] DELETE /v2.0/trunks/e6866454-2413-4ebc-85e9-622de0257405/tags/green => generated 99 bytes in 39 msecs (HTTP/1.1 404) 4 headers in 163 bytes (1 switches on core 0)
2026-07-08 16:43:06.244 8 WARNING tagging [None req-b2a08f7f-7ff9-4e9a-9c43-3386a5c18e38 5205bb31945343798126e1e2b6306fef 692e47a8137b45e1973c617acf93ea52 - - default default] project_id key not found in request, using tenant_id instead. This support has been deprecated and will be removed in a future release. [pid: 8|app: 0|req: 980/2016] 10.0.0.153 () {32 vars in 732 bytes} [Wed Jul 8 16:43:06 2026] DELETE /v2.0/trunks/e6866454-2413-4ebc-85e9-622de0257405/tags => generated 0 bytes in 57 msecs (HTTP/1.1 204) 2 headers in 112 bytes (1 switches on core 0)
2026-07-08 16:43:06.303 8 WARNING tagging [None req-d6352673-cd31-412c-b205-f67c8ed03608 5205bb31945343798126e1e2b6306fef 692e47a8137b45e1973c617acf93ea52 - - default default] project_id key not found in request, using tenant_id instead. This support has been deprecated and will be removed in a future release.
2026-07-08 16:43:06.311 7 INFO neutron_taas.services.taas.taas_plugin [None req-038c74f3-918d-484d-b5d2-73385c112079 631afa5b7fd24576af979376552cd880 b0443ac2c0474b63982338914b19adc5 - - default default] TaaS: Handle Delete Port: a1479ac6-6f64-469d-ba83-96a2357c1312 [pid: 8|app: 0|req: 981/2017] 10.0.0.153 () {32 vars in 729 bytes} [Wed Jul 8 16:43:06 2026] GET /v2.0/trunks/e6866454-2413-4ebc-85e9-622de0257405/tags => generated 12 bytes in 23 msecs (HTTP/1.1 200) 4 headers in 156 bytes (1 switches on core 0)
2026-07-08 16:43:06.314 7 INFO neutron_taas.services.taas.tap_mirror_plugin [None req-038c74f3-918d-484d-b5d2-73385c112079 631afa5b7fd24576af979376552cd880 b0443ac2c0474b63982338914b19adc5 - - default default] Tap Mirror: Handle Delete Port: a1479ac6-6f64-469d-ba83-96a2357c1312 [pid: 8|app: 0|req: 982/2018] 10.0.0.153 () {32 vars in 719 bytes} [Wed Jul 8 16:43:06 2026] GET /v2.0/trunks/e6866454-2413-4ebc-85e9-622de0257405 => generated 409 bytes in 27 msecs (HTTP/1.1 200) 4 headers in 157 bytes (1 switches on core 0) [pid: 8|app: 0|req: 983/2019] 10.0.0.153 () {32 vars in 717 bytes} [Wed Jul 8 16:43:06 2026] GET /v2.0/ports/6f1e7fdd-b636-491b-b541-4a8b00872ce2 => generated 826 bytes in 65 msecs (HTTP/1.1 200) 4 headers in 157 bytes (1 switches on core 0) [pid: 8|app: 0|req: 984/2020] 10.0.0.153 () {32 vars in 722 bytes} [Wed Jul 8 16:43:06 2026] DELETE /v2.0/trunks/e6866454-2413-4ebc-85e9-622de0257405 => generated 0 bytes in 76 msecs (HTTP/1.1 204) 2 headers in 112 bytes (1 switches on core 0) [pid: 7|app: 0|req: 1037/2021] 10.0.0.153 () {32 vars in 726 bytes} [Wed Jul 8 16:43:06 2026] DELETE /v2.0/networks/b98b6685-4d9a-43cb-9eb5-ccba154b5c41 => generated 0 bytes in 408 msecs (HTTP/1.1 204) 3 headers in 131 bytes (1 switches on core 0)
2026-07-08 16:43:06.634 8 INFO neutron_taas.services.taas.taas_plugin [None req-4a693509-5599-4d1e-b4be-bdffc95f1672 5205bb31945343798126e1e2b6306fef 692e47a8137b45e1973c617acf93ea52 - - default default] TaaS: Handle Delete Port: 6f1e7fdd-b636-491b-b541-4a8b00872ce2
2026-07-08 16:43:06.637 8 INFO neutron_taas.services.taas.tap_mirror_plugin [None req-4a693509-5599-4d1e-b4be-bdffc95f1672 5205bb31945343798126e1e2b6306fef 692e47a8137b45e1973c617acf93ea52 - - default default] Tap Mirror: Handle Delete Port: 6f1e7fdd-b636-491b-b541-4a8b00872ce2
2026-07-08 16:43:06.700 7 INFO neutron_taas.services.taas.taas_plugin [None req-81bf7ddb-cf42-4c1f-952d-6541474f0583 631afa5b7fd24576af979376552cd880 b0443ac2c0474b63982338914b19adc5 - - default default] TaaS: Handle Delete Port: bb501127-5b4c-41be-8c7a-375cd444bbc4
2026-07-08 16:43:06.704 7 INFO neutron_taas.services.taas.tap_mirror_plugin [None req-81bf7ddb-cf42-4c1f-952d-6541474f0583 631afa5b7fd24576af979376552cd880 b0443ac2c0474b63982338914b19adc5 - - default default] Tap Mirror: Handle Delete Port: bb501127-5b4c-41be-8c7a-375cd444bbc4 [pid: 8|app: 0|req: 985/2022] 10.0.0.153 () {32 vars in 720 bytes} [Wed Jul 8 16:43:06 2026] DELETE /v2.0/ports/6f1e7fdd-b636-491b-b541-4a8b00872ce2 => generated 0 bytes in 237 msecs (HTTP/1.1 204) 3 headers in 131 bytes (1 switches on core 0)
2026-07-08 16:43:06.914 8 INFO neutron_taas.services.taas.taas_plugin [None req-e24ac4f5-b631-414e-8e04-daae6006b55a 5205bb31945343798126e1e2b6306fef 692e47a8137b45e1973c617acf93ea52 - - default default] TaaS: Handle Delete Port: 50031b07-4b72-4b25-ad3d-61d20375c256
2026-07-08 16:43:06.918 8 INFO neutron_taas.services.taas.tap_mirror_plugin [None req-e24ac4f5-b631-414e-8e04-daae6006b55a 5205bb31945343798126e1e2b6306fef 692e47a8137b45e1973c617acf93ea52 - - default default] Tap Mirror: Handle Delete Port: 50031b07-4b72-4b25-ad3d-61d20375c256 [pid: 7|app: 0|req: 1038/2023] 10.0.0.153 () {32 vars in 726 bytes} [Wed Jul 8 16:43:06 2026] DELETE /v2.0/networks/c5b20d95-4948-4ac8-b99b-6871a20459a5 => generated 0 bytes in 401 msecs (HTTP/1.1 204) 3 headers in 131 bytes (1 switches on core 0)
2026-07-08 16:43:07.123 7 INFO neutron_taas.services.taas.taas_plugin [None req-363a5a43-db1f-4d78-9491-9f8d14d41013 631afa5b7fd24576af979376552cd880 b0443ac2c0474b63982338914b19adc5 - - default default] TaaS: Handle Delete Port: 34f4f206-eb25-4168-a2d8-1829ea61892e
2026-07-08 16:43:07.125 7 INFO neutron_taas.services.taas.tap_mirror_plugin [None req-363a5a43-db1f-4d78-9491-9f8d14d41013 631afa5b7fd24576af979376552cd880 b0443ac2c0474b63982338914b19adc5 - - default default] Tap Mirror: Handle Delete Port: 34f4f206-eb25-4168-a2d8-1829ea61892e
2026-07-08 16:43:07.160 8 INFO neutron.services.segments.plugin [-] Segment 13a70ab6-e468-4635-abe8-436fa07ebfab resource provider aggregate not found
2026-07-08 16:43:07.167 8 INFO neutron.services.segments.plugin [-] Segment 13a70ab6-e468-4635-abe8-436fa07ebfab resource provider aggregate not found
2026-07-08 16:43:07.188 8 INFO neutron.services.segments.plugin [-] Client error retrieving segment 13a70ab6-e468-4635-abe8-436fa07ebfab resource provider; error: Placement Client Error (4xx): {"errors": [{"status": 404, "title": "Not Found", "detail": "The resource could not be found.\n\n No resource provider with uuid 13a70ab6-e468-4635-abe8-436fa07ebfab found for delete ", "request_id": "req-756e5618-fdce-41b0-8276-d246ac13711d"}]}
2026-07-08 16:43:07.190 8 INFO neutron.services.segments.plugin [-] Client error retrieving segment 13a70ab6-e468-4635-abe8-436fa07ebfab resource provider; error: Placement Client Error (4xx): {"errors": [{"status": 404, "title": "Not Found", "detail": "The resource could not be found.\n\n No resource provider with uuid 13a70ab6-e468-4635-abe8-436fa07ebfab found for delete ", "request_id": "req-1ae52b52-d1d2-4081-84d3-22e2ec9ed85d"}]} [pid: 8|app: 0|req: 986/2024] 10.0.0.153 () {32 vars in 726 bytes} [Wed Jul 8 16:43:06 2026] DELETE /v2.0/networks/88318eef-4c92-4da3-8986-fe54b46805c1 => generated 0 bytes in 457 msecs (HTTP/1.1 204) 3 headers in 131 bytes (1 switches on core 0) [pid: 7|app: 0|req: 1039/2025] 10.0.0.153 () {32 vars in 726 bytes} [Wed Jul 8 16:43:06 2026] DELETE /v2.0/networks/92f584e8-7b11-405a-91e5-d4a0e4030336 => generated 0 bytes in 386 msecs (HTTP/1.1 204) 3 headers in 131 bytes (1 switches on core 0)
2026-07-08 16:43:07.485 8 INFO neutron_taas.services.taas.taas_plugin [None req-794c72d0-23b1-4d8d-96ec-2dffa16f20c9 631afa5b7fd24576af979376552cd880 b0443ac2c0474b63982338914b19adc5 - - default default] TaaS: Handle Delete Port: cd5a634b-f70b-4a82-8f89-938c2ea4d9f1
2026-07-08 16:43:07.489 8 INFO neutron_taas.services.taas.tap_mirror_plugin [None req-794c72d0-23b1-4d8d-96ec-2dffa16f20c9 631afa5b7fd24576af979376552cd880 b0443ac2c0474b63982338914b19adc5 - - default default] Tap Mirror: Handle Delete Port: cd5a634b-f70b-4a82-8f89-938c2ea4d9f1 [pid: 8|app: 0|req: 987/2026] 10.0.0.153 () {32 vars in 726 bytes} [Wed Jul 8 16:43:07 2026] DELETE /v2.0/networks/b2cddf46-9ce8-49ac-af29-323a78388cf0 => generated 0 bytes in 332 msecs (HTTP/1.1 204) 3 headers in 131 bytes (1 switches on core 0)
2026-07-08 16:43:08.122 7 WARNING neutron.db.securitygroups_db [None req-c5b0f1eb-d767-4f65-93ad-0b9b3d92d1e6 913f32b369504acb9c48ee7abe395b51 fdbaadfb9f3e454a9f1fa58686c8f49c - - default default] project_id key not found in filters, using tenant_id instead. This support has been deprecated and will be removed in a future release.
2026-07-08 16:43:08.153 7 INFO neutron.services.segments.plugin [-] Segment e997430d-acb5-47da-b47b-e10757747af0 resource provider aggregate not found
2026-07-08 16:43:08.161 7 INFO neutron.services.segments.plugin [-] Segment e997430d-acb5-47da-b47b-e10757747af0 resource provider aggregate not found [pid: 7|app: 0|req: 1040/2027] 10.0.0.153 () {32 vars in 774 bytes} [Wed Jul 8 16:43:07 2026] GET /v2.0/security-groups?tenant_id=692e47a8137b45e1973c617acf93ea52&name=default => generated 2925 bytes in 324 msecs (HTTP/1.1 200) 4 headers in 158 bytes (1 switches on core 0)
2026-07-08 16:43:08.178 7 INFO neutron.services.segments.plugin [-] Client error retrieving segment e997430d-acb5-47da-b47b-e10757747af0 resource provider; error: Placement Client Error (4xx): {"errors": [{"status": 404, "title": "Not Found", "detail": "The resource could not be found.\n\n No resource provider with uuid e997430d-acb5-47da-b47b-e10757747af0 found for delete ", "request_id": "req-2a1bcb6c-9d76-4f84-886d-a3d4fc9ea6bf"}]}
2026-07-08 16:43:08.184 7 INFO neutron.services.segments.plugin [-] Client error retrieving segment e997430d-acb5-47da-b47b-e10757747af0 resource provider; error: Placement Client Error (4xx): {"errors": [{"status": 404, "title": "Not Found", "detail": "The resource could not be found.\n\n No resource provider with uuid e997430d-acb5-47da-b47b-e10757747af0 found for delete ", "request_id": "req-62002cbf-22bb-4911-9652-d80709de180b"}]}
2026-07-08 16:43:08.205 7 INFO neutron.services.segments.plugin [-] Segment 5c5bfe81-59af-4297-810f-e7e6b802c3c4 resource provider aggregate not found
2026-07-08 16:43:08.211 7 INFO neutron.services.segments.plugin [-] Segment 5c5bfe81-59af-4297-810f-e7e6b802c3c4 resource provider aggregate not found
2026-07-08 16:43:08.226 7 INFO neutron.services.segments.plugin [-] Client error retrieving segment 5c5bfe81-59af-4297-810f-e7e6b802c3c4 resource provider; error: Placement Client Error (4xx): {"errors": [{"status": 404, "title": "Not Found", "detail": "The resource could not be found.\n\n No resource provider with uuid 5c5bfe81-59af-4297-810f-e7e6b802c3c4 found for delete ", "request_id": "req-328ba985-c214-4f6c-9d29-a71ad9b41eb5"}]}
2026-07-08 16:43:08.231 7 INFO neutron.services.segments.plugin [-] Client error retrieving segment 5c5bfe81-59af-4297-810f-e7e6b802c3c4 resource provider; error: Placement Client Error (4xx): {"errors": [{"status": 404, "title": "Not Found", "detail": "The resource could not be found.\n\n No resource provider with uuid 5c5bfe81-59af-4297-810f-e7e6b802c3c4 found for delete ", "request_id": "req-0fb4dc85-ab6c-41de-b70b-a0e173855e1f"}]}
2026-07-08 16:43:08.248 7 INFO neutron.services.segments.plugin [-] Segment c11ebd37-b819-448d-9c26-59584bfe7296 resource provider aggregate not found
2026-07-08 16:43:08.257 7 INFO neutron.services.segments.plugin [-] Segment c11ebd37-b819-448d-9c26-59584bfe7296 resource provider aggregate not found
2026-07-08 16:43:08.271 7 INFO neutron.services.segments.plugin [-] Client error retrieving segment c11ebd37-b819-448d-9c26-59584bfe7296 resource provider; error: Placement Client Error (4xx): {"errors": [{"status": 404, "title": "Not Found", "detail": "The resource could not be found.\n\n No resource provider with uuid c11ebd37-b819-448d-9c26-59584bfe7296 found for delete ", "request_id": "req-14bd41d7-ff30-446d-9e84-09f4e15bf699"}]}
2026-07-08 16:43:08.278 7 INFO neutron.services.segments.plugin [-] Client error retrieving segment c11ebd37-b819-448d-9c26-59584bfe7296 resource provider; error: Placement Client Error (4xx): {"errors": [{"status": 404, "title": "Not Found", "detail": "The resource could not be found.\n\n No resource provider with uuid c11ebd37-b819-448d-9c26-59584bfe7296 found for delete ", "request_id": "req-bced158d-d604-4cdf-822f-f46a655fdfbf"}]} [pid: 8|app: 0|req: 988/2028] 10.0.0.153 () {32 vars in 740 bytes} [Wed Jul 8 16:43:08 2026] DELETE /v2.0/security-groups/a1f18905-535a-4615-ba00-437386557ec8 => generated 0 bytes in 183 msecs (HTTP/1.1 204) 2 headers in 112 bytes (1 switches on core 0)
2026-07-08 16:43:08.523 7 WARNING neutron.db.securitygroups_db [None req-230c0e92-206d-4cff-9c50-59dd7c575f76 913f32b369504acb9c48ee7abe395b51 fdbaadfb9f3e454a9f1fa58686c8f49c - - default default] project_id key not found in filters, using tenant_id instead. This support has been deprecated and will be removed in a future release.
2026-07-08 16:43:08.657 7 INFO neutron.db.ovn_revision_numbers_db [None req-230c0e92-206d-4cff-9c50-59dd7c575f76 913f32b369504acb9c48ee7abe395b51 fdbaadfb9f3e454a9f1fa58686c8f49c - - default default] Successfully bumped revision number for resource 7eb69edd-4c8d-42f9-9ac1-81cd3b186e9e (type: security_groups) to 1
2026-07-08 16:43:08.668 7 INFO neutron.db.ovn_revision_numbers_db [None req-230c0e92-206d-4cff-9c50-59dd7c575f76 913f32b369504acb9c48ee7abe395b51 fdbaadfb9f3e454a9f1fa58686c8f49c - - default default] Successfully bumped revision number for resource 24375f54-87b7-40ea-a27a-9190a3ff29a7 (type: security_group_rules) to 0
2026-07-08 16:43:08.679 7 INFO neutron.db.ovn_revision_numbers_db [None req-230c0e92-206d-4cff-9c50-59dd7c575f76 913f32b369504acb9c48ee7abe395b51 fdbaadfb9f3e454a9f1fa58686c8f49c - - default default] Successfully bumped revision number for resource 4bec241c-7567-44cb-9b6c-7f460a7102b2 (type: security_group_rules) to 0
2026-07-08 16:43:08.693 7 INFO neutron.db.ovn_revision_numbers_db [None req-230c0e92-206d-4cff-9c50-59dd7c575f76 913f32b369504acb9c48ee7abe395b51 fdbaadfb9f3e454a9f1fa58686c8f49c - - default default] Successfully bumped revision number for resource d135efa0-db53-4ad2-868b-39fa73eeb04f (type: security_group_rules) to 0
2026-07-08 16:43:08.706 7 INFO neutron.db.ovn_revision_numbers_db [None req-230c0e92-206d-4cff-9c50-59dd7c575f76 913f32b369504acb9c48ee7abe395b51 fdbaadfb9f3e454a9f1fa58686c8f49c - - default default] Successfully bumped revision number for resource d5b5f1a7-2ef0-4764-bded-2154b71d4c08 (type: security_group_rules) to 0 [pid: 7|app: 0|req: 1041/2029] 10.0.0.153 () {32 vars in 774 bytes} [Wed Jul 8 16:43:08 2026] GET /v2.0/security-groups?tenant_id=623eae4c881d47549f937cb5778dbbeb&name=default => generated 2925 bytes in 229 msecs (HTTP/1.1 200) 4 headers in 158 bytes (1 switches on core 0)
2026-07-08 16:43:08.910 8 WARNING neutron.db.securitygroups_db [None req-c72e43a5-6231-45f3-bdd9-a44ba6202ec1 913f32b369504acb9c48ee7abe395b51 fdbaadfb9f3e454a9f1fa58686c8f49c - - default default] project_id key not found in filters, using tenant_id instead. This support has been deprecated and will be removed in a future release. [pid: 7|app: 0|req: 1042/2030] 10.0.0.153 () {32 vars in 740 bytes} [Wed Jul 8 16:43:08 2026] DELETE /v2.0/security-groups/7eb69edd-4c8d-42f9-9ac1-81cd3b186e9e => generated 0 bytes in 233 msecs (HTTP/1.1 204) 2 headers in 112 bytes (1 switches on core 0)
2026-07-08 16:43:09.071 8 INFO neutron.db.ovn_revision_numbers_db [None req-c72e43a5-6231-45f3-bdd9-a44ba6202ec1 913f32b369504acb9c48ee7abe395b51 fdbaadfb9f3e454a9f1fa58686c8f49c - - default default] Successfully bumped revision number for resource e2ff375d-53e0-4022-95b0-3c5c6f636de4 (type: security_groups) to 1
2026-07-08 16:43:09.083 8 INFO neutron.db.ovn_revision_numbers_db [None req-c72e43a5-6231-45f3-bdd9-a44ba6202ec1 913f32b369504acb9c48ee7abe395b51 fdbaadfb9f3e454a9f1fa58686c8f49c - - default default] Successfully bumped revision number for resource aaf03a2a-fbe4-4bc1-a638-4363f2f5eb82 (type: security_group_rules) to 0
2026-07-08 16:43:09.096 8 INFO neutron.db.ovn_revision_numbers_db [None req-c72e43a5-6231-45f3-bdd9-a44ba6202ec1 913f32b369504acb9c48ee7abe395b51 fdbaadfb9f3e454a9f1fa58686c8f49c - - default default] Successfully bumped revision number for resource ad90f5b6-c595-4bbf-96f3-54d6074ade0a (type: security_group_rules) to 0
2026-07-08 16:43:09.109 8 INFO neutron.db.ovn_revision_numbers_db [None req-c72e43a5-6231-45f3-bdd9-a44ba6202ec1 913f32b369504acb9c48ee7abe395b51 fdbaadfb9f3e454a9f1fa58686c8f49c - - default default] Successfully bumped revision number for resource c11ee0c1-6732-43a7-9026-edd42c637b16 (type: security_group_rules) to 0
2026-07-08 16:43:09.122 8 INFO neutron.db.ovn_revision_numbers_db [None req-c72e43a5-6231-45f3-bdd9-a44ba6202ec1 913f32b369504acb9c48ee7abe395b51 fdbaadfb9f3e454a9f1fa58686c8f49c - - default default] Successfully bumped revision number for resource d8426734-91cb-4248-a6a7-485a7fa09d16 (type: security_group_rules) to 0 [pid: 8|app: 0|req: 989/2031] 10.0.0.153 () {32 vars in 774 bytes} [Wed Jul 8 16:43:08 2026] GET /v2.0/security-groups?tenant_id=49efb57ec7844c0b825c5fcbd6865da6&name=default => generated 2925 bytes in 478 msecs (HTTP/1.1 200) 4 headers in 158 bytes (1 switches on core 0)
2026-07-08 16:43:09.211 8 INFO neutron.services.segments.plugin [-] Segment eeb1b966-9d14-4839-aabd-1f5ed4065f99 resource provider aggregate not found
2026-07-08 16:43:09.218 8 INFO neutron.services.segments.plugin [-] Segment eeb1b966-9d14-4839-aabd-1f5ed4065f99 resource provider aggregate not found
2026-07-08 16:43:09.234 8 INFO neutron.services.segments.plugin [-] Client error retrieving segment eeb1b966-9d14-4839-aabd-1f5ed4065f99 resource provider; error: Placement Client Error (4xx): {"errors": [{"status": 404, "title": "Not Found", "detail": "The resource could not be found.\n\n No resource provider with uuid eeb1b966-9d14-4839-aabd-1f5ed4065f99 found for delete ", "request_id": "req-7d2b9c9a-df5f-4ae7-8636-da5b68e91fbf"}]}
2026-07-08 16:43:09.242 8 INFO neutron.services.segments.plugin [-] Client error retrieving segment eeb1b966-9d14-4839-aabd-1f5ed4065f99 resource provider; error: Placement Client Error (4xx): {"errors": [{"status": 404, "title": "Not Found", "detail": "The resource could not be found.\n\n No resource provider with uuid eeb1b966-9d14-4839-aabd-1f5ed4065f99 found for delete ", "request_id": "req-b871098f-ddc4-405d-bcf0-12a2f890f3a8"}]} [pid: 7|app: 0|req: 1043/2032] 10.0.0.153 () {32 vars in 740 bytes} [Wed Jul 8 16:43:09 2026] DELETE /v2.0/security-groups/e2ff375d-53e0-4022-95b0-3c5c6f636de4 => generated 0 bytes in 265 msecs (HTTP/1.1 204) 2 headers in 112 bytes (1 switches on core 0)
2026-07-08 16:43:09.578 8 WARNING neutron.db.securitygroups_db [None req-6f07bde4-5a7e-45f4-8eb9-df37a89232a9 913f32b369504acb9c48ee7abe395b51 fdbaadfb9f3e454a9f1fa58686c8f49c - - default default] project_id key not found in filters, using tenant_id instead. This support has been deprecated and will be removed in a future release.
2026-07-08 16:43:09.708 8 INFO neutron.db.ovn_revision_numbers_db [None req-6f07bde4-5a7e-45f4-8eb9-df37a89232a9 913f32b369504acb9c48ee7abe395b51 fdbaadfb9f3e454a9f1fa58686c8f49c - - default default] Successfully bumped revision number for resource 6188988b-24df-4b06-afe8-577a0bac0e29 (type: security_groups) to 1
2026-07-08 16:43:09.720 8 INFO neutron.db.ovn_revision_numbers_db [None req-6f07bde4-5a7e-45f4-8eb9-df37a89232a9 913f32b369504acb9c48ee7abe395b51 fdbaadfb9f3e454a9f1fa58686c8f49c - - default default] Successfully bumped revision number for resource 5def7de1-ad2b-4cc7-b2d2-fefae3248902 (type: security_group_rules) to 0
2026-07-08 16:43:09.732 8 INFO neutron.db.ovn_revision_numbers_db [None req-6f07bde4-5a7e-45f4-8eb9-df37a89232a9 913f32b369504acb9c48ee7abe395b51 fdbaadfb9f3e454a9f1fa58686c8f49c - - default default] Successfully bumped revision number for resource d2b1a1db-042b-459e-8fe3-af26acdfe62c (type: security_group_rules) to 0
2026-07-08 16:43:09.744 8 INFO neutron.db.ovn_revision_numbers_db [None req-6f07bde4-5a7e-45f4-8eb9-df37a89232a9 913f32b369504acb9c48ee7abe395b51 fdbaadfb9f3e454a9f1fa58686c8f49c - - default default] Successfully bumped revision number for resource dd4c14fc-5897-4298-ab23-9732021b7db1 (type: security_group_rules) to 0
2026-07-08 16:43:09.758 8 INFO neutron.db.ovn_revision_numbers_db [None req-6f07bde4-5a7e-45f4-8eb9-df37a89232a9 913f32b369504acb9c48ee7abe395b51 fdbaadfb9f3e454a9f1fa58686c8f49c - - default default] Successfully bumped revision number for resource f9b97d07-eb08-49df-94d1-f5b7c96400fc (type: security_group_rules) to 0 [pid: 8|app: 0|req: 990/2033] 10.0.0.153 () {32 vars in 774 bytes} [Wed Jul 8 16:43:09 2026] GET /v2.0/security-groups?tenant_id=0b947772778f404f923e5bf41be7bc68&name=default => generated 2925 bytes in 230 msecs (HTTP/1.1 200) 4 headers in 158 bytes (1 switches on core 0)
2026-07-08 16:43:09.896 7 WARNING neutron.db.securitygroups_db [None req-fb0ef11d-947a-4059-9759-6062813874a1 913f32b369504acb9c48ee7abe395b51 fdbaadfb9f3e454a9f1fa58686c8f49c - - default default] project_id key not found in filters, using tenant_id instead. This support has been deprecated and will be removed in a future release. [pid: 8|app: 0|req: 991/2034] 10.0.0.153 () {34 vars in 678 bytes} [Wed Jul 8 16:43:09 2026] POST /v2.0/qos/policies => generated 359 bytes in 167 msecs (HTTP/1.1 201) 4 headers in 162 bytes (1 switches on core 0)
2026-07-08 16:43:10.034 7 INFO neutron.db.ovn_revision_numbers_db [None req-fb0ef11d-947a-4059-9759-6062813874a1 913f32b369504acb9c48ee7abe395b51 fdbaadfb9f3e454a9f1fa58686c8f49c - - default default] Successfully bumped revision number for resource db09ec42-e7e8-4f25-904a-97cfd2abbeda (type: security_groups) to 1
2026-07-08 16:43:10.047 7 INFO neutron.db.ovn_revision_numbers_db [None req-fb0ef11d-947a-4059-9759-6062813874a1 913f32b369504acb9c48ee7abe395b51 fdbaadfb9f3e454a9f1fa58686c8f49c - - default default] Successfully bumped revision number for resource 483f2125-aa5c-4a12-b747-82e28a8c28dd (type: security_group_rules) to 0
2026-07-08 16:43:10.060 7 INFO neutron.db.ovn_revision_numbers_db [None req-fb0ef11d-947a-4059-9759-6062813874a1 913f32b369504acb9c48ee7abe395b51 fdbaadfb9f3e454a9f1fa58686c8f49c - - default default] Successfully bumped revision number for resource d7f2d69e-c9ca-42a9-9748-322e2b564042 (type: security_group_rules) to 0
2026-07-08 16:43:10.074 7 INFO neutron.db.ovn_revision_numbers_db [None req-fb0ef11d-947a-4059-9759-6062813874a1 913f32b369504acb9c48ee7abe395b51 fdbaadfb9f3e454a9f1fa58686c8f49c - - default default] Successfully bumped revision number for resource e97da810-bda6-4e56-9f45-749482293b94 (type: security_group_rules) to 0
2026-07-08 16:43:10.085 7 INFO neutron.db.ovn_revision_numbers_db [None req-fb0ef11d-947a-4059-9759-6062813874a1 913f32b369504acb9c48ee7abe395b51 fdbaadfb9f3e454a9f1fa58686c8f49c - - default default] Successfully bumped revision number for resource fc75d754-1411-4784-a526-5247b16f9621 (type: security_group_rules) to 0 [pid: 7|app: 0|req: 1044/2035] 10.0.0.153 () {32 vars in 774 bytes} [Wed Jul 8 16:43:09 2026] GET /v2.0/security-groups?tenant_id=814fdd2db0b146ef8260b2464ddbe28b&name=default => generated 2925 bytes in 436 msecs (HTTP/1.1 200) 4 headers in 158 bytes (1 switches on core 0) [pid: 7|app: 0|req: 1045/2036] 10.0.0.153 () {34 vars in 678 bytes} [Wed Jul 8 16:43:10 2026] POST /v2.0/qos/policies => generated 359 bytes in 57 msecs (HTTP/1.1 201) 4 headers in 162 bytes (1 switches on core 0) [pid: 8|app: 0|req: 992/2037] 10.0.0.153 () {32 vars in 740 bytes} [Wed Jul 8 16:43:09 2026] DELETE /v2.0/security-groups/6188988b-24df-4b06-afe8-577a0bac0e29 => generated 0 bytes in 210 msecs (HTTP/1.1 204) 2 headers in 112 bytes (1 switches on core 0) [pid: 8|app: 0|req: 993/2038] 10.0.0.153 () {34 vars in 678 bytes} [Wed Jul 8 16:43:10 2026] POST /v2.0/qos/policies => generated 359 bytes in 36 msecs (HTTP/1.1 201) 4 headers in 162 bytes (1 switches on core 0) [pid: 8|app: 0|req: 994/2039] 10.0.0.153 () {34 vars in 678 bytes} [Wed Jul 8 16:43:10 2026] POST /v2.0/qos/policies => generated 359 bytes in 38 msecs (HTTP/1.1 201) 4 headers in 162 bytes (1 switches on core 0) [pid: 8|app: 0|req: 995/2040] 10.0.0.153 () {34 vars in 678 bytes} [Wed Jul 8 16:43:10 2026] POST /v2.0/qos/policies => generated 359 bytes in 43 msecs (HTTP/1.1 201) 4 headers in 162 bytes (1 switches on core 0)
2026-07-08 16:43:10.313 8 WARNING neutron.db.securitygroups_db [None req-4b0f5b59-ea9d-4e02-9dca-a4f5090d2ada 913f32b369504acb9c48ee7abe395b51 fdbaadfb9f3e454a9f1fa58686c8f49c - - default default] project_id key not found in filters, using tenant_id instead. This support has been deprecated and will be removed in a future release. [pid: 8|app: 0|req: 996/2041] 10.0.0.153 () {32 vars in 774 bytes} [Wed Jul 8 16:43:10 2026] GET /v2.0/security-groups?tenant_id=b0443ac2c0474b63982338914b19adc5&name=default => generated 2925 bytes in 25 msecs (HTTP/1.1 200) 4 headers in 158 bytes (1 switches on core 0) [pid: 7|app: 0|req: 1046/2042] 10.0.0.153 () {32 vars in 740 bytes} [Wed Jul 8 16:43:10 2026] DELETE /v2.0/security-groups/db09ec42-e7e8-4f25-904a-97cfd2abbeda => generated 0 bytes in 180 msecs (HTTP/1.1 204) 2 headers in 112 bytes (1 switches on core 0)
2026-07-08 16:43:10.365 8 WARNING tagging [None req-a5fa97cf-d4f0-45e6-a654-5243a5f212ca 5789d6c9349a41ae89b7fdc84a832eaf 5ea0c1cbb45d4b21b369ecdd86413214 - - default default] project_id key not found in request, using tenant_id instead. This support has been deprecated and will be removed in a future release. [pid: 8|app: 0|req: 997/2043] 10.0.0.153 () {34 vars in 753 bytes} [Wed Jul 8 16:43:10 2026] PUT /v2.0/policies/3174137a-9864-4345-a741-f356b880de6f/tags => generated 17 bytes in 49 msecs (HTTP/1.1 200) 4 headers in 156 bytes (1 switches on core 0)
2026-07-08 16:43:10.419 8 WARNING tagging [None req-461187c9-e832-457d-a686-5258dc422d8b 5789d6c9349a41ae89b7fdc84a832eaf 5ea0c1cbb45d4b21b369ecdd86413214 - - default default] project_id key not found in request, using tenant_id instead. This support has been deprecated and will be removed in a future release. [pid: 8|app: 0|req: 998/2044] 10.0.0.153 () {34 vars in 753 bytes} [Wed Jul 8 16:43:10 2026] PUT /v2.0/policies/22f7d476-3d19-434d-9043-c39327906aad/tags => generated 25 bytes in 49 msecs (HTTP/1.1 200) 4 headers in 156 bytes (1 switches on core 0)
2026-07-08 16:43:10.470 8 WARNING tagging [None req-d3b077d8-7525-4071-adf2-bac7194857bd 5789d6c9349a41ae89b7fdc84a832eaf 5ea0c1cbb45d4b21b369ecdd86413214 - - default default] project_id key not found in request, using tenant_id instead. This support has been deprecated and will be removed in a future release. [pid: 8|app: 0|req: 999/2045] 10.0.0.153 () {34 vars in 753 bytes} [Wed Jul 8 16:43:10 2026] PUT /v2.0/policies/2be033fe-1057-4ce1-b11b-88712b160f10/tags => generated 34 bytes in 56 msecs (HTTP/1.1 200) 4 headers in 156 bytes (1 switches on core 0)
2026-07-08 16:43:10.543 8 WARNING tagging [None req-462ec33c-c7fa-4a46-9465-56a11087358f 5789d6c9349a41ae89b7fdc84a832eaf 5ea0c1cbb45d4b21b369ecdd86413214 - - default default] project_id key not found in request, using tenant_id instead. This support has been deprecated and will be removed in a future release. [pid: 7|app: 0|req: 1047/2046] 10.0.0.153 () {32 vars in 740 bytes} [Wed Jul 8 16:43:10 2026] DELETE /v2.0/security-groups/929162db-cdc4-4185-9fc9-dc4c9620b0b8 => generated 0 bytes in 188 msecs (HTTP/1.1 204) 2 headers in 112 bytes (1 switches on core 0) [pid: 8|app: 0|req: 1000/2047] 10.0.0.153 () {34 vars in 753 bytes} [Wed Jul 8 16:43:10 2026] PUT /v2.0/policies/a0040b55-6705-440d-9359-1c801cc37b29/tags => generated 19 bytes in 59 msecs (HTTP/1.1 200) 4 headers in 156 bytes (1 switches on core 0) [pid: 7|app: 0|req: 1048/2048] 10.0.0.153 () {32 vars in 674 bytes} [Wed Jul 8 16:43:10 2026] GET /v2.0/qos/policies?tags=red => generated 1101 bytes in 176 msecs (HTTP/1.1 200) 4 headers in 158 bytes (1 switches on core 0) [pid: 8|app: 0|req: 1001/2049] 10.0.0.153 () {32 vars in 688 bytes} [Wed Jul 8 16:43:11 2026] GET /v2.0/qos/policies?tags=red%2Cblue => generated 747 bytes in 82 msecs (HTTP/1.1 200) 4 headers in 157 bytes (1 switches on core 0) [pid: 7|app: 0|req: 1049/2050] 10.0.0.153 () {32 vars in 684 bytes} [Wed Jul 8 16:43:11 2026] GET /v2.0/qos/policies?tags-any=blue => generated 747 bytes in 67 msecs (HTTP/1.1 200) 4 headers in 157 bytes (1 switches on core 0) [pid: 8|app: 0|req: 1002/2051] 10.0.0.153 () {32 vars in 696 bytes} [Wed Jul 8 16:43:11 2026] GET /v2.0/qos/policies?tags-any=red%2Cblue => generated 1101 bytes in 85 msecs (HTTP/1.1 200) 4 headers in 158 bytes (1 switches on core 0) [pid: 7|app: 0|req: 1050/2052] 10.0.0.153 () {32 vars in 682 bytes} [Wed Jul 8 16:43:11 2026] GET /v2.0/qos/policies?not-tags=red => generated 719 bytes in 58 msecs (HTTP/1.1 200) 4 headers in 157 bytes (1 switches on core 0) [pid: 8|app: 0|req: 1003/2053] 10.0.0.153 () {32 vars in 696 bytes} [Wed Jul 8 16:43:11 2026] GET /v2.0/qos/policies?not-tags=red%2Cblue => generated 1073 bytes in 73 msecs (HTTP/1.1 200) 4 headers in 158 bytes (1 switches on core 0) [pid: 7|app: 0|req: 1051/2054] 10.0.0.153 () {32 vars in 692 bytes} [Wed Jul 8 16:43:11 2026] GET /v2.0/qos/policies?not-tags-any=blue => generated 1073 bytes in 94 msecs (HTTP/1.1 200) 4 headers in 158 bytes (1 switches on core 0) [pid: 8|app: 0|req: 1004/2055] 10.0.0.153 () {32 vars in 704 bytes} [Wed Jul 8 16:43:11 2026] GET /v2.0/qos/policies?not-tags-any=red%2Cblue => generated 719 bytes in 55 msecs (HTTP/1.1 200) 4 headers in 157 bytes (1 switches on core 0) [pid: 7|app: 0|req: 1052/2056] 10.0.0.153 () {32 vars in 734 bytes} [Wed Jul 8 16:43:11 2026] DELETE /v2.0/qos/policies/3174137a-9864-4345-a741-f356b880de6f => generated 0 bytes in 66 msecs (HTTP/1.1 204) 2 headers in 112 bytes (1 switches on core 0) [pid: 8|app: 0|req: 1005/2057] 10.0.0.153 () {32 vars in 734 bytes} [Wed Jul 8 16:43:11 2026] DELETE /v2.0/qos/policies/22f7d476-3d19-434d-9043-c39327906aad => generated 0 bytes in 98 msecs (HTTP/1.1 204) 2 headers in 112 bytes (1 switches on core 0) [pid: 7|app: 0|req: 1053/2058] 10.0.0.153 () {32 vars in 734 bytes} [Wed Jul 8 16:43:11 2026] DELETE /v2.0/qos/policies/2be033fe-1057-4ce1-b11b-88712b160f10 => generated 0 bytes in 60 msecs (HTTP/1.1 204) 2 headers in 112 bytes (1 switches on core 0) [pid: 8|app: 0|req: 1006/2059] 10.0.0.153 () {32 vars in 734 bytes} [Wed Jul 8 16:43:11 2026] DELETE /v2.0/qos/policies/a0040b55-6705-440d-9359-1c801cc37b29 => generated 0 bytes in 63 msecs (HTTP/1.1 204) 2 headers in 112 bytes (1 switches on core 0) [pid: 7|app: 0|req: 1054/2060] 10.0.0.153 () {32 vars in 734 bytes} [Wed Jul 8 16:43:11 2026] DELETE /v2.0/qos/policies/5937a031-6ec3-44d6-ba50-e4a95497cc88 => generated 0 bytes in 61 msecs (HTTP/1.1 204) 2 headers in 112 bytes (1 switches on core 0)
2026-07-08 16:43:12.522 8 INFO neutron.db.ovn_revision_numbers_db [None req-45bb9f16-99b4-40b5-9061-10b7c1265b28 913f32b369504acb9c48ee7abe395b51 fdbaadfb9f3e454a9f1fa58686c8f49c - - default default] Successfully bumped revision number for resource 39caa172-4c49-46af-8d40-4a91a3c26ad3 (type: security_groups) to 1
2026-07-08 16:43:12.535 8 INFO neutron.db.ovn_revision_numbers_db [None req-45bb9f16-99b4-40b5-9061-10b7c1265b28 913f32b369504acb9c48ee7abe395b51 fdbaadfb9f3e454a9f1fa58686c8f49c - - default default] Successfully bumped revision number for resource 1835718a-4ae9-47b1-8d5e-246b161c043f (type: security_group_rules) to 0
2026-07-08 16:43:12.550 8 INFO neutron.db.ovn_revision_numbers_db [None req-45bb9f16-99b4-40b5-9061-10b7c1265b28 913f32b369504acb9c48ee7abe395b51 fdbaadfb9f3e454a9f1fa58686c8f49c - - default default] Successfully bumped revision number for resource 19f2ac9c-fc23-43e6-bdb0-d59f7ad49668 (type: security_group_rules) to 0
2026-07-08 16:43:12.563 8 INFO neutron.db.ovn_revision_numbers_db [None req-45bb9f16-99b4-40b5-9061-10b7c1265b28 913f32b369504acb9c48ee7abe395b51 fdbaadfb9f3e454a9f1fa58686c8f49c - - default default] Successfully bumped revision number for resource 2a678c16-16b5-4621-9419-6cbba37c81d5 (type: security_group_rules) to 0
2026-07-08 16:43:12.575 8 INFO neutron.db.ovn_revision_numbers_db [None req-45bb9f16-99b4-40b5-9061-10b7c1265b28 913f32b369504acb9c48ee7abe395b51 fdbaadfb9f3e454a9f1fa58686c8f49c - - default default] Successfully bumped revision number for resource a20d8708-d5eb-4d0f-af6e-56c4b13a6926 (type: security_group_rules) to 0
2026-07-08 16:43:12.653 8 INFO neutron.db.segments_db [None req-45bb9f16-99b4-40b5-9061-10b7c1265b28 913f32b369504acb9c48ee7abe395b51 fdbaadfb9f3e454a9f1fa58686c8f49c - - default default] Added segment ce2cb9bd-acb1-40f3-9eeb-48bc0f754bf1 of type geneve for network d7cc25d5-a64f-4fcc-a8cd-64f5ef93e8d1
2026-07-08 16:43:12.768 8 INFO neutron.db.ovn_revision_numbers_db [None req-45bb9f16-99b4-40b5-9061-10b7c1265b28 913f32b369504acb9c48ee7abe395b51 fdbaadfb9f3e454a9f1fa58686c8f49c - - default default] Successfully bumped revision number for resource d7cc25d5-a64f-4fcc-a8cd-64f5ef93e8d1 (type: networks) to 1
2026-07-08 16:43:12.969 8 WARNING neutron.scheduler.dhcp_agent_scheduler [None req-45bb9f16-99b4-40b5-9061-10b7c1265b28 913f32b369504acb9c48ee7abe395b51 fdbaadfb9f3e454a9f1fa58686c8f49c - - default default] No more DHCP agents
2026-07-08 16:43:12.972 8 WARNING neutron.api.rpc.agentnotifiers.dhcp_rpc_agent_api [None req-45bb9f16-99b4-40b5-9061-10b7c1265b28 913f32b369504acb9c48ee7abe395b51 fdbaadfb9f3e454a9f1fa58686c8f49c - - default default] Unable to schedule network d7cc25d5-a64f-4fcc-a8cd-64f5ef93e8d1: no agents available; will retry on subsequent port and subnet creation events.
2026-07-08 16:43:13.034 7 INFO neutron.plugins.ml2.drivers.ovn.mech_driver.mech_driver [None req-8ee3905e-d834-4e1d-b347-028ea84c034a - - - - - -] OVN reports status down for port: 1dfe92dd-9540-42d9-9b67-a6cf8be0ba84
2026-07-08 16:43:13.051 8 INFO neutron.db.ovn_revision_numbers_db [None req-45bb9f16-99b4-40b5-9061-10b7c1265b28 913f32b369504acb9c48ee7abe395b51 fdbaadfb9f3e454a9f1fa58686c8f49c - - default default] Successfully bumped revision number for resource 1dfe92dd-9540-42d9-9b67-a6cf8be0ba84 (type: ports) to 1 [pid: 8|app: 0|req: 1007/2061] 10.0.0.153 () {34 vars in 671 bytes} [Wed Jul 8 16:43:12 2026] POST /v2.0/networks => generated 782 bytes in 909 msecs (HTTP/1.1 201) 4 headers in 162 bytes (1 switches on core 0)
2026-07-08 16:43:13.193 7 WARNING neutron.db.securitygroups_db [None req-ec74b481-61ff-47e6-ad90-ad9a4dc1caad 913f32b369504acb9c48ee7abe395b51 fdbaadfb9f3e454a9f1fa58686c8f49c - - default default] project_id key not found in filters, using tenant_id instead. This support has been deprecated and will be removed in a future release.
2026-07-08 16:43:13.247 8 WARNING neutron.scheduler.dhcp_agent_scheduler [None req-29e97712-c216-4096-b498-71676312d982 913f32b369504acb9c48ee7abe395b51 fdbaadfb9f3e454a9f1fa58686c8f49c - - default default] No more DHCP agents
2026-07-08 16:43:13.248 8 WARNING neutron.api.rpc.agentnotifiers.dhcp_rpc_agent_api [None req-29e97712-c216-4096-b498-71676312d982 913f32b369504acb9c48ee7abe395b51 fdbaadfb9f3e454a9f1fa58686c8f49c - - default default] Unable to schedule network d7cc25d5-a64f-4fcc-a8cd-64f5ef93e8d1: no agents available; will retry on subsequent port and subnet creation events.
2026-07-08 16:43:13.331 7 INFO neutron.db.ovn_revision_numbers_db [None req-ec74b481-61ff-47e6-ad90-ad9a4dc1caad 913f32b369504acb9c48ee7abe395b51 fdbaadfb9f3e454a9f1fa58686c8f49c - - default default] Successfully bumped revision number for resource e53e3539-eab3-4ca8-b9e0-0c68f3b8ce55 (type: security_groups) to 1
2026-07-08 16:43:13.343 7 INFO neutron.db.ovn_revision_numbers_db [None req-ec74b481-61ff-47e6-ad90-ad9a4dc1caad 913f32b369504acb9c48ee7abe395b51 fdbaadfb9f3e454a9f1fa58686c8f49c - - default default] Successfully bumped revision number for resource 28364c2c-ad36-4b1e-94aa-957f5dfbaf76 (type: security_group_rules) to 0
2026-07-08 16:43:13.358 7 INFO neutron.db.ovn_revision_numbers_db [None req-ec74b481-61ff-47e6-ad90-ad9a4dc1caad 913f32b369504acb9c48ee7abe395b51 fdbaadfb9f3e454a9f1fa58686c8f49c - - default default] Successfully bumped revision number for resource 4507a308-c76f-42b0-bdda-98523cc8c5c3 (type: security_group_rules) to 0
2026-07-08 16:43:13.380 7 INFO neutron.db.ovn_revision_numbers_db [None req-ec74b481-61ff-47e6-ad90-ad9a4dc1caad 913f32b369504acb9c48ee7abe395b51 fdbaadfb9f3e454a9f1fa58686c8f49c - - default default] Successfully bumped revision number for resource 4e21b054-c2bb-425d-aabe-73549a606f4a (type: security_group_rules) to 0
2026-07-08 16:43:13.407 7 INFO neutron.db.ovn_revision_numbers_db [None req-ec74b481-61ff-47e6-ad90-ad9a4dc1caad 913f32b369504acb9c48ee7abe395b51 fdbaadfb9f3e454a9f1fa58686c8f49c - - default default] Successfully bumped revision number for resource 9b84865e-fd91-4da0-81f1-b7efbd7a0a61 (type: security_group_rules) to 0 [pid: 7|app: 0|req: 1055/2062] 10.0.0.153 () {32 vars in 774 bytes} [Wed Jul 8 16:43:12 2026] GET /v2.0/security-groups?tenant_id=5ea0c1cbb45d4b21b369ecdd86413214&name=default => generated 2925 bytes in 511 msecs (HTTP/1.1 200) 4 headers in 158 bytes (1 switches on core 0) [pid: 7|app: 0|req: 1056/2063] 10.0.0.153 () {32 vars in 740 bytes} [Wed Jul 8 16:43:13 2026] DELETE /v2.0/security-groups/e53e3539-eab3-4ca8-b9e0-0c68f3b8ce55 => generated 0 bytes in 225 msecs (HTTP/1.1 204) 2 headers in 112 bytes (1 switches on core 0)
2026-07-08 16:43:13.779 7 WARNING neutron.db.securitygroups_db [None req-d24f0bf4-d852-4980-acf1-afa445cd6501 913f32b369504acb9c48ee7abe395b51 fdbaadfb9f3e454a9f1fa58686c8f49c - - default default] project_id key not found in filters, using tenant_id instead. This support has been deprecated and will be removed in a future release.
2026-07-08 16:43:13.803 8 INFO neutron.db.ovn_revision_numbers_db [None req-29e97712-c216-4096-b498-71676312d982 913f32b369504acb9c48ee7abe395b51 fdbaadfb9f3e454a9f1fa58686c8f49c - - default default] Successfully bumped revision number for resource 1dfe92dd-9540-42d9-9b67-a6cf8be0ba84 (type: ports) to 2
2026-07-08 16:43:13.846 8 INFO neutron.db.ovn_revision_numbers_db [None req-29e97712-c216-4096-b498-71676312d982 913f32b369504acb9c48ee7abe395b51 fdbaadfb9f3e454a9f1fa58686c8f49c - - default default] Successfully bumped revision number for resource 0929ae66-a898-4167-93bd-280aa8c65b88 (type: subnets) to 0 [pid: 8|app: 0|req: 1008/2064] 10.0.0.153 () {34 vars in 669 bytes} [Wed Jul 8 16:43:13 2026] POST /v2.0/subnets => generated 688 bytes in 806 msecs (HTTP/1.1 201) 4 headers in 162 bytes (1 switches on core 0)
2026-07-08 16:43:13.913 7 INFO neutron.db.ovn_revision_numbers_db [None req-d24f0bf4-d852-4980-acf1-afa445cd6501 913f32b369504acb9c48ee7abe395b51 fdbaadfb9f3e454a9f1fa58686c8f49c - - default default] Successfully bumped revision number for resource c3e4ce04-e667-4016-998c-d4a7f31c7184 (type: security_groups) to 1
2026-07-08 16:43:13.929 7 INFO neutron.db.ovn_revision_numbers_db [None req-d24f0bf4-d852-4980-acf1-afa445cd6501 913f32b369504acb9c48ee7abe395b51 fdbaadfb9f3e454a9f1fa58686c8f49c - - default default] Successfully bumped revision number for resource 516ea0ab-60c2-4f3d-bc34-fbfec4ff3a60 (type: security_group_rules) to 0
2026-07-08 16:43:13.958 7 INFO neutron.db.ovn_revision_numbers_db [None req-d24f0bf4-d852-4980-acf1-afa445cd6501 913f32b369504acb9c48ee7abe395b51 fdbaadfb9f3e454a9f1fa58686c8f49c - - default default] Successfully bumped revision number for resource 9e4defa8-d0cb-458a-b5c8-b35a67e24169 (type: security_group_rules) to 0
2026-07-08 16:43:13.977 7 INFO neutron.db.ovn_revision_numbers_db [None req-d24f0bf4-d852-4980-acf1-afa445cd6501 913f32b369504acb9c48ee7abe395b51 fdbaadfb9f3e454a9f1fa58686c8f49c - - default default] Successfully bumped revision number for resource bd8236e5-82b7-4a97-97d6-df44ecf2c6f3 (type: security_group_rules) to 0
2026-07-08 16:43:13.994 7 INFO neutron.db.ovn_revision_numbers_db [None req-d24f0bf4-d852-4980-acf1-afa445cd6501 913f32b369504acb9c48ee7abe395b51 fdbaadfb9f3e454a9f1fa58686c8f49c - - default default] Successfully bumped revision number for resource d3c78cfa-2583-4da7-9e39-6a293afd464e (type: security_group_rules) to 0 [pid: 7|app: 0|req: 1057/2065] 10.0.0.153 () {32 vars in 774 bytes} [Wed Jul 8 16:43:13 2026] GET /v2.0/security-groups?tenant_id=061b3b2ff1be4e92a7a69a4b10de776e&name=default => generated 2925 bytes in 264 msecs (HTTP/1.1 200) 4 headers in 158 bytes (1 switches on core 0) [pid: 7|app: 0|req: 1058/2066] 10.0.0.153 () {32 vars in 740 bytes} [Wed Jul 8 16:43:14 2026] DELETE /v2.0/security-groups/c3e4ce04-e667-4016-998c-d4a7f31c7184 => generated 0 bytes in 177 msecs (HTTP/1.1 204) 2 headers in 112 bytes (1 switches on core 0)
2026-07-08 16:43:14.360 7 WARNING neutron.db.securitygroups_db [None req-1298579b-d63d-47a2-a9fb-bc5a01198814 913f32b369504acb9c48ee7abe395b51 fdbaadfb9f3e454a9f1fa58686c8f49c - - default default] project_id key not found in filters, using tenant_id instead. This support has been deprecated and will be removed in a future release.
2026-07-08 16:43:14.390 8 WARNING neutron.scheduler.dhcp_agent_scheduler [None req-b2fa0d35-3def-4861-bd9b-21dac2c0e1a6 913f32b369504acb9c48ee7abe395b51 fdbaadfb9f3e454a9f1fa58686c8f49c - - default default] No more DHCP agents
2026-07-08 16:43:14.393 8 WARNING neutron.api.rpc.agentnotifiers.dhcp_rpc_agent_api [None req-b2fa0d35-3def-4861-bd9b-21dac2c0e1a6 913f32b369504acb9c48ee7abe395b51 fdbaadfb9f3e454a9f1fa58686c8f49c - - default default] Unable to schedule network e60b5156-e399-4522-bd82-65a5a7a5b14e: no agents available; will retry on subsequent port and subnet creation events.
2026-07-08 16:43:14.475 7 INFO neutron.db.ovn_revision_numbers_db [None req-1298579b-d63d-47a2-a9fb-bc5a01198814 913f32b369504acb9c48ee7abe395b51 fdbaadfb9f3e454a9f1fa58686c8f49c - - default default] Successfully bumped revision number for resource 764d30ba-08a7-4655-9d72-aed672f10d99 (type: security_groups) to 1
2026-07-08 16:43:14.487 7 INFO neutron.db.ovn_revision_numbers_db [None req-1298579b-d63d-47a2-a9fb-bc5a01198814 913f32b369504acb9c48ee7abe395b51 fdbaadfb9f3e454a9f1fa58686c8f49c - - default default] Successfully bumped revision number for resource 08eeba4b-7c02-4f7d-afd6-8225d58ab7a3 (type: security_group_rules) to 0
2026-07-08 16:43:14.500 7 INFO neutron.db.ovn_revision_numbers_db [None req-1298579b-d63d-47a2-a9fb-bc5a01198814 913f32b369504acb9c48ee7abe395b51 fdbaadfb9f3e454a9f1fa58686c8f49c - - default default] Successfully bumped revision number for resource 43e75301-05f1-4b73-ac74-50afb2f546a7 (type: security_group_rules) to 0
2026-07-08 16:43:14.514 7 INFO neutron.db.ovn_revision_numbers_db [None req-1298579b-d63d-47a2-a9fb-bc5a01198814 913f32b369504acb9c48ee7abe395b51 fdbaadfb9f3e454a9f1fa58686c8f49c - - default default] Successfully bumped revision number for resource cc9e4e6d-830f-4bbb-97b8-3e18e22fa723 (type: security_group_rules) to 0
2026-07-08 16:43:14.540 7 INFO neutron.db.ovn_revision_numbers_db [None req-1298579b-d63d-47a2-a9fb-bc5a01198814 913f32b369504acb9c48ee7abe395b51 fdbaadfb9f3e454a9f1fa58686c8f49c - - default default] Successfully bumped revision number for resource f44bb34d-572f-41e7-8eac-80526c83823c (type: security_group_rules) to 0
2026-07-08 16:43:14.547 8 INFO neutron.plugins.ml2.drivers.ovn.mech_driver.mech_driver [None req-8208bc52-9fc6-4d6d-8b52-ba6c83b777d3 - - - - - -] OVN reports status down for port: d0dfb64e-974c-4d84-8f9e-069458ace07e [pid: 7|app: 0|req: 1059/2067] 10.0.0.153 () {32 vars in 774 bytes} [Wed Jul 8 16:43:14 2026] GET /v2.0/security-groups?tenant_id=a306798501de463abe919df5f2443483&name=default => generated 2925 bytes in 222 msecs (HTTP/1.1 200) 4 headers in 158 bytes (1 switches on core 0)
