2026-07-08 16:42:23.721 7 WARNING neutron.api.rpc.agentnotifiers.dhcp_rpc_agent_api [None req-d58a90b3-0f0f-4371-a2af-3fa5307622da 142e8f2a450f4ae9afa50a77a16ea67f dacce13eb2884cb19ce26cffb539e29d - - default default] Unable to schedule network d07a257d-f900-44ff-974a-87d71b543692: no agents available; will retry on subsequent port and subnet creation events.
2026-07-08 16:42:23.722 8 WARNING neutron.api.rpc.agentnotifiers.dhcp_rpc_agent_api [None req-f9a35124-3fb3-4a32-8fb5-68152ceb07bb 0b2c9689cdcd43798abe8f70d43ac109 f99acbcb12734f469cf5a97dd132eb0f - - default default] Unable to schedule network 3365e109-b3dd-4193-a591-e4cab2f4b78d: no agents available; will retry on subsequent port and subnet creation events.
2026-07-08 16:42:23.837 8 INFO neutron.db.ovn_revision_numbers_db [None req-f9a35124-3fb3-4a32-8fb5-68152ceb07bb 0b2c9689cdcd43798abe8f70d43ac109 f99acbcb12734f469cf5a97dd132eb0f - - default default] Successfully bumped revision number for resource 897b4c37-e989-48f9-8ef5-67d89157d65a (type: ports) to 1 [pid: 8|app: 0|req: 807/1688] 10.0.0.153 () {34 vars in 670 bytes} [Wed Jul 8 16:42:22 2026] POST /v2.0/networks => generated 669 bytes in 938 msecs (HTTP/1.1 201) 4 headers in 162 bytes (1 switches on core 0)
2026-07-08 16:42:23.928 8 WARNING neutron.db.securitygroups_db [None req-c8aca938-b1d5-48b0-a1aa-0a64a75fe5a8 913f32b369504acb9c48ee7abe395b51 fdbaadfb9f3e454a9f1fa58686c8f49c - - default default] project_id key not found in filters, using tenant_id instead. This support has been deprecated and will be removed in a future release.
2026-07-08 16:42:23.947 7 INFO neutron.db.ovn_revision_numbers_db [None req-d58a90b3-0f0f-4371-a2af-3fa5307622da 142e8f2a450f4ae9afa50a77a16ea67f dacce13eb2884cb19ce26cffb539e29d - - default default] Successfully bumped revision number for resource a63269bb-6a01-4abb-b28d-652c1c50da80 (type: ports) to 1 [pid: 8|app: 0|req: 808/1689] 10.0.0.153 () {32 vars in 774 bytes} [Wed Jul 8 16:42:23 2026] GET /v2.0/security-groups?tenant_id=5a17c82bfa75470aa693238bb2adcfbe&name=default => generated 2925 bytes in 88 msecs (HTTP/1.1 200) 4 headers in 158 bytes (1 switches on core 0) [pid: 8|app: 0|req: 809/1690] 10.0.0.153 () {32 vars in 740 bytes} [Wed Jul 8 16:42:23 2026] DELETE /v2.0/security-groups/c6b2cdb0-e55a-4b2d-a639-d4bc4b11032c => generated 0 bytes in 185 msecs (HTTP/1.1 204) 2 headers in 112 bytes (1 switches on core 0)
2026-07-08 16:42:24.366 8 WARNING neutron.scheduler.dhcp_agent_scheduler [None req-20352756-2a0f-4c8c-bddf-80af49c5ce08 0b2c9689cdcd43798abe8f70d43ac109 f99acbcb12734f469cf5a97dd132eb0f - - default default] No more DHCP agents
2026-07-08 16:42:24.367 8 WARNING neutron.api.rpc.agentnotifiers.dhcp_rpc_agent_api [None req-20352756-2a0f-4c8c-bddf-80af49c5ce08 0b2c9689cdcd43798abe8f70d43ac109 f99acbcb12734f469cf5a97dd132eb0f - - default default] Unable to schedule network 3365e109-b3dd-4193-a591-e4cab2f4b78d: no agents available; will retry on subsequent port and subnet creation events.
2026-07-08 16:42:24.487 8 INFO neutron.db.ovn_revision_numbers_db [None req-20352756-2a0f-4c8c-bddf-80af49c5ce08 0b2c9689cdcd43798abe8f70d43ac109 f99acbcb12734f469cf5a97dd132eb0f - - default default] Successfully bumped revision number for resource 1da4e9dc-0f34-4baf-899b-3740e030f0ec (type: ports) to 1 [pid: 8|app: 0|req: 810/1691] 10.0.0.153 () {34 vars in 664 bytes} [Wed Jul 8 16:42:24 2026] POST /v2.0/ports => generated 743 bytes in 374 msecs (HTTP/1.1 201) 4 headers in 162 bytes (1 switches on core 0) /var/lib/openstack/lib/python3.12/site-packages/pycadf/identifier.py:70: UserWarning: Invalid uuid: neutron. To ensure interoperability, identifiers should be a valid uuid. warnings.warn(('Invalid uuid: %s. To ensure interoperability, '
2026-07-08 16:42:24.558 7 WARNING neutron.plugins.ml2.drivers.ovn.mech_driver.ovsdb.ovn_client [None req-c314afa3-4117-47ff-8933-1db8e3e0a07d - - - - - -] No port found with ID 2fc9856a-c4e3-4711-bcd1-67cd238d7cbf: RuntimeError: No port found with ID 2fc9856a-c4e3-4711-bcd1-67cd238d7cbf
2026-07-08 16:42:24.560 7 INFO neutron.plugins.ml2.drivers.ovn.mech_driver.mech_driver [None req-c314afa3-4117-47ff-8933-1db8e3e0a07d - - - - - -] OVN reports status down for port: 897b4c37-e989-48f9-8ef5-67d89157d65a
2026-07-08 16:42:24.701 7 INFO neutron.plugins.ml2.drivers.ovn.mech_driver.mech_driver [None req-c314afa3-4117-47ff-8933-1db8e3e0a07d - - - - - -] OVN reports status down for port: a63269bb-6a01-4abb-b28d-652c1c50da80 [pid: 8|app: 0|req: 811/1692] 10.0.0.153 () {32 vars in 740 bytes} [Wed Jul 8 16:42:24 2026] DELETE /v2.0/security-groups/6d145044-c77b-456d-b405-6498d510577e => generated 0 bytes in 203 msecs (HTTP/1.1 204) 2 headers in 112 bytes (1 switches on core 0)
2026-07-08 16:42:24.893 7 WARNING neutron.plugins.ml2.drivers.ovn.mech_driver.ovsdb.ovn_client [None req-c314afa3-4117-47ff-8933-1db8e3e0a07d - - - - - -] Logical_Switch_Port a63269bb-6a01-4abb-b28d-652c1c50da80 host information not removed, the port state is up
2026-07-08 16:42:24.895 7 INFO neutron.plugins.ml2.drivers.ovn.mech_driver.mech_driver [None req-c314afa3-4117-47ff-8933-1db8e3e0a07d - - - - - -] OVN reports status down for port: 1da4e9dc-0f34-4baf-899b-3740e030f0ec [pid: 8|app: 0|req: 812/1693] 10.0.0.153 () {34 vars in 666 bytes} [Wed Jul 8 16:42:24 2026] POST /v2.0/trunks => generated 409 bytes in 295 msecs (HTTP/1.1 201) 4 headers in 162 bytes (1 switches on core 0)
2026-07-08 16:42:25.023 7 INFO neutron.plugins.ml2.drivers.ovn.mech_driver.mech_driver [None req-c314afa3-4117-47ff-8933-1db8e3e0a07d - - - - - -] OVN reports status up for port: a63269bb-6a01-4abb-b28d-652c1c50da80
2026-07-08 16:42:25.042 7 INFO neutron.plugins.ml2.plugin [None req-c314afa3-4117-47ff-8933-1db8e3e0a07d - - - - - -] Attempt 1 to provision port a63269bb-6a01-4abb-b28d-652c1c50da80
2026-07-08 16:42:25.055 7 WARNING neutron.scheduler.dhcp_agent_scheduler [None req-d58a90b3-0f0f-4371-a2af-3fa5307622da 142e8f2a450f4ae9afa50a77a16ea67f dacce13eb2884cb19ce26cffb539e29d - - default default] No more DHCP agents
2026-07-08 16:42:25.057 7 WARNING neutron.api.rpc.agentnotifiers.dhcp_rpc_agent_api [None req-d58a90b3-0f0f-4371-a2af-3fa5307622da 142e8f2a450f4ae9afa50a77a16ea67f dacce13eb2884cb19ce26cffb539e29d - - default default] Unable to schedule network d07a257d-f900-44ff-974a-87d71b543692: no agents available; will retry on subsequent port and subnet creation events.
2026-07-08 16:42:25.126 8 INFO neutron.db.segments_db [None req-91745722-ef2e-4b7f-ba05-ea72772c97fa 0b2c9689cdcd43798abe8f70d43ac109 f99acbcb12734f469cf5a97dd132eb0f - - default default] Added segment b71ff5f0-f7ba-448f-8619-2a3c24cd76c6 of type geneve for network 4dba0c22-f688-4134-b82c-ce6179d0cbdd
2026-07-08 16:42:25.232 8 INFO neutron.db.ovn_revision_numbers_db [None req-91745722-ef2e-4b7f-ba05-ea72772c97fa 0b2c9689cdcd43798abe8f70d43ac109 f99acbcb12734f469cf5a97dd132eb0f - - default default] Successfully bumped revision number for resource 4dba0c22-f688-4134-b82c-ce6179d0cbdd (type: networks) to 1
2026-07-08 16:42:25.430 8 WARNING neutron.scheduler.dhcp_agent_scheduler [None req-91745722-ef2e-4b7f-ba05-ea72772c97fa 0b2c9689cdcd43798abe8f70d43ac109 f99acbcb12734f469cf5a97dd132eb0f - - default default] No more DHCP agents
2026-07-08 16:42:25.434 8 WARNING neutron.api.rpc.agentnotifiers.dhcp_rpc_agent_api [None req-91745722-ef2e-4b7f-ba05-ea72772c97fa 0b2c9689cdcd43798abe8f70d43ac109 f99acbcb12734f469cf5a97dd132eb0f - - default default] Unable to schedule network 4dba0c22-f688-4134-b82c-ce6179d0cbdd: no agents available; will retry on subsequent port and subnet creation events.
2026-07-08 16:42:25.497 8 INFO neutron.plugins.ml2.drivers.ovn.mech_driver.mech_driver [None req-b1b7f686-0c56-47c1-804a-d340f558fb54 - - - - - -] OVN reports status down for port: e3479ed2-e172-4b2a-b0a3-46df4cdccc11
2026-07-08 16:42:25.576 8 INFO neutron.db.ovn_revision_numbers_db [None req-91745722-ef2e-4b7f-ba05-ea72772c97fa 0b2c9689cdcd43798abe8f70d43ac109 f99acbcb12734f469cf5a97dd132eb0f - - default default] Successfully bumped revision number for resource e3479ed2-e172-4b2a-b0a3-46df4cdccc11 (type: ports) to 1 [pid: 8|app: 0|req: 813/1694] 10.0.0.153 () {34 vars in 670 bytes} [Wed Jul 8 16:42:25 2026] POST /v2.0/networks => generated 669 bytes in 609 msecs (HTTP/1.1 201) 4 headers in 162 bytes (1 switches on core 0)
2026-07-08 16:42:25.754 8 INFO neutron.common.ovn.utils [None req-b1b7f686-0c56-47c1-804a-d340f558fb54 - - - - - -] HA Chassis Group neutron-d07a257d-f900-44ff-974a-87d71b543692 synchronized; highest priority chassis 3d734e04-1ba3-45fa-b9cb-134564c896df
2026-07-08 16:42:25.786 7 INFO neutron.db.ovn_revision_numbers_db [None req-d58a90b3-0f0f-4371-a2af-3fa5307622da 142e8f2a450f4ae9afa50a77a16ea67f dacce13eb2884cb19ce26cffb539e29d - - default default] Successfully bumped revision number for resource a63269bb-6a01-4abb-b28d-652c1c50da80 (type: router_ports) to 1 [pid: 7|app: 0|req: 882/1695] 10.0.0.153 () {34 vars in 783 bytes} [Wed Jul 8 16:42:23 2026] PUT /v2.0/routers/e42bfda0-f428-4b63-ac91-969330ac5e98/add_router_interface => generated 310 bytes in 2682 msecs (HTTP/1.1 200) 4 headers in 157 bytes (1 switches on core 0) [pid: 7|app: 0|req: 883/1696] 10.0.0.153 () {32 vars in 649 bytes} [Wed Jul 8 16:42:25 2026] GET /v2.0/networks => generated 4558 bytes in 163 msecs (HTTP/1.1 200) 4 headers in 158 bytes (1 switches on core 0)
2026-07-08 16:42:26.000 7 INFO neutron.db.ovn_revision_numbers_db [None req-c314afa3-4117-47ff-8933-1db8e3e0a07d - - - - - -] Successfully bumped revision number for resource a63269bb-6a01-4abb-b28d-652c1c50da80 (type: ports) to 2
2026-07-08 16:42:26.001 8 WARNING neutron.scheduler.dhcp_agent_scheduler [None req-d67c2de2-0df2-4143-9447-e300ae8f4de5 0b2c9689cdcd43798abe8f70d43ac109 f99acbcb12734f469cf5a97dd132eb0f - - default default] No more DHCP agents
2026-07-08 16:42:26.003 8 WARNING neutron.api.rpc.agentnotifiers.dhcp_rpc_agent_api [None req-d67c2de2-0df2-4143-9447-e300ae8f4de5 0b2c9689cdcd43798abe8f70d43ac109 f99acbcb12734f469cf5a97dd132eb0f - - default default] Unable to schedule network 4dba0c22-f688-4134-b82c-ce6179d0cbdd: no agents available; will retry on subsequent port and subnet creation events. [pid: 7|app: 0|req: 884/1697] 10.0.0.153 () {32 vars in 647 bytes} [Wed Jul 8 16:42:25 2026] GET /v2.0/subnets => generated 1973 bytes in 51 msecs (HTTP/1.1 200) 4 headers in 158 bytes (1 switches on core 0) [pid: 7|app: 0|req: 885/1698] 10.0.0.153 () {32 vars in 623 bytes} [Wed Jul 8 16:42:26 2026] GET / => generated 151 bytes in 1 msecs (HTTP/1.1 200) 3 headers in 91 bytes (1 switches on core 0)
2026-07-08 16:42:26.061 8 INFO neutron.plugins.ml2.drivers.ovn.mech_driver.mech_driver [None req-b1b7f686-0c56-47c1-804a-d340f558fb54 - - - - - -] OVN reports status down for port: 98544e62-243a-4962-bc7b-111007183cc5
2026-07-08 16:42:26.129 8 INFO neutron.db.ovn_revision_numbers_db [None req-d67c2de2-0df2-4143-9447-e300ae8f4de5 0b2c9689cdcd43798abe8f70d43ac109 f99acbcb12734f469cf5a97dd132eb0f - - default default] Successfully bumped revision number for resource 98544e62-243a-4962-bc7b-111007183cc5 (type: ports) to 1 [pid: 8|app: 0|req: 814/1699] 10.0.0.153 () {34 vars in 664 bytes} [Wed Jul 8 16:42:25 2026] POST /v2.0/ports => generated 743 bytes in 535 msecs (HTTP/1.1 201) 4 headers in 162 bytes (1 switches on core 0) [pid: 7|app: 0|req: 886/1700] 10.0.0.153 () {32 vars in 647 bytes} [Wed Jul 8 16:42:26 2026] GET /v2.0/routers => generated 997 bytes in 175 msecs (HTTP/1.1 200) 4 headers in 157 bytes (1 switches on core 0) /var/lib/openstack/lib/python3.12/site-packages/pycadf/identifier.py:70: UserWarning: Invalid uuid: neutron. To ensure interoperability, identifiers should be a valid uuid. warnings.warn(('Invalid uuid: %s. To ensure interoperability, ' [pid: 8|app: 0|req: 815/1701] 10.0.0.153 () {32 vars in 633 bytes} [Wed Jul 8 16:42:26 2026] GET /v2.0/ => generated 632 bytes in 238 msecs (HTTP/1.1 200) 4 headers in 157 bytes (1 switches on core 0) [pid: 7|app: 0|req: 887/1702] 10.0.0.153 () {34 vars in 666 bytes} [Wed Jul 8 16:42:26 2026] POST /v2.0/trunks => generated 409 bytes in 248 msecs (HTTP/1.1 201) 4 headers in 162 bytes (1 switches on core 0)
2026-07-08 16:42:26.529 8 INFO neutron.db.ovn_revision_numbers_db [None req-7355b126-6a69-4712-9c46-1794aafabf83 142e8f2a450f4ae9afa50a77a16ea67f dacce13eb2884cb19ce26cffb539e29d - - default default] Successfully bumped revision number for resource 5720faa6-99c9-41be-bba1-6af6a0cecbe1 (type: security_groups) to 1
2026-07-08 16:42:26.541 8 INFO neutron.db.ovn_revision_numbers_db [None req-7355b126-6a69-4712-9c46-1794aafabf83 142e8f2a450f4ae9afa50a77a16ea67f dacce13eb2884cb19ce26cffb539e29d - - default default] Successfully bumped revision number for resource 84de6b77-0e66-424e-98d2-84092f8e5859 (type: security_group_rules) to 0
2026-07-08 16:42:26.558 8 INFO neutron.db.ovn_revision_numbers_db [None req-7355b126-6a69-4712-9c46-1794aafabf83 142e8f2a450f4ae9afa50a77a16ea67f dacce13eb2884cb19ce26cffb539e29d - - default default] Successfully bumped revision number for resource bf29f60b-2eda-4162-b30e-e618aa586c41 (type: security_group_rules) to 0
2026-07-08 16:42:26.570 7 INFO neutron.db.segments_db [None req-c04a3666-c8dd-4c95-8e4d-2069fcc368f3 0b2c9689cdcd43798abe8f70d43ac109 f99acbcb12734f469cf5a97dd132eb0f - - default default] Added segment d897880c-aeb0-423b-b42f-671b8be9cb91 of type geneve for network 0b6afcf5-6120-4072-ad58-8d8c7bd22478 [pid: 8|app: 0|req: 816/1703] 10.0.0.153 () {34 vars in 685 bytes} [Wed Jul 8 16:42:26 2026] POST /v2.0/security-groups => generated 1675 bytes in 191 msecs (HTTP/1.1 201) 4 headers in 163 bytes (1 switches on core 0)
2026-07-08 16:42:26.698 7 INFO neutron.db.ovn_revision_numbers_db [None req-c04a3666-c8dd-4c95-8e4d-2069fcc368f3 0b2c9689cdcd43798abe8f70d43ac109 f99acbcb12734f469cf5a97dd132eb0f - - default default] Successfully bumped revision number for resource 0b6afcf5-6120-4072-ad58-8d8c7bd22478 (type: networks) to 1
2026-07-08 16:42:26.912 7 WARNING neutron.scheduler.dhcp_agent_scheduler [None req-c04a3666-c8dd-4c95-8e4d-2069fcc368f3 0b2c9689cdcd43798abe8f70d43ac109 f99acbcb12734f469cf5a97dd132eb0f - - default default] No more DHCP agents
2026-07-08 16:42:26.914 7 WARNING neutron.api.rpc.agentnotifiers.dhcp_rpc_agent_api [None req-c04a3666-c8dd-4c95-8e4d-2069fcc368f3 0b2c9689cdcd43798abe8f70d43ac109 f99acbcb12734f469cf5a97dd132eb0f - - default default] Unable to schedule network 0b6afcf5-6120-4072-ad58-8d8c7bd22478: no agents available; will retry on subsequent port and subnet creation events.
2026-07-08 16:42:26.982 8 INFO neutron.plugins.ml2.drivers.ovn.mech_driver.mech_driver [None req-b1b7f686-0c56-47c1-804a-d340f558fb54 - - - - - -] OVN reports status down for port: 713a6a3e-de8f-495d-acee-c74796bb0850
2026-07-08 16:42:26.993 8 INFO neutron.db.ovn_revision_numbers_db [None req-0a676d6b-a85b-4401-9f9c-f98e09be4b69 23b6a08c634549f494a514f2289b8850 0a9d66af126542139e3793b9a32bf72d - - default default] Successfully bumped revision number for resource 04ffc2a3-7495-4659-b955-17b40b32030c (type: security_groups) to 1
2026-07-08 16:42:27.011 7 INFO neutron.db.ovn_revision_numbers_db [None req-c04a3666-c8dd-4c95-8e4d-2069fcc368f3 0b2c9689cdcd43798abe8f70d43ac109 f99acbcb12734f469cf5a97dd132eb0f - - default default] Successfully bumped revision number for resource 713a6a3e-de8f-495d-acee-c74796bb0850 (type: ports) to 1
2026-07-08 16:42:27.027 8 INFO neutron.db.ovn_revision_numbers_db [None req-0a676d6b-a85b-4401-9f9c-f98e09be4b69 23b6a08c634549f494a514f2289b8850 0a9d66af126542139e3793b9a32bf72d - - default default] Successfully bumped revision number for resource 21b0b431-a426-4111-bc90-7cc850017f9d (type: security_group_rules) to 0 [pid: 7|app: 0|req: 888/1704] 10.0.0.153 () {34 vars in 670 bytes} [Wed Jul 8 16:42:26 2026] POST /v2.0/networks => generated 670 bytes in 572 msecs (HTTP/1.1 201) 4 headers in 162 bytes (1 switches on core 0)
2026-07-08 16:42:27.048 8 INFO neutron.db.ovn_revision_numbers_db [None req-0a676d6b-a85b-4401-9f9c-f98e09be4b69 23b6a08c634549f494a514f2289b8850 0a9d66af126542139e3793b9a32bf72d - - default default] Successfully bumped revision number for resource 977deffb-7ba4-400d-96d3-4cecc2b8a4f7 (type: security_group_rules) to 0
2026-07-08 16:42:27.065 8 INFO neutron.db.ovn_revision_numbers_db [None req-0a676d6b-a85b-4401-9f9c-f98e09be4b69 23b6a08c634549f494a514f2289b8850 0a9d66af126542139e3793b9a32bf72d - - default default] Successfully bumped revision number for resource bd62b2b7-9e67-4ff4-b04f-67fc6a269bef (type: security_group_rules) to 0
2026-07-08 16:42:27.091 8 INFO neutron.db.ovn_revision_numbers_db [None req-0a676d6b-a85b-4401-9f9c-f98e09be4b69 23b6a08c634549f494a514f2289b8850 0a9d66af126542139e3793b9a32bf72d - - default default] Successfully bumped revision number for resource d86c3f99-5a32-429c-936a-e465ad2f0e60 (type: security_group_rules) to 0
2026-07-08 16:42:27.157 7 INFO neutron.db.ovn_revision_numbers_db [None req-2ddd8ce9-1ae3-4a87-b73f-79bd9937970d 142e8f2a450f4ae9afa50a77a16ea67f dacce13eb2884cb19ce26cffb539e29d - - default default] Successfully bumped revision number for resource 7cadedc3-4f65-414c-831d-53c8a908105e (type: security_group_rules) to 0
2026-07-08 16:42:27.184 8 INFO neutron.db.segments_db [None req-0a676d6b-a85b-4401-9f9c-f98e09be4b69 23b6a08c634549f494a514f2289b8850 0a9d66af126542139e3793b9a32bf72d - - default default] Added segment 9bb91551-9148-493b-9623-4c9730f7f8e9 of type geneve for network b329c21b-a51b-458f-8f8a-4e2b54a989b5 [pid: 7|app: 0|req: 889/1705] 10.0.0.153 () {34 vars in 695 bytes} [Wed Jul 8 16:42:27 2026] POST /v2.0/security-group-rules => generated 597 bytes in 155 msecs (HTTP/1.1 201) 4 headers in 162 bytes (1 switches on core 0)
2026-07-08 16:42:27.245 7 WARNING neutron.db.securitygroups_db [None req-02071d7b-1622-4758-9af7-e332e13c9445 913f32b369504acb9c48ee7abe395b51 fdbaadfb9f3e454a9f1fa58686c8f49c - - default default] project_id key not found in filters, using tenant_id instead. This support has been deprecated and will be removed in a future release.
2026-07-08 16:42:27.307 8 INFO neutron.db.ovn_revision_numbers_db [None req-0a676d6b-a85b-4401-9f9c-f98e09be4b69 23b6a08c634549f494a514f2289b8850 0a9d66af126542139e3793b9a32bf72d - - default default] Successfully bumped revision number for resource b329c21b-a51b-458f-8f8a-4e2b54a989b5 (type: networks) to 1
2026-07-08 16:42:27.377 7 INFO neutron.db.ovn_revision_numbers_db [None req-02071d7b-1622-4758-9af7-e332e13c9445 913f32b369504acb9c48ee7abe395b51 fdbaadfb9f3e454a9f1fa58686c8f49c - - default default] Successfully bumped revision number for resource 9f96ce1d-6c7b-49ee-8f29-e8a70cd70154 (type: security_groups) to 1
2026-07-08 16:42:27.389 7 INFO neutron.db.ovn_revision_numbers_db [None req-02071d7b-1622-4758-9af7-e332e13c9445 913f32b369504acb9c48ee7abe395b51 fdbaadfb9f3e454a9f1fa58686c8f49c - - default default] Successfully bumped revision number for resource 0eb7ec56-1896-4a20-85fb-1891827c5d2b (type: security_group_rules) to 0
2026-07-08 16:42:27.401 7 INFO neutron.db.ovn_revision_numbers_db [None req-02071d7b-1622-4758-9af7-e332e13c9445 913f32b369504acb9c48ee7abe395b51 fdbaadfb9f3e454a9f1fa58686c8f49c - - default default] Successfully bumped revision number for resource 1862cadb-e67a-40a1-97c8-c743b848d0ed (type: security_group_rules) to 0
2026-07-08 16:42:27.413 7 INFO neutron.db.ovn_revision_numbers_db [None req-02071d7b-1622-4758-9af7-e332e13c9445 913f32b369504acb9c48ee7abe395b51 fdbaadfb9f3e454a9f1fa58686c8f49c - - default default] Successfully bumped revision number for resource 3cd5c300-90dc-4e7c-90d0-71cf7992364b (type: security_group_rules) to 0
2026-07-08 16:42:27.425 7 INFO neutron.db.ovn_revision_numbers_db [None req-02071d7b-1622-4758-9af7-e332e13c9445 913f32b369504acb9c48ee7abe395b51 fdbaadfb9f3e454a9f1fa58686c8f49c - - default default] Successfully bumped revision number for resource 79b55d24-5674-4507-99db-862b8540ed4f (type: security_group_rules) to 0 [pid: 7|app: 0|req: 890/1706] 10.0.0.153 () {32 vars in 774 bytes} [Wed Jul 8 16:42:27 2026] GET /v2.0/security-groups?tenant_id=27bb7f99cc2e484a906af9932fee58e4&name=default => generated 2925 bytes in 268 msecs (HTTP/1.1 200) 4 headers in 158 bytes (1 switches on core 0)
2026-07-08 16:42:27.511 8 WARNING neutron.scheduler.dhcp_agent_scheduler [None req-0a676d6b-a85b-4401-9f9c-f98e09be4b69 23b6a08c634549f494a514f2289b8850 0a9d66af126542139e3793b9a32bf72d - - default default] No more DHCP agents
2026-07-08 16:42:27.513 8 WARNING neutron.api.rpc.agentnotifiers.dhcp_rpc_agent_api [None req-0a676d6b-a85b-4401-9f9c-f98e09be4b69 23b6a08c634549f494a514f2289b8850 0a9d66af126542139e3793b9a32bf72d - - default default] Unable to schedule network b329c21b-a51b-458f-8f8a-4e2b54a989b5: no agents available; will retry on subsequent port and subnet creation events.
2026-07-08 16:42:27.591 8 INFO neutron.plugins.ml2.drivers.ovn.mech_driver.mech_driver [None req-b1b7f686-0c56-47c1-804a-d340f558fb54 - - - - - -] OVN reports status down for port: c67ac465-804f-48a2-bb23-0f2117eafa50
2026-07-08 16:42:27.661 8 INFO neutron.db.ovn_revision_numbers_db [None req-0a676d6b-a85b-4401-9f9c-f98e09be4b69 23b6a08c634549f494a514f2289b8850 0a9d66af126542139e3793b9a32bf72d - - default default] Successfully bumped revision number for resource c67ac465-804f-48a2-bb23-0f2117eafa50 (type: ports) to 1
2026-07-08 16:42:27.717 7 WARNING neutron.scheduler.dhcp_agent_scheduler [None req-66911d78-63bc-4e72-b70d-e199d840a0ae 0b2c9689cdcd43798abe8f70d43ac109 f99acbcb12734f469cf5a97dd132eb0f - - default default] No more DHCP agents
2026-07-08 16:42:27.719 7 WARNING neutron.api.rpc.agentnotifiers.dhcp_rpc_agent_api [None req-66911d78-63bc-4e72-b70d-e199d840a0ae 0b2c9689cdcd43798abe8f70d43ac109 f99acbcb12734f469cf5a97dd132eb0f - - default default] Unable to schedule network 0b6afcf5-6120-4072-ad58-8d8c7bd22478: no agents available; will retry on subsequent port and subnet creation events. [pid: 8|app: 0|req: 817/1707] 10.0.0.153 () {34 vars in 670 bytes} [Wed Jul 8 16:42:26 2026] POST /v2.0/networks => generated 667 bytes in 1120 msecs (HTTP/1.1 201) 4 headers in 162 bytes (1 switches on core 0)
2026-07-08 16:42:27.856 7 INFO neutron.db.ovn_revision_numbers_db [None req-66911d78-63bc-4e72-b70d-e199d840a0ae 0b2c9689cdcd43798abe8f70d43ac109 f99acbcb12734f469cf5a97dd132eb0f - - default default] Successfully bumped revision number for resource 6cba6d8f-61bb-4767-9cc0-3de5bae546e7 (type: ports) to 1 [pid: 7|app: 0|req: 891/1708] 10.0.0.153 () {34 vars in 664 bytes} [Wed Jul 8 16:42:27 2026] POST /v2.0/ports => generated 743 bytes in 429 msecs (HTTP/1.1 201) 4 headers in 162 bytes (1 switches on core 0) /var/lib/openstack/lib/python3.12/site-packages/pycadf/identifier.py:70: UserWarning: Invalid uuid: neutron. To ensure interoperability, identifiers should be a valid uuid. warnings.warn(('Invalid uuid: %s. To ensure interoperability, '
2026-07-08 16:42:27.912 8 INFO neutron.db.ovn_revision_numbers_db [None req-41afde5e-84b6-46fb-b0ab-5c1148ff826b 142e8f2a450f4ae9afa50a77a16ea67f dacce13eb2884cb19ce26cffb539e29d - - default default] Successfully bumped revision number for resource 46fc5657-8a09-4414-964f-55918cb5088f (type: security_group_rules) to 0 [pid: 8|app: 0|req: 818/1709] 10.0.0.153 () {34 vars in 695 bytes} [Wed Jul 8 16:42:27 2026] POST /v2.0/security-group-rules => generated 596 bytes in 231 msecs (HTTP/1.1 201) 4 headers in 162 bytes (1 switches on core 0)
2026-07-08 16:42:28.054 8 INFO neutron.db.segments_db [None req-723abb16-a591-4fd1-bbbe-bc842938f369 23b6a08c634549f494a514f2289b8850 0a9d66af126542139e3793b9a32bf72d - - default default] Added segment 8d364b2e-dfff-4fe1-a643-b4b356348ba3 of type geneve for network 4006ae89-55a3-4a89-bd17-b28a2ae968dc [pid: 7|app: 0|req: 892/1710] 10.0.0.153 () {32 vars in 740 bytes} [Wed Jul 8 16:42:27 2026] DELETE /v2.0/security-groups/9f96ce1d-6c7b-49ee-8f29-e8a70cd70154 => generated 0 bytes in 192 msecs (HTTP/1.1 204) 2 headers in 112 bytes (1 switches on core 0)
2026-07-08 16:42:28.220 8 INFO neutron.db.ovn_revision_numbers_db [None req-723abb16-a591-4fd1-bbbe-bc842938f369 23b6a08c634549f494a514f2289b8850 0a9d66af126542139e3793b9a32bf72d - - default default] Successfully bumped revision number for resource 4006ae89-55a3-4a89-bd17-b28a2ae968dc (type: networks) to 1 [pid: 7|app: 0|req: 893/1711] 10.0.0.153 () {34 vars in 666 bytes} [Wed Jul 8 16:42:28 2026] POST /v2.0/trunks => generated 409 bytes in 202 msecs (HTTP/1.1 201) 4 headers in 162 bytes (1 switches on core 0)
2026-07-08 16:42:28.393 7 INFO neutron.db.ovn_revision_numbers_db [None req-2ce283ed-5234-4028-83b4-b5ecc41ad608 142e8f2a450f4ae9afa50a77a16ea67f dacce13eb2884cb19ce26cffb539e29d - - default default] Successfully bumped revision number for resource 380165be-6f9d-49f7-a198-a0e16bf15b35 (type: security_group_rules) to 0
2026-07-08 16:42:28.408 8 WARNING neutron.scheduler.dhcp_agent_scheduler [None req-723abb16-a591-4fd1-bbbe-bc842938f369 23b6a08c634549f494a514f2289b8850 0a9d66af126542139e3793b9a32bf72d - - default default] No more DHCP agents
2026-07-08 16:42:28.409 8 WARNING neutron.api.rpc.agentnotifiers.dhcp_rpc_agent_api [None req-723abb16-a591-4fd1-bbbe-bc842938f369 23b6a08c634549f494a514f2289b8850 0a9d66af126542139e3793b9a32bf72d - - default default] Unable to schedule network 4006ae89-55a3-4a89-bd17-b28a2ae968dc: no agents available; will retry on subsequent port and subnet creation events. [pid: 7|app: 0|req: 894/1712] 10.0.0.153 () {34 vars in 695 bytes} [Wed Jul 8 16:42:28 2026] POST /v2.0/security-group-rules => generated 602 bytes in 138 msecs (HTTP/1.1 201) 4 headers in 162 bytes (1 switches on core 0)
2026-07-08 16:42:28.509 8 INFO neutron.db.ovn_revision_numbers_db [None req-723abb16-a591-4fd1-bbbe-bc842938f369 23b6a08c634549f494a514f2289b8850 0a9d66af126542139e3793b9a32bf72d - - default default] Successfully bumped revision number for resource a9917984-a19c-4314-96e1-e45217bd7526 (type: ports) to 1 [pid: 8|app: 0|req: 819/1713] 10.0.0.153 () {34 vars in 670 bytes} [Wed Jul 8 16:42:27 2026] POST /v2.0/networks => generated 667 bytes in 591 msecs (HTTP/1.1 201) 4 headers in 162 bytes (1 switches on core 0)
2026-07-08 16:42:28.639 7 INFO neutron.db.segments_db [None req-65d0c7b3-a566-4472-9b7a-f1a6a8922de8 0b2c9689cdcd43798abe8f70d43ac109 f99acbcb12734f469cf5a97dd132eb0f - - default default] Added segment 07b893bb-56d3-4fab-a4aa-33737c0a746e of type geneve for network 6f6452cb-2ad7-47c5-a791-6d2730e69dad
2026-07-08 16:42:28.753 8 INFO neutron.db.ovn_revision_numbers_db [None req-856d709d-135e-4f2c-82fa-a2f1417d11ec 142e8f2a450f4ae9afa50a77a16ea67f dacce13eb2884cb19ce26cffb539e29d - - default default] Successfully bumped revision number for resource e1241d72-c2c6-4eb2-a6cd-93fb097e0dec (type: security_group_rules) to 0
2026-07-08 16:42:28.794 7 INFO neutron.db.ovn_revision_numbers_db [None req-65d0c7b3-a566-4472-9b7a-f1a6a8922de8 0b2c9689cdcd43798abe8f70d43ac109 f99acbcb12734f469cf5a97dd132eb0f - - default default] Successfully bumped revision number for resource 6f6452cb-2ad7-47c5-a791-6d2730e69dad (type: networks) to 1 [pid: 8|app: 0|req: 820/1714] 10.0.0.153 () {34 vars in 695 bytes} [Wed Jul 8 16:42:28 2026] POST /v2.0/security-group-rules => generated 601 bytes in 252 msecs (HTTP/1.1 201) 4 headers in 162 bytes (1 switches on core 0)
2026-07-08 16:42:28.990 8 WARNING neutron.scheduler.dhcp_agent_scheduler [None req-3aae8ce7-88fa-4dd8-b6e9-9ac592e3db3d 23b6a08c634549f494a514f2289b8850 0a9d66af126542139e3793b9a32bf72d - - default default] No more DHCP agents
2026-07-08 16:42:28.992 8 WARNING neutron.api.rpc.agentnotifiers.dhcp_rpc_agent_api [None req-3aae8ce7-88fa-4dd8-b6e9-9ac592e3db3d 23b6a08c634549f494a514f2289b8850 0a9d66af126542139e3793b9a32bf72d - - default default] Unable to schedule network b329c21b-a51b-458f-8f8a-4e2b54a989b5: no agents available; will retry on subsequent port and subnet creation events.
2026-07-08 16:42:29.003 7 WARNING neutron.scheduler.dhcp_agent_scheduler [None req-65d0c7b3-a566-4472-9b7a-f1a6a8922de8 0b2c9689cdcd43798abe8f70d43ac109 f99acbcb12734f469cf5a97dd132eb0f - - default default] No more DHCP agents
2026-07-08 16:42:29.005 7 WARNING neutron.api.rpc.agentnotifiers.dhcp_rpc_agent_api [None req-65d0c7b3-a566-4472-9b7a-f1a6a8922de8 0b2c9689cdcd43798abe8f70d43ac109 f99acbcb12734f469cf5a97dd132eb0f - - default default] Unable to schedule network 6f6452cb-2ad7-47c5-a791-6d2730e69dad: no agents available; will retry on subsequent port and subnet creation events.
2026-07-08 16:42:29.083 7 INFO neutron.db.ovn_revision_numbers_db [None req-65d0c7b3-a566-4472-9b7a-f1a6a8922de8 0b2c9689cdcd43798abe8f70d43ac109 f99acbcb12734f469cf5a97dd132eb0f - - default default] Successfully bumped revision number for resource ccecdba0-bff9-416a-8126-bb446a06a3a2 (type: ports) to 1
2026-07-08 16:42:29.098 8 INFO neutron.plugins.ml2.drivers.ovn.mech_driver.mech_driver [None req-b1b7f686-0c56-47c1-804a-d340f558fb54 - - - - - -] OVN reports status down for port: ccecdba0-bff9-416a-8126-bb446a06a3a2 [pid: 7|app: 0|req: 895/1715] 10.0.0.153 () {34 vars in 670 bytes} [Wed Jul 8 16:42:28 2026] POST /v2.0/networks => generated 670 bytes in 679 msecs (HTTP/1.1 201) 4 headers in 162 bytes (1 switches on core 0)
2026-07-08 16:42:29.157 7 INFO neutron.db.securitygroups_db [None req-71ce876c-f4de-49f6-8257-b729a960bc68 142e8f2a450f4ae9afa50a77a16ea67f dacce13eb2884cb19ce26cffb539e29d - - default default] Project dacce13eb2884cb19ce26cffb539e29d added a security group rule with legacy IPv6 ICMP protocol name icmp, ipv6-icmp should be used instead. It was automatically converted.
2026-07-08 16:42:29.236 7 INFO neutron.db.ovn_revision_numbers_db [None req-71ce876c-f4de-49f6-8257-b729a960bc68 142e8f2a450f4ae9afa50a77a16ea67f dacce13eb2884cb19ce26cffb539e29d - - default default] Successfully bumped revision number for resource f9fe1790-e455-48aa-96ce-6aa7945d05d7 (type: security_group_rules) to 0 [pid: 7|app: 0|req: 896/1716] 10.0.0.153 () {34 vars in 695 bytes} [Wed Jul 8 16:42:29 2026] POST /v2.0/security-group-rules => generated 607 bytes in 162 msecs (HTTP/1.1 201) 4 headers in 162 bytes (1 switches on core 0)
2026-07-08 16:42:29.484 7 WARNING neutron.scheduler.dhcp_agent_scheduler [None req-ae2e0ed7-0137-4933-b544-7ff35e862328 0b2c9689cdcd43798abe8f70d43ac109 f99acbcb12734f469cf5a97dd132eb0f - - default default] No more DHCP agents
2026-07-08 16:42:29.485 7 WARNING neutron.api.rpc.agentnotifiers.dhcp_rpc_agent_api [None req-ae2e0ed7-0137-4933-b544-7ff35e862328 0b2c9689cdcd43798abe8f70d43ac109 f99acbcb12734f469cf5a97dd132eb0f - - default default] Unable to schedule network 6f6452cb-2ad7-47c5-a791-6d2730e69dad: no agents available; will retry on subsequent port and subnet creation events.
2026-07-08 16:42:29.586 7 INFO neutron.db.ovn_revision_numbers_db [None req-ae2e0ed7-0137-4933-b544-7ff35e862328 0b2c9689cdcd43798abe8f70d43ac109 f99acbcb12734f469cf5a97dd132eb0f - - default default] Successfully bumped revision number for resource 51fe61c7-eaee-4b73-80fe-8b9c4b25f754 (type: ports) to 1 [pid: 7|app: 0|req: 897/1717] 10.0.0.153 () {34 vars in 664 bytes} [Wed Jul 8 16:42:29 2026] POST /v2.0/ports => generated 743 bytes in 347 msecs (HTTP/1.1 201) 4 headers in 162 bytes (1 switches on core 0) /var/lib/openstack/lib/python3.12/site-packages/pycadf/identifier.py:70: UserWarning: Invalid uuid: neutron. To ensure interoperability, identifiers should be a valid uuid. warnings.warn(('Invalid uuid: %s. To ensure interoperability, '
2026-07-08 16:42:29.654 7 INFO neutron.db.securitygroups_db [None req-d4863d63-4ea6-44f3-9429-5927d03441fc 142e8f2a450f4ae9afa50a77a16ea67f dacce13eb2884cb19ce26cffb539e29d - - default default] Project dacce13eb2884cb19ce26cffb539e29d added a security group rule with legacy IPv6 ICMP protocol name icmp, ipv6-icmp should be used instead. It was automatically converted.
2026-07-08 16:42:29.659 8 INFO neutron.db.ovn_revision_numbers_db [None req-3aae8ce7-88fa-4dd8-b6e9-9ac592e3db3d 23b6a08c634549f494a514f2289b8850 0a9d66af126542139e3793b9a32bf72d - - default default] Successfully bumped revision number for resource c67ac465-804f-48a2-bb23-0f2117eafa50 (type: ports) to 2
2026-07-08 16:42:29.698 8 INFO neutron.db.ovn_revision_numbers_db [None req-3aae8ce7-88fa-4dd8-b6e9-9ac592e3db3d 23b6a08c634549f494a514f2289b8850 0a9d66af126542139e3793b9a32bf72d - - default default] Successfully bumped revision number for resource 580ed2c6-23ef-4d61-afbc-30deb646f894 (type: subnets) to 0 [pid: 8|app: 0|req: 821/1718] 10.0.0.153 () {34 vars in 669 bytes} [Wed Jul 8 16:42:28 2026] POST /v2.0/subnets => generated 626 bytes in 924 msecs (HTTP/1.1 201) 4 headers in 162 bytes (1 switches on core 0)
2026-07-08 16:42:29.742 7 INFO neutron.db.ovn_revision_numbers_db [None req-d4863d63-4ea6-44f3-9429-5927d03441fc 142e8f2a450f4ae9afa50a77a16ea67f dacce13eb2884cb19ce26cffb539e29d - - default default] Successfully bumped revision number for resource d2b1461b-f5dc-452a-a860-bdc96e452445 (type: security_group_rules) to 0 [pid: 7|app: 0|req: 898/1719] 10.0.0.153 () {34 vars in 695 bytes} [Wed Jul 8 16:42:29 2026] POST /v2.0/security-group-rules => generated 606 bytes in 164 msecs (HTTP/1.1 201) 4 headers in 162 bytes (1 switches on core 0) [pid: 8|app: 0|req: 822/1720] 10.0.0.153 () {34 vars in 666 bytes} [Wed Jul 8 16:42:29 2026] POST /v2.0/trunks => generated 409 bytes in 226 msecs (HTTP/1.1 201) 4 headers in 162 bytes (1 switches on core 0)
2026-07-08 16:42:30.012 7 WARNING neutron.scheduler.dhcp_agent_scheduler [None req-97b708ed-4385-48e8-b582-8942eb389ac1 23b6a08c634549f494a514f2289b8850 0a9d66af126542139e3793b9a32bf72d - - default default] No more DHCP agents
2026-07-08 16:42:30.014 7 WARNING neutron.api.rpc.agentnotifiers.dhcp_rpc_agent_api [None req-97b708ed-4385-48e8-b582-8942eb389ac1 23b6a08c634549f494a514f2289b8850 0a9d66af126542139e3793b9a32bf72d - - default default] Unable to schedule network 4006ae89-55a3-4a89-bd17-b28a2ae968dc: no agents available; will retry on subsequent port and subnet creation events.
2026-07-08 16:42:30.054 8 INFO neutron.db.segments_db [None req-9ed1bf5c-6053-4c5f-915f-28336fbb9c95 0b2c9689cdcd43798abe8f70d43ac109 f99acbcb12734f469cf5a97dd132eb0f - - default default] Added segment 1694f4b8-c201-40a6-989e-316ea0f92bac of type geneve for network 47b9079b-12f2-4f77-bc1b-59a9875101a2
2026-07-08 16:42:30.186 8 INFO neutron.db.ovn_revision_numbers_db [None req-9ed1bf5c-6053-4c5f-915f-28336fbb9c95 0b2c9689cdcd43798abe8f70d43ac109 f99acbcb12734f469cf5a97dd132eb0f - - default default] Successfully bumped revision number for resource 47b9079b-12f2-4f77-bc1b-59a9875101a2 (type: networks) to 1
2026-07-08 16:42:30.338 8 WARNING neutron.scheduler.dhcp_agent_scheduler [None req-9ed1bf5c-6053-4c5f-915f-28336fbb9c95 0b2c9689cdcd43798abe8f70d43ac109 f99acbcb12734f469cf5a97dd132eb0f - - default default] No more DHCP agents
2026-07-08 16:42:30.340 8 WARNING neutron.api.rpc.agentnotifiers.dhcp_rpc_agent_api [None req-9ed1bf5c-6053-4c5f-915f-28336fbb9c95 0b2c9689cdcd43798abe8f70d43ac109 f99acbcb12734f469cf5a97dd132eb0f - - default default] Unable to schedule network 47b9079b-12f2-4f77-bc1b-59a9875101a2: no agents available; will retry on subsequent port and subnet creation events.
2026-07-08 16:42:30.402 8 INFO neutron.plugins.ml2.drivers.ovn.mech_driver.mech_driver [None req-b1b7f686-0c56-47c1-804a-d340f558fb54 - - - - - -] OVN reports status down for port: 39b6030f-ad53-4078-845a-0e1044243476
2026-07-08 16:42:30.451 8 INFO neutron.db.ovn_revision_numbers_db [None req-9ed1bf5c-6053-4c5f-915f-28336fbb9c95 0b2c9689cdcd43798abe8f70d43ac109 f99acbcb12734f469cf5a97dd132eb0f - - default default] Successfully bumped revision number for resource 39b6030f-ad53-4078-845a-0e1044243476 (type: ports) to 1 [pid: 8|app: 0|req: 823/1721] 10.0.0.153 () {34 vars in 670 bytes} [Wed Jul 8 16:42:29 2026] POST /v2.0/networks => generated 669 bytes in 535 msecs (HTTP/1.1 201) 4 headers in 162 bytes (1 switches on core 0)
2026-07-08 16:42:30.562 7 INFO neutron.db.ovn_revision_numbers_db [None req-97b708ed-4385-48e8-b582-8942eb389ac1 23b6a08c634549f494a514f2289b8850 0a9d66af126542139e3793b9a32bf72d - - default default] Successfully bumped revision number for resource a9917984-a19c-4314-96e1-e45217bd7526 (type: ports) to 2
2026-07-08 16:42:30.590 7 INFO neutron.db.ovn_revision_numbers_db [None req-97b708ed-4385-48e8-b582-8942eb389ac1 23b6a08c634549f494a514f2289b8850 0a9d66af126542139e3793b9a32bf72d - - default default] Successfully bumped revision number for resource 0da95445-7c97-4aa7-a40a-329e123588c0 (type: subnets) to 0 [pid: 7|app: 0|req: 899/1722] 10.0.0.153 () {34 vars in 669 bytes} [Wed Jul 8 16:42:29 2026] POST /v2.0/subnets => generated 626 bytes in 824 msecs (HTTP/1.1 201) 4 headers in 162 bytes (1 switches on core 0) [pid: 8|app: 0|req: 824/1723] 10.0.0.153 () {32 vars in 649 bytes} [Wed Jul 8 16:42:30 2026] GET /v2.0/networks => generated 1374 bytes in 250 msecs (HTTP/1.1 200) 4 headers in 158 bytes (1 switches on core 0)
2026-07-08 16:42:30.897 7 WARNING neutron.scheduler.dhcp_agent_scheduler [None req-61bba128-1537-44d9-a285-5201c2d7ec47 0b2c9689cdcd43798abe8f70d43ac109 f99acbcb12734f469cf5a97dd132eb0f - - default default] No more DHCP agents
2026-07-08 16:42:30.898 7 WARNING neutron.api.rpc.agentnotifiers.dhcp_rpc_agent_api [None req-61bba128-1537-44d9-a285-5201c2d7ec47 0b2c9689cdcd43798abe8f70d43ac109 f99acbcb12734f469cf5a97dd132eb0f - - default default] Unable to schedule network 47b9079b-12f2-4f77-bc1b-59a9875101a2: no agents available; will retry on subsequent port and subnet creation events.
2026-07-08 16:42:30.950 8 INFO neutron.db.ovn_revision_numbers_db [None req-9eadb9d8-8d07-442b-a899-41856b04d56a 23b6a08c634549f494a514f2289b8850 0a9d66af126542139e3793b9a32bf72d - - default default] Successfully bumped revision number for resource 57fb697d-f1d8-4763-968b-60a899a0694d (type: routers) to 1
2026-07-08 16:42:30.959 8 INFO neutron.plugins.ml2.drivers.ovn.mech_driver.mech_driver [None req-b1b7f686-0c56-47c1-804a-d340f558fb54 - - - - - -] OVN reports status down for port: 5a28bef0-c597-4d64-9593-0684b88fd668 [pid: 8|app: 0|req: 825/1724] 10.0.0.153 () {34 vars in 669 bytes} [Wed Jul 8 16:42:30 2026] POST /v2.0/routers => generated 624 bytes in 233 msecs (HTTP/1.1 201) 4 headers in 162 bytes (1 switches on core 0)
2026-07-08 16:42:30.987 8 WARNING neutron.db.securitygroups_db [req-39f2485b-8f24-4138-8a2e-5c1916efafff req-53e13889-9b51-4807-a08f-d9c8fa1aa94d 142e8f2a450f4ae9afa50a77a16ea67f dacce13eb2884cb19ce26cffb539e29d - - default default] project_id key not found in filters, using tenant_id instead. This support has been deprecated and will be removed in a future release.
2026-07-08 16:42:30.990 7 INFO neutron.db.ovn_revision_numbers_db [None req-61bba128-1537-44d9-a285-5201c2d7ec47 0b2c9689cdcd43798abe8f70d43ac109 f99acbcb12734f469cf5a97dd132eb0f - - default default] Successfully bumped revision number for resource 5a28bef0-c597-4d64-9593-0684b88fd668 (type: ports) to 1 [pid: 7|app: 0|req: 900/1725] 10.0.0.153 () {34 vars in 664 bytes} [Wed Jul 8 16:42:30 2026] POST /v2.0/ports => generated 743 bytes in 415 msecs (HTTP/1.1 201) 4 headers in 162 bytes (1 switches on core 0) /var/lib/openstack/lib/python3.12/site-packages/pycadf/identifier.py:70: UserWarning: Invalid uuid: neutron. To ensure interoperability, identifiers should be a valid uuid. warnings.warn(('Invalid uuid: %s. To ensure interoperability, ' [pid: 8|app: 0|req: 826/1726] 10.0.0.76 () {34 vars in 1099 bytes} [Wed Jul 8 16:42:30 2026] GET /v2.0/security-groups?name=tempest-secgroup-smoke-1738240419&fields=id&tenant_id=dacce13eb2884cb19ce26cffb539e29d => generated 69 bytes in 60 msecs (HTTP/1.1 200) 4 headers in 156 bytes (1 switches on core 0) [pid: 8|app: 0|req: 827/1727] 10.0.0.153 () {34 vars in 666 bytes} [Wed Jul 8 16:42:31 2026] POST /v2.0/trunks => generated 409 bytes in 250 msecs (HTTP/1.1 201) 4 headers in 162 bytes (1 switches on core 0) [pid: 8|app: 0|req: 828/1728] 10.0.0.76 () {34 vars in 981 bytes} [Wed Jul 8 16:42:31 2026] GET /v2.0/networks?id=d07a257d-f900-44ff-974a-87d71b543692 => generated 699 bytes in 62 msecs (HTTP/1.1 200) 4 headers in 157 bytes (1 switches on core 0)
2026-07-08 16:42:31.365 8 WARNING tagging [None req-06cbfb27-e1a1-40bb-a32b-45b9b665d4ee 0b2c9689cdcd43798abe8f70d43ac109 f99acbcb12734f469cf5a97dd132eb0f - - default default] project_id key not found in request, using tenant_id instead. This support has been deprecated and will be removed in a future release. [pid: 8|app: 0|req: 829/1729] 10.0.0.153 () {34 vars in 749 bytes} [Wed Jul 8 16:42:31 2026] PUT /v2.0/trunks/44a1119c-c0ad-4df1-8eee-3bb048b4e5bb/tags => generated 17 bytes in 38 msecs (HTTP/1.1 200) 4 headers in 156 bytes (1 switches on core 0) [pid: 8|app: 0|req: 830/1730] 10.0.0.76 () {34 vars in 964 bytes} [Wed Jul 8 16:42:31 2026] GET /v2.0/quotas/dacce13eb2884cb19ce26cffb539e29d => generated 312 bytes in 12 msecs (HTTP/1.1 200) 4 headers in 157 bytes (1 switches on core 0)
2026-07-08 16:42:31.420 8 WARNING tagging [None req-3f300060-c505-400e-b5ce-a3bbc725a0b4 0b2c9689cdcd43798abe8f70d43ac109 f99acbcb12734f469cf5a97dd132eb0f - - default default] project_id key not found in request, using tenant_id instead. This support has been deprecated and will be removed in a future release. [pid: 8|app: 0|req: 831/1731] 10.0.0.153 () {34 vars in 749 bytes} [Wed Jul 8 16:42:31 2026] PUT /v2.0/trunks/fcfe5e80-fd68-4f86-a9fc-c3f16fa2541c/tags => generated 25 bytes in 46 msecs (HTTP/1.1 200) 4 headers in 156 bytes (1 switches on core 0)
2026-07-08 16:42:31.516 7 WARNING neutron.plugins.ml2.drivers.ovn.mech_driver.ovsdb.ovn_client [None req-76afff8a-2089-4ec9-9f78-6ef8db51024f - - - - - -] No hosting information found for port a63269bb-6a01-4abb-b28d-652c1c50da80: RuntimeError: No hosting information found for port a63269bb-6a01-4abb-b28d-652c1c50da80
2026-07-08 16:42:31.522 7 WARNING neutron.scheduler.dhcp_agent_scheduler [None req-2d42b819-a809-4e5d-94ad-fe562bbf4049 23b6a08c634549f494a514f2289b8850 0a9d66af126542139e3793b9a32bf72d - - default default] No more DHCP agents
2026-07-08 16:42:31.525 7 WARNING neutron.api.rpc.agentnotifiers.dhcp_rpc_agent_api [None req-2d42b819-a809-4e5d-94ad-fe562bbf4049 23b6a08c634549f494a514f2289b8850 0a9d66af126542139e3793b9a32bf72d - - default default] Unable to schedule network b329c21b-a51b-458f-8f8a-4e2b54a989b5: no agents available; will retry on subsequent port and subnet creation events. [pid: 8|app: 0|req: 832/1732] 10.0.0.76 () {34 vars in 1001 bytes} [Wed Jul 8 16:42:31 2026] GET /v2.0/ports?tenant_id=dacce13eb2884cb19ce26cffb539e29d&fields=id => generated 103 bytes in 82 msecs (HTTP/1.1 200) 4 headers in 157 bytes (1 switches on core 0)
2026-07-08 16:42:31.552 8 WARNING tagging [None req-8b8c0079-6276-467d-8437-aa556833887d 0b2c9689cdcd43798abe8f70d43ac109 f99acbcb12734f469cf5a97dd132eb0f - - default default] project_id key not found in request, using tenant_id instead. This support has been deprecated and will be removed in a future release. [pid: 8|app: 0|req: 833/1733] 10.0.0.153 () {34 vars in 749 bytes} [Wed Jul 8 16:42:31 2026] PUT /v2.0/trunks/30667f2e-8575-4de1-9aa3-e8a627f98250/tags => generated 34 bytes in 49 msecs (HTTP/1.1 200) 4 headers in 156 bytes (1 switches on core 0) [pid: 8|app: 0|req: 834/1734] 10.0.0.76 () {34 vars in 1007 bytes} [Wed Jul 8 16:42:31 2026] GET /v2.0/networks/d07a257d-f900-44ff-974a-87d71b543692?fields=segments => generated 14 bytes in 80 msecs (HTTP/1.1 200) 4 headers in 156 bytes (1 switches on core 0)
2026-07-08 16:42:31.675 8 WARNING tagging [None req-9cbd8edb-9928-4d1f-ba56-0e37e8be8976 0b2c9689cdcd43798abe8f70d43ac109 f99acbcb12734f469cf5a97dd132eb0f - - default default] project_id key not found in request, using tenant_id instead. This support has been deprecated and will be removed in a future release. [pid: 8|app: 0|req: 835/1735] 10.0.0.153 () {34 vars in 749 bytes} [Wed Jul 8 16:42:31 2026] PUT /v2.0/trunks/a9d2f43b-24b4-47da-a8e0-9495817031e1/tags => generated 19 bytes in 38 msecs (HTTP/1.1 200) 4 headers in 156 bytes (1 switches on core 0)
2026-07-08 16:42:31.708 7 INFO neutron.db.ovn_revision_numbers_db [None req-76afff8a-2089-4ec9-9f78-6ef8db51024f - - - - - -] Successfully bumped revision number for resource a63269bb-6a01-4abb-b28d-652c1c50da80 (type: router_ports) to 2 [pid: 8|app: 0|req: 836/1736] 10.0.0.76 () {34 vars in 1107 bytes} [Wed Jul 8 16:42:31 2026] GET /v2.0/networks/d07a257d-f900-44ff-974a-87d71b543692?fields=provider%3Aphysical_network&fields=provider%3Anetwork_type => generated 79 bytes in 52 msecs (HTTP/1.1 200) 4 headers in 156 bytes (1 switches on core 0) [pid: 8|app: 0|req: 837/1737] 10.0.0.153 () {32 vars in 662 bytes} [Wed Jul 8 16:42:31 2026] GET /v2.0/trunks?tags=red => generated 1252 bytes in 21 msecs (HTTP/1.1 200) 4 headers in 158 bytes (1 switches on core 0) [pid: 8|app: 0|req: 838/1738] 10.0.0.153 () {32 vars in 676 bytes} [Wed Jul 8 16:42:31 2026] GET /v2.0/trunks?tags=red%2Cblue => generated 847 bytes in 36 msecs (HTTP/1.1 200) 4 headers in 157 bytes (1 switches on core 0)
2026-07-08 16:42:31.849 7 INFO neutron.plugins.ml2.drivers.ovn.mech_driver.mech_driver [None req-76afff8a-2089-4ec9-9f78-6ef8db51024f - - - - - -] OVN reports status down for port: 6cba6d8f-61bb-4767-9cc0-3de5bae546e7 [pid: 8|app: 0|req: 839/1739] 10.0.0.153 () {32 vars in 672 bytes} [Wed Jul 8 16:42:31 2026] GET /v2.0/trunks?tags-any=blue => generated 847 bytes in 26 msecs (HTTP/1.1 200) 4 headers in 157 bytes (1 switches on core 0) [pid: 8|app: 0|req: 840/1740] 10.0.0.153 () {32 vars in 684 bytes} [Wed Jul 8 16:42:31 2026] GET /v2.0/trunks?tags-any=red%2Cblue => generated 1252 bytes in 23 msecs (HTTP/1.1 200) 4 headers in 158 bytes (1 switches on core 0) [pid: 8|app: 0|req: 841/1741] 10.0.0.153 () {32 vars in 670 bytes} [Wed Jul 8 16:42:31 2026] GET /v2.0/trunks?not-tags=red => generated 819 bytes in 26 msecs (HTTP/1.1 200) 4 headers in 157 bytes (1 switches on core 0)
2026-07-08 16:42:31.933 7 INFO neutron.db.ovn_revision_numbers_db [None req-2d42b819-a809-4e5d-94ad-fe562bbf4049 23b6a08c634549f494a514f2289b8850 0a9d66af126542139e3793b9a32bf72d - - default default] Successfully bumped revision number for resource 3a0f0df1-8dfa-49ae-a8e5-9346387d8956 (type: ports) to 1 [pid: 8|app: 0|req: 842/1742] 10.0.0.153 () {32 vars in 684 bytes} [Wed Jul 8 16:42:31 2026] GET /v2.0/trunks?not-tags=red%2Cblue => generated 1224 bytes in 21 msecs (HTTP/1.1 200) 4 headers in 158 bytes (1 switches on core 0) [pid: 8|app: 0|req: 843/1743] 10.0.0.76 () {34 vars in 1069 bytes} [Wed Jul 8 16:42:31 2026] GET /v2.0/ports?fields=security_groups&fields=device_id&device_id=697825f6-8399-46ed-ba75-a30bb049f2fe => generated 12 bytes in 21 msecs (HTTP/1.1 200) 4 headers in 156 bytes (1 switches on core 0) [pid: 8|app: 0|req: 844/1744] 10.0.0.153 () {32 vars in 680 bytes} [Wed Jul 8 16:42:31 2026] GET /v2.0/trunks?not-tags-any=blue => generated 1224 bytes in 35 msecs (HTTP/1.1 200) 4 headers in 158 bytes (1 switches on core 0) [pid: 8|app: 0|req: 845/1745] 10.0.0.153 () {32 vars in 692 bytes} [Wed Jul 8 16:42:31 2026] GET /v2.0/trunks?not-tags-any=red%2Cblue => generated 819 bytes in 14 msecs (HTTP/1.1 200) 4 headers in 157 bytes (1 switches on core 0) [pid: 8|app: 0|req: 846/1746] 10.0.0.153 () {32 vars in 719 bytes} [Wed Jul 8 16:42:32 2026] GET /v2.0/trunks/44a1119c-c0ad-4df1-8eee-3bb048b4e5bb => generated 414 bytes in 15 msecs (HTTP/1.1 200) 4 headers in 157 bytes (1 switches on core 0)
2026-07-08 16:42:32.043 7 INFO neutron.plugins.ml2.drivers.ovn.mech_driver.mech_driver [None req-76afff8a-2089-4ec9-9f78-6ef8db51024f - - - - - -] OVN reports status down for port: a9917984-a19c-4314-96e1-e45217bd7526 [pid: 8|app: 0|req: 847/1747] 10.0.0.153 () {32 vars in 717 bytes} [Wed Jul 8 16:42:32 2026] GET /v2.0/ports/1da4e9dc-0f34-4baf-899b-3740e030f0ec => generated 826 bytes in 117 msecs (HTTP/1.1 200) 4 headers in 157 bytes (1 switches on core 0)
2026-07-08 16:42:32.189 7 INFO neutron.plugins.ml2.drivers.ovn.mech_driver.mech_driver [None req-76afff8a-2089-4ec9-9f78-6ef8db51024f - - - - - -] OVN reports status down for port: 51fe61c7-eaee-4b73-80fe-8b9c4b25f754 [pid: 8|app: 0|req: 848/1748] 10.0.0.153 () {32 vars in 722 bytes} [Wed Jul 8 16:42:32 2026] DELETE /v2.0/trunks/44a1119c-c0ad-4df1-8eee-3bb048b4e5bb => generated 0 bytes in 60 msecs (HTTP/1.1 204) 2 headers in 112 bytes (1 switches on core 0) [pid: 8|app: 0|req: 849/1749] 10.0.0.153 () {32 vars in 719 bytes} [Wed Jul 8 16:42:32 2026] GET /v2.0/trunks/fcfe5e80-fd68-4f86-a9fc-c3f16fa2541c => generated 422 bytes in 17 msecs (HTTP/1.1 200) 4 headers in 157 bytes (1 switches on core 0) [pid: 8|app: 0|req: 850/1750] 10.0.0.153 () {32 vars in 717 bytes} [Wed Jul 8 16:42:32 2026] GET /v2.0/ports/98544e62-243a-4962-bc7b-111007183cc5 => generated 826 bytes in 72 msecs (HTTP/1.1 200) 4 headers in 157 bytes (1 switches on core 0)
