2026-02-25 23:32:52.173 7 INFO placement.requestlog [req-26b6907c-50dc-46d2-a514-a4f98e53efd5 req-a91b899b-b03f-437a-882a-0eedb5f30324 c2568815cce94b2ab00ac84c22da09c2 62a9d5ba5bf643e3bae89d230e5c6308 - - 8097667c7b4b4f0bbaec5e3407cb0240 8097667c7b4b4f0bbaec5e3407cb0240] 199.204.45.23 "GET /resource_providers/15eb3153-9864-49a6-8a49-5fb350fcb647/allocations" status: 200 len: 153 microversion: 1.0 [pid: 7|app: 0|req: 565/1127] 199.204.45.23 () {32 vars in 856 bytes} [Wed Feb 25 23:32:52 2026] GET /resource_providers/15eb3153-9864-49a6-8a49-5fb350fcb647/allocations => generated 153 bytes in 16 msecs (HTTP/1.1 200) 6 headers in 224 bytes (1 switches on core 0)
2026-02-25 23:32:52.195 8 INFO placement.requestlog [req-26b6907c-50dc-46d2-a514-a4f98e53efd5 req-0eddb2b0-4fa4-4254-b3bb-0238a7ea8933 c2568815cce94b2ab00ac84c22da09c2 62a9d5ba5bf643e3bae89d230e5c6308 - - 8097667c7b4b4f0bbaec5e3407cb0240 8097667c7b4b4f0bbaec5e3407cb0240] 199.204.45.23 "GET /resource_providers/15eb3153-9864-49a6-8a49-5fb350fcb647/allocations" status: 200 len: 153 microversion: 1.0 [pid: 8|app: 0|req: 563/1128] 199.204.45.23 () {32 vars in 856 bytes} [Wed Feb 25 23:32:52 2026] GET /resource_providers/15eb3153-9864-49a6-8a49-5fb350fcb647/allocations => generated 153 bytes in 14 msecs (HTTP/1.1 200) 6 headers in 224 bytes (1 switches on core 0)
2026-02-25 23:32:52.215 7 INFO placement.requestlog [req-26b6907c-50dc-46d2-a514-a4f98e53efd5 req-98b8977a-9a66-4ec3-9928-17bd02b48943 c2568815cce94b2ab00ac84c22da09c2 62a9d5ba5bf643e3bae89d230e5c6308 - - 8097667c7b4b4f0bbaec5e3407cb0240 8097667c7b4b4f0bbaec5e3407cb0240] 199.204.45.23 "GET /allocations/6547fcd1-c37e-4d12-8cd7-15f488199055" status: 200 len: 258 microversion: 1.28 [pid: 7|app: 0|req: 566/1129] 199.204.45.23 () {34 vars in 862 bytes} [Wed Feb 25 23:32:52 2026] GET /allocations/6547fcd1-c37e-4d12-8cd7-15f488199055 => generated 258 bytes in 14 msecs (HTTP/1.1 200) 8 headers in 296 bytes (1 switches on core 0)
2026-02-25 23:32:52.999 7 INFO placement.requestlog [None req-244f6f68-7cf1-4584-9a0d-eccef6e181a6 1be6146475da4a5a9afed755c148d455 62a9d5ba5bf643e3bae89d230e5c6308 - - 8097667c7b4b4f0bbaec5e3407cb0240 8097667c7b4b4f0bbaec5e3407cb0240] 10.0.0.204 "GET /resource_providers/b5a86e0f-9ef3-4f26-9e92-b1d144ac8bbf/aggregates" status: 404 len: 235 microversion: 1.1 [pid: 7|app: 0|req: 567/1130] 10.0.0.204 () {32 vars in 816 bytes} [Wed Feb 25 23:32:52 2026] GET /resource_providers/b5a86e0f-9ef3-4f26-9e92-b1d144ac8bbf/aggregates => generated 235 bytes in 10 msecs (HTTP/1.1 404) 5 headers in 202 bytes (1 switches on core 0)
2026-02-25 23:32:53.000 8 INFO placement.requestlog [None req-2bb46af1-e67b-4386-94b5-de718a32ca14 1be6146475da4a5a9afed755c148d455 62a9d5ba5bf643e3bae89d230e5c6308 - - 8097667c7b4b4f0bbaec5e3407cb0240 8097667c7b4b4f0bbaec5e3407cb0240] 10.0.0.204 "GET /resource_providers/b5a86e0f-9ef3-4f26-9e92-b1d144ac8bbf/aggregates" status: 404 len: 235 microversion: 1.1 [pid: 8|app: 0|req: 564/1131] 10.0.0.204 () {32 vars in 816 bytes} [Wed Feb 25 23:32:52 2026] GET /resource_providers/b5a86e0f-9ef3-4f26-9e92-b1d144ac8bbf/aggregates => generated 235 bytes in 12 msecs (HTTP/1.1 404) 5 headers in 202 bytes (1 switches on core 0)
2026-02-25 23:32:53.014 7 INFO placement.requestlog [None req-6ded8ad6-231e-4c93-b3f5-14f12d2a5867 1be6146475da4a5a9afed755c148d455 62a9d5ba5bf643e3bae89d230e5c6308 - - 8097667c7b4b4f0bbaec5e3407cb0240 8097667c7b4b4f0bbaec5e3407cb0240] 10.0.0.204 "DELETE /resource_providers/b5a86e0f-9ef3-4f26-9e92-b1d144ac8bbf" status: 404 len: 246 microversion: 1.1 [pid: 7|app: 0|req: 568/1132] 10.0.0.204 () {34 vars in 816 bytes} [Wed Feb 25 23:32:53 2026] DELETE /resource_providers/b5a86e0f-9ef3-4f26-9e92-b1d144ac8bbf => generated 246 bytes in 7 msecs (HTTP/1.1 404) 6 headers in 231 bytes (1 switches on core 0)
2026-02-25 23:32:53.029 8 INFO placement.requestlog [None req-f6870f11-4d0a-4a1b-ad2a-d6a98a334be6 1be6146475da4a5a9afed755c148d455 62a9d5ba5bf643e3bae89d230e5c6308 - - 8097667c7b4b4f0bbaec5e3407cb0240 8097667c7b4b4f0bbaec5e3407cb0240] 10.0.0.204 "DELETE /resource_providers/b5a86e0f-9ef3-4f26-9e92-b1d144ac8bbf" status: 404 len: 246 microversion: 1.1 [pid: 8|app: 0|req: 565/1133] 10.0.0.204 () {34 vars in 816 bytes} [Wed Feb 25 23:32:53 2026] DELETE /resource_providers/b5a86e0f-9ef3-4f26-9e92-b1d144ac8bbf => generated 246 bytes in 15 msecs (HTTP/1.1 404) 6 headers in 231 bytes (1 switches on core 0)
2026-02-25 23:32:53.463 7 INFO placement.requestlog [None req-7ca734c5-dd0c-401c-b79f-e18249cebd7a - - - - - -] 10.0.0.192 "GET /" status: 200 len: 136 microversion: 1.0
2026-02-25 23:32:53.463 8 INFO placement.requestlog [None req-655cde8a-de11-42f3-9479-f9f3bcda2cfd - - - - - -] 10.0.0.192 "GET /" status: 200 len: 136 microversion: 1.0
2026-02-25 23:33:02.404 8 INFO placement.requestlog [req-87adf5e4-99ca-43d1-8b9a-a02d749506a3 req-79b949e1-c530-47ac-86dd-c47961ee049d c2568815cce94b2ab00ac84c22da09c2 62a9d5ba5bf643e3bae89d230e5c6308 - - 8097667c7b4b4f0bbaec5e3407cb0240 8097667c7b4b4f0bbaec5e3407cb0240] 10.0.0.69 "GET /allocation_candidates?limit=1000&resources=DISK_GB%3A1%2CMEMORY_MB%3A512%2CVCPU%3A1&root_required=%21COMPUTE_STATUS_DISABLED" status: 200 len: 2783 microversion: 1.36 [pid: 8|app: 0|req: 567/1136] 10.0.0.69 () {34 vars in 1011 bytes} [Wed Feb 25 23:33:02 2026] GET /allocation_candidates?limit=1000&resources=DISK_GB%3A1%2CMEMORY_MB%3A512%2CVCPU%3A1&root_required=%21COMPUTE_STATUS_DISABLED => generated 2783 bytes in 46 msecs (HTTP/1.1 200) 8 headers in 297 bytes (1 switches on core 0)
2026-02-25 23:33:02.439 7 INFO placement.requestlog [req-87adf5e4-99ca-43d1-8b9a-a02d749506a3 req-ae779215-424e-4dc4-bd4e-1df0c2371c9b c2568815cce94b2ab00ac84c22da09c2 62a9d5ba5bf643e3bae89d230e5c6308 - - 8097667c7b4b4f0bbaec5e3407cb0240 8097667c7b4b4f0bbaec5e3407cb0240] 10.0.0.69 "GET /allocations/312db819-ddc2-4597-81b7-b6cbd70fd184" status: 200 len: 19 microversion: 1.28 [pid: 7|app: 0|req: 570/1137] 10.0.0.69 () {34 vars in 860 bytes} [Wed Feb 25 23:33:02 2026] GET /allocations/312db819-ddc2-4597-81b7-b6cbd70fd184 => generated 19 bytes in 10 msecs (HTTP/1.1 200) 8 headers in 295 bytes (1 switches on core 0)
2026-02-25 23:33:02.505 8 INFO placement.requestlog [req-87adf5e4-99ca-43d1-8b9a-a02d749506a3 req-dfeb25ed-e296-43ce-a834-e67f569cce01 c2568815cce94b2ab00ac84c22da09c2 62a9d5ba5bf643e3bae89d230e5c6308 - - 8097667c7b4b4f0bbaec5e3407cb0240 8097667c7b4b4f0bbaec5e3407cb0240] 10.0.0.69 "PUT /allocations/312db819-ddc2-4597-81b7-b6cbd70fd184" status: 204 len: 0 microversion: 1.36 [pid: 8|app: 0|req: 568/1138] 10.0.0.69 () {38 vars in 913 bytes} [Wed Feb 25 23:33:02 2026] PUT /allocations/312db819-ddc2-4597-81b7-b6cbd70fd184 => generated 0 bytes in 59 msecs (HTTP/1.1 204) 5 headers in 199 bytes (1 switches on core 0)
2026-02-25 23:33:03.463 7 INFO placement.requestlog [None req-7713ce85-bb7e-48b2-b63d-218e0d8332c9 - - - - - -] 10.0.0.192 "GET /" status: 200 len: 136 microversion: 1.0
2026-02-25 23:33:03.463 8 INFO placement.requestlog [None req-0dc10daa-6e5a-459f-92d1-33e97f2fb504 - - - - - -] 10.0.0.192 "GET /" status: 200 len: 136 microversion: 1.0
2026-02-25 23:33:04.097 7 INFO placement.requestlog [req-87adf5e4-99ca-43d1-8b9a-a02d749506a3 req-9e78c5c8-0163-409a-a92b-5447da2964ab c2568815cce94b2ab00ac84c22da09c2 62a9d5ba5bf643e3bae89d230e5c6308 - - 8097667c7b4b4f0bbaec5e3407cb0240 8097667c7b4b4f0bbaec5e3407cb0240] 199.204.45.23 "GET /allocations/312db819-ddc2-4597-81b7-b6cbd70fd184" status: 200 len: 258 microversion: 1.28 [pid: 7|app: 0|req: 572/1141] 199.204.45.23 () {34 vars in 862 bytes} [Wed Feb 25 23:33:04 2026] GET /allocations/312db819-ddc2-4597-81b7-b6cbd70fd184 => generated 258 bytes in 13 msecs (HTTP/1.1 200) 8 headers in 296 bytes (1 switches on core 0)
2026-02-25 23:33:05.136 8 INFO placement.requestlog [req-87adf5e4-99ca-43d1-8b9a-a02d749506a3 req-9e4683b8-b188-4735-85aa-74d135897af2 c2568815cce94b2ab00ac84c22da09c2 62a9d5ba5bf643e3bae89d230e5c6308 - - 8097667c7b4b4f0bbaec5e3407cb0240 8097667c7b4b4f0bbaec5e3407cb0240] 199.204.45.23 "GET /resource_providers/15eb3153-9864-49a6-8a49-5fb350fcb647/allocations" status: 200 len: 253 microversion: 1.0 [pid: 8|app: 0|req: 570/1142] 199.204.45.23 () {32 vars in 856 bytes} [Wed Feb 25 23:33:05 2026] GET /resource_providers/15eb3153-9864-49a6-8a49-5fb350fcb647/allocations => generated 253 bytes in 16 msecs (HTTP/1.1 200) 6 headers in 224 bytes (1 switches on core 0)
2026-02-25 23:33:05.157 7 INFO placement.requestlog [req-87adf5e4-99ca-43d1-8b9a-a02d749506a3 req-b5152df1-ce20-444f-9f79-dee5c6f82fa2 c2568815cce94b2ab00ac84c22da09c2 62a9d5ba5bf643e3bae89d230e5c6308 - - 8097667c7b4b4f0bbaec5e3407cb0240 8097667c7b4b4f0bbaec5e3407cb0240] 199.204.45.23 "GET /allocations/312db819-ddc2-4597-81b7-b6cbd70fd184" status: 200 len: 258 microversion: 1.28 [pid: 7|app: 0|req: 573/1143] 199.204.45.23 () {34 vars in 862 bytes} [Wed Feb 25 23:33:05 2026] GET /allocations/312db819-ddc2-4597-81b7-b6cbd70fd184 => generated 258 bytes in 15 msecs (HTTP/1.1 200) 8 headers in 296 bytes (1 switches on core 0)
2026-02-25 23:33:05.177 8 INFO placement.requestlog [req-87adf5e4-99ca-43d1-8b9a-a02d749506a3 req-c4354fea-bfe7-4cbb-b635-6ebcdea0184d c2568815cce94b2ab00ac84c22da09c2 62a9d5ba5bf643e3bae89d230e5c6308 - - 8097667c7b4b4f0bbaec5e3407cb0240 8097667c7b4b4f0bbaec5e3407cb0240] 199.204.45.23 "GET /allocations/6547fcd1-c37e-4d12-8cd7-15f488199055" status: 200 len: 258 microversion: 1.28 [pid: 8|app: 0|req: 571/1144] 199.204.45.23 () {34 vars in 862 bytes} [Wed Feb 25 23:33:05 2026] GET /allocations/6547fcd1-c37e-4d12-8cd7-15f488199055 => generated 258 bytes in 14 msecs (HTTP/1.1 200) 8 headers in 296 bytes (1 switches on core 0)
2026-02-25 23:33:08.564 7 INFO placement.requestlog [None req-469584a6-9ce9-4553-a7a1-786548f8524d 1be6146475da4a5a9afed755c148d455 62a9d5ba5bf643e3bae89d230e5c6308 - - 8097667c7b4b4f0bbaec5e3407cb0240 8097667c7b4b4f0bbaec5e3407cb0240] 10.0.0.204 "GET /resource_providers/89c511c7-fd43-4765-8446-3e7e53056196/aggregates" status: 404 len: 235 microversion: 1.1 [pid: 7|app: 0|req: 574/1145] 10.0.0.204 () {32 vars in 816 bytes} [Wed Feb 25 23:33:08 2026] GET /resource_providers/89c511c7-fd43-4765-8446-3e7e53056196/aggregates => generated 235 bytes in 8 msecs (HTTP/1.1 404) 5 headers in 202 bytes (1 switches on core 0)
2026-02-25 23:33:08.570 8 INFO placement.requestlog [None req-ef331341-294e-47c5-a46f-b5e97b346fbf 1be6146475da4a5a9afed755c148d455 62a9d5ba5bf643e3bae89d230e5c6308 - - 8097667c7b4b4f0bbaec5e3407cb0240 8097667c7b4b4f0bbaec5e3407cb0240] 10.0.0.204 "GET /resource_providers/89c511c7-fd43-4765-8446-3e7e53056196/aggregates" status: 404 len: 235 microversion: 1.1 [pid: 8|app: 0|req: 572/1146] 10.0.0.204 () {32 vars in 816 bytes} [Wed Feb 25 23:33:08 2026] GET /resource_providers/89c511c7-fd43-4765-8446-3e7e53056196/aggregates => generated 235 bytes in 11 msecs (HTTP/1.1 404) 5 headers in 202 bytes (1 switches on core 0)
2026-02-25 23:33:08.594 7 INFO placement.requestlog [None req-d6e63d8a-e09b-4de0-9911-6a0811951653 1be6146475da4a5a9afed755c148d455 62a9d5ba5bf643e3bae89d230e5c6308 - - 8097667c7b4b4f0bbaec5e3407cb0240 8097667c7b4b4f0bbaec5e3407cb0240] 10.0.0.204 "DELETE /resource_providers/89c511c7-fd43-4765-8446-3e7e53056196" status: 404 len: 246 microversion: 1.1 [pid: 7|app: 0|req: 575/1147] 10.0.0.204 () {34 vars in 816 bytes} [Wed Feb 25 23:33:08 2026] DELETE /resource_providers/89c511c7-fd43-4765-8446-3e7e53056196 => generated 246 bytes in 16 msecs (HTTP/1.1 404) 6 headers in 231 bytes (1 switches on core 0)
2026-02-25 23:33:08.602 8 INFO placement.requestlog [None req-38c4b602-9f15-49f0-9e84-4f78328e3c4d 1be6146475da4a5a9afed755c148d455 62a9d5ba5bf643e3bae89d230e5c6308 - - 8097667c7b4b4f0bbaec5e3407cb0240 8097667c7b4b4f0bbaec5e3407cb0240] 10.0.0.204 "DELETE /resource_providers/89c511c7-fd43-4765-8446-3e7e53056196" status: 404 len: 246 microversion: 1.1 [pid: 8|app: 0|req: 573/1148] 10.0.0.204 () {34 vars in 816 bytes} [Wed Feb 25 23:33:08 2026] DELETE /resource_providers/89c511c7-fd43-4765-8446-3e7e53056196 => generated 246 bytes in 12 msecs (HTTP/1.1 404) 6 headers in 231 bytes (1 switches on core 0)
2026-02-25 23:33:08.954 7 INFO placement.requestlog [None req-0e0e3f80-596c-46ab-afce-67479c8b3ee6 1be6146475da4a5a9afed755c148d455 62a9d5ba5bf643e3bae89d230e5c6308 - - 8097667c7b4b4f0bbaec5e3407cb0240 8097667c7b4b4f0bbaec5e3407cb0240] 10.0.0.204 "GET /resource_providers/dcbc1855-8155-4e5d-ba41-ab26f1ba1168/aggregates" status: 404 len: 235 microversion: 1.1
2026-02-25 23:33:08.954 8 INFO placement.requestlog [None req-4e0be00d-ab31-474c-b421-e80db1d8f686 1be6146475da4a5a9afed755c148d455 62a9d5ba5bf643e3bae89d230e5c6308 - - 8097667c7b4b4f0bbaec5e3407cb0240 8097667c7b4b4f0bbaec5e3407cb0240] 10.0.0.204 "GET /resource_providers/dcbc1855-8155-4e5d-ba41-ab26f1ba1168/aggregates" status: 404 len: 235 microversion: 1.1 [pid: 7|app: 0|req: 576/1149] 10.0.0.204 () {32 vars in 816 bytes} [Wed Feb 25 23:33:08 2026] GET /resource_providers/dcbc1855-8155-4e5d-ba41-ab26f1ba1168/aggregates => generated 235 bytes in 8 msecs (HTTP/1.1 404) 5 headers in 202 bytes (1 switches on core 0) [pid: 8|app: 0|req: 574/1150] 10.0.0.204 () {32 vars in 816 bytes} [Wed Feb 25 23:33:08 2026] GET /resource_providers/dcbc1855-8155-4e5d-ba41-ab26f1ba1168/aggregates => generated 235 bytes in 8 msecs (HTTP/1.1 404) 5 headers in 202 bytes (1 switches on core 0)
2026-02-25 23:33:08.977 7 INFO placement.requestlog [None req-c6de0b90-d0f3-4cc1-a270-2cf1adaae833 1be6146475da4a5a9afed755c148d455 62a9d5ba5bf643e3bae89d230e5c6308 - - 8097667c7b4b4f0bbaec5e3407cb0240 8097667c7b4b4f0bbaec5e3407cb0240] 10.0.0.204 "DELETE /resource_providers/dcbc1855-8155-4e5d-ba41-ab26f1ba1168" status: 404 len: 246 microversion: 1.1 [pid: 7|app: 0|req: 577/1151] 10.0.0.204 () {34 vars in 816 bytes} [Wed Feb 25 23:33:08 2026] DELETE /resource_providers/dcbc1855-8155-4e5d-ba41-ab26f1ba1168 => generated 246 bytes in 10 msecs (HTTP/1.1 404) 6 headers in 231 bytes (1 switches on core 0)
2026-02-25 23:33:08.980 8 INFO placement.requestlog [None req-78d26792-4390-4e5b-ac78-36fc85a49d20 1be6146475da4a5a9afed755c148d455 62a9d5ba5bf643e3bae89d230e5c6308 - - 8097667c7b4b4f0bbaec5e3407cb0240 8097667c7b4b4f0bbaec5e3407cb0240] 10.0.0.204 "DELETE /resource_providers/dcbc1855-8155-4e5d-ba41-ab26f1ba1168" status: 404 len: 246 microversion: 1.1 [pid: 8|app: 0|req: 575/1152] 10.0.0.204 () {34 vars in 816 bytes} [Wed Feb 25 23:33:08 2026] DELETE /resource_providers/dcbc1855-8155-4e5d-ba41-ab26f1ba1168 => generated 246 bytes in 10 msecs (HTTP/1.1 404) 6 headers in 231 bytes (1 switches on core 0)
2026-02-25 23:33:10.614 7 INFO placement.requestlog [None req-b9f5c7f9-eada-45e3-bcda-7785fd5c540c 1be6146475da4a5a9afed755c148d455 62a9d5ba5bf643e3bae89d230e5c6308 - - 8097667c7b4b4f0bbaec5e3407cb0240 8097667c7b4b4f0bbaec5e3407cb0240] 10.0.0.204 "GET /resource_providers/c3d12c8f-c5c8-468d-8d46-4cfa8dddd24a/aggregates" status: 404 len: 235 microversion: 1.1 [pid: 7|app: 0|req: 578/1153] 10.0.0.204 () {32 vars in 816 bytes} [Wed Feb 25 23:33:10 2026] GET /resource_providers/c3d12c8f-c5c8-468d-8d46-4cfa8dddd24a/aggregates => generated 235 bytes in 10 msecs (HTTP/1.1 404) 5 headers in 202 bytes (1 switches on core 0)
2026-02-25 23:33:10.621 8 INFO placement.requestlog [None req-1e4404fa-7043-4222-ab25-0099a2127b8d 1be6146475da4a5a9afed755c148d455 62a9d5ba5bf643e3bae89d230e5c6308 - - 8097667c7b4b4f0bbaec5e3407cb0240 8097667c7b4b4f0bbaec5e3407cb0240] 10.0.0.204 "GET /resource_providers/c3d12c8f-c5c8-468d-8d46-4cfa8dddd24a/aggregates" status: 404 len: 235 microversion: 1.1 [pid: 8|app: 0|req: 576/1154] 10.0.0.204 () {32 vars in 816 bytes} [Wed Feb 25 23:33:10 2026] GET /resource_providers/c3d12c8f-c5c8-468d-8d46-4cfa8dddd24a/aggregates => generated 235 bytes in 9 msecs (HTTP/1.1 404) 5 headers in 202 bytes (1 switches on core 0)
2026-02-25 23:33:10.627 7 INFO placement.requestlog [None req-cf0f53ec-8dcc-46d0-8776-685873c60d8d 1be6146475da4a5a9afed755c148d455 62a9d5ba5bf643e3bae89d230e5c6308 - - 8097667c7b4b4f0bbaec5e3407cb0240 8097667c7b4b4f0bbaec5e3407cb0240] 10.0.0.204 "DELETE /resource_providers/c3d12c8f-c5c8-468d-8d46-4cfa8dddd24a" status: 404 len: 246 microversion: 1.1 [pid: 7|app: 0|req: 579/1155] 10.0.0.204 () {34 vars in 816 bytes} [Wed Feb 25 23:33:10 2026] DELETE /resource_providers/c3d12c8f-c5c8-468d-8d46-4cfa8dddd24a => generated 246 bytes in 8 msecs (HTTP/1.1 404) 6 headers in 231 bytes (1 switches on core 0)
2026-02-25 23:33:10.637 8 INFO placement.requestlog [None req-628d4504-b841-439c-96f8-bd4eb34d159e 1be6146475da4a5a9afed755c148d455 62a9d5ba5bf643e3bae89d230e5c6308 - - 8097667c7b4b4f0bbaec5e3407cb0240 8097667c7b4b4f0bbaec5e3407cb0240] 10.0.0.204 "DELETE /resource_providers/c3d12c8f-c5c8-468d-8d46-4cfa8dddd24a" status: 404 len: 246 microversion: 1.1 [pid: 8|app: 0|req: 577/1156] 10.0.0.204 () {34 vars in 816 bytes} [Wed Feb 25 23:33:10 2026] DELETE /resource_providers/c3d12c8f-c5c8-468d-8d46-4cfa8dddd24a => generated 246 bytes in 8 msecs (HTTP/1.1 404) 6 headers in 231 bytes (1 switches on core 0)
2026-02-25 23:33:10.998 7 INFO placement.requestlog [None req-f3fb0ca2-590f-465f-8127-434d05ca4f43 1be6146475da4a5a9afed755c148d455 62a9d5ba5bf643e3bae89d230e5c6308 - - 8097667c7b4b4f0bbaec5e3407cb0240 8097667c7b4b4f0bbaec5e3407cb0240] 10.0.0.204 "GET /resource_providers/0a6a8f4c-8cdf-43e2-9936-eb22363aeab8/aggregates" status: 404 len: 235 microversion: 1.1 [pid: 7|app: 0|req: 580/1157] 10.0.0.204 () {32 vars in 816 bytes} [Wed Feb 25 23:33:10 2026] GET /resource_providers/0a6a8f4c-8cdf-43e2-9936-eb22363aeab8/aggregates => generated 235 bytes in 8 msecs (HTTP/1.1 404) 5 headers in 202 bytes (1 switches on core 0)
2026-02-25 23:33:11.003 8 INFO placement.requestlog [None req-9e0118bf-ea34-44cf-aedf-ac1ce305e5a4 1be6146475da4a5a9afed755c148d455 62a9d5ba5bf643e3bae89d230e5c6308 - - 8097667c7b4b4f0bbaec5e3407cb0240 8097667c7b4b4f0bbaec5e3407cb0240] 10.0.0.204 "GET /resource_providers/0a6a8f4c-8cdf-43e2-9936-eb22363aeab8/aggregates" status: 404 len: 235 microversion: 1.1 [pid: 8|app: 0|req: 578/1158] 10.0.0.204 () {32 vars in 816 bytes} [Wed Feb 25 23:33:10 2026] GET /resource_providers/0a6a8f4c-8cdf-43e2-9936-eb22363aeab8/aggregates => generated 235 bytes in 11 msecs (HTTP/1.1 404) 5 headers in 202 bytes (1 switches on core 0)
2026-02-25 23:33:11.021 7 INFO placement.requestlog [None req-add46260-551d-4a21-802a-bec07e5e3a55 1be6146475da4a5a9afed755c148d455 62a9d5ba5bf643e3bae89d230e5c6308 - - 8097667c7b4b4f0bbaec5e3407cb0240 8097667c7b4b4f0bbaec5e3407cb0240] 10.0.0.204 "DELETE /resource_providers/0a6a8f4c-8cdf-43e2-9936-eb22363aeab8" status: 404 len: 246 microversion: 1.1 [pid: 7|app: 0|req: 581/1159] 10.0.0.204 () {34 vars in 816 bytes} [Wed Feb 25 23:33:11 2026] DELETE /resource_providers/0a6a8f4c-8cdf-43e2-9936-eb22363aeab8 => generated 246 bytes in 10 msecs (HTTP/1.1 404) 6 headers in 231 bytes (1 switches on core 0)
2026-02-25 23:33:11.039 8 INFO placement.requestlog [None req-a265e04f-1580-4e8e-9397-679c7acfb2a6 1be6146475da4a5a9afed755c148d455 62a9d5ba5bf643e3bae89d230e5c6308 - - 8097667c7b4b4f0bbaec5e3407cb0240 8097667c7b4b4f0bbaec5e3407cb0240] 10.0.0.204 "DELETE /resource_providers/0a6a8f4c-8cdf-43e2-9936-eb22363aeab8" status: 404 len: 246 microversion: 1.1 [pid: 8|app: 0|req: 579/1160] 10.0.0.204 () {34 vars in 816 bytes} [Wed Feb 25 23:33:11 2026] DELETE /resource_providers/0a6a8f4c-8cdf-43e2-9936-eb22363aeab8 => generated 246 bytes in 24 msecs (HTTP/1.1 404) 6 headers in 231 bytes (1 switches on core 0)
2026-02-25 23:33:11.047 7 INFO placement.requestlog [None req-d766da3e-01dd-4e62-a204-55acec5c7051 1be6146475da4a5a9afed755c148d455 62a9d5ba5bf643e3bae89d230e5c6308 - - 8097667c7b4b4f0bbaec5e3407cb0240 8097667c7b4b4f0bbaec5e3407cb0240] 10.0.0.204 "GET /resource_providers/a8d7d48b-fb23-4cab-bd5c-87b1494c06bf/aggregates" status: 404 len: 235 microversion: 1.1 [pid: 7|app: 0|req: 582/1161] 10.0.0.204 () {32 vars in 816 bytes} [Wed Feb 25 23:33:11 2026] GET /resource_providers/a8d7d48b-fb23-4cab-bd5c-87b1494c06bf/aggregates => generated 235 bytes in 9 msecs (HTTP/1.1 404) 5 headers in 202 bytes (1 switches on core 0)
2026-02-25 23:33:11.052 8 INFO placement.requestlog [None req-ae0343f3-7c7e-4899-8021-e4f649d10b42 1be6146475da4a5a9afed755c148d455 62a9d5ba5bf643e3bae89d230e5c6308 - - 8097667c7b4b4f0bbaec5e3407cb0240 8097667c7b4b4f0bbaec5e3407cb0240] 10.0.0.204 "GET /resource_providers/a8d7d48b-fb23-4cab-bd5c-87b1494c06bf/aggregates" status: 404 len: 235 microversion: 1.1 [pid: 8|app: 0|req: 580/1162] 10.0.0.204 () {32 vars in 816 bytes} [Wed Feb 25 23:33:11 2026] GET /resource_providers/a8d7d48b-fb23-4cab-bd5c-87b1494c06bf/aggregates => generated 235 bytes in 8 msecs (HTTP/1.1 404) 5 headers in 202 bytes (1 switches on core 0)
2026-02-25 23:33:11.063 7 INFO placement.requestlog [None req-05d07c1c-1313-49ee-9c7b-5b38cca269e5 1be6146475da4a5a9afed755c148d455 62a9d5ba5bf643e3bae89d230e5c6308 - - 8097667c7b4b4f0bbaec5e3407cb0240 8097667c7b4b4f0bbaec5e3407cb0240] 10.0.0.204 "DELETE /resource_providers/a8d7d48b-fb23-4cab-bd5c-87b1494c06bf" status: 404 len: 246 microversion: 1.1 [pid: 7|app: 0|req: 583/1163] 10.0.0.204 () {34 vars in 816 bytes} [Wed Feb 25 23:33:11 2026] DELETE /resource_providers/a8d7d48b-fb23-4cab-bd5c-87b1494c06bf => generated 246 bytes in 7 msecs (HTTP/1.1 404) 6 headers in 231 bytes (1 switches on core 0)
2026-02-25 23:33:11.068 8 INFO placement.requestlog [None req-0a63bc40-19f0-464e-81df-07ae487aea87 1be6146475da4a5a9afed755c148d455 62a9d5ba5bf643e3bae89d230e5c6308 - - 8097667c7b4b4f0bbaec5e3407cb0240 8097667c7b4b4f0bbaec5e3407cb0240] 10.0.0.204 "DELETE /resource_providers/a8d7d48b-fb23-4cab-bd5c-87b1494c06bf" status: 404 len: 246 microversion: 1.1 [pid: 8|app: 0|req: 581/1164] 10.0.0.204 () {34 vars in 816 bytes} [Wed Feb 25 23:33:11 2026] DELETE /resource_providers/a8d7d48b-fb23-4cab-bd5c-87b1494c06bf => generated 246 bytes in 9 msecs (HTTP/1.1 404) 6 headers in 231 bytes (1 switches on core 0)
2026-02-25 23:33:13.462 7 INFO placement.requestlog [None req-bc152259-ee5b-4538-82af-a937742e20d1 - - - - - -] 10.0.0.192 "GET /" status: 200 len: 136 microversion: 1.0
2026-02-25 23:33:13.464 8 INFO placement.requestlog [None req-717dee70-1df5-47ee-87c4-fdcd22cb54cc - - - - - -] 10.0.0.192 "GET /" status: 200 len: 136 microversion: 1.0
2026-02-25 23:33:16.147 7 INFO placement.requestlog [None req-79c0ac55-1f61-4e68-a6f4-883d52ee56a4 b67da7dda8114a148d141db8b2971105 f2c0878b6c6d4b12932b7f2527a1a126 - - default default] 10.0.0.194 "GET /resource_providers" status: 200 len: 406 microversion: 1.0 [pid: 7|app: 0|req: 585/1167] 10.0.0.194 () {28 vars in 593 bytes} [Wed Feb 25 23:33:15 2026] GET /resource_providers => generated 406 bytes in 162 msecs (HTTP/1.1 200) 6 headers in 224 bytes (1 switches on core 0)
2026-02-25 23:33:16.543 8 INFO placement.requestlog [None req-86800d70-0a9c-4d32-9a8d-457e3a47c98f b67da7dda8114a148d141db8b2971105 f2c0878b6c6d4b12932b7f2527a1a126 - - default default] 10.0.0.194 "GET /resource_providers/15eb3153-9864-49a6-8a49-5fb350fcb647/inventories" status: 200 len: 401 microversion: 1.0 [pid: 8|app: 0|req: 583/1168] 10.0.0.194 () {28 vars in 691 bytes} [Wed Feb 25 23:33:16 2026] GET /resource_providers/15eb3153-9864-49a6-8a49-5fb350fcb647/inventories => generated 401 bytes in 17 msecs (HTTP/1.1 200) 6 headers in 224 bytes (1 switches on core 0)
2026-02-25 23:33:16.581 7 INFO placement.requestlog [None req-2446269a-1e4b-4dc3-948d-066602c82626 b67da7dda8114a148d141db8b2971105 f2c0878b6c6d4b12932b7f2527a1a126 - - default default] 10.0.0.194 "GET /resource_providers/15eb3153-9864-49a6-8a49-5fb350fcb647/usages" status: 200 len: 92 microversion: 1.0 [pid: 7|app: 0|req: 586/1169] 10.0.0.194 () {28 vars in 681 bytes} [Wed Feb 25 23:33:16 2026] GET /resource_providers/15eb3153-9864-49a6-8a49-5fb350fcb647/usages => generated 92 bytes in 31 msecs (HTTP/1.1 200) 6 headers in 223 bytes (1 switches on core 0)
2026-02-25 23:33:23.462 7 INFO placement.requestlog [None req-e1dc086e-baaa-415d-8f3c-857317be21d2 - - - - - -] 10.0.0.192 "GET /" status: 200 len: 136 microversion: 1.0
2026-02-25 23:33:23.462 8 INFO placement.requestlog [None req-11d0e14b-4818-4bdc-a99b-383e42737186 - - - - - -] 10.0.0.192 "GET /" status: 200 len: 136 microversion: 1.0
2026-02-25 23:33:33.463 7 INFO placement.requestlog [None req-4055157d-72e2-43c3-b3c5-35172f9e2489 - - - - - -] 10.0.0.192 "GET /" status: 200 len: 136 microversion: 1.0
2026-02-25 23:33:33.463 8 INFO placement.requestlog [None req-cff7c239-a2ae-407e-8536-f1d334401cfc - - - - - -] 10.0.0.192 "GET /" status: 200 len: 136 microversion: 1.0
2026-02-25 23:33:36.704 8 INFO placement.requestlog [None req-6496e78c-52d4-47aa-aa51-889c1a891966 1be6146475da4a5a9afed755c148d455 62a9d5ba5bf643e3bae89d230e5c6308 - - 8097667c7b4b4f0bbaec5e3407cb0240 8097667c7b4b4f0bbaec5e3407cb0240] 10.0.0.204 "GET /resource_providers/052b7b00-4b25-4df6-ab2b-6f3c47517923/aggregates" status: 404 len: 235 microversion: 1.1 [pid: 8|app: 0|req: 586/1174] 10.0.0.204 () {32 vars in 816 bytes} [Wed Feb 25 23:33:36 2026] GET /resource_providers/052b7b00-4b25-4df6-ab2b-6f3c47517923/aggregates => generated 235 bytes in 9 msecs (HTTP/1.1 404) 5 headers in 202 bytes (1 switches on core 0)
2026-02-25 23:33:36.704 7 INFO placement.requestlog [None req-d539839f-dbce-4893-9aba-ad4bdb8ad627 1be6146475da4a5a9afed755c148d455 62a9d5ba5bf643e3bae89d230e5c6308 - - 8097667c7b4b4f0bbaec5e3407cb0240 8097667c7b4b4f0bbaec5e3407cb0240] 10.0.0.204 "GET /resource_providers/052b7b00-4b25-4df6-ab2b-6f3c47517923/aggregates" status: 404 len: 235 microversion: 1.1 [pid: 7|app: 0|req: 589/1175] 10.0.0.204 () {32 vars in 816 bytes} [Wed Feb 25 23:33:36 2026] GET /resource_providers/052b7b00-4b25-4df6-ab2b-6f3c47517923/aggregates => generated 235 bytes in 9 msecs (HTTP/1.1 404) 5 headers in 202 bytes (1 switches on core 0)
2026-02-25 23:33:36.726 8 INFO placement.requestlog [None req-fd5b2b91-e40e-4f7b-9228-f44697de17e9 1be6146475da4a5a9afed755c148d455 62a9d5ba5bf643e3bae89d230e5c6308 - - 8097667c7b4b4f0bbaec5e3407cb0240 8097667c7b4b4f0bbaec5e3407cb0240] 10.0.0.204 "DELETE /resource_providers/052b7b00-4b25-4df6-ab2b-6f3c47517923" status: 404 len: 246 microversion: 1.1 [pid: 8|app: 0|req: 587/1176] 10.0.0.204 () {34 vars in 816 bytes} [Wed Feb 25 23:33:36 2026] DELETE /resource_providers/052b7b00-4b25-4df6-ab2b-6f3c47517923 => generated 246 bytes in 9 msecs (HTTP/1.1 404) 6 headers in 231 bytes (1 switches on core 0)
2026-02-25 23:33:36.729 7 INFO placement.requestlog [None req-cab7e274-4c33-46d4-b5cd-12bf19b56891 1be6146475da4a5a9afed755c148d455 62a9d5ba5bf643e3bae89d230e5c6308 - - 8097667c7b4b4f0bbaec5e3407cb0240 8097667c7b4b4f0bbaec5e3407cb0240] 10.0.0.204 "DELETE /resource_providers/052b7b00-4b25-4df6-ab2b-6f3c47517923" status: 404 len: 246 microversion: 1.1 [pid: 7|app: 0|req: 590/1177] 10.0.0.204 () {34 vars in 816 bytes} [Wed Feb 25 23:33:36 2026] DELETE /resource_providers/052b7b00-4b25-4df6-ab2b-6f3c47517923 => generated 246 bytes in 11 msecs (HTTP/1.1 404) 6 headers in 231 bytes (1 switches on core 0)
2026-02-25 23:33:43.463 8 INFO placement.requestlog [None req-ecea2f5d-7189-4421-b60c-db1d75eb9f0f - - - - - -] 10.0.0.192 "GET /" status: 200 len: 136 microversion: 1.0
2026-02-25 23:33:43.464 7 INFO placement.requestlog [None req-6be6e712-2c78-4aac-8444-a791e717bc1d - - - - - -] 10.0.0.192 "GET /" status: 200 len: 136 microversion: 1.0
2026-02-25 23:33:45.747 8 INFO placement.requestlog [req-4f7f8d63-3d43-4958-b68d-018a439fa60b req-5d775b19-79b3-4534-bfcc-63d4f7d81ce1 c2568815cce94b2ab00ac84c22da09c2 62a9d5ba5bf643e3bae89d230e5c6308 - - 8097667c7b4b4f0bbaec5e3407cb0240 8097667c7b4b4f0bbaec5e3407cb0240] 10.0.0.69 "GET /allocation_candidates?limit=1000&resources=MEMORY_MB%3A2048%2CVCPU%3A2&root_required=%21COMPUTE_STATUS_DISABLED" status: 200 len: 2771 microversion: 1.36 [pid: 8|app: 0|req: 589/1180] 10.0.0.69 () {34 vars in 985 bytes} [Wed Feb 25 23:33:45 2026] GET /allocation_candidates?limit=1000&resources=MEMORY_MB%3A2048%2CVCPU%3A2&root_required=%21COMPUTE_STATUS_DISABLED => generated 2771 bytes in 50 msecs (HTTP/1.1 200) 8 headers in 297 bytes (1 switches on core 0)
2026-02-25 23:33:45.779 7 INFO placement.requestlog [req-4f7f8d63-3d43-4958-b68d-018a439fa60b req-a863ddc5-e318-40ee-b38e-1dd73784e913 c2568815cce94b2ab00ac84c22da09c2 62a9d5ba5bf643e3bae89d230e5c6308 - - 8097667c7b4b4f0bbaec5e3407cb0240 8097667c7b4b4f0bbaec5e3407cb0240] 10.0.0.69 "GET /allocations/e67c3d7c-a0f9-48b4-a52a-4018f978ea97" status: 200 len: 19 microversion: 1.28 [pid: 7|app: 0|req: 592/1181] 10.0.0.69 () {34 vars in 860 bytes} [Wed Feb 25 23:33:45 2026] GET /allocations/e67c3d7c-a0f9-48b4-a52a-4018f978ea97 => generated 19 bytes in 11 msecs (HTTP/1.1 200) 8 headers in 295 bytes (1 switches on core 0)
2026-02-25 23:33:45.853 8 INFO placement.requestlog [req-4f7f8d63-3d43-4958-b68d-018a439fa60b req-a69da187-b84f-4238-8dfb-d90b91d6510b c2568815cce94b2ab00ac84c22da09c2 62a9d5ba5bf643e3bae89d230e5c6308 - - 8097667c7b4b4f0bbaec5e3407cb0240 8097667c7b4b4f0bbaec5e3407cb0240] 10.0.0.69 "PUT /allocations/e67c3d7c-a0f9-48b4-a52a-4018f978ea97" status: 204 len: 0 microversion: 1.36 [pid: 8|app: 0|req: 590/1182] 10.0.0.69 () {38 vars in 913 bytes} [Wed Feb 25 23:33:45 2026] PUT /allocations/e67c3d7c-a0f9-48b4-a52a-4018f978ea97 => generated 0 bytes in 69 msecs (HTTP/1.1 204) 5 headers in 199 bytes (1 switches on core 0)
2026-02-25 23:33:47.356 7 INFO placement.requestlog [req-4f7f8d63-3d43-4958-b68d-018a439fa60b req-d712064d-0d44-4e8d-b210-8a35cb3ba19e c2568815cce94b2ab00ac84c22da09c2 62a9d5ba5bf643e3bae89d230e5c6308 - - 8097667c7b4b4f0bbaec5e3407cb0240 8097667c7b4b4f0bbaec5e3407cb0240] 199.204.45.23 "GET /allocations/e67c3d7c-a0f9-48b4-a52a-4018f978ea97" status: 200 len: 245 microversion: 1.28 [pid: 7|app: 0|req: 593/1183] 199.204.45.23 () {34 vars in 862 bytes} [Wed Feb 25 23:33:47 2026] GET /allocations/e67c3d7c-a0f9-48b4-a52a-4018f978ea97 => generated 245 bytes in 14 msecs (HTTP/1.1 200) 8 headers in 296 bytes (1 switches on core 0)
2026-02-25 23:33:48.399 8 INFO placement.requestlog [req-4f7f8d63-3d43-4958-b68d-018a439fa60b req-f44c95d3-51ee-49b7-a7b3-8ff3abc0aa56 c2568815cce94b2ab00ac84c22da09c2 62a9d5ba5bf643e3bae89d230e5c6308 - - 8097667c7b4b4f0bbaec5e3407cb0240 8097667c7b4b4f0bbaec5e3407cb0240] 199.204.45.23 "GET /resource_providers/15eb3153-9864-49a6-8a49-5fb350fcb647/allocations" status: 200 len: 340 microversion: 1.0 [pid: 8|app: 0|req: 591/1184] 199.204.45.23 () {32 vars in 856 bytes} [Wed Feb 25 23:33:48 2026] GET /resource_providers/15eb3153-9864-49a6-8a49-5fb350fcb647/allocations => generated 340 bytes in 19 msecs (HTTP/1.1 200) 6 headers in 224 bytes (1 switches on core 0)
2026-02-25 23:33:48.421 7 INFO placement.requestlog [req-4f7f8d63-3d43-4958-b68d-018a439fa60b req-c8387ada-5cff-472a-832e-a0f8bebdcc7a c2568815cce94b2ab00ac84c22da09c2 62a9d5ba5bf643e3bae89d230e5c6308 - - 8097667c7b4b4f0bbaec5e3407cb0240 8097667c7b4b4f0bbaec5e3407cb0240] 199.204.45.23 "GET /allocations/312db819-ddc2-4597-81b7-b6cbd70fd184" status: 200 len: 258 microversion: 1.28 [pid: 7|app: 0|req: 594/1185] 199.204.45.23 () {34 vars in 862 bytes} [Wed Feb 25 23:33:48 2026] GET /allocations/312db819-ddc2-4597-81b7-b6cbd70fd184 => generated 258 bytes in 15 msecs (HTTP/1.1 200) 8 headers in 296 bytes (1 switches on core 0)
2026-02-25 23:33:48.440 8 INFO placement.requestlog [req-4f7f8d63-3d43-4958-b68d-018a439fa60b req-e2fe5ca0-63d2-4da1-ad31-1723d97381e8 c2568815cce94b2ab00ac84c22da09c2 62a9d5ba5bf643e3bae89d230e5c6308 - - 8097667c7b4b4f0bbaec5e3407cb0240 8097667c7b4b4f0bbaec5e3407cb0240] 199.204.45.23 "GET /allocations/6547fcd1-c37e-4d12-8cd7-15f488199055" status: 200 len: 258 microversion: 1.28 [pid: 8|app: 0|req: 592/1186] 199.204.45.23 () {34 vars in 862 bytes} [Wed Feb 25 23:33:48 2026] GET /allocations/6547fcd1-c37e-4d12-8cd7-15f488199055 => generated 258 bytes in 12 msecs (HTTP/1.1 200) 8 headers in 296 bytes (1 switches on core 0)
2026-02-25 23:33:48.462 7 INFO placement.requestlog [req-4f7f8d63-3d43-4958-b68d-018a439fa60b req-45d2bdc7-d03b-47a0-a260-21b1b19604f6 c2568815cce94b2ab00ac84c22da09c2 62a9d5ba5bf643e3bae89d230e5c6308 - - 8097667c7b4b4f0bbaec5e3407cb0240 8097667c7b4b4f0bbaec5e3407cb0240] 199.204.45.23 "GET /allocations/e67c3d7c-a0f9-48b4-a52a-4018f978ea97" status: 200 len: 245 microversion: 1.28 [pid: 7|app: 0|req: 595/1187] 199.204.45.23 () {34 vars in 862 bytes} [Wed Feb 25 23:33:48 2026] GET /allocations/e67c3d7c-a0f9-48b4-a52a-4018f978ea97 => generated 245 bytes in 15 msecs (HTTP/1.1 200) 8 headers in 296 bytes (1 switches on core 0)
2026-02-25 23:33:53.335 8 INFO placement.requestlog [req-766a254e-9bf9-438a-9b61-2f8b673400ba req-01ccf390-5f16-48fe-bd84-6d832b55cb70 c2568815cce94b2ab00ac84c22da09c2 62a9d5ba5bf643e3bae89d230e5c6308 - - 8097667c7b4b4f0bbaec5e3407cb0240 8097667c7b4b4f0bbaec5e3407cb0240] 199.204.45.23 "GET /resource_providers/15eb3153-9864-49a6-8a49-5fb350fcb647/allocations" status: 200 len: 340 microversion: 1.0 [pid: 8|app: 0|req: 593/1188] 199.204.45.23 () {32 vars in 856 bytes} [Wed Feb 25 23:33:53 2026] GET /resource_providers/15eb3153-9864-49a6-8a49-5fb350fcb647/allocations => generated 340 bytes in 15 msecs (HTTP/1.1 200) 6 headers in 224 bytes (1 switches on core 0)
2026-02-25 23:33:53.356 7 INFO placement.requestlog [req-766a254e-9bf9-438a-9b61-2f8b673400ba req-392fa201-b2c1-483a-acbd-ccb90e05b509 c2568815cce94b2ab00ac84c22da09c2 62a9d5ba5bf643e3bae89d230e5c6308 - - 8097667c7b4b4f0bbaec5e3407cb0240 8097667c7b4b4f0bbaec5e3407cb0240] 199.204.45.23 "GET /resource_providers/15eb3153-9864-49a6-8a49-5fb350fcb647/allocations" status: 200 len: 340 microversion: 1.0 [pid: 7|app: 0|req: 596/1189] 199.204.45.23 () {32 vars in 856 bytes} [Wed Feb 25 23:33:53 2026] GET /resource_providers/15eb3153-9864-49a6-8a49-5fb350fcb647/allocations => generated 340 bytes in 14 msecs (HTTP/1.1 200) 6 headers in 224 bytes (1 switches on core 0)
2026-02-25 23:33:53.382 8 INFO placement.requestlog [req-766a254e-9bf9-438a-9b61-2f8b673400ba req-4a95cef7-0950-4be4-8dc9-2d9fbfeb17f7 c2568815cce94b2ab00ac84c22da09c2 62a9d5ba5bf643e3bae89d230e5c6308 - - 8097667c7b4b4f0bbaec5e3407cb0240 8097667c7b4b4f0bbaec5e3407cb0240] 199.204.45.23 "GET /allocations/312db819-ddc2-4597-81b7-b6cbd70fd184" status: 200 len: 258 microversion: 1.28 [pid: 8|app: 0|req: 594/1190] 199.204.45.23 () {34 vars in 862 bytes} [Wed Feb 25 23:33:53 2026] GET /allocations/312db819-ddc2-4597-81b7-b6cbd70fd184 => generated 258 bytes in 22 msecs (HTTP/1.1 200) 8 headers in 296 bytes (1 switches on core 0)
2026-02-25 23:33:53.399 7 INFO placement.requestlog [req-766a254e-9bf9-438a-9b61-2f8b673400ba req-cad44f43-6dc8-4719-945a-97c32a00ed35 c2568815cce94b2ab00ac84c22da09c2 62a9d5ba5bf643e3bae89d230e5c6308 - - 8097667c7b4b4f0bbaec5e3407cb0240 8097667c7b4b4f0bbaec5e3407cb0240] 199.204.45.23 "GET /allocations/6547fcd1-c37e-4d12-8cd7-15f488199055" status: 200 len: 258 microversion: 1.28 [pid: 7|app: 0|req: 597/1191] 199.204.45.23 () {34 vars in 862 bytes} [Wed Feb 25 23:33:53 2026] GET /allocations/6547fcd1-c37e-4d12-8cd7-15f488199055 => generated 258 bytes in 12 msecs (HTTP/1.1 200) 8 headers in 296 bytes (1 switches on core 0)
2026-02-25 23:33:53.422 8 INFO placement.requestlog [req-766a254e-9bf9-438a-9b61-2f8b673400ba req-c682668d-4b37-42a5-905c-55789ed5e3f2 c2568815cce94b2ab00ac84c22da09c2 62a9d5ba5bf643e3bae89d230e5c6308 - - 8097667c7b4b4f0bbaec5e3407cb0240 8097667c7b4b4f0bbaec5e3407cb0240] 199.204.45.23 "GET /allocations/e67c3d7c-a0f9-48b4-a52a-4018f978ea97" status: 200 len: 245 microversion: 1.28 [pid: 8|app: 0|req: 595/1192] 199.204.45.23 () {34 vars in 862 bytes} [Wed Feb 25 23:33:53 2026] GET /allocations/e67c3d7c-a0f9-48b4-a52a-4018f978ea97 => generated 245 bytes in 13 msecs (HTTP/1.1 200) 8 headers in 296 bytes (1 switches on core 0)
2026-02-25 23:33:53.462 7 INFO placement.requestlog [None req-bb848c0f-1d17-43ee-9ac9-fbdee50adb97 - - - - - -] 10.0.0.192 "GET /" status: 200 len: 136 microversion: 1.0
2026-02-25 23:33:53.464 8 INFO placement.requestlog [None req-005c0961-514a-469c-b62f-65a028e0d3cc - - - - - -] 10.0.0.192 "GET /" status: 200 len: 136 microversion: 1.0
2026-02-25 23:34:03.302 7 INFO placement.requestlog [None req-0fb8e858-612b-4360-8b89-eec8ef40d56a 1be6146475da4a5a9afed755c148d455 62a9d5ba5bf643e3bae89d230e5c6308 - - 8097667c7b4b4f0bbaec5e3407cb0240 8097667c7b4b4f0bbaec5e3407cb0240] 10.0.0.204 "GET /resource_providers/8189e8a6-99be-40f4-a1a2-eed937b99d77/aggregates" status: 404 len: 235 microversion: 1.1 [pid: 7|app: 0|req: 599/1195] 10.0.0.204 () {32 vars in 816 bytes} [Wed Feb 25 23:34:03 2026] GET /resource_providers/8189e8a6-99be-40f4-a1a2-eed937b99d77/aggregates => generated 235 bytes in 11 msecs (HTTP/1.1 404) 5 headers in 202 bytes (1 switches on core 0)
2026-02-25 23:34:03.304 8 INFO placement.requestlog [None req-c8925034-6caf-4b67-87c4-9cbb169a0d32 1be6146475da4a5a9afed755c148d455 62a9d5ba5bf643e3bae89d230e5c6308 - - 8097667c7b4b4f0bbaec5e3407cb0240 8097667c7b4b4f0bbaec5e3407cb0240] 10.0.0.204 "GET /resource_providers/8189e8a6-99be-40f4-a1a2-eed937b99d77/aggregates" status: 404 len: 235 microversion: 1.1 [pid: 8|app: 0|req: 597/1196] 10.0.0.204 () {32 vars in 816 bytes} [Wed Feb 25 23:34:03 2026] GET /resource_providers/8189e8a6-99be-40f4-a1a2-eed937b99d77/aggregates => generated 235 bytes in 13 msecs (HTTP/1.1 404) 5 headers in 202 bytes (1 switches on core 0)
2026-02-25 23:34:03.325 7 INFO placement.requestlog [None req-f38b3cef-5dc1-42a2-b839-7cb486aab24a 1be6146475da4a5a9afed755c148d455 62a9d5ba5bf643e3bae89d230e5c6308 - - 8097667c7b4b4f0bbaec5e3407cb0240 8097667c7b4b4f0bbaec5e3407cb0240] 10.0.0.204 "DELETE /resource_providers/8189e8a6-99be-40f4-a1a2-eed937b99d77" status: 404 len: 246 microversion: 1.1 [pid: 7|app: 0|req: 600/1197] 10.0.0.204 () {34 vars in 816 bytes} [Wed Feb 25 23:34:03 2026] DELETE /resource_providers/8189e8a6-99be-40f4-a1a2-eed937b99d77 => generated 246 bytes in 10 msecs (HTTP/1.1 404) 6 headers in 231 bytes (1 switches on core 0)
2026-02-25 23:34:03.327 8 INFO placement.requestlog [None req-9a6527e9-1219-4047-80a1-fedd87e9d956 1be6146475da4a5a9afed755c148d455 62a9d5ba5bf643e3bae89d230e5c6308 - - 8097667c7b4b4f0bbaec5e3407cb0240 8097667c7b4b4f0bbaec5e3407cb0240] 10.0.0.204 "DELETE /resource_providers/8189e8a6-99be-40f4-a1a2-eed937b99d77" status: 404 len: 246 microversion: 1.1 [pid: 8|app: 0|req: 598/1198] 10.0.0.204 () {34 vars in 816 bytes} [Wed Feb 25 23:34:03 2026] DELETE /resource_providers/8189e8a6-99be-40f4-a1a2-eed937b99d77 => generated 246 bytes in 10 msecs (HTTP/1.1 404) 6 headers in 231 bytes (1 switches on core 0)
2026-02-25 23:34:03.464 8 INFO placement.requestlog [None req-f9c56c3d-26a9-4acd-863d-9d035e6d6209 - - - - - -] 10.0.0.192 "GET /" status: 200 len: 136 microversion: 1.0
2026-02-25 23:34:03.465 7 INFO placement.requestlog [None req-288a0bdc-5dd0-443b-8ae1-b28bb63a6815 - - - - - -] 10.0.0.192 "GET /" status: 200 len: 136 microversion: 1.0
2026-02-25 23:34:13.463 8 INFO placement.requestlog [None req-56d58a63-251c-44da-b3d8-d8ba233d7fa5 - - - - - -] 10.0.0.192 "GET /" status: 200 len: 136 microversion: 1.0
2026-02-25 23:34:13.464 7 INFO placement.requestlog [None req-10d48a7a-1f0e-4c48-8ba3-d25d1ef42ecd - - - - - -] 10.0.0.192 "GET /" status: 200 len: 136 microversion: 1.0
2026-02-25 23:34:15.961 8 INFO placement.requestlog [None req-78879303-acb2-46b1-a197-398b2068da09 b67da7dda8114a148d141db8b2971105 f2c0878b6c6d4b12932b7f2527a1a126 - - default default] 10.0.0.194 "GET /resource_providers" status: 200 len: 406 microversion: 1.0 [pid: 8|app: 0|req: 601/1203] 10.0.0.194 () {28 vars in 593 bytes} [Wed Feb 25 23:34:15 2026] GET /resource_providers => generated 406 bytes in 200 msecs (HTTP/1.1 200) 6 headers in 224 bytes (1 switches on core 0)
2026-02-25 23:34:15.985 7 INFO placement.requestlog [None req-a3e6c896-023d-4950-9cd1-ded95399c8ba b67da7dda8114a148d141db8b2971105 f2c0878b6c6d4b12932b7f2527a1a126 - - default default] 10.0.0.194 "GET /resource_providers/15eb3153-9864-49a6-8a49-5fb350fcb647/inventories" status: 200 len: 401 microversion: 1.0 [pid: 7|app: 0|req: 603/1204] 10.0.0.194 () {28 vars in 691 bytes} [Wed Feb 25 23:34:15 2026] GET /resource_providers/15eb3153-9864-49a6-8a49-5fb350fcb647/inventories => generated 401 bytes in 21 msecs (HTTP/1.1 200) 6 headers in 224 bytes (1 switches on core 0)
2026-02-25 23:34:16.003 8 INFO placement.requestlog [None req-5381afa4-4cf0-4d0c-bb72-f84d2f2890c8 b67da7dda8114a148d141db8b2971105 f2c0878b6c6d4b12932b7f2527a1a126 - - default default] 10.0.0.194 "GET /resource_providers/15eb3153-9864-49a6-8a49-5fb350fcb647/usages" status: 200 len: 92 microversion: 1.0 [pid: 8|app: 0|req: 602/1205] 10.0.0.194 () {28 vars in 681 bytes} [Wed Feb 25 23:34:15 2026] GET /resource_providers/15eb3153-9864-49a6-8a49-5fb350fcb647/usages => generated 92 bytes in 14 msecs (HTTP/1.1 200) 6 headers in 223 bytes (1 switches on core 0)
2026-02-25 23:34:23.463 7 INFO placement.requestlog [None req-53544632-13cf-4589-bd56-b797af09f010 - - - - - -] 10.0.0.192 "GET /" status: 200 len: 136 microversion: 1.0
2026-02-25 23:34:23.463 8 INFO placement.requestlog [None req-a6b7ed5e-fbd4-4841-aae1-fb1d3b6e7814 - - - - - -] 10.0.0.192 "GET /" status: 200 len: 136 microversion: 1.0
2026-02-25 23:34:33.462 7 INFO placement.requestlog [None req-c4131e45-fa36-43a5-97c1-d59978f9ede3 - - - - - -] 10.0.0.192 "GET /" status: 200 len: 136 microversion: 1.0
2026-02-25 23:34:33.463 8 INFO placement.requestlog [None req-c1c738c5-a849-4b06-b538-11ead6fe71bd - - - - - -] 10.0.0.192 "GET /" status: 200 len: 136 microversion: 1.0
2026-02-25 23:34:43.463 7 INFO placement.requestlog [None req-981b5e5c-5ffe-45f1-9e09-4500afba03aa - - - - - -] 10.0.0.192 "GET /" status: 200 len: 136 microversion: 1.0
2026-02-25 23:34:43.463 8 INFO placement.requestlog [None req-891dca4e-7ffa-42b2-85b5-d8434ac0ab99 - - - - - -] 10.0.0.192 "GET /" status: 200 len: 136 microversion: 1.0
2026-02-25 23:34:53.304 7 INFO placement.requestlog [req-56d51f0b-b72f-4e62-8b83-add081511393 req-4ac4bf0f-0ff9-4840-a5d2-3b377bbd9dce c2568815cce94b2ab00ac84c22da09c2 62a9d5ba5bf643e3bae89d230e5c6308 - - 8097667c7b4b4f0bbaec5e3407cb0240 8097667c7b4b4f0bbaec5e3407cb0240] 199.204.45.23 "GET /resource_providers/15eb3153-9864-49a6-8a49-5fb350fcb647/allocations" status: 200 len: 340 microversion: 1.0 [pid: 7|app: 0|req: 607/1212] 199.204.45.23 () {32 vars in 856 bytes} [Wed Feb 25 23:34:53 2026] GET /resource_providers/15eb3153-9864-49a6-8a49-5fb350fcb647/allocations => generated 340 bytes in 16 msecs (HTTP/1.1 200) 6 headers in 224 bytes (1 switches on core 0)
2026-02-25 23:34:53.332 8 INFO placement.requestlog [req-56d51f0b-b72f-4e62-8b83-add081511393 req-fe81ca53-0421-44b6-b55e-412449eae48d c2568815cce94b2ab00ac84c22da09c2 62a9d5ba5bf643e3bae89d230e5c6308 - - 8097667c7b4b4f0bbaec5e3407cb0240 8097667c7b4b4f0bbaec5e3407cb0240] 199.204.45.23 "GET /resource_providers/15eb3153-9864-49a6-8a49-5fb350fcb647/allocations" status: 200 len: 340 microversion: 1.0 [pid: 8|app: 0|req: 606/1213] 199.204.45.23 () {32 vars in 856 bytes} [Wed Feb 25 23:34:53 2026] GET /resource_providers/15eb3153-9864-49a6-8a49-5fb350fcb647/allocations => generated 340 bytes in 21 msecs (HTTP/1.1 200) 6 headers in 224 bytes (1 switches on core 0)
2026-02-25 23:34:53.350 7 INFO placement.requestlog [req-56d51f0b-b72f-4e62-8b83-add081511393 req-77e459d2-f9ab-4fac-bb26-b73dd48757a1 c2568815cce94b2ab00ac84c22da09c2 62a9d5ba5bf643e3bae89d230e5c6308 - - 8097667c7b4b4f0bbaec5e3407cb0240 8097667c7b4b4f0bbaec5e3407cb0240] 199.204.45.23 "GET /allocations/312db819-ddc2-4597-81b7-b6cbd70fd184" status: 200 len: 258 microversion: 1.28 [pid: 7|app: 0|req: 608/1214] 199.204.45.23 () {34 vars in 862 bytes} [Wed Feb 25 23:34:53 2026] GET /allocations/312db819-ddc2-4597-81b7-b6cbd70fd184 => generated 258 bytes in 11 msecs (HTTP/1.1 200) 8 headers in 296 bytes (1 switches on core 0)
2026-02-25 23:34:53.371 8 INFO placement.requestlog [req-56d51f0b-b72f-4e62-8b83-add081511393 req-6dca7e2f-bd81-421f-b90f-cc462d5c6aa9 c2568815cce94b2ab00ac84c22da09c2 62a9d5ba5bf643e3bae89d230e5c6308 - - 8097667c7b4b4f0bbaec5e3407cb0240 8097667c7b4b4f0bbaec5e3407cb0240] 199.204.45.23 "GET /allocations/6547fcd1-c37e-4d12-8cd7-15f488199055" status: 200 len: 258 microversion: 1.28 [pid: 8|app: 0|req: 607/1215] 199.204.45.23 () {34 vars in 862 bytes} [Wed Feb 25 23:34:53 2026] GET /allocations/6547fcd1-c37e-4d12-8cd7-15f488199055 => generated 258 bytes in 13 msecs (HTTP/1.1 200) 8 headers in 296 bytes (1 switches on core 0)
2026-02-25 23:34:53.400 7 INFO placement.requestlog [req-56d51f0b-b72f-4e62-8b83-add081511393 req-fc314850-86e2-4e8d-a373-2f13fb260ded c2568815cce94b2ab00ac84c22da09c2 62a9d5ba5bf643e3bae89d230e5c6308 - - 8097667c7b4b4f0bbaec5e3407cb0240 8097667c7b4b4f0bbaec5e3407cb0240] 199.204.45.23 "GET /allocations/e67c3d7c-a0f9-48b4-a52a-4018f978ea97" status: 200 len: 245 microversion: 1.28 [pid: 7|app: 0|req: 609/1216] 199.204.45.23 () {34 vars in 862 bytes} [Wed Feb 25 23:34:53 2026] GET /allocations/e67c3d7c-a0f9-48b4-a52a-4018f978ea97 => generated 245 bytes in 25 msecs (HTTP/1.1 200) 8 headers in 296 bytes (1 switches on core 0)
2026-02-25 23:34:53.463 7 INFO placement.requestlog [None req-efef409a-1fa7-43c5-9bcb-d2c3e3399fa6 - - - - - -] 10.0.0.192 "GET /" status: 200 len: 136 microversion: 1.0
2026-02-25 23:34:53.463 8 INFO placement.requestlog [None req-f9112621-383e-4f3a-a175-a6a525f27c35 - - - - - -] 10.0.0.192 "GET /" status: 200 len: 136 microversion: 1.0
2026-02-25 23:35:03.463 7 INFO placement.requestlog [None req-08d9c5f7-3cac-4a41-97fb-56b1261cfeb5 - - - - - -] 10.0.0.192 "GET /" status: 200 len: 136 microversion: 1.0
2026-02-25 23:35:03.463 8 INFO placement.requestlog [None req-cb81e2f0-0c54-47be-95dd-80d2a74b1e64 - - - - - -] 10.0.0.192 "GET /" status: 200 len: 136 microversion: 1.0
2026-02-25 23:35:13.463 8 INFO placement.requestlog [None req-f5391dd8-1a9a-4719-9371-695f3f3ceeb8 - - - - - -] 10.0.0.192 "GET /" status: 200 len: 136 microversion: 1.0
2026-02-25 23:35:13.463 7 INFO placement.requestlog [None req-afe2a38b-ff24-4a89-80a9-3c77d41c2b69 - - - - - -] 10.0.0.192 "GET /" status: 200 len: 136 microversion: 1.0
2026-02-25 23:35:15.605 8 INFO placement.requestlog [None req-d48843c4-80d5-42e8-958f-8192a28d5204 b67da7dda8114a148d141db8b2971105 f2c0878b6c6d4b12932b7f2527a1a126 - - default default] 10.0.0.194 "GET /resource_providers" status: 200 len: 406 microversion: 1.0 [pid: 8|app: 0|req: 611/1223] 10.0.0.194 () {28 vars in 593 bytes} [Wed Feb 25 23:35:15 2026] GET /resource_providers => generated 406 bytes in 48 msecs (HTTP/1.1 200) 6 headers in 224 bytes (1 switches on core 0)
2026-02-25 23:35:15.633 7 INFO placement.requestlog [None req-4729c3d8-0867-464e-bdd7-a0c684d74a2d b67da7dda8114a148d141db8b2971105 f2c0878b6c6d4b12932b7f2527a1a126 - - default default] 10.0.0.194 "GET /resource_providers/15eb3153-9864-49a6-8a49-5fb350fcb647/inventories" status: 200 len: 401 microversion: 1.0 [pid: 7|app: 0|req: 613/1224] 10.0.0.194 () {28 vars in 691 bytes} [Wed Feb 25 23:35:15 2026] GET /resource_providers/15eb3153-9864-49a6-8a49-5fb350fcb647/inventories => generated 401 bytes in 23 msecs (HTTP/1.1 200) 6 headers in 224 bytes (1 switches on core 0)
2026-02-25 23:35:15.656 8 INFO placement.requestlog [None req-c359b6f2-f75f-4efe-b269-63393c531dcf b67da7dda8114a148d141db8b2971105 f2c0878b6c6d4b12932b7f2527a1a126 - - default default] 10.0.0.194 "GET /resource_providers/15eb3153-9864-49a6-8a49-5fb350fcb647/usages" status: 200 len: 92 microversion: 1.0 [pid: 8|app: 0|req: 612/1225] 10.0.0.194 () {28 vars in 681 bytes} [Wed Feb 25 23:35:15 2026] GET /resource_providers/15eb3153-9864-49a6-8a49-5fb350fcb647/usages => generated 92 bytes in 17 msecs (HTTP/1.1 200) 6 headers in 223 bytes (1 switches on core 0)
2026-02-25 23:35:23.463 8 INFO placement.requestlog [None req-e0ce4f82-1ec1-4725-bfe8-274251838304 - - - - - -] 10.0.0.192 "GET /" status: 200 len: 136 microversion: 1.0
2026-02-25 23:35:23.463 7 INFO placement.requestlog [None req-f83f2dcc-7bde-47e9-945d-5b9f284a0ff9 - - - - - -] 10.0.0.192 "GET /" status: 200 len: 136 microversion: 1.0
2026-02-25 23:35:33.463 8 INFO placement.requestlog [None req-69f6758f-d74a-4a8a-9cb3-5b100a5e2e3a - - - - - -] 10.0.0.192 "GET /" status: 200 len: 136 microversion: 1.0
2026-02-25 23:35:33.463 7 INFO placement.requestlog [None req-32366079-515e-42f8-9f83-6701cfbc39a0 - - - - - -] 10.0.0.192 "GET /" status: 200 len: 136 microversion: 1.0
2026-02-25 23:35:43.463 7 INFO placement.requestlog [None req-a2aa87a2-f14b-49c4-8a09-825bf6fd5a28 - - - - - -] 10.0.0.192 "GET /" status: 200 len: 136 microversion: 1.0
2026-02-25 23:35:43.463 8 INFO placement.requestlog [None req-6e221b45-fbe5-4f92-a429-e2c28dd0a9d4 - - - - - -] 10.0.0.192 "GET /" status: 200 len: 136 microversion: 1.0
2026-02-25 23:35:53.463 7 INFO placement.requestlog [None req-fb39fd44-c7fa-49a0-9b67-c6c3addb573d - - - - - -] 10.0.0.192 "GET /" status: 200 len: 136 microversion: 1.0
2026-02-25 23:35:53.464 8 INFO placement.requestlog [None req-01d242d9-1f8b-4e2e-9877-e13fe542e015 - - - - - -] 10.0.0.192 "GET /" status: 200 len: 136 microversion: 1.0
2026-02-25 23:35:54.621 7 INFO placement.requestlog [req-09362328-4a01-4cb4-8204-0aa9f38e0097 req-77c77ea4-7a6f-49cf-8120-ef9da836515e c2568815cce94b2ab00ac84c22da09c2 62a9d5ba5bf643e3bae89d230e5c6308 - - 8097667c7b4b4f0bbaec5e3407cb0240 8097667c7b4b4f0bbaec5e3407cb0240] 199.204.45.23 "GET /resource_providers/15eb3153-9864-49a6-8a49-5fb350fcb647/allocations" status: 200 len: 340 microversion: 1.0 [pid: 7|app: 0|req: 618/1234] 199.204.45.23 () {32 vars in 856 bytes} [Wed Feb 25 23:35:54 2026] GET /resource_providers/15eb3153-9864-49a6-8a49-5fb350fcb647/allocations => generated 340 bytes in 92 msecs (HTTP/1.1 200) 6 headers in 224 bytes (1 switches on core 0)
