2026-02-25 23:35:54.644 8 INFO placement.requestlog [req-09362328-4a01-4cb4-8204-0aa9f38e0097 req-45181916-8c09-4fd8-9518-683d9bd91f5c c2568815cce94b2ab00ac84c22da09c2 62a9d5ba5bf643e3bae89d230e5c6308 - - 8097667c7b4b4f0bbaec5e3407cb0240 8097667c7b4b4f0bbaec5e3407cb0240] 199.204.45.23 "GET /resource_providers?in_tree=15eb3153-9864-49a6-8a49-5fb350fcb647" status: 200 len: 798 microversion: 1.14 [pid: 8|app: 0|req: 617/1235] 199.204.45.23 () {34 vars in 891 bytes} [Wed Feb 25 23:35:54 2026] GET /resource_providers?in_tree=15eb3153-9864-49a6-8a49-5fb350fcb647 => generated 798 bytes in 17 msecs (HTTP/1.1 200) 6 headers in 225 bytes (1 switches on core 0)
2026-02-25 23:35:54.664 7 INFO placement.requestlog [req-09362328-4a01-4cb4-8204-0aa9f38e0097 req-6c8624ca-3a27-41fa-abdf-b33935decd51 c2568815cce94b2ab00ac84c22da09c2 62a9d5ba5bf643e3bae89d230e5c6308 - - 8097667c7b4b4f0bbaec5e3407cb0240 8097667c7b4b4f0bbaec5e3407cb0240] 199.204.45.23 "GET /resource_providers/15eb3153-9864-49a6-8a49-5fb350fcb647/inventories" status: 200 len: 401 microversion: 1.0 [pid: 7|app: 0|req: 619/1236] 199.204.45.23 () {32 vars in 856 bytes} [Wed Feb 25 23:35:54 2026] GET /resource_providers/15eb3153-9864-49a6-8a49-5fb350fcb647/inventories => generated 401 bytes in 13 msecs (HTTP/1.1 200) 6 headers in 224 bytes (1 switches on core 0)
2026-02-25 23:35:54.689 8 INFO placement.requestlog [req-09362328-4a01-4cb4-8204-0aa9f38e0097 req-c635262a-4b35-497d-9135-f2da20f5cb30 c2568815cce94b2ab00ac84c22da09c2 62a9d5ba5bf643e3bae89d230e5c6308 - - 8097667c7b4b4f0bbaec5e3407cb0240 8097667c7b4b4f0bbaec5e3407cb0240] 199.204.45.23 "GET /resource_providers/15eb3153-9864-49a6-8a49-5fb350fcb647/aggregates" status: 200 len: 54 microversion: 1.19 [pid: 8|app: 0|req: 618/1237] 199.204.45.23 () {34 vars in 898 bytes} [Wed Feb 25 23:35:54 2026] GET /resource_providers/15eb3153-9864-49a6-8a49-5fb350fcb647/aggregates => generated 54 bytes in 16 msecs (HTTP/1.1 200) 8 headers in 295 bytes (1 switches on core 0)
2026-02-25 23:35:54.715 7 INFO placement.requestlog [req-09362328-4a01-4cb4-8204-0aa9f38e0097 req-a3f3866e-2b8e-4d56-84ba-f8eb520955b0 c2568815cce94b2ab00ac84c22da09c2 62a9d5ba5bf643e3bae89d230e5c6308 - - 8097667c7b4b4f0bbaec5e3407cb0240 8097667c7b4b4f0bbaec5e3407cb0240] 199.204.45.23 "GET /resource_providers/15eb3153-9864-49a6-8a49-5fb350fcb647/traits" status: 200 len: 2317 microversion: 1.6 [pid: 7|app: 0|req: 620/1238] 199.204.45.23 () {34 vars in 889 bytes} [Wed Feb 25 23:35:54 2026] GET /resource_providers/15eb3153-9864-49a6-8a49-5fb350fcb647/traits => generated 2317 bytes in 21 msecs (HTTP/1.1 200) 6 headers in 225 bytes (1 switches on core 0)
2026-02-25 23:35:54.738 8 INFO placement.requestlog [req-09362328-4a01-4cb4-8204-0aa9f38e0097 req-ad0fae9f-acdc-425d-8494-e9eb85120c5f c2568815cce94b2ab00ac84c22da09c2 62a9d5ba5bf643e3bae89d230e5c6308 - - 8097667c7b4b4f0bbaec5e3407cb0240 8097667c7b4b4f0bbaec5e3407cb0240] 199.204.45.23 "GET /resource_providers/15eb3153-9864-49a6-8a49-5fb350fcb647/allocations" status: 200 len: 340 microversion: 1.0 [pid: 8|app: 0|req: 619/1239] 199.204.45.23 () {32 vars in 856 bytes} [Wed Feb 25 23:35:54 2026] GET /resource_providers/15eb3153-9864-49a6-8a49-5fb350fcb647/allocations => generated 340 bytes in 16 msecs (HTTP/1.1 200) 6 headers in 224 bytes (1 switches on core 0)
2026-02-25 23:35:54.754 7 INFO placement.requestlog [req-09362328-4a01-4cb4-8204-0aa9f38e0097 req-b98a9e44-6271-4d8a-be63-092abf3f4008 c2568815cce94b2ab00ac84c22da09c2 62a9d5ba5bf643e3bae89d230e5c6308 - - 8097667c7b4b4f0bbaec5e3407cb0240 8097667c7b4b4f0bbaec5e3407cb0240] 199.204.45.23 "GET /allocations/312db819-ddc2-4597-81b7-b6cbd70fd184" status: 200 len: 258 microversion: 1.28 [pid: 7|app: 0|req: 621/1240] 199.204.45.23 () {34 vars in 862 bytes} [Wed Feb 25 23:35:54 2026] GET /allocations/312db819-ddc2-4597-81b7-b6cbd70fd184 => generated 258 bytes in 11 msecs (HTTP/1.1 200) 8 headers in 296 bytes (1 switches on core 0)
2026-02-25 23:35:54.771 8 INFO placement.requestlog [req-09362328-4a01-4cb4-8204-0aa9f38e0097 req-1e110713-1b98-426b-bed0-632a6fed4533 c2568815cce94b2ab00ac84c22da09c2 62a9d5ba5bf643e3bae89d230e5c6308 - - 8097667c7b4b4f0bbaec5e3407cb0240 8097667c7b4b4f0bbaec5e3407cb0240] 199.204.45.23 "GET /allocations/6547fcd1-c37e-4d12-8cd7-15f488199055" status: 200 len: 258 microversion: 1.28 [pid: 8|app: 0|req: 620/1241] 199.204.45.23 () {34 vars in 862 bytes} [Wed Feb 25 23:35:54 2026] GET /allocations/6547fcd1-c37e-4d12-8cd7-15f488199055 => generated 258 bytes in 12 msecs (HTTP/1.1 200) 8 headers in 296 bytes (1 switches on core 0)
2026-02-25 23:35:54.788 7 INFO placement.requestlog [req-09362328-4a01-4cb4-8204-0aa9f38e0097 req-d7f1a83b-7f2d-43a5-93c8-430fdef6f1b7 c2568815cce94b2ab00ac84c22da09c2 62a9d5ba5bf643e3bae89d230e5c6308 - - 8097667c7b4b4f0bbaec5e3407cb0240 8097667c7b4b4f0bbaec5e3407cb0240] 199.204.45.23 "GET /allocations/e67c3d7c-a0f9-48b4-a52a-4018f978ea97" status: 200 len: 245 microversion: 1.28 [pid: 7|app: 0|req: 622/1242] 199.204.45.23 () {34 vars in 862 bytes} [Wed Feb 25 23:35:54 2026] GET /allocations/e67c3d7c-a0f9-48b4-a52a-4018f978ea97 => generated 245 bytes in 12 msecs (HTTP/1.1 200) 8 headers in 296 bytes (1 switches on core 0)
2026-02-25 23:36:03.462 8 INFO placement.requestlog [None req-8536c4fe-0ea2-4305-aa15-5c80f05e9cd3 - - - - - -] 10.0.0.192 "GET /" status: 200 len: 136 microversion: 1.0
2026-02-25 23:36:03.463 7 INFO placement.requestlog [None req-59f76efb-cfcd-43c6-b658-81965f809de4 - - - - - -] 10.0.0.192 "GET /" status: 200 len: 136 microversion: 1.0
2026-02-25 23:36:13.463 7 INFO placement.requestlog [None req-41d57510-e6da-4ec0-a46a-7194e0ae5d1a - - - - - -] 10.0.0.192 "GET /" status: 200 len: 136 microversion: 1.0
2026-02-25 23:36:13.463 8 INFO placement.requestlog [None req-e8827f98-6104-45f5-80c0-e2c53e6af5c0 - - - - - -] 10.0.0.192 "GET /" status: 200 len: 136 microversion: 1.0
2026-02-25 23:36:15.636 7 INFO placement.requestlog [None req-a1c9f0f8-0350-4459-8757-578ac6cd8e0f b67da7dda8114a148d141db8b2971105 f2c0878b6c6d4b12932b7f2527a1a126 - - default default] 10.0.0.194 "GET /resource_providers" status: 200 len: 406 microversion: 1.0 [pid: 7|app: 0|req: 625/1247] 10.0.0.194 () {28 vars in 593 bytes} [Wed Feb 25 23:36:15 2026] GET /resource_providers => generated 406 bytes in 40 msecs (HTTP/1.1 200) 6 headers in 224 bytes (1 switches on core 0)
2026-02-25 23:36:15.660 8 INFO placement.requestlog [None req-e9942d45-f954-4ba0-8ebe-503d3787df61 b67da7dda8114a148d141db8b2971105 f2c0878b6c6d4b12932b7f2527a1a126 - - default default] 10.0.0.194 "GET /resource_providers/15eb3153-9864-49a6-8a49-5fb350fcb647/inventories" status: 200 len: 401 microversion: 1.0 [pid: 8|app: 0|req: 623/1248] 10.0.0.194 () {28 vars in 691 bytes} [Wed Feb 25 23:36:15 2026] GET /resource_providers/15eb3153-9864-49a6-8a49-5fb350fcb647/inventories => generated 401 bytes in 20 msecs (HTTP/1.1 200) 6 headers in 224 bytes (1 switches on core 0)
2026-02-25 23:36:15.684 7 INFO placement.requestlog [None req-7ee7f561-303e-4f1d-b669-f7e398491352 b67da7dda8114a148d141db8b2971105 f2c0878b6c6d4b12932b7f2527a1a126 - - default default] 10.0.0.194 "GET /resource_providers/15eb3153-9864-49a6-8a49-5fb350fcb647/usages" status: 200 len: 92 microversion: 1.0 [pid: 7|app: 0|req: 626/1249] 10.0.0.194 () {28 vars in 681 bytes} [Wed Feb 25 23:36:15 2026] GET /resource_providers/15eb3153-9864-49a6-8a49-5fb350fcb647/usages => generated 92 bytes in 17 msecs (HTTP/1.1 200) 6 headers in 223 bytes (1 switches on core 0)
2026-02-25 23:36:23.463 8 INFO placement.requestlog [None req-3f908f4c-3620-4116-b5a0-57a06849e410 - - - - - -] 10.0.0.192 "GET /" status: 200 len: 136 microversion: 1.0
2026-02-25 23:36:23.464 7 INFO placement.requestlog [None req-9fca8230-9335-4189-b664-debc4432a5d9 - - - - - -] 10.0.0.192 "GET /" status: 200 len: 136 microversion: 1.0
2026-02-25 23:36:33.463 8 INFO placement.requestlog [None req-651e07cc-ca93-4f2f-9cb4-6efb8d33e6a5 - - - - - -] 10.0.0.192 "GET /" status: 200 len: 136 microversion: 1.0
2026-02-25 23:36:33.463 7 INFO placement.requestlog [None req-1ca4f9b6-d87c-4d08-b4dd-9eb2f3afa36e - - - - - -] 10.0.0.192 "GET /" status: 200 len: 136 microversion: 1.0
2026-02-25 23:36:34.984 7 INFO placement.requestlog [req-99b46434-8bf4-4806-bdf4-ad80c226695a req-d1fe4c56-40cb-4c11-95ca-02bee5f83c9a c2568815cce94b2ab00ac84c22da09c2 62a9d5ba5bf643e3bae89d230e5c6308 - - 8097667c7b4b4f0bbaec5e3407cb0240 8097667c7b4b4f0bbaec5e3407cb0240] 199.204.45.23 "GET /resource_providers/15eb3153-9864-49a6-8a49-5fb350fcb647/allocations" status: 200 len: 340 microversion: 1.0 [pid: 7|app: 0|req: 629/1254] 199.204.45.23 () {32 vars in 856 bytes} [Wed Feb 25 23:36:34 2026] GET /resource_providers/15eb3153-9864-49a6-8a49-5fb350fcb647/allocations => generated 340 bytes in 17 msecs (HTTP/1.1 200) 6 headers in 224 bytes (1 switches on core 0)
2026-02-25 23:36:35.003 8 INFO placement.requestlog [req-99b46434-8bf4-4806-bdf4-ad80c226695a req-ba8de115-d94a-41b6-84fc-706e10a3fba5 c2568815cce94b2ab00ac84c22da09c2 62a9d5ba5bf643e3bae89d230e5c6308 - - 8097667c7b4b4f0bbaec5e3407cb0240 8097667c7b4b4f0bbaec5e3407cb0240] 199.204.45.23 "GET /allocations/312db819-ddc2-4597-81b7-b6cbd70fd184" status: 200 len: 258 microversion: 1.28 [pid: 8|app: 0|req: 626/1255] 199.204.45.23 () {34 vars in 862 bytes} [Wed Feb 25 23:36:34 2026] GET /allocations/312db819-ddc2-4597-81b7-b6cbd70fd184 => generated 258 bytes in 13 msecs (HTTP/1.1 200) 8 headers in 296 bytes (1 switches on core 0)
2026-02-25 23:36:35.020 7 INFO placement.requestlog [req-99b46434-8bf4-4806-bdf4-ad80c226695a req-feba7e19-5b7b-4350-95d1-0bf9677db98b c2568815cce94b2ab00ac84c22da09c2 62a9d5ba5bf643e3bae89d230e5c6308 - - 8097667c7b4b4f0bbaec5e3407cb0240 8097667c7b4b4f0bbaec5e3407cb0240] 199.204.45.23 "GET /allocations/6547fcd1-c37e-4d12-8cd7-15f488199055" status: 200 len: 258 microversion: 1.28 [pid: 7|app: 0|req: 630/1256] 199.204.45.23 () {34 vars in 862 bytes} [Wed Feb 25 23:36:35 2026] GET /allocations/6547fcd1-c37e-4d12-8cd7-15f488199055 => generated 258 bytes in 11 msecs (HTTP/1.1 200) 8 headers in 296 bytes (1 switches on core 0)
2026-02-25 23:36:35.046 8 INFO placement.requestlog [req-99b46434-8bf4-4806-bdf4-ad80c226695a req-78c95a60-867a-4234-8e80-e6ffe80a35ff c2568815cce94b2ab00ac84c22da09c2 62a9d5ba5bf643e3bae89d230e5c6308 - - 8097667c7b4b4f0bbaec5e3407cb0240 8097667c7b4b4f0bbaec5e3407cb0240] 199.204.45.23 "GET /allocations/e67c3d7c-a0f9-48b4-a52a-4018f978ea97" status: 200 len: 245 microversion: 1.28 [pid: 8|app: 0|req: 627/1257] 199.204.45.23 () {34 vars in 862 bytes} [Wed Feb 25 23:36:35 2026] GET /allocations/e67c3d7c-a0f9-48b4-a52a-4018f978ea97 => generated 245 bytes in 18 msecs (HTTP/1.1 200) 8 headers in 296 bytes (1 switches on core 0)
2026-02-25 23:36:36.095 7 INFO placement.requestlog [req-99b46434-8bf4-4806-bdf4-ad80c226695a req-2303da2e-4892-4dbd-bc29-4e7ef0bfd2cf c2568815cce94b2ab00ac84c22da09c2 62a9d5ba5bf643e3bae89d230e5c6308 - - 8097667c7b4b4f0bbaec5e3407cb0240 8097667c7b4b4f0bbaec5e3407cb0240] 199.204.45.23 "DELETE /allocations/e67c3d7c-a0f9-48b4-a52a-4018f978ea97" status: 204 len: 0 microversion: 1.0 [pid: 7|app: 0|req: 631/1258] 199.204.45.23 () {34 vars in 840 bytes} [Wed Feb 25 23:36:36 2026] DELETE /allocations/e67c3d7c-a0f9-48b4-a52a-4018f978ea97 => generated 0 bytes in 29 msecs (HTTP/1.1 204) 5 headers in 198 bytes (1 switches on core 0)
2026-02-25 23:36:38.341 8 INFO placement.requestlog [req-9e1ef144-9104-4e06-8fe1-e7554c86ed0f req-620e1d2d-8691-4938-a106-885493438541 c2568815cce94b2ab00ac84c22da09c2 62a9d5ba5bf643e3bae89d230e5c6308 - - 8097667c7b4b4f0bbaec5e3407cb0240 8097667c7b4b4f0bbaec5e3407cb0240] 199.204.45.23 "GET /resource_providers/15eb3153-9864-49a6-8a49-5fb350fcb647/allocations" status: 200 len: 253 microversion: 1.0 [pid: 8|app: 0|req: 628/1259] 199.204.45.23 () {32 vars in 856 bytes} [Wed Feb 25 23:36:38 2026] GET /resource_providers/15eb3153-9864-49a6-8a49-5fb350fcb647/allocations => generated 253 bytes in 18 msecs (HTTP/1.1 200) 6 headers in 224 bytes (1 switches on core 0)
2026-02-25 23:36:38.363 7 INFO placement.requestlog [req-9e1ef144-9104-4e06-8fe1-e7554c86ed0f req-1058c8df-9d8f-44dd-8d54-7bc1bccb942b c2568815cce94b2ab00ac84c22da09c2 62a9d5ba5bf643e3bae89d230e5c6308 - - 8097667c7b4b4f0bbaec5e3407cb0240 8097667c7b4b4f0bbaec5e3407cb0240] 199.204.45.23 "GET /allocations/312db819-ddc2-4597-81b7-b6cbd70fd184" status: 200 len: 258 microversion: 1.28 [pid: 7|app: 0|req: 632/1260] 199.204.45.23 () {34 vars in 862 bytes} [Wed Feb 25 23:36:38 2026] GET /allocations/312db819-ddc2-4597-81b7-b6cbd70fd184 => generated 258 bytes in 16 msecs (HTTP/1.1 200) 8 headers in 296 bytes (1 switches on core 0)
2026-02-25 23:36:38.384 8 INFO placement.requestlog [req-9e1ef144-9104-4e06-8fe1-e7554c86ed0f req-2007ee11-f36c-4291-a7ca-4238a04623d2 c2568815cce94b2ab00ac84c22da09c2 62a9d5ba5bf643e3bae89d230e5c6308 - - 8097667c7b4b4f0bbaec5e3407cb0240 8097667c7b4b4f0bbaec5e3407cb0240] 199.204.45.23 "GET /allocations/6547fcd1-c37e-4d12-8cd7-15f488199055" status: 200 len: 258 microversion: 1.28 [pid: 8|app: 0|req: 629/1261] 199.204.45.23 () {34 vars in 862 bytes} [Wed Feb 25 23:36:38 2026] GET /allocations/6547fcd1-c37e-4d12-8cd7-15f488199055 => generated 258 bytes in 13 msecs (HTTP/1.1 200) 8 headers in 296 bytes (1 switches on core 0)
2026-02-25 23:36:39.434 7 INFO placement.requestlog [req-9e1ef144-9104-4e06-8fe1-e7554c86ed0f req-246ec4c9-83fa-4718-944a-6484a6e673fc c2568815cce94b2ab00ac84c22da09c2 62a9d5ba5bf643e3bae89d230e5c6308 - - 8097667c7b4b4f0bbaec5e3407cb0240 8097667c7b4b4f0bbaec5e3407cb0240] 199.204.45.23 "DELETE /allocations/312db819-ddc2-4597-81b7-b6cbd70fd184" status: 204 len: 0 microversion: 1.0 [pid: 7|app: 0|req: 633/1262] 199.204.45.23 () {34 vars in 840 bytes} [Wed Feb 25 23:36:39 2026] DELETE /allocations/312db819-ddc2-4597-81b7-b6cbd70fd184 => generated 0 bytes in 23 msecs (HTTP/1.1 204) 5 headers in 198 bytes (1 switches on core 0)
2026-02-25 23:36:43.463 8 INFO placement.requestlog [None req-d61c4fbf-cc5c-43e4-93d1-144c018cd0c9 - - - - - -] 10.0.0.192 "GET /" status: 200 len: 136 microversion: 1.0
2026-02-25 23:36:43.463 7 INFO placement.requestlog [None req-6d03fc90-7cdb-484c-a625-d5a6b4d8d156 - - - - - -] 10.0.0.192 "GET /" status: 200 len: 136 microversion: 1.0
2026-02-25 23:36:49.379 8 INFO placement.requestlog [req-1e44bef4-b791-4613-8702-822b57e31e63 req-40788f55-74f6-41ec-8aa2-0fee2aa76538 c2568815cce94b2ab00ac84c22da09c2 62a9d5ba5bf643e3bae89d230e5c6308 - - 8097667c7b4b4f0bbaec5e3407cb0240 8097667c7b4b4f0bbaec5e3407cb0240] 199.204.45.23 "GET /resource_providers/15eb3153-9864-49a6-8a49-5fb350fcb647/allocations" status: 200 len: 153 microversion: 1.0 [pid: 8|app: 0|req: 631/1265] 199.204.45.23 () {32 vars in 856 bytes} [Wed Feb 25 23:36:49 2026] GET /resource_providers/15eb3153-9864-49a6-8a49-5fb350fcb647/allocations => generated 153 bytes in 14 msecs (HTTP/1.1 200) 6 headers in 224 bytes (1 switches on core 0)
2026-02-25 23:36:49.398 7 INFO placement.requestlog [req-1e44bef4-b791-4613-8702-822b57e31e63 req-e0e49705-9d26-4831-bb0b-340005eca055 c2568815cce94b2ab00ac84c22da09c2 62a9d5ba5bf643e3bae89d230e5c6308 - - 8097667c7b4b4f0bbaec5e3407cb0240 8097667c7b4b4f0bbaec5e3407cb0240] 199.204.45.23 "GET /allocations/6547fcd1-c37e-4d12-8cd7-15f488199055" status: 200 len: 258 microversion: 1.28 [pid: 7|app: 0|req: 635/1266] 199.204.45.23 () {34 vars in 862 bytes} [Wed Feb 25 23:36:49 2026] GET /allocations/6547fcd1-c37e-4d12-8cd7-15f488199055 => generated 258 bytes in 13 msecs (HTTP/1.1 200) 8 headers in 296 bytes (1 switches on core 0)
2026-02-25 23:36:50.451 8 INFO placement.requestlog [req-1e44bef4-b791-4613-8702-822b57e31e63 req-0ed67590-5ee4-4b80-bac8-46bf5e8eaa37 c2568815cce94b2ab00ac84c22da09c2 62a9d5ba5bf643e3bae89d230e5c6308 - - 8097667c7b4b4f0bbaec5e3407cb0240 8097667c7b4b4f0bbaec5e3407cb0240] 199.204.45.23 "DELETE /allocations/6547fcd1-c37e-4d12-8cd7-15f488199055" status: 204 len: 0 microversion: 1.0 [pid: 8|app: 0|req: 632/1267] 199.204.45.23 () {34 vars in 840 bytes} [Wed Feb 25 23:36:50 2026] DELETE /allocations/6547fcd1-c37e-4d12-8cd7-15f488199055 => generated 0 bytes in 28 msecs (HTTP/1.1 204) 5 headers in 198 bytes (1 switches on core 0)
2026-02-25 23:36:53.463 7 INFO placement.requestlog [None req-a68e7a1c-3f3b-4b8f-aa7f-a75433cba9a2 - - - - - -] 10.0.0.192 "GET /" status: 200 len: 136 microversion: 1.0
2026-02-25 23:36:53.463 8 INFO placement.requestlog [None req-5bd64045-9828-41cc-bc71-26120c41c665 - - - - - -] 10.0.0.192 "GET /" status: 200 len: 136 microversion: 1.0
2026-02-25 23:36:54.002 7 INFO placement.requestlog [req-c2a8f6df-8821-443e-9240-2b739cf7fb8d req-ab839c13-f814-42cb-8342-a4a30cbfa6d5 c2568815cce94b2ab00ac84c22da09c2 62a9d5ba5bf643e3bae89d230e5c6308 - - 8097667c7b4b4f0bbaec5e3407cb0240 8097667c7b4b4f0bbaec5e3407cb0240] 199.204.45.23 "GET /resource_providers/15eb3153-9864-49a6-8a49-5fb350fcb647/allocations" status: 200 len: 55 microversion: 1.0 [pid: 7|app: 0|req: 637/1270] 199.204.45.23 () {32 vars in 856 bytes} [Wed Feb 25 23:36:53 2026] GET /resource_providers/15eb3153-9864-49a6-8a49-5fb350fcb647/allocations => generated 55 bytes in 20 msecs (HTTP/1.1 200) 6 headers in 223 bytes (1 switches on core 0)
2026-02-25 23:36:54.026 8 INFO placement.requestlog [req-c2a8f6df-8821-443e-9240-2b739cf7fb8d req-16051440-57f0-4bcc-b8c7-36324eb693b8 c2568815cce94b2ab00ac84c22da09c2 62a9d5ba5bf643e3bae89d230e5c6308 - - 8097667c7b4b4f0bbaec5e3407cb0240 8097667c7b4b4f0bbaec5e3407cb0240] 199.204.45.23 "GET /resource_providers/15eb3153-9864-49a6-8a49-5fb350fcb647/allocations" status: 200 len: 55 microversion: 1.0 [pid: 8|app: 0|req: 634/1271] 199.204.45.23 () {32 vars in 856 bytes} [Wed Feb 25 23:36:54 2026] GET /resource_providers/15eb3153-9864-49a6-8a49-5fb350fcb647/allocations => generated 55 bytes in 14 msecs (HTTP/1.1 200) 6 headers in 223 bytes (1 switches on core 0)
2026-02-25 23:37:02.467 7 INFO placement.requestlog [None req-635402fd-9dc7-43e3-a1d7-e940416d5d55 1be6146475da4a5a9afed755c148d455 62a9d5ba5bf643e3bae89d230e5c6308 - - 8097667c7b4b4f0bbaec5e3407cb0240 8097667c7b4b4f0bbaec5e3407cb0240] 10.0.0.204 "GET /resource_providers/1d07bd34-e19c-406c-8d60-a9a7e5f806e1/aggregates" status: 404 len: 235 microversion: 1.1 [pid: 7|app: 0|req: 638/1272] 10.0.0.204 () {32 vars in 816 bytes} [Wed Feb 25 23:37:02 2026] GET /resource_providers/1d07bd34-e19c-406c-8d60-a9a7e5f806e1/aggregates => generated 235 bytes in 8 msecs (HTTP/1.1 404) 5 headers in 202 bytes (1 switches on core 0)
2026-02-25 23:37:02.469 8 INFO placement.requestlog [None req-a7bca038-a530-4b4f-bdc6-642d6ed0b3d8 1be6146475da4a5a9afed755c148d455 62a9d5ba5bf643e3bae89d230e5c6308 - - 8097667c7b4b4f0bbaec5e3407cb0240 8097667c7b4b4f0bbaec5e3407cb0240] 10.0.0.204 "GET /resource_providers/1d07bd34-e19c-406c-8d60-a9a7e5f806e1/aggregates" status: 404 len: 235 microversion: 1.1 [pid: 8|app: 0|req: 635/1273] 10.0.0.204 () {32 vars in 816 bytes} [Wed Feb 25 23:37:02 2026] GET /resource_providers/1d07bd34-e19c-406c-8d60-a9a7e5f806e1/aggregates => generated 235 bytes in 9 msecs (HTTP/1.1 404) 5 headers in 202 bytes (1 switches on core 0)
2026-02-25 23:37:02.491 7 INFO placement.requestlog [None req-eb908c08-be8a-434b-98d2-e1d358e11a41 1be6146475da4a5a9afed755c148d455 62a9d5ba5bf643e3bae89d230e5c6308 - - 8097667c7b4b4f0bbaec5e3407cb0240 8097667c7b4b4f0bbaec5e3407cb0240] 10.0.0.204 "DELETE /resource_providers/1d07bd34-e19c-406c-8d60-a9a7e5f806e1" status: 404 len: 246 microversion: 1.1 [pid: 7|app: 0|req: 639/1274] 10.0.0.204 () {34 vars in 816 bytes} [Wed Feb 25 23:37:02 2026] DELETE /resource_providers/1d07bd34-e19c-406c-8d60-a9a7e5f806e1 => generated 246 bytes in 9 msecs (HTTP/1.1 404) 6 headers in 231 bytes (1 switches on core 0)
2026-02-25 23:37:02.492 8 INFO placement.requestlog [None req-7189fb11-a8b7-4ed6-8253-7fee8c52cf46 1be6146475da4a5a9afed755c148d455 62a9d5ba5bf643e3bae89d230e5c6308 - - 8097667c7b4b4f0bbaec5e3407cb0240 8097667c7b4b4f0bbaec5e3407cb0240] 10.0.0.204 "DELETE /resource_providers/1d07bd34-e19c-406c-8d60-a9a7e5f806e1" status: 404 len: 246 microversion: 1.1 [pid: 8|app: 0|req: 636/1275] 10.0.0.204 () {34 vars in 816 bytes} [Wed Feb 25 23:37:02 2026] DELETE /resource_providers/1d07bd34-e19c-406c-8d60-a9a7e5f806e1 => generated 246 bytes in 9 msecs (HTTP/1.1 404) 6 headers in 231 bytes (1 switches on core 0)
2026-02-25 23:37:03.463 7 INFO placement.requestlog [None req-b5537e7e-9943-49d7-9d14-c3e9edb62324 - - - - - -] 10.0.0.192 "GET /" status: 200 len: 136 microversion: 1.0
2026-02-25 23:37:03.463 8 INFO placement.requestlog [None req-16e9122c-aced-4e57-924d-70cd6da5a809 - - - - - -] 10.0.0.192 "GET /" status: 200 len: 136 microversion: 1.0
2026-02-25 23:37:04.709 7 INFO placement.requestlog [None req-4dbdd1ec-f9f0-4cb0-aeca-37a05d9037ab 1be6146475da4a5a9afed755c148d455 62a9d5ba5bf643e3bae89d230e5c6308 - - 8097667c7b4b4f0bbaec5e3407cb0240 8097667c7b4b4f0bbaec5e3407cb0240] 10.0.0.204 "GET /resource_providers/ad31b49c-6e2c-432a-87fc-dc40ad8c2401/aggregates" status: 404 len: 235 microversion: 1.1
2026-02-25 23:37:04.709 8 INFO placement.requestlog [None req-4e68bd05-c9ab-4faf-8c1c-d681c53da96f 1be6146475da4a5a9afed755c148d455 62a9d5ba5bf643e3bae89d230e5c6308 - - 8097667c7b4b4f0bbaec5e3407cb0240 8097667c7b4b4f0bbaec5e3407cb0240] 10.0.0.204 "GET /resource_providers/ad31b49c-6e2c-432a-87fc-dc40ad8c2401/aggregates" status: 404 len: 235 microversion: 1.1 [pid: 7|app: 0|req: 641/1278] 10.0.0.204 () {32 vars in 816 bytes} [Wed Feb 25 23:37:04 2026] GET /resource_providers/ad31b49c-6e2c-432a-87fc-dc40ad8c2401/aggregates => generated 235 bytes in 202 msecs (HTTP/1.1 404) 5 headers in 202 bytes (1 switches on core 0) [pid: 8|app: 0|req: 638/1279] 10.0.0.204 () {32 vars in 816 bytes} [Wed Feb 25 23:37:04 2026] GET /resource_providers/ad31b49c-6e2c-432a-87fc-dc40ad8c2401/aggregates => generated 235 bytes in 199 msecs (HTTP/1.1 404) 5 headers in 202 bytes (1 switches on core 0)
2026-02-25 23:37:04.726 7 INFO placement.requestlog [None req-f944fe36-fd55-44ea-a3a8-3717ab71f6a7 1be6146475da4a5a9afed755c148d455 62a9d5ba5bf643e3bae89d230e5c6308 - - 8097667c7b4b4f0bbaec5e3407cb0240 8097667c7b4b4f0bbaec5e3407cb0240] 10.0.0.204 "DELETE /resource_providers/ad31b49c-6e2c-432a-87fc-dc40ad8c2401" status: 404 len: 246 microversion: 1.1 [pid: 7|app: 0|req: 642/1280] 10.0.0.204 () {34 vars in 816 bytes} [Wed Feb 25 23:37:04 2026] DELETE /resource_providers/ad31b49c-6e2c-432a-87fc-dc40ad8c2401 => generated 246 bytes in 6 msecs (HTTP/1.1 404) 6 headers in 231 bytes (1 switches on core 0)
2026-02-25 23:37:04.727 8 INFO placement.requestlog [None req-9b02ac39-e5d7-4e23-862c-7def9ddd26fb 1be6146475da4a5a9afed755c148d455 62a9d5ba5bf643e3bae89d230e5c6308 - - 8097667c7b4b4f0bbaec5e3407cb0240 8097667c7b4b4f0bbaec5e3407cb0240] 10.0.0.204 "DELETE /resource_providers/ad31b49c-6e2c-432a-87fc-dc40ad8c2401" status: 404 len: 246 microversion: 1.1 [pid: 8|app: 0|req: 639/1281] 10.0.0.204 () {34 vars in 816 bytes} [Wed Feb 25 23:37:04 2026] DELETE /resource_providers/ad31b49c-6e2c-432a-87fc-dc40ad8c2401 => generated 246 bytes in 6 msecs (HTTP/1.1 404) 6 headers in 231 bytes (1 switches on core 0)
2026-02-25 23:37:04.746 8 INFO placement.requestlog [None req-18526d11-f1f4-4d2f-9f7e-6a67703caaaf 1be6146475da4a5a9afed755c148d455 62a9d5ba5bf643e3bae89d230e5c6308 - - 8097667c7b4b4f0bbaec5e3407cb0240 8097667c7b4b4f0bbaec5e3407cb0240] 10.0.0.204 "GET /resource_providers/ffafd000-6761-4c74-8c18-1f3b94d01de3/aggregates" status: 404 len: 235 microversion: 1.1 [pid: 8|app: 0|req: 640/1282] 10.0.0.204 () {32 vars in 816 bytes} [Wed Feb 25 23:37:04 2026] GET /resource_providers/ffafd000-6761-4c74-8c18-1f3b94d01de3/aggregates => generated 235 bytes in 7 msecs (HTTP/1.1 404) 5 headers in 202 bytes (1 switches on core 0)
2026-02-25 23:37:04.747 7 INFO placement.requestlog [None req-f4deca32-00e5-4df8-b066-49d7095d27f4 1be6146475da4a5a9afed755c148d455 62a9d5ba5bf643e3bae89d230e5c6308 - - 8097667c7b4b4f0bbaec5e3407cb0240 8097667c7b4b4f0bbaec5e3407cb0240] 10.0.0.204 "GET /resource_providers/ffafd000-6761-4c74-8c18-1f3b94d01de3/aggregates" status: 404 len: 235 microversion: 1.1 [pid: 7|app: 0|req: 643/1283] 10.0.0.204 () {32 vars in 816 bytes} [Wed Feb 25 23:37:04 2026] GET /resource_providers/ffafd000-6761-4c74-8c18-1f3b94d01de3/aggregates => generated 235 bytes in 10 msecs (HTTP/1.1 404) 5 headers in 202 bytes (1 switches on core 0)
2026-02-25 23:37:04.766 8 INFO placement.requestlog [None req-e1fe0e1a-8cc0-4ae7-898c-6fc8248836be 1be6146475da4a5a9afed755c148d455 62a9d5ba5bf643e3bae89d230e5c6308 - - 8097667c7b4b4f0bbaec5e3407cb0240 8097667c7b4b4f0bbaec5e3407cb0240] 10.0.0.204 "DELETE /resource_providers/ffafd000-6761-4c74-8c18-1f3b94d01de3" status: 404 len: 246 microversion: 1.1 [pid: 8|app: 0|req: 641/1284] 10.0.0.204 () {34 vars in 816 bytes} [Wed Feb 25 23:37:04 2026] DELETE /resource_providers/ffafd000-6761-4c74-8c18-1f3b94d01de3 => generated 246 bytes in 9 msecs (HTTP/1.1 404) 6 headers in 231 bytes (1 switches on core 0)
2026-02-25 23:37:04.769 7 INFO placement.requestlog [None req-569f2182-ba8a-4cd2-8ad6-50aae53a85de 1be6146475da4a5a9afed755c148d455 62a9d5ba5bf643e3bae89d230e5c6308 - - 8097667c7b4b4f0bbaec5e3407cb0240 8097667c7b4b4f0bbaec5e3407cb0240] 10.0.0.204 "DELETE /resource_providers/ffafd000-6761-4c74-8c18-1f3b94d01de3" status: 404 len: 246 microversion: 1.1 [pid: 7|app: 0|req: 644/1285] 10.0.0.204 () {34 vars in 816 bytes} [Wed Feb 25 23:37:04 2026] DELETE /resource_providers/ffafd000-6761-4c74-8c18-1f3b94d01de3 => generated 246 bytes in 10 msecs (HTTP/1.1 404) 6 headers in 231 bytes (1 switches on core 0)
2026-02-25 23:37:13.463 7 INFO placement.requestlog [None req-de85ac2c-95fa-440f-a2c1-5131964d0c3d - - - - - -] 10.0.0.192 "GET /" status: 200 len: 136 microversion: 1.0
2026-02-25 23:37:13.463 8 INFO placement.requestlog [None req-524865b5-a74e-4183-b10b-6ae8df19a3f6 - - - - - -] 10.0.0.192 "GET /" status: 200 len: 136 microversion: 1.0
2026-02-25 23:37:16.027 7 INFO placement.requestlog [None req-b549d130-aeb4-4136-8cf2-9683d5ec06bd b67da7dda8114a148d141db8b2971105 f2c0878b6c6d4b12932b7f2527a1a126 - - default default] 10.0.0.194 "GET /resource_providers" status: 200 len: 406 microversion: 1.0 [pid: 7|app: 0|req: 646/1288] 10.0.0.194 () {28 vars in 593 bytes} [Wed Feb 25 23:37:15 2026] GET /resource_providers => generated 406 bytes in 123 msecs (HTTP/1.1 200) 6 headers in 224 bytes (1 switches on core 0)
2026-02-25 23:37:16.045 8 INFO placement.requestlog [None req-b33238e2-3138-4be2-85e7-b68508ece688 b67da7dda8114a148d141db8b2971105 f2c0878b6c6d4b12932b7f2527a1a126 - - default default] 10.0.0.194 "GET /resource_providers/15eb3153-9864-49a6-8a49-5fb350fcb647/inventories" status: 200 len: 401 microversion: 1.0 [pid: 8|app: 0|req: 643/1289] 10.0.0.194 () {28 vars in 691 bytes} [Wed Feb 25 23:37:16 2026] GET /resource_providers/15eb3153-9864-49a6-8a49-5fb350fcb647/inventories => generated 401 bytes in 14 msecs (HTTP/1.1 200) 6 headers in 224 bytes (1 switches on core 0)
2026-02-25 23:37:16.064 7 INFO placement.requestlog [None req-85c95a38-dfaf-4945-a18d-e233dbb6cab6 b67da7dda8114a148d141db8b2971105 f2c0878b6c6d4b12932b7f2527a1a126 - - default default] 10.0.0.194 "GET /resource_providers/15eb3153-9864-49a6-8a49-5fb350fcb647/usages" status: 200 len: 89 microversion: 1.0 [pid: 7|app: 0|req: 647/1290] 10.0.0.194 () {28 vars in 681 bytes} [Wed Feb 25 23:37:16 2026] GET /resource_providers/15eb3153-9864-49a6-8a49-5fb350fcb647/usages => generated 89 bytes in 16 msecs (HTTP/1.1 200) 6 headers in 223 bytes (1 switches on core 0)
2026-02-25 23:37:23.463 8 INFO placement.requestlog [None req-030e06c9-cb88-4786-8360-ca578d12d484 - - - - - -] 10.0.0.192 "GET /" status: 200 len: 136 microversion: 1.0
2026-02-25 23:37:23.463 7 INFO placement.requestlog [None req-ab5e3743-2d0d-478c-8971-56fc7116d8da - - - - - -] 10.0.0.192 "GET /" status: 200 len: 136 microversion: 1.0
2026-02-25 23:37:32.794 7 INFO placement.requestlog [None req-4907db42-521f-43d7-8698-f5829d108f24 1be6146475da4a5a9afed755c148d455 62a9d5ba5bf643e3bae89d230e5c6308 - - 8097667c7b4b4f0bbaec5e3407cb0240 8097667c7b4b4f0bbaec5e3407cb0240] 10.0.0.204 "GET /resource_providers/7ad1567f-bdcc-45a8-b913-8a3c435a262e/aggregates" status: 404 len: 235 microversion: 1.1
2026-02-25 23:37:32.795 8 INFO placement.requestlog [None req-6bc6f972-7d35-4210-99de-5ffc86711803 1be6146475da4a5a9afed755c148d455 62a9d5ba5bf643e3bae89d230e5c6308 - - 8097667c7b4b4f0bbaec5e3407cb0240 8097667c7b4b4f0bbaec5e3407cb0240] 10.0.0.204 "GET /resource_providers/7ad1567f-bdcc-45a8-b913-8a3c435a262e/aggregates" status: 404 len: 235 microversion: 1.1 [pid: 7|app: 0|req: 649/1293] 10.0.0.204 () {32 vars in 816 bytes} [Wed Feb 25 23:37:32 2026] GET /resource_providers/7ad1567f-bdcc-45a8-b913-8a3c435a262e/aggregates => generated 235 bytes in 11 msecs (HTTP/1.1 404) 5 headers in 202 bytes (1 switches on core 0) [pid: 8|app: 0|req: 645/1294] 10.0.0.204 () {32 vars in 816 bytes} [Wed Feb 25 23:37:32 2026] GET /resource_providers/7ad1567f-bdcc-45a8-b913-8a3c435a262e/aggregates => generated 235 bytes in 11 msecs (HTTP/1.1 404) 5 headers in 202 bytes (1 switches on core 0)
2026-02-25 23:37:32.816 7 INFO placement.requestlog [None req-08dceff4-9174-4fec-a17a-42e328e85838 1be6146475da4a5a9afed755c148d455 62a9d5ba5bf643e3bae89d230e5c6308 - - 8097667c7b4b4f0bbaec5e3407cb0240 8097667c7b4b4f0bbaec5e3407cb0240] 10.0.0.204 "DELETE /resource_providers/7ad1567f-bdcc-45a8-b913-8a3c435a262e" status: 404 len: 246 microversion: 1.1 [pid: 7|app: 0|req: 650/1295] 10.0.0.204 () {34 vars in 816 bytes} [Wed Feb 25 23:37:32 2026] DELETE /resource_providers/7ad1567f-bdcc-45a8-b913-8a3c435a262e => generated 246 bytes in 11 msecs (HTTP/1.1 404) 6 headers in 231 bytes (1 switches on core 0)
2026-02-25 23:37:32.818 8 INFO placement.requestlog [None req-ae1abffd-a7fb-411b-a7ab-6e1596d7a9be 1be6146475da4a5a9afed755c148d455 62a9d5ba5bf643e3bae89d230e5c6308 - - 8097667c7b4b4f0bbaec5e3407cb0240 8097667c7b4b4f0bbaec5e3407cb0240] 10.0.0.204 "DELETE /resource_providers/7ad1567f-bdcc-45a8-b913-8a3c435a262e" status: 404 len: 246 microversion: 1.1 [pid: 8|app: 0|req: 646/1296] 10.0.0.204 () {34 vars in 816 bytes} [Wed Feb 25 23:37:32 2026] DELETE /resource_providers/7ad1567f-bdcc-45a8-b913-8a3c435a262e => generated 246 bytes in 11 msecs (HTTP/1.1 404) 6 headers in 231 bytes (1 switches on core 0)
2026-02-25 23:37:33.261 7 INFO placement.requestlog [None req-6c9830d3-8356-41dc-97d7-dde3c9b455af 1be6146475da4a5a9afed755c148d455 62a9d5ba5bf643e3bae89d230e5c6308 - - 8097667c7b4b4f0bbaec5e3407cb0240 8097667c7b4b4f0bbaec5e3407cb0240] 10.0.0.204 "GET /resource_providers/76419096-b67c-415f-b8fd-2ffeec438a1e/aggregates" status: 404 len: 235 microversion: 1.1 [pid: 7|app: 0|req: 651/1297] 10.0.0.204 () {32 vars in 816 bytes} [Wed Feb 25 23:37:33 2026] GET /resource_providers/76419096-b67c-415f-b8fd-2ffeec438a1e/aggregates => generated 235 bytes in 106 msecs (HTTP/1.1 404) 5 headers in 202 bytes (1 switches on core 0)
2026-02-25 23:37:33.270 8 INFO placement.requestlog [None req-57c08132-67fb-4977-af08-2e0104836141 1be6146475da4a5a9afed755c148d455 62a9d5ba5bf643e3bae89d230e5c6308 - - 8097667c7b4b4f0bbaec5e3407cb0240 8097667c7b4b4f0bbaec5e3407cb0240] 10.0.0.204 "GET /resource_providers/76419096-b67c-415f-b8fd-2ffeec438a1e/aggregates" status: 404 len: 235 microversion: 1.1 [pid: 8|app: 0|req: 647/1298] 10.0.0.204 () {32 vars in 816 bytes} [Wed Feb 25 23:37:33 2026] GET /resource_providers/76419096-b67c-415f-b8fd-2ffeec438a1e/aggregates => generated 235 bytes in 115 msecs (HTTP/1.1 404) 5 headers in 202 bytes (1 switches on core 0)
2026-02-25 23:37:33.278 7 INFO placement.requestlog [None req-2e009522-78ce-4ef0-8eec-fec4d2fe0f42 1be6146475da4a5a9afed755c148d455 62a9d5ba5bf643e3bae89d230e5c6308 - - 8097667c7b4b4f0bbaec5e3407cb0240 8097667c7b4b4f0bbaec5e3407cb0240] 10.0.0.204 "DELETE /resource_providers/76419096-b67c-415f-b8fd-2ffeec438a1e" status: 404 len: 246 microversion: 1.1 [pid: 7|app: 0|req: 652/1299] 10.0.0.204 () {34 vars in 816 bytes} [Wed Feb 25 23:37:33 2026] DELETE /resource_providers/76419096-b67c-415f-b8fd-2ffeec438a1e => generated 246 bytes in 9 msecs (HTTP/1.1 404) 6 headers in 231 bytes (1 switches on core 0)
2026-02-25 23:37:33.285 8 INFO placement.requestlog [None req-001e8b43-03f0-4eaf-b8e7-06827bc3cb53 1be6146475da4a5a9afed755c148d455 62a9d5ba5bf643e3bae89d230e5c6308 - - 8097667c7b4b4f0bbaec5e3407cb0240 8097667c7b4b4f0bbaec5e3407cb0240] 10.0.0.204 "DELETE /resource_providers/76419096-b67c-415f-b8fd-2ffeec438a1e" status: 404 len: 246 microversion: 1.1 [pid: 8|app: 0|req: 648/1300] 10.0.0.204 () {34 vars in 816 bytes} [Wed Feb 25 23:37:33 2026] DELETE /resource_providers/76419096-b67c-415f-b8fd-2ffeec438a1e => generated 246 bytes in 7 msecs (HTTP/1.1 404) 6 headers in 231 bytes (1 switches on core 0)
2026-02-25 23:37:33.463 7 INFO placement.requestlog [None req-11bc50be-4232-4436-aab2-dbdaad57cb8c - - - - - -] 10.0.0.192 "GET /" status: 200 len: 136 microversion: 1.0
2026-02-25 23:37:33.463 8 INFO placement.requestlog [None req-dfb43d5f-20e4-47da-bc06-2bf1dd56f156 - - - - - -] 10.0.0.192 "GET /" status: 200 len: 136 microversion: 1.0
2026-02-25 23:37:34.841 8 INFO placement.requestlog [None req-3ee7c810-4673-49de-9584-70f9ed11c72b 1be6146475da4a5a9afed755c148d455 62a9d5ba5bf643e3bae89d230e5c6308 - - 8097667c7b4b4f0bbaec5e3407cb0240 8097667c7b4b4f0bbaec5e3407cb0240] 10.0.0.204 "GET /resource_providers/cd2eb39b-c6d9-486b-8f0c-e25ec18ada59/aggregates" status: 404 len: 235 microversion: 1.1
2026-02-25 23:37:34.841 7 INFO placement.requestlog [None req-228d68d2-45e1-4475-a2ba-e63be1644982 1be6146475da4a5a9afed755c148d455 62a9d5ba5bf643e3bae89d230e5c6308 - - 8097667c7b4b4f0bbaec5e3407cb0240 8097667c7b4b4f0bbaec5e3407cb0240] 10.0.0.204 "GET /resource_providers/cd2eb39b-c6d9-486b-8f0c-e25ec18ada59/aggregates" status: 404 len: 235 microversion: 1.1 [pid: 8|app: 0|req: 650/1303] 10.0.0.204 () {32 vars in 816 bytes} [Wed Feb 25 23:37:34 2026] GET /resource_providers/cd2eb39b-c6d9-486b-8f0c-e25ec18ada59/aggregates => generated 235 bytes in 10 msecs (HTTP/1.1 404) 5 headers in 202 bytes (1 switches on core 0) [pid: 7|app: 0|req: 654/1304] 10.0.0.204 () {32 vars in 816 bytes} [Wed Feb 25 23:37:34 2026] GET /resource_providers/cd2eb39b-c6d9-486b-8f0c-e25ec18ada59/aggregates => generated 235 bytes in 10 msecs (HTTP/1.1 404) 5 headers in 202 bytes (1 switches on core 0)
2026-02-25 23:37:34.859 8 INFO placement.requestlog [None req-d76f33a6-9e8f-4d92-8857-ca98f026e4dd 1be6146475da4a5a9afed755c148d455 62a9d5ba5bf643e3bae89d230e5c6308 - - 8097667c7b4b4f0bbaec5e3407cb0240 8097667c7b4b4f0bbaec5e3407cb0240] 10.0.0.204 "DELETE /resource_providers/cd2eb39b-c6d9-486b-8f0c-e25ec18ada59" status: 404 len: 246 microversion: 1.1 [pid: 8|app: 0|req: 651/1305] 10.0.0.204 () {34 vars in 816 bytes} [Wed Feb 25 23:37:34 2026] DELETE /resource_providers/cd2eb39b-c6d9-486b-8f0c-e25ec18ada59 => generated 246 bytes in 8 msecs (HTTP/1.1 404) 6 headers in 231 bytes (1 switches on core 0)
2026-02-25 23:37:34.863 7 INFO placement.requestlog [None req-261624bd-d5be-481b-b793-6a2e11ceab62 1be6146475da4a5a9afed755c148d455 62a9d5ba5bf643e3bae89d230e5c6308 - - 8097667c7b4b4f0bbaec5e3407cb0240 8097667c7b4b4f0bbaec5e3407cb0240] 10.0.0.204 "DELETE /resource_providers/cd2eb39b-c6d9-486b-8f0c-e25ec18ada59" status: 404 len: 246 microversion: 1.1 [pid: 7|app: 0|req: 655/1306] 10.0.0.204 () {34 vars in 816 bytes} [Wed Feb 25 23:37:34 2026] DELETE /resource_providers/cd2eb39b-c6d9-486b-8f0c-e25ec18ada59 => generated 246 bytes in 10 msecs (HTTP/1.1 404) 6 headers in 231 bytes (1 switches on core 0)
2026-02-25 23:37:34.875 7 INFO placement.requestlog [None req-e4df7eff-5db6-445c-8690-54fb1c15008f 1be6146475da4a5a9afed755c148d455 62a9d5ba5bf643e3bae89d230e5c6308 - - 8097667c7b4b4f0bbaec5e3407cb0240 8097667c7b4b4f0bbaec5e3407cb0240] 10.0.0.204 "GET /resource_providers/5c096436-af4f-417f-870f-9ecfffe3a64d/aggregates" status: 404 len: 235 microversion: 1.1 [pid: 7|app: 0|req: 656/1307] 10.0.0.204 () {32 vars in 816 bytes} [Wed Feb 25 23:37:34 2026] GET /resource_providers/5c096436-af4f-417f-870f-9ecfffe3a64d/aggregates => generated 235 bytes in 6 msecs (HTTP/1.1 404) 5 headers in 202 bytes (1 switches on core 0)
2026-02-25 23:37:34.876 8 INFO placement.requestlog [None req-065e5d8c-d78d-4aa5-bd7f-22f392b5a482 1be6146475da4a5a9afed755c148d455 62a9d5ba5bf643e3bae89d230e5c6308 - - 8097667c7b4b4f0bbaec5e3407cb0240 8097667c7b4b4f0bbaec5e3407cb0240] 10.0.0.204 "GET /resource_providers/5c096436-af4f-417f-870f-9ecfffe3a64d/aggregates" status: 404 len: 235 microversion: 1.1 [pid: 8|app: 0|req: 652/1308] 10.0.0.204 () {32 vars in 816 bytes} [Wed Feb 25 23:37:34 2026] GET /resource_providers/5c096436-af4f-417f-870f-9ecfffe3a64d/aggregates => generated 235 bytes in 9 msecs (HTTP/1.1 404) 5 headers in 202 bytes (1 switches on core 0)
2026-02-25 23:37:34.894 8 INFO placement.requestlog [None req-b2b21be0-f1a9-456f-bc31-e287393c65bc 1be6146475da4a5a9afed755c148d455 62a9d5ba5bf643e3bae89d230e5c6308 - - 8097667c7b4b4f0bbaec5e3407cb0240 8097667c7b4b4f0bbaec5e3407cb0240] 10.0.0.204 "DELETE /resource_providers/5c096436-af4f-417f-870f-9ecfffe3a64d" status: 404 len: 246 microversion: 1.1 [pid: 8|app: 0|req: 653/1309] 10.0.0.204 () {34 vars in 816 bytes} [Wed Feb 25 23:37:34 2026] DELETE /resource_providers/5c096436-af4f-417f-870f-9ecfffe3a64d => generated 246 bytes in 9 msecs (HTTP/1.1 404) 6 headers in 231 bytes (1 switches on core 0)
2026-02-25 23:37:34.896 7 INFO placement.requestlog [None req-9c9d6afc-51a6-4195-a43b-72bbb7ff4457 1be6146475da4a5a9afed755c148d455 62a9d5ba5bf643e3bae89d230e5c6308 - - 8097667c7b4b4f0bbaec5e3407cb0240 8097667c7b4b4f0bbaec5e3407cb0240] 10.0.0.204 "DELETE /resource_providers/5c096436-af4f-417f-870f-9ecfffe3a64d" status: 404 len: 246 microversion: 1.1 [pid: 7|app: 0|req: 657/1310] 10.0.0.204 () {34 vars in 816 bytes} [Wed Feb 25 23:37:34 2026] DELETE /resource_providers/5c096436-af4f-417f-870f-9ecfffe3a64d => generated 246 bytes in 12 msecs (HTTP/1.1 404) 6 headers in 231 bytes (1 switches on core 0)
2026-02-25 23:37:35.299 8 INFO placement.requestlog [None req-adea451b-99e0-4e15-b277-b42c92b614d7 1be6146475da4a5a9afed755c148d455 62a9d5ba5bf643e3bae89d230e5c6308 - - 8097667c7b4b4f0bbaec5e3407cb0240 8097667c7b4b4f0bbaec5e3407cb0240] 10.0.0.204 "GET /resource_providers/a58ad6ba-9623-4f69-94df-7e7932cc346e/aggregates" status: 404 len: 235 microversion: 1.1 [pid: 8|app: 0|req: 654/1311] 10.0.0.204 () {32 vars in 816 bytes} [Wed Feb 25 23:37:35 2026] GET /resource_providers/a58ad6ba-9623-4f69-94df-7e7932cc346e/aggregates => generated 235 bytes in 12 msecs (HTTP/1.1 404) 5 headers in 202 bytes (1 switches on core 0)
2026-02-25 23:37:35.303 7 INFO placement.requestlog [None req-0fa81f13-5521-4e7b-9a16-cf1f8f0d02ed 1be6146475da4a5a9afed755c148d455 62a9d5ba5bf643e3bae89d230e5c6308 - - 8097667c7b4b4f0bbaec5e3407cb0240 8097667c7b4b4f0bbaec5e3407cb0240] 10.0.0.204 "GET /resource_providers/a58ad6ba-9623-4f69-94df-7e7932cc346e/aggregates" status: 404 len: 235 microversion: 1.1 [pid: 7|app: 0|req: 658/1312] 10.0.0.204 () {32 vars in 816 bytes} [Wed Feb 25 23:37:35 2026] GET /resource_providers/a58ad6ba-9623-4f69-94df-7e7932cc346e/aggregates => generated 235 bytes in 7 msecs (HTTP/1.1 404) 5 headers in 202 bytes (1 switches on core 0)
2026-02-25 23:37:35.324 7 INFO placement.requestlog [None req-c3d77227-c671-4700-a589-293010214b71 1be6146475da4a5a9afed755c148d455 62a9d5ba5bf643e3bae89d230e5c6308 - - 8097667c7b4b4f0bbaec5e3407cb0240 8097667c7b4b4f0bbaec5e3407cb0240] 10.0.0.204 "DELETE /resource_providers/a58ad6ba-9623-4f69-94df-7e7932cc346e" status: 404 len: 246 microversion: 1.1 [pid: 7|app: 0|req: 659/1313] 10.0.0.204 () {34 vars in 816 bytes} [Wed Feb 25 23:37:35 2026] DELETE /resource_providers/a58ad6ba-9623-4f69-94df-7e7932cc346e => generated 246 bytes in 7 msecs (HTTP/1.1 404) 6 headers in 231 bytes (1 switches on core 0)
2026-02-25 23:37:35.332 8 INFO placement.requestlog [None req-46dd9c8a-73c0-43cf-9eaf-6ad68a339040 1be6146475da4a5a9afed755c148d455 62a9d5ba5bf643e3bae89d230e5c6308 - - 8097667c7b4b4f0bbaec5e3407cb0240 8097667c7b4b4f0bbaec5e3407cb0240] 10.0.0.204 "DELETE /resource_providers/a58ad6ba-9623-4f69-94df-7e7932cc346e" status: 404 len: 246 microversion: 1.1 [pid: 8|app: 0|req: 655/1314] 10.0.0.204 () {34 vars in 816 bytes} [Wed Feb 25 23:37:35 2026] DELETE /resource_providers/a58ad6ba-9623-4f69-94df-7e7932cc346e => generated 246 bytes in 18 msecs (HTTP/1.1 404) 6 headers in 231 bytes (1 switches on core 0)
2026-02-25 23:37:42.340 8 INFO placement.requestlog [None req-5b8eb777-7820-48a1-8754-8cc86c6dcd0a 1be6146475da4a5a9afed755c148d455 62a9d5ba5bf643e3bae89d230e5c6308 - - 8097667c7b4b4f0bbaec5e3407cb0240 8097667c7b4b4f0bbaec5e3407cb0240] 10.0.0.204 "GET /resource_providers/89c37dc4-fe2f-468e-a4fc-47dd222c0972/aggregates" status: 404 len: 235 microversion: 1.1 [pid: 8|app: 0|req: 656/1315] 10.0.0.204 () {32 vars in 816 bytes} [Wed Feb 25 23:37:42 2026] GET /resource_providers/89c37dc4-fe2f-468e-a4fc-47dd222c0972/aggregates => generated 235 bytes in 8 msecs (HTTP/1.1 404) 5 headers in 202 bytes (1 switches on core 0)
2026-02-25 23:37:42.344 7 INFO placement.requestlog [None req-990ce390-93a3-44fc-be74-43dbcd83f119 1be6146475da4a5a9afed755c148d455 62a9d5ba5bf643e3bae89d230e5c6308 - - 8097667c7b4b4f0bbaec5e3407cb0240 8097667c7b4b4f0bbaec5e3407cb0240] 10.0.0.204 "GET /resource_providers/89c37dc4-fe2f-468e-a4fc-47dd222c0972/aggregates" status: 404 len: 235 microversion: 1.1 [pid: 7|app: 0|req: 660/1316] 10.0.0.204 () {32 vars in 816 bytes} [Wed Feb 25 23:37:42 2026] GET /resource_providers/89c37dc4-fe2f-468e-a4fc-47dd222c0972/aggregates => generated 235 bytes in 12 msecs (HTTP/1.1 404) 5 headers in 202 bytes (1 switches on core 0)
2026-02-25 23:37:42.360 7 INFO placement.requestlog [None req-8e388850-1fbf-48ce-9fd3-165a3055da98 1be6146475da4a5a9afed755c148d455 62a9d5ba5bf643e3bae89d230e5c6308 - - 8097667c7b4b4f0bbaec5e3407cb0240 8097667c7b4b4f0bbaec5e3407cb0240] 10.0.0.204 "DELETE /resource_providers/89c37dc4-fe2f-468e-a4fc-47dd222c0972" status: 404 len: 246 microversion: 1.1 [pid: 7|app: 0|req: 661/1317] 10.0.0.204 () {34 vars in 816 bytes} [Wed Feb 25 23:37:42 2026] DELETE /resource_providers/89c37dc4-fe2f-468e-a4fc-47dd222c0972 => generated 246 bytes in 9 msecs (HTTP/1.1 404) 6 headers in 231 bytes (1 switches on core 0)
2026-02-25 23:37:42.361 8 INFO placement.requestlog [None req-843fb105-140b-4825-ad8d-96761a1a1ea4 1be6146475da4a5a9afed755c148d455 62a9d5ba5bf643e3bae89d230e5c6308 - - 8097667c7b4b4f0bbaec5e3407cb0240 8097667c7b4b4f0bbaec5e3407cb0240] 10.0.0.204 "DELETE /resource_providers/89c37dc4-fe2f-468e-a4fc-47dd222c0972" status: 404 len: 246 microversion: 1.1 [pid: 8|app: 0|req: 657/1318] 10.0.0.204 () {34 vars in 816 bytes} [Wed Feb 25 23:37:42 2026] DELETE /resource_providers/89c37dc4-fe2f-468e-a4fc-47dd222c0972 => generated 246 bytes in 10 msecs (HTTP/1.1 404) 6 headers in 231 bytes (1 switches on core 0)
2026-02-25 23:37:43.463 8 INFO placement.requestlog [None req-fc16e4ec-cd80-49ed-9f39-54974d70389b - - - - - -] 10.0.0.192 "GET /" status: 200 len: 136 microversion: 1.0
2026-02-25 23:37:43.463 7 INFO placement.requestlog [None req-b798b625-f1a7-4b4b-9336-d32fd3b61cd8 - - - - - -] 10.0.0.192 "GET /" status: 200 len: 136 microversion: 1.0
2026-02-25 23:37:53.463 8 INFO placement.requestlog [None req-31df03d0-32ce-425f-a443-23381f3201f8 - - - - - -] 10.0.0.192 "GET /" status: 200 len: 136 microversion: 1.0
2026-02-25 23:37:53.465 7 INFO placement.requestlog [None req-be57d216-4e88-43b7-ba97-11a5fc9cd40b - - - - - -] 10.0.0.192 "GET /" status: 200 len: 136 microversion: 1.0
2026-02-25 23:37:55.096 8 INFO placement.requestlog [req-d932f5a3-24f2-4c84-b829-ca1080690a91 req-53fab4c4-e5e8-4893-a6aa-64cc7adcb53f c2568815cce94b2ab00ac84c22da09c2 62a9d5ba5bf643e3bae89d230e5c6308 - - 8097667c7b4b4f0bbaec5e3407cb0240 8097667c7b4b4f0bbaec5e3407cb0240] 199.204.45.23 "GET /resource_providers/15eb3153-9864-49a6-8a49-5fb350fcb647/allocations" status: 200 len: 55 microversion: 1.0 [pid: 8|app: 0|req: 660/1323] 199.204.45.23 () {32 vars in 856 bytes} [Wed Feb 25 23:37:55 2026] GET /resource_providers/15eb3153-9864-49a6-8a49-5fb350fcb647/allocations => generated 55 bytes in 14 msecs (HTTP/1.1 200) 6 headers in 223 bytes (1 switches on core 0)
2026-02-25 23:37:55.115 7 INFO placement.requestlog [req-d932f5a3-24f2-4c84-b829-ca1080690a91 req-d8488824-1241-4742-828e-d420c4922bb8 c2568815cce94b2ab00ac84c22da09c2 62a9d5ba5bf643e3bae89d230e5c6308 - - 8097667c7b4b4f0bbaec5e3407cb0240 8097667c7b4b4f0bbaec5e3407cb0240] 199.204.45.23 "GET /resource_providers/15eb3153-9864-49a6-8a49-5fb350fcb647/allocations" status: 200 len: 55 microversion: 1.0 [pid: 7|app: 0|req: 664/1324] 199.204.45.23 () {32 vars in 856 bytes} [Wed Feb 25 23:37:55 2026] GET /resource_providers/15eb3153-9864-49a6-8a49-5fb350fcb647/allocations => generated 55 bytes in 12 msecs (HTTP/1.1 200) 6 headers in 223 bytes (1 switches on core 0)
2026-02-25 23:38:03.463 8 INFO placement.requestlog [None req-4fca732f-42b4-486b-abf1-42bb885ac8ce - - - - - -] 10.0.0.192 "GET /" status: 200 len: 136 microversion: 1.0
2026-02-25 23:38:03.463 7 INFO placement.requestlog [None req-22aa57e1-cc05-4080-b2c6-4bc345eb9cb1 - - - - - -] 10.0.0.192 "GET /" status: 200 len: 136 microversion: 1.0
2026-02-25 23:38:13.463 8 INFO placement.requestlog [None req-30fac067-03c9-49c1-8f82-11c40e0bb215 - - - - - -] 10.0.0.192 "GET /" status: 200 len: 136 microversion: 1.0
2026-02-25 23:38:13.466 7 INFO placement.requestlog [None req-b42b2286-ec5c-4cea-87c0-c183d545c8ca - - - - - -] 10.0.0.192 "GET /" status: 200 len: 136 microversion: 1.0
2026-02-25 23:38:15.773 8 INFO placement.requestlog [None req-6c70404a-bb1b-4d2d-a166-f024f60af043 b67da7dda8114a148d141db8b2971105 f2c0878b6c6d4b12932b7f2527a1a126 - - default default] 10.0.0.194 "GET /resource_providers" status: 200 len: 406 microversion: 1.0 [pid: 8|app: 0|req: 663/1329] 10.0.0.194 () {28 vars in 593 bytes} [Wed Feb 25 23:38:15 2026] GET /resource_providers => generated 406 bytes in 196 msecs (HTTP/1.1 200) 6 headers in 224 bytes (1 switches on core 0)
2026-02-25 23:38:15.802 7 INFO placement.requestlog [None req-7ca6368a-dd45-4d0c-aa68-bd857becb929 b67da7dda8114a148d141db8b2971105 f2c0878b6c6d4b12932b7f2527a1a126 - - default default] 10.0.0.194 "GET /resource_providers/15eb3153-9864-49a6-8a49-5fb350fcb647/inventories" status: 200 len: 401 microversion: 1.0 [pid: 7|app: 0|req: 667/1330] 10.0.0.194 () {28 vars in 691 bytes} [Wed Feb 25 23:38:15 2026] GET /resource_providers/15eb3153-9864-49a6-8a49-5fb350fcb647/inventories => generated 401 bytes in 23 msecs (HTTP/1.1 200) 6 headers in 224 bytes (1 switches on core 0)
2026-02-25 23:38:15.836 8 INFO placement.requestlog [None req-db6b84a2-4acb-4ab1-b5da-c632c71b463b b67da7dda8114a148d141db8b2971105 f2c0878b6c6d4b12932b7f2527a1a126 - - default default] 10.0.0.194 "GET /resource_providers/15eb3153-9864-49a6-8a49-5fb350fcb647/usages" status: 200 len: 89 microversion: 1.0 [pid: 8|app: 0|req: 664/1331] 10.0.0.194 () {28 vars in 681 bytes} [Wed Feb 25 23:38:15 2026] GET /resource_providers/15eb3153-9864-49a6-8a49-5fb350fcb647/usages => generated 89 bytes in 30 msecs (HTTP/1.1 200) 6 headers in 223 bytes (1 switches on core 0)
2026-02-25 23:38:23.463 8 INFO placement.requestlog [None req-aee6f965-4d67-4213-911d-cf66a0f451f7 - - - - - -] 10.0.0.192 "GET /" status: 200 len: 136 microversion: 1.0
2026-02-25 23:38:23.471 7 INFO placement.requestlog [None req-e089fec4-a324-42de-a421-056cc211dd7c - - - - - -] 10.0.0.192 "GET /" status: 200 len: 136 microversion: 1.0
2026-02-25 23:38:33.464 7 INFO placement.requestlog [None req-3b51c67d-2e78-4fb6-b21c-3cc6c502cf15 - - - - - -] 10.0.0.192 "GET /" status: 200 len: 136 microversion: 1.0
2026-02-25 23:38:33.464 8 INFO placement.requestlog [None req-5896462d-0845-4bd1-8973-667f0abf7035 - - - - - -] 10.0.0.192 "GET /" status: 200 len: 136 microversion: 1.0
2026-02-25 23:38:43.463 8 INFO placement.requestlog [None req-d06e79f7-01ae-4dc5-a931-cf1e051d8ae8 - - - - - -] 10.0.0.192 "GET /" status: 200 len: 136 microversion: 1.0
2026-02-25 23:38:43.463 7 INFO placement.requestlog [None req-98344981-6b17-464d-ac66-42afe2bbe315 - - - - - -] 10.0.0.192 "GET /" status: 200 len: 136 microversion: 1.0
2026-02-25 23:38:53.463 8 INFO placement.requestlog [None req-e954bafe-0de4-4f48-b890-347865c54910 - - - - - -] 10.0.0.192 "GET /" status: 200 len: 136 microversion: 1.0
2026-02-25 23:38:53.463 7 INFO placement.requestlog [None req-39576070-f12d-4316-b6c6-f75584f54963 - - - - - -] 10.0.0.192 "GET /" status: 200 len: 136 microversion: 1.0
2026-02-25 23:38:56.153 8 INFO placement.requestlog [req-9dbf10d6-796a-4206-9ae6-bd088c744aa1 req-bdb0699b-622c-4391-9e3c-4c80fdd924f8 c2568815cce94b2ab00ac84c22da09c2 62a9d5ba5bf643e3bae89d230e5c6308 - - 8097667c7b4b4f0bbaec5e3407cb0240 8097667c7b4b4f0bbaec5e3407cb0240] 199.204.45.23 "GET /resource_providers/15eb3153-9864-49a6-8a49-5fb350fcb647/allocations" status: 200 len: 55 microversion: 1.0 [pid: 8|app: 0|req: 669/1340] 199.204.45.23 () {32 vars in 856 bytes} [Wed Feb 25 23:38:56 2026] GET /resource_providers/15eb3153-9864-49a6-8a49-5fb350fcb647/allocations => generated 55 bytes in 15 msecs (HTTP/1.1 200) 6 headers in 223 bytes (1 switches on core 0)
2026-02-25 23:38:56.173 7 INFO placement.requestlog [req-9dbf10d6-796a-4206-9ae6-bd088c744aa1 req-732837e6-cbd2-47a1-8ffe-81412b56a1d0 c2568815cce94b2ab00ac84c22da09c2 62a9d5ba5bf643e3bae89d230e5c6308 - - 8097667c7b4b4f0bbaec5e3407cb0240 8097667c7b4b4f0bbaec5e3407cb0240] 199.204.45.23 "GET /resource_providers/15eb3153-9864-49a6-8a49-5fb350fcb647/allocations" status: 200 len: 55 microversion: 1.0 [pid: 7|app: 0|req: 672/1341] 199.204.45.23 () {32 vars in 856 bytes} [Wed Feb 25 23:38:56 2026] GET /resource_providers/15eb3153-9864-49a6-8a49-5fb350fcb647/allocations => generated 55 bytes in 12 msecs (HTTP/1.1 200) 6 headers in 223 bytes (1 switches on core 0)
