2026-02-25 23:30:15.431 7 INFO neutron.db.ovn_revision_numbers_db [None req-202e4994-d9a7-4f57-a437-9f6eb47b34db 338eadffa1fb499aba83ca10175a0849 89557d0b7c3247df8e1bd79d7dde7602 - - default default] Successfully bumped revision number for resource 82033429-149b-4188-b623-3b85e0a6c52c (type: networks) to 1
2026-02-25 23:30:15.584 8 WARNING neutron.scheduler.dhcp_agent_scheduler [None req-d29a86bd-e843-47e4-ac8c-6e58d3ce3fdd 3709ef8ce69a4b12aa0d9c39ea3b6f79 a694fabc63d44ddba3b0582c7655d3f9 - - default default] No more DHCP agents
2026-02-25 23:30:15.585 8 WARNING neutron.api.rpc.agentnotifiers.dhcp_rpc_agent_api [None req-d29a86bd-e843-47e4-ac8c-6e58d3ce3fdd 3709ef8ce69a4b12aa0d9c39ea3b6f79 a694fabc63d44ddba3b0582c7655d3f9 - - default default] Unable to schedule network 564be25a-8af6-44ff-a714-54cc037eabb8: no agents available; will retry on subsequent port and subnet creation events.
2026-02-25 23:30:15.606 7 WARNING neutron.scheduler.dhcp_agent_scheduler [None req-202e4994-d9a7-4f57-a437-9f6eb47b34db 338eadffa1fb499aba83ca10175a0849 89557d0b7c3247df8e1bd79d7dde7602 - - default default] No more DHCP agents
2026-02-25 23:30:15.607 7 WARNING neutron.api.rpc.agentnotifiers.dhcp_rpc_agent_api [None req-202e4994-d9a7-4f57-a437-9f6eb47b34db 338eadffa1fb499aba83ca10175a0849 89557d0b7c3247df8e1bd79d7dde7602 - - default default] Unable to schedule network 82033429-149b-4188-b623-3b85e0a6c52c: no agents available; will retry on subsequent port and subnet creation events.
2026-02-25 23:30:15.660 8 INFO neutron.plugins.ml2.drivers.ovn.mech_driver.mech_driver [None req-ec1b036b-f2cb-4e0e-863b-b3827af85446 - - - - - -] OVN reports status down for port: a3607ef3-ac36-48e2-92dd-0c3a24f9e56c
2026-02-25 23:30:15.676 7 INFO neutron.services.segments.plugin [-] Segment 2480e6bf-c291-4df5-b283-c654a2b819d9 resource provider aggregate not found
2026-02-25 23:30:15.686 7 INFO neutron.services.segments.plugin [-] Segment 2480e6bf-c291-4df5-b283-c654a2b819d9 resource provider aggregate not found
2026-02-25 23:30:15.692 7 INFO neutron.services.segments.plugin [-] Segment 2480e6bf-c291-4df5-b283-c654a2b819d9 resource provider not found; error: Placement Client Error (4xx): {"errors": [{"status": 404, "title": "Not Found", "detail": "The resource could not be found.\n\n No resource provider with uuid 2480e6bf-c291-4df5-b283-c654a2b819d9 found for delete ", "request_id": "req-5342c389-9c60-4e3d-b018-58ef1dcb52db"}]}
2026-02-25 23:30:15.719 7 INFO neutron.services.segments.plugin [-] Segment b362124a-6c10-4709-9aee-528564df4550 resource provider aggregate not found
2026-02-25 23:30:15.728 7 INFO neutron.services.segments.plugin [-] Segment 2480e6bf-c291-4df5-b283-c654a2b819d9 resource provider not found; error: Placement Client Error (4xx): {"errors": [{"status": 404, "title": "Not Found", "detail": "The resource could not be found.\n\n No resource provider with uuid 2480e6bf-c291-4df5-b283-c654a2b819d9 found for delete ", "request_id": "req-76629ac5-fe1e-4eca-aab5-a26b25b92279"}]}
2026-02-25 23:30:15.741 7 INFO neutron.services.segments.plugin [-] Segment b362124a-6c10-4709-9aee-528564df4550 resource provider not found; error: Placement Client Error (4xx): {"errors": [{"status": 404, "title": "Not Found", "detail": "The resource could not be found.\n\n No resource provider with uuid b362124a-6c10-4709-9aee-528564df4550 found for delete ", "request_id": "req-8c178712-dd18-4bd8-9f98-0f7bb6038502"}]}
2026-02-25 23:30:15.753 7 INFO neutron.services.segments.plugin [-] Segment b362124a-6c10-4709-9aee-528564df4550 resource provider aggregate not found
2026-02-25 23:30:15.771 7 INFO neutron.services.segments.plugin [-] Segment b362124a-6c10-4709-9aee-528564df4550 resource provider not found; error: Placement Client Error (4xx): {"errors": [{"status": 404, "title": "Not Found", "detail": "The resource could not be found.\n\n No resource provider with uuid b362124a-6c10-4709-9aee-528564df4550 found for delete ", "request_id": "req-041189e3-dd66-451c-ab95-5f84b8a88efd"}]}
2026-02-25 23:30:15.794 8 INFO neutron.db.ovn_revision_numbers_db [None req-d29a86bd-e843-47e4-ac8c-6e58d3ce3fdd 3709ef8ce69a4b12aa0d9c39ea3b6f79 a694fabc63d44ddba3b0582c7655d3f9 - - default default] Successfully bumped revision number for resource a3607ef3-ac36-48e2-92dd-0c3a24f9e56c (type: ports) to 1
2026-02-25 23:30:15.842 7 INFO neutron.db.ovn_revision_numbers_db [None req-202e4994-d9a7-4f57-a437-9f6eb47b34db 338eadffa1fb499aba83ca10175a0849 89557d0b7c3247df8e1bd79d7dde7602 - - default default] Successfully bumped revision number for resource 5919dc0c-f915-45e1-a6dd-56b33fb9ad30 (type: ports) to 1 [pid: 7|app: 0|req: 1042/1960] 10.0.0.131 () {34 vars in 670 bytes} [Wed Feb 25 23:30:15 2026] POST /v2.0/networks => generated 748 bytes in 698 msecs (HTTP/1.1 201) 4 headers in 162 bytes (1 switches on core 0)
2026-02-25 23:30:15.893 8 INFO neutron.plugins.ml2.drivers.ovn.mech_driver.mech_driver [None req-ec1b036b-f2cb-4e0e-863b-b3827af85446 - - - - - -] OVN reports status down for port: 5919dc0c-f915-45e1-a6dd-56b33fb9ad30 [pid: 8|app: 0|req: 919/1961] 10.0.0.131 () {34 vars in 670 bytes} [Wed Feb 25 23:30:15 2026] POST /v2.0/networks => generated 648 bytes in 752 msecs (HTTP/1.1 201) 4 headers in 162 bytes (1 switches on core 0) [pid: 7|app: 0|req: 1043/1962] 10.0.0.131 () {32 vars in 733 bytes} [Wed Feb 25 23:30:15 2026] GET /v2.0/networks/af7415f5-4a07-483c-8237-6d9739890389/tags => generated 12 bytes in 52 msecs (HTTP/1.1 200) 4 headers in 156 bytes (1 switches on core 0)
2026-02-25 23:30:16.086 7 WARNING neutron.scheduler.dhcp_agent_scheduler [None req-8c345127-ba6c-4a37-8ef8-6df63e8c83f8 338eadffa1fb499aba83ca10175a0849 89557d0b7c3247df8e1bd79d7dde7602 - - default default] No more DHCP agents
2026-02-25 23:30:16.087 7 WARNING neutron.api.rpc.agentnotifiers.dhcp_rpc_agent_api [None req-8c345127-ba6c-4a37-8ef8-6df63e8c83f8 338eadffa1fb499aba83ca10175a0849 89557d0b7c3247df8e1bd79d7dde7602 - - default default] Unable to schedule network 82033429-149b-4188-b623-3b85e0a6c52c: no agents available; will retry on subsequent port and subnet creation events.
2026-02-25 23:30:16.272 8 INFO neutron.db.ovn_revision_numbers_db [None req-c2bacc04-563b-4170-9d51-fa130b2590dd d0afbd947e0b4b8ca560871533c12df6 c94cd1549fb34128858d98c03c33b96b - - default default] Successfully bumped revision number for resource 24888825-e5b6-4291-baae-dace8fcd7d47 (type: security_groups) to 1
2026-02-25 23:30:16.288 8 INFO neutron.db.ovn_revision_numbers_db [None req-c2bacc04-563b-4170-9d51-fa130b2590dd d0afbd947e0b4b8ca560871533c12df6 c94cd1549fb34128858d98c03c33b96b - - default default] Successfully bumped revision number for resource 0e16e63d-9b73-4420-9036-4dc4b664908f (type: security_group_rules) to 0
2026-02-25 23:30:16.310 8 INFO neutron.db.ovn_revision_numbers_db [None req-c2bacc04-563b-4170-9d51-fa130b2590dd d0afbd947e0b4b8ca560871533c12df6 c94cd1549fb34128858d98c03c33b96b - - default default] Successfully bumped revision number for resource 6f4277a6-2c98-49e9-8ca2-5d106ee15f7b (type: security_group_rules) to 0
2026-02-25 23:30:16.323 8 INFO neutron.db.ovn_revision_numbers_db [None req-c2bacc04-563b-4170-9d51-fa130b2590dd d0afbd947e0b4b8ca560871533c12df6 c94cd1549fb34128858d98c03c33b96b - - default default] Successfully bumped revision number for resource 9db07755-212a-4705-a234-dfe070b78d19 (type: security_group_rules) to 0
2026-02-25 23:30:16.343 8 INFO neutron.db.ovn_revision_numbers_db [None req-c2bacc04-563b-4170-9d51-fa130b2590dd d0afbd947e0b4b8ca560871533c12df6 c94cd1549fb34128858d98c03c33b96b - - default default] Successfully bumped revision number for resource a87d1349-e583-4856-8fbb-8258f23270e0 (type: security_group_rules) to 0
2026-02-25 23:30:16.431 8 INFO neutron.db.segments_db [None req-c2bacc04-563b-4170-9d51-fa130b2590dd d0afbd947e0b4b8ca560871533c12df6 c94cd1549fb34128858d98c03c33b96b - - default default] Added segment 299615e6-a3cc-4573-97ca-b120c824fcbb of type geneve for network 61edbaf4-8f11-465a-8a52-4b477811969b
2026-02-25 23:30:16.640 8 INFO neutron.db.ovn_revision_numbers_db [None req-c2bacc04-563b-4170-9d51-fa130b2590dd d0afbd947e0b4b8ca560871533c12df6 c94cd1549fb34128858d98c03c33b96b - - default default] Successfully bumped revision number for resource 61edbaf4-8f11-465a-8a52-4b477811969b (type: networks) to 1
2026-02-25 23:30:16.688 7 INFO neutron.db.ovn_revision_numbers_db [None req-b551a35c-e7ee-4853-a20e-77318dcddcbb - - - - - -] Successfully bumped revision number for resource 5919dc0c-f915-45e1-a6dd-56b33fb9ad30 (type: ports) to 2
2026-02-25 23:30:16.723 7 INFO neutron.db.ovn_revision_numbers_db [None req-b551a35c-e7ee-4853-a20e-77318dcddcbb - - - - - -] Successfully bumped revision number for resource fbcc83b1-be7b-4d34-a176-330c33d3a0a6 (type: subnets) to 0 [pid: 7|app: 0|req: 1044/1963] 10.0.0.131 () {34 vars in 669 bytes} [Wed Feb 25 23:30:15 2026] POST /v2.0/subnets => generated 647 bytes in 824 msecs (HTTP/1.1 201) 4 headers in 162 bytes (1 switches on core 0)
2026-02-25 23:30:16.844 8 WARNING neutron.scheduler.dhcp_agent_scheduler [None req-c2bacc04-563b-4170-9d51-fa130b2590dd d0afbd947e0b4b8ca560871533c12df6 c94cd1549fb34128858d98c03c33b96b - - default default] No more DHCP agents
2026-02-25 23:30:16.846 8 WARNING neutron.api.rpc.agentnotifiers.dhcp_rpc_agent_api [None req-c2bacc04-563b-4170-9d51-fa130b2590dd d0afbd947e0b4b8ca560871533c12df6 c94cd1549fb34128858d98c03c33b96b - - default default] Unable to schedule network 61edbaf4-8f11-465a-8a52-4b477811969b: no agents available; will retry on subsequent port and subnet creation events.
2026-02-25 23:30:16.921 8 INFO neutron.plugins.ml2.drivers.ovn.mech_driver.mech_driver [None req-ec1b036b-f2cb-4e0e-863b-b3827af85446 - - - - - -] OVN reports status down for port: e1e54d79-0a64-490f-94c5-9da240020c21
2026-02-25 23:30:16.994 8 INFO neutron.db.ovn_revision_numbers_db [None req-c2bacc04-563b-4170-9d51-fa130b2590dd d0afbd947e0b4b8ca560871533c12df6 c94cd1549fb34128858d98c03c33b96b - - default default] Successfully bumped revision number for resource e1e54d79-0a64-490f-94c5-9da240020c21 (type: ports) to 1
2026-02-25 23:30:17.000 7 WARNING neutron.scheduler.dhcp_agent_scheduler [None req-220f0fb5-08a0-4af9-ab46-44bd59e61c13 3709ef8ce69a4b12aa0d9c39ea3b6f79 a694fabc63d44ddba3b0582c7655d3f9 - - default default] No more DHCP agents
2026-02-25 23:30:17.002 7 WARNING neutron.api.rpc.agentnotifiers.dhcp_rpc_agent_api [None req-220f0fb5-08a0-4af9-ab46-44bd59e61c13 3709ef8ce69a4b12aa0d9c39ea3b6f79 a694fabc63d44ddba3b0582c7655d3f9 - - default default] Unable to schedule network 564be25a-8af6-44ff-a714-54cc037eabb8: no agents available; will retry on subsequent port and subnet creation events. [pid: 8|app: 0|req: 920/1964] 10.0.0.131 () {34 vars in 670 bytes} [Wed Feb 25 23:30:15 2026] POST /v2.0/networks => generated 651 bytes in 1135 msecs (HTTP/1.1 201) 4 headers in 162 bytes (1 switches on core 0) [pid: 8|app: 0|req: 921/1965] 10.0.0.131 () {32 vars in 733 bytes} [Wed Feb 25 23:30:17 2026] GET /v2.0/networks/8eb4f4bc-cb66-4bf4-a0f9-afc736b5dca9/tags => generated 25 bytes in 44 msecs (HTTP/1.1 200) 4 headers in 156 bytes (1 switches on core 0) [pid: 8|app: 0|req: 922/1966] 10.0.0.194 () {28 vars in 583 bytes} [Wed Feb 25 23:30:17 2026] GET /v2.0/routers => generated 15 bytes in 46 msecs (HTTP/1.1 200) 4 headers in 156 bytes (1 switches on core 0) [pid: 8|app: 0|req: 923/1967] 10.0.0.131 () {34 vars in 681 bytes} [Wed Feb 25 23:30:17 2026] POST /v2.0/rbac-policies => generated 324 bytes in 228 msecs (HTTP/1.1 201) 4 headers in 162 bytes (1 switches on core 0)
2026-02-25 23:30:17.457 8 INFO neutron.db.segments_db [None req-474d3dec-299f-4f7b-973d-22312a74bcb8 d0afbd947e0b4b8ca560871533c12df6 c94cd1549fb34128858d98c03c33b96b - - default default] Added segment a488e4af-5d21-4347-917f-aa72b909c573 of type geneve for network fde22a47-ba4b-47df-b98f-2a12d9c0e104
2026-02-25 23:30:17.495 7 INFO neutron.db.ovn_revision_numbers_db [None req-598a801c-5afa-4367-a60a-f065653ee02d - - - - - -] Successfully bumped revision number for resource a3607ef3-ac36-48e2-92dd-0c3a24f9e56c (type: ports) to 2
2026-02-25 23:30:17.530 7 INFO neutron.db.ovn_revision_numbers_db [None req-598a801c-5afa-4367-a60a-f065653ee02d - - - - - -] Successfully bumped revision number for resource 2e3d1eff-10f8-42a4-a44c-1914f4e54a03 (type: subnets) to 0 [pid: 7|app: 0|req: 1045/1968] 10.0.0.131 () {34 vars in 669 bytes} [Wed Feb 25 23:30:16 2026] POST /v2.0/subnets => generated 626 bytes in 793 msecs (HTTP/1.1 201) 4 headers in 162 bytes (1 switches on core 0)
2026-02-25 23:30:17.624 8 INFO neutron.db.ovn_revision_numbers_db [None req-474d3dec-299f-4f7b-973d-22312a74bcb8 d0afbd947e0b4b8ca560871533c12df6 c94cd1549fb34128858d98c03c33b96b - - default default] Successfully bumped revision number for resource fde22a47-ba4b-47df-b98f-2a12d9c0e104 (type: networks) to 1
2026-02-25 23:30:17.709 7 INFO neutron_taas.services.taas.taas_plugin [None req-49463784-819f-4f87-975e-8c174bd389bf 7f61c74573f94884a9444a53e307a8a1 2f2a07268029420f87eb9c85dbfd43c2 - - default default] TaaS: Handle Delete Port: 72e942f4-e88b-4fe7-8de2-b25272dd81c6
2026-02-25 23:30:17.712 7 INFO neutron_taas.services.taas.tap_mirror_plugin [None req-49463784-819f-4f87-975e-8c174bd389bf 7f61c74573f94884a9444a53e307a8a1 2f2a07268029420f87eb9c85dbfd43c2 - - default default] Tap Mirror: Handle Delete Port: 72e942f4-e88b-4fe7-8de2-b25272dd81c6
2026-02-25 23:30:17.848 8 WARNING neutron.scheduler.dhcp_agent_scheduler [None req-474d3dec-299f-4f7b-973d-22312a74bcb8 d0afbd947e0b4b8ca560871533c12df6 c94cd1549fb34128858d98c03c33b96b - - default default] No more DHCP agents
2026-02-25 23:30:17.851 8 WARNING neutron.api.rpc.agentnotifiers.dhcp_rpc_agent_api [None req-474d3dec-299f-4f7b-973d-22312a74bcb8 d0afbd947e0b4b8ca560871533c12df6 c94cd1549fb34128858d98c03c33b96b - - default default] Unable to schedule network fde22a47-ba4b-47df-b98f-2a12d9c0e104: no agents available; will retry on subsequent port and subnet creation events.
2026-02-25 23:30:17.923 8 INFO neutron.plugins.ml2.drivers.ovn.mech_driver.mech_driver [None req-ec1b036b-f2cb-4e0e-863b-b3827af85446 - - - - - -] OVN reports status down for port: c9971124-a127-425b-b60e-610b0af21568
2026-02-25 23:30:17.960 7 INFO neutron.services.segments.plugin [-] Segment 40ff0296-c990-43c0-b559-98be81bcbb70 resource provider aggregate not found
2026-02-25 23:30:17.963 7 INFO neutron.services.segments.plugin [-] Segment 40ff0296-c990-43c0-b559-98be81bcbb70 resource provider aggregate not found
2026-02-25 23:30:17.980 7 INFO neutron.services.segments.plugin [-] Segment 40ff0296-c990-43c0-b559-98be81bcbb70 resource provider not found; error: Placement Client Error (4xx): {"errors": [{"status": 404, "title": "Not Found", "detail": "The resource could not be found.\n\n No resource provider with uuid 40ff0296-c990-43c0-b559-98be81bcbb70 found for delete ", "request_id": "req-7413c799-823d-48d6-83b1-be93c55f0946"}]}
2026-02-25 23:30:17.985 7 INFO neutron.services.segments.plugin [-] Segment 40ff0296-c990-43c0-b559-98be81bcbb70 resource provider not found; error: Placement Client Error (4xx): {"errors": [{"status": 404, "title": "Not Found", "detail": "The resource could not be found.\n\n No resource provider with uuid 40ff0296-c990-43c0-b559-98be81bcbb70 found for delete ", "request_id": "req-2beb11d8-771e-41cd-b9dc-7ae9f1a4dedd"}]}
2026-02-25 23:30:17.996 8 INFO neutron.db.ovn_revision_numbers_db [None req-474d3dec-299f-4f7b-973d-22312a74bcb8 d0afbd947e0b4b8ca560871533c12df6 c94cd1549fb34128858d98c03c33b96b - - default default] Successfully bumped revision number for resource c9971124-a127-425b-b60e-610b0af21568 (type: ports) to 1 [pid: 7|app: 0|req: 1046/1969] 10.0.0.131 () {32 vars in 726 bytes} [Wed Feb 25 23:30:17 2026] DELETE /v2.0/networks/8eb4f4bc-cb66-4bf4-a0f9-afc736b5dca9 => generated 0 bytes in 481 msecs (HTTP/1.1 204) 3 headers in 131 bytes (1 switches on core 0) [pid: 7|app: 0|req: 1047/1970] 10.0.0.194 () {28 vars in 624 bytes} [Wed Feb 25 23:30:18 2026] GET /v2.0/agents?binary=ovn-controller => generated 416 bytes in 60 msecs (HTTP/1.1 200) 4 headers in 157 bytes (1 switches on core 0) [pid: 8|app: 0|req: 924/1971] 10.0.0.131 () {34 vars in 670 bytes} [Wed Feb 25 23:30:17 2026] POST /v2.0/networks => generated 653 bytes in 727 msecs (HTTP/1.1 201) 4 headers in 162 bytes (1 switches on core 0) [pid: 8|app: 0|req: 925/1972] 10.0.0.131 () {32 vars in 723 bytes} [Wed Feb 25 23:30:18 2026] GET /v2.0/networks/82033429-149b-4188-b623-3b85e0a6c52c => generated 692 bytes in 112 msecs (HTTP/1.1 200) 4 headers in 157 bytes (1 switches on core 0)
2026-02-25 23:30:18.215 7 INFO neutron.db.ovn_revision_numbers_db [None req-d0b70e9d-696e-4fae-8cf1-04e1e2ee1b0f 3709ef8ce69a4b12aa0d9c39ea3b6f79 a694fabc63d44ddba3b0582c7655d3f9 - - default default] Successfully bumped revision number for resource 001be2e1-b9b4-45f3-b9f6-d039b164820c (type: routers) to 1 [pid: 7|app: 0|req: 1048/1973] 10.0.0.131 () {34 vars in 669 bytes} [Wed Feb 25 23:30:18 2026] POST /v2.0/routers => generated 602 bytes in 164 msecs (HTTP/1.1 201) 4 headers in 162 bytes (1 switches on core 0) [pid: 7|app: 0|req: 1049/1974] 10.0.0.194 () {28 vars in 583 bytes} [Wed Feb 25 23:30:18 2026] GET /v2.0/subnets => generated 2579 bytes in 37 msecs (HTTP/1.1 200) 4 headers in 158 bytes (1 switches on core 0)
2026-02-25 23:30:18.326 8 INFO neutron_taas.services.taas.taas_plugin [None req-533f8587-f62b-4065-8749-16382a17d866 7f61c74573f94884a9444a53e307a8a1 2f2a07268029420f87eb9c85dbfd43c2 - - default default] TaaS: Handle Delete Port: 7744f591-abd6-4461-8dba-e40b915d8c9e
2026-02-25 23:30:18.344 8 INFO neutron_taas.services.taas.tap_mirror_plugin [None req-533f8587-f62b-4065-8749-16382a17d866 7f61c74573f94884a9444a53e307a8a1 2f2a07268029420f87eb9c85dbfd43c2 - - default default] Tap Mirror: Handle Delete Port: 7744f591-abd6-4461-8dba-e40b915d8c9e
2026-02-25 23:30:18.538 7 WARNING neutron.scheduler.dhcp_agent_scheduler [None req-991ec9be-d910-4f8e-9e76-786f7955899e d0afbd947e0b4b8ca560871533c12df6 c94cd1549fb34128858d98c03c33b96b - - default default] No more DHCP agents
2026-02-25 23:30:18.539 7 WARNING neutron.api.rpc.agentnotifiers.dhcp_rpc_agent_api [None req-991ec9be-d910-4f8e-9e76-786f7955899e d0afbd947e0b4b8ca560871533c12df6 c94cd1549fb34128858d98c03c33b96b - - default default] Unable to schedule network 61edbaf4-8f11-465a-8a52-4b477811969b: no agents available; will retry on subsequent port and subnet creation events.
2026-02-25 23:30:18.577 7 INFO neutron.db.ovn_revision_numbers_db [None req-991ec9be-d910-4f8e-9e76-786f7955899e d0afbd947e0b4b8ca560871533c12df6 c94cd1549fb34128858d98c03c33b96b - - default default] Successfully bumped revision number for resource c9a2230a-0c65-4721-9154-8f992f8f2c7f (type: subnets) to 0 [pid: 7|app: 0|req: 1050/1975] 10.0.0.131 () {34 vars in 669 bytes} [Wed Feb 25 23:30:18 2026] POST /v2.0/subnets => generated 646 bytes in 305 msecs (HTTP/1.1 201) 4 headers in 162 bytes (1 switches on core 0)
2026-02-25 23:30:18.644 8 INFO neutron.services.segments.plugin [-] Segment 08757d3a-cfec-467e-8969-cb7df729f061 resource provider aggregate not found
2026-02-25 23:30:18.653 8 INFO neutron.services.segments.plugin [-] Segment 08757d3a-cfec-467e-8969-cb7df729f061 resource provider aggregate not found
2026-02-25 23:30:18.665 8 INFO neutron.services.segments.plugin [-] Segment 08757d3a-cfec-467e-8969-cb7df729f061 resource provider not found; error: Placement Client Error (4xx): {"errors": [{"status": 404, "title": "Not Found", "detail": "The resource could not be found.\n\n No resource provider with uuid 08757d3a-cfec-467e-8969-cb7df729f061 found for delete ", "request_id": "req-fdb42e3e-d37e-4494-b95f-f344bba7de6d"}]}
2026-02-25 23:30:18.675 8 INFO neutron.services.segments.plugin [-] Segment 08757d3a-cfec-467e-8969-cb7df729f061 resource provider not found; error: Placement Client Error (4xx): {"errors": [{"status": 404, "title": "Not Found", "detail": "The resource could not be found.\n\n No resource provider with uuid 08757d3a-cfec-467e-8969-cb7df729f061 found for delete ", "request_id": "req-deed2cb5-2c1d-4588-929c-323ec207ff95"}]} [pid: 8|app: 0|req: 926/1976] 10.0.0.131 () {32 vars in 726 bytes} [Wed Feb 25 23:30:18 2026] DELETE /v2.0/networks/af7415f5-4a07-483c-8237-6d9739890389 => generated 0 bytes in 507 msecs (HTTP/1.1 204) 3 headers in 131 bytes (1 switches on core 0) [pid: 8|app: 0|req: 927/1977] 10.0.0.194 () {28 vars in 591 bytes} [Wed Feb 25 23:30:18 2026] GET /v2.0/subnetpools => generated 19 bytes in 11 msecs (HTTP/1.1 200) 4 headers in 156 bytes (1 switches on core 0)
2026-02-25 23:30:18.777 8 INFO neutron.pecan_wsgi.hooks.translation [None req-a060d6c3-f649-4544-bca4-d68d3901d027 bbc12a9098954806ae7ed982add27a70 479a32de9c9440b3b457bf25d3a8bec5 - - default default] GET failed (client error): The resource could not be found. [pid: 8|app: 0|req: 928/1978] 10.0.0.131 () {32 vars in 723 bytes} [Wed Feb 25 23:30:18 2026] GET /v2.0/networks/82033429-149b-4188-b623-3b85e0a6c52c => generated 138 bytes in 49 msecs (HTTP/1.1 404) 4 headers in 164 bytes (1 switches on core 0)
2026-02-25 23:30:18.907 7 WARNING neutron.scheduler.dhcp_agent_scheduler [None req-abc1770d-31bd-4262-86d3-97532db633aa 3709ef8ce69a4b12aa0d9c39ea3b6f79 a694fabc63d44ddba3b0582c7655d3f9 - - default default] No more DHCP agents
2026-02-25 23:30:18.908 7 WARNING neutron.api.rpc.agentnotifiers.dhcp_rpc_agent_api [None req-abc1770d-31bd-4262-86d3-97532db633aa 3709ef8ce69a4b12aa0d9c39ea3b6f79 a694fabc63d44ddba3b0582c7655d3f9 - - default default] Unable to schedule network 564be25a-8af6-44ff-a714-54cc037eabb8: no agents available; will retry on subsequent port and subnet creation events.
2026-02-25 23:30:18.964 8 WARNING neutron.scheduler.dhcp_agent_scheduler [None req-07dc8f88-e2d0-4ab2-9eae-900c7737b076 d0afbd947e0b4b8ca560871533c12df6 c94cd1549fb34128858d98c03c33b96b - - default default] No more DHCP agents
2026-02-25 23:30:18.965 8 WARNING neutron.api.rpc.agentnotifiers.dhcp_rpc_agent_api [None req-07dc8f88-e2d0-4ab2-9eae-900c7737b076 d0afbd947e0b4b8ca560871533c12df6 c94cd1549fb34128858d98c03c33b96b - - default default] Unable to schedule network fde22a47-ba4b-47df-b98f-2a12d9c0e104: no agents available; will retry on subsequent port and subnet creation events.
2026-02-25 23:30:19.006 8 INFO neutron.db.ovn_revision_numbers_db [None req-07dc8f88-e2d0-4ab2-9eae-900c7737b076 d0afbd947e0b4b8ca560871533c12df6 c94cd1549fb34128858d98c03c33b96b - - default default] Successfully bumped revision number for resource 2adc9f0e-e92b-485f-b550-f9c7bf53fe63 (type: subnets) to 0 [pid: 8|app: 0|req: 929/1979] 10.0.0.131 () {34 vars in 669 bytes} [Wed Feb 25 23:30:18 2026] POST /v2.0/subnets => generated 655 bytes in 259 msecs (HTTP/1.1 201) 4 headers in 162 bytes (1 switches on core 0)
2026-02-25 23:30:19.106 8 INFO neutron.plugins.ml2.drivers.ovn.mech_driver.mech_driver [None req-ec1b036b-f2cb-4e0e-863b-b3827af85446 - - - - - -] OVN reports status down for port: f2c23af1-cfb8-47f4-bbd6-aabe530c6e2c [pid: 8|app: 0|req: 930/1980] 10.0.0.194 () {28 vars in 599 bytes} [Wed Feb 25 23:30:19 2026] GET /v2.0/security-groups => generated 29017 bytes in 71 msecs (HTTP/1.1 200) 4 headers in 159 bytes (1 switches on core 0)
2026-02-25 23:30:19.126 7 INFO neutron.db.ovn_revision_numbers_db [None req-abc1770d-31bd-4262-86d3-97532db633aa 3709ef8ce69a4b12aa0d9c39ea3b6f79 a694fabc63d44ddba3b0582c7655d3f9 - - default default] Successfully bumped revision number for resource f2c23af1-cfb8-47f4-bbd6-aabe530c6e2c (type: ports) to 1 [pid: 7|app: 0|req: 1051/1981] 10.0.0.131 () {34 vars in 665 bytes} [Wed Feb 25 23:30:18 2026] POST /v2.0/ports => generated 948 bytes in 558 msecs (HTTP/1.1 201) 4 headers in 162 bytes (1 switches on core 0) /var/lib/openstack/lib/python3.12/site-packages/pycadf/identifier.py:70: UserWarning: Invalid uuid: neutron. To ensure interoperability, identifiers should be a valid uuid. warnings.warn(('Invalid uuid: %s. To ensure interoperability, '
2026-02-25 23:30:19.279 7 INFO neutron.db.ovn_revision_numbers_db [None req-a3c3c4b6-4fef-46de-94f2-32e0a4db7af4 d0afbd947e0b4b8ca560871533c12df6 c94cd1549fb34128858d98c03c33b96b - - default default] Successfully bumped revision number for resource 3358bf82-6caa-4d2e-b9b9-ed3bd2f1f42c (type: routers) to 1 [pid: 7|app: 0|req: 1052/1982] 10.0.0.131 () {34 vars in 669 bytes} [Wed Feb 25 23:30:19 2026] POST /v2.0/routers => generated 606 bytes in 140 msecs (HTTP/1.1 201) 4 headers in 162 bytes (1 switches on core 0)
2026-02-25 23:30:19.330 8 INFO neutron_taas.services.taas.taas_plugin [None req-12fdb9af-bc13-4c4e-86fa-6e1802fd2b76 338eadffa1fb499aba83ca10175a0849 89557d0b7c3247df8e1bd79d7dde7602 - - default default] TaaS: Handle Delete Port: 5919dc0c-f915-45e1-a6dd-56b33fb9ad30
2026-02-25 23:30:19.333 8 INFO neutron_taas.services.taas.tap_mirror_plugin [None req-12fdb9af-bc13-4c4e-86fa-6e1802fd2b76 338eadffa1fb499aba83ca10175a0849 89557d0b7c3247df8e1bd79d7dde7602 - - default default] Tap Mirror: Handle Delete Port: 5919dc0c-f915-45e1-a6dd-56b33fb9ad30 [pid: 7|app: 0|req: 1053/1983] 10.0.0.194 () {28 vars in 583 bytes} [Wed Feb 25 23:30:19 2026] GET /v2.0/subnets => generated 3896 bytes in 41 msecs (HTTP/1.1 200) 4 headers in 158 bytes (1 switches on core 0) [pid: 8|app: 0|req: 931/1984] 10.0.0.131 () {32 vars in 726 bytes} [Wed Feb 25 23:30:19 2026] DELETE /v2.0/networks/82033429-149b-4188-b623-3b85e0a6c52c => generated 0 bytes in 600 msecs (HTTP/1.1 204) 3 headers in 131 bytes (1 switches on core 0) [pid: 8|app: 0|req: 932/1985] 10.0.0.131 () {32 vars in 774 bytes} [Wed Feb 25 23:30:19 2026] GET /v2.0/security-groups?tenant_id=2f2a07268029420f87eb9c85dbfd43c2&name=default => generated 2925 bytes in 110 msecs (HTTP/1.1 200) 4 headers in 158 bytes (1 switches on core 0)
2026-02-25 23:30:19.902 8 INFO neutron.plugins.ml2.drivers.ovn.mech_driver.mech_driver [None req-ec1b036b-f2cb-4e0e-863b-b3827af85446 - - - - - -] OVN reports status up for port: f2c23af1-cfb8-47f4-bbd6-aabe530c6e2c
2026-02-25 23:30:19.918 7 INFO neutron.db.ovn_revision_numbers_db [None req-922f5b73-36ac-4a66-969c-afff9be22e5c 3709ef8ce69a4b12aa0d9c39ea3b6f79 a694fabc63d44ddba3b0582c7655d3f9 - - default default] Successfully bumped revision number for resource f2c23af1-cfb8-47f4-bbd6-aabe530c6e2c (type: ports) to 2
2026-02-25 23:30:19.933 8 INFO neutron.plugins.ml2.plugin [None req-ec1b036b-f2cb-4e0e-863b-b3827af85446 - - - - - -] Attempt 1 to provision port f2c23af1-cfb8-47f4-bbd6-aabe530c6e2c
2026-02-25 23:30:20.461 8 WARNING neutron.scheduler.dhcp_agent_scheduler [None req-4b757018-b036-4a72-ab9e-a6deb9bc79b7 d0afbd947e0b4b8ca560871533c12df6 c94cd1549fb34128858d98c03c33b96b - - default default] No more DHCP agents
2026-02-25 23:30:20.466 8 WARNING neutron.api.rpc.agentnotifiers.dhcp_rpc_agent_api [None req-4b757018-b036-4a72-ab9e-a6deb9bc79b7 d0afbd947e0b4b8ca560871533c12df6 c94cd1549fb34128858d98c03c33b96b - - default default] Unable to schedule network 61edbaf4-8f11-465a-8a52-4b477811969b: no agents available; will retry on subsequent port and subnet creation events.
2026-02-25 23:30:20.557 8 INFO neutron.db.ovn_revision_numbers_db [None req-ec1b036b-f2cb-4e0e-863b-b3827af85446 - - - - - -] Successfully bumped revision number for resource f2c23af1-cfb8-47f4-bbd6-aabe530c6e2c (type: ports) to 3
2026-02-25 23:30:20.693 8 INFO neutron.services.segments.plugin [-] Segment 9ea76e54-0340-482b-85ee-aa1fc7c56641 resource provider aggregate not found
2026-02-25 23:30:20.701 8 INFO neutron.services.segments.plugin [-] Segment 9ea76e54-0340-482b-85ee-aa1fc7c56641 resource provider aggregate not found
2026-02-25 23:30:20.716 8 INFO neutron.services.segments.plugin [-] Segment 9ea76e54-0340-482b-85ee-aa1fc7c56641 resource provider not found; error: Placement Client Error (4xx): {"errors": [{"status": 404, "title": "Not Found", "detail": "The resource could not be found.\n\n No resource provider with uuid 9ea76e54-0340-482b-85ee-aa1fc7c56641 found for delete ", "request_id": "req-b43d9f5d-5ae9-482b-a236-32da8e2a2951"}]}
2026-02-25 23:30:20.720 8 INFO neutron.services.segments.plugin [-] Segment 9ea76e54-0340-482b-85ee-aa1fc7c56641 resource provider not found; error: Placement Client Error (4xx): {"errors": [{"status": 404, "title": "Not Found", "detail": "The resource could not be found.\n\n No resource provider with uuid 9ea76e54-0340-482b-85ee-aa1fc7c56641 found for delete ", "request_id": "req-d27cecd0-140a-441a-b4d6-b42437657e74"}]}
2026-02-25 23:30:20.766 8 INFO neutron.db.ovn_revision_numbers_db [None req-4b757018-b036-4a72-ab9e-a6deb9bc79b7 d0afbd947e0b4b8ca560871533c12df6 c94cd1549fb34128858d98c03c33b96b - - default default] Successfully bumped revision number for resource 8c854c9e-282f-4936-a770-0fe72fa4fda0 (type: ports) to 1
2026-02-25 23:30:21.176 7 WARNING neutron.scheduler.dhcp_agent_scheduler [None req-922f5b73-36ac-4a66-969c-afff9be22e5c 3709ef8ce69a4b12aa0d9c39ea3b6f79 a694fabc63d44ddba3b0582c7655d3f9 - - default default] No more DHCP agents
2026-02-25 23:30:21.177 7 WARNING neutron.api.rpc.agentnotifiers.dhcp_rpc_agent_api [None req-922f5b73-36ac-4a66-969c-afff9be22e5c 3709ef8ce69a4b12aa0d9c39ea3b6f79 a694fabc63d44ddba3b0582c7655d3f9 - - default default] Unable to schedule network 564be25a-8af6-44ff-a714-54cc037eabb8: no agents available; will retry on subsequent port and subnet creation events.
2026-02-25 23:30:21.349 8 WARNING neutron.scheduler.dhcp_agent_scheduler [None req-4b757018-b036-4a72-ab9e-a6deb9bc79b7 d0afbd947e0b4b8ca560871533c12df6 c94cd1549fb34128858d98c03c33b96b - - default default] No more DHCP agents
2026-02-25 23:30:21.350 8 WARNING neutron.api.rpc.agentnotifiers.dhcp_rpc_agent_api [None req-4b757018-b036-4a72-ab9e-a6deb9bc79b7 d0afbd947e0b4b8ca560871533c12df6 c94cd1549fb34128858d98c03c33b96b - - default default] Unable to schedule network 61edbaf4-8f11-465a-8a52-4b477811969b: no agents available; will retry on subsequent port and subnet creation events.
2026-02-25 23:30:21.456 7 INFO neutron.db.ovn_revision_numbers_db [None req-922f5b73-36ac-4a66-969c-afff9be22e5c 3709ef8ce69a4b12aa0d9c39ea3b6f79 a694fabc63d44ddba3b0582c7655d3f9 - - default default] Successfully bumped revision number for resource f2c23af1-cfb8-47f4-bbd6-aabe530c6e2c (type: router_ports) to 3 [pid: 7|app: 0|req: 1054/1986] 10.0.0.131 () {34 vars in 783 bytes} [Wed Feb 25 23:30:19 2026] PUT /v2.0/routers/001be2e1-b9b4-45f3-b9f6-d039b164820c/add_router_interface => generated 309 bytes in 2125 msecs (HTTP/1.1 200) 4 headers in 157 bytes (1 switches on core 0) /var/lib/openstack/lib/python3.12/site-packages/pycadf/identifier.py:70: UserWarning: Invalid uuid: neutron. To ensure interoperability, identifiers should be a valid uuid. warnings.warn(('Invalid uuid: %s. To ensure interoperability, ' [pid: 7|app: 0|req: 1055/1987] 10.0.0.194 () {28 vars in 591 bytes} [Wed Feb 25 23:30:21 2026] GET /v2.0/floatingips => generated 19 bytes in 20 msecs (HTTP/1.1 200) 4 headers in 156 bytes (1 switches on core 0)
2026-02-25 23:30:21.500 7 INFO neutron.pecan_wsgi.hooks.translation [None req-55373cb3-64c1-4ef1-9ed9-535ca2c6f29b 338eadffa1fb499aba83ca10175a0849 89557d0b7c3247df8e1bd79d7dde7602 - - default default] DELETE failed (client error): The resource could not be found. [pid: 7|app: 0|req: 1056/1988] 10.0.0.131 () {32 vars in 724 bytes} [Wed Feb 25 23:30:21 2026] DELETE /v2.0/subnets/94e4e8e8-43af-4d91-9431-384f1a4baf1e => generated 136 bytes in 19 msecs (HTTP/1.1 404) 4 headers in 164 bytes (1 switches on core 0)
2026-02-25 23:30:21.734 8 INFO neutron.db.ovn_revision_numbers_db [None req-4b757018-b036-4a72-ab9e-a6deb9bc79b7 d0afbd947e0b4b8ca560871533c12df6 c94cd1549fb34128858d98c03c33b96b - - default default] Successfully bumped revision number for resource 8c854c9e-282f-4936-a770-0fe72fa4fda0 (type: router_ports) to 1 [pid: 8|app: 0|req: 933/1989] 10.0.0.131 () {34 vars in 783 bytes} [Wed Feb 25 23:30:19 2026] PUT /v2.0/routers/3358bf82-6caa-4d2e-b9b9-ed3bd2f1f42c/add_router_interface => generated 309 bytes in 1929 msecs (HTTP/1.1 200) 4 headers in 157 bytes (1 switches on core 0) /var/lib/openstack/lib/python3.12/site-packages/pycadf/identifier.py:70: UserWarning: Invalid uuid: neutron. To ensure interoperability, identifiers should be a valid uuid. warnings.warn(('Invalid uuid: %s. To ensure interoperability, ' [pid: 7|app: 0|req: 1057/1990] 10.0.0.131 () {32 vars in 740 bytes} [Wed Feb 25 23:30:21 2026] DELETE /v2.0/security-groups/420fb2f0-f609-4b18-9c77-59e2fc3b2bfa => generated 0 bytes in 358 msecs (HTTP/1.1 204) 2 headers in 112 bytes (1 switches on core 0) [pid: 7|app: 0|req: 1058/1991] 10.0.0.194 () {28 vars in 581 bytes} [Wed Feb 25 23:30:21 2026] GET /v2.0/agents => generated 1214 bytes in 14 msecs (HTTP/1.1 200) 4 headers in 158 bytes (1 switches on core 0) [pid: 8|app: 0|req: 934/1992] 10.0.0.131 () {32 vars in 717 bytes} [Wed Feb 25 23:30:21 2026] GET /v2.0/ports/f2c23af1-cfb8-47f4-bbd6-aabe530c6e2c => generated 1010 bytes in 130 msecs (HTTP/1.1 200) 4 headers in 158 bytes (1 switches on core 0)
2026-02-25 23:30:21.895 7 INFO neutron.pecan_wsgi.hooks.translation [None req-e1522fa2-f602-4e13-a41f-89850f3ff78a 338eadffa1fb499aba83ca10175a0849 89557d0b7c3247df8e1bd79d7dde7602 - - default default] DELETE failed (client error): The resource could not be found. [pid: 7|app: 0|req: 1059/1993] 10.0.0.131 () {32 vars in 724 bytes} [Wed Feb 25 23:30:21 2026] DELETE /v2.0/subnets/abccc073-c9e4-45c1-88d4-ba7cf1488a6c => generated 136 bytes in 21 msecs (HTTP/1.1 404) 4 headers in 164 bytes (1 switches on core 0) [pid: 7|app: 0|req: 1060/1994] 10.0.0.194 () {28 vars in 585 bytes} [Wed Feb 25 23:30:21 2026] GET /v2.0/networks => generated 4634 bytes in 60 msecs (HTTP/1.1 200) 4 headers in 158 bytes (1 switches on core 0) [pid: 8|app: 0|req: 935/1995] 10.0.0.131 () {32 vars in 717 bytes} [Wed Feb 25 23:30:21 2026] GET /v2.0/ports/8c854c9e-282f-4936-a770-0fe72fa4fda0 => generated 945 bytes in 85 msecs (HTTP/1.1 200) 4 headers in 157 bytes (1 switches on core 0)
2026-02-25 23:30:21.979 8 INFO neutron.pecan_wsgi.hooks.translation [None req-27e0fecb-3440-45d4-9daf-c01a250b6585 338eadffa1fb499aba83ca10175a0849 89557d0b7c3247df8e1bd79d7dde7602 - - default default] DELETE failed (client error): The resource could not be found. [pid: 8|app: 0|req: 936/1996] 10.0.0.131 () {32 vars in 724 bytes} [Wed Feb 25 23:30:21 2026] DELETE /v2.0/subnets/fbcc83b1-be7b-4d34-a176-330c33d3a0a6 => generated 136 bytes in 17 msecs (HTTP/1.1 404) 4 headers in 164 bytes (1 switches on core 0)
2026-02-25 23:30:22.168 8 INFO neutron.db.ovn_revision_numbers_db [None req-108f7923-e57f-45e0-b9eb-4a8ebc49741c b67da7dda8114a148d141db8b2971105 f2c0878b6c6d4b12932b7f2527a1a126 - - default default] Successfully bumped revision number for resource 59429750-95e9-4375-ac0b-25edddc2e225 (type: security_groups) to 1
2026-02-25 23:30:22.180 8 INFO neutron.db.ovn_revision_numbers_db [None req-108f7923-e57f-45e0-b9eb-4a8ebc49741c b67da7dda8114a148d141db8b2971105 f2c0878b6c6d4b12932b7f2527a1a126 - - default default] Successfully bumped revision number for resource 206bacf6-b990-465e-94ec-49df5ba12186 (type: security_group_rules) to 0
2026-02-25 23:30:22.192 8 INFO neutron.db.ovn_revision_numbers_db [None req-108f7923-e57f-45e0-b9eb-4a8ebc49741c b67da7dda8114a148d141db8b2971105 f2c0878b6c6d4b12932b7f2527a1a126 - - default default] Successfully bumped revision number for resource 55dcaad6-e606-4c48-b0c8-2a5c36d65654 (type: security_group_rules) to 0
2026-02-25 23:30:22.204 8 INFO neutron.db.ovn_revision_numbers_db [None req-108f7923-e57f-45e0-b9eb-4a8ebc49741c b67da7dda8114a148d141db8b2971105 f2c0878b6c6d4b12932b7f2527a1a126 - - default default] Successfully bumped revision number for resource 91fc7f66-ea26-4bae-bd6b-7e73439e2449 (type: security_group_rules) to 0
2026-02-25 23:30:22.218 8 INFO neutron.db.ovn_revision_numbers_db [None req-108f7923-e57f-45e0-b9eb-4a8ebc49741c b67da7dda8114a148d141db8b2971105 f2c0878b6c6d4b12932b7f2527a1a126 - - default default] Successfully bumped revision number for resource c8b80fdc-202e-4ad7-a893-e4476caace2c (type: security_group_rules) to 0 [pid: 8|app: 0|req: 937/1997] 10.0.0.131 () {32 vars in 774 bytes} [Wed Feb 25 23:30:21 2026] GET /v2.0/security-groups?tenant_id=82dc09c3a90e43d8a7a364e40d3a2e1c&name=default => generated 2925 bytes in 276 msecs (HTTP/1.1 200) 4 headers in 158 bytes (1 switches on core 0)
2026-02-25 23:30:22.272 7 INFO neutron_taas.services.taas.taas_plugin [None req-c7dc6301-0c47-4d79-8aee-5154a23548cd 3709ef8ce69a4b12aa0d9c39ea3b6f79 a694fabc63d44ddba3b0582c7655d3f9 - - default default] TaaS: Handle Delete Port: f2c23af1-cfb8-47f4-bbd6-aabe530c6e2c
2026-02-25 23:30:22.276 7 INFO neutron_taas.services.taas.tap_mirror_plugin [None req-c7dc6301-0c47-4d79-8aee-5154a23548cd 3709ef8ce69a4b12aa0d9c39ea3b6f79 a694fabc63d44ddba3b0582c7655d3f9 - - default default] Tap Mirror: Handle Delete Port: f2c23af1-cfb8-47f4-bbd6-aabe530c6e2c [pid: 8|app: 0|req: 938/1998] 10.0.0.194 () {28 vars in 579 bytes} [Wed Feb 25 23:30:22 2026] GET /v2.0/ports => generated 10157 bytes in 63 msecs (HTTP/1.1 200) 4 headers in 159 bytes (1 switches on core 0) [pid: 7|app: 0|req: 1061/1999] 10.0.0.131 () {34 vars in 789 bytes} [Wed Feb 25 23:30:21 2026] PUT /v2.0/routers/001be2e1-b9b4-45f3-b9f6-d039b164820c/remove_router_interface => generated 309 bytes in 683 msecs (HTTP/1.1 200) 4 headers in 157 bytes (1 switches on core 0) /var/lib/openstack/lib/python3.12/site-packages/pycadf/identifier.py:70: UserWarning: Invalid uuid: neutron. To ensure interoperability, identifiers should be a valid uuid. warnings.warn(('Invalid uuid: %s. To ensure interoperability, '
2026-02-25 23:30:22.812 8 WARNING neutron.scheduler.dhcp_agent_scheduler [None req-df5206e5-e76c-4cd3-94cf-b98fa0ad314d d0afbd947e0b4b8ca560871533c12df6 c94cd1549fb34128858d98c03c33b96b - - default default] No more DHCP agents
2026-02-25 23:30:22.815 8 WARNING neutron.api.rpc.agentnotifiers.dhcp_rpc_agent_api [None req-df5206e5-e76c-4cd3-94cf-b98fa0ad314d d0afbd947e0b4b8ca560871533c12df6 c94cd1549fb34128858d98c03c33b96b - - default default] Unable to schedule network fde22a47-ba4b-47df-b98f-2a12d9c0e104: no agents available; will retry on subsequent port and subnet creation events. [pid: 7|app: 0|req: 1062/2000] 10.0.0.131 () {32 vars in 740 bytes} [Wed Feb 25 23:30:22 2026] DELETE /v2.0/security-groups/59429750-95e9-4375-ac0b-25edddc2e225 => generated 0 bytes in 322 msecs (HTTP/1.1 204) 2 headers in 112 bytes (1 switches on core 0) [pid: 7|app: 0|req: 1063/2001] 10.0.0.194 () {28 vars in 619 bytes} [Wed Feb 25 23:30:22 2026] GET /v2.0/network-ip-availabilities => generated 2422 bytes in 25 msecs (HTTP/1.1 200) 4 headers in 158 bytes (1 switches on core 0)
2026-02-25 23:30:23.001 8 INFO neutron.db.ovn_revision_numbers_db [None req-df5206e5-e76c-4cd3-94cf-b98fa0ad314d d0afbd947e0b4b8ca560871533c12df6 c94cd1549fb34128858d98c03c33b96b - - default default] Successfully bumped revision number for resource 42d02f15-e16f-437b-bab9-28479d664d0a (type: ports) to 1
2026-02-25 23:30:23.055 7 INFO neutron.api.v2.resource [None req-7a1ff9a9-15f3-4700-aaaa-ad13002ee539 3709ef8ce69a4b12aa0d9c39ea3b6f79 a694fabc63d44ddba3b0582c7655d3f9 - - default default] remove_router_interface failed (client error): The resource could not be found. [pid: 7|app: 0|req: 1064/2002] 10.0.0.131 () {34 vars in 789 bytes} [Wed Feb 25 23:30:22 2026] PUT /v2.0/routers/001be2e1-b9b4-45f3-b9f6-d039b164820c/remove_router_interface => generated 197 bytes in 63 msecs (HTTP/1.1 404) 4 headers in 164 bytes (1 switches on core 0)
2026-02-25 23:30:23.526 7 INFO neutron.db.ovn_revision_numbers_db [None req-627d10d0-f884-499e-80fc-ca32ae26b37c b67da7dda8114a148d141db8b2971105 f2c0878b6c6d4b12932b7f2527a1a126 - - default default] Successfully bumped revision number for resource 4ca47c7a-562b-4b8f-9f99-8feed6e1d178 (type: security_groups) to 1
2026-02-25 23:30:23.539 7 INFO neutron.db.ovn_revision_numbers_db [None req-627d10d0-f884-499e-80fc-ca32ae26b37c b67da7dda8114a148d141db8b2971105 f2c0878b6c6d4b12932b7f2527a1a126 - - default default] Successfully bumped revision number for resource 3f3c995b-c3a9-4ecf-84b0-1aec28aaf2cd (type: security_group_rules) to 0
2026-02-25 23:30:23.551 7 INFO neutron.db.ovn_revision_numbers_db [None req-627d10d0-f884-499e-80fc-ca32ae26b37c b67da7dda8114a148d141db8b2971105 f2c0878b6c6d4b12932b7f2527a1a126 - - default default] Successfully bumped revision number for resource 8610e4d5-bc32-4c33-9cd5-5a1b581b2af4 (type: security_group_rules) to 0
2026-02-25 23:30:23.566 7 INFO neutron.db.ovn_revision_numbers_db [None req-627d10d0-f884-499e-80fc-ca32ae26b37c b67da7dda8114a148d141db8b2971105 f2c0878b6c6d4b12932b7f2527a1a126 - - default default] Successfully bumped revision number for resource 91c198c8-afe9-4904-8e8b-02de3d7a6c30 (type: security_group_rules) to 0
2026-02-25 23:30:23.576 7 INFO neutron.db.ovn_revision_numbers_db [None req-627d10d0-f884-499e-80fc-ca32ae26b37c b67da7dda8114a148d141db8b2971105 f2c0878b6c6d4b12932b7f2527a1a126 - - default default] Successfully bumped revision number for resource d8897c54-0be7-4fa1-b525-a73170efdba6 (type: security_group_rules) to 0 [pid: 7|app: 0|req: 1065/2003] 10.0.0.131 () {32 vars in 774 bytes} [Wed Feb 25 23:30:23 2026] GET /v2.0/security-groups?tenant_id=b38bf70ea6eb42bdbaf0f500a5c66850&name=default => generated 2925 bytes in 555 msecs (HTTP/1.1 200) 4 headers in 158 bytes (1 switches on core 0) [pid: 7|app: 0|req: 1066/2004] 10.0.0.131 () {32 vars in 736 bytes} [Wed Feb 25 23:30:23 2026] GET /v2.0/ports?device_id=001be2e1-b9b4-45f3-b9f6-d039b164820c => generated 12 bytes in 40 msecs (HTTP/1.1 200) 4 headers in 156 bytes (1 switches on core 0)
2026-02-25 23:30:23.734 8 WARNING neutron.scheduler.dhcp_agent_scheduler [None req-df5206e5-e76c-4cd3-94cf-b98fa0ad314d d0afbd947e0b4b8ca560871533c12df6 c94cd1549fb34128858d98c03c33b96b - - default default] No more DHCP agents
2026-02-25 23:30:23.735 8 WARNING neutron.api.rpc.agentnotifiers.dhcp_rpc_agent_api [None req-df5206e5-e76c-4cd3-94cf-b98fa0ad314d d0afbd947e0b4b8ca560871533c12df6 c94cd1549fb34128858d98c03c33b96b - - default default] Unable to schedule network fde22a47-ba4b-47df-b98f-2a12d9c0e104: no agents available; will retry on subsequent port and subnet creation events. [pid: 7|app: 0|req: 1069/2007] 10.0.0.131 () {32 vars in 740 bytes} [Wed Feb 25 23:30:23 2026] DELETE /v2.0/security-groups/4ca47c7a-562b-4b8f-9f99-8feed6e1d178 => generated 0 bytes in 288 msecs (HTTP/1.1 204) 2 headers in 112 bytes (1 switches on core 0)
2026-02-25 23:30:24.094 8 INFO neutron.db.ovn_revision_numbers_db [None req-df5206e5-e76c-4cd3-94cf-b98fa0ad314d d0afbd947e0b4b8ca560871533c12df6 c94cd1549fb34128858d98c03c33b96b - - default default] Successfully bumped revision number for resource 42d02f15-e16f-437b-bab9-28479d664d0a (type: router_ports) to 1 [pid: 8|app: 0|req: 939/2008] 10.0.0.131 () {34 vars in 783 bytes} [Wed Feb 25 23:30:22 2026] PUT /v2.0/routers/3358bf82-6caa-4d2e-b9b9-ed3bd2f1f42c/add_router_interface => generated 309 bytes in 1776 msecs (HTTP/1.1 200) 4 headers in 157 bytes (1 switches on core 0) [pid: 7|app: 0|req: 1070/2009] 10.0.0.131 () {32 vars in 724 bytes} [Wed Feb 25 23:30:23 2026] DELETE /v2.0/routers/001be2e1-b9b4-45f3-b9f6-d039b164820c => generated 0 bytes in 318 msecs (HTTP/1.1 204) 2 headers in 112 bytes (1 switches on core 0)
2026-02-25 23:30:24.271 8 INFO neutron.db.ovn_revision_numbers_db [None req-4778f9df-e46d-475e-b57a-8f02d0aed18f b67da7dda8114a148d141db8b2971105 f2c0878b6c6d4b12932b7f2527a1a126 - - default default] Successfully bumped revision number for resource d6ce1925-9bbf-4578-aed5-78c56330e0de (type: security_groups) to 1
2026-02-25 23:30:24.282 8 INFO neutron.db.ovn_revision_numbers_db [None req-4778f9df-e46d-475e-b57a-8f02d0aed18f b67da7dda8114a148d141db8b2971105 f2c0878b6c6d4b12932b7f2527a1a126 - - default default] Successfully bumped revision number for resource 483cfa93-0d17-4fe3-9a78-23b5a001c3ca (type: security_group_rules) to 0
2026-02-25 23:30:24.293 8 INFO neutron.db.ovn_revision_numbers_db [None req-4778f9df-e46d-475e-b57a-8f02d0aed18f b67da7dda8114a148d141db8b2971105 f2c0878b6c6d4b12932b7f2527a1a126 - - default default] Successfully bumped revision number for resource 7f7d992e-3670-435e-90d8-b8b6e3903ccc (type: security_group_rules) to 0
2026-02-25 23:30:24.304 8 INFO neutron.db.ovn_revision_numbers_db [None req-4778f9df-e46d-475e-b57a-8f02d0aed18f b67da7dda8114a148d141db8b2971105 f2c0878b6c6d4b12932b7f2527a1a126 - - default default] Successfully bumped revision number for resource 8bf515f1-c999-4c3a-885f-177a744717f8 (type: security_group_rules) to 0
2026-02-25 23:30:24.315 8 INFO neutron.db.ovn_revision_numbers_db [None req-4778f9df-e46d-475e-b57a-8f02d0aed18f b67da7dda8114a148d141db8b2971105 f2c0878b6c6d4b12932b7f2527a1a126 - - default default] Successfully bumped revision number for resource b65ac7fc-f5f9-4f60-9160-3f4fd15bad8a (type: security_group_rules) to 0 [pid: 8|app: 0|req: 940/2010] 10.0.0.131 () {32 vars in 774 bytes} [Wed Feb 25 23:30:24 2026] GET /v2.0/security-groups?tenant_id=479a32de9c9440b3b457bf25d3a8bec5&name=default => generated 2925 bytes in 249 msecs (HTTP/1.1 200) 4 headers in 158 bytes (1 switches on core 0) [pid: 7|app: 0|req: 1071/2011] 10.0.0.131 () {32 vars in 717 bytes} [Wed Feb 25 23:30:24 2026] GET /v2.0/ports/42d02f15-e16f-437b-bab9-28479d664d0a => generated 953 bytes in 83 msecs (HTTP/1.1 200) 4 headers in 157 bytes (1 switches on core 0) [pid: 8|app: 0|req: 941/2012] 10.0.0.131 () {32 vars in 724 bytes} [Wed Feb 25 23:30:24 2026] DELETE /v2.0/subnets/2e3d1eff-10f8-42a4-a44c-1914f4e54a03 => generated 0 bytes in 162 msecs (HTTP/1.1 204) 3 headers in 131 bytes (1 switches on core 0) [pid: 8|app: 0|req: 942/2013] 10.0.0.131 () {32 vars in 717 bytes} [Wed Feb 25 23:30:24 2026] GET /v2.0/ports/42d02f15-e16f-437b-bab9-28479d664d0a => generated 953 bytes in 108 msecs (HTTP/1.1 200) 4 headers in 157 bytes (1 switches on core 0) [pid: 7|app: 0|req: 1072/2014] 10.0.0.131 () {32 vars in 740 bytes} [Wed Feb 25 23:30:24 2026] DELETE /v2.0/security-groups/d6ce1925-9bbf-4578-aed5-78c56330e0de => generated 0 bytes in 304 msecs (HTTP/1.1 204) 2 headers in 112 bytes (1 switches on core 0)
2026-02-25 23:30:24.721 8 INFO neutron_taas.services.taas.taas_plugin [None req-a3619134-e330-4b70-b077-5cdcd463d946 3709ef8ce69a4b12aa0d9c39ea3b6f79 a694fabc63d44ddba3b0582c7655d3f9 - - default default] TaaS: Handle Delete Port: a3607ef3-ac36-48e2-92dd-0c3a24f9e56c
2026-02-25 23:30:24.724 8 INFO neutron_taas.services.taas.tap_mirror_plugin [None req-a3619134-e330-4b70-b077-5cdcd463d946 3709ef8ce69a4b12aa0d9c39ea3b6f79 a694fabc63d44ddba3b0582c7655d3f9 - - default default] Tap Mirror: Handle Delete Port: a3607ef3-ac36-48e2-92dd-0c3a24f9e56c [pid: 7|app: 0|req: 1073/2015] 10.0.0.131 () {32 vars in 774 bytes} [Wed Feb 25 23:30:24 2026] GET /v2.0/security-groups?tenant_id=89557d0b7c3247df8e1bd79d7dde7602&name=default => generated 2925 bytes in 62 msecs (HTTP/1.1 200) 4 headers in 158 bytes (1 switches on core 0)
2026-02-25 23:30:24.916 8 INFO neutron.services.segments.plugin [-] Segment a32d36a4-e633-4b84-99c5-0d054a63dddc resource provider aggregate not found
2026-02-25 23:30:24.922 8 INFO neutron.services.segments.plugin [-] Segment a32d36a4-e633-4b84-99c5-0d054a63dddc resource provider aggregate not found
2026-02-25 23:30:24.941 8 INFO neutron.services.segments.plugin [-] Segment a32d36a4-e633-4b84-99c5-0d054a63dddc resource provider not found; error: Placement Client Error (4xx): {"errors": [{"status": 404, "title": "Not Found", "detail": "The resource could not be found.\n\n No resource provider with uuid a32d36a4-e633-4b84-99c5-0d054a63dddc found for delete ", "request_id": "req-56f66e4f-4459-466d-ac81-aeaeb03fd73a"}]}
2026-02-25 23:30:24.942 8 INFO neutron.services.segments.plugin [-] Segment a32d36a4-e633-4b84-99c5-0d054a63dddc resource provider not found; error: Placement Client Error (4xx): {"errors": [{"status": 404, "title": "Not Found", "detail": "The resource could not be found.\n\n No resource provider with uuid a32d36a4-e633-4b84-99c5-0d054a63dddc found for delete ", "request_id": "req-01a79fd6-4958-4c4c-b287-e60eb20fb4e4"}]} [pid: 8|app: 0|req: 943/2016] 10.0.0.131 () {32 vars in 726 bytes} [Wed Feb 25 23:30:24 2026] DELETE /v2.0/networks/564be25a-8af6-44ff-a714-54cc037eabb8 => generated 0 bytes in 362 msecs (HTTP/1.1 204) 3 headers in 131 bytes (1 switches on core 0)
2026-02-25 23:30:25.119 8 INFO neutron.db.segments_db [None req-cfd614b8-292d-4a7e-9c57-c9721c3246e6 3709ef8ce69a4b12aa0d9c39ea3b6f79 a694fabc63d44ddba3b0582c7655d3f9 - - default default] Added segment fa655ed3-0796-4d0a-bc6d-f50e7fc4eabd of type geneve for network 4f3c186c-ceda-4657-a417-c3a752ae9981 [pid: 7|app: 0|req: 1074/2017] 10.0.0.131 () {32 vars in 740 bytes} [Wed Feb 25 23:30:24 2026] DELETE /v2.0/security-groups/b8290b8a-4021-4bce-9a8f-32d712b53b19 => generated 0 bytes in 346 msecs (HTTP/1.1 204) 2 headers in 112 bytes (1 switches on core 0)
2026-02-25 23:30:25.263 8 INFO neutron.db.ovn_revision_numbers_db [None req-cfd614b8-292d-4a7e-9c57-c9721c3246e6 3709ef8ce69a4b12aa0d9c39ea3b6f79 a694fabc63d44ddba3b0582c7655d3f9 - - default default] Successfully bumped revision number for resource 4f3c186c-ceda-4657-a417-c3a752ae9981 (type: networks) to 1
2026-02-25 23:30:25.419 8 WARNING neutron.scheduler.dhcp_agent_scheduler [None req-cfd614b8-292d-4a7e-9c57-c9721c3246e6 3709ef8ce69a4b12aa0d9c39ea3b6f79 a694fabc63d44ddba3b0582c7655d3f9 - - default default] No more DHCP agents
2026-02-25 23:30:25.421 8 WARNING neutron.api.rpc.agentnotifiers.dhcp_rpc_agent_api [None req-cfd614b8-292d-4a7e-9c57-c9721c3246e6 3709ef8ce69a4b12aa0d9c39ea3b6f79 a694fabc63d44ddba3b0582c7655d3f9 - - default default] Unable to schedule network 4f3c186c-ceda-4657-a417-c3a752ae9981: no agents available; will retry on subsequent port and subnet creation events.
