2026-02-25 23:32:27.328 7 INFO neutron.db.ovn_revision_numbers_db [None req-1b95438c-2995-48aa-afd7-2fab1e98f5d2 3ec8258f618c43aa99019a7192d1877f 023e38c5c71243839ca82745d22e5c32 - - default default] Successfully bumped revision number for resource 8c6025fa-d9f8-4afb-b970-f31eb937b13a (type: security_group_rules) to 0
2026-02-25 23:32:27.359 7 INFO neutron.db.ovn_revision_numbers_db [None req-1b95438c-2995-48aa-afd7-2fab1e98f5d2 3ec8258f618c43aa99019a7192d1877f 023e38c5c71243839ca82745d22e5c32 - - default default] Successfully bumped revision number for resource a0058a2c-8b12-4407-932f-38d8186c82c4 (type: security_group_rules) to 0
2026-02-25 23:32:27.387 7 INFO neutron.db.ovn_revision_numbers_db [None req-1b95438c-2995-48aa-afd7-2fab1e98f5d2 3ec8258f618c43aa99019a7192d1877f 023e38c5c71243839ca82745d22e5c32 - - default default] Successfully bumped revision number for resource c1dd2696-f2b2-4cb6-86bc-b147727ce52e (type: security_group_rules) to 0
2026-02-25 23:32:27.465 8 INFO neutron.db.ovn_revision_numbers_db [None req-fe792f32-d24f-4bcb-b171-cc0e0c58f8a5 1fb876badcf343b78538fe201f1c9293 923fd8f6224142e9b9a91c1a7e0c5b7c - - default default] Successfully bumped revision number for resource b8b1d624-0b47-4223-9346-248cd032086e (type: floatingips) to 4
2026-02-25 23:32:27.498 7 INFO neutron.db.segments_db [None req-1b95438c-2995-48aa-afd7-2fab1e98f5d2 3ec8258f618c43aa99019a7192d1877f 023e38c5c71243839ca82745d22e5c32 - - default default] Added segment ffafd000-6761-4c74-8c18-1f3b94d01de3 of type geneve for network 658d0206-8816-4a27-a2c1-fcb1141ac751
2026-02-25 23:32:27.656 8 INFO neutron.db.ovn_revision_numbers_db [None req-fe792f32-d24f-4bcb-b171-cc0e0c58f8a5 1fb876badcf343b78538fe201f1c9293 923fd8f6224142e9b9a91c1a7e0c5b7c - - default default] Successfully bumped revision number for resource b8b1d624-0b47-4223-9346-248cd032086e (type: floatingips) to 5
2026-02-25 23:32:27.657 8 INFO neutron.db.l3_db [None req-fe792f32-d24f-4bcb-b171-cc0e0c58f8a5 1fb876badcf343b78538fe201f1c9293 923fd8f6224142e9b9a91c1a7e0c5b7c - - default default] Floating IP b8b1d624-0b47-4223-9346-248cd032086e associated. External IP: 10.96.250.203, port: 3c2d0328-0407-4182-9f65-ded5722cecd8.
2026-02-25 23:32:27.672 7 INFO neutron.db.ovn_revision_numbers_db [None req-1b95438c-2995-48aa-afd7-2fab1e98f5d2 3ec8258f618c43aa99019a7192d1877f 023e38c5c71243839ca82745d22e5c32 - - default default] Successfully bumped revision number for resource 658d0206-8816-4a27-a2c1-fcb1141ac751 (type: networks) to 1 [pid: 8|app: 0|req: 1282/2692] 10.0.0.131 () {34 vars in 749 bytes} [Wed Feb 25 23:32:26 2026] PUT /v2.0/floatingips/b8b1d624-0b47-4223-9346-248cd032086e => generated 856 bytes in 854 msecs (HTTP/1.1 200) 4 headers in 157 bytes (1 switches on core 0) /var/lib/openstack/lib/python3.12/site-packages/pycadf/identifier.py:70: UserWarning: Invalid uuid: neutron. To ensure interoperability, identifiers should be a valid uuid. warnings.warn(('Invalid uuid: %s. To ensure interoperability, ' [pid: 8|app: 0|req: 1283/2693] 10.0.0.131 () {32 vars in 729 bytes} [Wed Feb 25 23:32:27 2026] GET /v2.0/floatingips/b8b1d624-0b47-4223-9346-248cd032086e => generated 858 bytes in 43 msecs (HTTP/1.1 200) 4 headers in 157 bytes (1 switches on core 0)
2026-02-25 23:32:27.865 7 WARNING neutron.scheduler.dhcp_agent_scheduler [None req-1b95438c-2995-48aa-afd7-2fab1e98f5d2 3ec8258f618c43aa99019a7192d1877f 023e38c5c71243839ca82745d22e5c32 - - default default] No more DHCP agents
2026-02-25 23:32:27.866 7 WARNING neutron.api.rpc.agentnotifiers.dhcp_rpc_agent_api [None req-1b95438c-2995-48aa-afd7-2fab1e98f5d2 3ec8258f618c43aa99019a7192d1877f 023e38c5c71243839ca82745d22e5c32 - - default default] Unable to schedule network 658d0206-8816-4a27-a2c1-fcb1141ac751: no agents available; will retry on subsequent port and subnet creation events.
2026-02-25 23:32:27.946 8 INFO neutron.plugins.ml2.drivers.ovn.mech_driver.mech_driver [None req-e1458690-aa91-4a33-9aa9-9df89d109c86 - - - - - -] OVN reports status down for port: 12dc3e4f-ad62-4a8a-93f3-f396bbd21fc6
2026-02-25 23:32:27.994 7 INFO neutron.db.ovn_revision_numbers_db [None req-1b95438c-2995-48aa-afd7-2fab1e98f5d2 3ec8258f618c43aa99019a7192d1877f 023e38c5c71243839ca82745d22e5c32 - - default default] Successfully bumped revision number for resource 12dc3e4f-ad62-4a8a-93f3-f396bbd21fc6 (type: ports) to 1 [pid: 7|app: 0|req: 1411/2694] 10.0.0.131 () {34 vars in 670 bytes} [Wed Feb 25 23:32:26 2026] POST /v2.0/networks => generated 659 bytes in 1094 msecs (HTTP/1.1 201) 4 headers in 162 bytes (1 switches on core 0)
2026-02-25 23:32:28.212 8 WARNING neutron.scheduler.dhcp_agent_scheduler [None req-7188efb0-d41a-4017-9055-dfb0144a6188 3ec8258f618c43aa99019a7192d1877f 023e38c5c71243839ca82745d22e5c32 - - default default] No more DHCP agents
2026-02-25 23:32:28.215 8 WARNING neutron.api.rpc.agentnotifiers.dhcp_rpc_agent_api [None req-7188efb0-d41a-4017-9055-dfb0144a6188 3ec8258f618c43aa99019a7192d1877f 023e38c5c71243839ca82745d22e5c32 - - default default] Unable to schedule network 658d0206-8816-4a27-a2c1-fcb1141ac751: no agents available; will retry on subsequent port and subnet creation events.
2026-02-25 23:32:28.531 8 INFO neutron.notifiers.nova [-] Nova event matching ['req-5c2796e3-2ef7-4955-90b5-212079ee3515'] response: {'name': 'network-changed', 'server_uuid': 'd4613763-f607-4f51-a1bb-8ea80feee710', 'tag': '3c2d0328-0407-4182-9f65-ded5722cecd8', 'status': 'completed', 'code': 200}
2026-02-25 23:32:28.765 8 INFO neutron.db.ovn_revision_numbers_db [None req-79a121c9-01b9-470f-894e-3f92f0268e7e - - - - - -] Successfully bumped revision number for resource 12dc3e4f-ad62-4a8a-93f3-f396bbd21fc6 (type: ports) to 2
2026-02-25 23:32:28.804 8 INFO neutron.db.ovn_revision_numbers_db [None req-79a121c9-01b9-470f-894e-3f92f0268e7e - - - - - -] Successfully bumped revision number for resource fd6ddaac-914b-4e88-9d5b-13c76940ff6f (type: subnets) to 0 [pid: 8|app: 0|req: 1284/2695] 10.0.0.131 () {34 vars in 669 bytes} [Wed Feb 25 23:32:28 2026] POST /v2.0/subnets => generated 657 bytes in 785 msecs (HTTP/1.1 201) 4 headers in 162 bytes (1 switches on core 0) [pid: 7|app: 0|req: 1412/2696] 10.0.0.131 () {32 vars in 722 bytes} [Wed Feb 25 23:32:28 2026] GET /v2.0/subnetpools?name=shared-default-subnetpool-v6 => generated 19 bytes in 55 msecs (HTTP/1.1 200) 4 headers in 156 bytes (1 switches on core 0) [pid: 7|app: 0|req: 1413/2697] 199.204.45.23 () {34 vars in 1079 bytes} [Wed Feb 25 23:32:29 2026] GET /v2.0/ports?tenant_id=923fd8f6224142e9b9a91c1a7e0c5b7c&device_id=d4613763-f607-4f51-a1bb-8ea80feee710 => generated 1213 bytes in 41 msecs (HTTP/1.1 200) 4 headers in 158 bytes (1 switches on core 0)
2026-02-25 23:32:29.091 8 WARNING neutron.scheduler.dhcp_agent_scheduler [None req-ed6e5c3e-790b-4026-a409-d8941278231d 3ec8258f618c43aa99019a7192d1877f 023e38c5c71243839ca82745d22e5c32 - - default default] No more DHCP agents
2026-02-25 23:32:29.093 8 WARNING neutron.api.rpc.agentnotifiers.dhcp_rpc_agent_api [None req-ed6e5c3e-790b-4026-a409-d8941278231d 3ec8258f618c43aa99019a7192d1877f 023e38c5c71243839ca82745d22e5c32 - - default default] Unable to schedule network 658d0206-8816-4a27-a2c1-fcb1141ac751: no agents available; will retry on subsequent port and subnet creation events.
2026-02-25 23:32:29.148 8 INFO neutron.db.ovn_revision_numbers_db [None req-ed6e5c3e-790b-4026-a409-d8941278231d 3ec8258f618c43aa99019a7192d1877f 023e38c5c71243839ca82745d22e5c32 - - default default] Successfully bumped revision number for resource 8b24c3b9-2f24-4a76-8cf4-c6e31717bacf (type: subnets) to 0 [pid: 7|app: 0|req: 1414/2698] 199.204.45.23 () {34 vars in 985 bytes} [Wed Feb 25 23:32:29 2026] GET /v2.0/networks?id=ceeeb606-ce3d-415f-a762-67adf45de0bb => generated 796 bytes in 73 msecs (HTTP/1.1 200) 4 headers in 157 bytes (1 switches on core 0) [pid: 8|app: 0|req: 1285/2699] 10.0.0.131 () {34 vars in 669 bytes} [Wed Feb 25 23:32:28 2026] POST /v2.0/subnets => generated 731 bytes in 281 msecs (HTTP/1.1 201) 4 headers in 162 bytes (1 switches on core 0) [pid: 7|app: 0|req: 1415/2700] 199.204.45.23 () {34 vars in 1059 bytes} [Wed Feb 25 23:32:29 2026] GET /v2.0/floatingips?fixed_ip_address=10.100.0.10&port_id=3c2d0328-0407-4182-9f65-ded5722cecd8 => generated 861 bytes in 46 msecs (HTTP/1.1 200) 4 headers in 157 bytes (1 switches on core 0) [pid: 7|app: 0|req: 1416/2701] 199.204.45.23 () {34 vars in 983 bytes} [Wed Feb 25 23:32:29 2026] GET /v2.0/subnets?id=e7e291ce-be2e-40ff-9d7c-4301ebb7eaf2 => generated 678 bytes in 38 msecs (HTTP/1.1 200) 4 headers in 157 bytes (1 switches on core 0)
2026-02-25 23:32:29.273 8 INFO neutron.db.segments_db [None req-494b30b6-9165-49f0-b326-71b0597e05a9 3ec8258f618c43aa99019a7192d1877f 023e38c5c71243839ca82745d22e5c32 - - default default] Added segment ad31b49c-6e2c-432a-87fc-dc40ad8c2401 of type geneve for network e9844664-17b1-49cd-905f-8c8d4ac08bf9 [pid: 7|app: 0|req: 1417/2702] 199.204.45.23 () {34 vars in 1051 bytes} [Wed Feb 25 23:32:29 2026] GET /v2.0/ports?network_id=ceeeb606-ce3d-415f-a762-67adf45de0bb&device_owner=network%3Adhcp => generated 12 bytes in 21 msecs (HTTP/1.1 200) 4 headers in 156 bytes (1 switches on core 0) [pid: 7|app: 0|req: 1418/2703] 199.204.45.23 () {34 vars in 1011 bytes} [Wed Feb 25 23:32:29 2026] GET /v2.0/networks/ceeeb606-ce3d-415f-a762-67adf45de0bb?fields=segments => generated 14 bytes in 36 msecs (HTTP/1.1 200) 4 headers in 156 bytes (1 switches on core 0)
2026-02-25 23:32:29.396 8 INFO neutron.db.ovn_revision_numbers_db [None req-494b30b6-9165-49f0-b326-71b0597e05a9 3ec8258f618c43aa99019a7192d1877f 023e38c5c71243839ca82745d22e5c32 - - default default] Successfully bumped revision number for resource e9844664-17b1-49cd-905f-8c8d4ac08bf9 (type: networks) to 1 [pid: 7|app: 0|req: 1419/2704] 199.204.45.23 () {34 vars in 1111 bytes} [Wed Feb 25 23:32:29 2026] GET /v2.0/networks/ceeeb606-ce3d-415f-a762-67adf45de0bb?fields=provider%3Aphysical_network&fields=provider%3Anetwork_type => generated 79 bytes in 72 msecs (HTTP/1.1 200) 4 headers in 156 bytes (1 switches on core 0)
2026-02-25 23:32:29.565 8 WARNING neutron.scheduler.dhcp_agent_scheduler [None req-494b30b6-9165-49f0-b326-71b0597e05a9 3ec8258f618c43aa99019a7192d1877f 023e38c5c71243839ca82745d22e5c32 - - default default] No more DHCP agents
2026-02-25 23:32:29.567 8 WARNING neutron.api.rpc.agentnotifiers.dhcp_rpc_agent_api [None req-494b30b6-9165-49f0-b326-71b0597e05a9 3ec8258f618c43aa99019a7192d1877f 023e38c5c71243839ca82745d22e5c32 - - default default] Unable to schedule network e9844664-17b1-49cd-905f-8c8d4ac08bf9: no agents available; will retry on subsequent port and subnet creation events.
2026-02-25 23:32:29.650 8 INFO neutron.plugins.ml2.drivers.ovn.mech_driver.mech_driver [None req-e1458690-aa91-4a33-9aa9-9df89d109c86 - - - - - -] OVN reports status down for port: 07960a99-4e31-46b7-b5b5-be9ecb980067
2026-02-25 23:32:29.715 8 INFO neutron.db.ovn_revision_numbers_db [None req-494b30b6-9165-49f0-b326-71b0597e05a9 3ec8258f618c43aa99019a7192d1877f 023e38c5c71243839ca82745d22e5c32 - - default default] Successfully bumped revision number for resource 07960a99-4e31-46b7-b5b5-be9ecb980067 (type: ports) to 1 [pid: 8|app: 0|req: 1286/2705] 10.0.0.131 () {34 vars in 670 bytes} [Wed Feb 25 23:32:29 2026] POST /v2.0/networks => generated 656 bytes in 604 msecs (HTTP/1.1 201) 4 headers in 162 bytes (1 switches on core 0)
2026-02-25 23:32:29.975 7 WARNING neutron.scheduler.dhcp_agent_scheduler [None req-897a4739-244e-45ab-ac36-2fdb232c65f5 3ec8258f618c43aa99019a7192d1877f 023e38c5c71243839ca82745d22e5c32 - - default default] No more DHCP agents
2026-02-25 23:32:29.977 7 WARNING neutron.api.rpc.agentnotifiers.dhcp_rpc_agent_api [None req-897a4739-244e-45ab-ac36-2fdb232c65f5 3ec8258f618c43aa99019a7192d1877f 023e38c5c71243839ca82745d22e5c32 - - default default] Unable to schedule network e9844664-17b1-49cd-905f-8c8d4ac08bf9: no agents available; will retry on subsequent port and subnet creation events.
2026-02-25 23:32:30.438 7 INFO neutron.db.ovn_revision_numbers_db [None req-1b87cc36-640c-43d5-a640-1e20feb79e31 - - - - - -] Successfully bumped revision number for resource 07960a99-4e31-46b7-b5b5-be9ecb980067 (type: ports) to 2
2026-02-25 23:32:30.474 7 INFO neutron.db.ovn_revision_numbers_db [None req-1b87cc36-640c-43d5-a640-1e20feb79e31 - - - - - -] Successfully bumped revision number for resource 46abdeae-311a-4405-9c4c-ca82f5af77e7 (type: subnets) to 0 [pid: 7|app: 0|req: 1420/2706] 10.0.0.131 () {34 vars in 669 bytes} [Wed Feb 25 23:32:29 2026] POST /v2.0/subnets => generated 655 bytes in 708 msecs (HTTP/1.1 201) 4 headers in 162 bytes (1 switches on core 0)
2026-02-25 23:32:30.718 8 WARNING neutron.scheduler.dhcp_agent_scheduler [None req-dfa28aae-5f11-4162-b6f6-99df0f41da75 3ec8258f618c43aa99019a7192d1877f 023e38c5c71243839ca82745d22e5c32 - - default default] No more DHCP agents
2026-02-25 23:32:30.720 8 WARNING neutron.api.rpc.agentnotifiers.dhcp_rpc_agent_api [None req-dfa28aae-5f11-4162-b6f6-99df0f41da75 3ec8258f618c43aa99019a7192d1877f 023e38c5c71243839ca82745d22e5c32 - - default default] Unable to schedule network e9844664-17b1-49cd-905f-8c8d4ac08bf9: no agents available; will retry on subsequent port and subnet creation events.
2026-02-25 23:32:30.760 8 INFO neutron.db.ovn_revision_numbers_db [None req-dfa28aae-5f11-4162-b6f6-99df0f41da75 3ec8258f618c43aa99019a7192d1877f 023e38c5c71243839ca82745d22e5c32 - - default default] Successfully bumped revision number for resource 1d2f9cf3-3299-4877-a093-72766ecc4b49 (type: subnets) to 0 [pid: 8|app: 0|req: 1287/2707] 10.0.0.131 () {34 vars in 669 bytes} [Wed Feb 25 23:32:30 2026] POST /v2.0/subnets => generated 726 bytes in 279 msecs (HTTP/1.1 201) 4 headers in 162 bytes (1 switches on core 0)
2026-02-25 23:32:30.884 7 INFO neutron.db.segments_db [None req-3a1e49af-8545-40f7-8f59-626231da9826 3ec8258f618c43aa99019a7192d1877f 023e38c5c71243839ca82745d22e5c32 - - default default] Added segment 1d07bd34-e19c-406c-8d60-a9a7e5f806e1 of type geneve for network 99e60ce0-0aaa-4f9f-a414-fdfd621295ad
2026-02-25 23:32:31.020 7 INFO neutron.db.ovn_revision_numbers_db [None req-3a1e49af-8545-40f7-8f59-626231da9826 3ec8258f618c43aa99019a7192d1877f 023e38c5c71243839ca82745d22e5c32 - - default default] Successfully bumped revision number for resource 99e60ce0-0aaa-4f9f-a414-fdfd621295ad (type: networks) to 1
2026-02-25 23:32:31.178 7 WARNING neutron.scheduler.dhcp_agent_scheduler [None req-3a1e49af-8545-40f7-8f59-626231da9826 3ec8258f618c43aa99019a7192d1877f 023e38c5c71243839ca82745d22e5c32 - - default default] No more DHCP agents
2026-02-25 23:32:31.180 7 WARNING neutron.api.rpc.agentnotifiers.dhcp_rpc_agent_api [None req-3a1e49af-8545-40f7-8f59-626231da9826 3ec8258f618c43aa99019a7192d1877f 023e38c5c71243839ca82745d22e5c32 - - default default] Unable to schedule network 99e60ce0-0aaa-4f9f-a414-fdfd621295ad: no agents available; will retry on subsequent port and subnet creation events.
2026-02-25 23:32:31.257 8 INFO neutron.plugins.ml2.drivers.ovn.mech_driver.mech_driver [None req-e1458690-aa91-4a33-9aa9-9df89d109c86 - - - - - -] OVN reports status down for port: f7f5caf0-4986-495c-8be3-5b41ec5635c2
2026-02-25 23:32:31.317 7 INFO neutron.db.ovn_revision_numbers_db [None req-3a1e49af-8545-40f7-8f59-626231da9826 3ec8258f618c43aa99019a7192d1877f 023e38c5c71243839ca82745d22e5c32 - - default default] Successfully bumped revision number for resource f7f5caf0-4986-495c-8be3-5b41ec5635c2 (type: ports) to 1 [pid: 7|app: 0|req: 1421/2708] 10.0.0.131 () {34 vars in 670 bytes} [Wed Feb 25 23:32:30 2026] POST /v2.0/networks => generated 657 bytes in 568 msecs (HTTP/1.1 201) 4 headers in 162 bytes (1 switches on core 0)
2026-02-25 23:32:31.549 8 WARNING neutron.scheduler.dhcp_agent_scheduler [None req-2f0ea881-f7a7-4aec-bca0-dae49740a777 3ec8258f618c43aa99019a7192d1877f 023e38c5c71243839ca82745d22e5c32 - - default default] No more DHCP agents
2026-02-25 23:32:31.550 8 WARNING neutron.api.rpc.agentnotifiers.dhcp_rpc_agent_api [None req-2f0ea881-f7a7-4aec-bca0-dae49740a777 3ec8258f618c43aa99019a7192d1877f 023e38c5c71243839ca82745d22e5c32 - - default default] Unable to schedule network 99e60ce0-0aaa-4f9f-a414-fdfd621295ad: no agents available; will retry on subsequent port and subnet creation events.
2026-02-25 23:32:32.013 8 INFO neutron.db.ovn_revision_numbers_db [None req-14e6f8c2-140b-472f-876b-4981a460d2da - - - - - -] Successfully bumped revision number for resource f7f5caf0-4986-495c-8be3-5b41ec5635c2 (type: ports) to 2
2026-02-25 23:32:32.049 8 INFO neutron.db.ovn_revision_numbers_db [None req-14e6f8c2-140b-472f-876b-4981a460d2da - - - - - -] Successfully bumped revision number for resource 46ee69ab-6349-4eaf-90f0-5747d5c67fbb (type: subnets) to 0 [pid: 8|app: 0|req: 1288/2709] 10.0.0.131 () {34 vars in 669 bytes} [Wed Feb 25 23:32:31 2026] POST /v2.0/subnets => generated 655 bytes in 714 msecs (HTTP/1.1 201) 4 headers in 162 bytes (1 switches on core 0)
2026-02-25 23:32:32.294 7 WARNING neutron.scheduler.dhcp_agent_scheduler [None req-764b55ec-4971-4885-a258-2d85a5fa5bff 3ec8258f618c43aa99019a7192d1877f 023e38c5c71243839ca82745d22e5c32 - - default default] No more DHCP agents
2026-02-25 23:32:32.295 7 WARNING neutron.api.rpc.agentnotifiers.dhcp_rpc_agent_api [None req-764b55ec-4971-4885-a258-2d85a5fa5bff 3ec8258f618c43aa99019a7192d1877f 023e38c5c71243839ca82745d22e5c32 - - default default] Unable to schedule network 99e60ce0-0aaa-4f9f-a414-fdfd621295ad: no agents available; will retry on subsequent port and subnet creation events.
2026-02-25 23:32:32.335 7 INFO neutron.db.ovn_revision_numbers_db [None req-764b55ec-4971-4885-a258-2d85a5fa5bff 3ec8258f618c43aa99019a7192d1877f 023e38c5c71243839ca82745d22e5c32 - - default default] Successfully bumped revision number for resource 0f04f0f9-a927-4277-b264-9afceed84e0d (type: subnets) to 0 [pid: 7|app: 0|req: 1422/2710] 10.0.0.131 () {34 vars in 669 bytes} [Wed Feb 25 23:32:32 2026] POST /v2.0/subnets => generated 730 bytes in 277 msecs (HTTP/1.1 201) 4 headers in 162 bytes (1 switches on core 0)
2026-02-25 23:32:32.761 8 WARNING neutron.scheduler.dhcp_agent_scheduler [None req-d4ec0a62-69ef-4e65-87bd-b616b2daff15 3ec8258f618c43aa99019a7192d1877f 023e38c5c71243839ca82745d22e5c32 - - default default] No more DHCP agents
2026-02-25 23:32:32.762 8 WARNING neutron.api.rpc.agentnotifiers.dhcp_rpc_agent_api [None req-d4ec0a62-69ef-4e65-87bd-b616b2daff15 3ec8258f618c43aa99019a7192d1877f 023e38c5c71243839ca82745d22e5c32 - - default default] Unable to schedule network e078981c-c14b-4235-b815-59bb39f7def1: no agents available; will retry on subsequent port and subnet creation events.
2026-02-25 23:32:32.894 8 INFO neutron.plugins.ml2.drivers.ovn.mech_driver.mech_driver [None req-e1458690-aa91-4a33-9aa9-9df89d109c86 - - - - - -] OVN reports status down for port: 0fe281c4-07e5-450d-8425-515a618bb84e
2026-02-25 23:32:32.966 8 INFO neutron.db.ovn_revision_numbers_db [None req-d4ec0a62-69ef-4e65-87bd-b616b2daff15 3ec8258f618c43aa99019a7192d1877f 023e38c5c71243839ca82745d22e5c32 - - default default] Successfully bumped revision number for resource 0fe281c4-07e5-450d-8425-515a618bb84e (type: ports) to 1
2026-02-25 23:32:33.611 8 INFO neutron.plugins.ml2.drivers.ovn.mech_driver.ovsdb.commands [-] Schedule LRP lrp-0fe281c4-07e5-450d-8425-515a618bb84e on gateway 5d60d373-35ff-49d5-95cc-86d9e93bcca9 with priority 1
2026-02-25 23:32:33.707 8 INFO neutron.plugins.ml2.drivers.ovn.mech_driver.ovsdb.ovsdb_monitor [None req-43830094-58a4-4fdc-a175-df505dfa8db7 - - - - - -] Router 502e6359-203c-4353-b2c5-555f22a8dc82 is bound to host instance
2026-02-25 23:32:33.733 8 INFO neutron.plugins.ml2.drivers.ovn.mech_driver.mech_driver [None req-e1458690-aa91-4a33-9aa9-9df89d109c86 - - - - - -] OVN reports status up for port: 0fe281c4-07e5-450d-8425-515a618bb84e
2026-02-25 23:32:33.797 8 INFO neutron.plugins.ml2.plugin [None req-e1458690-aa91-4a33-9aa9-9df89d109c86 - - - - - -] Attempt 1 to provision port 0fe281c4-07e5-450d-8425-515a618bb84e
2026-02-25 23:32:33.840 8 INFO neutron.db.ovn_revision_numbers_db [None req-d4ec0a62-69ef-4e65-87bd-b616b2daff15 3ec8258f618c43aa99019a7192d1877f 023e38c5c71243839ca82745d22e5c32 - - default default] Successfully bumped revision number for resource 0fe281c4-07e5-450d-8425-515a618bb84e (type: router_ports) to 1
2026-02-25 23:32:34.040 8 INFO neutron.db.ovn_revision_numbers_db [None req-d4ec0a62-69ef-4e65-87bd-b616b2daff15 3ec8258f618c43aa99019a7192d1877f 023e38c5c71243839ca82745d22e5c32 - - default default] Successfully bumped revision number for resource 502e6359-203c-4353-b2c5-555f22a8dc82 (type: routers) to 2 [pid: 8|app: 0|req: 1289/2711] 10.0.0.131 () {34 vars in 669 bytes} [Wed Feb 25 23:32:32 2026] POST /v2.0/routers => generated 945 bytes in 1735 msecs (HTTP/1.1 201) 4 headers in 162 bytes (1 switches on core 0)
2026-02-25 23:32:34.628 7 WARNING neutron.scheduler.dhcp_agent_scheduler [None req-a2313de1-536f-48bb-b9d4-e39be8f3e334 3ec8258f618c43aa99019a7192d1877f 023e38c5c71243839ca82745d22e5c32 - - default default] No more DHCP agents
2026-02-25 23:32:34.629 7 WARNING neutron.api.rpc.agentnotifiers.dhcp_rpc_agent_api [None req-a2313de1-536f-48bb-b9d4-e39be8f3e334 3ec8258f618c43aa99019a7192d1877f 023e38c5c71243839ca82745d22e5c32 - - default default] Unable to schedule network 658d0206-8816-4a27-a2c1-fcb1141ac751: no agents available; will retry on subsequent port and subnet creation events.
2026-02-25 23:32:34.694 8 INFO neutron.db.ovn_revision_numbers_db [None req-f22ae5f9-d4cf-46c1-8d3b-8732a43cfed5 - - - - - -] Successfully bumped revision number for resource 0fe281c4-07e5-450d-8425-515a618bb84e (type: ports) to 4
2026-02-25 23:32:34.851 7 INFO neutron.db.ovn_revision_numbers_db [None req-a2313de1-536f-48bb-b9d4-e39be8f3e334 3ec8258f618c43aa99019a7192d1877f 023e38c5c71243839ca82745d22e5c32 - - default default] Successfully bumped revision number for resource 25929ad9-0927-4846-84c6-a2641a840fc1 (type: ports) to 1
2026-02-25 23:32:35.118 8 INFO neutron.db.ovn_revision_numbers_db [None req-f22ae5f9-d4cf-46c1-8d3b-8732a43cfed5 - - - - - -] Successfully bumped revision number for resource 0fe281c4-07e5-450d-8425-515a618bb84e (type: ports) to 5 [pid: 8|app: 0|req: 1290/2712] 10.0.0.196 () {34 vars in 990 bytes} [Wed Feb 25 23:32:35 2026] GET /v2.0/ports?device_id=d4613763-f607-4f51-a1bb-8ea80feee710 => generated 1213 bytes in 64 msecs (HTTP/1.1 200) 4 headers in 158 bytes (1 switches on core 0) [pid: 8|app: 0|req: 1291/2713] 10.0.0.196 () {34 vars in 1040 bytes} [Wed Feb 25 23:32:35 2026] GET /v2.0/security-groups?id=cd97ae5d-b737-40c9-b362-079c142aa030&fields=id&fields=name => generated 114 bytes in 70 msecs (HTTP/1.1 200) 4 headers in 157 bytes (1 switches on core 0)
2026-02-25 23:32:35.666 7 WARNING neutron.scheduler.dhcp_agent_scheduler [None req-a2313de1-536f-48bb-b9d4-e39be8f3e334 3ec8258f618c43aa99019a7192d1877f 023e38c5c71243839ca82745d22e5c32 - - default default] No more DHCP agents
2026-02-25 23:32:35.668 7 WARNING neutron.api.rpc.agentnotifiers.dhcp_rpc_agent_api [None req-a2313de1-536f-48bb-b9d4-e39be8f3e334 3ec8258f618c43aa99019a7192d1877f 023e38c5c71243839ca82745d22e5c32 - - default default] Unable to schedule network 658d0206-8816-4a27-a2c1-fcb1141ac751: no agents available; will retry on subsequent port and subnet creation events.
2026-02-25 23:32:36.048 7 INFO neutron.db.ovn_revision_numbers_db [None req-a2313de1-536f-48bb-b9d4-e39be8f3e334 3ec8258f618c43aa99019a7192d1877f 023e38c5c71243839ca82745d22e5c32 - - default default] Successfully bumped revision number for resource 25929ad9-0927-4846-84c6-a2641a840fc1 (type: router_ports) to 1 [pid: 7|app: 0|req: 1423/2714] 10.0.0.131 () {34 vars in 783 bytes} [Wed Feb 25 23:32:34 2026] PUT /v2.0/routers/502e6359-203c-4353-b2c5-555f22a8dc82/add_router_interface => generated 309 bytes in 1963 msecs (HTTP/1.1 200) 4 headers in 157 bytes (1 switches on core 0)
2026-02-25 23:32:36.547 8 WARNING neutron.scheduler.dhcp_agent_scheduler [None req-0e31fc88-e495-46a4-914e-b6dc0661b1ed 3ec8258f618c43aa99019a7192d1877f 023e38c5c71243839ca82745d22e5c32 - - default default] No more DHCP agents
2026-02-25 23:32:36.548 8 WARNING neutron.api.rpc.agentnotifiers.dhcp_rpc_agent_api [None req-0e31fc88-e495-46a4-914e-b6dc0661b1ed 3ec8258f618c43aa99019a7192d1877f 023e38c5c71243839ca82745d22e5c32 - - default default] Unable to schedule network e9844664-17b1-49cd-905f-8c8d4ac08bf9: no agents available; will retry on subsequent port and subnet creation events.
2026-02-25 23:32:36.702 8 INFO neutron.db.ovn_revision_numbers_db [None req-0e31fc88-e495-46a4-914e-b6dc0661b1ed 3ec8258f618c43aa99019a7192d1877f 023e38c5c71243839ca82745d22e5c32 - - default default] Successfully bumped revision number for resource bd67012c-92d1-4ddf-8d24-50264839d141 (type: ports) to 1 [pid: 7|app: 0|req: 1424/2715] 10.0.0.243 () {34 vars in 990 bytes} [Wed Feb 25 23:32:36 2026] GET /v2.0/ports?device_id=d4613763-f607-4f51-a1bb-8ea80feee710 => generated 975 bytes in 129 msecs (HTTP/1.1 200) 4 headers in 157 bytes (1 switches on core 0) [pid: 7|app: 0|req: 1425/2716] 10.0.0.243 () {34 vars in 1040 bytes} [Wed Feb 25 23:32:36 2026] GET /v2.0/security-groups?id=cd97ae5d-b737-40c9-b362-079c142aa030&fields=id&fields=name => generated 114 bytes in 33 msecs (HTTP/1.1 200) 4 headers in 157 bytes (1 switches on core 0)
2026-02-25 23:32:36.966 8 INFO neutron.plugins.ml2.drivers.ovn.mech_driver.mech_driver [None req-e1458690-aa91-4a33-9aa9-9df89d109c86 - - - - - -] OVN reports status down for port: 25929ad9-0927-4846-84c6-a2641a840fc1
2026-02-25 23:32:37.110 8 WARNING neutron.plugins.ml2.drivers.ovn.mech_driver.ovsdb.ovn_client [None req-e1458690-aa91-4a33-9aa9-9df89d109c86 - - - - - -] Logical_Switch_Port %s host information not removed, the port state is up
2026-02-25 23:32:37.110 8 INFO neutron.plugins.ml2.drivers.ovn.mech_driver.mech_driver [None req-e1458690-aa91-4a33-9aa9-9df89d109c86 - - - - - -] OVN reports status up for port: 25929ad9-0927-4846-84c6-a2641a840fc1
2026-02-25 23:32:37.134 8 INFO neutron.plugins.ml2.plugin [None req-e1458690-aa91-4a33-9aa9-9df89d109c86 - - - - - -] Attempt 1 to provision port 25929ad9-0927-4846-84c6-a2641a840fc1 [pid: 7|app: 0|req: 1426/2717] 10.0.0.243 () {34 vars in 990 bytes} [Wed Feb 25 23:32:37 2026] GET /v2.0/ports?device_id=d4613763-f607-4f51-a1bb-8ea80feee710 => generated 975 bytes in 42 msecs (HTTP/1.1 200) 4 headers in 157 bytes (1 switches on core 0) [pid: 7|app: 0|req: 1427/2718] 10.0.0.243 () {34 vars in 1040 bytes} [Wed Feb 25 23:32:37 2026] GET /v2.0/security-groups?id=cd97ae5d-b737-40c9-b362-079c142aa030&fields=id&fields=name => generated 114 bytes in 43 msecs (HTTP/1.1 200) 4 headers in 157 bytes (1 switches on core 0)
2026-02-25 23:32:38.001 8 WARNING neutron.scheduler.dhcp_agent_scheduler [None req-0e31fc88-e495-46a4-914e-b6dc0661b1ed 3ec8258f618c43aa99019a7192d1877f 023e38c5c71243839ca82745d22e5c32 - - default default] No more DHCP agents
2026-02-25 23:32:38.004 8 WARNING neutron.api.rpc.agentnotifiers.dhcp_rpc_agent_api [None req-0e31fc88-e495-46a4-914e-b6dc0661b1ed 3ec8258f618c43aa99019a7192d1877f 023e38c5c71243839ca82745d22e5c32 - - default default] Unable to schedule network e9844664-17b1-49cd-905f-8c8d4ac08bf9: no agents available; will retry on subsequent port and subnet creation events.
2026-02-25 23:32:38.028 8 INFO neutron.db.ovn_revision_numbers_db [None req-e1458690-aa91-4a33-9aa9-9df89d109c86 - - - - - -] Successfully bumped revision number for resource 25929ad9-0927-4846-84c6-a2641a840fc1 (type: ports) to 2
2026-02-25 23:32:38.575 8 INFO neutron.db.ovn_revision_numbers_db [None req-0e31fc88-e495-46a4-914e-b6dc0661b1ed 3ec8258f618c43aa99019a7192d1877f 023e38c5c71243839ca82745d22e5c32 - - default default] Successfully bumped revision number for resource bd67012c-92d1-4ddf-8d24-50264839d141 (type: router_ports) to 1 [pid: 8|app: 0|req: 1292/2721] 10.0.0.131 () {34 vars in 783 bytes} [Wed Feb 25 23:32:36 2026] PUT /v2.0/routers/502e6359-203c-4353-b2c5-555f22a8dc82/add_router_interface => generated 309 bytes in 2520 msecs (HTTP/1.1 200) 4 headers in 157 bytes (1 switches on core 0) [pid: 8|app: 0|req: 1293/2722] 199.204.45.23 () {34 vars in 993 bytes} [Wed Feb 25 23:32:38 2026] GET /v2.0/ports?device_id=d4613763-f607-4f51-a1bb-8ea80feee710 => generated 975 bytes in 76 msecs (HTTP/1.1 200) 4 headers in 157 bytes (1 switches on core 0)
2026-02-25 23:32:39.034 8 INFO neutron_taas.services.taas.taas_plugin [req-416f51e0-6bc4-49e9-a9dd-1146cd79bb6d req-3a5ec41d-1545-45cf-b2e8-b4be7565195d 1fb876badcf343b78538fe201f1c9293 923fd8f6224142e9b9a91c1a7e0c5b7c - - default default] TaaS: Handle Delete Port: 3c2d0328-0407-4182-9f65-ded5722cecd8
2026-02-25 23:32:39.037 8 INFO neutron_taas.services.taas.tap_mirror_plugin [req-416f51e0-6bc4-49e9-a9dd-1146cd79bb6d req-3a5ec41d-1545-45cf-b2e8-b4be7565195d 1fb876badcf343b78538fe201f1c9293 923fd8f6224142e9b9a91c1a7e0c5b7c - - default default] Tap Mirror: Handle Delete Port: 3c2d0328-0407-4182-9f65-ded5722cecd8
2026-02-25 23:32:39.107 7 WARNING neutron.scheduler.dhcp_agent_scheduler [None req-2e12575c-339d-480b-bfee-c6b2aa7760a8 3ec8258f618c43aa99019a7192d1877f 023e38c5c71243839ca82745d22e5c32 - - default default] No more DHCP agents
2026-02-25 23:32:39.109 7 WARNING neutron.api.rpc.agentnotifiers.dhcp_rpc_agent_api [None req-2e12575c-339d-480b-bfee-c6b2aa7760a8 3ec8258f618c43aa99019a7192d1877f 023e38c5c71243839ca82745d22e5c32 - - default default] Unable to schedule network 99e60ce0-0aaa-4f9f-a414-fdfd621295ad: no agents available; will retry on subsequent port and subnet creation events.
2026-02-25 23:32:39.287 8 INFO neutron.db.l3_db [req-416f51e0-6bc4-49e9-a9dd-1146cd79bb6d req-3a5ec41d-1545-45cf-b2e8-b4be7565195d 1fb876badcf343b78538fe201f1c9293 923fd8f6224142e9b9a91c1a7e0c5b7c - - default default] Floating IP b8b1d624-0b47-4223-9346-248cd032086e disassociated. External IP: 10.96.250.203, port: 3c2d0328-0407-4182-9f65-ded5722cecd8.
2026-02-25 23:32:39.313 7 INFO neutron.db.ovn_revision_numbers_db [None req-2e12575c-339d-480b-bfee-c6b2aa7760a8 3ec8258f618c43aa99019a7192d1877f 023e38c5c71243839ca82745d22e5c32 - - default default] Successfully bumped revision number for resource bad15d4a-a297-41b7-8f03-e9a517e053b1 (type: ports) to 1 [pid: 8|app: 0|req: 1294/2723] 199.204.45.23 () {36 vars in 996 bytes} [Wed Feb 25 23:32:38 2026] DELETE /v2.0/ports/3c2d0328-0407-4182-9f65-ded5722cecd8 => generated 0 bytes in 539 msecs (HTTP/1.1 204) 3 headers in 131 bytes (1 switches on core 0) [pid: 8|app: 0|req: 1295/2724] 10.0.0.243 () {34 vars in 990 bytes} [Wed Feb 25 23:32:39 2026] GET /v2.0/ports?device_id=d4613763-f607-4f51-a1bb-8ea80feee710 => generated 12 bytes in 22 msecs (HTTP/1.1 200) 4 headers in 156 bytes (1 switches on core 0)
2026-02-25 23:32:39.491 8 INFO neutron.notifiers.nova [-] Nova event matching ['req-2b0970d2-8fe6-4df3-88bc-eb0c4421e2c8'] response: {'server_uuid': 'd4613763-f607-4f51-a1bb-8ea80feee710', 'name': 'network-vif-deleted', 'tag': '3c2d0328-0407-4182-9f65-ded5722cecd8', 'status': 'completed', 'code': 200}
2026-02-25 23:32:40.212 7 WARNING neutron.scheduler.dhcp_agent_scheduler [None req-2e12575c-339d-480b-bfee-c6b2aa7760a8 3ec8258f618c43aa99019a7192d1877f 023e38c5c71243839ca82745d22e5c32 - - default default] No more DHCP agents
2026-02-25 23:32:40.213 7 WARNING neutron.api.rpc.agentnotifiers.dhcp_rpc_agent_api [None req-2e12575c-339d-480b-bfee-c6b2aa7760a8 3ec8258f618c43aa99019a7192d1877f 023e38c5c71243839ca82745d22e5c32 - - default default] Unable to schedule network 99e60ce0-0aaa-4f9f-a414-fdfd621295ad: no agents available; will retry on subsequent port and subnet creation events.
2026-02-25 23:32:40.597 7 INFO neutron.db.ovn_revision_numbers_db [None req-2e12575c-339d-480b-bfee-c6b2aa7760a8 3ec8258f618c43aa99019a7192d1877f 023e38c5c71243839ca82745d22e5c32 - - default default] Successfully bumped revision number for resource bad15d4a-a297-41b7-8f03-e9a517e053b1 (type: router_ports) to 1 [pid: 7|app: 0|req: 1430/2725] 10.0.0.131 () {34 vars in 783 bytes} [Wed Feb 25 23:32:38 2026] PUT /v2.0/routers/502e6359-203c-4353-b2c5-555f22a8dc82/add_router_interface => generated 309 bytes in 2017 msecs (HTTP/1.1 200) 4 headers in 157 bytes (1 switches on core 0) [pid: 8|app: 0|req: 1296/2726] 10.0.0.243 () {34 vars in 990 bytes} [Wed Feb 25 23:32:40 2026] GET /v2.0/ports?device_id=d4613763-f607-4f51-a1bb-8ea80feee710 => generated 12 bytes in 60 msecs (HTTP/1.1 200) 4 headers in 156 bytes (1 switches on core 0)
2026-02-25 23:32:40.836 7 INFO neutron.db.ovn_revision_numbers_db [None req-9f3e1907-b4ba-47b8-b0c2-5d5e6bd0b3e6 3ec8258f618c43aa99019a7192d1877f 023e38c5c71243839ca82745d22e5c32 - - default default] Successfully bumped revision number for resource 56bfd4ba-5018-4533-a3a3-2c7b2ee7f7ac (type: security_groups) to 1
2026-02-25 23:32:40.844 7 INFO neutron.db.ovn_revision_numbers_db [None req-9f3e1907-b4ba-47b8-b0c2-5d5e6bd0b3e6 3ec8258f618c43aa99019a7192d1877f 023e38c5c71243839ca82745d22e5c32 - - default default] Successfully bumped revision number for resource de920d4d-c4b0-4e8f-a2ac-46d06b9e7102 (type: security_group_rules) to 0
2026-02-25 23:32:40.855 7 INFO neutron.db.ovn_revision_numbers_db [None req-9f3e1907-b4ba-47b8-b0c2-5d5e6bd0b3e6 3ec8258f618c43aa99019a7192d1877f 023e38c5c71243839ca82745d22e5c32 - - default default] Successfully bumped revision number for resource e38bf6d3-7ea8-4622-a8d3-a29b202aff3d (type: security_group_rules) to 0 [pid: 7|app: 0|req: 1431/2727] 10.0.0.131 () {34 vars in 684 bytes} [Wed Feb 25 23:32:40 2026] POST /v2.0/security-groups => generated 1628 bytes in 226 msecs (HTTP/1.1 201) 4 headers in 163 bytes (1 switches on core 0)
2026-02-25 23:32:41.055 8 INFO neutron.db.ovn_revision_numbers_db [None req-0a8a204d-2de5-4c4a-b496-9b18811874eb 3ec8258f618c43aa99019a7192d1877f 023e38c5c71243839ca82745d22e5c32 - - default default] Successfully bumped revision number for resource cef805fe-3663-490b-b0e7-9225e43dd9b1 (type: security_group_rules) to 0 [pid: 8|app: 0|req: 1297/2728] 10.0.0.131 () {34 vars in 695 bytes} [Wed Feb 25 23:32:40 2026] POST /v2.0/security-group-rules => generated 597 bytes in 187 msecs (HTTP/1.1 201) 4 headers in 162 bytes (1 switches on core 0)
2026-02-25 23:32:41.259 7 INFO neutron.db.ovn_revision_numbers_db [None req-06c0b76b-a3bc-44d1-a82b-9f8e7722fb02 3ec8258f618c43aa99019a7192d1877f 023e38c5c71243839ca82745d22e5c32 - - default default] Successfully bumped revision number for resource c0e31602-8f3e-43b5-a5a6-2e7eb1affe1e (type: security_group_rules) to 0 [pid: 7|app: 0|req: 1432/2729] 10.0.0.131 () {34 vars in 695 bytes} [Wed Feb 25 23:32:41 2026] POST /v2.0/security-group-rules => generated 597 bytes in 199 msecs (HTTP/1.1 201) 4 headers in 162 bytes (1 switches on core 0)
2026-02-25 23:32:41.451 8 INFO neutron.db.ovn_revision_numbers_db [None req-04edfcf0-14b1-4db4-9efa-ca2be6eea000 3ec8258f618c43aa99019a7192d1877f 023e38c5c71243839ca82745d22e5c32 - - default default] Successfully bumped revision number for resource 21bb3a75-f650-45fb-8b52-89cabe3dfec4 (type: security_group_rules) to 0 [pid: 8|app: 0|req: 1298/2730] 10.0.0.131 () {34 vars in 695 bytes} [Wed Feb 25 23:32:41 2026] POST /v2.0/security-group-rules => generated 599 bytes in 184 msecs (HTTP/1.1 201) 4 headers in 162 bytes (1 switches on core 0)
2026-02-25 23:32:41.666 7 INFO neutron.db.ovn_revision_numbers_db [None req-c2bc8364-d051-4114-a99e-f08a67586f25 3ec8258f618c43aa99019a7192d1877f 023e38c5c71243839ca82745d22e5c32 - - default default] Successfully bumped revision number for resource 3c7ed6ea-e0d6-45e0-812e-808eb7935cd4 (type: security_group_rules) to 0 [pid: 7|app: 0|req: 1433/2731] 10.0.0.131 () {34 vars in 695 bytes} [Wed Feb 25 23:32:41 2026] POST /v2.0/security-group-rules => generated 601 bytes in 213 msecs (HTTP/1.1 201) 4 headers in 162 bytes (1 switches on core 0) [pid: 8|app: 0|req: 1299/2732] 10.0.0.243 () {34 vars in 990 bytes} [Wed Feb 25 23:32:41 2026] GET /v2.0/ports?device_id=d4613763-f607-4f51-a1bb-8ea80feee710 => generated 12 bytes in 30 msecs (HTTP/1.1 200) 4 headers in 156 bytes (1 switches on core 0)
2026-02-25 23:32:41.881 7 INFO neutron.db.ovn_revision_numbers_db [None req-4b75ccba-d357-4af0-8d06-99a1cb11117e 3ec8258f618c43aa99019a7192d1877f 023e38c5c71243839ca82745d22e5c32 - - default default] Successfully bumped revision number for resource 2ad883e6-adbb-433b-8b2a-c385472e53bb (type: security_group_rules) to 0 [pid: 7|app: 0|req: 1434/2733] 10.0.0.131 () {34 vars in 695 bytes} [Wed Feb 25 23:32:41 2026] POST /v2.0/security-group-rules => generated 601 bytes in 210 msecs (HTTP/1.1 201) 4 headers in 162 bytes (1 switches on core 0)
2026-02-25 23:32:42.220 8 INFO neutron.db.ovn_revision_numbers_db [None req-ed340242-47f3-4b8f-a18b-410890a2eef8 3ec8258f618c43aa99019a7192d1877f 023e38c5c71243839ca82745d22e5c32 - - default default] Successfully bumped revision number for resource 836b35d9-0842-4539-80c0-f9f22321adab (type: security_group_rules) to 0 [pid: 8|app: 0|req: 1300/2734] 10.0.0.131 () {34 vars in 695 bytes} [Wed Feb 25 23:32:41 2026] POST /v2.0/security-group-rules => generated 597 bytes in 329 msecs (HTTP/1.1 201) 4 headers in 162 bytes (1 switches on core 0)
2026-02-25 23:32:42.454 7 INFO neutron.db.ovn_revision_numbers_db [None req-d492a673-f2cf-4c35-8ec5-8142fb49edd6 3ec8258f618c43aa99019a7192d1877f 023e38c5c71243839ca82745d22e5c32 - - default default] Successfully bumped revision number for resource 8a8df01c-207b-47e8-afd8-322a6fe4bc15 (type: security_group_rules) to 0 [pid: 7|app: 0|req: 1435/2735] 10.0.0.131 () {34 vars in 695 bytes} [Wed Feb 25 23:32:42 2026] POST /v2.0/security-group-rules => generated 597 bytes in 231 msecs (HTTP/1.1 201) 4 headers in 162 bytes (1 switches on core 0)
2026-02-25 23:32:42.690 8 INFO neutron.db.ovn_revision_numbers_db [None req-87c72076-c2b7-4afa-b008-e039c2cb7909 3ec8258f618c43aa99019a7192d1877f 023e38c5c71243839ca82745d22e5c32 - - default default] Successfully bumped revision number for resource faa6e9f1-014e-4bfd-9daf-b973926b75cc (type: security_group_rules) to 0 [pid: 8|app: 0|req: 1301/2736] 10.0.0.131 () {34 vars in 695 bytes} [Wed Feb 25 23:32:42 2026] POST /v2.0/security-group-rules => generated 597 bytes in 235 msecs (HTTP/1.1 201) 4 headers in 162 bytes (1 switches on core 0)
2026-02-25 23:32:42.936 7 INFO neutron.db.ovn_revision_numbers_db [None req-0c84b209-65f2-44b2-a93d-6cdba6faed65 3ec8258f618c43aa99019a7192d1877f 023e38c5c71243839ca82745d22e5c32 - - default default] Successfully bumped revision number for resource b1f64283-41cf-4fc1-a877-a8da764de1c9 (type: security_group_rules) to 0 [pid: 7|app: 0|req: 1436/2737] 10.0.0.131 () {34 vars in 695 bytes} [Wed Feb 25 23:32:42 2026] POST /v2.0/security-group-rules => generated 599 bytes in 247 msecs (HTTP/1.1 201) 4 headers in 162 bytes (1 switches on core 0) [pid: 8|app: 0|req: 1302/2738] 10.0.0.131 () {32 vars in 740 bytes} [Wed Feb 25 23:32:42 2026] DELETE /v2.0/security-groups/cd97ae5d-b737-40c9-b362-079c142aa030 => generated 0 bytes in 262 msecs (HTTP/1.1 204) 2 headers in 112 bytes (1 switches on core 0)
2026-02-25 23:32:43.215 7 INFO neutron.db.ovn_revision_numbers_db [None req-842a67ec-bbac-411b-85b9-ce568ebcb4b3 3ec8258f618c43aa99019a7192d1877f 023e38c5c71243839ca82745d22e5c32 - - default default] Successfully bumped revision number for resource a5721ac4-56f4-4aee-aa63-0cddd1e3851e (type: security_group_rules) to 0
2026-02-25 23:32:43.228 8 INFO neutron_taas.services.taas.taas_plugin [None req-a40d3104-c6d7-4e8d-b5e7-ca24336410c9 1fb876badcf343b78538fe201f1c9293 923fd8f6224142e9b9a91c1a7e0c5b7c - - default default] TaaS: Handle Delete Port: 1995c6e1-501f-4af2-9aac-bd92ff2cbc81
2026-02-25 23:32:43.232 8 INFO neutron_taas.services.taas.tap_mirror_plugin [None req-a40d3104-c6d7-4e8d-b5e7-ca24336410c9 1fb876badcf343b78538fe201f1c9293 923fd8f6224142e9b9a91c1a7e0c5b7c - - default default] Tap Mirror: Handle Delete Port: 1995c6e1-501f-4af2-9aac-bd92ff2cbc81 [pid: 7|app: 0|req: 1437/2739] 10.0.0.131 () {34 vars in 695 bytes} [Wed Feb 25 23:32:42 2026] POST /v2.0/security-group-rules => generated 601 bytes in 268 msecs (HTTP/1.1 201) 4 headers in 162 bytes (1 switches on core 0) [pid: 8|app: 0|req: 1303/2740] 10.0.0.131 () {32 vars in 732 bytes} [Wed Feb 25 23:32:43 2026] DELETE /v2.0/floatingips/b8b1d624-0b47-4223-9346-248cd032086e => generated 0 bytes in 328 msecs (HTTP/1.1 204) 2 headers in 112 bytes (1 switches on core 0)
2026-02-25 23:32:43.470 7 INFO neutron.db.ovn_revision_numbers_db [None req-16ed00d6-5e2a-4491-8270-a07addccca0f 3ec8258f618c43aa99019a7192d1877f 023e38c5c71243839ca82745d22e5c32 - - default default] Successfully bumped revision number for resource b7b43963-1574-4217-abe6-14fed0772d55 (type: security_group_rules) to 0 [pid: 7|app: 0|req: 1438/2741] 10.0.0.131 () {34 vars in 695 bytes} [Wed Feb 25 23:32:43 2026] POST /v2.0/security-group-rules => generated 597 bytes in 247 msecs (HTTP/1.1 201) 4 headers in 162 bytes (1 switches on core 0) [pid: 8|app: 0|req: 1304/2742] 10.0.0.243 () {34 vars in 990 bytes} [Wed Feb 25 23:32:43 2026] GET /v2.0/ports?device_id=3f00d688-6e05-45af-b6ad-289a464b66f8 => generated 971 bytes in 37 msecs (HTTP/1.1 200) 4 headers in 157 bytes (1 switches on core 0)
2026-02-25 23:32:43.667 8 WARNING neutron.plugins.ml2.drivers.ovn.mech_driver.ovsdb.ovn_client [None req-e83efe0b-a65c-4825-9aaf-ee561361a4bf - - - - - -] No hosting information found for port 25929ad9-0927-4846-84c6-a2641a840fc1: RuntimeError: No hosting information found for port 25929ad9-0927-4846-84c6-a2641a840fc1 [pid: 7|app: 0|req: 1439/2743] 10.0.0.243 () {34 vars in 1040 bytes} [Wed Feb 25 23:32:43 2026] GET /v2.0/security-groups?id=9f131457-466b-491a-87b9-60331b1d71de&fields=id&fields=name => generated 114 bytes in 54 msecs (HTTP/1.1 200) 4 headers in 157 bytes (1 switches on core 0)
2026-02-25 23:32:43.785 8 INFO neutron.db.ovn_revision_numbers_db [None req-e83efe0b-a65c-4825-9aaf-ee561361a4bf - - - - - -] Successfully bumped revision number for resource 25929ad9-0927-4846-84c6-a2641a840fc1 (type: router_ports) to 2
2026-02-25 23:32:43.786 8 INFO neutron.plugins.ml2.drivers.ovn.mech_driver.mech_driver [None req-e83efe0b-a65c-4825-9aaf-ee561361a4bf - - - - - -] OVN reports status down for port: bd67012c-92d1-4ddf-8d24-50264839d141 [pid: 8|app: 0|req: 1305/2744] 10.0.0.243 () {34 vars in 1096 bytes} [Wed Feb 25 23:32:43 2026] GET /v2.0/security-groups?name=tempest-lb_member_SG-1716136694&fields=id&tenant_id=023e38c5c71243839ca82745d22e5c32 => generated 69 bytes in 60 msecs (HTTP/1.1 200) 4 headers in 156 bytes (1 switches on core 0)
2026-02-25 23:32:43.845 8 WARNING neutron.plugins.ml2.drivers.ovn.mech_driver.ovsdb.ovn_client [None req-e83efe0b-a65c-4825-9aaf-ee561361a4bf - - - - - -] Logical_Switch_Port %s host information not removed, the port state is up
2026-02-25 23:32:43.846 8 INFO neutron.plugins.ml2.drivers.ovn.mech_driver.mech_driver [None req-e83efe0b-a65c-4825-9aaf-ee561361a4bf - - - - - -] OVN reports status down for port: 3c2d0328-0407-4182-9f65-ded5722cecd8 [pid: 7|app: 0|req: 1440/2745] 10.0.0.243 () {34 vars in 982 bytes} [Wed Feb 25 23:32:43 2026] GET /v2.0/networks?id=e9844664-17b1-49cd-905f-8c8d4ac08bf9 => generated 742 bytes in 42 msecs (HTTP/1.1 200) 4 headers in 157 bytes (1 switches on core 0)
2026-02-25 23:32:43.855 8 INFO neutron.plugins.ml2.drivers.ovn.mech_driver.mech_driver [None req-e83efe0b-a65c-4825-9aaf-ee561361a4bf - - - - - -] OVN reports status up for port: bd67012c-92d1-4ddf-8d24-50264839d141 [pid: 8|app: 0|req: 1306/2746] 10.0.0.243 () {34 vars in 965 bytes} [Wed Feb 25 23:32:43 2026] GET /v2.0/quotas/023e38c5c71243839ca82745d22e5c32 => generated 292 bytes in 23 msecs (HTTP/1.1 200) 4 headers in 157 bytes (1 switches on core 0)
2026-02-25 23:32:43.879 8 INFO neutron.plugins.ml2.plugin [None req-e83efe0b-a65c-4825-9aaf-ee561361a4bf - - - - - -] Attempt 1 to provision port bd67012c-92d1-4ddf-8d24-50264839d141 [pid: 7|app: 0|req: 1441/2747] 10.0.0.243 () {34 vars in 1002 bytes} [Wed Feb 25 23:32:43 2026] GET /v2.0/ports?tenant_id=023e38c5c71243839ca82745d22e5c32&fields=id => generated 287 bytes in 143 msecs (HTTP/1.1 200) 4 headers in 157 bytes (1 switches on core 0) [pid: 8|app: 0|req: 1307/2748] 10.0.0.243 () {34 vars in 1008 bytes} [Wed Feb 25 23:32:44 2026] GET /v2.0/networks/e9844664-17b1-49cd-905f-8c8d4ac08bf9?fields=segments => generated 14 bytes in 143 msecs (HTTP/1.1 200) 4 headers in 156 bytes (1 switches on core 0) [pid: 7|app: 0|req: 1442/2749] 10.0.0.243 () {34 vars in 1108 bytes} [Wed Feb 25 23:32:44 2026] GET /v2.0/networks/e9844664-17b1-49cd-905f-8c8d4ac08bf9?fields=provider%3Aphysical_network&fields=provider%3Anetwork_type => generated 79 bytes in 51 msecs (HTTP/1.1 200) 4 headers in 156 bytes (1 switches on core 0)
2026-02-25 23:32:44.339 8 INFO neutron.db.ovn_revision_numbers_db [None req-e83efe0b-a65c-4825-9aaf-ee561361a4bf - - - - - -] Successfully bumped revision number for resource bd67012c-92d1-4ddf-8d24-50264839d141 (type: ports) to 2 [pid: 8|app: 0|req: 1308/2750] 10.0.0.243 () {34 vars in 990 bytes} [Wed Feb 25 23:32:44 2026] GET /v2.0/ports?device_id=6547fcd1-c37e-4d12-8cd7-15f488199055 => generated 12 bytes in 37 msecs (HTTP/1.1 200) 4 headers in 156 bytes (1 switches on core 0) [pid: 7|app: 0|req: 1443/2751] 10.0.0.243 () {34 vars in 990 bytes} [Wed Feb 25 23:32:44 2026] GET /v2.0/ports?device_id=3f00d688-6e05-45af-b6ad-289a464b66f8 => generated 971 bytes in 84 msecs (HTTP/1.1 200) 4 headers in 157 bytes (1 switches on core 0) [pid: 8|app: 0|req: 1309/2752] 10.0.0.243 () {34 vars in 1040 bytes} [Wed Feb 25 23:32:44 2026] GET /v2.0/security-groups?id=9f131457-466b-491a-87b9-60331b1d71de&fields=id&fields=name => generated 114 bytes in 36 msecs (HTTP/1.1 200) 4 headers in 157 bytes (1 switches on core 0) [pid: 7|app: 0|req: 1444/2753] 199.204.45.23 () {34 vars in 993 bytes} [Wed Feb 25 23:32:45 2026] GET /v2.0/ports?device_id=3f00d688-6e05-45af-b6ad-289a464b66f8 => generated 971 bytes in 42 msecs (HTTP/1.1 200) 4 headers in 157 bytes (1 switches on core 0) [pid: 7|app: 0|req: 1445/2754] 10.0.0.243 () {34 vars in 990 bytes} [Wed Feb 25 23:32:45 2026] GET /v2.0/ports?device_id=3f00d688-6e05-45af-b6ad-289a464b66f8 => generated 971 bytes in 37 msecs (HTTP/1.1 200) 4 headers in 157 bytes (1 switches on core 0) [pid: 7|app: 0|req: 1446/2755] 10.0.0.243 () {34 vars in 1040 bytes} [Wed Feb 25 23:32:45 2026] GET /v2.0/security-groups?id=9f131457-466b-491a-87b9-60331b1d71de&fields=id&fields=name => generated 114 bytes in 28 msecs (HTTP/1.1 200) 4 headers in 157 bytes (1 switches on core 0)
2026-02-25 23:32:46.016 8 INFO neutron_taas.services.taas.taas_plugin [req-a6921fe5-ce71-4f4a-8007-fe839a0af5bd req-df66c79d-f41b-4018-bff1-61837acceb60 1fb876badcf343b78538fe201f1c9293 923fd8f6224142e9b9a91c1a7e0c5b7c - - default default] TaaS: Handle Delete Port: a975720c-2aa5-46cb-981e-438d5e620c1c
2026-02-25 23:32:46.019 8 INFO neutron_taas.services.taas.tap_mirror_plugin [req-a6921fe5-ce71-4f4a-8007-fe839a0af5bd req-df66c79d-f41b-4018-bff1-61837acceb60 1fb876badcf343b78538fe201f1c9293 923fd8f6224142e9b9a91c1a7e0c5b7c - - default default] Tap Mirror: Handle Delete Port: a975720c-2aa5-46cb-981e-438d5e620c1c [pid: 8|app: 0|req: 1310/2756] 199.204.45.23 () {36 vars in 996 bytes} [Wed Feb 25 23:32:45 2026] DELETE /v2.0/ports/a975720c-2aa5-46cb-981e-438d5e620c1c => generated 0 bytes in 350 msecs (HTTP/1.1 204) 3 headers in 131 bytes (1 switches on core 0)
2026-02-25 23:32:46.244 8 INFO neutron.notifiers.nova [-] Nova event matching ['req-31553edd-6a69-44e2-a600-ba68343826e4'] response: {'server_uuid': '3f00d688-6e05-45af-b6ad-289a464b66f8', 'name': 'network-vif-deleted', 'tag': 'a975720c-2aa5-46cb-981e-438d5e620c1c', 'status': 'completed', 'code': 200} [pid: 7|app: 0|req: 1447/2757] 10.0.0.243 () {34 vars in 990 bytes} [Wed Feb 25 23:32:47 2026] GET /v2.0/ports?device_id=3f00d688-6e05-45af-b6ad-289a464b66f8 => generated 12 bytes in 21 msecs (HTTP/1.1 200) 4 headers in 156 bytes (1 switches on core 0) [pid: 8|app: 0|req: 1311/2758] 10.0.0.243 () {34 vars in 990 bytes} [Wed Feb 25 23:32:48 2026] GET /v2.0/ports?device_id=3f00d688-6e05-45af-b6ad-289a464b66f8 => generated 12 bytes in 23 msecs (HTTP/1.1 200) 4 headers in 156 bytes (1 switches on core 0) [pid: 7|app: 0|req: 1448/2759] 199.204.45.23 () {34 vars in 985 bytes} [Wed Feb 25 23:32:48 2026] GET /v2.0/networks?id=e9844664-17b1-49cd-905f-8c8d4ac08bf9 => generated 742 bytes in 50 msecs (HTTP/1.1 200) 4 headers in 157 bytes (1 switches on core 0) [pid: 8|app: 0|req: 1312/2760] 199.204.45.23 () {34 vars in 1049 bytes} [Wed Feb 25 23:32:48 2026] GET /v2.0/security-groups?fields=id&fields=name&tenant_id=023e38c5c71243839ca82745d22e5c32 => generated 179 bytes in 39 msecs (HTTP/1.1 200) 4 headers in 157 bytes (1 switches on core 0)
2026-02-25 23:32:49.096 7 WARNING neutron.scheduler.dhcp_agent_scheduler [req-beb95a37-ee68-489e-b851-5a511f1f83ee req-c2472c59-e4d7-44b7-9706-ddc64e686b1f 3ec8258f618c43aa99019a7192d1877f 023e38c5c71243839ca82745d22e5c32 - - default default] No more DHCP agents
2026-02-25 23:32:49.099 7 WARNING neutron.api.rpc.agentnotifiers.dhcp_rpc_agent_api [req-beb95a37-ee68-489e-b851-5a511f1f83ee req-c2472c59-e4d7-44b7-9706-ddc64e686b1f 3ec8258f618c43aa99019a7192d1877f 023e38c5c71243839ca82745d22e5c32 - - default default] Unable to schedule network e9844664-17b1-49cd-905f-8c8d4ac08bf9: no agents available; will retry on subsequent port and subnet creation events.
