2026-02-25 23:28:13.835 8 INFO neutron.db.ovn_revision_numbers_db [None req-c5b346c3-0c81-412f-8092-63ce31f1b066 b67da7dda8114a148d141db8b2971105 f2c0878b6c6d4b12932b7f2527a1a126 - - default default] Successfully bumped revision number for resource ff5ca5cb-1379-4379-a1df-d3f5f081f06f (type: security_group_rules) to 0 [pid: 8|app: 0|req: 580/1237] 10.0.0.131 () {32 vars in 774 bytes} [Wed Feb 25 23:28:13 2026] GET /v2.0/security-groups?tenant_id=77c0a1ee68bc4dba9c1caa05f15a086a&name=default => generated 2925 bytes in 349 msecs (HTTP/1.1 200) 4 headers in 158 bytes (1 switches on core 0) [pid: 7|app: 0|req: 658/1238] 10.0.0.131 () {32 vars in 740 bytes} [Wed Feb 25 23:28:13 2026] DELETE /v2.0/security-groups/f3c2e37a-8164-474c-b628-47966ad7020f => generated 0 bytes in 372 msecs (HTTP/1.1 204) 2 headers in 112 bytes (1 switches on core 0) [pid: 8|app: 0|req: 581/1239] 10.0.0.243 () {34 vars in 990 bytes} [Wed Feb 25 23:28:14 2026] GET /v2.0/ports?device_id=346b0ecb-146a-4862-b1c3-057fccb58096 => generated 971 bytes in 94 msecs (HTTP/1.1 200) 4 headers in 157 bytes (1 switches on core 0) [pid: 7|app: 0|req: 659/1240] 10.0.0.243 () {34 vars in 1040 bytes} [Wed Feb 25 23:28:14 2026] GET /v2.0/security-groups?id=68ad18eb-6e3c-4547-9f83-983b4dc09693&fields=id&fields=name => generated 113 bytes in 31 msecs (HTTP/1.1 200) 4 headers in 157 bytes (1 switches on core 0) [pid: 8|app: 0|req: 582/1241] 10.0.0.243 () {34 vars in 990 bytes} [Wed Feb 25 23:28:14 2026] GET /v2.0/ports?device_id=346b0ecb-146a-4862-b1c3-057fccb58096 => generated 971 bytes in 38 msecs (HTTP/1.1 200) 4 headers in 157 bytes (1 switches on core 0)
2026-02-25 23:28:14.780 8 INFO neutron.notifiers.nova [-] Nova event matching ['req-2889072f-4062-41c5-9d11-8f6325de5671'] response: {'server_uuid': '346b0ecb-146a-4862-b1c3-057fccb58096', 'name': 'network-vif-plugged', 'status': 'completed', 'tag': '50437034-85d7-4b48-b7f2-9ca5de5f3070', 'code': 200}
2026-02-25 23:28:14.970 7 INFO neutron.db.ovn_revision_numbers_db [None req-2b514140-01ac-47aa-9e2c-ee2773c87dd2 b67da7dda8114a148d141db8b2971105 f2c0878b6c6d4b12932b7f2527a1a126 - - default default] Successfully bumped revision number for resource bdcdcbd0-464f-4c8a-b6d8-7450f5b9d4b1 (type: security_groups) to 1
2026-02-25 23:28:14.984 7 INFO neutron.db.ovn_revision_numbers_db [None req-2b514140-01ac-47aa-9e2c-ee2773c87dd2 b67da7dda8114a148d141db8b2971105 f2c0878b6c6d4b12932b7f2527a1a126 - - default default] Successfully bumped revision number for resource 06de957e-f4ef-490c-add3-1152b4163b24 (type: security_group_rules) to 0
2026-02-25 23:28:15.004 7 INFO neutron.db.ovn_revision_numbers_db [None req-2b514140-01ac-47aa-9e2c-ee2773c87dd2 b67da7dda8114a148d141db8b2971105 f2c0878b6c6d4b12932b7f2527a1a126 - - default default] Successfully bumped revision number for resource 62cf8003-8960-4da6-b811-b6a2bae9989f (type: security_group_rules) to 0
2026-02-25 23:28:15.018 7 INFO neutron.db.ovn_revision_numbers_db [None req-2b514140-01ac-47aa-9e2c-ee2773c87dd2 b67da7dda8114a148d141db8b2971105 f2c0878b6c6d4b12932b7f2527a1a126 - - default default] Successfully bumped revision number for resource 73bad07d-d81f-4bd6-b549-eb260f9b4d30 (type: security_group_rules) to 0
2026-02-25 23:28:15.032 7 INFO neutron.db.ovn_revision_numbers_db [None req-2b514140-01ac-47aa-9e2c-ee2773c87dd2 b67da7dda8114a148d141db8b2971105 f2c0878b6c6d4b12932b7f2527a1a126 - - default default] Successfully bumped revision number for resource 7504e651-b077-4f3e-bc7a-4d4505dde535 (type: security_group_rules) to 0
2026-02-25 23:28:15.106 7 INFO neutron.db.segments_db [None req-2b514140-01ac-47aa-9e2c-ee2773c87dd2 b67da7dda8114a148d141db8b2971105 f2c0878b6c6d4b12932b7f2527a1a126 - - default default] Added segment cec0e88b-fb35-442f-9b37-f799a0b899d3 of type geneve for network 49c3c5cf-0082-40d3-9f93-caf82c3a428e
2026-02-25 23:28:15.229 7 INFO neutron.db.ovn_revision_numbers_db [None req-2b514140-01ac-47aa-9e2c-ee2773c87dd2 b67da7dda8114a148d141db8b2971105 f2c0878b6c6d4b12932b7f2527a1a126 - - default default] Successfully bumped revision number for resource 49c3c5cf-0082-40d3-9f93-caf82c3a428e (type: networks) to 1
2026-02-25 23:28:15.412 8 INFO neutron.db.ovn_revision_numbers_db [None req-6a6c4751-31ca-4eba-8200-944c53899814 83c478e8462546a58db7c72b754ed64f 0ef2a804949b425998baf201e6b95ee1 - - default default] Successfully bumped revision number for resource 9802eb92-76aa-41f2-aaa4-d4e72dc21d6e (type: floatingips) to 1
2026-02-25 23:28:15.490 7 WARNING neutron.scheduler.dhcp_agent_scheduler [None req-2b514140-01ac-47aa-9e2c-ee2773c87dd2 b67da7dda8114a148d141db8b2971105 f2c0878b6c6d4b12932b7f2527a1a126 - - default default] No more DHCP agents
2026-02-25 23:28:15.494 7 WARNING neutron.api.rpc.agentnotifiers.dhcp_rpc_agent_api [None req-2b514140-01ac-47aa-9e2c-ee2773c87dd2 b67da7dda8114a148d141db8b2971105 f2c0878b6c6d4b12932b7f2527a1a126 - - default default] Unable to schedule network 49c3c5cf-0082-40d3-9f93-caf82c3a428e: no agents available; will retry on subsequent port and subnet creation events.
2026-02-25 23:28:15.571 8 INFO neutron.db.ovn_revision_numbers_db [None req-6a6c4751-31ca-4eba-8200-944c53899814 83c478e8462546a58db7c72b754ed64f 0ef2a804949b425998baf201e6b95ee1 - - default default] Successfully bumped revision number for resource 9802eb92-76aa-41f2-aaa4-d4e72dc21d6e (type: floatingips) to 2
2026-02-25 23:28:15.573 8 INFO neutron.db.l3_db [None req-6a6c4751-31ca-4eba-8200-944c53899814 83c478e8462546a58db7c72b754ed64f 0ef2a804949b425998baf201e6b95ee1 - - default default] Floating IP 9802eb92-76aa-41f2-aaa4-d4e72dc21d6e associated. External IP: 10.96.250.209, port: 50437034-85d7-4b48-b7f2-9ca5de5f3070.
2026-02-25 23:28:15.598 8 INFO neutron.plugins.ml2.drivers.ovn.mech_driver.mech_driver [None req-099e4c8a-3c17-40b3-8227-346f3dbc923d - - - - - -] OVN reports status down for port: 110247c0-15e7-4bae-b6e5-4784379abf4c
2026-02-25 23:28:15.611 7 INFO neutron.db.ovn_revision_numbers_db [None req-2b514140-01ac-47aa-9e2c-ee2773c87dd2 b67da7dda8114a148d141db8b2971105 f2c0878b6c6d4b12932b7f2527a1a126 - - default default] Successfully bumped revision number for resource 110247c0-15e7-4bae-b6e5-4784379abf4c (type: ports) to 1 [pid: 8|app: 0|req: 583/1242] 10.0.0.131 () {34 vars in 749 bytes} [Wed Feb 25 23:28:14 2026] PUT /v2.0/floatingips/9802eb92-76aa-41f2-aaa4-d4e72dc21d6e => generated 855 bytes in 887 msecs (HTTP/1.1 200) 4 headers in 157 bytes (1 switches on core 0) [pid: 7|app: 0|req: 660/1243] 10.0.0.131 () {34 vars in 671 bytes} [Wed Feb 25 23:28:14 2026] POST /v2.0/networks => generated 769 bytes in 955 msecs (HTTP/1.1 201) 4 headers in 162 bytes (1 switches on core 0) /var/lib/openstack/lib/python3.12/site-packages/pycadf/identifier.py:70: UserWarning: Invalid uuid: neutron. To ensure interoperability, identifiers should be a valid uuid. warnings.warn(('Invalid uuid: %s. To ensure interoperability, '
2026-02-25 23:28:15.846 8 WARNING neutron.scheduler.dhcp_agent_scheduler [None req-63f062e6-1419-4602-baf3-0d1bc016f555 b67da7dda8114a148d141db8b2971105 f2c0878b6c6d4b12932b7f2527a1a126 - - default default] No more DHCP agents
2026-02-25 23:28:15.857 8 WARNING neutron.api.rpc.agentnotifiers.dhcp_rpc_agent_api [None req-63f062e6-1419-4602-baf3-0d1bc016f555 b67da7dda8114a148d141db8b2971105 f2c0878b6c6d4b12932b7f2527a1a126 - - default default] Unable to schedule network 49c3c5cf-0082-40d3-9f93-caf82c3a428e: no agents available; will retry on subsequent port and subnet creation events.
2026-02-25 23:28:16.228 7 INFO neutron.db.ovn_revision_numbers_db [None req-d7e49678-2b47-4fd5-a31e-e7291c374ab4 b67da7dda8114a148d141db8b2971105 f2c0878b6c6d4b12932b7f2527a1a126 - - default default] Successfully bumped revision number for resource c5cb7f0b-d799-4a3a-be6f-f96dba6ff1ac (type: security_groups) to 1
2026-02-25 23:28:16.243 7 INFO neutron.db.ovn_revision_numbers_db [None req-d7e49678-2b47-4fd5-a31e-e7291c374ab4 b67da7dda8114a148d141db8b2971105 f2c0878b6c6d4b12932b7f2527a1a126 - - default default] Successfully bumped revision number for resource 47198588-b3e5-4db9-9fef-c39cf9307b04 (type: security_group_rules) to 0
2026-02-25 23:28:16.262 7 INFO neutron.db.ovn_revision_numbers_db [None req-d7e49678-2b47-4fd5-a31e-e7291c374ab4 b67da7dda8114a148d141db8b2971105 f2c0878b6c6d4b12932b7f2527a1a126 - - default default] Successfully bumped revision number for resource 65dd5e1d-32f0-4142-8af6-d0a13c8bb543 (type: security_group_rules) to 0
2026-02-25 23:28:16.282 7 INFO neutron.db.ovn_revision_numbers_db [None req-d7e49678-2b47-4fd5-a31e-e7291c374ab4 b67da7dda8114a148d141db8b2971105 f2c0878b6c6d4b12932b7f2527a1a126 - - default default] Successfully bumped revision number for resource 68c44309-85fe-474e-b282-9e5d37e12764 (type: security_group_rules) to 0
2026-02-25 23:28:16.314 7 INFO neutron.db.ovn_revision_numbers_db [None req-d7e49678-2b47-4fd5-a31e-e7291c374ab4 b67da7dda8114a148d141db8b2971105 f2c0878b6c6d4b12932b7f2527a1a126 - - default default] Successfully bumped revision number for resource cb6cf80d-81e2-4bd0-9cd1-ce0a5c62930c (type: security_group_rules) to 0 [pid: 7|app: 0|req: 661/1244] 10.0.0.131 () {32 vars in 774 bytes} [Wed Feb 25 23:28:15 2026] GET /v2.0/security-groups?tenant_id=057dfc6a294b4d038411cd126607dad6&name=default => generated 2925 bytes in 530 msecs (HTTP/1.1 200) 4 headers in 158 bytes (1 switches on core 0)
2026-02-25 23:28:16.513 8 INFO neutron.db.ovn_revision_numbers_db [None req-1d106295-427b-4232-b6cd-6e2820a330ec - - - - - -] Successfully bumped revision number for resource 110247c0-15e7-4bae-b6e5-4784379abf4c (type: ports) to 2 [pid: 7|app: 0|req: 662/1245] 10.0.0.194 () {28 vars in 581 bytes} [Wed Feb 25 23:28:16 2026] GET /v2.0/agents => generated 1214 bytes in 177 msecs (HTTP/1.1 200) 4 headers in 158 bytes (1 switches on core 0)
2026-02-25 23:28:16.595 8 INFO neutron.db.ovn_revision_numbers_db [None req-1d106295-427b-4232-b6cd-6e2820a330ec - - - - - -] Successfully bumped revision number for resource 1b95141d-cf04-4c13-b53d-f250017b3534 (type: subnets) to 0 [pid: 8|app: 0|req: 584/1246] 10.0.0.131 () {34 vars in 669 bytes} [Wed Feb 25 23:28:15 2026] POST /v2.0/subnets => generated 694 bytes in 980 msecs (HTTP/1.1 201) 4 headers in 162 bytes (1 switches on core 0)
2026-02-25 23:28:16.811 7 INFO neutron.db.ovn_revision_numbers_db [None req-237bebd7-b7f0-49a7-8529-2141f443fe48 651afe41ee1f4513b2a96e215d1b0141 77b089861a81424b89b25dc70919e569 - - default default] Successfully bumped revision number for resource 011d3598-7b74-4f9a-9fd5-a795a6e6e197 (type: security_groups) to 1
2026-02-25 23:28:16.826 7 INFO neutron.db.ovn_revision_numbers_db [None req-237bebd7-b7f0-49a7-8529-2141f443fe48 651afe41ee1f4513b2a96e215d1b0141 77b089861a81424b89b25dc70919e569 - - default default] Successfully bumped revision number for resource 262eed26-8af9-4f91-a643-1057727593f6 (type: security_group_rules) to 0
2026-02-25 23:28:16.829 8 INFO neutron.notifiers.nova [-] Nova event matching ['req-fb657351-c26c-454c-803b-e8f5a80986b4'] response: {'name': 'network-changed', 'server_uuid': '346b0ecb-146a-4862-b1c3-057fccb58096', 'tag': '50437034-85d7-4b48-b7f2-9ca5de5f3070', 'status': 'completed', 'code': 200}
2026-02-25 23:28:16.843 7 INFO neutron.db.ovn_revision_numbers_db [None req-237bebd7-b7f0-49a7-8529-2141f443fe48 651afe41ee1f4513b2a96e215d1b0141 77b089861a81424b89b25dc70919e569 - - default default] Successfully bumped revision number for resource 9f037f20-cf71-488e-8db1-8bfec3648ab3 (type: security_group_rules) to 0
2026-02-25 23:28:16.860 7 INFO neutron.db.ovn_revision_numbers_db [None req-237bebd7-b7f0-49a7-8529-2141f443fe48 651afe41ee1f4513b2a96e215d1b0141 77b089861a81424b89b25dc70919e569 - - default default] Successfully bumped revision number for resource ba89a52c-d64a-4e7f-b7f5-2271a5b54396 (type: security_group_rules) to 0
2026-02-25 23:28:16.873 7 INFO neutron.db.ovn_revision_numbers_db [None req-237bebd7-b7f0-49a7-8529-2141f443fe48 651afe41ee1f4513b2a96e215d1b0141 77b089861a81424b89b25dc70919e569 - - default default] Successfully bumped revision number for resource d2cc67dc-f641-49dd-9d8d-32c99fe42d1e (type: security_group_rules) to 0 [pid: 8|app: 0|req: 585/1247] 10.0.0.131 () {32 vars in 740 bytes} [Wed Feb 25 23:28:16 2026] DELETE /v2.0/security-groups/c5cb7f0b-d799-4a3a-be6f-f96dba6ff1ac => generated 0 bytes in 312 msecs (HTTP/1.1 204) 2 headers in 112 bytes (1 switches on core 0)
2026-02-25 23:28:16.953 7 INFO neutron.db.segments_db [None req-237bebd7-b7f0-49a7-8529-2141f443fe48 651afe41ee1f4513b2a96e215d1b0141 77b089861a81424b89b25dc70919e569 - - default default] Added segment e07bb093-a9aa-4ffd-a785-1a76d39525d2 of type geneve for network 2671ba08-a4fb-4d1d-9516-480465a1a8cd [pid: 8|app: 0|req: 586/1248] 10.0.0.194 () {28 vars in 619 bytes} [Wed Feb 25 23:28:16 2026] GET /v2.0/network-ip-availabilities => generated 2066 bytes in 13 msecs (HTTP/1.1 200) 4 headers in 158 bytes (1 switches on core 0)
2026-02-25 23:28:17.097 7 INFO neutron.db.ovn_revision_numbers_db [None req-237bebd7-b7f0-49a7-8529-2141f443fe48 651afe41ee1f4513b2a96e215d1b0141 77b089861a81424b89b25dc70919e569 - - default default] Successfully bumped revision number for resource 2671ba08-a4fb-4d1d-9516-480465a1a8cd (type: networks) to 1
2026-02-25 23:28:17.259 7 WARNING neutron.scheduler.dhcp_agent_scheduler [None req-237bebd7-b7f0-49a7-8529-2141f443fe48 651afe41ee1f4513b2a96e215d1b0141 77b089861a81424b89b25dc70919e569 - - default default] No more DHCP agents
2026-02-25 23:28:17.261 7 WARNING neutron.api.rpc.agentnotifiers.dhcp_rpc_agent_api [None req-237bebd7-b7f0-49a7-8529-2141f443fe48 651afe41ee1f4513b2a96e215d1b0141 77b089861a81424b89b25dc70919e569 - - default default] Unable to schedule network 2671ba08-a4fb-4d1d-9516-480465a1a8cd: no agents available; will retry on subsequent port and subnet creation events.
2026-02-25 23:28:17.369 7 INFO neutron.db.ovn_revision_numbers_db [None req-237bebd7-b7f0-49a7-8529-2141f443fe48 651afe41ee1f4513b2a96e215d1b0141 77b089861a81424b89b25dc70919e569 - - default default] Successfully bumped revision number for resource 85bb4b72-7ce6-4deb-8c60-44b918714fef (type: ports) to 1
2026-02-25 23:28:17.370 8 INFO neutron.plugins.ml2.drivers.ovn.mech_driver.mech_driver [None req-099e4c8a-3c17-40b3-8227-346f3dbc923d - - - - - -] OVN reports status down for port: 85bb4b72-7ce6-4deb-8c60-44b918714fef
2026-02-25 23:28:17.392 8 WARNING neutron.scheduler.dhcp_agent_scheduler [None req-b1477b9a-ff73-4815-bd85-b098ea2a28af b67da7dda8114a148d141db8b2971105 f2c0878b6c6d4b12932b7f2527a1a126 - - default default] No more DHCP agents [pid: 7|app: 0|req: 663/1249] 10.0.0.131 () {34 vars in 670 bytes} [Wed Feb 25 23:28:16 2026] POST /v2.0/networks => generated 663 bytes in 845 msecs (HTTP/1.1 201) 4 headers in 162 bytes (1 switches on core 0)
2026-02-25 23:28:17.394 8 WARNING neutron.api.rpc.agentnotifiers.dhcp_rpc_agent_api [None req-b1477b9a-ff73-4815-bd85-b098ea2a28af b67da7dda8114a148d141db8b2971105 f2c0878b6c6d4b12932b7f2527a1a126 - - default default] Unable to schedule network e078981c-c14b-4235-b815-59bb39f7def1: no agents available; will retry on subsequent port and subnet creation events. [pid: 7|app: 0|req: 664/1250] 10.0.0.243 () {34 vars in 990 bytes} [Wed Feb 25 23:28:17 2026] GET /v2.0/ports?device_id=346b0ecb-146a-4862-b1c3-057fccb58096 => generated 1209 bytes in 42 msecs (HTTP/1.1 200) 4 headers in 158 bytes (1 switches on core 0) [pid: 7|app: 0|req: 665/1251] 10.0.0.194 () {28 vars in 599 bytes} [Wed Feb 25 23:28:17 2026] GET /v2.0/security-groups => generated 28978 bytes in 39 msecs (HTTP/1.1 200) 4 headers in 159 bytes (1 switches on core 0) [pid: 7|app: 0|req: 666/1252] 199.204.45.23 () {34 vars in 1079 bytes} [Wed Feb 25 23:28:17 2026] GET /v2.0/ports?tenant_id=0ef2a804949b425998baf201e6b95ee1&device_id=346b0ecb-146a-4862-b1c3-057fccb58096 => generated 1209 bytes in 47 msecs (HTTP/1.1 200) 4 headers in 158 bytes (1 switches on core 0)
2026-02-25 23:28:17.585 8 INFO neutron.plugins.ml2.drivers.ovn.mech_driver.mech_driver [None req-099e4c8a-3c17-40b3-8227-346f3dbc923d - - - - - -] OVN reports status down for port: 1da5322c-6e84-4260-ba79-d00895de54b4
2026-02-25 23:28:17.647 8 INFO neutron.db.ovn_revision_numbers_db [None req-b1477b9a-ff73-4815-bd85-b098ea2a28af b67da7dda8114a148d141db8b2971105 f2c0878b6c6d4b12932b7f2527a1a126 - - default default] Successfully bumped revision number for resource 1da5322c-6e84-4260-ba79-d00895de54b4 (type: ports) to 1
2026-02-25 23:28:17.853 7 WARNING neutron.scheduler.dhcp_agent_scheduler [None req-ce7379d6-7374-4eb7-a01d-ea24ae4305e6 651afe41ee1f4513b2a96e215d1b0141 77b089861a81424b89b25dc70919e569 - - default default] No more DHCP agents
2026-02-25 23:28:17.854 7 WARNING neutron.api.rpc.agentnotifiers.dhcp_rpc_agent_api [None req-ce7379d6-7374-4eb7-a01d-ea24ae4305e6 651afe41ee1f4513b2a96e215d1b0141 77b089861a81424b89b25dc70919e569 - - default default] Unable to schedule network 2671ba08-a4fb-4d1d-9516-480465a1a8cd: no agents available; will retry on subsequent port and subnet creation events.
2026-02-25 23:28:17.966 8 INFO neutron.plugins.ml2.drivers.ovn.mech_driver.mech_driver [None req-099e4c8a-3c17-40b3-8227-346f3dbc923d - - - - - -] OVN reports status down for port: 98cfa43f-3784-48c7-91ff-b579169e590e
2026-02-25 23:28:17.982 7 INFO neutron.db.ovn_revision_numbers_db [None req-ce7379d6-7374-4eb7-a01d-ea24ae4305e6 651afe41ee1f4513b2a96e215d1b0141 77b089861a81424b89b25dc70919e569 - - default default] Successfully bumped revision number for resource 98cfa43f-3784-48c7-91ff-b579169e590e (type: ports) to 1 [pid: 7|app: 0|req: 667/1253] 10.0.0.131 () {34 vars in 665 bytes} [Wed Feb 25 23:28:17 2026] POST /v2.0/ports => generated 775 bytes in 505 msecs (HTTP/1.1 201) 4 headers in 162 bytes (1 switches on core 0) /var/lib/openstack/lib/python3.12/site-packages/pycadf/identifier.py:70: UserWarning: Invalid uuid: neutron. To ensure interoperability, identifiers should be a valid uuid. warnings.warn(('Invalid uuid: %s. To ensure interoperability, ' [pid: 7|app: 0|req: 668/1254] 10.0.0.243 () {34 vars in 1040 bytes} [Wed Feb 25 23:28:18 2026] GET /v2.0/security-groups?id=68ad18eb-6e3c-4547-9f83-983b4dc09693&fields=id&fields=name => generated 113 bytes in 26 msecs (HTTP/1.1 200) 4 headers in 157 bytes (1 switches on core 0) [pid: 7|app: 0|req: 669/1255] 10.0.0.194 () {28 vars in 579 bytes} [Wed Feb 25 23:28:18 2026] GET /v2.0/ports => generated 14405 bytes in 112 msecs (HTTP/1.1 200) 4 headers in 159 bytes (1 switches on core 0) [pid: 7|app: 0|req: 670/1256] 199.204.45.23 () {34 vars in 985 bytes} [Wed Feb 25 23:28:18 2026] GET /v2.0/networks?id=8539cff3-06df-45c1-a3ae-8483a6936a5f => generated 813 bytes in 45 msecs (HTTP/1.1 200) 4 headers in 157 bytes (1 switches on core 0)
2026-02-25 23:28:18.294 7 INFO neutron.db.segments_db [None req-8d04be33-947d-4376-8450-502d93b8bb0e 651afe41ee1f4513b2a96e215d1b0141 77b089861a81424b89b25dc70919e569 - - default default] Added segment 9b08bc4a-3695-406d-8e5d-e039d357c863 of type geneve for network db783b63-09b0-4179-8dd9-65f39af0e8a8
2026-02-25 23:28:18.440 8 INFO neutron.plugins.ml2.drivers.ovn.mech_driver.ovsdb.commands [-] Schedule LRP lrp-1da5322c-6e84-4260-ba79-d00895de54b4 on gateway 5d60d373-35ff-49d5-95cc-86d9e93bcca9 with priority 1
2026-02-25 23:28:18.451 7 INFO neutron.db.ovn_revision_numbers_db [None req-8d04be33-947d-4376-8450-502d93b8bb0e 651afe41ee1f4513b2a96e215d1b0141 77b089861a81424b89b25dc70919e569 - - default default] Successfully bumped revision number for resource db783b63-09b0-4179-8dd9-65f39af0e8a8 (type: networks) to 1
2026-02-25 23:28:18.569 8 INFO neutron.plugins.ml2.drivers.ovn.mech_driver.ovsdb.ovsdb_monitor [None req-b686f294-23b2-4c5a-9bfe-885dff2d8bdb - - - - - -] Router ad350cc3-e441-4654-84af-95636c17c72e is bound to host instance
2026-02-25 23:28:18.600 8 INFO neutron.plugins.ml2.drivers.ovn.mech_driver.mech_driver [None req-099e4c8a-3c17-40b3-8227-346f3dbc923d - - - - - -] OVN reports status up for port: 1da5322c-6e84-4260-ba79-d00895de54b4
2026-02-25 23:28:18.677 8 INFO neutron.plugins.ml2.plugin [None req-099e4c8a-3c17-40b3-8227-346f3dbc923d - - - - - -] Attempt 1 to provision port 1da5322c-6e84-4260-ba79-d00895de54b4
2026-02-25 23:28:18.727 8 INFO neutron.db.ovn_revision_numbers_db [None req-b1477b9a-ff73-4815-bd85-b098ea2a28af b67da7dda8114a148d141db8b2971105 f2c0878b6c6d4b12932b7f2527a1a126 - - default default] Successfully bumped revision number for resource 1da5322c-6e84-4260-ba79-d00895de54b4 (type: router_ports) to 1
2026-02-25 23:28:18.763 7 WARNING neutron.scheduler.dhcp_agent_scheduler [None req-8d04be33-947d-4376-8450-502d93b8bb0e 651afe41ee1f4513b2a96e215d1b0141 77b089861a81424b89b25dc70919e569 - - default default] No more DHCP agents
2026-02-25 23:28:18.765 7 WARNING neutron.api.rpc.agentnotifiers.dhcp_rpc_agent_api [None req-8d04be33-947d-4376-8450-502d93b8bb0e 651afe41ee1f4513b2a96e215d1b0141 77b089861a81424b89b25dc70919e569 - - default default] Unable to schedule network db783b63-09b0-4179-8dd9-65f39af0e8a8: no agents available; will retry on subsequent port and subnet creation events.
2026-02-25 23:28:18.866 7 INFO neutron.db.ovn_revision_numbers_db [None req-8d04be33-947d-4376-8450-502d93b8bb0e 651afe41ee1f4513b2a96e215d1b0141 77b089861a81424b89b25dc70919e569 - - default default] Successfully bumped revision number for resource b6e592a0-157f-483d-8555-904be96c043e (type: ports) to 1 [pid: 7|app: 0|req: 671/1257] 10.0.0.131 () {34 vars in 670 bytes} [Wed Feb 25 23:28:18 2026] POST /v2.0/networks => generated 650 bytes in 689 msecs (HTTP/1.1 201) 4 headers in 162 bytes (1 switches on core 0) [pid: 7|app: 0|req: 672/1258] 10.0.0.194 () {28 vars in 583 bytes} [Wed Feb 25 23:28:18 2026] GET /v2.0/subnets => generated 2673 bytes in 33 msecs (HTTP/1.1 200) 4 headers in 158 bytes (1 switches on core 0) [pid: 7|app: 0|req: 673/1259] 199.204.45.23 () {34 vars in 1057 bytes} [Wed Feb 25 23:28:18 2026] GET /v2.0/floatingips?fixed_ip_address=10.100.0.5&port_id=50437034-85d7-4b48-b7f2-9ca5de5f3070 => generated 860 bytes in 35 msecs (HTTP/1.1 200) 4 headers in 157 bytes (1 switches on core 0)
2026-02-25 23:28:18.983 8 INFO neutron.db.ovn_revision_numbers_db [None req-b1477b9a-ff73-4815-bd85-b098ea2a28af b67da7dda8114a148d141db8b2971105 f2c0878b6c6d4b12932b7f2527a1a126 - - default default] Successfully bumped revision number for resource ad350cc3-e441-4654-84af-95636c17c72e (type: routers) to 2 [pid: 8|app: 0|req: 587/1260] 10.0.0.131 () {34 vars in 669 bytes} [Wed Feb 25 23:28:16 2026] POST /v2.0/routers => generated 972 bytes in 2080 msecs (HTTP/1.1 201) 4 headers in 162 bytes (1 switches on core 0) [pid: 8|app: 0|req: 588/1261] 10.0.0.194 () {28 vars in 591 bytes} [Wed Feb 25 23:28:19 2026] GET /v2.0/subnetpools => generated 19 bytes in 23 msecs (HTTP/1.1 200) 4 headers in 156 bytes (1 switches on core 0) [pid: 8|app: 0|req: 589/1262] 199.204.45.23 () {34 vars in 983 bytes} [Wed Feb 25 23:28:19 2026] GET /v2.0/subnets?id=a16bffcc-ef5f-42a3-871e-ad0a5ead2d8f => generated 694 bytes in 60 msecs (HTTP/1.1 200) 4 headers in 157 bytes (1 switches on core 0)
2026-02-25 23:28:19.134 7 WARNING neutron.scheduler.dhcp_agent_scheduler [None req-4801c4eb-5dd4-4984-ad08-04f8b852d120 651afe41ee1f4513b2a96e215d1b0141 77b089861a81424b89b25dc70919e569 - - default default] No more DHCP agents
2026-02-25 23:28:19.135 7 WARNING neutron.api.rpc.agentnotifiers.dhcp_rpc_agent_api [None req-4801c4eb-5dd4-4984-ad08-04f8b852d120 651afe41ee1f4513b2a96e215d1b0141 77b089861a81424b89b25dc70919e569 - - default default] Unable to schedule network db783b63-09b0-4179-8dd9-65f39af0e8a8: no agents available; will retry on subsequent port and subnet creation events.
2026-02-25 23:28:19.647 7 INFO neutron.db.ovn_revision_numbers_db [None req-27c92191-0345-4f0d-a668-93521c94ecea - - - - - -] Successfully bumped revision number for resource b6e592a0-157f-483d-8555-904be96c043e (type: ports) to 2
2026-02-25 23:28:19.681 7 INFO neutron.db.ovn_revision_numbers_db [None req-27c92191-0345-4f0d-a668-93521c94ecea - - - - - -] Successfully bumped revision number for resource 6003bd2e-de21-4d57-ab88-c60f8988882e (type: subnets) to 0 [pid: 7|app: 0|req: 674/1263] 10.0.0.131 () {34 vars in 669 bytes} [Wed Feb 25 23:28:18 2026] POST /v2.0/subnets => generated 626 bytes in 729 msecs (HTTP/1.1 201) 4 headers in 162 bytes (1 switches on core 0) [pid: 7|app: 0|req: 675/1264] 10.0.0.194 () {28 vars in 591 bytes} [Wed Feb 25 23:28:19 2026] GET /v2.0/floatingips => generated 860 bytes in 49 msecs (HTTP/1.1 200) 4 headers in 157 bytes (1 switches on core 0) [pid: 7|app: 0|req: 676/1265] 199.204.45.23 () {34 vars in 1051 bytes} [Wed Feb 25 23:28:19 2026] GET /v2.0/ports?network_id=8539cff3-06df-45c1-a3ae-8483a6936a5f&device_owner=network%3Adhcp => generated 12 bytes in 18 msecs (HTTP/1.1 200) 4 headers in 156 bytes (1 switches on core 0)
2026-02-25 23:28:20.026 7 WARNING neutron.scheduler.dhcp_agent_scheduler [None req-9a1f14a3-dff9-47bf-9cbf-1fbf9d9e75e7 651afe41ee1f4513b2a96e215d1b0141 77b089861a81424b89b25dc70919e569 - - default default] No more DHCP agents
2026-02-25 23:28:20.028 7 WARNING neutron.api.rpc.agentnotifiers.dhcp_rpc_agent_api [None req-9a1f14a3-dff9-47bf-9cbf-1fbf9d9e75e7 651afe41ee1f4513b2a96e215d1b0141 77b089861a81424b89b25dc70919e569 - - default default] Unable to schedule network db783b63-09b0-4179-8dd9-65f39af0e8a8: no agents available; will retry on subsequent port and subnet creation events.
2026-02-25 23:28:20.213 7 INFO neutron.db.ovn_revision_numbers_db [None req-9a1f14a3-dff9-47bf-9cbf-1fbf9d9e75e7 651afe41ee1f4513b2a96e215d1b0141 77b089861a81424b89b25dc70919e569 - - default default] Successfully bumped revision number for resource d7c114f8-ceeb-44b0-b38c-9328c0443520 (type: ports) to 1 [pid: 7|app: 0|req: 677/1266] 10.0.0.131 () {34 vars in 665 bytes} [Wed Feb 25 23:28:19 2026] POST /v2.0/ports => generated 950 bytes in 464 msecs (HTTP/1.1 201) 4 headers in 162 bytes (1 switches on core 0) /var/lib/openstack/lib/python3.12/site-packages/pycadf/identifier.py:70: UserWarning: Invalid uuid: neutron. To ensure interoperability, identifiers should be a valid uuid. warnings.warn(('Invalid uuid: %s. To ensure interoperability, ' [pid: 7|app: 0|req: 678/1267] 10.0.0.194 () {28 vars in 583 bytes} [Wed Feb 25 23:28:20 2026] GET /v2.0/subnets => generated 3307 bytes in 43 msecs (HTTP/1.1 200) 4 headers in 158 bytes (1 switches on core 0) [pid: 7|app: 0|req: 679/1268] 199.204.45.23 () {34 vars in 1011 bytes} [Wed Feb 25 23:28:20 2026] GET /v2.0/networks/8539cff3-06df-45c1-a3ae-8483a6936a5f?fields=segments => generated 14 bytes in 36 msecs (HTTP/1.1 200) 4 headers in 156 bytes (1 switches on core 0)
2026-02-25 23:28:20.431 7 INFO neutron_taas.services.taas.taas_plugin [None req-2a1879ca-6d92-408a-94a3-366675380a85 651afe41ee1f4513b2a96e215d1b0141 77b089861a81424b89b25dc70919e569 - - default default] TaaS: Handle Delete Port: d7c114f8-ceeb-44b0-b38c-9328c0443520
2026-02-25 23:28:20.435 7 INFO neutron_taas.services.taas.tap_mirror_plugin [None req-2a1879ca-6d92-408a-94a3-366675380a85 651afe41ee1f4513b2a96e215d1b0141 77b089861a81424b89b25dc70919e569 - - default default] Tap Mirror: Handle Delete Port: d7c114f8-ceeb-44b0-b38c-9328c0443520
2026-02-25 23:28:20.527 8 WARNING neutron.scheduler.dhcp_agent_scheduler [None req-ffee97ee-69b9-466d-b6b6-02f1d51caf74 b67da7dda8114a148d141db8b2971105 f2c0878b6c6d4b12932b7f2527a1a126 - - default default] No more DHCP agents
2026-02-25 23:28:20.530 8 WARNING neutron.api.rpc.agentnotifiers.dhcp_rpc_agent_api [None req-ffee97ee-69b9-466d-b6b6-02f1d51caf74 b67da7dda8114a148d141db8b2971105 f2c0878b6c6d4b12932b7f2527a1a126 - - default default] Unable to schedule network 49c3c5cf-0082-40d3-9f93-caf82c3a428e: no agents available; will retry on subsequent port and subnet creation events. [pid: 7|app: 0|req: 680/1269] 10.0.0.131 () {32 vars in 720 bytes} [Wed Feb 25 23:28:20 2026] DELETE /v2.0/ports/d7c114f8-ceeb-44b0-b38c-9328c0443520 => generated 0 bytes in 336 msecs (HTTP/1.1 204) 3 headers in 131 bytes (1 switches on core 0) [pid: 7|app: 0|req: 681/1270] 10.0.0.194 () {28 vars in 583 bytes} [Wed Feb 25 23:28:20 2026] GET /v2.0/routers => generated 1946 bytes in 85 msecs (HTTP/1.1 200) 4 headers in 158 bytes (1 switches on core 0) [pid: 7|app: 0|req: 682/1271] 199.204.45.23 () {34 vars in 1111 bytes} [Wed Feb 25 23:28:20 2026] GET /v2.0/networks/8539cff3-06df-45c1-a3ae-8483a6936a5f?fields=provider%3Aphysical_network&fields=provider%3Anetwork_type => generated 79 bytes in 40 msecs (HTTP/1.1 200) 4 headers in 156 bytes (1 switches on core 0)
2026-02-25 23:28:20.817 7 INFO neutron.pecan_wsgi.hooks.translation [None req-01a79e11-96aa-4d43-9750-554c712202a7 651afe41ee1f4513b2a96e215d1b0141 77b089861a81424b89b25dc70919e569 - - default default] DELETE failed (client error): The resource could not be found. [pid: 7|app: 0|req: 683/1272] 10.0.0.131 () {32 vars in 720 bytes} [Wed Feb 25 23:28:20 2026] DELETE /v2.0/ports/d7c114f8-ceeb-44b0-b38c-9328c0443520 => generated 132 bytes in 44 msecs (HTTP/1.1 404) 4 headers in 164 bytes (1 switches on core 0) [pid: 7|app: 0|req: 684/1273] 10.0.0.194 () {28 vars in 624 bytes} [Wed Feb 25 23:28:20 2026] GET /v2.0/agents?binary=ovn-controller => generated 416 bytes in 49 msecs (HTTP/1.1 200) 4 headers in 157 bytes (1 switches on core 0)
2026-02-25 23:28:20.886 7 INFO neutron.pecan_wsgi.hooks.translation [None req-4a19cd5e-09ec-460d-b0be-0fa53cb57ebf 651afe41ee1f4513b2a96e215d1b0141 77b089861a81424b89b25dc70919e569 - - default default] GET failed (client error): The resource could not be found. [pid: 7|app: 0|req: 685/1274] 10.0.0.131 () {32 vars in 717 bytes} [Wed Feb 25 23:28:20 2026] GET /v2.0/ports/d7c114f8-ceeb-44b0-b38c-9328c0443520 => generated 132 bytes in 14 msecs (HTTP/1.1 404) 4 headers in 164 bytes (1 switches on core 0)
2026-02-25 23:28:20.932 8 INFO neutron.db.ovn_revision_numbers_db [None req-ffee97ee-69b9-466d-b6b6-02f1d51caf74 b67da7dda8114a148d141db8b2971105 f2c0878b6c6d4b12932b7f2527a1a126 - - default default] Successfully bumped revision number for resource bbe76c86-38c3-48f8-a953-0a92a499beeb (type: ports) to 1 [pid: 7|app: 0|req: 686/1275] 10.0.0.194 () {28 vars in 585 bytes} [Wed Feb 25 23:28:20 2026] GET /v2.0/networks => generated 5426 bytes in 58 msecs (HTTP/1.1 200) 4 headers in 158 bytes (1 switches on core 0)
2026-02-25 23:28:21.109 8 INFO neutron.db.ovn_revision_numbers_db [None req-88005b46-7989-44c9-a92b-be7614b1bcbc - - - - - -] Successfully bumped revision number for resource 1da5322c-6e84-4260-ba79-d00895de54b4 (type: ports) to 4 [pid: 7|app: 0|req: 687/1276] 10.0.0.131 () {32 vars in 724 bytes} [Wed Feb 25 23:28:20 2026] DELETE /v2.0/subnets/6003bd2e-de21-4d57-ab88-c60f8988882e => generated 0 bytes in 241 msecs (HTTP/1.1 204) 3 headers in 131 bytes (1 switches on core 0)
2026-02-25 23:28:21.313 7 INFO neutron_taas.services.taas.taas_plugin [None req-cb7021e5-a2d2-458b-ab67-2dd6c412f12c 651afe41ee1f4513b2a96e215d1b0141 77b089861a81424b89b25dc70919e569 - - default default] TaaS: Handle Delete Port: b6e592a0-157f-483d-8555-904be96c043e
2026-02-25 23:28:21.315 7 INFO neutron_taas.services.taas.tap_mirror_plugin [None req-cb7021e5-a2d2-458b-ab67-2dd6c412f12c 651afe41ee1f4513b2a96e215d1b0141 77b089861a81424b89b25dc70919e569 - - default default] Tap Mirror: Handle Delete Port: b6e592a0-157f-483d-8555-904be96c043e
2026-02-25 23:28:21.516 7 INFO neutron.services.segments.plugin [-] Segment 9b08bc4a-3695-406d-8e5d-e039d357c863 resource provider aggregate not found
2026-02-25 23:28:21.524 7 INFO neutron.services.segments.plugin [-] Segment 9b08bc4a-3695-406d-8e5d-e039d357c863 resource provider aggregate not found
2026-02-25 23:28:21.538 7 INFO neutron.services.segments.plugin [-] Segment 9b08bc4a-3695-406d-8e5d-e039d357c863 resource provider not found; error: Placement Client Error (4xx): {"errors": [{"status": 404, "title": "Not Found", "detail": "The resource could not be found.\n\n No resource provider with uuid 9b08bc4a-3695-406d-8e5d-e039d357c863 found for delete ", "request_id": "req-7117d360-52ac-4eb0-903c-c68256d37c56"}]}
2026-02-25 23:28:21.545 7 INFO neutron.services.segments.plugin [-] Segment 9b08bc4a-3695-406d-8e5d-e039d357c863 resource provider not found; error: Placement Client Error (4xx): {"errors": [{"status": 404, "title": "Not Found", "detail": "The resource could not be found.\n\n No resource provider with uuid 9b08bc4a-3695-406d-8e5d-e039d357c863 found for delete ", "request_id": "req-1ea001d6-ca42-4101-b2ff-e6443a4699bd"}]} [pid: 7|app: 0|req: 688/1277] 10.0.0.131 () {32 vars in 726 bytes} [Wed Feb 25 23:28:21 2026] DELETE /v2.0/networks/db783b63-09b0-4179-8dd9-65f39af0e8a8 => generated 0 bytes in 400 msecs (HTTP/1.1 204) 3 headers in 131 bytes (1 switches on core 0)
2026-02-25 23:28:21.696 7 INFO neutron.db.segments_db [None req-37bfbc66-c682-4c7f-a030-d6ac572c81c9 651afe41ee1f4513b2a96e215d1b0141 77b089861a81424b89b25dc70919e569 - - default default] Added segment 55e0781d-13d0-44a1-ae72-d1efc94c7a39 of type geneve for network 540f37da-983c-4783-bb92-8e14b799290f
2026-02-25 23:28:21.828 7 INFO neutron.db.ovn_revision_numbers_db [None req-37bfbc66-c682-4c7f-a030-d6ac572c81c9 651afe41ee1f4513b2a96e215d1b0141 77b089861a81424b89b25dc70919e569 - - default default] Successfully bumped revision number for resource 540f37da-983c-4783-bb92-8e14b799290f (type: networks) to 1
2026-02-25 23:28:21.952 8 INFO neutron.db.ovn_revision_numbers_db [None req-88005b46-7989-44c9-a92b-be7614b1bcbc - - - - - -] Successfully bumped revision number for resource 1da5322c-6e84-4260-ba79-d00895de54b4 (type: ports) to 5
2026-02-25 23:28:22.055 7 WARNING neutron.scheduler.dhcp_agent_scheduler [None req-37bfbc66-c682-4c7f-a030-d6ac572c81c9 651afe41ee1f4513b2a96e215d1b0141 77b089861a81424b89b25dc70919e569 - - default default] No more DHCP agents
2026-02-25 23:28:22.057 7 WARNING neutron.api.rpc.agentnotifiers.dhcp_rpc_agent_api [None req-37bfbc66-c682-4c7f-a030-d6ac572c81c9 651afe41ee1f4513b2a96e215d1b0141 77b089861a81424b89b25dc70919e569 - - default default] Unable to schedule network 540f37da-983c-4783-bb92-8e14b799290f: no agents available; will retry on subsequent port and subnet creation events.
2026-02-25 23:28:22.170 7 INFO neutron.db.ovn_revision_numbers_db [None req-37bfbc66-c682-4c7f-a030-d6ac572c81c9 651afe41ee1f4513b2a96e215d1b0141 77b089861a81424b89b25dc70919e569 - - default default] Successfully bumped revision number for resource c1cb4580-dac0-4126-b8c1-4bdda48f5f9c (type: ports) to 1 [pid: 7|app: 0|req: 689/1278] 10.0.0.131 () {34 vars in 670 bytes} [Wed Feb 25 23:28:21 2026] POST /v2.0/networks => generated 650 bytes in 596 msecs (HTTP/1.1 201) 4 headers in 162 bytes (1 switches on core 0)
2026-02-25 23:28:22.229 8 INFO neutron.plugins.ml2.drivers.ovn.mech_driver.mech_driver [None req-099e4c8a-3c17-40b3-8227-346f3dbc923d - - - - - -] OVN reports status down for port: b6e592a0-157f-483d-8555-904be96c043e
2026-02-25 23:28:22.286 8 INFO neutron.plugins.ml2.drivers.ovn.mech_driver.mech_driver [None req-099e4c8a-3c17-40b3-8227-346f3dbc923d - - - - - -] OVN reports status down for port: d7c114f8-ceeb-44b0-b38c-9328c0443520
2026-02-25 23:28:22.303 8 INFO neutron.plugins.ml2.drivers.ovn.mech_driver.mech_driver [None req-099e4c8a-3c17-40b3-8227-346f3dbc923d - - - - - -] OVN reports status down for port: bbe76c86-38c3-48f8-a953-0a92a499beeb
2026-02-25 23:28:22.395 7 WARNING neutron.scheduler.dhcp_agent_scheduler [None req-eaf95c35-e476-4be2-8fea-5c1f8c38a176 651afe41ee1f4513b2a96e215d1b0141 77b089861a81424b89b25dc70919e569 - - default default] No more DHCP agents
2026-02-25 23:28:22.396 7 WARNING neutron.api.rpc.agentnotifiers.dhcp_rpc_agent_api [None req-eaf95c35-e476-4be2-8fea-5c1f8c38a176 651afe41ee1f4513b2a96e215d1b0141 77b089861a81424b89b25dc70919e569 - - default default] Unable to schedule network 540f37da-983c-4783-bb92-8e14b799290f: no agents available; will retry on subsequent port and subnet creation events.
2026-02-25 23:28:22.403 8 WARNING neutron.plugins.ml2.drivers.ovn.mech_driver.ovsdb.ovn_client [None req-099e4c8a-3c17-40b3-8227-346f3dbc923d - - - - - -] Logical_Switch_Port %s host information not removed, the port state is up
2026-02-25 23:28:22.404 8 INFO neutron.plugins.ml2.drivers.ovn.mech_driver.mech_driver [None req-099e4c8a-3c17-40b3-8227-346f3dbc923d - - - - - -] OVN reports status down for port: c1cb4580-dac0-4126-b8c1-4bdda48f5f9c
2026-02-25 23:28:22.405 8 WARNING neutron.scheduler.dhcp_agent_scheduler [None req-ffee97ee-69b9-466d-b6b6-02f1d51caf74 b67da7dda8114a148d141db8b2971105 f2c0878b6c6d4b12932b7f2527a1a126 - - default default] No more DHCP agents
2026-02-25 23:28:22.409 8 WARNING neutron.api.rpc.agentnotifiers.dhcp_rpc_agent_api [None req-ffee97ee-69b9-466d-b6b6-02f1d51caf74 b67da7dda8114a148d141db8b2971105 f2c0878b6c6d4b12932b7f2527a1a126 - - default default] Unable to schedule network 49c3c5cf-0082-40d3-9f93-caf82c3a428e: no agents available; will retry on subsequent port and subnet creation events.
2026-02-25 23:28:22.530 8 INFO neutron.plugins.ml2.drivers.ovn.mech_driver.mech_driver [None req-099e4c8a-3c17-40b3-8227-346f3dbc923d - - - - - -] OVN reports status up for port: bbe76c86-38c3-48f8-a953-0a92a499beeb
2026-02-25 23:28:22.546 8 INFO neutron.plugins.ml2.plugin [None req-099e4c8a-3c17-40b3-8227-346f3dbc923d - - - - - -] Attempt 1 to provision port bbe76c86-38c3-48f8-a953-0a92a499beeb
2026-02-25 23:28:22.840 7 INFO neutron.db.ovn_revision_numbers_db [None req-5657ac19-04e1-4658-9f28-486cdcd8dec0 - - - - - -] Successfully bumped revision number for resource c1cb4580-dac0-4126-b8c1-4bdda48f5f9c (type: ports) to 2
2026-02-25 23:28:22.874 7 INFO neutron.db.ovn_revision_numbers_db [None req-5657ac19-04e1-4658-9f28-486cdcd8dec0 - - - - - -] Successfully bumped revision number for resource 859f4732-0b0f-46b8-8ca4-c533e0866899 (type: subnets) to 0 [pid: 7|app: 0|req: 690/1279] 10.0.0.131 () {34 vars in 669 bytes} [Wed Feb 25 23:28:22 2026] POST /v2.0/subnets => generated 626 bytes in 697 msecs (HTTP/1.1 201) 4 headers in 162 bytes (1 switches on core 0)
2026-02-25 23:28:23.157 7 WARNING neutron.scheduler.dhcp_agent_scheduler [None req-6a6bd280-d77b-43c8-adf7-575f9ed914f3 651afe41ee1f4513b2a96e215d1b0141 77b089861a81424b89b25dc70919e569 - - default default] No more DHCP agents
2026-02-25 23:28:23.159 7 WARNING neutron.api.rpc.agentnotifiers.dhcp_rpc_agent_api [None req-6a6bd280-d77b-43c8-adf7-575f9ed914f3 651afe41ee1f4513b2a96e215d1b0141 77b089861a81424b89b25dc70919e569 - - default default] Unable to schedule network 540f37da-983c-4783-bb92-8e14b799290f: no agents available; will retry on subsequent port and subnet creation events.
2026-02-25 23:28:23.314 8 INFO neutron.db.ovn_revision_numbers_db [None req-099e4c8a-3c17-40b3-8227-346f3dbc923d - - - - - -] Successfully bumped revision number for resource bbe76c86-38c3-48f8-a953-0a92a499beeb (type: ports) to 2
2026-02-25 23:28:23.429 7 INFO neutron.db.ovn_revision_numbers_db [None req-6a6bd280-d77b-43c8-adf7-575f9ed914f3 651afe41ee1f4513b2a96e215d1b0141 77b089861a81424b89b25dc70919e569 - - default default] Successfully bumped revision number for resource 54a7fde8-9df8-458d-9370-0135f506865d (type: ports) to 1 [pid: 7|app: 0|req: 691/1280] 10.0.0.131 () {34 vars in 665 bytes} [Wed Feb 25 23:28:22 2026] POST /v2.0/ports => generated 911 bytes in 553 msecs (HTTP/1.1 201) 4 headers in 162 bytes (1 switches on core 0)
2026-02-25 23:28:23.582 7 INFO neutron_taas.services.taas.taas_plugin [None req-fdaae80f-52a8-4f69-a2aa-b7aff9d055b7 651afe41ee1f4513b2a96e215d1b0141 77b089861a81424b89b25dc70919e569 - - default default] TaaS: Handle Delete Port: 54a7fde8-9df8-458d-9370-0135f506865d
2026-02-25 23:28:23.584 7 INFO neutron_taas.services.taas.tap_mirror_plugin [None req-fdaae80f-52a8-4f69-a2aa-b7aff9d055b7 651afe41ee1f4513b2a96e215d1b0141 77b089861a81424b89b25dc70919e569 - - default default] Tap Mirror: Handle Delete Port: 54a7fde8-9df8-458d-9370-0135f506865d
2026-02-25 23:28:23.599 8 INFO neutron.db.ovn_revision_numbers_db [None req-ffee97ee-69b9-466d-b6b6-02f1d51caf74 b67da7dda8114a148d141db8b2971105 f2c0878b6c6d4b12932b7f2527a1a126 - - default default] Successfully bumped revision number for resource bbe76c86-38c3-48f8-a953-0a92a499beeb (type: router_ports) to 1 [pid: 8|app: 0|req: 590/1283] 10.0.0.131 () {34 vars in 783 bytes} [Wed Feb 25 23:28:19 2026] PUT /v2.0/routers/ad350cc3-e441-4654-84af-95636c17c72e/add_router_interface => generated 309 bytes in 4487 msecs (HTTP/1.1 200) 4 headers in 157 bytes (1 switches on core 0) [pid: 7|app: 0|req: 694/1284] 10.0.0.131 () {32 vars in 720 bytes} [Wed Feb 25 23:28:23 2026] DELETE /v2.0/ports/54a7fde8-9df8-458d-9370-0135f506865d => generated 0 bytes in 278 msecs (HTTP/1.1 204) 3 headers in 131 bytes (1 switches on core 0)
2026-02-25 23:28:23.771 8 INFO neutron.pecan_wsgi.hooks.translation [None req-1ef874fc-ebd5-4cbc-9503-1876ac3a2e68 651afe41ee1f4513b2a96e215d1b0141 77b089861a81424b89b25dc70919e569 - - default default] GET failed (client error): The resource could not be found. [pid: 8|app: 0|req: 591/1285] 10.0.0.131 () {32 vars in 717 bytes} [Wed Feb 25 23:28:23 2026] GET /v2.0/ports/54a7fde8-9df8-458d-9370-0135f506865d => generated 132 bytes in 30 msecs (HTTP/1.1 404) 4 headers in 164 bytes (1 switches on core 0) [pid: 7|app: 0|req: 695/1286] 10.0.0.131 () {32 vars in 724 bytes} [Wed Feb 25 23:28:23 2026] DELETE /v2.0/subnets/859f4732-0b0f-46b8-8ca4-c533e0866899 => generated 0 bytes in 173 msecs (HTTP/1.1 204) 3 headers in 131 bytes (1 switches on core 0)
2026-02-25 23:28:24.074 8 INFO neutron_taas.services.taas.taas_plugin [None req-5874238c-feaa-4c99-b349-5b352360dd0f 651afe41ee1f4513b2a96e215d1b0141 77b089861a81424b89b25dc70919e569 - - default default] TaaS: Handle Delete Port: c1cb4580-dac0-4126-b8c1-4bdda48f5f9c
2026-02-25 23:28:24.078 8 INFO neutron_taas.services.taas.tap_mirror_plugin [None req-5874238c-feaa-4c99-b349-5b352360dd0f 651afe41ee1f4513b2a96e215d1b0141 77b089861a81424b89b25dc70919e569 - - default default] Tap Mirror: Handle Delete Port: c1cb4580-dac0-4126-b8c1-4bdda48f5f9c
2026-02-25 23:28:24.310 7 INFO neutron.db.ovn_revision_numbers_db [None req-1ae5325d-5402-4dea-9928-db0b0210460b e7b68a33ab3642749ea1945df305f805 6410c53666e8489091ede250ff99c9bf - - default default] Successfully bumped revision number for resource cb71faf2-94c1-4984-a0bb-038f5ccb617f (type: security_groups) to 1
2026-02-25 23:28:24.321 8 INFO neutron.services.segments.plugin [-] Segment 55e0781d-13d0-44a1-ae72-d1efc94c7a39 resource provider aggregate not found
2026-02-25 23:28:24.325 7 INFO neutron.db.ovn_revision_numbers_db [None req-1ae5325d-5402-4dea-9928-db0b0210460b e7b68a33ab3642749ea1945df305f805 6410c53666e8489091ede250ff99c9bf - - default default] Successfully bumped revision number for resource 2cbb29ed-fa11-4948-a6dd-a0a9cc88a9df (type: security_group_rules) to 0
2026-02-25 23:28:24.328 8 INFO neutron.services.segments.plugin [-] Segment 55e0781d-13d0-44a1-ae72-d1efc94c7a39 resource provider aggregate not found
2026-02-25 23:28:24.336 7 INFO neutron.db.ovn_revision_numbers_db [None req-1ae5325d-5402-4dea-9928-db0b0210460b e7b68a33ab3642749ea1945df305f805 6410c53666e8489091ede250ff99c9bf - - default default] Successfully bumped revision number for resource 58bf8a8a-6ee1-449f-8fd2-98707ebe5d34 (type: security_group_rules) to 0
2026-02-25 23:28:24.348 8 INFO neutron.services.segments.plugin [-] Segment 55e0781d-13d0-44a1-ae72-d1efc94c7a39 resource provider not found; error: Placement Client Error (4xx): {"errors": [{"status": 404, "title": "Not Found", "detail": "The resource could not be found.\n\n No resource provider with uuid 55e0781d-13d0-44a1-ae72-d1efc94c7a39 found for delete ", "request_id": "req-3db64bba-2e04-42ac-a8f5-9b3250d03af2"}]}
2026-02-25 23:28:24.352 8 INFO neutron.services.segments.plugin [-] Segment 55e0781d-13d0-44a1-ae72-d1efc94c7a39 resource provider not found; error: Placement Client Error (4xx): {"errors": [{"status": 404, "title": "Not Found", "detail": "The resource could not be found.\n\n No resource provider with uuid 55e0781d-13d0-44a1-ae72-d1efc94c7a39 found for delete ", "request_id": "req-167d072c-ad44-472b-b7f2-5ceb7041795d"}]} [pid: 7|app: 0|req: 696/1287] 10.0.0.131 () {34 vars in 685 bytes} [Wed Feb 25 23:28:24 2026] POST /v2.0/security-groups => generated 1660 bytes in 250 msecs (HTTP/1.1 201) 4 headers in 163 bytes (1 switches on core 0) [pid: 8|app: 0|req: 592/1288] 10.0.0.131 () {32 vars in 726 bytes} [Wed Feb 25 23:28:23 2026] DELETE /v2.0/networks/540f37da-983c-4783-bb92-8e14b799290f => generated 0 bytes in 473 msecs (HTTP/1.1 204) 3 headers in 131 bytes (1 switches on core 0)
2026-02-25 23:28:24.581 7 INFO neutron.db.ovn_revision_numbers_db [None req-223c55cd-a78d-46f4-aae4-9c7078858dc8 e7b68a33ab3642749ea1945df305f805 6410c53666e8489091ede250ff99c9bf - - default default] Successfully bumped revision number for resource 0daceca8-6ef2-4486-b51d-3ca0857ce55d (type: security_group_rules) to 0 [pid: 7|app: 0|req: 697/1289] 10.0.0.131 () {34 vars in 695 bytes} [Wed Feb 25 23:28:24 2026] POST /v2.0/security-group-rules => generated 597 bytes in 223 msecs (HTTP/1.1 201) 4 headers in 162 bytes (1 switches on core 0)
2026-02-25 23:28:24.690 8 WARNING neutron.scheduler.dhcp_agent_scheduler [None req-b9c97092-d2c6-48b3-bb32-321edff8e2ff 651afe41ee1f4513b2a96e215d1b0141 77b089861a81424b89b25dc70919e569 - - default default] No more DHCP agents
2026-02-25 23:28:24.691 8 WARNING neutron.api.rpc.agentnotifiers.dhcp_rpc_agent_api [None req-b9c97092-d2c6-48b3-bb32-321edff8e2ff 651afe41ee1f4513b2a96e215d1b0141 77b089861a81424b89b25dc70919e569 - - default default] Unable to schedule network 2671ba08-a4fb-4d1d-9516-480465a1a8cd: no agents available; will retry on subsequent port and subnet creation events.
2026-02-25 23:28:24.755 7 INFO neutron.db.ovn_revision_numbers_db [None req-68547ad1-5e7d-4b94-976c-86fe361fe54b e7b68a33ab3642749ea1945df305f805 6410c53666e8489091ede250ff99c9bf - - default default] Successfully bumped revision number for resource 40cbe390-e4f6-426d-871c-c5715569a2d4 (type: security_group_rules) to 0 [pid: 7|app: 0|req: 698/1290] 10.0.0.131 () {34 vars in 695 bytes} [Wed Feb 25 23:28:24 2026] POST /v2.0/security-group-rules => generated 602 bytes in 203 msecs (HTTP/1.1 201) 4 headers in 162 bytes (1 switches on core 0)
2026-02-25 23:28:24.850 8 INFO neutron.db.ovn_revision_numbers_db [None req-b9c97092-d2c6-48b3-bb32-321edff8e2ff 651afe41ee1f4513b2a96e215d1b0141 77b089861a81424b89b25dc70919e569 - - default default] Successfully bumped revision number for resource 1ee8be9b-3151-4b9e-b59f-fb31244bf726 (type: ports) to 1 [pid: 8|app: 0|req: 593/1291] 10.0.0.131 () {34 vars in 665 bytes} [Wed Feb 25 23:28:24 2026] POST /v2.0/ports => generated 774 bytes in 459 msecs (HTTP/1.1 201) 4 headers in 162 bytes (1 switches on core 0) /var/lib/openstack/lib/python3.12/site-packages/pycadf/identifier.py:70: UserWarning: Invalid uuid: neutron. To ensure interoperability, identifiers should be a valid uuid. warnings.warn(('Invalid uuid: %s. To ensure interoperability, '
2026-02-25 23:28:25.052 7 WARNING neutron.scheduler.dhcp_agent_scheduler [None req-575c3ddb-f5c4-4e10-9c77-ecffa7c43bca e7b68a33ab3642749ea1945df305f805 6410c53666e8489091ede250ff99c9bf - - default default] No more DHCP agents
2026-02-25 23:28:25.054 7 WARNING neutron.api.rpc.agentnotifiers.dhcp_rpc_agent_api [None req-575c3ddb-f5c4-4e10-9c77-ecffa7c43bca e7b68a33ab3642749ea1945df305f805 6410c53666e8489091ede250ff99c9bf - - default default] Unable to schedule network e078981c-c14b-4235-b815-59bb39f7def1: no agents available; will retry on subsequent port and subnet creation events.
2026-02-25 23:28:25.147 8 INFO neutron.db.ovn_revision_numbers_db [None req-f9aa7f60-f5f5-4836-8388-a21979103dc0 651afe41ee1f4513b2a96e215d1b0141 77b089861a81424b89b25dc70919e569 - - default default] Successfully bumped revision number for resource 1ee8be9b-3151-4b9e-b59f-fb31244bf726 (type: ports) to 2 [pid: 8|app: 0|req: 594/1292] 10.0.0.131 () {34 vars in 737 bytes} [Wed Feb 25 23:28:24 2026] PUT /v2.0/ports/1ee8be9b-3151-4b9e-b59f-fb31244bf726 => generated 752 bytes in 266 msecs (HTTP/1.1 200) 4 headers in 157 bytes (1 switches on core 0) /var/lib/openstack/lib/python3.12/site-packages/pycadf/identifier.py:70: UserWarning: Invalid uuid: neutron. To ensure interoperability, identifiers should be a valid uuid. warnings.warn(('Invalid uuid: %s. To ensure interoperability, ' [pid: 8|app: 0|req: 595/1293] 10.0.0.196 () {34 vars in 990 bytes} [Wed Feb 25 23:28:25 2026] GET /v2.0/ports?device_id=346b0ecb-146a-4862-b1c3-057fccb58096 => generated 1209 bytes in 27 msecs (HTTP/1.1 200) 4 headers in 158 bytes (1 switches on core 0)
2026-02-25 23:28:25.295 8 INFO neutron_taas.services.taas.taas_plugin [None req-439a82a0-a4ca-49f6-bb61-b6b70eb8bc4c 651afe41ee1f4513b2a96e215d1b0141 77b089861a81424b89b25dc70919e569 - - default default] TaaS: Handle Delete Port: 1ee8be9b-3151-4b9e-b59f-fb31244bf726
