2026-02-25 23:30:03.525 7 WARNING neutron.api.rpc.agentnotifiers.dhcp_rpc_agent_api [None req-9e143383-74a5-4c14-b787-79cedaa7457d c15a2f114a23435bb05c21b9592958f8 6d5a68157a694b27975e08253782bd5c - - default default] Unable to schedule network e297355a-bd76-403d-bb49-8b4d9ba5d57b: no agents available; will retry on subsequent port and subnet creation events.
2026-02-25 23:30:03.541 8 INFO neutron.db.ovn_revision_numbers_db [None req-52299293-3a93-4bda-a670-94a4f4142ba5 b3f547192fea491f9253e601a8aa7424 783460fe46e5476c9ad2fbb943249865 - - default default] Successfully bumped revision number for resource 49009b92-2ab8-487d-9512-e6ab6ba2f552 (type: routers) to 7 [pid: 8|app: 0|req: 891/1904] 10.0.0.131 () {34 vars in 742 bytes} [Wed Feb 25 23:30:03 2026] PUT /v2.0/routers/49009b92-2ab8-487d-9512-e6ab6ba2f552 => generated 576 bytes in 302 msecs (HTTP/1.1 200) 4 headers in 157 bytes (1 switches on core 0) [pid: 8|app: 0|req: 892/1905] 10.0.0.131 () {32 vars in 736 bytes} [Wed Feb 25 23:30:03 2026] GET /v2.0/ports?device_id=49009b92-2ab8-487d-9512-e6ab6ba2f552 => generated 12 bytes in 23 msecs (HTTP/1.1 200) 4 headers in 156 bytes (1 switches on core 0)
2026-02-25 23:30:03.675 7 INFO neutron.db.ovn_revision_numbers_db [None req-9e143383-74a5-4c14-b787-79cedaa7457d c15a2f114a23435bb05c21b9592958f8 6d5a68157a694b27975e08253782bd5c - - default default] Successfully bumped revision number for resource f1133083-24cf-468a-9a85-f649542b51e4 (type: ports) to 1 [pid: 7|app: 0|req: 1014/1906] 10.0.0.131 () {34 vars in 665 bytes} [Wed Feb 25 23:30:03 2026] POST /v2.0/ports => generated 928 bytes in 437 msecs (HTTP/1.1 201) 4 headers in 162 bytes (1 switches on core 0) [pid: 8|app: 0|req: 893/1907] 10.0.0.131 () {32 vars in 724 bytes} [Wed Feb 25 23:30:03 2026] DELETE /v2.0/routers/49009b92-2ab8-487d-9512-e6ab6ba2f552 => generated 0 bytes in 240 msecs (HTTP/1.1 204) 2 headers in 112 bytes (1 switches on core 0)
2026-02-25 23:30:03.837 7 INFO neutron_taas.services.taas.taas_plugin [None req-bc7dafaf-5c55-4b78-b864-67c93ef36850 c15a2f114a23435bb05c21b9592958f8 6d5a68157a694b27975e08253782bd5c - - default default] TaaS: Handle Delete Port: f1133083-24cf-468a-9a85-f649542b51e4
2026-02-25 23:30:03.839 7 INFO neutron_taas.services.taas.tap_mirror_plugin [None req-bc7dafaf-5c55-4b78-b864-67c93ef36850 c15a2f114a23435bb05c21b9592958f8 6d5a68157a694b27975e08253782bd5c - - default default] Tap Mirror: Handle Delete Port: f1133083-24cf-468a-9a85-f649542b51e4 [pid: 8|app: 0|req: 894/1908] 10.0.0.131 () {32 vars in 717 bytes} [Wed Feb 25 23:30:03 2026] GET /v2.0/ports/7a88d239-f16c-4273-b718-a2845c45b7ca => generated 941 bytes in 26 msecs (HTTP/1.1 200) 4 headers in 157 bytes (1 switches on core 0) [pid: 7|app: 0|req: 1015/1909] 10.0.0.131 () {32 vars in 720 bytes} [Wed Feb 25 23:30:03 2026] DELETE /v2.0/ports/f1133083-24cf-468a-9a85-f649542b51e4 => generated 0 bytes in 287 msecs (HTTP/1.1 204) 3 headers in 131 bytes (1 switches on core 0)
2026-02-25 23:30:04.021 8 INFO neutron.pecan_wsgi.hooks.translation [None req-560e7134-ed48-42a0-9f9e-11c855106b37 c15a2f114a23435bb05c21b9592958f8 6d5a68157a694b27975e08253782bd5c - - default default] GET failed (client error): The resource could not be found. [pid: 8|app: 0|req: 895/1910] 10.0.0.131 () {32 vars in 717 bytes} [Wed Feb 25 23:30:03 2026] GET /v2.0/ports/f1133083-24cf-468a-9a85-f649542b51e4 => generated 132 bytes in 24 msecs (HTTP/1.1 404) 4 headers in 164 bytes (1 switches on core 0) [pid: 7|app: 0|req: 1016/1911] 10.0.0.131 () {32 vars in 724 bytes} [Wed Feb 25 23:30:04 2026] DELETE /v2.0/subnets/a210e429-8d3b-4f67-a407-0c1a0a91f135 => generated 0 bytes in 213 msecs (HTTP/1.1 204) 3 headers in 131 bytes (1 switches on core 0)
2026-02-25 23:30:04.368 8 INFO neutron_taas.services.taas.taas_plugin [None req-a2f35fcc-82f0-4bfc-88ed-a42367d6a955 c15a2f114a23435bb05c21b9592958f8 6d5a68157a694b27975e08253782bd5c - - default default] TaaS: Handle Delete Port: c13c1009-ac07-4c48-bb96-1573b273f2f1
2026-02-25 23:30:04.371 8 INFO neutron_taas.services.taas.tap_mirror_plugin [None req-a2f35fcc-82f0-4bfc-88ed-a42367d6a955 c15a2f114a23435bb05c21b9592958f8 6d5a68157a694b27975e08253782bd5c - - default default] Tap Mirror: Handle Delete Port: c13c1009-ac07-4c48-bb96-1573b273f2f1
2026-02-25 23:30:04.600 8 INFO neutron.services.segments.plugin [-] Segment 1c7aefc9-7d27-41ee-b02f-832bc8e7b834 resource provider aggregate not found
2026-02-25 23:30:04.612 8 INFO neutron.services.segments.plugin [-] Segment 1c7aefc9-7d27-41ee-b02f-832bc8e7b834 resource provider aggregate not found
2026-02-25 23:30:04.622 8 INFO neutron.services.segments.plugin [-] Segment 1c7aefc9-7d27-41ee-b02f-832bc8e7b834 resource provider not found; error: Placement Client Error (4xx): {"errors": [{"status": 404, "title": "Not Found", "detail": "The resource could not be found.\n\n No resource provider with uuid 1c7aefc9-7d27-41ee-b02f-832bc8e7b834 found for delete ", "request_id": "req-609d292b-2d04-4efd-a4ad-0ea8b3781f71"}]}
2026-02-25 23:30:04.640 8 INFO neutron.services.segments.plugin [-] Segment 1c7aefc9-7d27-41ee-b02f-832bc8e7b834 resource provider not found; error: Placement Client Error (4xx): {"errors": [{"status": 404, "title": "Not Found", "detail": "The resource could not be found.\n\n No resource provider with uuid 1c7aefc9-7d27-41ee-b02f-832bc8e7b834 found for delete ", "request_id": "req-d6e96cff-04df-404f-bbef-abe432263e5c"}]} [pid: 8|app: 0|req: 896/1912] 10.0.0.131 () {32 vars in 726 bytes} [Wed Feb 25 23:30:04 2026] DELETE /v2.0/networks/e297355a-bd76-403d-bb49-8b4d9ba5d57b => generated 0 bytes in 449 msecs (HTTP/1.1 204) 3 headers in 131 bytes (1 switches on core 0)
2026-02-25 23:30:04.812 7 INFO neutron.db.ovn_revision_numbers_db [None req-230b1a5d-f2d0-4aaf-b30f-0413b2f7ee67 b67da7dda8114a148d141db8b2971105 f2c0878b6c6d4b12932b7f2527a1a126 - - default default] Successfully bumped revision number for resource 14ff138f-9dc3-4f93-a17d-0977a24f6427 (type: security_groups) to 1
2026-02-25 23:30:04.825 7 INFO neutron.db.ovn_revision_numbers_db [None req-230b1a5d-f2d0-4aaf-b30f-0413b2f7ee67 b67da7dda8114a148d141db8b2971105 f2c0878b6c6d4b12932b7f2527a1a126 - - default default] Successfully bumped revision number for resource 34ff2417-b116-45ff-907a-6eb25a78475b (type: security_group_rules) to 0
2026-02-25 23:30:04.839 7 INFO neutron.db.ovn_revision_numbers_db [None req-230b1a5d-f2d0-4aaf-b30f-0413b2f7ee67 b67da7dda8114a148d141db8b2971105 f2c0878b6c6d4b12932b7f2527a1a126 - - default default] Successfully bumped revision number for resource 5071b8cb-4397-46ef-89ab-653545c58180 (type: security_group_rules) to 0
2026-02-25 23:30:04.851 7 INFO neutron.db.ovn_revision_numbers_db [None req-230b1a5d-f2d0-4aaf-b30f-0413b2f7ee67 b67da7dda8114a148d141db8b2971105 f2c0878b6c6d4b12932b7f2527a1a126 - - default default] Successfully bumped revision number for resource 744a6bae-89d5-44bc-8c91-ecc65ad8f51d (type: security_group_rules) to 0
2026-02-25 23:30:04.864 7 INFO neutron.db.ovn_revision_numbers_db [None req-230b1a5d-f2d0-4aaf-b30f-0413b2f7ee67 b67da7dda8114a148d141db8b2971105 f2c0878b6c6d4b12932b7f2527a1a126 - - default default] Successfully bumped revision number for resource 8fef01ef-a6e9-4b15-8ecc-9ffa15b2790a (type: security_group_rules) to 0 [pid: 7|app: 0|req: 1017/1913] 10.0.0.131 () {32 vars in 774 bytes} [Wed Feb 25 23:30:04 2026] GET /v2.0/security-groups?tenant_id=6d3f6adbd04148e898cfb244366ee8de&name=default => generated 2925 bytes in 483 msecs (HTTP/1.1 200) 4 headers in 158 bytes (1 switches on core 0) [pid: 7|app: 0|req: 1018/1914] 10.0.0.131 () {32 vars in 717 bytes} [Wed Feb 25 23:30:04 2026] GET /v2.0/ports/7a88d239-f16c-4273-b718-a2845c45b7ca => generated 941 bytes in 76 msecs (HTTP/1.1 200) 4 headers in 157 bytes (1 switches on core 0)
2026-02-25 23:30:04.981 8 WARNING neutron.scheduler.dhcp_agent_scheduler [None req-261aa170-9282-4778-af17-dcd2727698ac c15a2f114a23435bb05c21b9592958f8 6d5a68157a694b27975e08253782bd5c - - default default] No more DHCP agents
2026-02-25 23:30:04.982 8 WARNING neutron.api.rpc.agentnotifiers.dhcp_rpc_agent_api [None req-261aa170-9282-4778-af17-dcd2727698ac c15a2f114a23435bb05c21b9592958f8 6d5a68157a694b27975e08253782bd5c - - default default] Unable to schedule network 2ae928b9-cf69-4c29-ace9-61be804950cb: no agents available; will retry on subsequent port and subnet creation events.
2026-02-25 23:30:05.176 8 WARNING neutron.plugins.ml2.drivers.ovn.mech_driver.ovsdb.ovn_client [None req-2fc15552-ba40-4091-99cc-a6e23049dcfb - - - - - -] No hosting information found for port a1dce5b1-aee7-4c9f-a866-d2cbe4b7cff9: RuntimeError: No hosting information found for port a1dce5b1-aee7-4c9f-a866-d2cbe4b7cff9
2026-02-25 23:30:05.623 8 INFO neutron.db.ovn_revision_numbers_db [None req-2fc15552-ba40-4091-99cc-a6e23049dcfb - - - - - -] Successfully bumped revision number for resource a1dce5b1-aee7-4c9f-a866-d2cbe4b7cff9 (type: router_ports) to 2
2026-02-25 23:30:05.625 8 INFO neutron.db.ovn_revision_numbers_db [None req-261aa170-9282-4778-af17-dcd2727698ac c15a2f114a23435bb05c21b9592958f8 6d5a68157a694b27975e08253782bd5c - - default default] Successfully bumped revision number for resource 7bf6d93c-35c6-457e-9b8d-080446efbc4d (type: ports) to 1
2026-02-25 23:30:05.785 8 INFO neutron.plugins.ml2.drivers.ovn.mech_driver.mech_driver [None req-2fc15552-ba40-4091-99cc-a6e23049dcfb - - - - - -] OVN reports status down for port: 7a88d239-f16c-4273-b718-a2845c45b7ca [pid: 8|app: 0|req: 897/1915] 10.0.0.131 () {34 vars in 665 bytes} [Wed Feb 25 23:30:04 2026] POST /v2.0/ports => generated 777 bytes in 1420 msecs (HTTP/1.1 201) 4 headers in 162 bytes (1 switches on core 0) /var/lib/openstack/lib/python3.12/site-packages/pycadf/identifier.py:70: UserWarning: Invalid uuid: neutron. To ensure interoperability, identifiers should be a valid uuid. warnings.warn(('Invalid uuid: %s. To ensure interoperability, '
2026-02-25 23:30:06.174 8 WARNING neutron.plugins.ml2.drivers.ovn.mech_driver.ovsdb.ovn_client [None req-2fc15552-ba40-4091-99cc-a6e23049dcfb - - - - - -] Logical_Switch_Port %s host information not removed, the port state is up
2026-02-25 23:30:06.175 8 INFO neutron.plugins.ml2.drivers.ovn.mech_driver.mech_driver [None req-2fc15552-ba40-4091-99cc-a6e23049dcfb - - - - - -] OVN reports status up for port: 7a88d239-f16c-4273-b718-a2845c45b7ca [pid: 8|app: 0|req: 898/1916] 10.0.0.131 () {32 vars in 717 bytes} [Wed Feb 25 23:30:06 2026] GET /v2.0/ports/7a88d239-f16c-4273-b718-a2845c45b7ca => generated 941 bytes in 81 msecs (HTTP/1.1 200) 4 headers in 157 bytes (1 switches on core 0)
2026-02-25 23:30:06.267 8 INFO neutron.plugins.ml2.plugin [None req-2fc15552-ba40-4091-99cc-a6e23049dcfb - - - - - -] Attempt 1 to provision port 7a88d239-f16c-4273-b718-a2845c45b7ca [pid: 7|app: 0|req: 1019/1917] 10.0.0.131 () {32 vars in 740 bytes} [Wed Feb 25 23:30:04 2026] DELETE /v2.0/security-groups/14ff138f-9dc3-4f93-a17d-0977a24f6427 => generated 0 bytes in 1719 msecs (HTTP/1.1 204) 2 headers in 112 bytes (1 switches on core 0)
2026-02-25 23:30:07.122 8 INFO neutron.db.ovn_revision_numbers_db [None req-6ec4da0f-7954-42bf-80d9-cdab875dfd5a c15a2f114a23435bb05c21b9592958f8 6d5a68157a694b27975e08253782bd5c - - default default] Successfully bumped revision number for resource 7bf6d93c-35c6-457e-9b8d-080446efbc4d (type: ports) to 2 [pid: 8|app: 0|req: 899/1918] 10.0.0.131 () {34 vars in 737 bytes} [Wed Feb 25 23:30:06 2026] PUT /v2.0/ports/7bf6d93c-35c6-457e-9b8d-080446efbc4d => generated 752 bytes in 949 msecs (HTTP/1.1 200) 4 headers in 157 bytes (1 switches on core 0) /var/lib/openstack/lib/python3.12/site-packages/pycadf/identifier.py:70: UserWarning: Invalid uuid: neutron. To ensure interoperability, identifiers should be a valid uuid. warnings.warn(('Invalid uuid: %s. To ensure interoperability, '
2026-02-25 23:30:07.351 7 INFO neutron.db.ovn_revision_numbers_db [None req-561e8a09-f7f0-4a9e-9e88-aff01fa4126e b67da7dda8114a148d141db8b2971105 f2c0878b6c6d4b12932b7f2527a1a126 - - default default] Successfully bumped revision number for resource aa3dc604-db08-48ee-8c7b-5480f83c235b (type: security_groups) to 1
2026-02-25 23:30:07.410 7 INFO neutron.db.ovn_revision_numbers_db [None req-561e8a09-f7f0-4a9e-9e88-aff01fa4126e b67da7dda8114a148d141db8b2971105 f2c0878b6c6d4b12932b7f2527a1a126 - - default default] Successfully bumped revision number for resource 404147a4-1aac-4019-abb7-188b65b024a9 (type: security_group_rules) to 0
2026-02-25 23:30:07.427 7 INFO neutron.db.ovn_revision_numbers_db [None req-561e8a09-f7f0-4a9e-9e88-aff01fa4126e b67da7dda8114a148d141db8b2971105 f2c0878b6c6d4b12932b7f2527a1a126 - - default default] Successfully bumped revision number for resource 7328f774-34d1-4f91-9787-feeb6383a9cc (type: security_group_rules) to 0
2026-02-25 23:30:07.433 8 INFO neutron_taas.services.taas.taas_plugin [None req-295cf5d4-f99a-42f4-b14f-38505fd11f26 c15a2f114a23435bb05c21b9592958f8 6d5a68157a694b27975e08253782bd5c - - default default] TaaS: Handle Delete Port: 7bf6d93c-35c6-457e-9b8d-080446efbc4d
2026-02-25 23:30:07.446 8 INFO neutron_taas.services.taas.tap_mirror_plugin [None req-295cf5d4-f99a-42f4-b14f-38505fd11f26 c15a2f114a23435bb05c21b9592958f8 6d5a68157a694b27975e08253782bd5c - - default default] Tap Mirror: Handle Delete Port: 7bf6d93c-35c6-457e-9b8d-080446efbc4d
2026-02-25 23:30:07.477 7 INFO neutron.db.ovn_revision_numbers_db [None req-561e8a09-f7f0-4a9e-9e88-aff01fa4126e b67da7dda8114a148d141db8b2971105 f2c0878b6c6d4b12932b7f2527a1a126 - - default default] Successfully bumped revision number for resource b9afae16-0c8d-453b-92b9-e3a474895a55 (type: security_group_rules) to 0
2026-02-25 23:30:07.493 7 INFO neutron.db.ovn_revision_numbers_db [None req-561e8a09-f7f0-4a9e-9e88-aff01fa4126e b67da7dda8114a148d141db8b2971105 f2c0878b6c6d4b12932b7f2527a1a126 - - default default] Successfully bumped revision number for resource d325803b-3a5e-49be-88b6-9122bd8b3b02 (type: security_group_rules) to 0
2026-02-25 23:30:07.501 8 INFO neutron.db.ovn_revision_numbers_db [None req-2fc15552-ba40-4091-99cc-a6e23049dcfb - - - - - -] Successfully bumped revision number for resource 7a88d239-f16c-4273-b718-a2845c45b7ca (type: ports) to 2 [pid: 7|app: 0|req: 1020/1919] 10.0.0.131 () {32 vars in 774 bytes} [Wed Feb 25 23:30:07 2026] GET /v2.0/security-groups?tenant_id=783460fe46e5476c9ad2fbb943249865&name=default => generated 2925 bytes in 544 msecs (HTTP/1.1 200) 4 headers in 158 bytes (1 switches on core 0) [pid: 7|app: 0|req: 1021/1920] 10.0.0.131 () {32 vars in 717 bytes} [Wed Feb 25 23:30:07 2026] GET /v2.0/ports/7a88d239-f16c-4273-b718-a2845c45b7ca => generated 943 bytes in 55 msecs (HTTP/1.1 200) 4 headers in 157 bytes (1 switches on core 0) [pid: 8|app: 0|req: 900/1921] 10.0.0.131 () {32 vars in 720 bytes} [Wed Feb 25 23:30:07 2026] DELETE /v2.0/ports/7bf6d93c-35c6-457e-9b8d-080446efbc4d => generated 0 bytes in 625 msecs (HTTP/1.1 204) 3 headers in 131 bytes (1 switches on core 0) [pid: 7|app: 0|req: 1022/1922] 10.0.0.131 () {32 vars in 740 bytes} [Wed Feb 25 23:30:07 2026] DELETE /v2.0/security-groups/aa3dc604-db08-48ee-8c7b-5480f83c235b => generated 0 bytes in 322 msecs (HTTP/1.1 204) 2 headers in 112 bytes (1 switches on core 0) [pid: 7|app: 0|req: 1023/1923] 10.0.0.131 () {32 vars in 643 bytes} [Wed Feb 25 23:30:07 2026] GET /v2.0/ports => generated 1536 bytes in 75 msecs (HTTP/1.1 200) 4 headers in 158 bytes (1 switches on core 0)
2026-02-25 23:30:08.138 8 INFO neutron_taas.services.taas.taas_plugin [None req-20d95451-0e54-4fef-864c-73b4d7a49743 3709ef8ce69a4b12aa0d9c39ea3b6f79 a694fabc63d44ddba3b0582c7655d3f9 - - default default] TaaS: Handle Delete Port: 7a88d239-f16c-4273-b718-a2845c45b7ca
2026-02-25 23:30:08.140 8 INFO neutron_taas.services.taas.tap_mirror_plugin [None req-20d95451-0e54-4fef-864c-73b4d7a49743 3709ef8ce69a4b12aa0d9c39ea3b6f79 a694fabc63d44ddba3b0582c7655d3f9 - - default default] Tap Mirror: Handle Delete Port: 7a88d239-f16c-4273-b718-a2845c45b7ca
2026-02-25 23:30:08.493 7 INFO neutron.db.ovn_revision_numbers_db [None req-f619fa4f-a4b2-498b-8d57-3dc604f724a9 338eadffa1fb499aba83ca10175a0849 89557d0b7c3247df8e1bd79d7dde7602 - - default default] Successfully bumped revision number for resource b8290b8a-4021-4bce-9a8f-32d712b53b19 (type: security_groups) to 1
2026-02-25 23:30:08.505 7 INFO neutron.db.ovn_revision_numbers_db [None req-f619fa4f-a4b2-498b-8d57-3dc604f724a9 338eadffa1fb499aba83ca10175a0849 89557d0b7c3247df8e1bd79d7dde7602 - - default default] Successfully bumped revision number for resource 2af859bf-8c0b-4ebf-9ef5-8bf76a21d0d3 (type: security_group_rules) to 0
2026-02-25 23:30:08.517 7 INFO neutron.db.ovn_revision_numbers_db [None req-f619fa4f-a4b2-498b-8d57-3dc604f724a9 338eadffa1fb499aba83ca10175a0849 89557d0b7c3247df8e1bd79d7dde7602 - - default default] Successfully bumped revision number for resource 351eaebb-e8ab-4480-a599-9d802f53716b (type: security_group_rules) to 0
2026-02-25 23:30:08.536 7 INFO neutron.db.ovn_revision_numbers_db [None req-f619fa4f-a4b2-498b-8d57-3dc604f724a9 338eadffa1fb499aba83ca10175a0849 89557d0b7c3247df8e1bd79d7dde7602 - - default default] Successfully bumped revision number for resource 56b1b188-4f1f-4df4-9e10-1b470fe1c199 (type: security_group_rules) to 0
2026-02-25 23:30:08.550 7 INFO neutron.db.ovn_revision_numbers_db [None req-f619fa4f-a4b2-498b-8d57-3dc604f724a9 338eadffa1fb499aba83ca10175a0849 89557d0b7c3247df8e1bd79d7dde7602 - - default default] Successfully bumped revision number for resource e09b6240-54d2-4063-b5a6-f2edb2bd3ade (type: security_group_rules) to 0 [pid: 8|app: 0|req: 901/1924] 10.0.0.131 () {34 vars in 789 bytes} [Wed Feb 25 23:30:07 2026] PUT /v2.0/routers/3186b30f-1dbf-439a-8a88-f6809c677db6/remove_router_interface => generated 309 bytes in 861 msecs (HTTP/1.1 200) 4 headers in 157 bytes (1 switches on core 0) /var/lib/openstack/lib/python3.12/site-packages/pycadf/identifier.py:70: UserWarning: Invalid uuid: neutron. To ensure interoperability, identifiers should be a valid uuid. warnings.warn(('Invalid uuid: %s. To ensure interoperability, '
2026-02-25 23:30:08.649 7 INFO neutron.db.segments_db [None req-f619fa4f-a4b2-498b-8d57-3dc604f724a9 338eadffa1fb499aba83ca10175a0849 89557d0b7c3247df8e1bd79d7dde7602 - - default default] Added segment 5d53cdbd-a823-446f-95cb-97d100636ea4 of type geneve for network 033e9e37-5961-4770-997e-53ea6c93cf49
2026-02-25 23:30:08.665 8 INFO neutron.pecan_wsgi.hooks.translation [None req-1dab83a9-31c2-450a-8475-5b37e75556b7 c15a2f114a23435bb05c21b9592958f8 6d5a68157a694b27975e08253782bd5c - - default default] GET failed (client error): The resource could not be found. [pid: 8|app: 0|req: 902/1925] 10.0.0.131 () {32 vars in 717 bytes} [Wed Feb 25 23:30:08 2026] GET /v2.0/ports/7bf6d93c-35c6-457e-9b8d-080446efbc4d => generated 132 bytes in 20 msecs (HTTP/1.1 404) 4 headers in 164 bytes (1 switches on core 0) [pid: 8|app: 0|req: 905/1928] 10.0.0.131 () {32 vars in 717 bytes} [Wed Feb 25 23:30:08 2026] GET /v2.0/ports/a1dce5b1-aee7-4c9f-a866-d2cbe4b7cff9 => generated 943 bytes in 84 msecs (HTTP/1.1 200) 4 headers in 157 bytes (1 switches on core 0)
2026-02-25 23:30:08.778 7 INFO neutron.db.ovn_revision_numbers_db [None req-f619fa4f-a4b2-498b-8d57-3dc604f724a9 338eadffa1fb499aba83ca10175a0849 89557d0b7c3247df8e1bd79d7dde7602 - - default default] Successfully bumped revision number for resource 033e9e37-5961-4770-997e-53ea6c93cf49 (type: networks) to 1 [pid: 8|app: 0|req: 906/1929] 10.0.0.131 () {32 vars in 643 bytes} [Wed Feb 25 23:30:08 2026] GET /v2.0/ports => generated 1536 bytes in 60 msecs (HTTP/1.1 200) 4 headers in 158 bytes (1 switches on core 0)
2026-02-25 23:30:08.984 7 WARNING neutron.scheduler.dhcp_agent_scheduler [None req-f619fa4f-a4b2-498b-8d57-3dc604f724a9 338eadffa1fb499aba83ca10175a0849 89557d0b7c3247df8e1bd79d7dde7602 - - default default] No more DHCP agents
2026-02-25 23:30:08.986 7 WARNING neutron.api.rpc.agentnotifiers.dhcp_rpc_agent_api [None req-f619fa4f-a4b2-498b-8d57-3dc604f724a9 338eadffa1fb499aba83ca10175a0849 89557d0b7c3247df8e1bd79d7dde7602 - - default default] Unable to schedule network 033e9e37-5961-4770-997e-53ea6c93cf49: no agents available; will retry on subsequent port and subnet creation events.
2026-02-25 23:30:09.085 7 INFO neutron.db.ovn_revision_numbers_db [None req-f619fa4f-a4b2-498b-8d57-3dc604f724a9 338eadffa1fb499aba83ca10175a0849 89557d0b7c3247df8e1bd79d7dde7602 - - default default] Successfully bumped revision number for resource 1264fb69-abae-4efd-9ec8-217ff574c2db (type: ports) to 1 [pid: 7|app: 0|req: 1024/1930] 10.0.0.131 () {34 vars in 670 bytes} [Wed Feb 25 23:30:08 2026] POST /v2.0/networks => generated 749 bytes in 1096 msecs (HTTP/1.1 201) 4 headers in 162 bytes (1 switches on core 0) [pid: 7|app: 0|req: 1025/1931] 10.0.0.131 () {32 vars in 717 bytes} [Wed Feb 25 23:30:09 2026] GET /v2.0/ports/87eb2da1-002e-4a80-9620-d5dd4cac8f7f => generated 777 bytes in 39 msecs (HTTP/1.1 200) 4 headers in 157 bytes (1 switches on core 0)
2026-02-25 23:30:09.156 8 INFO neutron_taas.services.taas.taas_plugin [None req-8bcbcbb0-2a9e-4a5d-b2a3-19ea8d616a7a 3709ef8ce69a4b12aa0d9c39ea3b6f79 a694fabc63d44ddba3b0582c7655d3f9 - - default default] TaaS: Handle Delete Port: a1dce5b1-aee7-4c9f-a866-d2cbe4b7cff9
2026-02-25 23:30:09.159 8 INFO neutron_taas.services.taas.tap_mirror_plugin [None req-8bcbcbb0-2a9e-4a5d-b2a3-19ea8d616a7a 3709ef8ce69a4b12aa0d9c39ea3b6f79 a694fabc63d44ddba3b0582c7655d3f9 - - default default] Tap Mirror: Handle Delete Port: a1dce5b1-aee7-4c9f-a866-d2cbe4b7cff9
2026-02-25 23:30:09.289 7 WARNING neutron.scheduler.dhcp_agent_scheduler [None req-37c5143f-4d96-47fb-97c2-67927a7df591 338eadffa1fb499aba83ca10175a0849 89557d0b7c3247df8e1bd79d7dde7602 - - default default] No more DHCP agents
2026-02-25 23:30:09.290 7 WARNING neutron.api.rpc.agentnotifiers.dhcp_rpc_agent_api [None req-37c5143f-4d96-47fb-97c2-67927a7df591 338eadffa1fb499aba83ca10175a0849 89557d0b7c3247df8e1bd79d7dde7602 - - default default] Unable to schedule network 033e9e37-5961-4770-997e-53ea6c93cf49: no agents available; will retry on subsequent port and subnet creation events. [pid: 8|app: 0|req: 907/1932] 10.0.0.131 () {34 vars in 789 bytes} [Wed Feb 25 23:30:08 2026] PUT /v2.0/routers/3186b30f-1dbf-439a-8a88-f6809c677db6/remove_router_interface => generated 309 bytes in 1379 msecs (HTTP/1.1 200) 4 headers in 157 bytes (1 switches on core 0) /var/lib/openstack/lib/python3.12/site-packages/pycadf/identifier.py:70: UserWarning: Invalid uuid: neutron. To ensure interoperability, identifiers should be a valid uuid. warnings.warn(('Invalid uuid: %s. To ensure interoperability, '
2026-02-25 23:30:10.220 8 INFO neutron.pecan_wsgi.hooks.translation [None req-d2edad9f-db12-4144-9c38-1953508358b9 c15a2f114a23435bb05c21b9592958f8 6d5a68157a694b27975e08253782bd5c - - default default] DELETE failed (client error): The resource could not be found. [pid: 8|app: 0|req: 908/1933] 10.0.0.131 () {32 vars in 720 bytes} [Wed Feb 25 23:30:10 2026] DELETE /v2.0/ports/f1133083-24cf-468a-9a85-f649542b51e4 => generated 132 bytes in 30 msecs (HTTP/1.1 404) 4 headers in 164 bytes (1 switches on core 0)
2026-02-25 23:30:10.268 7 INFO neutron.db.ovn_revision_numbers_db [None req-f46d847b-455d-49cc-8a30-e9209e598ba6 - - - - - -] Successfully bumped revision number for resource 1264fb69-abae-4efd-9ec8-217ff574c2db (type: ports) to 2
2026-02-25 23:30:10.319 7 INFO neutron.db.ovn_revision_numbers_db [None req-f46d847b-455d-49cc-8a30-e9209e598ba6 - - - - - -] Successfully bumped revision number for resource 94e4e8e8-43af-4d91-9431-384f1a4baf1e (type: subnets) to 0 [pid: 7|app: 0|req: 1026/1934] 10.0.0.131 () {34 vars in 669 bytes} [Wed Feb 25 23:30:09 2026] POST /v2.0/subnets => generated 644 bytes in 1322 msecs (HTTP/1.1 201) 4 headers in 162 bytes (1 switches on core 0)
2026-02-25 23:30:10.483 7 INFO neutron.pecan_wsgi.hooks.translation [None req-050d9f7a-d25f-431f-b3f1-4ede79ffab96 c15a2f114a23435bb05c21b9592958f8 6d5a68157a694b27975e08253782bd5c - - default default] DELETE failed (client error): The resource could not be found. [pid: 7|app: 0|req: 1027/1935] 10.0.0.131 () {32 vars in 724 bytes} [Wed Feb 25 23:30:10 2026] DELETE /v2.0/subnets/a210e429-8d3b-4f67-a407-0c1a0a91f135 => generated 136 bytes in 16 msecs (HTTP/1.1 404) 4 headers in 164 bytes (1 switches on core 0)
2026-02-25 23:30:10.493 7 WARNING neutron.api.v2.base [None req-bd4167ae-3f30-4061-ad15-a6c37397054e 338eadffa1fb499aba83ca10175a0849 89557d0b7c3247df8e1bd79d7dde7602 - - default default] An exception happened while processing the request body. The exception message is [Invalid input for target_tenant. Reason: 'None' is not a valid string.].: webob.exc.HTTPBadRequest: Invalid input for target_tenant. Reason: 'None' is not a valid string.
2026-02-25 23:30:10.494 7 INFO neutron.api.v2.resource [None req-bd4167ae-3f30-4061-ad15-a6c37397054e 338eadffa1fb499aba83ca10175a0849 89557d0b7c3247df8e1bd79d7dde7602 - - default default] create failed (client error): Invalid input for target_tenant. Reason: 'None' is not a valid string. [pid: 7|app: 0|req: 1028/1936] 10.0.0.131 () {34 vars in 681 bytes} [Wed Feb 25 23:30:10 2026] POST /v2.0/rbac-policies => generated 143 bytes in 7 msecs (HTTP/1.1 400) 4 headers in 166 bytes (1 switches on core 0)
2026-02-25 23:30:10.524 7 INFO neutron.pecan_wsgi.hooks.translation [None req-e1e66ad9-bfbb-4e02-9f18-cdb05af1adeb c15a2f114a23435bb05c21b9592958f8 6d5a68157a694b27975e08253782bd5c - - default default] DELETE failed (client error): The resource could not be found. [pid: 7|app: 0|req: 1029/1937] 10.0.0.131 () {32 vars in 724 bytes} [Wed Feb 25 23:30:10 2026] DELETE /v2.0/subnets/5c630d27-a839-4c17-a18a-652cd9291393 => generated 136 bytes in 27 msecs (HTTP/1.1 404) 4 headers in 164 bytes (1 switches on core 0)
2026-02-25 23:30:10.737 7 INFO neutron_taas.services.taas.taas_plugin [None req-9c5681c5-a17e-4c3a-875f-752fe04572c5 338eadffa1fb499aba83ca10175a0849 89557d0b7c3247df8e1bd79d7dde7602 - - default default] TaaS: Handle Delete Port: 1264fb69-abae-4efd-9ec8-217ff574c2db
2026-02-25 23:30:10.740 7 INFO neutron_taas.services.taas.tap_mirror_plugin [None req-9c5681c5-a17e-4c3a-875f-752fe04572c5 338eadffa1fb499aba83ca10175a0849 89557d0b7c3247df8e1bd79d7dde7602 - - default default] Tap Mirror: Handle Delete Port: 1264fb69-abae-4efd-9ec8-217ff574c2db [pid: 8|app: 0|req: 909/1938] 10.0.0.131 () {32 vars in 736 bytes} [Wed Feb 25 23:30:10 2026] GET /v2.0/ports?device_id=3186b30f-1dbf-439a-8a88-f6809c677db6 => generated 12 bytes in 800 msecs (HTTP/1.1 200) 4 headers in 156 bytes (1 switches on core 0)
2026-02-25 23:30:11.229 8 INFO neutron_taas.services.taas.taas_plugin [None req-2e8f9ec6-7847-4fac-9349-2ca9e8283741 c15a2f114a23435bb05c21b9592958f8 6d5a68157a694b27975e08253782bd5c - - default default] TaaS: Handle Delete Port: 87eb2da1-002e-4a80-9620-d5dd4cac8f7f
2026-02-25 23:30:11.232 8 INFO neutron_taas.services.taas.tap_mirror_plugin [None req-2e8f9ec6-7847-4fac-9349-2ca9e8283741 c15a2f114a23435bb05c21b9592958f8 6d5a68157a694b27975e08253782bd5c - - default default] Tap Mirror: Handle Delete Port: 87eb2da1-002e-4a80-9620-d5dd4cac8f7f [pid: 8|app: 0|req: 910/1939] 10.0.0.131 () {32 vars in 720 bytes} [Wed Feb 25 23:30:11 2026] DELETE /v2.0/ports/87eb2da1-002e-4a80-9620-d5dd4cac8f7f => generated 0 bytes in 514 msecs (HTTP/1.1 204) 3 headers in 131 bytes (1 switches on core 0)
2026-02-25 23:30:11.565 7 INFO neutron.services.segments.plugin [-] Segment 5d53cdbd-a823-446f-95cb-97d100636ea4 resource provider aggregate not found
2026-02-25 23:30:11.571 7 INFO neutron.services.segments.plugin [-] Segment 5d53cdbd-a823-446f-95cb-97d100636ea4 resource provider aggregate not found
2026-02-25 23:30:11.584 7 INFO neutron.services.segments.plugin [-] Segment 5d53cdbd-a823-446f-95cb-97d100636ea4 resource provider not found; error: Placement Client Error (4xx): {"errors": [{"status": 404, "title": "Not Found", "detail": "The resource could not be found.\n\n No resource provider with uuid 5d53cdbd-a823-446f-95cb-97d100636ea4 found for delete ", "request_id": "req-ad0f81a7-2ddf-4d57-aae1-2b3c08b57064"}]}
2026-02-25 23:30:11.591 7 INFO neutron.services.segments.plugin [-] Segment 5d53cdbd-a823-446f-95cb-97d100636ea4 resource provider not found; error: Placement Client Error (4xx): {"errors": [{"status": 404, "title": "Not Found", "detail": "The resource could not be found.\n\n No resource provider with uuid 5d53cdbd-a823-446f-95cb-97d100636ea4 found for delete ", "request_id": "req-270bd785-2331-46c0-92c1-bfcf74a3c7ce"}]} [pid: 7|app: 0|req: 1030/1940] 10.0.0.131 () {32 vars in 726 bytes} [Wed Feb 25 23:30:10 2026] DELETE /v2.0/networks/033e9e37-5961-4770-997e-53ea6c93cf49 => generated 0 bytes in 1233 msecs (HTTP/1.1 204) 3 headers in 131 bytes (1 switches on core 0) [pid: 8|app: 0|req: 911/1941] 10.0.0.131 () {32 vars in 724 bytes} [Wed Feb 25 23:30:11 2026] DELETE /v2.0/routers/3186b30f-1dbf-439a-8a88-f6809c677db6 => generated 0 bytes in 287 msecs (HTTP/1.1 204) 2 headers in 112 bytes (1 switches on core 0)
2026-02-25 23:30:11.923 7 INFO neutron_taas.services.taas.taas_plugin [None req-8a325a58-3d8e-4d90-aa22-b5f3fa31b577 c15a2f114a23435bb05c21b9592958f8 6d5a68157a694b27975e08253782bd5c - - default default] TaaS: Handle Delete Port: abff3e01-687c-4194-b7a2-5837305432c8
2026-02-25 23:30:11.926 7 INFO neutron_taas.services.taas.tap_mirror_plugin [None req-8a325a58-3d8e-4d90-aa22-b5f3fa31b577 c15a2f114a23435bb05c21b9592958f8 6d5a68157a694b27975e08253782bd5c - - default default] Tap Mirror: Handle Delete Port: abff3e01-687c-4194-b7a2-5837305432c8
2026-02-25 23:30:12.165 8 INFO neutron.db.ovn_revision_numbers_db [None req-a45f7b52-86a7-410e-9d5f-a237bda8b555 7f61c74573f94884a9444a53e307a8a1 2f2a07268029420f87eb9c85dbfd43c2 - - default default] Successfully bumped revision number for resource 420fb2f0-f609-4b18-9c77-59e2fc3b2bfa (type: security_groups) to 1
2026-02-25 23:30:12.177 8 INFO neutron.db.ovn_revision_numbers_db [None req-a45f7b52-86a7-410e-9d5f-a237bda8b555 7f61c74573f94884a9444a53e307a8a1 2f2a07268029420f87eb9c85dbfd43c2 - - default default] Successfully bumped revision number for resource 85ef12e5-eee2-4189-91fe-db685f15ea0c (type: security_group_rules) to 0
2026-02-25 23:30:12.189 8 INFO neutron.db.ovn_revision_numbers_db [None req-a45f7b52-86a7-410e-9d5f-a237bda8b555 7f61c74573f94884a9444a53e307a8a1 2f2a07268029420f87eb9c85dbfd43c2 - - default default] Successfully bumped revision number for resource 963c3209-04f5-4779-849a-c15a6f54cab4 (type: security_group_rules) to 0
2026-02-25 23:30:12.204 8 INFO neutron.db.ovn_revision_numbers_db [None req-a45f7b52-86a7-410e-9d5f-a237bda8b555 7f61c74573f94884a9444a53e307a8a1 2f2a07268029420f87eb9c85dbfd43c2 - - default default] Successfully bumped revision number for resource b2333bc9-9974-4890-aa54-297b9ca85f85 (type: security_group_rules) to 0
2026-02-25 23:30:12.235 8 INFO neutron.db.ovn_revision_numbers_db [None req-a45f7b52-86a7-410e-9d5f-a237bda8b555 7f61c74573f94884a9444a53e307a8a1 2f2a07268029420f87eb9c85dbfd43c2 - - default default] Successfully bumped revision number for resource ba0a056c-58bb-4a6a-a108-319fff41c993 (type: security_group_rules) to 0 [pid: 7|app: 0|req: 1031/1942] 10.0.0.131 () {32 vars in 726 bytes} [Wed Feb 25 23:30:11 2026] DELETE /v2.0/networks/2ae928b9-cf69-4c29-ace9-61be804950cb => generated 0 bytes in 486 msecs (HTTP/1.1 204) 3 headers in 131 bytes (1 switches on core 0)
2026-02-25 23:30:12.325 8 INFO neutron.db.segments_db [None req-a45f7b52-86a7-410e-9d5f-a237bda8b555 7f61c74573f94884a9444a53e307a8a1 2f2a07268029420f87eb9c85dbfd43c2 - - default default] Added segment 40ff0296-c990-43c0-b559-98be81bcbb70 of type geneve for network 8eb4f4bc-cb66-4bf4-a0f9-afc736b5dca9
2026-02-25 23:30:12.357 7 INFO neutron.db.segments_db [None req-7dff6b3c-777b-46db-8b06-bb03e637294e 338eadffa1fb499aba83ca10175a0849 89557d0b7c3247df8e1bd79d7dde7602 - - default default] Added segment 15d82049-4183-40bf-a423-7361b589d681 of type geneve for network cdfb82c3-8f29-43cb-bd22-507340cf9b4e
2026-02-25 23:30:12.471 8 INFO neutron.db.ovn_revision_numbers_db [None req-a45f7b52-86a7-410e-9d5f-a237bda8b555 7f61c74573f94884a9444a53e307a8a1 2f2a07268029420f87eb9c85dbfd43c2 - - default default] Successfully bumped revision number for resource 8eb4f4bc-cb66-4bf4-a0f9-afc736b5dca9 (type: networks) to 1
2026-02-25 23:30:12.528 7 INFO neutron.db.ovn_revision_numbers_db [None req-7dff6b3c-777b-46db-8b06-bb03e637294e 338eadffa1fb499aba83ca10175a0849 89557d0b7c3247df8e1bd79d7dde7602 - - default default] Successfully bumped revision number for resource cdfb82c3-8f29-43cb-bd22-507340cf9b4e (type: networks) to 1
2026-02-25 23:30:12.766 8 WARNING neutron.scheduler.dhcp_agent_scheduler [None req-a45f7b52-86a7-410e-9d5f-a237bda8b555 7f61c74573f94884a9444a53e307a8a1 2f2a07268029420f87eb9c85dbfd43c2 - - default default] No more DHCP agents
2026-02-25 23:30:12.768 8 WARNING neutron.api.rpc.agentnotifiers.dhcp_rpc_agent_api [None req-a45f7b52-86a7-410e-9d5f-a237bda8b555 7f61c74573f94884a9444a53e307a8a1 2f2a07268029420f87eb9c85dbfd43c2 - - default default] Unable to schedule network 8eb4f4bc-cb66-4bf4-a0f9-afc736b5dca9: no agents available; will retry on subsequent port and subnet creation events.
2026-02-25 23:30:12.774 7 WARNING neutron.scheduler.dhcp_agent_scheduler [None req-7dff6b3c-777b-46db-8b06-bb03e637294e 338eadffa1fb499aba83ca10175a0849 89557d0b7c3247df8e1bd79d7dde7602 - - default default] No more DHCP agents
2026-02-25 23:30:12.776 7 WARNING neutron.api.rpc.agentnotifiers.dhcp_rpc_agent_api [None req-7dff6b3c-777b-46db-8b06-bb03e637294e 338eadffa1fb499aba83ca10175a0849 89557d0b7c3247df8e1bd79d7dde7602 - - default default] Unable to schedule network cdfb82c3-8f29-43cb-bd22-507340cf9b4e: no agents available; will retry on subsequent port and subnet creation events.
2026-02-25 23:30:12.929 8 INFO neutron.db.ovn_revision_numbers_db [None req-a45f7b52-86a7-410e-9d5f-a237bda8b555 7f61c74573f94884a9444a53e307a8a1 2f2a07268029420f87eb9c85dbfd43c2 - - default default] Successfully bumped revision number for resource 72e942f4-e88b-4fe7-8de2-b25272dd81c6 (type: ports) to 1
2026-02-25 23:30:12.944 7 INFO neutron.db.ovn_revision_numbers_db [None req-7dff6b3c-777b-46db-8b06-bb03e637294e 338eadffa1fb499aba83ca10175a0849 89557d0b7c3247df8e1bd79d7dde7602 - - default default] Successfully bumped revision number for resource b1a7e354-1da3-444a-9656-00f4cd5375a8 (type: ports) to 1 [pid: 8|app: 0|req: 912/1943] 10.0.0.131 () {34 vars in 670 bytes} [Wed Feb 25 23:30:11 2026] POST /v2.0/networks => generated 650 bytes in 1132 msecs (HTTP/1.1 201) 4 headers in 162 bytes (1 switches on core 0) [pid: 7|app: 0|req: 1032/1944] 10.0.0.131 () {34 vars in 670 bytes} [Wed Feb 25 23:30:12 2026] POST /v2.0/networks => generated 748 bytes in 719 msecs (HTTP/1.1 201) 4 headers in 162 bytes (1 switches on core 0)
2026-02-25 23:30:13.071 8 WARNING neutron.plugins.ml2.drivers.ovn.mech_driver.ovsdb.ovn_client [None req-ec1b036b-f2cb-4e0e-863b-b3827af85446 - - - - - -] No port found with ID 7a88d239-f16c-4273-b718-a2845c45b7ca: RuntimeError: No port found with ID 7a88d239-f16c-4273-b718-a2845c45b7ca
2026-02-25 23:30:13.088 8 INFO neutron.plugins.ml2.drivers.ovn.mech_driver.mech_driver [None req-ec1b036b-f2cb-4e0e-863b-b3827af85446 - - - - - -] OVN reports status down for port: c13c1009-ac07-4c48-bb96-1573b273f2f1 [pid: 7|app: 0|req: 1033/1945] 10.0.0.131 () {32 vars in 774 bytes} [Wed Feb 25 23:30:12 2026] GET /v2.0/security-groups?tenant_id=6d5a68157a694b27975e08253782bd5c&name=default => generated 2925 bytes in 124 msecs (HTTP/1.1 200) 4 headers in 158 bytes (1 switches on core 0)
2026-02-25 23:30:13.101 8 INFO neutron.plugins.ml2.drivers.ovn.mech_driver.mech_driver [None req-ec1b036b-f2cb-4e0e-863b-b3827af85446 - - - - - -] OVN reports status down for port: f1133083-24cf-468a-9a85-f649542b51e4
2026-02-25 23:30:13.118 8 INFO neutron.plugins.ml2.drivers.ovn.mech_driver.mech_driver [None req-ec1b036b-f2cb-4e0e-863b-b3827af85446 - - - - - -] OVN reports status down for port: 7bf6d93c-35c6-457e-9b8d-080446efbc4d
2026-02-25 23:30:13.132 8 INFO neutron.plugins.ml2.drivers.ovn.mech_driver.mech_driver [None req-ec1b036b-f2cb-4e0e-863b-b3827af85446 - - - - - -] OVN reports status down for port: 7bf6d93c-35c6-457e-9b8d-080446efbc4d
2026-02-25 23:30:13.153 8 INFO neutron.plugins.ml2.drivers.ovn.mech_driver.mech_driver [None req-ec1b036b-f2cb-4e0e-863b-b3827af85446 - - - - - -] OVN reports status down for port: 1264fb69-abae-4efd-9ec8-217ff574c2db
2026-02-25 23:30:13.162 8 INFO neutron.plugins.ml2.drivers.ovn.mech_driver.mech_driver [None req-ec1b036b-f2cb-4e0e-863b-b3827af85446 - - - - - -] OVN reports status down for port: 72e942f4-e88b-4fe7-8de2-b25272dd81c6
2026-02-25 23:30:13.181 7 INFO neutron.db.segments_db [None req-40a18741-750d-4b21-aa43-1ce5d251b08e 7f61c74573f94884a9444a53e307a8a1 2f2a07268029420f87eb9c85dbfd43c2 - - default default] Added segment 08757d3a-cfec-467e-8969-cb7df729f061 of type geneve for network af7415f5-4a07-483c-8237-6d9739890389
2026-02-25 23:30:13.243 8 INFO neutron.plugins.ml2.drivers.ovn.mech_driver.mech_driver [None req-ec1b036b-f2cb-4e0e-863b-b3827af85446 - - - - - -] OVN reports status down for port: b1a7e354-1da3-444a-9656-00f4cd5375a8 [pid: 8|app: 0|req: 913/1946] 10.0.0.131 () {32 vars in 724 bytes} [Wed Feb 25 23:30:12 2026] DELETE /v2.0/subnets/34e92a26-f3f3-493f-be79-5e8b006a592b => generated 0 bytes in 312 msecs (HTTP/1.1 204) 3 headers in 131 bytes (1 switches on core 0)
2026-02-25 23:30:13.319 7 INFO neutron.db.ovn_revision_numbers_db [None req-40a18741-750d-4b21-aa43-1ce5d251b08e 7f61c74573f94884a9444a53e307a8a1 2f2a07268029420f87eb9c85dbfd43c2 - - default default] Successfully bumped revision number for resource af7415f5-4a07-483c-8237-6d9739890389 (type: networks) to 1
2026-02-25 23:30:13.496 8 WARNING neutron.scheduler.dhcp_agent_scheduler [None req-f8fc21d7-7505-403a-ab1a-77a1a4f4695d 338eadffa1fb499aba83ca10175a0849 89557d0b7c3247df8e1bd79d7dde7602 - - default default] No more DHCP agents
2026-02-25 23:30:13.497 8 WARNING neutron.api.rpc.agentnotifiers.dhcp_rpc_agent_api [None req-f8fc21d7-7505-403a-ab1a-77a1a4f4695d 338eadffa1fb499aba83ca10175a0849 89557d0b7c3247df8e1bd79d7dde7602 - - default default] Unable to schedule network cdfb82c3-8f29-43cb-bd22-507340cf9b4e: no agents available; will retry on subsequent port and subnet creation events.
2026-02-25 23:30:13.510 7 WARNING neutron.scheduler.dhcp_agent_scheduler [None req-40a18741-750d-4b21-aa43-1ce5d251b08e 7f61c74573f94884a9444a53e307a8a1 2f2a07268029420f87eb9c85dbfd43c2 - - default default] No more DHCP agents
2026-02-25 23:30:13.512 7 WARNING neutron.api.rpc.agentnotifiers.dhcp_rpc_agent_api [None req-40a18741-750d-4b21-aa43-1ce5d251b08e 7f61c74573f94884a9444a53e307a8a1 2f2a07268029420f87eb9c85dbfd43c2 - - default default] Unable to schedule network af7415f5-4a07-483c-8237-6d9739890389: no agents available; will retry on subsequent port and subnet creation events.
2026-02-25 23:30:13.609 7 INFO neutron.services.segments.plugin [-] Segment aa38963e-f7e9-4775-bce2-3d14a807e1d4 resource provider aggregate not found
2026-02-25 23:30:13.618 7 INFO neutron.services.segments.plugin [-] Segment aa38963e-f7e9-4775-bce2-3d14a807e1d4 resource provider aggregate not found
2026-02-25 23:30:13.637 7 INFO neutron.services.segments.plugin [-] Segment aa38963e-f7e9-4775-bce2-3d14a807e1d4 resource provider not found; error: Placement Client Error (4xx): {"errors": [{"status": 404, "title": "Not Found", "detail": "The resource could not be found.\n\n No resource provider with uuid aa38963e-f7e9-4775-bce2-3d14a807e1d4 found for delete ", "request_id": "req-b00bec8d-43e2-47e4-a8c3-0afd0f652341"}]}
2026-02-25 23:30:13.646 8 INFO neutron.plugins.ml2.drivers.ovn.mech_driver.mech_driver [None req-ec1b036b-f2cb-4e0e-863b-b3827af85446 - - - - - -] OVN reports status down for port: 7744f591-abd6-4461-8dba-e40b915d8c9e
2026-02-25 23:30:13.647 7 INFO neutron.services.segments.plugin [-] Segment aa38963e-f7e9-4775-bce2-3d14a807e1d4 resource provider not found; error: Placement Client Error (4xx): {"errors": [{"status": 404, "title": "Not Found", "detail": "The resource could not be found.\n\n No resource provider with uuid aa38963e-f7e9-4775-bce2-3d14a807e1d4 found for delete ", "request_id": "req-d892e499-5c13-40c2-bf1b-5ee7d6ffa6b2"}]}
2026-02-25 23:30:13.658 7 INFO neutron.db.ovn_revision_numbers_db [None req-40a18741-750d-4b21-aa43-1ce5d251b08e 7f61c74573f94884a9444a53e307a8a1 2f2a07268029420f87eb9c85dbfd43c2 - - default default] Successfully bumped revision number for resource 7744f591-abd6-4461-8dba-e40b915d8c9e (type: ports) to 1 [pid: 7|app: 0|req: 1034/1947] 10.0.0.131 () {34 vars in 670 bytes} [Wed Feb 25 23:30:13 2026] POST /v2.0/networks => generated 651 bytes in 587 msecs (HTTP/1.1 201) 4 headers in 162 bytes (1 switches on core 0) [pid: 7|app: 0|req: 1035/1948] 10.0.0.131 () {32 vars in 740 bytes} [Wed Feb 25 23:30:13 2026] DELETE /v2.0/security-groups/a2307628-4df9-4e91-b1cb-8ad1f7f9b006 => generated 0 bytes in 294 msecs (HTTP/1.1 204) 2 headers in 112 bytes (1 switches on core 0) [pid: 7|app: 0|req: 1036/1949] 10.0.0.131 () {32 vars in 724 bytes} [Wed Feb 25 23:30:13 2026] DELETE /v2.0/subnets/a6ab921a-3f35-4bf3-874f-78d2d3e971c7 => generated 0 bytes in 177 msecs (HTTP/1.1 204) 3 headers in 131 bytes (1 switches on core 0)
2026-02-25 23:30:14.172 8 INFO neutron.db.ovn_revision_numbers_db [None req-7957fb46-9380-400b-975d-b382e4a38673 - - - - - -] Successfully bumped revision number for resource b1a7e354-1da3-444a-9656-00f4cd5375a8 (type: ports) to 2 [pid: 7|app: 0|req: 1037/1950] 10.0.0.131 () {34 vars in 753 bytes} [Wed Feb 25 23:30:14 2026] PUT /v2.0/networks/8eb4f4bc-cb66-4bf4-a0f9-afc736b5dca9/tags => generated 25 bytes in 56 msecs (HTTP/1.1 200) 4 headers in 156 bytes (1 switches on core 0)
2026-02-25 23:30:14.221 8 INFO neutron.db.ovn_revision_numbers_db [None req-7957fb46-9380-400b-975d-b382e4a38673 - - - - - -] Successfully bumped revision number for resource abccc073-c9e4-45c1-88d4-ba7cf1488a6c (type: subnets) to 0 [pid: 8|app: 0|req: 914/1951] 10.0.0.131 () {34 vars in 669 bytes} [Wed Feb 25 23:30:13 2026] POST /v2.0/subnets => generated 647 bytes in 975 msecs (HTTP/1.1 201) 4 headers in 162 bytes (1 switches on core 0)
2026-02-25 23:30:14.324 7 INFO neutron_taas.services.taas.taas_plugin [None req-2b26a6f9-2d08-42fd-a6a0-189a1112a202 3709ef8ce69a4b12aa0d9c39ea3b6f79 a694fabc63d44ddba3b0582c7655d3f9 - - default default] TaaS: Handle Delete Port: 6850e88c-772c-4231-b408-f69221bdf07a [pid: 8|app: 0|req: 915/1952] 10.0.0.131 () {32 vars in 733 bytes} [Wed Feb 25 23:30:14 2026] GET /v2.0/networks/8eb4f4bc-cb66-4bf4-a0f9-afc736b5dca9/tags => generated 25 bytes in 76 msecs (HTTP/1.1 200) 4 headers in 156 bytes (1 switches on core 0)
2026-02-25 23:30:14.328 7 INFO neutron_taas.services.taas.tap_mirror_plugin [None req-2b26a6f9-2d08-42fd-a6a0-189a1112a202 3709ef8ce69a4b12aa0d9c39ea3b6f79 a694fabc63d44ddba3b0582c7655d3f9 - - default default] Tap Mirror: Handle Delete Port: 6850e88c-772c-4231-b408-f69221bdf07a
2026-02-25 23:30:14.333 8 WARNING neutron.api.v2.base [None req-6835c6a8-5fda-4e5c-a36f-072d52e82378 338eadffa1fb499aba83ca10175a0849 89557d0b7c3247df8e1bd79d7dde7602 - - default default] An exception happened while processing the request body. The exception message is [Invalid input for target_tenant. Reason: '1234123412341234123412341234123412341234123412341234123412341234123412341234123412341234123412341234123412341234123412341234123412341234123412341234123412341234123412341234123412341234123412341234123412341234123412341234123412341234123412341234123412341234123412341234123412341234123412341234123412341234123412341234123412341234123412341234123412341234123412341234123412341234123412341234123412341234' exceeds maximum length of 255.].: webob.exc.HTTPBadRequest: Invalid input for target_tenant. Reason: '1234123412341234123412341234123412341234123412341234123412341234123412341234123412341234123412341234123412341234123412341234123412341234123412341234123412341234123412341234123412341234123412341234123412341234123412341234123412341234123412341234123412341234123412341234123412341234123412341234123412341234123412341234123412341234123412341234123412341234123412341234123412341234123412341234123412341234' exceeds maximum length of 255.
2026-02-25 23:30:14.335 8 INFO neutron.api.v2.resource [None req-6835c6a8-5fda-4e5c-a36f-072d52e82378 338eadffa1fb499aba83ca10175a0849 89557d0b7c3247df8e1bd79d7dde7602 - - default default] create failed (client error): Invalid input for target_tenant. Reason: '1234123412341234123412341234123412341234123412341234123412341234123412341234123412341234123412341234123412341234123412341234123412341234123412341234123412341234123412341234123412341234123412341234123412341234123412341234123412341234123412341234123412341234123412341234123412341234123412341234123412341234123412341234123412341234123412341234123412341234123412341234123412341234123412341234123412341234' exceeds maximum length of 255. [pid: 8|app: 0|req: 916/1953] 10.0.0.131 () {34 vars in 681 bytes} [Wed Feb 25 23:30:14 2026] POST /v2.0/rbac-policies => generated 547 bytes in 10 msecs (HTTP/1.1 400) 4 headers in 166 bytes (1 switches on core 0) [pid: 8|app: 0|req: 917/1954] 10.0.0.131 () {34 vars in 753 bytes} [Wed Feb 25 23:30:14 2026] PUT /v2.0/networks/af7415f5-4a07-483c-8237-6d9739890389/tags => generated 17 bytes in 61 msecs (HTTP/1.1 200) 4 headers in 156 bytes (1 switches on core 0) [pid: 7|app: 0|req: 1038/1955] 10.0.0.131 () {32 vars in 726 bytes} [Wed Feb 25 23:30:14 2026] DELETE /v2.0/networks/d0a16b6b-bc63-4d62-93e6-2cb367e36e9a => generated 0 bytes in 362 msecs (HTTP/1.1 204) 3 headers in 131 bytes (1 switches on core 0)
2026-02-25 23:30:14.588 8 INFO neutron_taas.services.taas.taas_plugin [None req-98cd6d35-2e3c-4c3a-9ca5-42bf44d10067 338eadffa1fb499aba83ca10175a0849 89557d0b7c3247df8e1bd79d7dde7602 - - default default] TaaS: Handle Delete Port: b1a7e354-1da3-444a-9656-00f4cd5375a8
2026-02-25 23:30:14.592 8 INFO neutron_taas.services.taas.tap_mirror_plugin [None req-98cd6d35-2e3c-4c3a-9ca5-42bf44d10067 338eadffa1fb499aba83ca10175a0849 89557d0b7c3247df8e1bd79d7dde7602 - - default default] Tap Mirror: Handle Delete Port: b1a7e354-1da3-444a-9656-00f4cd5375a8 [pid: 7|app: 0|req: 1039/1956] 10.0.0.131 () {32 vars in 733 bytes} [Wed Feb 25 23:30:14 2026] GET /v2.0/networks/af7415f5-4a07-483c-8237-6d9739890389/tags => generated 17 bytes in 70 msecs (HTTP/1.1 200) 4 headers in 156 bytes (1 switches on core 0)
2026-02-25 23:30:14.824 7 INFO neutron_taas.services.taas.taas_plugin [None req-4bbdce24-d8f4-4554-b2aa-7dcbaeb94365 3709ef8ce69a4b12aa0d9c39ea3b6f79 a694fabc63d44ddba3b0582c7655d3f9 - - default default] TaaS: Handle Delete Port: 07f521e7-40f9-42d8-bc79-c456b1633553
2026-02-25 23:30:14.828 7 INFO neutron_taas.services.taas.tap_mirror_plugin [None req-4bbdce24-d8f4-4554-b2aa-7dcbaeb94365 3709ef8ce69a4b12aa0d9c39ea3b6f79 a694fabc63d44ddba3b0582c7655d3f9 - - default default] Tap Mirror: Handle Delete Port: 07f521e7-40f9-42d8-bc79-c456b1633553 [pid: 7|app: 0|req: 1040/1957] 10.0.0.131 () {32 vars in 726 bytes} [Wed Feb 25 23:30:14 2026] DELETE /v2.0/networks/df9d4b4c-fc6e-405b-8347-2db488eb8196 => generated 0 bytes in 437 msecs (HTTP/1.1 204) 3 headers in 131 bytes (1 switches on core 0)
2026-02-25 23:30:15.102 8 INFO neutron.services.segments.plugin [-] Segment 15d82049-4183-40bf-a423-7361b589d681 resource provider aggregate not found
2026-02-25 23:30:15.109 8 INFO neutron.services.segments.plugin [-] Segment 15d82049-4183-40bf-a423-7361b589d681 resource provider aggregate not found
2026-02-25 23:30:15.132 8 INFO neutron.services.segments.plugin [-] Segment 15d82049-4183-40bf-a423-7361b589d681 resource provider not found; error: Placement Client Error (4xx): {"errors": [{"status": 404, "title": "Not Found", "detail": "The resource could not be found.\n\n No resource provider with uuid 15d82049-4183-40bf-a423-7361b589d681 found for delete ", "request_id": "req-38d76082-1644-4648-971e-0f91beeb1a19"}]}
2026-02-25 23:30:15.141 8 INFO neutron.services.segments.plugin [-] Segment 15d82049-4183-40bf-a423-7361b589d681 resource provider not found; error: Placement Client Error (4xx): {"errors": [{"status": 404, "title": "Not Found", "detail": "The resource could not be found.\n\n No resource provider with uuid 15d82049-4183-40bf-a423-7361b589d681 found for delete ", "request_id": "req-bac299c5-3e2c-4fc8-a02e-f2a6ffa03565"}]} [pid: 8|app: 0|req: 918/1958] 10.0.0.131 () {32 vars in 726 bytes} [Wed Feb 25 23:30:14 2026] DELETE /v2.0/networks/cdfb82c3-8f29-43cb-bd22-507340cf9b4e => generated 0 bytes in 764 msecs (HTTP/1.1 204) 3 headers in 131 bytes (1 switches on core 0) [pid: 7|app: 0|req: 1041/1959] 10.0.0.131 () {34 vars in 753 bytes} [Wed Feb 25 23:30:15 2026] PUT /v2.0/networks/af7415f5-4a07-483c-8237-6d9739890389/tags => generated 12 bytes in 94 msecs (HTTP/1.1 200) 4 headers in 156 bytes (1 switches on core 0)
2026-02-25 23:30:15.254 8 INFO neutron.db.segments_db [None req-d29a86bd-e843-47e4-ac8c-6e58d3ce3fdd 3709ef8ce69a4b12aa0d9c39ea3b6f79 a694fabc63d44ddba3b0582c7655d3f9 - - default default] Added segment a32d36a4-e633-4b84-99c5-0d054a63dddc of type geneve for network 564be25a-8af6-44ff-a714-54cc037eabb8
2026-02-25 23:30:15.279 7 INFO neutron.db.segments_db [None req-202e4994-d9a7-4f57-a437-9f6eb47b34db 338eadffa1fb499aba83ca10175a0849 89557d0b7c3247df8e1bd79d7dde7602 - - default default] Added segment 9ea76e54-0340-482b-85ee-aa1fc7c56641 of type geneve for network 82033429-149b-4188-b623-3b85e0a6c52c
2026-02-25 23:30:15.407 8 INFO neutron.db.ovn_revision_numbers_db [None req-d29a86bd-e843-47e4-ac8c-6e58d3ce3fdd 3709ef8ce69a4b12aa0d9c39ea3b6f79 a694fabc63d44ddba3b0582c7655d3f9 - - default default] Successfully bumped revision number for resource 564be25a-8af6-44ff-a714-54cc037eabb8 (type: networks) to 1
