2026-04-16 17:53:54.458 8 INFO placement.requestlog [req-9bd484c7-6ea8-46b9-bfad-1b7b1af27187 req-4af98ff0-ecad-49e0-8ccc-e670dcde4526 00cfcd9159234cf39f0f21f24ca12bb3 a61d6f668be14612ad6abf2efba5f569 - - 24a44dee18374be3acf91e212a98a5c2 24a44dee18374be3acf91e212a98a5c2] 199.204.45.233 "GET /resource_providers/df2b6554-ba1d-4ef3-9435-215bb70215a8/allocations" status: 200 len: 54 microversion: 1.0 [pid: 8|app: 0|req: 290/580] 199.204.45.233 () {32 vars in 857 bytes} [Thu Apr 16 17:53:54 2026] GET /resource_providers/df2b6554-ba1d-4ef3-9435-215bb70215a8/allocations => generated 54 bytes in 172 msecs (HTTP/1.1 200) 6 headers in 223 bytes (1 switches on core 0)
2026-04-16 17:53:54.483 7 INFO placement.requestlog [req-9bd484c7-6ea8-46b9-bfad-1b7b1af27187 req-6828c51e-f539-4846-97d5-a60ab6fa9a41 00cfcd9159234cf39f0f21f24ca12bb3 a61d6f668be14612ad6abf2efba5f569 - - 24a44dee18374be3acf91e212a98a5c2 24a44dee18374be3acf91e212a98a5c2] 199.204.45.233 "GET /resource_providers?in_tree=df2b6554-ba1d-4ef3-9435-215bb70215a8" status: 200 len: 797 microversion: 1.14 [pid: 7|app: 0|req: 291/581] 199.204.45.233 () {34 vars in 892 bytes} [Thu Apr 16 17:53:54 2026] GET /resource_providers?in_tree=df2b6554-ba1d-4ef3-9435-215bb70215a8 => generated 797 bytes in 20 msecs (HTTP/1.1 200) 6 headers in 225 bytes (1 switches on core 0)
2026-04-16 17:53:54.501 8 INFO placement.requestlog [req-9bd484c7-6ea8-46b9-bfad-1b7b1af27187 req-820d7961-4b04-4a78-81c8-2f59b340856b 00cfcd9159234cf39f0f21f24ca12bb3 a61d6f668be14612ad6abf2efba5f569 - - 24a44dee18374be3acf91e212a98a5c2 24a44dee18374be3acf91e212a98a5c2] 199.204.45.233 "GET /resource_providers/df2b6554-ba1d-4ef3-9435-215bb70215a8/inventories" status: 200 len: 400 microversion: 1.0 [pid: 8|app: 0|req: 291/582] 199.204.45.233 () {32 vars in 857 bytes} [Thu Apr 16 17:53:54 2026] GET /resource_providers/df2b6554-ba1d-4ef3-9435-215bb70215a8/inventories => generated 400 bytes in 12 msecs (HTTP/1.1 200) 6 headers in 224 bytes (1 switches on core 0)
2026-04-16 17:53:54.517 7 INFO placement.requestlog [req-9bd484c7-6ea8-46b9-bfad-1b7b1af27187 req-c75b9384-4fce-4bdc-afff-67b8395e0802 00cfcd9159234cf39f0f21f24ca12bb3 a61d6f668be14612ad6abf2efba5f569 - - 24a44dee18374be3acf91e212a98a5c2 24a44dee18374be3acf91e212a98a5c2] 199.204.45.233 "GET /resource_providers/df2b6554-ba1d-4ef3-9435-215bb70215a8/aggregates" status: 200 len: 53 microversion: 1.19 [pid: 7|app: 0|req: 292/583] 199.204.45.233 () {34 vars in 899 bytes} [Thu Apr 16 17:53:54 2026] GET /resource_providers/df2b6554-ba1d-4ef3-9435-215bb70215a8/aggregates => generated 53 bytes in 11 msecs (HTTP/1.1 200) 8 headers in 295 bytes (1 switches on core 0)
2026-04-16 17:53:54.537 8 INFO placement.requestlog [req-9bd484c7-6ea8-46b9-bfad-1b7b1af27187 req-785180b7-85ad-4de9-a2fb-6f1c03831ed5 00cfcd9159234cf39f0f21f24ca12bb3 a61d6f668be14612ad6abf2efba5f569 - - 24a44dee18374be3acf91e212a98a5c2 24a44dee18374be3acf91e212a98a5c2] 199.204.45.233 "GET /resource_providers/df2b6554-ba1d-4ef3-9435-215bb70215a8/traits" status: 200 len: 2316 microversion: 1.6 [pid: 8|app: 0|req: 292/584] 199.204.45.233 () {34 vars in 890 bytes} [Thu Apr 16 17:53:54 2026] GET /resource_providers/df2b6554-ba1d-4ef3-9435-215bb70215a8/traits => generated 2316 bytes in 16 msecs (HTTP/1.1 200) 6 headers in 225 bytes (1 switches on core 0)
2026-04-16 17:53:54.554 7 INFO placement.requestlog [req-9bd484c7-6ea8-46b9-bfad-1b7b1af27187 req-37a80b87-a791-4061-a823-7e56e1ef2d30 00cfcd9159234cf39f0f21f24ca12bb3 a61d6f668be14612ad6abf2efba5f569 - - 24a44dee18374be3acf91e212a98a5c2 24a44dee18374be3acf91e212a98a5c2] 199.204.45.233 "GET /resource_providers/df2b6554-ba1d-4ef3-9435-215bb70215a8/allocations" status: 200 len: 54 microversion: 1.0 [pid: 7|app: 0|req: 293/585] 199.204.45.233 () {32 vars in 857 bytes} [Thu Apr 16 17:53:54 2026] GET /resource_providers/df2b6554-ba1d-4ef3-9435-215bb70215a8/allocations => generated 54 bytes in 12 msecs (HTTP/1.1 200) 6 headers in 223 bytes (1 switches on core 0)
2026-04-16 17:53:55.196 8 INFO placement.requestlog [None req-ad1f20ec-a5d6-4d7e-a4d0-3c4960e633e3 - - - - - -] 10.0.0.214 "GET /" status: 200 len: 136 microversion: 1.0
2026-04-16 17:53:55.196 7 INFO placement.requestlog [None req-8f9ea3dc-faba-4083-81f5-1e27ff4773e1 - - - - - -] 10.0.0.214 "GET /" status: 200 len: 136 microversion: 1.0
2026-04-16 17:54:05.196 8 INFO placement.requestlog [None req-2f4a9134-5905-47fa-9be3-99401b48a176 - - - - - -] 10.0.0.214 "GET /" status: 200 len: 136 microversion: 1.0
2026-04-16 17:54:05.197 7 INFO placement.requestlog [None req-00a787da-53ce-4816-b7cc-46d13e3584c2 - - - - - -] 10.0.0.214 "GET /" status: 200 len: 136 microversion: 1.0
2026-04-16 17:54:15.195 8 INFO placement.requestlog [None req-20645532-4265-4aaf-b3a2-179f5ab70890 - - - - - -] 10.0.0.214 "GET /" status: 200 len: 136 microversion: 1.0
2026-04-16 17:54:15.196 7 INFO placement.requestlog [None req-0fac56cf-df3d-4ced-a2e6-dc183cc682b5 - - - - - -] 10.0.0.214 "GET /" status: 200 len: 136 microversion: 1.0
2026-04-16 17:54:25.196 8 INFO placement.requestlog [None req-f3d4c4e9-91f4-4cc7-9471-d44aa2acbb7e - - - - - -] 10.0.0.214 "GET /" status: 200 len: 136 microversion: 1.0
2026-04-16 17:54:25.196 7 INFO placement.requestlog [None req-cbdc3791-b7e4-47a8-9d79-3bed78028033 - - - - - -] 10.0.0.214 "GET /" status: 200 len: 136 microversion: 1.0
2026-04-16 17:54:35.196 7 INFO placement.requestlog [None req-6f572778-1c2c-4a64-afa7-f7ef0b491793 - - - - - -] 10.0.0.214 "GET /" status: 200 len: 136 microversion: 1.0
2026-04-16 17:54:35.196 8 INFO placement.requestlog [None req-33bde757-ff2c-4c6a-89fb-5010720b4f39 - - - - - -] 10.0.0.214 "GET /" status: 200 len: 136 microversion: 1.0
2026-04-16 17:54:45.196 7 INFO placement.requestlog [None req-a70e5ff9-24cf-407c-a7d8-e536d80f17e0 - - - - - -] 10.0.0.214 "GET /" status: 200 len: 136 microversion: 1.0
2026-04-16 17:54:45.197 8 INFO placement.requestlog [None req-f6def0ec-bd68-45f5-86c6-259ac178b149 - - - - - -] 10.0.0.214 "GET /" status: 200 len: 136 microversion: 1.0
2026-04-16 17:54:55.196 7 INFO placement.requestlog [None req-ea1c9c0c-ec02-4298-a557-69924de41bfc - - - - - -] 10.0.0.214 "GET /" status: 200 len: 136 microversion: 1.0
2026-04-16 17:54:55.196 8 INFO placement.requestlog [None req-1ee5b24c-88e8-40de-8416-b8fc7c9da562 - - - - - -] 10.0.0.214 "GET /" status: 200 len: 136 microversion: 1.0
2026-04-16 17:54:56.452 7 INFO placement.requestlog [req-f2f37ae1-b8c3-4da9-8586-7d0627439bb5 req-b1e622ab-a0a0-4530-a953-c73ba7753273 00cfcd9159234cf39f0f21f24ca12bb3 a61d6f668be14612ad6abf2efba5f569 - - 24a44dee18374be3acf91e212a98a5c2 24a44dee18374be3acf91e212a98a5c2] 199.204.45.233 "GET /resource_providers/df2b6554-ba1d-4ef3-9435-215bb70215a8/allocations" status: 200 len: 54 microversion: 1.0 [pid: 7|app: 0|req: 301/600] 199.204.45.233 () {32 vars in 857 bytes} [Thu Apr 16 17:54:56 2026] GET /resource_providers/df2b6554-ba1d-4ef3-9435-215bb70215a8/allocations => generated 54 bytes in 18 msecs (HTTP/1.1 200) 6 headers in 223 bytes (1 switches on core 0)
2026-04-16 17:54:56.474 8 INFO placement.requestlog [req-f2f37ae1-b8c3-4da9-8586-7d0627439bb5 req-cf968a43-6efa-42a4-a828-08281b225c7d 00cfcd9159234cf39f0f21f24ca12bb3 a61d6f668be14612ad6abf2efba5f569 - - 24a44dee18374be3acf91e212a98a5c2 24a44dee18374be3acf91e212a98a5c2] 199.204.45.233 "GET /resource_providers/df2b6554-ba1d-4ef3-9435-215bb70215a8/allocations" status: 200 len: 54 microversion: 1.0 [pid: 8|app: 0|req: 300/601] 199.204.45.233 () {32 vars in 857 bytes} [Thu Apr 16 17:54:56 2026] GET /resource_providers/df2b6554-ba1d-4ef3-9435-215bb70215a8/allocations => generated 54 bytes in 15 msecs (HTTP/1.1 200) 6 headers in 223 bytes (1 switches on core 0)
2026-04-16 17:55:05.196 8 INFO placement.requestlog [None req-f40093d6-5d24-4034-9316-0a3c9cd690cb - - - - - -] 10.0.0.214 "GET /" status: 200 len: 136 microversion: 1.0
2026-04-16 17:55:05.197 7 INFO placement.requestlog [None req-cf60b162-2b1c-4b38-b716-752bac06d4f1 - - - - - -] 10.0.0.214 "GET /" status: 200 len: 136 microversion: 1.0
2026-04-16 17:55:15.196 8 INFO placement.requestlog [None req-04904890-8965-4b04-87fc-5e365dba5e74 - - - - - -] 10.0.0.214 "GET /" status: 200 len: 136 microversion: 1.0
2026-04-16 17:55:15.196 7 INFO placement.requestlog [None req-7b28c5be-3b52-48ea-9144-fc283f37ef6b - - - - - -] 10.0.0.214 "GET /" status: 200 len: 136 microversion: 1.0
2026-04-16 17:55:25.195 7 INFO placement.requestlog [None req-8f58789e-4231-4cdf-8e65-1af8e6148070 - - - - - -] 10.0.0.214 "GET /" status: 200 len: 136 microversion: 1.0
2026-04-16 17:55:25.196 8 INFO placement.requestlog [None req-39dd4e5e-1ec8-444c-9bbb-20d4b2002811 - - - - - -] 10.0.0.214 "GET /" status: 200 len: 136 microversion: 1.0
2026-04-16 17:55:35.196 7 INFO placement.requestlog [None req-27a9cd4c-2a62-4ec9-b36d-271fad11a6dc - - - - - -] 10.0.0.214 "GET /" status: 200 len: 136 microversion: 1.0
2026-04-16 17:55:35.197 8 INFO placement.requestlog [None req-09d49a28-0eed-4b04-a17f-7f3135d4438a - - - - - -] 10.0.0.214 "GET /" status: 200 len: 136 microversion: 1.0
2026-04-16 17:55:45.195 7 INFO placement.requestlog [None req-31d3cf7a-4c4a-412e-91aa-4e86daf0ebf1 - - - - - -] 10.0.0.214 "GET /" status: 200 len: 136 microversion: 1.0
2026-04-16 17:55:45.195 8 INFO placement.requestlog [None req-c6726f02-2b5c-434c-9aec-548fd56a4980 - - - - - -] 10.0.0.214 "GET /" status: 200 len: 136 microversion: 1.0
2026-04-16 17:55:55.195 7 INFO placement.requestlog [None req-40e2e49d-22ad-4a83-b77a-5114ee701813 - - - - - -] 10.0.0.214 "GET /" status: 200 len: 136 microversion: 1.0
2026-04-16 17:55:55.196 8 INFO placement.requestlog [None req-afc87c2a-1345-436c-a126-90b41b194bbe - - - - - -] 10.0.0.214 "GET /" status: 200 len: 136 microversion: 1.0
2026-04-16 17:55:56.328 8 INFO placement.requestlog [req-eaeb07eb-6159-451e-912d-268f0bfc861d req-e078f0fe-63c4-43df-b9e6-23f46d9f2899 00cfcd9159234cf39f0f21f24ca12bb3 a61d6f668be14612ad6abf2efba5f569 - - 24a44dee18374be3acf91e212a98a5c2 24a44dee18374be3acf91e212a98a5c2] 199.204.45.233 "GET /resource_providers/df2b6554-ba1d-4ef3-9435-215bb70215a8/allocations" status: 200 len: 54 microversion: 1.0 [pid: 8|app: 0|req: 307/614] 199.204.45.233 () {32 vars in 857 bytes} [Thu Apr 16 17:55:56 2026] GET /resource_providers/df2b6554-ba1d-4ef3-9435-215bb70215a8/allocations => generated 54 bytes in 14 msecs (HTTP/1.1 200) 6 headers in 223 bytes (1 switches on core 0)
2026-04-16 17:55:56.346 7 INFO placement.requestlog [req-eaeb07eb-6159-451e-912d-268f0bfc861d req-4a5ef36c-0d1d-48d1-a1e9-c05140a9fd21 00cfcd9159234cf39f0f21f24ca12bb3 a61d6f668be14612ad6abf2efba5f569 - - 24a44dee18374be3acf91e212a98a5c2 24a44dee18374be3acf91e212a98a5c2] 199.204.45.233 "GET /resource_providers/df2b6554-ba1d-4ef3-9435-215bb70215a8/allocations" status: 200 len: 54 microversion: 1.0 [pid: 7|app: 0|req: 308/615] 199.204.45.233 () {32 vars in 857 bytes} [Thu Apr 16 17:55:56 2026] GET /resource_providers/df2b6554-ba1d-4ef3-9435-215bb70215a8/allocations => generated 54 bytes in 13 msecs (HTTP/1.1 200) 6 headers in 223 bytes (1 switches on core 0)
2026-04-16 17:56:05.196 7 INFO placement.requestlog [None req-6efe3dcf-4ac2-48a2-a86d-9973bee92bb6 - - - - - -] 10.0.0.214 "GET /" status: 200 len: 136 microversion: 1.0
2026-04-16 17:56:05.196 8 INFO placement.requestlog [None req-2ad304f5-031c-4823-bd98-8a660af3ab37 - - - - - -] 10.0.0.214 "GET /" status: 200 len: 136 microversion: 1.0
2026-04-16 17:56:15.196 7 INFO placement.requestlog [None req-8838110e-28e3-491f-bd3b-999b56557b37 - - - - - -] 10.0.0.214 "GET /" status: 200 len: 136 microversion: 1.0
2026-04-16 17:56:15.196 8 INFO placement.requestlog [None req-7e32f49a-8dfb-4eeb-9b87-75a40b36df98 - - - - - -] 10.0.0.214 "GET /" status: 200 len: 136 microversion: 1.0
2026-04-16 17:56:25.196 8 INFO placement.requestlog [None req-655a5870-468b-4ffc-93eb-8b2538462c78 - - - - - -] 10.0.0.214 "GET /" status: 200 len: 136 microversion: 1.0
2026-04-16 17:56:25.196 7 INFO placement.requestlog [None req-c09fd5de-effa-4306-a7f2-a7bee16c3eca - - - - - -] 10.0.0.214 "GET /" status: 200 len: 136 microversion: 1.0
2026-04-16 17:56:35.196 8 INFO placement.requestlog [None req-ead9526b-151a-4301-8d16-1258cf48cd13 - - - - - -] 10.0.0.214 "GET /" status: 200 len: 136 microversion: 1.0
2026-04-16 17:56:35.196 7 INFO placement.requestlog [None req-e8211205-305b-41dc-a62b-33949f2f5f4c - - - - - -] 10.0.0.214 "GET /" status: 200 len: 136 microversion: 1.0
2026-04-16 17:56:45.196 7 INFO placement.requestlog [None req-ce00ffa1-0493-4189-bbea-31bfd5157f84 - - - - - -] 10.0.0.214 "GET /" status: 200 len: 136 microversion: 1.0
2026-04-16 17:56:45.197 8 INFO placement.requestlog [None req-3ad02af7-3560-48a7-b558-e81ae2a44a38 - - - - - -] 10.0.0.214 "GET /" status: 200 len: 136 microversion: 1.0
2026-04-16 17:56:55.196 7 INFO placement.requestlog [None req-2eebf5f7-2b9c-4def-8160-44f6b389a867 - - - - - -] 10.0.0.214 "GET /" status: 200 len: 136 microversion: 1.0
2026-04-16 17:56:55.196 8 INFO placement.requestlog [None req-1eaf498d-e700-4102-a933-948276df9b4f - - - - - -] 10.0.0.214 "GET /" status: 200 len: 136 microversion: 1.0
2026-04-16 17:56:57.312 7 INFO placement.requestlog [req-d1c1dc73-be39-4b1c-ac5a-3f5ec2ed4d26 req-d0f6c1ed-5561-4aa7-9106-01c770739338 00cfcd9159234cf39f0f21f24ca12bb3 a61d6f668be14612ad6abf2efba5f569 - - 24a44dee18374be3acf91e212a98a5c2 24a44dee18374be3acf91e212a98a5c2] 199.204.45.233 "GET /resource_providers/df2b6554-ba1d-4ef3-9435-215bb70215a8/allocations" status: 200 len: 54 microversion: 1.0 [pid: 7|app: 0|req: 315/628] 199.204.45.233 () {32 vars in 857 bytes} [Thu Apr 16 17:56:57 2026] GET /resource_providers/df2b6554-ba1d-4ef3-9435-215bb70215a8/allocations => generated 54 bytes in 21 msecs (HTTP/1.1 200) 6 headers in 223 bytes (1 switches on core 0)
2026-04-16 17:56:57.340 8 INFO placement.requestlog [req-d1c1dc73-be39-4b1c-ac5a-3f5ec2ed4d26 req-9c7c8df2-61e6-43fd-a4d9-276286936c2f 00cfcd9159234cf39f0f21f24ca12bb3 a61d6f668be14612ad6abf2efba5f569 - - 24a44dee18374be3acf91e212a98a5c2 24a44dee18374be3acf91e212a98a5c2] 199.204.45.233 "GET /resource_providers/df2b6554-ba1d-4ef3-9435-215bb70215a8/allocations" status: 200 len: 54 microversion: 1.0 [pid: 8|app: 0|req: 314/629] 199.204.45.233 () {32 vars in 857 bytes} [Thu Apr 16 17:56:57 2026] GET /resource_providers/df2b6554-ba1d-4ef3-9435-215bb70215a8/allocations => generated 54 bytes in 21 msecs (HTTP/1.1 200) 6 headers in 223 bytes (1 switches on core 0)
2026-04-16 17:57:05.197 8 INFO placement.requestlog [None req-5e286868-99db-490c-8cde-9010aa669546 - - - - - -] 10.0.0.214 "GET /" status: 200 len: 136 microversion: 1.0
2026-04-16 17:57:05.197 7 INFO placement.requestlog [None req-ea222422-028b-45e7-9080-93919fef0738 - - - - - -] 10.0.0.214 "GET /" status: 200 len: 136 microversion: 1.0
2026-04-16 17:57:15.195 8 INFO placement.requestlog [None req-dca5cca4-1005-4ca3-89ae-de877f7f3ca5 - - - - - -] 10.0.0.214 "GET /" status: 200 len: 136 microversion: 1.0
2026-04-16 17:57:15.195 7 INFO placement.requestlog [None req-f7e1bf10-8e55-4a46-a421-68fa055ded4c - - - - - -] 10.0.0.214 "GET /" status: 200 len: 136 microversion: 1.0
2026-04-16 17:57:25.196 8 INFO placement.requestlog [None req-eb402d44-3532-4594-828b-d1f2b051ead3 - - - - - -] 10.0.0.214 "GET /" status: 200 len: 136 microversion: 1.0
2026-04-16 17:57:25.196 7 INFO placement.requestlog [None req-6c6947e0-1d28-4dbd-8626-32c805889ba2 - - - - - -] 10.0.0.214 "GET /" status: 200 len: 136 microversion: 1.0
2026-04-16 17:57:27.873 7 INFO placement.requestlog [req-fcf51273-3f42-4904-a6d6-dabda3843c0e req-ef85d044-29e9-4bd3-8538-59d380e5bf99 00cfcd9159234cf39f0f21f24ca12bb3 a61d6f668be14612ad6abf2efba5f569 - - 24a44dee18374be3acf91e212a98a5c2 24a44dee18374be3acf91e212a98a5c2] 10.0.0.33 "GET /allocation_candidates?limit=1000&resources=DISK_GB%3A1%2CMEMORY_MB%3A512%2CVCPU%3A1&root_required=%21COMPUTE_STATUS_DISABLED" status: 200 len: 2781 microversion: 1.36 [pid: 7|app: 0|req: 319/636] 10.0.0.33 () {34 vars in 1011 bytes} [Thu Apr 16 17:57:27 2026] GET /allocation_candidates?limit=1000&resources=DISK_GB%3A1%2CMEMORY_MB%3A512%2CVCPU%3A1&root_required=%21COMPUTE_STATUS_DISABLED => generated 2781 bytes in 223 msecs (HTTP/1.1 200) 8 headers in 297 bytes (1 switches on core 0)
2026-04-16 17:57:27.922 8 INFO placement.requestlog [req-fcf51273-3f42-4904-a6d6-dabda3843c0e req-05962a46-99f6-4085-bd5c-a3b6a4d2634f 00cfcd9159234cf39f0f21f24ca12bb3 a61d6f668be14612ad6abf2efba5f569 - - 24a44dee18374be3acf91e212a98a5c2 24a44dee18374be3acf91e212a98a5c2] 10.0.0.33 "GET /allocations/a6e1b99b-e575-48b8-b27a-739501c530bd" status: 200 len: 19 microversion: 1.28 [pid: 8|app: 0|req: 318/637] 10.0.0.33 () {34 vars in 860 bytes} [Thu Apr 16 17:57:27 2026] GET /allocations/a6e1b99b-e575-48b8-b27a-739501c530bd => generated 19 bytes in 14 msecs (HTTP/1.1 200) 8 headers in 295 bytes (1 switches on core 0)
2026-04-16 17:57:28.010 7 INFO placement.requestlog [req-fcf51273-3f42-4904-a6d6-dabda3843c0e req-0d2e0bb2-4b72-42a1-bf88-c092f1170474 00cfcd9159234cf39f0f21f24ca12bb3 a61d6f668be14612ad6abf2efba5f569 - - 24a44dee18374be3acf91e212a98a5c2 24a44dee18374be3acf91e212a98a5c2] 10.0.0.33 "PUT /allocations/a6e1b99b-e575-48b8-b27a-739501c530bd" status: 204 len: 0 microversion: 1.36 [pid: 7|app: 0|req: 320/638] 10.0.0.33 () {38 vars in 913 bytes} [Thu Apr 16 17:57:27 2026] PUT /allocations/a6e1b99b-e575-48b8-b27a-739501c530bd => generated 0 bytes in 81 msecs (HTTP/1.1 204) 5 headers in 199 bytes (1 switches on core 0)
2026-04-16 17:57:29.459 8 INFO placement.requestlog [req-fcf51273-3f42-4904-a6d6-dabda3843c0e req-4acb07f8-6a49-4a54-931e-b717aaa21b90 00cfcd9159234cf39f0f21f24ca12bb3 a61d6f668be14612ad6abf2efba5f569 - - 24a44dee18374be3acf91e212a98a5c2 24a44dee18374be3acf91e212a98a5c2] 199.204.45.233 "GET /allocations/a6e1b99b-e575-48b8-b27a-739501c530bd" status: 200 len: 257 microversion: 1.28 [pid: 8|app: 0|req: 319/639] 199.204.45.233 () {34 vars in 863 bytes} [Thu Apr 16 17:57:29 2026] GET /allocations/a6e1b99b-e575-48b8-b27a-739501c530bd => generated 257 bytes in 19 msecs (HTTP/1.1 200) 8 headers in 296 bytes (1 switches on core 0)
2026-04-16 17:57:30.504 7 INFO placement.requestlog [req-fcf51273-3f42-4904-a6d6-dabda3843c0e req-f91e929a-68df-424e-aabc-1b4fd85fd5cf 00cfcd9159234cf39f0f21f24ca12bb3 a61d6f668be14612ad6abf2efba5f569 - - 24a44dee18374be3acf91e212a98a5c2 24a44dee18374be3acf91e212a98a5c2] 199.204.45.233 "GET /resource_providers/df2b6554-ba1d-4ef3-9435-215bb70215a8/allocations" status: 200 len: 152 microversion: 1.0 [pid: 7|app: 0|req: 321/640] 199.204.45.233 () {32 vars in 857 bytes} [Thu Apr 16 17:57:30 2026] GET /resource_providers/df2b6554-ba1d-4ef3-9435-215bb70215a8/allocations => generated 152 bytes in 21 msecs (HTTP/1.1 200) 6 headers in 224 bytes (1 switches on core 0)
2026-04-16 17:57:30.528 8 INFO placement.requestlog [req-fcf51273-3f42-4904-a6d6-dabda3843c0e req-1034a8e0-9969-4aeb-84a3-817459617a8c 00cfcd9159234cf39f0f21f24ca12bb3 a61d6f668be14612ad6abf2efba5f569 - - 24a44dee18374be3acf91e212a98a5c2 24a44dee18374be3acf91e212a98a5c2] 199.204.45.233 "GET /allocations/a6e1b99b-e575-48b8-b27a-739501c530bd" status: 200 len: 257 microversion: 1.28 [pid: 8|app: 0|req: 320/641] 199.204.45.233 () {34 vars in 863 bytes} [Thu Apr 16 17:57:30 2026] GET /allocations/a6e1b99b-e575-48b8-b27a-739501c530bd => generated 257 bytes in 20 msecs (HTTP/1.1 200) 8 headers in 296 bytes (1 switches on core 0)
2026-04-16 17:57:32.176 7 INFO placement.requestlog [None req-650995ea-2ef4-4e8a-9242-3cc9a4230fd9 118c9e76b8bc4264a18215a09803256f a61d6f668be14612ad6abf2efba5f569 - - 24a44dee18374be3acf91e212a98a5c2 24a44dee18374be3acf91e212a98a5c2] 10.0.0.105 "GET /resource_providers/2125ab8e-66ec-4248-bd92-eef863992a6d/aggregates" status: 404 len: 235 microversion: 1.1 [pid: 7|app: 0|req: 322/642] 10.0.0.105 () {32 vars in 816 bytes} [Thu Apr 16 17:57:31 2026] GET /resource_providers/2125ab8e-66ec-4248-bd92-eef863992a6d/aggregates => generated 235 bytes in 231 msecs (HTTP/1.1 404) 5 headers in 202 bytes (1 switches on core 0)
2026-04-16 17:57:32.193 8 INFO placement.requestlog [None req-1871215d-55be-46ad-9466-7e749cb3278e 118c9e76b8bc4264a18215a09803256f a61d6f668be14612ad6abf2efba5f569 - - 24a44dee18374be3acf91e212a98a5c2 24a44dee18374be3acf91e212a98a5c2] 10.0.0.105 "GET /resource_providers/2125ab8e-66ec-4248-bd92-eef863992a6d/aggregates" status: 404 len: 235 microversion: 1.1 [pid: 8|app: 0|req: 321/643] 10.0.0.105 () {32 vars in 816 bytes} [Thu Apr 16 17:57:31 2026] GET /resource_providers/2125ab8e-66ec-4248-bd92-eef863992a6d/aggregates => generated 235 bytes in 247 msecs (HTTP/1.1 404) 5 headers in 202 bytes (1 switches on core 0)
2026-04-16 17:57:32.202 7 INFO placement.requestlog [None req-3a038abc-e3be-4cbc-8b4a-e2b836ae84ec 118c9e76b8bc4264a18215a09803256f a61d6f668be14612ad6abf2efba5f569 - - 24a44dee18374be3acf91e212a98a5c2 24a44dee18374be3acf91e212a98a5c2] 10.0.0.105 "DELETE /resource_providers/2125ab8e-66ec-4248-bd92-eef863992a6d" status: 404 len: 246 microversion: 1.1 [pid: 7|app: 0|req: 323/644] 10.0.0.105 () {34 vars in 816 bytes} [Thu Apr 16 17:57:32 2026] DELETE /resource_providers/2125ab8e-66ec-4248-bd92-eef863992a6d => generated 246 bytes in 12 msecs (HTTP/1.1 404) 6 headers in 231 bytes (1 switches on core 0)
2026-04-16 17:57:32.209 8 INFO placement.requestlog [None req-5985f083-3d43-416b-b2af-96a5c0ea90bd 118c9e76b8bc4264a18215a09803256f a61d6f668be14612ad6abf2efba5f569 - - 24a44dee18374be3acf91e212a98a5c2 24a44dee18374be3acf91e212a98a5c2] 10.0.0.105 "DELETE /resource_providers/2125ab8e-66ec-4248-bd92-eef863992a6d" status: 404 len: 246 microversion: 1.1 [pid: 8|app: 0|req: 322/645] 10.0.0.105 () {34 vars in 816 bytes} [Thu Apr 16 17:57:32 2026] DELETE /resource_providers/2125ab8e-66ec-4248-bd92-eef863992a6d => generated 246 bytes in 10 msecs (HTTP/1.1 404) 6 headers in 231 bytes (1 switches on core 0)
2026-04-16 17:57:32.510 8 INFO placement.requestlog [None req-ead2bb01-20c1-49b4-9331-f042ec8d0c12 118c9e76b8bc4264a18215a09803256f a61d6f668be14612ad6abf2efba5f569 - - 24a44dee18374be3acf91e212a98a5c2 24a44dee18374be3acf91e212a98a5c2] 10.0.0.105 "GET /resource_providers/fd590f65-8ddc-41d4-9c79-19765a0e17b6/aggregates" status: 404 len: 235 microversion: 1.1 [pid: 8|app: 0|req: 323/646] 10.0.0.105 () {32 vars in 816 bytes} [Thu Apr 16 17:57:32 2026] GET /resource_providers/fd590f65-8ddc-41d4-9c79-19765a0e17b6/aggregates => generated 235 bytes in 257 msecs (HTTP/1.1 404) 5 headers in 202 bytes (1 switches on core 0)
2026-04-16 17:57:32.524 8 INFO placement.requestlog [None req-de832195-51c5-430f-9894-8619d75803c7 118c9e76b8bc4264a18215a09803256f a61d6f668be14612ad6abf2efba5f569 - - 24a44dee18374be3acf91e212a98a5c2 24a44dee18374be3acf91e212a98a5c2] 10.0.0.105 "DELETE /resource_providers/fd590f65-8ddc-41d4-9c79-19765a0e17b6" status: 404 len: 246 microversion: 1.1 [pid: 8|app: 0|req: 324/647] 10.0.0.105 () {34 vars in 816 bytes} [Thu Apr 16 17:57:32 2026] DELETE /resource_providers/fd590f65-8ddc-41d4-9c79-19765a0e17b6 => generated 246 bytes in 5 msecs (HTTP/1.1 404) 6 headers in 231 bytes (1 switches on core 0)
2026-04-16 17:57:32.525 7 INFO placement.requestlog [None req-fb44d8ee-3390-475e-90fd-2f03e06eced5 118c9e76b8bc4264a18215a09803256f a61d6f668be14612ad6abf2efba5f569 - - 24a44dee18374be3acf91e212a98a5c2 24a44dee18374be3acf91e212a98a5c2] 10.0.0.105 "GET /resource_providers/fd590f65-8ddc-41d4-9c79-19765a0e17b6/aggregates" status: 404 len: 235 microversion: 1.1 [pid: 7|app: 0|req: 324/648] 10.0.0.105 () {32 vars in 816 bytes} [Thu Apr 16 17:57:32 2026] GET /resource_providers/fd590f65-8ddc-41d4-9c79-19765a0e17b6/aggregates => generated 235 bytes in 275 msecs (HTTP/1.1 404) 5 headers in 202 bytes (1 switches on core 0)
2026-04-16 17:57:32.538 8 INFO placement.requestlog [None req-aadc1161-c6ad-498a-81c0-dbc4b465060c 118c9e76b8bc4264a18215a09803256f a61d6f668be14612ad6abf2efba5f569 - - 24a44dee18374be3acf91e212a98a5c2 24a44dee18374be3acf91e212a98a5c2] 10.0.0.105 "DELETE /resource_providers/fd590f65-8ddc-41d4-9c79-19765a0e17b6" status: 404 len: 246 microversion: 1.1 [pid: 8|app: 0|req: 325/649] 10.0.0.105 () {34 vars in 816 bytes} [Thu Apr 16 17:57:32 2026] DELETE /resource_providers/fd590f65-8ddc-41d4-9c79-19765a0e17b6 => generated 246 bytes in 7 msecs (HTTP/1.1 404) 6 headers in 231 bytes (1 switches on core 0)
2026-04-16 17:57:35.195 8 INFO placement.requestlog [None req-d790654f-5d20-46e7-8c5a-ece1d816a14d - - - - - -] 10.0.0.214 "GET /" status: 200 len: 136 microversion: 1.0
2026-04-16 17:57:35.196 7 INFO placement.requestlog [None req-ef971d7a-67e4-4fa4-bd36-292721094abc - - - - - -] 10.0.0.214 "GET /" status: 200 len: 136 microversion: 1.0
2026-04-16 17:57:44.793 7 INFO placement.requestlog [req-a250c22e-3c4a-4ec2-98cd-844056ee77a6 req-7dfe556e-4776-4819-92e9-860208b03d7c 00cfcd9159234cf39f0f21f24ca12bb3 a61d6f668be14612ad6abf2efba5f569 - - 24a44dee18374be3acf91e212a98a5c2 24a44dee18374be3acf91e212a98a5c2] 10.0.0.33 "GET /allocation_candidates?limit=1000&resources=DISK_GB%3A1%2CMEMORY_MB%3A512%2CVCPU%3A1&root_required=%21COMPUTE_STATUS_DISABLED" status: 200 len: 2783 microversion: 1.36 [pid: 7|app: 0|req: 326/652] 10.0.0.33 () {34 vars in 1011 bytes} [Thu Apr 16 17:57:44 2026] GET /allocation_candidates?limit=1000&resources=DISK_GB%3A1%2CMEMORY_MB%3A512%2CVCPU%3A1&root_required=%21COMPUTE_STATUS_DISABLED => generated 2783 bytes in 47 msecs (HTTP/1.1 200) 8 headers in 297 bytes (1 switches on core 0)
2026-04-16 17:57:44.835 8 INFO placement.requestlog [req-a250c22e-3c4a-4ec2-98cd-844056ee77a6 req-4bb6ab97-2926-4eb7-b6fd-0ef53aaa09dd 00cfcd9159234cf39f0f21f24ca12bb3 a61d6f668be14612ad6abf2efba5f569 - - 24a44dee18374be3acf91e212a98a5c2 24a44dee18374be3acf91e212a98a5c2] 10.0.0.33 "GET /allocations/12a98c20-2ea5-495f-8bac-93de0ca819df" status: 200 len: 19 microversion: 1.28 [pid: 8|app: 0|req: 327/653] 10.0.0.33 () {34 vars in 860 bytes} [Thu Apr 16 17:57:44 2026] GET /allocations/12a98c20-2ea5-495f-8bac-93de0ca819df => generated 19 bytes in 13 msecs (HTTP/1.1 200) 8 headers in 295 bytes (1 switches on core 0)
2026-04-16 17:57:44.910 7 INFO placement.requestlog [req-a250c22e-3c4a-4ec2-98cd-844056ee77a6 req-69d208fe-7ec6-4a42-8cfc-29d6d43e08cf 00cfcd9159234cf39f0f21f24ca12bb3 a61d6f668be14612ad6abf2efba5f569 - - 24a44dee18374be3acf91e212a98a5c2 24a44dee18374be3acf91e212a98a5c2] 10.0.0.33 "PUT /allocations/12a98c20-2ea5-495f-8bac-93de0ca819df" status: 204 len: 0 microversion: 1.36 [pid: 7|app: 0|req: 327/654] 10.0.0.33 () {38 vars in 913 bytes} [Thu Apr 16 17:57:44 2026] PUT /allocations/12a98c20-2ea5-495f-8bac-93de0ca819df => generated 0 bytes in 69 msecs (HTTP/1.1 204) 5 headers in 199 bytes (1 switches on core 0)
2026-04-16 17:57:45.196 7 INFO placement.requestlog [None req-01fc77db-69fc-48e5-b1d3-182ab8038d06 - - - - - -] 10.0.0.214 "GET /" status: 200 len: 136 microversion: 1.0
2026-04-16 17:57:45.196 8 INFO placement.requestlog [None req-da3d10d7-183d-4b0f-b82b-5931e67a7d07 - - - - - -] 10.0.0.214 "GET /" status: 200 len: 136 microversion: 1.0
2026-04-16 17:57:45.440 7 INFO placement.requestlog [req-ee470c59-d537-4d68-ac13-84f67a8b9015 req-3ffea3f3-4d08-4334-8c63-95a065b8967c 00cfcd9159234cf39f0f21f24ca12bb3 a61d6f668be14612ad6abf2efba5f569 - - 24a44dee18374be3acf91e212a98a5c2 24a44dee18374be3acf91e212a98a5c2] 10.0.0.33 "GET /allocation_candidates?limit=1000&resources=DISK_GB%3A1%2CMEMORY_MB%3A512%2CVCPU%3A1&root_required=%21COMPUTE_STATUS_DISABLED" status: 200 len: 2784 microversion: 1.36 [pid: 7|app: 0|req: 329/657] 10.0.0.33 () {34 vars in 1011 bytes} [Thu Apr 16 17:57:45 2026] GET /allocation_candidates?limit=1000&resources=DISK_GB%3A1%2CMEMORY_MB%3A512%2CVCPU%3A1&root_required=%21COMPUTE_STATUS_DISABLED => generated 2784 bytes in 42 msecs (HTTP/1.1 200) 8 headers in 297 bytes (1 switches on core 0)
2026-04-16 17:57:45.483 8 INFO placement.requestlog [req-ee470c59-d537-4d68-ac13-84f67a8b9015 req-bf41ec8a-7860-4ca8-983c-b889b9064b18 00cfcd9159234cf39f0f21f24ca12bb3 a61d6f668be14612ad6abf2efba5f569 - - 24a44dee18374be3acf91e212a98a5c2 24a44dee18374be3acf91e212a98a5c2] 10.0.0.33 "GET /allocations/56e995c4-44fc-4ca2-ac2a-b655a8950448" status: 200 len: 19 microversion: 1.28 [pid: 8|app: 0|req: 329/658] 10.0.0.33 () {34 vars in 860 bytes} [Thu Apr 16 17:57:45 2026] GET /allocations/56e995c4-44fc-4ca2-ac2a-b655a8950448 => generated 19 bytes in 12 msecs (HTTP/1.1 200) 8 headers in 295 bytes (1 switches on core 0)
2026-04-16 17:57:45.567 7 INFO placement.requestlog [req-ee470c59-d537-4d68-ac13-84f67a8b9015 req-baacd0d1-e3de-4e9d-9267-bf53df934c54 00cfcd9159234cf39f0f21f24ca12bb3 a61d6f668be14612ad6abf2efba5f569 - - 24a44dee18374be3acf91e212a98a5c2 24a44dee18374be3acf91e212a98a5c2] 10.0.0.33 "PUT /allocations/56e995c4-44fc-4ca2-ac2a-b655a8950448" status: 204 len: 0 microversion: 1.36 [pid: 7|app: 0|req: 330/659] 10.0.0.33 () {38 vars in 913 bytes} [Thu Apr 16 17:57:45 2026] PUT /allocations/56e995c4-44fc-4ca2-ac2a-b655a8950448 => generated 0 bytes in 77 msecs (HTTP/1.1 204) 5 headers in 199 bytes (1 switches on core 0)
2026-04-16 17:57:45.899 7 INFO placement.requestlog [None req-1f167339-cfbb-498d-94f6-b249c906d16c 118c9e76b8bc4264a18215a09803256f a61d6f668be14612ad6abf2efba5f569 - - 24a44dee18374be3acf91e212a98a5c2 24a44dee18374be3acf91e212a98a5c2] 10.0.0.105 "GET /resource_providers/301f8049-9fda-4915-bd1d-fbc11a301dc9/aggregates" status: 404 len: 235 microversion: 1.1 [pid: 7|app: 0|req: 331/660] 10.0.0.105 () {32 vars in 816 bytes} [Thu Apr 16 17:57:45 2026] GET /resource_providers/301f8049-9fda-4915-bd1d-fbc11a301dc9/aggregates => generated 235 bytes in 9 msecs (HTTP/1.1 404) 5 headers in 202 bytes (1 switches on core 0)
2026-04-16 17:57:45.904 8 INFO placement.requestlog [None req-026f6d4d-2348-43df-9063-e55e57d8f86b 118c9e76b8bc4264a18215a09803256f a61d6f668be14612ad6abf2efba5f569 - - 24a44dee18374be3acf91e212a98a5c2 24a44dee18374be3acf91e212a98a5c2] 10.0.0.105 "GET /resource_providers/301f8049-9fda-4915-bd1d-fbc11a301dc9/aggregates" status: 404 len: 235 microversion: 1.1 [pid: 8|app: 0|req: 330/661] 10.0.0.105 () {32 vars in 816 bytes} [Thu Apr 16 17:57:45 2026] GET /resource_providers/301f8049-9fda-4915-bd1d-fbc11a301dc9/aggregates => generated 235 bytes in 15 msecs (HTTP/1.1 404) 5 headers in 202 bytes (1 switches on core 0)
2026-04-16 17:57:45.928 7 INFO placement.requestlog [None req-0dff89a0-7e07-49e0-a02e-20057692900e 118c9e76b8bc4264a18215a09803256f a61d6f668be14612ad6abf2efba5f569 - - 24a44dee18374be3acf91e212a98a5c2 24a44dee18374be3acf91e212a98a5c2] 10.0.0.105 "DELETE /resource_providers/301f8049-9fda-4915-bd1d-fbc11a301dc9" status: 404 len: 246 microversion: 1.1 [pid: 7|app: 0|req: 332/662] 10.0.0.105 () {34 vars in 816 bytes} [Thu Apr 16 17:57:45 2026] DELETE /resource_providers/301f8049-9fda-4915-bd1d-fbc11a301dc9 => generated 246 bytes in 10 msecs (HTTP/1.1 404) 6 headers in 231 bytes (1 switches on core 0)
2026-04-16 17:57:45.929 8 INFO placement.requestlog [None req-732f3255-4ec4-4fad-b719-aff16504a3a9 118c9e76b8bc4264a18215a09803256f a61d6f668be14612ad6abf2efba5f569 - - 24a44dee18374be3acf91e212a98a5c2 24a44dee18374be3acf91e212a98a5c2] 10.0.0.105 "DELETE /resource_providers/301f8049-9fda-4915-bd1d-fbc11a301dc9" status: 404 len: 246 microversion: 1.1 [pid: 8|app: 0|req: 331/663] 10.0.0.105 () {34 vars in 816 bytes} [Thu Apr 16 17:57:45 2026] DELETE /resource_providers/301f8049-9fda-4915-bd1d-fbc11a301dc9 => generated 246 bytes in 10 msecs (HTTP/1.1 404) 6 headers in 231 bytes (1 switches on core 0)
2026-04-16 17:57:46.244 7 INFO placement.requestlog [None req-03a174df-0f8b-458d-9c4a-f034ba7a2c12 118c9e76b8bc4264a18215a09803256f a61d6f668be14612ad6abf2efba5f569 - - 24a44dee18374be3acf91e212a98a5c2 24a44dee18374be3acf91e212a98a5c2] 10.0.0.105 "GET /resource_providers/b8f352f5-a2a3-4b20-a430-08a4b0788042/aggregates" status: 404 len: 235 microversion: 1.1 [pid: 7|app: 0|req: 333/664] 10.0.0.105 () {32 vars in 816 bytes} [Thu Apr 16 17:57:46 2026] GET /resource_providers/b8f352f5-a2a3-4b20-a430-08a4b0788042/aggregates => generated 235 bytes in 12 msecs (HTTP/1.1 404) 5 headers in 202 bytes (1 switches on core 0)
2026-04-16 17:57:46.245 8 INFO placement.requestlog [None req-43a10965-675e-46ac-a595-0b54070752fb 118c9e76b8bc4264a18215a09803256f a61d6f668be14612ad6abf2efba5f569 - - 24a44dee18374be3acf91e212a98a5c2 24a44dee18374be3acf91e212a98a5c2] 10.0.0.105 "GET /resource_providers/b8f352f5-a2a3-4b20-a430-08a4b0788042/aggregates" status: 404 len: 235 microversion: 1.1 [pid: 8|app: 0|req: 332/665] 10.0.0.105 () {32 vars in 816 bytes} [Thu Apr 16 17:57:46 2026] GET /resource_providers/b8f352f5-a2a3-4b20-a430-08a4b0788042/aggregates => generated 235 bytes in 10 msecs (HTTP/1.1 404) 5 headers in 202 bytes (1 switches on core 0)
2026-04-16 17:57:46.262 8 INFO placement.requestlog [None req-f0439b34-e281-4e9f-a545-34a871ea301a 118c9e76b8bc4264a18215a09803256f a61d6f668be14612ad6abf2efba5f569 - - 24a44dee18374be3acf91e212a98a5c2 24a44dee18374be3acf91e212a98a5c2] 10.0.0.105 "DELETE /resource_providers/b8f352f5-a2a3-4b20-a430-08a4b0788042" status: 404 len: 246 microversion: 1.1 [pid: 8|app: 0|req: 333/666] 10.0.0.105 () {34 vars in 816 bytes} [Thu Apr 16 17:57:46 2026] DELETE /resource_providers/b8f352f5-a2a3-4b20-a430-08a4b0788042 => generated 246 bytes in 7 msecs (HTTP/1.1 404) 6 headers in 231 bytes (1 switches on core 0)
2026-04-16 17:57:46.265 7 INFO placement.requestlog [None req-527e9f8a-eeb0-4709-837e-cd220203af98 118c9e76b8bc4264a18215a09803256f a61d6f668be14612ad6abf2efba5f569 - - 24a44dee18374be3acf91e212a98a5c2 24a44dee18374be3acf91e212a98a5c2] 10.0.0.105 "DELETE /resource_providers/b8f352f5-a2a3-4b20-a430-08a4b0788042" status: 404 len: 246 microversion: 1.1 [pid: 7|app: 0|req: 334/667] 10.0.0.105 () {34 vars in 816 bytes} [Thu Apr 16 17:57:46 2026] DELETE /resource_providers/b8f352f5-a2a3-4b20-a430-08a4b0788042 => generated 246 bytes in 11 msecs (HTTP/1.1 404) 6 headers in 231 bytes (1 switches on core 0)
2026-04-16 17:57:46.577 8 INFO placement.requestlog [req-a250c22e-3c4a-4ec2-98cd-844056ee77a6 req-66f98991-7626-48fa-bab7-48dc64c36dc4 00cfcd9159234cf39f0f21f24ca12bb3 a61d6f668be14612ad6abf2efba5f569 - - 24a44dee18374be3acf91e212a98a5c2 24a44dee18374be3acf91e212a98a5c2] 199.204.45.233 "GET /allocations/12a98c20-2ea5-495f-8bac-93de0ca819df" status: 200 len: 257 microversion: 1.28 [pid: 8|app: 0|req: 334/668] 199.204.45.233 () {34 vars in 863 bytes} [Thu Apr 16 17:57:46 2026] GET /allocations/12a98c20-2ea5-495f-8bac-93de0ca819df => generated 257 bytes in 13 msecs (HTTP/1.1 200) 8 headers in 296 bytes (1 switches on core 0)
2026-04-16 17:57:47.023 7 INFO placement.requestlog [req-ee470c59-d537-4d68-ac13-84f67a8b9015 req-04cb2c9a-4a49-4d86-bfc9-f11a3846e72f 00cfcd9159234cf39f0f21f24ca12bb3 a61d6f668be14612ad6abf2efba5f569 - - 24a44dee18374be3acf91e212a98a5c2 24a44dee18374be3acf91e212a98a5c2] 199.204.45.233 "GET /allocations/56e995c4-44fc-4ca2-ac2a-b655a8950448" status: 200 len: 257 microversion: 1.28 [pid: 7|app: 0|req: 335/669] 199.204.45.233 () {34 vars in 863 bytes} [Thu Apr 16 17:57:47 2026] GET /allocations/56e995c4-44fc-4ca2-ac2a-b655a8950448 => generated 257 bytes in 15 msecs (HTTP/1.1 200) 8 headers in 296 bytes (1 switches on core 0)
2026-04-16 17:57:47.620 8 INFO placement.requestlog [req-a250c22e-3c4a-4ec2-98cd-844056ee77a6 req-4dcc3af0-c1f0-47fc-81e1-2e1dd35210ca 00cfcd9159234cf39f0f21f24ca12bb3 a61d6f668be14612ad6abf2efba5f569 - - 24a44dee18374be3acf91e212a98a5c2 24a44dee18374be3acf91e212a98a5c2] 199.204.45.233 "GET /resource_providers/df2b6554-ba1d-4ef3-9435-215bb70215a8/allocations" status: 200 len: 352 microversion: 1.0 [pid: 8|app: 0|req: 335/670] 199.204.45.233 () {32 vars in 857 bytes} [Thu Apr 16 17:57:47 2026] GET /resource_providers/df2b6554-ba1d-4ef3-9435-215bb70215a8/allocations => generated 352 bytes in 15 msecs (HTTP/1.1 200) 6 headers in 224 bytes (1 switches on core 0)
2026-04-16 17:57:47.645 7 INFO placement.requestlog [req-a250c22e-3c4a-4ec2-98cd-844056ee77a6 req-8f92e584-3ef3-447a-9712-5e2ee49bf15d 00cfcd9159234cf39f0f21f24ca12bb3 a61d6f668be14612ad6abf2efba5f569 - - 24a44dee18374be3acf91e212a98a5c2 24a44dee18374be3acf91e212a98a5c2] 199.204.45.233 "GET /allocations/56e995c4-44fc-4ca2-ac2a-b655a8950448" status: 200 len: 257 microversion: 1.28 [pid: 7|app: 0|req: 336/671] 199.204.45.233 () {34 vars in 863 bytes} [Thu Apr 16 17:57:47 2026] GET /allocations/56e995c4-44fc-4ca2-ac2a-b655a8950448 => generated 257 bytes in 19 msecs (HTTP/1.1 200) 8 headers in 296 bytes (1 switches on core 0)
2026-04-16 17:57:47.660 8 INFO placement.requestlog [req-a250c22e-3c4a-4ec2-98cd-844056ee77a6 req-c7e2ee3a-9408-4c5f-a71d-b5d1efd4920e 00cfcd9159234cf39f0f21f24ca12bb3 a61d6f668be14612ad6abf2efba5f569 - - 24a44dee18374be3acf91e212a98a5c2 24a44dee18374be3acf91e212a98a5c2] 199.204.45.233 "GET /allocations/a6e1b99b-e575-48b8-b27a-739501c530bd" status: 200 len: 257 microversion: 1.28 [pid: 8|app: 0|req: 336/672] 199.204.45.233 () {34 vars in 863 bytes} [Thu Apr 16 17:57:47 2026] GET /allocations/a6e1b99b-e575-48b8-b27a-739501c530bd => generated 257 bytes in 10 msecs (HTTP/1.1 200) 8 headers in 296 bytes (1 switches on core 0)
2026-04-16 17:57:47.678 7 INFO placement.requestlog [req-a250c22e-3c4a-4ec2-98cd-844056ee77a6 req-870fd96f-45b7-4c38-812f-2370af6dd9ae 00cfcd9159234cf39f0f21f24ca12bb3 a61d6f668be14612ad6abf2efba5f569 - - 24a44dee18374be3acf91e212a98a5c2 24a44dee18374be3acf91e212a98a5c2] 199.204.45.233 "GET /allocations/12a98c20-2ea5-495f-8bac-93de0ca819df" status: 200 len: 257 microversion: 1.28 [pid: 7|app: 0|req: 337/673] 199.204.45.233 () {34 vars in 863 bytes} [Thu Apr 16 17:57:47 2026] GET /allocations/12a98c20-2ea5-495f-8bac-93de0ca819df => generated 257 bytes in 14 msecs (HTTP/1.1 200) 8 headers in 296 bytes (1 switches on core 0)
2026-04-16 17:57:49.754 8 INFO placement.requestlog [req-ee470c59-d537-4d68-ac13-84f67a8b9015 req-f9f52518-00eb-4d81-ab45-02ab5c6d374a 00cfcd9159234cf39f0f21f24ca12bb3 a61d6f668be14612ad6abf2efba5f569 - - 24a44dee18374be3acf91e212a98a5c2 24a44dee18374be3acf91e212a98a5c2] 199.204.45.233 "GET /resource_providers/df2b6554-ba1d-4ef3-9435-215bb70215a8/allocations" status: 200 len: 352 microversion: 1.0 [pid: 8|app: 0|req: 337/674] 199.204.45.233 () {32 vars in 857 bytes} [Thu Apr 16 17:57:49 2026] GET /resource_providers/df2b6554-ba1d-4ef3-9435-215bb70215a8/allocations => generated 352 bytes in 19 msecs (HTTP/1.1 200) 6 headers in 224 bytes (1 switches on core 0)
2026-04-16 17:57:49.784 7 INFO placement.requestlog [req-ee470c59-d537-4d68-ac13-84f67a8b9015 req-4ddff2b3-ec41-47b6-a707-3fce0202bd7f 00cfcd9159234cf39f0f21f24ca12bb3 a61d6f668be14612ad6abf2efba5f569 - - 24a44dee18374be3acf91e212a98a5c2 24a44dee18374be3acf91e212a98a5c2] 199.204.45.233 "GET /allocations/56e995c4-44fc-4ca2-ac2a-b655a8950448" status: 200 len: 257 microversion: 1.28 [pid: 7|app: 0|req: 338/675] 199.204.45.233 () {34 vars in 863 bytes} [Thu Apr 16 17:57:49 2026] GET /allocations/56e995c4-44fc-4ca2-ac2a-b655a8950448 => generated 257 bytes in 25 msecs (HTTP/1.1 200) 8 headers in 296 bytes (1 switches on core 0)
2026-04-16 17:57:49.804 8 INFO placement.requestlog [req-ee470c59-d537-4d68-ac13-84f67a8b9015 req-ab06c1a6-a3bf-4940-8d03-80afbb9c3fea 00cfcd9159234cf39f0f21f24ca12bb3 a61d6f668be14612ad6abf2efba5f569 - - 24a44dee18374be3acf91e212a98a5c2 24a44dee18374be3acf91e212a98a5c2] 199.204.45.233 "GET /allocations/a6e1b99b-e575-48b8-b27a-739501c530bd" status: 200 len: 257 microversion: 1.28 [pid: 8|app: 0|req: 338/676] 199.204.45.233 () {34 vars in 863 bytes} [Thu Apr 16 17:57:49 2026] GET /allocations/a6e1b99b-e575-48b8-b27a-739501c530bd => generated 257 bytes in 14 msecs (HTTP/1.1 200) 8 headers in 296 bytes (1 switches on core 0)
2026-04-16 17:57:49.822 7 INFO placement.requestlog [req-ee470c59-d537-4d68-ac13-84f67a8b9015 req-3086c032-24b0-40d4-ac10-5f35d67a49b7 00cfcd9159234cf39f0f21f24ca12bb3 a61d6f668be14612ad6abf2efba5f569 - - 24a44dee18374be3acf91e212a98a5c2 24a44dee18374be3acf91e212a98a5c2] 199.204.45.233 "GET /allocations/12a98c20-2ea5-495f-8bac-93de0ca819df" status: 200 len: 257 microversion: 1.28 [pid: 7|app: 0|req: 339/677] 199.204.45.233 () {34 vars in 863 bytes} [Thu Apr 16 17:57:49 2026] GET /allocations/12a98c20-2ea5-495f-8bac-93de0ca819df => generated 257 bytes in 14 msecs (HTTP/1.1 200) 8 headers in 296 bytes (1 switches on core 0)
2026-04-16 17:57:52.589 8 INFO placement.requestlog [None req-4cef8f3d-be4f-4337-a612-62197926a70d 118c9e76b8bc4264a18215a09803256f a61d6f668be14612ad6abf2efba5f569 - - 24a44dee18374be3acf91e212a98a5c2 24a44dee18374be3acf91e212a98a5c2] 10.0.0.105 "GET /resource_providers/8b47c6a6-e9a2-49a0-9375-9a926ed7617a/aggregates" status: 404 len: 235 microversion: 1.1 [pid: 8|app: 0|req: 339/678] 10.0.0.105 () {32 vars in 816 bytes} [Thu Apr 16 17:57:52 2026] GET /resource_providers/8b47c6a6-e9a2-49a0-9375-9a926ed7617a/aggregates => generated 235 bytes in 10 msecs (HTTP/1.1 404) 5 headers in 202 bytes (1 switches on core 0)
2026-04-16 17:57:52.609 7 INFO placement.requestlog [None req-340ea295-8089-4d6e-95a6-4e6c154c20b7 118c9e76b8bc4264a18215a09803256f a61d6f668be14612ad6abf2efba5f569 - - 24a44dee18374be3acf91e212a98a5c2 24a44dee18374be3acf91e212a98a5c2] 10.0.0.105 "GET /resource_providers/8b47c6a6-e9a2-49a0-9375-9a926ed7617a/aggregates" status: 404 len: 235 microversion: 1.1 [pid: 7|app: 0|req: 340/679] 10.0.0.105 () {32 vars in 816 bytes} [Thu Apr 16 17:57:52 2026] GET /resource_providers/8b47c6a6-e9a2-49a0-9375-9a926ed7617a/aggregates => generated 235 bytes in 18 msecs (HTTP/1.1 404) 5 headers in 202 bytes (1 switches on core 0)
2026-04-16 17:57:52.622 8 INFO placement.requestlog [None req-a2179bd8-a731-452e-b221-5325dd32bdb2 118c9e76b8bc4264a18215a09803256f a61d6f668be14612ad6abf2efba5f569 - - 24a44dee18374be3acf91e212a98a5c2 24a44dee18374be3acf91e212a98a5c2] 10.0.0.105 "DELETE /resource_providers/8b47c6a6-e9a2-49a0-9375-9a926ed7617a" status: 404 len: 246 microversion: 1.1 [pid: 8|app: 0|req: 340/680] 10.0.0.105 () {34 vars in 816 bytes} [Thu Apr 16 17:57:52 2026] DELETE /resource_providers/8b47c6a6-e9a2-49a0-9375-9a926ed7617a => generated 246 bytes in 9 msecs (HTTP/1.1 404) 6 headers in 231 bytes (1 switches on core 0)
2026-04-16 17:57:52.628 7 INFO placement.requestlog [None req-0111293b-9824-4ea8-8504-091e8d42d6c6 118c9e76b8bc4264a18215a09803256f a61d6f668be14612ad6abf2efba5f569 - - 24a44dee18374be3acf91e212a98a5c2 24a44dee18374be3acf91e212a98a5c2] 10.0.0.105 "DELETE /resource_providers/8b47c6a6-e9a2-49a0-9375-9a926ed7617a" status: 404 len: 246 microversion: 1.1 [pid: 7|app: 0|req: 341/681] 10.0.0.105 () {34 vars in 816 bytes} [Thu Apr 16 17:57:52 2026] DELETE /resource_providers/8b47c6a6-e9a2-49a0-9375-9a926ed7617a => generated 246 bytes in 10 msecs (HTTP/1.1 404) 6 headers in 231 bytes (1 switches on core 0)
2026-04-16 17:57:54.646 8 INFO placement.requestlog [None req-53130b24-e332-4f3c-9853-2cebfc446e25 118c9e76b8bc4264a18215a09803256f a61d6f668be14612ad6abf2efba5f569 - - 24a44dee18374be3acf91e212a98a5c2 24a44dee18374be3acf91e212a98a5c2] 10.0.0.105 "GET /resource_providers/83c77742-bcfe-488b-a842-55db6119fa3a/aggregates" status: 404 len: 235 microversion: 1.1 [pid: 8|app: 0|req: 341/682] 10.0.0.105 () {32 vars in 816 bytes} [Thu Apr 16 17:57:54 2026] GET /resource_providers/83c77742-bcfe-488b-a842-55db6119fa3a/aggregates => generated 235 bytes in 13 msecs (HTTP/1.1 404) 5 headers in 202 bytes (1 switches on core 0)
2026-04-16 17:57:54.648 7 INFO placement.requestlog [None req-6f62912c-939d-40c6-b02f-4de3707ab2c3 118c9e76b8bc4264a18215a09803256f a61d6f668be14612ad6abf2efba5f569 - - 24a44dee18374be3acf91e212a98a5c2 24a44dee18374be3acf91e212a98a5c2] 10.0.0.105 "GET /resource_providers/83c77742-bcfe-488b-a842-55db6119fa3a/aggregates" status: 404 len: 235 microversion: 1.1 [pid: 7|app: 0|req: 342/683] 10.0.0.105 () {32 vars in 816 bytes} [Thu Apr 16 17:57:54 2026] GET /resource_providers/83c77742-bcfe-488b-a842-55db6119fa3a/aggregates => generated 235 bytes in 11 msecs (HTTP/1.1 404) 5 headers in 202 bytes (1 switches on core 0)
2026-04-16 17:57:54.669 8 INFO placement.requestlog [None req-e13c2f6e-11ac-40ca-9096-e610bf85f99b 118c9e76b8bc4264a18215a09803256f a61d6f668be14612ad6abf2efba5f569 - - 24a44dee18374be3acf91e212a98a5c2 24a44dee18374be3acf91e212a98a5c2] 10.0.0.105 "DELETE /resource_providers/83c77742-bcfe-488b-a842-55db6119fa3a" status: 404 len: 246 microversion: 1.1 [pid: 8|app: 0|req: 342/684] 10.0.0.105 () {34 vars in 816 bytes} [Thu Apr 16 17:57:54 2026] DELETE /resource_providers/83c77742-bcfe-488b-a842-55db6119fa3a => generated 246 bytes in 10 msecs (HTTP/1.1 404) 6 headers in 231 bytes (1 switches on core 0)
2026-04-16 17:57:54.672 7 INFO placement.requestlog [None req-ad735d12-8087-4f7e-8c96-a87905065a08 118c9e76b8bc4264a18215a09803256f a61d6f668be14612ad6abf2efba5f569 - - 24a44dee18374be3acf91e212a98a5c2 24a44dee18374be3acf91e212a98a5c2] 10.0.0.105 "DELETE /resource_providers/83c77742-bcfe-488b-a842-55db6119fa3a" status: 404 len: 246 microversion: 1.1 [pid: 7|app: 0|req: 343/685] 10.0.0.105 () {34 vars in 816 bytes} [Thu Apr 16 17:57:54 2026] DELETE /resource_providers/83c77742-bcfe-488b-a842-55db6119fa3a => generated 246 bytes in 11 msecs (HTTP/1.1 404) 6 headers in 231 bytes (1 switches on core 0)
2026-04-16 17:57:54.688 8 INFO placement.requestlog [None req-291992ab-ea0e-4a93-a180-3be612112ddc 118c9e76b8bc4264a18215a09803256f a61d6f668be14612ad6abf2efba5f569 - - 24a44dee18374be3acf91e212a98a5c2 24a44dee18374be3acf91e212a98a5c2] 10.0.0.105 "GET /resource_providers/2739a733-ee78-44bc-a876-66107bb0d161/aggregates" status: 404 len: 235 microversion: 1.1 [pid: 8|app: 0|req: 343/686] 10.0.0.105 () {32 vars in 816 bytes} [Thu Apr 16 17:57:54 2026] GET /resource_providers/2739a733-ee78-44bc-a876-66107bb0d161/aggregates => generated 235 bytes in 10 msecs (HTTP/1.1 404) 5 headers in 202 bytes (1 switches on core 0)
2026-04-16 17:57:54.690 7 INFO placement.requestlog [None req-49264fd7-9a40-4f41-81df-f8e729641577 118c9e76b8bc4264a18215a09803256f a61d6f668be14612ad6abf2efba5f569 - - 24a44dee18374be3acf91e212a98a5c2 24a44dee18374be3acf91e212a98a5c2] 10.0.0.105 "GET /resource_providers/2739a733-ee78-44bc-a876-66107bb0d161/aggregates" status: 404 len: 235 microversion: 1.1 [pid: 7|app: 0|req: 344/687] 10.0.0.105 () {32 vars in 816 bytes} [Thu Apr 16 17:57:54 2026] GET /resource_providers/2739a733-ee78-44bc-a876-66107bb0d161/aggregates => generated 235 bytes in 7 msecs (HTTP/1.1 404) 5 headers in 202 bytes (1 switches on core 0)
2026-04-16 17:57:54.708 7 INFO placement.requestlog [None req-1b30c7d2-f459-42cd-b99e-9b6651934713 118c9e76b8bc4264a18215a09803256f a61d6f668be14612ad6abf2efba5f569 - - 24a44dee18374be3acf91e212a98a5c2 24a44dee18374be3acf91e212a98a5c2] 10.0.0.105 "DELETE /resource_providers/2739a733-ee78-44bc-a876-66107bb0d161" status: 404 len: 246 microversion: 1.1 [pid: 7|app: 0|req: 345/688] 10.0.0.105 () {34 vars in 816 bytes} [Thu Apr 16 17:57:54 2026] DELETE /resource_providers/2739a733-ee78-44bc-a876-66107bb0d161 => generated 246 bytes in 8 msecs (HTTP/1.1 404) 6 headers in 231 bytes (1 switches on core 0)
2026-04-16 17:57:54.710 8 INFO placement.requestlog [None req-4a45fc9a-c202-4467-b089-67c648f35472 118c9e76b8bc4264a18215a09803256f a61d6f668be14612ad6abf2efba5f569 - - 24a44dee18374be3acf91e212a98a5c2 24a44dee18374be3acf91e212a98a5c2] 10.0.0.105 "DELETE /resource_providers/2739a733-ee78-44bc-a876-66107bb0d161" status: 404 len: 246 microversion: 1.1 [pid: 8|app: 0|req: 344/689] 10.0.0.105 () {34 vars in 816 bytes} [Thu Apr 16 17:57:54 2026] DELETE /resource_providers/2739a733-ee78-44bc-a876-66107bb0d161 => generated 246 bytes in 12 msecs (HTTP/1.1 404) 6 headers in 231 bytes (1 switches on core 0)
2026-04-16 17:57:54.733 7 INFO placement.requestlog [None req-f932daff-1b9b-47f3-bbf2-2ea074e28d62 118c9e76b8bc4264a18215a09803256f a61d6f668be14612ad6abf2efba5f569 - - 24a44dee18374be3acf91e212a98a5c2 24a44dee18374be3acf91e212a98a5c2] 10.0.0.105 "GET /resource_providers/13372de6-1832-4d57-ae0b-77dc80712f4d/aggregates" status: 404 len: 235 microversion: 1.1 [pid: 7|app: 0|req: 346/690] 10.0.0.105 () {32 vars in 816 bytes} [Thu Apr 16 17:57:54 2026] GET /resource_providers/13372de6-1832-4d57-ae0b-77dc80712f4d/aggregates => generated 235 bytes in 13 msecs (HTTP/1.1 404) 5 headers in 202 bytes (1 switches on core 0)
2026-04-16 17:57:54.734 8 INFO placement.requestlog [None req-bf5de553-1ab0-40e6-88c9-e199cf278f56 118c9e76b8bc4264a18215a09803256f a61d6f668be14612ad6abf2efba5f569 - - 24a44dee18374be3acf91e212a98a5c2 24a44dee18374be3acf91e212a98a5c2] 10.0.0.105 "GET /resource_providers/13372de6-1832-4d57-ae0b-77dc80712f4d/aggregates" status: 404 len: 235 microversion: 1.1 [pid: 8|app: 0|req: 345/691] 10.0.0.105 () {32 vars in 816 bytes} [Thu Apr 16 17:57:54 2026] GET /resource_providers/13372de6-1832-4d57-ae0b-77dc80712f4d/aggregates => generated 235 bytes in 10 msecs (HTTP/1.1 404) 5 headers in 202 bytes (1 switches on core 0)
2026-04-16 17:57:54.754 7 INFO placement.requestlog [None req-9ddbf500-8489-4774-adfb-b6d416229adb 118c9e76b8bc4264a18215a09803256f a61d6f668be14612ad6abf2efba5f569 - - 24a44dee18374be3acf91e212a98a5c2 24a44dee18374be3acf91e212a98a5c2] 10.0.0.105 "DELETE /resource_providers/13372de6-1832-4d57-ae0b-77dc80712f4d" status: 404 len: 246 microversion: 1.1 [pid: 7|app: 0|req: 347/692] 10.0.0.105 () {34 vars in 816 bytes} [Thu Apr 16 17:57:54 2026] DELETE /resource_providers/13372de6-1832-4d57-ae0b-77dc80712f4d => generated 246 bytes in 9 msecs (HTTP/1.1 404) 6 headers in 231 bytes (1 switches on core 0)
