2026-04-16 18:00:19.364 7 INFO neutron.db.ovn_revision_numbers_db [None req-e394f00f-b3fa-4c54-a078-0bffb79f0184 - - - - - -] Successfully bumped revision number for resource 2d2cdf78-1388-4a57-80ce-a69cad480849 (type: subnets) to 0 [pid: 7|app: 0|req: 977/1964] 10.0.0.153 () {34 vars in 669 bytes} [Thu Apr 16 18:00:18 2026] POST /v2.0/subnets => generated 629 bytes in 908 msecs (HTTP/1.1 201) 4 headers in 162 bytes (1 switches on core 0)
2026-04-16 18:00:19.399 8 INFO neutron.db.ovn_revision_numbers_db [None req-6b56a677-e9c4-4322-a840-dbcb3a3d2a52 11e69d587c26456ea607accaae632796 36a9e6f5d396428d95a67cb5fd263e99 - - default default] Successfully bumped revision number for resource 1f900766-61e4-4ec2-bc99-fc5a52cf90b0 (type: networks) to 1 [pid: 7|app: 0|req: 978/1965] 10.0.0.153 () {34 vars in 751 bytes} [Thu Apr 16 18:00:19 2026] PUT /v2.0/subnets/a00fef93-9f97-4e12-9b56-599678b6467a/tags => generated 17 bytes in 66 msecs (HTTP/1.1 200) 4 headers in 156 bytes (1 switches on core 0) [pid: 7|app: 0|req: 979/1966] 10.0.0.153 () {34 vars in 751 bytes} [Thu Apr 16 18:00:19 2026] PUT /v2.0/subnets/fbfbce40-5464-4850-99bc-154749e0f945/tags => generated 25 bytes in 44 msecs (HTTP/1.1 200) 4 headers in 156 bytes (1 switches on core 0)
2026-04-16 18:00:19.540 8 WARNING neutron.scheduler.dhcp_agent_scheduler [None req-6b56a677-e9c4-4322-a840-dbcb3a3d2a52 11e69d587c26456ea607accaae632796 36a9e6f5d396428d95a67cb5fd263e99 - - default default] No more DHCP agents
2026-04-16 18:00:19.541 8 WARNING neutron.api.rpc.agentnotifiers.dhcp_rpc_agent_api [None req-6b56a677-e9c4-4322-a840-dbcb3a3d2a52 11e69d587c26456ea607accaae632796 36a9e6f5d396428d95a67cb5fd263e99 - - default default] Unable to schedule network 1f900766-61e4-4ec2-bc99-fc5a52cf90b0: no agents available; will retry on subsequent port and subnet creation events. [pid: 7|app: 0|req: 980/1967] 10.0.0.153 () {34 vars in 751 bytes} [Thu Apr 16 18:00:19 2026] PUT /v2.0/subnets/43b6443f-9381-42ef-8c20-a35a477883e8/tags => generated 34 bytes in 65 msecs (HTTP/1.1 200) 4 headers in 156 bytes (1 switches on core 0)
2026-04-16 18:00:19.585 8 INFO neutron.plugins.ml2.drivers.ovn.mech_driver.mech_driver [None req-f20e5d90-b20e-4cd9-b0e8-19d453ced219 - - - - - -] OVN reports status down for port: 8bc138f4-7ec3-4836-a816-dd6ad146a17c [pid: 7|app: 0|req: 981/1968] 10.0.0.153 () {34 vars in 751 bytes} [Thu Apr 16 18:00:19 2026] PUT /v2.0/subnets/d579b2a1-9032-4e5d-bb53-eefc573561e6/tags => generated 19 bytes in 50 msecs (HTTP/1.1 200) 4 headers in 156 bytes (1 switches on core 0)
2026-04-16 18:00:19.650 8 INFO neutron.db.ovn_revision_numbers_db [None req-6b56a677-e9c4-4322-a840-dbcb3a3d2a52 11e69d587c26456ea607accaae632796 36a9e6f5d396428d95a67cb5fd263e99 - - default default] Successfully bumped revision number for resource 8bc138f4-7ec3-4836-a816-dd6ad146a17c (type: ports) to 1 [pid: 8|app: 0|req: 988/1969] 10.0.0.153 () {34 vars in 670 bytes} [Thu Apr 16 18:00:19 2026] POST /v2.0/networks => generated 651 bytes in 568 msecs (HTTP/1.1 201) 4 headers in 162 bytes (1 switches on core 0) [pid: 7|app: 0|req: 982/1970] 10.0.0.153 () {32 vars in 664 bytes} [Thu Apr 16 18:00:19 2026] GET /v2.0/subnets?tags=red => generated 1904 bytes in 52 msecs (HTTP/1.1 200) 4 headers in 158 bytes (1 switches on core 0) [pid: 7|app: 0|req: 983/1971] 10.0.0.153 () {32 vars in 678 bytes} [Thu Apr 16 18:00:19 2026] GET /v2.0/subnets?tags=red%2Cblue => generated 1283 bytes in 78 msecs (HTTP/1.1 200) 4 headers in 158 bytes (1 switches on core 0) [pid: 7|app: 0|req: 984/1972] 10.0.0.153 () {32 vars in 674 bytes} [Thu Apr 16 18:00:19 2026] GET /v2.0/subnets?tags-any=blue => generated 1283 bytes in 41 msecs (HTTP/1.1 200) 4 headers in 158 bytes (1 switches on core 0) [pid: 7|app: 0|req: 985/1973] 10.0.0.153 () {32 vars in 686 bytes} [Thu Apr 16 18:00:19 2026] GET /v2.0/subnets?tags-any=red%2Cblue => generated 1904 bytes in 27 msecs (HTTP/1.1 200) 4 headers in 158 bytes (1 switches on core 0)
2026-04-16 18:00:19.928 8 WARNING neutron.scheduler.dhcp_agent_scheduler [None req-545af59a-2d7e-416f-bc42-1a68a9f98264 11e69d587c26456ea607accaae632796 36a9e6f5d396428d95a67cb5fd263e99 - - default default] No more DHCP agents
2026-04-16 18:00:19.929 8 WARNING neutron.api.rpc.agentnotifiers.dhcp_rpc_agent_api [None req-545af59a-2d7e-416f-bc42-1a68a9f98264 11e69d587c26456ea607accaae632796 36a9e6f5d396428d95a67cb5fd263e99 - - default default] Unable to schedule network 1f900766-61e4-4ec2-bc99-fc5a52cf90b0: no agents available; will retry on subsequent port and subnet creation events.
2026-04-16 18:00:20.299 8 INFO neutron.db.ovn_revision_numbers_db [None req-71edb8f4-5eec-4988-bbbb-7dcec44ee8bc - - - - - -] Successfully bumped revision number for resource 8bc138f4-7ec3-4836-a816-dd6ad146a17c (type: ports) to 2
2026-04-16 18:00:20.345 8 INFO neutron.db.ovn_revision_numbers_db [None req-71edb8f4-5eec-4988-bbbb-7dcec44ee8bc - - - - - -] Successfully bumped revision number for resource c4a637fa-f82e-4d0f-81cc-0f845143aa09 (type: subnets) to 0 [pid: 8|app: 0|req: 989/1974] 10.0.0.153 () {34 vars in 669 bytes} [Thu Apr 16 18:00:19 2026] POST /v2.0/subnets => generated 626 bytes in 661 msecs (HTTP/1.1 201) 4 headers in 162 bytes (1 switches on core 0) [pid: 7|app: 0|req: 986/1975] 10.0.0.153 () {32 vars in 672 bytes} [Thu Apr 16 18:00:19 2026] GET /v2.0/subnets?not-tags=red => generated 1894 bytes in 691 msecs (HTTP/1.1 200) 4 headers in 158 bytes (1 switches on core 0)
2026-04-16 18:00:20.628 8 INFO neutron.db.ovn_revision_numbers_db [None req-616ff491-9965-4914-9fd5-8022980f674e 446dcdcc1a5145fd9a18c49e9eb0c00d a3ab715fa1b74de1b59db63c8b54d9aa - - default default] Successfully bumped revision number for resource c4c26133-af38-487d-9b0d-c33a967bf5b6 (type: security_groups) to 1
2026-04-16 18:00:20.640 8 INFO neutron.db.ovn_revision_numbers_db [None req-616ff491-9965-4914-9fd5-8022980f674e 446dcdcc1a5145fd9a18c49e9eb0c00d a3ab715fa1b74de1b59db63c8b54d9aa - - default default] Successfully bumped revision number for resource 1452196d-db42-4b74-bf9f-d64b5d7aefc1 (type: security_group_rules) to 0
2026-04-16 18:00:20.652 8 INFO neutron.db.ovn_revision_numbers_db [None req-616ff491-9965-4914-9fd5-8022980f674e 446dcdcc1a5145fd9a18c49e9eb0c00d a3ab715fa1b74de1b59db63c8b54d9aa - - default default] Successfully bumped revision number for resource 364f1855-375a-462c-bd8e-5176bca055bd (type: security_group_rules) to 0
2026-04-16 18:00:20.664 8 INFO neutron.db.ovn_revision_numbers_db [None req-616ff491-9965-4914-9fd5-8022980f674e 446dcdcc1a5145fd9a18c49e9eb0c00d a3ab715fa1b74de1b59db63c8b54d9aa - - default default] Successfully bumped revision number for resource 5c2b86db-15fd-4aad-a5a1-2fce531ebc92 (type: security_group_rules) to 0
2026-04-16 18:00:20.685 8 INFO neutron.db.ovn_revision_numbers_db [None req-616ff491-9965-4914-9fd5-8022980f674e 446dcdcc1a5145fd9a18c49e9eb0c00d a3ab715fa1b74de1b59db63c8b54d9aa - - default default] Successfully bumped revision number for resource ebd222e7-4a10-4c9d-92c3-b036967c0d03 (type: security_group_rules) to 0 [pid: 8|app: 0|req: 990/1976] 10.0.0.153 () {32 vars in 774 bytes} [Thu Apr 16 18:00:20 2026] GET /v2.0/security-groups?tenant_id=51127a4fe89d4c439ab74fc83e6c0cd4&name=default => generated 2925 bytes in 356 msecs (HTTP/1.1 200) 4 headers in 158 bytes (1 switches on core 0) [pid: 8|app: 0|req: 991/1977] 10.0.0.153 () {32 vars in 686 bytes} [Thu Apr 16 18:00:20 2026] GET /v2.0/subnets?not-tags=red%2Cblue => generated 2515 bytes in 45 msecs (HTTP/1.1 200) 4 headers in 158 bytes (1 switches on core 0)
2026-04-16 18:00:20.830 7 WARNING neutron.scheduler.dhcp_agent_scheduler [None req-6e7085d0-54fe-4b6b-970e-7ceeb80204ce 11e69d587c26456ea607accaae632796 36a9e6f5d396428d95a67cb5fd263e99 - - default default] No more DHCP agents
2026-04-16 18:00:20.831 7 WARNING neutron.api.rpc.agentnotifiers.dhcp_rpc_agent_api [None req-6e7085d0-54fe-4b6b-970e-7ceeb80204ce 11e69d587c26456ea607accaae632796 36a9e6f5d396428d95a67cb5fd263e99 - - default default] Unable to schedule network 1f900766-61e4-4ec2-bc99-fc5a52cf90b0: no agents available; will retry on subsequent port and subnet creation events.
2026-04-16 18:00:20.930 8 INFO neutron.plugins.ml2.drivers.ovn.mech_driver.mech_driver [None req-f20e5d90-b20e-4cd9-b0e8-19d453ced219 - - - - - -] OVN reports status down for port: 9b5127e5-cbfe-46ab-bf51-13c84b336492
2026-04-16 18:00:20.967 7 INFO neutron.db.ovn_revision_numbers_db [None req-6e7085d0-54fe-4b6b-970e-7ceeb80204ce 11e69d587c26456ea607accaae632796 36a9e6f5d396428d95a67cb5fd263e99 - - default default] Successfully bumped revision number for resource 9b5127e5-cbfe-46ab-bf51-13c84b336492 (type: ports) to 1 [pid: 7|app: 0|req: 987/1978] 10.0.0.153 () {34 vars in 665 bytes} [Thu Apr 16 18:00:20 2026] POST /v2.0/ports => generated 950 bytes in 477 msecs (HTTP/1.1 201) 4 headers in 162 bytes (1 switches on core 0) /var/lib/openstack/lib/python3.12/site-packages/pycadf/identifier.py:70: UserWarning: Invalid uuid: neutron. To ensure interoperability, identifiers should be a valid uuid. warnings.warn(('Invalid uuid: %s. To ensure interoperability, ' [pid: 7|app: 0|req: 988/1979] 10.0.0.153 () {32 vars in 682 bytes} [Thu Apr 16 18:00:21 2026] GET /v2.0/subnets?not-tags-any=blue => generated 2515 bytes in 72 msecs (HTTP/1.1 200) 4 headers in 158 bytes (1 switches on core 0) [pid: 8|app: 0|req: 992/1982] 10.0.0.153 () {32 vars in 740 bytes} [Thu Apr 16 18:00:20 2026] DELETE /v2.0/security-groups/c4c26133-af38-487d-9b0d-c33a967bf5b6 => generated 0 bytes in 364 msecs (HTTP/1.1 204) 2 headers in 112 bytes (1 switches on core 0) [pid: 8|app: 0|req: 993/1983] 10.0.0.153 () {32 vars in 694 bytes} [Thu Apr 16 18:00:21 2026] GET /v2.0/subnets?not-tags-any=red%2Cblue => generated 1894 bytes in 82 msecs (HTTP/1.1 200) 4 headers in 158 bytes (1 switches on core 0)
2026-04-16 18:00:21.265 7 INFO neutron_taas.services.taas.taas_plugin [None req-fed80fe7-1f01-4f06-a888-9f726d70c2ae 11e69d587c26456ea607accaae632796 36a9e6f5d396428d95a67cb5fd263e99 - - default default] TaaS: Handle Delete Port: 9b5127e5-cbfe-46ab-bf51-13c84b336492
2026-04-16 18:00:21.267 7 INFO neutron_taas.services.taas.tap_mirror_plugin [None req-fed80fe7-1f01-4f06-a888-9f726d70c2ae 11e69d587c26456ea607accaae632796 36a9e6f5d396428d95a67cb5fd263e99 - - default default] Tap Mirror: Handle Delete Port: 9b5127e5-cbfe-46ab-bf51-13c84b336492 [pid: 8|app: 0|req: 994/1984] 10.0.0.153 () {32 vars in 724 bytes} [Thu Apr 16 18:00:21 2026] DELETE /v2.0/subnets/a00fef93-9f97-4e12-9b56-599678b6467a => generated 0 bytes in 139 msecs (HTTP/1.1 204) 3 headers in 131 bytes (1 switches on core 0) [pid: 7|app: 0|req: 991/1985] 10.0.0.153 () {32 vars in 720 bytes} [Thu Apr 16 18:00:21 2026] DELETE /v2.0/ports/9b5127e5-cbfe-46ab-bf51-13c84b336492 => generated 0 bytes in 292 msecs (HTTP/1.1 204) 3 headers in 131 bytes (1 switches on core 0)
2026-04-16 18:00:21.548 7 INFO neutron.db.ovn_revision_numbers_db [None req-9d63da01-fbf7-459a-898d-a271d0f2ce63 446dcdcc1a5145fd9a18c49e9eb0c00d a3ab715fa1b74de1b59db63c8b54d9aa - - default default] Successfully bumped revision number for resource 0731a572-bedc-46d3-aa03-7dde0e8600fb (type: security_groups) to 1
2026-04-16 18:00:21.562 7 INFO neutron.db.ovn_revision_numbers_db [None req-9d63da01-fbf7-459a-898d-a271d0f2ce63 446dcdcc1a5145fd9a18c49e9eb0c00d a3ab715fa1b74de1b59db63c8b54d9aa - - default default] Successfully bumped revision number for resource 6e0fc3ef-c2c4-41ac-8bb8-fe371d530bab (type: security_group_rules) to 0
2026-04-16 18:00:21.576 7 INFO neutron.db.ovn_revision_numbers_db [None req-9d63da01-fbf7-459a-898d-a271d0f2ce63 446dcdcc1a5145fd9a18c49e9eb0c00d a3ab715fa1b74de1b59db63c8b54d9aa - - default default] Successfully bumped revision number for resource 71413cf3-7026-491f-aee6-41b3bbdcda28 (type: security_group_rules) to 0
2026-04-16 18:00:21.597 7 INFO neutron.db.ovn_revision_numbers_db [None req-9d63da01-fbf7-459a-898d-a271d0f2ce63 446dcdcc1a5145fd9a18c49e9eb0c00d a3ab715fa1b74de1b59db63c8b54d9aa - - default default] Successfully bumped revision number for resource 9ecb4c39-c6cc-4ecf-ba88-8ec71ca61964 (type: security_group_rules) to 0
2026-04-16 18:00:21.611 7 INFO neutron.db.ovn_revision_numbers_db [None req-9d63da01-fbf7-459a-898d-a271d0f2ce63 446dcdcc1a5145fd9a18c49e9eb0c00d a3ab715fa1b74de1b59db63c8b54d9aa - - default default] Successfully bumped revision number for resource b677f6df-39d1-414c-b6a3-4d46dd86e2e4 (type: security_group_rules) to 0 [pid: 7|app: 0|req: 992/1986] 10.0.0.153 () {32 vars in 774 bytes} [Thu Apr 16 18:00:21 2026] GET /v2.0/security-groups?tenant_id=9d44fb78a33945e689ce881a029ee5ec&name=default => generated 2925 bytes in 267 msecs (HTTP/1.1 200) 4 headers in 158 bytes (1 switches on core 0)
2026-04-16 18:00:21.718 8 INFO neutron.db.ovn_revision_numbers_db [None req-b690afbe-02ba-444b-ba1f-f80c478a0331 fe2153afa6da45ad8c72e548409ae776 9ff9cb21b9e64548a984b571917e7b78 - - default default] Successfully bumped revision number for resource d852466f-4533-43f4-8216-2cdebfbbc4d4 (type: security_groups) to 1
2026-04-16 18:00:21.728 8 INFO neutron.db.ovn_revision_numbers_db [None req-b690afbe-02ba-444b-ba1f-f80c478a0331 fe2153afa6da45ad8c72e548409ae776 9ff9cb21b9e64548a984b571917e7b78 - - default default] Successfully bumped revision number for resource 397b0c5f-ae7f-4249-901c-4da7df4d1aa6 (type: security_group_rules) to 0
2026-04-16 18:00:21.740 8 INFO neutron.db.ovn_revision_numbers_db [None req-b690afbe-02ba-444b-ba1f-f80c478a0331 fe2153afa6da45ad8c72e548409ae776 9ff9cb21b9e64548a984b571917e7b78 - - default default] Successfully bumped revision number for resource cb038a8f-6c5e-4d3f-b184-7d25adba310d (type: security_group_rules) to 0
2026-04-16 18:00:21.756 8 INFO neutron.db.ovn_revision_numbers_db [None req-b690afbe-02ba-444b-ba1f-f80c478a0331 fe2153afa6da45ad8c72e548409ae776 9ff9cb21b9e64548a984b571917e7b78 - - default default] Successfully bumped revision number for resource e608399d-5b96-4cf4-ad42-12bf5076d270 (type: security_group_rules) to 0
2026-04-16 18:00:21.768 8 INFO neutron.db.ovn_revision_numbers_db [None req-b690afbe-02ba-444b-ba1f-f80c478a0331 fe2153afa6da45ad8c72e548409ae776 9ff9cb21b9e64548a984b571917e7b78 - - default default] Successfully bumped revision number for resource e947ccca-db53-41ae-bb96-95d67250a9a9 (type: security_group_rules) to 0
2026-04-16 18:00:21.872 8 INFO neutron.db.segments_db [None req-b690afbe-02ba-444b-ba1f-f80c478a0331 fe2153afa6da45ad8c72e548409ae776 9ff9cb21b9e64548a984b571917e7b78 - - default default] Added segment 9d8fae21-3119-403c-972b-8ea31b5e9dd9 of type geneve for network 722ba58a-1943-4516-874d-47607dee9a08 [pid: 7|app: 0|req: 993/1987] 10.0.0.153 () {32 vars in 724 bytes} [Thu Apr 16 18:00:21 2026] DELETE /v2.0/subnets/fbfbce40-5464-4850-99bc-154749e0f945 => generated 0 bytes in 227 msecs (HTTP/1.1 204) 3 headers in 131 bytes (1 switches on core 0)
2026-04-16 18:00:21.930 7 INFO neutron.pecan_wsgi.hooks.translation [None req-afb2afc7-6351-4265-94a4-1b9d9fe3e1fd 11e69d587c26456ea607accaae632796 36a9e6f5d396428d95a67cb5fd263e99 - - default default] DELETE failed (client error): The resource could not be found. [pid: 7|app: 0|req: 994/1988] 10.0.0.153 () {32 vars in 720 bytes} [Thu Apr 16 18:00:21 2026] DELETE /v2.0/ports/9b5127e5-cbfe-46ab-bf51-13c84b336492 => generated 132 bytes in 27 msecs (HTTP/1.1 404) 4 headers in 164 bytes (1 switches on core 0)
2026-04-16 18:00:22.015 8 INFO neutron.db.ovn_revision_numbers_db [None req-b690afbe-02ba-444b-ba1f-f80c478a0331 fe2153afa6da45ad8c72e548409ae776 9ff9cb21b9e64548a984b571917e7b78 - - default default] Successfully bumped revision number for resource 722ba58a-1943-4516-874d-47607dee9a08 (type: networks) to 1 [pid: 7|app: 0|req: 995/1989] 10.0.0.153 () {32 vars in 740 bytes} [Thu Apr 16 18:00:21 2026] DELETE /v2.0/security-groups/0731a572-bedc-46d3-aa03-7dde0e8600fb => generated 0 bytes in 249 msecs (HTTP/1.1 204) 2 headers in 112 bytes (1 switches on core 0)
2026-04-16 18:00:22.214 8 WARNING neutron.scheduler.dhcp_agent_scheduler [None req-b690afbe-02ba-444b-ba1f-f80c478a0331 fe2153afa6da45ad8c72e548409ae776 9ff9cb21b9e64548a984b571917e7b78 - - default default] No more DHCP agents
2026-04-16 18:00:22.216 8 WARNING neutron.api.rpc.agentnotifiers.dhcp_rpc_agent_api [None req-b690afbe-02ba-444b-ba1f-f80c478a0331 fe2153afa6da45ad8c72e548409ae776 9ff9cb21b9e64548a984b571917e7b78 - - default default] Unable to schedule network 722ba58a-1943-4516-874d-47607dee9a08: no agents available; will retry on subsequent port and subnet creation events.
2026-04-16 18:00:22.287 8 INFO neutron.plugins.ml2.drivers.ovn.mech_driver.mech_driver [None req-f20e5d90-b20e-4cd9-b0e8-19d453ced219 - - - - - -] OVN reports status down for port: fae2b591-86e7-4890-9c99-02a616da7e8b
2026-04-16 18:00:22.352 8 INFO neutron.db.ovn_revision_numbers_db [None req-b690afbe-02ba-444b-ba1f-f80c478a0331 fe2153afa6da45ad8c72e548409ae776 9ff9cb21b9e64548a984b571917e7b78 - - default default] Successfully bumped revision number for resource fae2b591-86e7-4890-9c99-02a616da7e8b (type: ports) to 1 [pid: 7|app: 0|req: 996/1990] 10.0.0.153 () {32 vars in 724 bytes} [Thu Apr 16 18:00:22 2026] DELETE /v2.0/subnets/43b6443f-9381-42ef-8c20-a35a477883e8 => generated 0 bytes in 188 msecs (HTTP/1.1 204) 3 headers in 131 bytes (1 switches on core 0)
2026-04-16 18:00:22.390 7 INFO neutron.pecan_wsgi.hooks.translation [None req-adbeb596-e7b1-4c84-9b97-3eafac9086ab 11e69d587c26456ea607accaae632796 36a9e6f5d396428d95a67cb5fd263e99 - - default default] GET failed (client error): The resource could not be found. [pid: 7|app: 0|req: 997/1991] 10.0.0.153 () {32 vars in 717 bytes} [Thu Apr 16 18:00:22 2026] GET /v2.0/ports/9b5127e5-cbfe-46ab-bf51-13c84b336492 => generated 132 bytes in 15 msecs (HTTP/1.1 404) 4 headers in 164 bytes (1 switches on core 0) [pid: 8|app: 0|req: 995/1992] 10.0.0.153 () {34 vars in 670 bytes} [Thu Apr 16 18:00:21 2026] POST /v2.0/networks => generated 651 bytes in 1051 msecs (HTTP/1.1 201) 4 headers in 162 bytes (1 switches on core 0) [pid: 7|app: 0|req: 998/1993] 10.0.0.153 () {32 vars in 724 bytes} [Thu Apr 16 18:00:22 2026] DELETE /v2.0/subnets/d579b2a1-9032-4e5d-bb53-eefc573561e6 => generated 0 bytes in 180 msecs (HTTP/1.1 204) 3 headers in 131 bytes (1 switches on core 0) [pid: 8|app: 0|req: 996/1994] 10.0.0.153 () {32 vars in 724 bytes} [Thu Apr 16 18:00:22 2026] DELETE /v2.0/subnets/c4a637fa-f82e-4d0f-81cc-0f845143aa09 => generated 0 bytes in 172 msecs (HTTP/1.1 204) 3 headers in 131 bytes (1 switches on core 0) [pid: 8|app: 0|req: 997/1995] 10.0.0.153 () {32 vars in 724 bytes} [Thu Apr 16 18:00:22 2026] DELETE /v2.0/subnets/2d2cdf78-1388-4a57-80ce-a69cad480849 => generated 0 bytes in 187 msecs (HTTP/1.1 204) 3 headers in 131 bytes (1 switches on core 0)
2026-04-16 18:00:22.797 7 WARNING neutron.scheduler.dhcp_agent_scheduler [None req-a536136d-7fdc-4f5f-9c7c-526cb794d0d7 fe2153afa6da45ad8c72e548409ae776 9ff9cb21b9e64548a984b571917e7b78 - - default default] No more DHCP agents
2026-04-16 18:00:22.799 7 WARNING neutron.api.rpc.agentnotifiers.dhcp_rpc_agent_api [None req-a536136d-7fdc-4f5f-9c7c-526cb794d0d7 fe2153afa6da45ad8c72e548409ae776 9ff9cb21b9e64548a984b571917e7b78 - - default default] Unable to schedule network 722ba58a-1943-4516-874d-47607dee9a08: no agents available; will retry on subsequent port and subnet creation events.
2026-04-16 18:00:22.850 7 INFO neutron.plugins.ml2.drivers.ovn.mech_driver.mech_driver [None req-7af82118-7981-420d-864b-e05eb5ea2ce5 - - - - - -] OVN reports status down for port: 153d42f2-d386-49d0-bb86-055004c93ecb
2026-04-16 18:00:22.904 7 INFO neutron.db.ovn_revision_numbers_db [None req-a536136d-7fdc-4f5f-9c7c-526cb794d0d7 fe2153afa6da45ad8c72e548409ae776 9ff9cb21b9e64548a984b571917e7b78 - - default default] Successfully bumped revision number for resource 153d42f2-d386-49d0-bb86-055004c93ecb (type: ports) to 1
2026-04-16 18:00:22.918 8 INFO neutron_taas.services.taas.taas_plugin [None req-18b38184-b96b-4c58-a586-3731cf9f21e9 11e69d587c26456ea607accaae632796 36a9e6f5d396428d95a67cb5fd263e99 - - default default] TaaS: Handle Delete Port: 8bc138f4-7ec3-4836-a816-dd6ad146a17c
2026-04-16 18:00:22.921 8 INFO neutron_taas.services.taas.tap_mirror_plugin [None req-18b38184-b96b-4c58-a586-3731cf9f21e9 11e69d587c26456ea607accaae632796 36a9e6f5d396428d95a67cb5fd263e99 - - default default] Tap Mirror: Handle Delete Port: 8bc138f4-7ec3-4836-a816-dd6ad146a17c [pid: 7|app: 0|req: 999/1996] 10.0.0.153 () {34 vars in 664 bytes} [Thu Apr 16 18:00:22 2026] POST /v2.0/ports => generated 743 bytes in 414 msecs (HTTP/1.1 201) 4 headers in 162 bytes (1 switches on core 0) /var/lib/openstack/lib/python3.12/site-packages/pycadf/identifier.py:70: UserWarning: Invalid uuid: neutron. To ensure interoperability, identifiers should be a valid uuid. warnings.warn(('Invalid uuid: %s. To ensure interoperability, '
2026-04-16 18:00:23.085 8 INFO neutron.services.segments.plugin [-] Segment fc5a623f-f294-48dd-b6e1-450d285ea799 resource provider aggregate not found
2026-04-16 18:00:23.088 8 INFO neutron.services.segments.plugin [-] Segment fc5a623f-f294-48dd-b6e1-450d285ea799 resource provider aggregate not found
2026-04-16 18:00:23.108 7 INFO neutron_taas.services.taas.taas_plugin [None req-f6cb338d-9f9a-4af4-9c5b-6ea81087bb90 ee81dd67bae146e992d14cdb886f077b fd11c9b04f594324b1d8983e7984726e - - default default] TaaS: Handle Delete Port: 64d654f0-edfe-4a2c-8303-94256fa78e3b
2026-04-16 18:00:23.112 7 INFO neutron_taas.services.taas.tap_mirror_plugin [None req-f6cb338d-9f9a-4af4-9c5b-6ea81087bb90 ee81dd67bae146e992d14cdb886f077b fd11c9b04f594324b1d8983e7984726e - - default default] Tap Mirror: Handle Delete Port: 64d654f0-edfe-4a2c-8303-94256fa78e3b
2026-04-16 18:00:23.114 8 INFO neutron.services.segments.plugin [-] Segment fc5a623f-f294-48dd-b6e1-450d285ea799 resource provider not found; error: Placement Client Error (4xx): {"errors": [{"status": 404, "title": "Not Found", "detail": "The resource could not be found.\n\n No resource provider with uuid fc5a623f-f294-48dd-b6e1-450d285ea799 found for delete ", "request_id": "req-4bd3af3b-70f1-425f-8131-b8cabe2444e0"}]}
2026-04-16 18:00:23.118 8 INFO neutron.services.segments.plugin [-] Segment fc5a623f-f294-48dd-b6e1-450d285ea799 resource provider not found; error: Placement Client Error (4xx): {"errors": [{"status": 404, "title": "Not Found", "detail": "The resource could not be found.\n\n No resource provider with uuid fc5a623f-f294-48dd-b6e1-450d285ea799 found for delete ", "request_id": "req-a0976e4d-a68d-4abc-a2d7-d1781509a9b2"}]} [pid: 8|app: 0|req: 998/1997] 10.0.0.153 () {32 vars in 726 bytes} [Thu Apr 16 18:00:22 2026] DELETE /v2.0/networks/1f900766-61e4-4ec2-bc99-fc5a52cf90b0 => generated 0 bytes in 358 msecs (HTTP/1.1 204) 3 headers in 131 bytes (1 switches on core 0)
2026-04-16 18:00:23.336 7 INFO neutron.services.segments.plugin [-] Segment fac694f2-5399-4f5d-9f9b-2ab4cdbd6ad0 resource provider aggregate not found
2026-04-16 18:00:23.340 7 INFO neutron.services.segments.plugin [-] Segment fac694f2-5399-4f5d-9f9b-2ab4cdbd6ad0 resource provider aggregate not found
2026-04-16 18:00:23.355 7 INFO neutron.services.segments.plugin [-] Segment fac694f2-5399-4f5d-9f9b-2ab4cdbd6ad0 resource provider not found; error: Placement Client Error (4xx): {"errors": [{"status": 404, "title": "Not Found", "detail": "The resource could not be found.\n\n No resource provider with uuid fac694f2-5399-4f5d-9f9b-2ab4cdbd6ad0 found for delete ", "request_id": "req-6f7a41a0-4a74-48dc-8783-442b0e17d01f"}]}
2026-04-16 18:00:23.380 7 INFO neutron.services.segments.plugin [-] Segment fac694f2-5399-4f5d-9f9b-2ab4cdbd6ad0 resource provider not found; error: Placement Client Error (4xx): {"errors": [{"status": 404, "title": "Not Found", "detail": "The resource could not be found.\n\n No resource provider with uuid fac694f2-5399-4f5d-9f9b-2ab4cdbd6ad0 found for delete ", "request_id": "req-0fcb0e42-6424-46ad-9f19-924df9c9dcc1"}]} [pid: 7|app: 0|req: 1000/1998] 10.0.0.153 () {32 vars in 726 bytes} [Thu Apr 16 18:00:22 2026] DELETE /v2.0/networks/52103230-741d-45a9-a86e-2d22706c03f7 => generated 0 bytes in 412 msecs (HTTP/1.1 204) 3 headers in 131 bytes (1 switches on core 0) [pid: 8|app: 0|req: 999/1999] 10.0.0.153 () {34 vars in 666 bytes} [Thu Apr 16 18:00:23 2026] POST /v2.0/trunks => generated 409 bytes in 293 msecs (HTTP/1.1 201) 4 headers in 162 bytes (1 switches on core 0)
2026-04-16 18:00:23.481 7 INFO neutron.db.segments_db [None req-196895c2-a8e7-4234-a424-baed26977e88 11e69d587c26456ea607accaae632796 36a9e6f5d396428d95a67cb5fd263e99 - - default default] Added segment 33151158-a9f4-4c72-9b6e-d5ecc6dc8d1d of type geneve for network fe3332a2-e3bf-4122-b7ec-829ba35906a5
2026-04-16 18:00:23.544 8 INFO neutron_taas.services.taas.taas_plugin [None req-0d1cc3c9-144a-4235-9f6f-087e40d80939 ee81dd67bae146e992d14cdb886f077b fd11c9b04f594324b1d8983e7984726e - - default default] TaaS: Handle Delete Port: 83213433-97e0-4417-9e81-a049f97d2722
2026-04-16 18:00:23.548 8 INFO neutron_taas.services.taas.tap_mirror_plugin [None req-0d1cc3c9-144a-4235-9f6f-087e40d80939 ee81dd67bae146e992d14cdb886f077b fd11c9b04f594324b1d8983e7984726e - - default default] Tap Mirror: Handle Delete Port: 83213433-97e0-4417-9e81-a049f97d2722
2026-04-16 18:00:23.599 7 INFO neutron.db.ovn_revision_numbers_db [None req-196895c2-a8e7-4234-a424-baed26977e88 11e69d587c26456ea607accaae632796 36a9e6f5d396428d95a67cb5fd263e99 - - default default] Successfully bumped revision number for resource fe3332a2-e3bf-4122-b7ec-829ba35906a5 (type: networks) to 1 [pid: 8|app: 0|req: 1000/2000] 10.0.0.153 () {32 vars in 726 bytes} [Thu Apr 16 18:00:23 2026] DELETE /v2.0/networks/52f9300f-e7b8-4ba1-9c59-8bbf12c3959d => generated 0 bytes in 315 msecs (HTTP/1.1 204) 3 headers in 131 bytes (1 switches on core 0)
2026-04-16 18:00:23.799 7 WARNING neutron.scheduler.dhcp_agent_scheduler [None req-196895c2-a8e7-4234-a424-baed26977e88 11e69d587c26456ea607accaae632796 36a9e6f5d396428d95a67cb5fd263e99 - - default default] No more DHCP agents
2026-04-16 18:00:23.800 7 WARNING neutron.api.rpc.agentnotifiers.dhcp_rpc_agent_api [None req-196895c2-a8e7-4234-a424-baed26977e88 11e69d587c26456ea607accaae632796 36a9e6f5d396428d95a67cb5fd263e99 - - default default] Unable to schedule network fe3332a2-e3bf-4122-b7ec-829ba35906a5: no agents available; will retry on subsequent port and subnet creation events.
2026-04-16 18:00:23.817 8 INFO neutron.db.segments_db [None req-1cc9e5dd-b846-49c3-99ab-0fd2ea6d8c6a fe2153afa6da45ad8c72e548409ae776 9ff9cb21b9e64548a984b571917e7b78 - - default default] Added segment 4634b12d-5d86-4c8b-8c2f-ad3d19962341 of type geneve for network 24d3910e-f9f3-4e71-a88e-e149e11b8def
2026-04-16 18:00:23.841 8 INFO neutron.plugins.ml2.drivers.ovn.mech_driver.mech_driver [None req-f20e5d90-b20e-4cd9-b0e8-19d453ced219 - - - - - -] OVN reports status down for port: d654bb46-7536-4ad6-85ea-f62aaf3655a4
2026-04-16 18:00:23.884 7 INFO neutron.db.ovn_revision_numbers_db [None req-196895c2-a8e7-4234-a424-baed26977e88 11e69d587c26456ea607accaae632796 36a9e6f5d396428d95a67cb5fd263e99 - - default default] Successfully bumped revision number for resource d654bb46-7536-4ad6-85ea-f62aaf3655a4 (type: ports) to 1 [pid: 7|app: 0|req: 1001/2001] 10.0.0.153 () {34 vars in 670 bytes} [Thu Apr 16 18:00:23 2026] POST /v2.0/networks => generated 651 bytes in 509 msecs (HTTP/1.1 201) 4 headers in 162 bytes (1 switches on core 0)
2026-04-16 18:00:24.005 8 INFO neutron.db.ovn_revision_numbers_db [None req-1cc9e5dd-b846-49c3-99ab-0fd2ea6d8c6a fe2153afa6da45ad8c72e548409ae776 9ff9cb21b9e64548a984b571917e7b78 - - default default] Successfully bumped revision number for resource 24d3910e-f9f3-4e71-a88e-e149e11b8def (type: networks) to 1
2026-04-16 18:00:24.048 7 INFO neutron_taas.services.taas.taas_plugin [None req-6fd2e0ce-fd82-4690-b284-62f22dca40cc ee81dd67bae146e992d14cdb886f077b fd11c9b04f594324b1d8983e7984726e - - default default] TaaS: Handle Delete Port: 72124c98-0155-4873-81fb-e0866fc7d432
2026-04-16 18:00:24.052 7 INFO neutron_taas.services.taas.tap_mirror_plugin [None req-6fd2e0ce-fd82-4690-b284-62f22dca40cc ee81dd67bae146e992d14cdb886f077b fd11c9b04f594324b1d8983e7984726e - - default default] Tap Mirror: Handle Delete Port: 72124c98-0155-4873-81fb-e0866fc7d432
2026-04-16 18:00:24.194 8 WARNING neutron.scheduler.dhcp_agent_scheduler [None req-1cc9e5dd-b846-49c3-99ab-0fd2ea6d8c6a fe2153afa6da45ad8c72e548409ae776 9ff9cb21b9e64548a984b571917e7b78 - - default default] No more DHCP agents
2026-04-16 18:00:24.195 8 WARNING neutron.api.rpc.agentnotifiers.dhcp_rpc_agent_api [None req-1cc9e5dd-b846-49c3-99ab-0fd2ea6d8c6a fe2153afa6da45ad8c72e548409ae776 9ff9cb21b9e64548a984b571917e7b78 - - default default] Unable to schedule network 24d3910e-f9f3-4e71-a88e-e149e11b8def: no agents available; will retry on subsequent port and subnet creation events.
2026-04-16 18:00:24.238 7 INFO neutron.plugins.ml2.drivers.ovn.mech_driver.mech_driver [None req-7af82118-7981-420d-864b-e05eb5ea2ce5 - - - - - -] OVN reports status down for port: 5399cb00-766f-4915-a816-2345ce87fdc2
2026-04-16 18:00:24.269 8 INFO neutron.db.ovn_revision_numbers_db [None req-1cc9e5dd-b846-49c3-99ab-0fd2ea6d8c6a fe2153afa6da45ad8c72e548409ae776 9ff9cb21b9e64548a984b571917e7b78 - - default default] Successfully bumped revision number for resource 5399cb00-766f-4915-a816-2345ce87fdc2 (type: ports) to 1 [pid: 8|app: 0|req: 1001/2002] 10.0.0.153 () {34 vars in 670 bytes} [Thu Apr 16 18:00:23 2026] POST /v2.0/networks => generated 651 bytes in 560 msecs (HTTP/1.1 201) 4 headers in 162 bytes (1 switches on core 0) [pid: 7|app: 0|req: 1002/2003] 10.0.0.153 () {32 vars in 726 bytes} [Thu Apr 16 18:00:23 2026] DELETE /v2.0/networks/0a7ff9e0-5ac0-4393-bd7f-dbf9790f8516 => generated 0 bytes in 400 msecs (HTTP/1.1 204) 3 headers in 131 bytes (1 switches on core 0)
2026-04-16 18:00:24.492 8 WARNING neutron.scheduler.dhcp_agent_scheduler [None req-f15d84e2-19fb-41b8-ae8f-9a6dbabccefa 11e69d587c26456ea607accaae632796 36a9e6f5d396428d95a67cb5fd263e99 - - default default] No more DHCP agents
2026-04-16 18:00:24.493 8 WARNING neutron.api.rpc.agentnotifiers.dhcp_rpc_agent_api [None req-f15d84e2-19fb-41b8-ae8f-9a6dbabccefa 11e69d587c26456ea607accaae632796 36a9e6f5d396428d95a67cb5fd263e99 - - default default] Unable to schedule network fe3332a2-e3bf-4122-b7ec-829ba35906a5: no agents available; will retry on subsequent port and subnet creation events.
2026-04-16 18:00:24.578 7 WARNING neutron.scheduler.dhcp_agent_scheduler [None req-c70f5688-2173-4073-ab30-315c7fd6803a fe2153afa6da45ad8c72e548409ae776 9ff9cb21b9e64548a984b571917e7b78 - - default default] No more DHCP agents
2026-04-16 18:00:24.579 7 WARNING neutron.api.rpc.agentnotifiers.dhcp_rpc_agent_api [None req-c70f5688-2173-4073-ab30-315c7fd6803a fe2153afa6da45ad8c72e548409ae776 9ff9cb21b9e64548a984b571917e7b78 - - default default] Unable to schedule network 24d3910e-f9f3-4e71-a88e-e149e11b8def: no agents available; will retry on subsequent port and subnet creation events.
2026-04-16 18:00:24.633 7 INFO neutron.plugins.ml2.drivers.ovn.mech_driver.mech_driver [None req-7af82118-7981-420d-864b-e05eb5ea2ce5 - - - - - -] OVN reports status down for port: da36e5e4-8415-4583-a90e-9f60616a2bc1
2026-04-16 18:00:24.712 7 INFO neutron.db.ovn_revision_numbers_db [None req-c70f5688-2173-4073-ab30-315c7fd6803a fe2153afa6da45ad8c72e548409ae776 9ff9cb21b9e64548a984b571917e7b78 - - default default] Successfully bumped revision number for resource da36e5e4-8415-4583-a90e-9f60616a2bc1 (type: ports) to 1 [pid: 7|app: 0|req: 1003/2004] 10.0.0.153 () {34 vars in 664 bytes} [Thu Apr 16 18:00:24 2026] POST /v2.0/ports => generated 743 bytes in 517 msecs (HTTP/1.1 201) 4 headers in 162 bytes (1 switches on core 0) /var/lib/openstack/lib/python3.12/site-packages/pycadf/identifier.py:70: UserWarning: Invalid uuid: neutron. To ensure interoperability, identifiers should be a valid uuid. warnings.warn(('Invalid uuid: %s. To ensure interoperability, '
2026-04-16 18:00:24.951 7 INFO neutron_taas.services.taas.taas_plugin [None req-029a8723-83a6-426a-bdf5-ab8493a133f3 ee81dd67bae146e992d14cdb886f077b fd11c9b04f594324b1d8983e7984726e - - default default] TaaS: Handle Delete Port: 65478719-7643-4b44-93b9-b8d5c509b9c4
2026-04-16 18:00:24.958 7 INFO neutron_taas.services.taas.tap_mirror_plugin [None req-029a8723-83a6-426a-bdf5-ab8493a133f3 ee81dd67bae146e992d14cdb886f077b fd11c9b04f594324b1d8983e7984726e - - default default] Tap Mirror: Handle Delete Port: 65478719-7643-4b44-93b9-b8d5c509b9c4
2026-04-16 18:00:25.029 8 INFO neutron.db.ovn_revision_numbers_db [None req-bd4da73e-d43f-40b2-9483-4073f6fb5199 - - - - - -] Successfully bumped revision number for resource d654bb46-7536-4ad6-85ea-f62aaf3655a4 (type: ports) to 2
2026-04-16 18:00:25.070 8 INFO neutron.db.ovn_revision_numbers_db [None req-bd4da73e-d43f-40b2-9483-4073f6fb5199 - - - - - -] Successfully bumped revision number for resource 445ce0fb-bbd0-444b-8d56-fb474628a6be (type: subnets) to 0 [pid: 8|app: 0|req: 1002/2005] 10.0.0.153 () {34 vars in 669 bytes} [Thu Apr 16 18:00:24 2026] POST /v2.0/subnets => generated 626 bytes in 796 msecs (HTTP/1.1 201) 4 headers in 162 bytes (1 switches on core 0)
2026-04-16 18:00:25.143 8 INFO neutron.services.segments.plugin [-] Segment ee94eee0-3c8d-40b9-ab7f-cbb5031d2634 resource provider aggregate not found
2026-04-16 18:00:25.155 8 INFO neutron.services.segments.plugin [-] Segment ee94eee0-3c8d-40b9-ab7f-cbb5031d2634 resource provider aggregate not found
2026-04-16 18:00:25.168 8 INFO neutron.services.segments.plugin [-] Segment ee94eee0-3c8d-40b9-ab7f-cbb5031d2634 resource provider not found; error: Placement Client Error (4xx): {"errors": [{"status": 404, "title": "Not Found", "detail": "The resource could not be found.\n\n No resource provider with uuid ee94eee0-3c8d-40b9-ab7f-cbb5031d2634 found for delete ", "request_id": "req-aa6fdebd-8036-476d-9b5d-b5c0ed4a333f"}]}
2026-04-16 18:00:25.176 8 INFO neutron.services.segments.plugin [-] Segment ee94eee0-3c8d-40b9-ab7f-cbb5031d2634 resource provider not found; error: Placement Client Error (4xx): {"errors": [{"status": 404, "title": "Not Found", "detail": "The resource could not be found.\n\n No resource provider with uuid ee94eee0-3c8d-40b9-ab7f-cbb5031d2634 found for delete ", "request_id": "req-d1a15765-b157-454f-98dc-3f8c6d4e2a42"}]} [pid: 7|app: 0|req: 1004/2006] 10.0.0.153 () {32 vars in 726 bytes} [Thu Apr 16 18:00:24 2026] DELETE /v2.0/networks/e5f9863d-bc75-4a34-b99f-175ef7e4010d => generated 0 bytes in 428 msecs (HTTP/1.1 204) 3 headers in 131 bytes (1 switches on core 0) [pid: 8|app: 0|req: 1003/2007] 10.0.0.153 () {34 vars in 666 bytes} [Thu Apr 16 18:00:25 2026] POST /v2.0/trunks => generated 409 bytes in 232 msecs (HTTP/1.1 201) 4 headers in 162 bytes (1 switches on core 0)
2026-04-16 18:00:25.385 7 INFO neutron.services.segments.plugin [-] Segment 2d533a67-27a8-448c-afa1-01c1cdf11f54 resource provider aggregate not found
2026-04-16 18:00:25.406 7 INFO neutron.services.segments.plugin [-] Segment 2d533a67-27a8-448c-afa1-01c1cdf11f54 resource provider aggregate not found
2026-04-16 18:00:25.423 7 INFO neutron.services.segments.plugin [-] Segment 2d533a67-27a8-448c-afa1-01c1cdf11f54 resource provider not found; error: Placement Client Error (4xx): {"errors": [{"status": 404, "title": "Not Found", "detail": "The resource could not be found.\n\n No resource provider with uuid 2d533a67-27a8-448c-afa1-01c1cdf11f54 found for delete ", "request_id": "req-3754ba1d-ea3b-4eca-91cc-03e5495430c6"}]}
2026-04-16 18:00:25.428 7 INFO neutron.services.segments.plugin [-] Segment 2d533a67-27a8-448c-afa1-01c1cdf11f54 resource provider not found; error: Placement Client Error (4xx): {"errors": [{"status": 404, "title": "Not Found", "detail": "The resource could not be found.\n\n No resource provider with uuid 2d533a67-27a8-448c-afa1-01c1cdf11f54 found for delete ", "request_id": "req-93770da1-5423-4459-bbcb-51f672c87fc2"}]}
2026-04-16 18:00:25.445 7 INFO neutron.services.segments.plugin [-] Segment 56a088fe-0f45-4d94-88e3-02e8a4761bce resource provider aggregate not found
2026-04-16 18:00:25.455 7 INFO neutron.services.segments.plugin [-] Segment 56a088fe-0f45-4d94-88e3-02e8a4761bce resource provider aggregate not found
2026-04-16 18:00:25.463 7 INFO neutron.services.segments.plugin [-] Segment 56a088fe-0f45-4d94-88e3-02e8a4761bce resource provider not found; error: Placement Client Error (4xx): {"errors": [{"status": 404, "title": "Not Found", "detail": "The resource could not be found.\n\n No resource provider with uuid 56a088fe-0f45-4d94-88e3-02e8a4761bce found for delete ", "request_id": "req-13d34011-d05d-42b9-ab4b-bb8a6c54e568"}]}
2026-04-16 18:00:25.479 7 INFO neutron.services.segments.plugin [-] Segment 56a088fe-0f45-4d94-88e3-02e8a4761bce resource provider not found; error: Placement Client Error (4xx): {"errors": [{"status": 404, "title": "Not Found", "detail": "The resource could not be found.\n\n No resource provider with uuid 56a088fe-0f45-4d94-88e3-02e8a4761bce found for delete ", "request_id": "req-f86ab385-15ba-45f0-a439-3eaa799b3274"}]}
2026-04-16 18:00:25.485 8 INFO neutron_taas.services.taas.taas_plugin [None req-bfdbf548-89e1-4c1f-ab99-5ba1409a514d ee81dd67bae146e992d14cdb886f077b fd11c9b04f594324b1d8983e7984726e - - default default] TaaS: Handle Delete Port: 67fc6000-79bf-45f2-8d0a-1e56f98d1aa7
2026-04-16 18:00:25.488 8 INFO neutron_taas.services.taas.tap_mirror_plugin [None req-bfdbf548-89e1-4c1f-ab99-5ba1409a514d ee81dd67bae146e992d14cdb886f077b fd11c9b04f594324b1d8983e7984726e - - default default] Tap Mirror: Handle Delete Port: 67fc6000-79bf-45f2-8d0a-1e56f98d1aa7
2026-04-16 18:00:25.617 7 WARNING neutron.scheduler.dhcp_agent_scheduler [None req-e48b36e0-3294-41ba-9d72-3f34699a4e54 11e69d587c26456ea607accaae632796 36a9e6f5d396428d95a67cb5fd263e99 - - default default] No more DHCP agents
2026-04-16 18:00:25.618 7 WARNING neutron.api.rpc.agentnotifiers.dhcp_rpc_agent_api [None req-e48b36e0-3294-41ba-9d72-3f34699a4e54 11e69d587c26456ea607accaae632796 36a9e6f5d396428d95a67cb5fd263e99 - - default default] Unable to schedule network fe3332a2-e3bf-4122-b7ec-829ba35906a5: no agents available; will retry on subsequent port and subnet creation events. [pid: 8|app: 0|req: 1004/2008] 10.0.0.153 () {32 vars in 726 bytes} [Thu Apr 16 18:00:25 2026] DELETE /v2.0/networks/c4201a7b-6cf1-4edd-808c-04f932415e3a => generated 0 bytes in 375 msecs (HTTP/1.1 204) 3 headers in 131 bytes (1 switches on core 0)
2026-04-16 18:00:25.721 7 INFO neutron.plugins.ml2.drivers.ovn.mech_driver.mech_driver [None req-7af82118-7981-420d-864b-e05eb5ea2ce5 - - - - - -] OVN reports status down for port: 4daa47e8-20a4-43c4-ad8d-c1f16a4434be
2026-04-16 18:00:25.831 7 INFO neutron.db.ovn_revision_numbers_db [None req-e48b36e0-3294-41ba-9d72-3f34699a4e54 11e69d587c26456ea607accaae632796 36a9e6f5d396428d95a67cb5fd263e99 - - default default] Successfully bumped revision number for resource 4daa47e8-20a4-43c4-ad8d-c1f16a4434be (type: ports) to 1
2026-04-16 18:00:25.846 8 INFO neutron.db.segments_db [None req-2d52ab73-73da-4070-a557-e66850faafc0 fe2153afa6da45ad8c72e548409ae776 9ff9cb21b9e64548a984b571917e7b78 - - default default] Added segment cb2f5d7d-5c3b-4596-ae1e-1f883fc60786 of type geneve for network 69ba6732-3288-48e9-8f0b-18952667f52b [pid: 7|app: 0|req: 1005/2009] 10.0.0.153 () {34 vars in 665 bytes} [Thu Apr 16 18:00:25 2026] POST /v2.0/ports => generated 911 bytes in 693 msecs (HTTP/1.1 201) 4 headers in 162 bytes (1 switches on core 0)
2026-04-16 18:00:25.958 8 INFO neutron.db.ovn_revision_numbers_db [None req-2d52ab73-73da-4070-a557-e66850faafc0 fe2153afa6da45ad8c72e548409ae776 9ff9cb21b9e64548a984b571917e7b78 - - default default] Successfully bumped revision number for resource 69ba6732-3288-48e9-8f0b-18952667f52b (type: networks) to 1
2026-04-16 18:00:26.140 8 WARNING neutron.scheduler.dhcp_agent_scheduler [None req-2d52ab73-73da-4070-a557-e66850faafc0 fe2153afa6da45ad8c72e548409ae776 9ff9cb21b9e64548a984b571917e7b78 - - default default] No more DHCP agents
2026-04-16 18:00:26.141 8 WARNING neutron.api.rpc.agentnotifiers.dhcp_rpc_agent_api [None req-2d52ab73-73da-4070-a557-e66850faafc0 fe2153afa6da45ad8c72e548409ae776 9ff9cb21b9e64548a984b571917e7b78 - - default default] Unable to schedule network 69ba6732-3288-48e9-8f0b-18952667f52b: no agents available; will retry on subsequent port and subnet creation events.
2026-04-16 18:00:26.182 7 INFO neutron.plugins.ml2.drivers.ovn.mech_driver.mech_driver [None req-7af82118-7981-420d-864b-e05eb5ea2ce5 - - - - - -] OVN reports status down for port: 05818c02-d7b8-4445-b886-ac13edf3449c
2026-04-16 18:00:26.213 8 INFO neutron.db.ovn_revision_numbers_db [None req-2d52ab73-73da-4070-a557-e66850faafc0 fe2153afa6da45ad8c72e548409ae776 9ff9cb21b9e64548a984b571917e7b78 - - default default] Successfully bumped revision number for resource 05818c02-d7b8-4445-b886-ac13edf3449c (type: ports) to 1 [pid: 8|app: 0|req: 1005/2010] 10.0.0.153 () {34 vars in 670 bytes} [Thu Apr 16 18:00:25 2026] POST /v2.0/networks => generated 651 bytes in 529 msecs (HTTP/1.1 201) 4 headers in 162 bytes (1 switches on core 0)
2026-04-16 18:00:26.325 7 INFO neutron.db.ovn_revision_numbers_db [None req-edc7f805-08e5-4321-a1c4-a0b5cf55da21 446dcdcc1a5145fd9a18c49e9eb0c00d a3ab715fa1b74de1b59db63c8b54d9aa - - default default] Successfully bumped revision number for resource 0f8bd884-e4f8-462e-a0d9-8594f5ccc26b (type: security_groups) to 1
2026-04-16 18:00:26.336 7 INFO neutron.db.ovn_revision_numbers_db [None req-edc7f805-08e5-4321-a1c4-a0b5cf55da21 446dcdcc1a5145fd9a18c49e9eb0c00d a3ab715fa1b74de1b59db63c8b54d9aa - - default default] Successfully bumped revision number for resource 072738f5-8871-45bb-9109-2893dcdc108d (type: security_group_rules) to 0
2026-04-16 18:00:26.348 7 INFO neutron.db.ovn_revision_numbers_db [None req-edc7f805-08e5-4321-a1c4-a0b5cf55da21 446dcdcc1a5145fd9a18c49e9eb0c00d a3ab715fa1b74de1b59db63c8b54d9aa - - default default] Successfully bumped revision number for resource 87c14f08-d78a-4eb4-b113-2c9201c2c8a8 (type: security_group_rules) to 0
2026-04-16 18:00:26.348 8 INFO neutron_taas.services.taas.taas_plugin [None req-b724ff14-dc0f-4318-958b-054f3427342b 11e69d587c26456ea607accaae632796 36a9e6f5d396428d95a67cb5fd263e99 - - default default] TaaS: Handle Delete Port: 4daa47e8-20a4-43c4-ad8d-c1f16a4434be
2026-04-16 18:00:26.351 8 INFO neutron_taas.services.taas.tap_mirror_plugin [None req-b724ff14-dc0f-4318-958b-054f3427342b 11e69d587c26456ea607accaae632796 36a9e6f5d396428d95a67cb5fd263e99 - - default default] Tap Mirror: Handle Delete Port: 4daa47e8-20a4-43c4-ad8d-c1f16a4434be
2026-04-16 18:00:26.359 7 INFO neutron.db.ovn_revision_numbers_db [None req-edc7f805-08e5-4321-a1c4-a0b5cf55da21 446dcdcc1a5145fd9a18c49e9eb0c00d a3ab715fa1b74de1b59db63c8b54d9aa - - default default] Successfully bumped revision number for resource 87f1cf6b-ec29-42fd-a0f7-0bbc0f7360af (type: security_group_rules) to 0
2026-04-16 18:00:26.370 7 INFO neutron.db.ovn_revision_numbers_db [None req-edc7f805-08e5-4321-a1c4-a0b5cf55da21 446dcdcc1a5145fd9a18c49e9eb0c00d a3ab715fa1b74de1b59db63c8b54d9aa - - default default] Successfully bumped revision number for resource 95c9bec4-6c28-4aa0-9859-3fbbd35560ab (type: security_group_rules) to 0 [pid: 7|app: 0|req: 1006/2011] 10.0.0.153 () {32 vars in 774 bytes} [Thu Apr 16 18:00:25 2026] GET /v2.0/security-groups?tenant_id=bea4187f36114f178cdf76b6a8248e05&name=default => generated 2925 bytes in 460 msecs (HTTP/1.1 200) 4 headers in 158 bytes (1 switches on core 0) [pid: 8|app: 0|req: 1006/2012] 10.0.0.153 () {32 vars in 720 bytes} [Thu Apr 16 18:00:26 2026] DELETE /v2.0/ports/4daa47e8-20a4-43c4-ad8d-c1f16a4434be => generated 0 bytes in 268 msecs (HTTP/1.1 204) 3 headers in 131 bytes (1 switches on core 0)
2026-04-16 18:00:26.632 7 WARNING neutron.scheduler.dhcp_agent_scheduler [None req-026a8071-c7dc-42bf-9cab-a2654312c5e0 fe2153afa6da45ad8c72e548409ae776 9ff9cb21b9e64548a984b571917e7b78 - - default default] No more DHCP agents
2026-04-16 18:00:26.633 7 WARNING neutron.api.rpc.agentnotifiers.dhcp_rpc_agent_api [None req-026a8071-c7dc-42bf-9cab-a2654312c5e0 fe2153afa6da45ad8c72e548409ae776 9ff9cb21b9e64548a984b571917e7b78 - - default default] Unable to schedule network 69ba6732-3288-48e9-8f0b-18952667f52b: no agents available; will retry on subsequent port and subnet creation events.
2026-04-16 18:00:26.681 8 INFO neutron.plugins.ml2.drivers.ovn.mech_driver.mech_driver [None req-f20e5d90-b20e-4cd9-b0e8-19d453ced219 - - - - - -] OVN reports status down for port: be5cd38d-cc57-4473-b058-174c1703bbb5
2026-04-16 18:00:26.719 7 INFO neutron.db.ovn_revision_numbers_db [None req-026a8071-c7dc-42bf-9cab-a2654312c5e0 fe2153afa6da45ad8c72e548409ae776 9ff9cb21b9e64548a984b571917e7b78 - - default default] Successfully bumped revision number for resource be5cd38d-cc57-4473-b058-174c1703bbb5 (type: ports) to 1 [pid: 8|app: 0|req: 1007/2013] 10.0.0.153 () {32 vars in 740 bytes} [Thu Apr 16 18:00:26 2026] DELETE /v2.0/security-groups/0f8bd884-e4f8-462e-a0d9-8594f5ccc26b => generated 0 bytes in 268 msecs (HTTP/1.1 204) 2 headers in 112 bytes (1 switches on core 0) [pid: 7|app: 0|req: 1007/2014] 10.0.0.153 () {34 vars in 664 bytes} [Thu Apr 16 18:00:26 2026] POST /v2.0/ports => generated 743 bytes in 378 msecs (HTTP/1.1 201) 4 headers in 162 bytes (1 switches on core 0) /var/lib/openstack/lib/python3.12/site-packages/pycadf/identifier.py:70: UserWarning: Invalid uuid: neutron. To ensure interoperability, identifiers should be a valid uuid. warnings.warn(('Invalid uuid: %s. To ensure interoperability, '
2026-04-16 18:00:26.825 7 INFO neutron.pecan_wsgi.hooks.translation [None req-88e89a83-0a45-406f-b442-ade7f077f1d3 11e69d587c26456ea607accaae632796 36a9e6f5d396428d95a67cb5fd263e99 - - default default] GET failed (client error): The resource could not be found. [pid: 7|app: 0|req: 1008/2015] 10.0.0.153 () {32 vars in 717 bytes} [Thu Apr 16 18:00:26 2026] GET /v2.0/ports/4daa47e8-20a4-43c4-ad8d-c1f16a4434be => generated 132 bytes in 38 msecs (HTTP/1.1 404) 4 headers in 164 bytes (1 switches on core 0)
2026-04-16 18:00:27.018 8 INFO neutron.db.ovn_revision_numbers_db [None req-d36e5a9d-35d7-408f-830d-b18b1b2c6485 446dcdcc1a5145fd9a18c49e9eb0c00d a3ab715fa1b74de1b59db63c8b54d9aa - - default default] Successfully bumped revision number for resource 358df962-2d23-4cdd-872e-dd6433a1f8a4 (type: security_groups) to 1
2026-04-16 18:00:27.034 8 INFO neutron.db.ovn_revision_numbers_db [None req-d36e5a9d-35d7-408f-830d-b18b1b2c6485 446dcdcc1a5145fd9a18c49e9eb0c00d a3ab715fa1b74de1b59db63c8b54d9aa - - default default] Successfully bumped revision number for resource 1f99387d-4cd8-493d-895e-fedb2707c51d (type: security_group_rules) to 0
2026-04-16 18:00:27.048 8 INFO neutron.db.ovn_revision_numbers_db [None req-d36e5a9d-35d7-408f-830d-b18b1b2c6485 446dcdcc1a5145fd9a18c49e9eb0c00d a3ab715fa1b74de1b59db63c8b54d9aa - - default default] Successfully bumped revision number for resource b6af6312-1782-4872-9650-a9309faf50c3 (type: security_group_rules) to 0
2026-04-16 18:00:27.064 8 INFO neutron.db.ovn_revision_numbers_db [None req-d36e5a9d-35d7-408f-830d-b18b1b2c6485 446dcdcc1a5145fd9a18c49e9eb0c00d a3ab715fa1b74de1b59db63c8b54d9aa - - default default] Successfully bumped revision number for resource bcbb60fd-3070-419c-9cd5-6cae62482a98 (type: security_group_rules) to 0
2026-04-16 18:00:27.086 8 INFO neutron.db.ovn_revision_numbers_db [None req-d36e5a9d-35d7-408f-830d-b18b1b2c6485 446dcdcc1a5145fd9a18c49e9eb0c00d a3ab715fa1b74de1b59db63c8b54d9aa - - default default] Successfully bumped revision number for resource e33f8a38-0c6f-4168-80a4-643614bc26e9 (type: security_group_rules) to 0 [pid: 7|app: 0|req: 1009/2016] 10.0.0.153 () {34 vars in 666 bytes} [Thu Apr 16 18:00:26 2026] POST /v2.0/trunks => generated 409 bytes in 268 msecs (HTTP/1.1 201) 4 headers in 162 bytes (1 switches on core 0) [pid: 8|app: 0|req: 1008/2017] 10.0.0.153 () {32 vars in 774 bytes} [Thu Apr 16 18:00:26 2026] GET /v2.0/security-groups?tenant_id=d41d9992870d48ddbe50947d55966b2b&name=default => generated 2925 bytes in 350 msecs (HTTP/1.1 200) 4 headers in 158 bytes (1 switches on core 0)
2026-04-16 18:00:27.189 8 INFO neutron.services.segments.plugin [-] Segment ce991ecd-4330-4a09-a3c8-96819d43a602 resource provider aggregate not found
2026-04-16 18:00:27.207 8 INFO neutron.services.segments.plugin [-] Segment ce991ecd-4330-4a09-a3c8-96819d43a602 resource provider aggregate not found
2026-04-16 18:00:27.213 8 INFO neutron.services.segments.plugin [-] Segment ce991ecd-4330-4a09-a3c8-96819d43a602 resource provider not found; error: Placement Client Error (4xx): {"errors": [{"status": 404, "title": "Not Found", "detail": "The resource could not be found.\n\n No resource provider with uuid ce991ecd-4330-4a09-a3c8-96819d43a602 found for delete ", "request_id": "req-67eae2f0-3751-4868-ab77-7a3b2b05351d"}]}
2026-04-16 18:00:27.216 8 INFO neutron.db.segments_db [None req-bdd7b209-ff65-4232-9043-cfbb0caa5e1d fe2153afa6da45ad8c72e548409ae776 9ff9cb21b9e64548a984b571917e7b78 - - default default] Added segment 86dcc004-2902-4d24-829e-9ca8c5594f41 of type geneve for network 8d826b85-f01d-4206-989e-75fe5065a5b7
2026-04-16 18:00:27.227 8 INFO neutron.services.segments.plugin [-] Segment ce991ecd-4330-4a09-a3c8-96819d43a602 resource provider not found; error: Placement Client Error (4xx): {"errors": [{"status": 404, "title": "Not Found", "detail": "The resource could not be found.\n\n No resource provider with uuid ce991ecd-4330-4a09-a3c8-96819d43a602 found for delete ", "request_id": "req-c3c5670b-912c-4f00-a538-f620e9d2bc16"}]} [pid: 7|app: 0|req: 1010/2018] 10.0.0.153 () {32 vars in 724 bytes} [Thu Apr 16 18:00:27 2026] DELETE /v2.0/subnets/445ce0fb-bbd0-444b-8d56-fb474628a6be => generated 0 bytes in 170 msecs (HTTP/1.1 204) 3 headers in 131 bytes (1 switches on core 0)
