2026-04-16 17:57:32.539 8 INFO neutron.services.segments.plugin [-] Segment fd590f65-8ddc-41d4-9c79-19765a0e17b6 resource provider not found; error: Placement Client Error (4xx): {"errors": [{"status": 404, "title": "Not Found", "detail": "The resource could not be found.\n\n No resource provider with uuid fd590f65-8ddc-41d4-9c79-19765a0e17b6 found for delete ", "request_id": "req-aadc1161-c6ad-498a-81c0-dbc4b465060c"}]} [pid: 7|app: 0|req: 376/736] 10.0.0.153 () {32 vars in 740 bytes} [Thu Apr 16 17:57:32 2026] DELETE /v2.0/security-groups/84ffbd7e-bdb0-4881-bf58-87d8fcb3818e => generated 0 bytes in 255 msecs (HTTP/1.1 204) 2 headers in 112 bytes (1 switches on core 0) [pid: 8|app: 0|req: 361/737] 199.204.45.233 () {34 vars in 986 bytes} [Thu Apr 16 17:57:32 2026] GET /v2.0/networks?id=42bcb3e1-8067-48b3-b59e-0455b8fd1d6f => generated 713 bytes in 133 msecs (HTTP/1.1 200) 4 headers in 157 bytes (1 switches on core 0) [pid: 7|app: 0|req: 377/738] 199.204.45.233 () {34 vars in 911 bytes} [Thu Apr 16 17:57:32 2026] GET /v2.0/extensions => generated 20541 bytes in 11 msecs (HTTP/1.1 200) 4 headers in 159 bytes (1 switches on core 0) [pid: 8|app: 0|req: 362/739] 10.0.0.198 () {34 vars in 990 bytes} [Thu Apr 16 17:57:32 2026] GET /v2.0/ports?device_id=a6e1b99b-e575-48b8-b27a-739501c530bd => generated 12 bytes in 43 msecs (HTTP/1.1 200) 4 headers in 156 bytes (1 switches on core 0) [pid: 7|app: 0|req: 378/740] 199.204.45.233 () {34 vars in 1050 bytes} [Thu Apr 16 17:57:32 2026] GET /v2.0/security-groups?fields=id&fields=name&tenant_id=4e51df66e9b84accbbaf99058410ae4e => generated 181 bytes in 34 msecs (HTTP/1.1 200) 4 headers in 157 bytes (1 switches on core 0)
2026-04-16 17:57:33.171 8 WARNING neutron.scheduler.dhcp_agent_scheduler [req-fcf51273-3f42-4904-a6d6-dabda3843c0e req-ae6185b1-9e77-442e-8e0d-0ddc6d2d5fef 18a5c0e9a4ea4179bfdc4a033892a183 4e51df66e9b84accbbaf99058410ae4e - - default default] No more DHCP agents
2026-04-16 17:57:33.173 8 WARNING neutron.api.rpc.agentnotifiers.dhcp_rpc_agent_api [req-fcf51273-3f42-4904-a6d6-dabda3843c0e req-ae6185b1-9e77-442e-8e0d-0ddc6d2d5fef 18a5c0e9a4ea4179bfdc4a033892a183 4e51df66e9b84accbbaf99058410ae4e - - default default] Unable to schedule network 42bcb3e1-8067-48b3-b59e-0455b8fd1d6f: no agents available; will retry on subsequent port and subnet creation events.
2026-04-16 17:57:33.293 8 INFO neutron.plugins.ml2.drivers.ovn.mech_driver.mech_driver [None req-ab545f55-5f32-4069-a28e-035b066e239f - - - - - -] OVN reports status down for port: 7be36c29-3817-42fc-8fbb-990457f0128e
2026-04-16 17:57:33.371 8 INFO neutron.db.ovn_revision_numbers_db [req-fcf51273-3f42-4904-a6d6-dabda3843c0e req-ae6185b1-9e77-442e-8e0d-0ddc6d2d5fef 18a5c0e9a4ea4179bfdc4a033892a183 4e51df66e9b84accbbaf99058410ae4e - - default default] Successfully bumped revision number for resource 7be36c29-3817-42fc-8fbb-990457f0128e (type: ports) to 1 [pid: 8|app: 0|req: 363/741] 199.204.45.233 () {38 vars in 955 bytes} [Thu Apr 16 17:57:32 2026] POST /v2.0/ports => generated 954 bytes in 642 msecs (HTTP/1.1 201) 4 headers in 162 bytes (1 switches on core 0) /var/lib/openstack/lib/python3.12/site-packages/pycadf/identifier.py:70: UserWarning: Invalid uuid: neutron. To ensure interoperability, identifiers should be a valid uuid. warnings.warn(('Invalid uuid: %s. To ensure interoperability, ' [pid: 8|app: 0|req: 364/742] 10.0.0.198 () {34 vars in 990 bytes} [Thu Apr 16 17:57:33 2026] GET /v2.0/ports?device_id=a6e1b99b-e575-48b8-b27a-739501c530bd => generated 957 bytes in 46 msecs (HTTP/1.1 200) 4 headers in 157 bytes (1 switches on core 0) [pid: 8|app: 0|req: 365/743] 10.0.0.198 () {34 vars in 1040 bytes} [Thu Apr 16 17:57:33 2026] GET /v2.0/security-groups?id=52c7eb64-94d4-4f9e-8067-f7e5c7ab5b10&fields=id&fields=name => generated 114 bytes in 42 msecs (HTTP/1.1 200) 4 headers in 157 bytes (1 switches on core 0)
2026-04-16 17:57:34.314 7 INFO neutron.db.ovn_revision_numbers_db [req-fcf51273-3f42-4904-a6d6-dabda3843c0e req-92950544-f0dc-4d4a-a6dc-53be15d04134 118c9e76b8bc4264a18215a09803256f a61d6f668be14612ad6abf2efba5f569 - - 24a44dee18374be3acf91e212a98a5c2 24a44dee18374be3acf91e212a98a5c2] Successfully bumped revision number for resource 7be36c29-3817-42fc-8fbb-990457f0128e (type: ports) to 2
2026-04-16 17:57:34.394 8 INFO neutron.db.ovn_revision_numbers_db [None req-044cbe98-53c4-41ea-84a3-3e8e183c0a5f 446dcdcc1a5145fd9a18c49e9eb0c00d a3ab715fa1b74de1b59db63c8b54d9aa - - default default] Successfully bumped revision number for resource eea07bc3-a64f-43b8-a481-007c671f6201 (type: security_groups) to 1
2026-04-16 17:57:34.414 8 INFO neutron.db.ovn_revision_numbers_db [None req-044cbe98-53c4-41ea-84a3-3e8e183c0a5f 446dcdcc1a5145fd9a18c49e9eb0c00d a3ab715fa1b74de1b59db63c8b54d9aa - - default default] Successfully bumped revision number for resource 4287c846-8835-4ea9-90ed-0021032d6307 (type: security_group_rules) to 0
2026-04-16 17:57:34.447 8 INFO neutron.db.ovn_revision_numbers_db [None req-044cbe98-53c4-41ea-84a3-3e8e183c0a5f 446dcdcc1a5145fd9a18c49e9eb0c00d a3ab715fa1b74de1b59db63c8b54d9aa - - default default] Successfully bumped revision number for resource 58ece725-7b8c-49da-846f-cada9dae6d31 (type: security_group_rules) to 0
2026-04-16 17:57:34.461 8 INFO neutron.db.ovn_revision_numbers_db [None req-044cbe98-53c4-41ea-84a3-3e8e183c0a5f 446dcdcc1a5145fd9a18c49e9eb0c00d a3ab715fa1b74de1b59db63c8b54d9aa - - default default] Successfully bumped revision number for resource 63fccc97-942e-44f6-b8d8-d288b9080c85 (type: security_group_rules) to 0
2026-04-16 17:57:34.474 8 INFO neutron.db.ovn_revision_numbers_db [None req-044cbe98-53c4-41ea-84a3-3e8e183c0a5f 446dcdcc1a5145fd9a18c49e9eb0c00d a3ab715fa1b74de1b59db63c8b54d9aa - - default default] Successfully bumped revision number for resource c2d47ed8-2ad7-4afa-8197-2898f336bc54 (type: security_group_rules) to 0
2026-04-16 17:57:34.556 8 INFO neutron.db.segments_db [None req-044cbe98-53c4-41ea-84a3-3e8e183c0a5f 446dcdcc1a5145fd9a18c49e9eb0c00d a3ab715fa1b74de1b59db63c8b54d9aa - - default default] Added segment d5fad5a3-f1f1-4e65-ade7-bfd96bebb833 of type geneve for network 6331da0f-7bd5-4223-a77f-18d3e1041597
2026-04-16 17:57:34.607 7 INFO neutron.db.ovn_revision_numbers_db [req-fcf51273-3f42-4904-a6d6-dabda3843c0e req-92950544-f0dc-4d4a-a6dc-53be15d04134 118c9e76b8bc4264a18215a09803256f a61d6f668be14612ad6abf2efba5f569 - - 24a44dee18374be3acf91e212a98a5c2 24a44dee18374be3acf91e212a98a5c2] Successfully bumped revision number for resource 7be36c29-3817-42fc-8fbb-990457f0128e (type: ports) to 4 [pid: 7|app: 0|req: 379/744] 199.204.45.233 () {38 vars in 1028 bytes} [Thu Apr 16 17:57:33 2026] PUT /v2.0/ports/7be36c29-3817-42fc-8fbb-990457f0128e => generated 1204 bytes in 755 msecs (HTTP/1.1 200) 4 headers in 158 bytes (1 switches on core 0) /var/lib/openstack/lib/python3.12/site-packages/pycadf/identifier.py:70: UserWarning: Invalid uuid: neutron. To ensure interoperability, identifiers should be a valid uuid. warnings.warn(('Invalid uuid: %s. To ensure interoperability, '
2026-04-16 17:57:34.777 8 INFO neutron.db.ovn_revision_numbers_db [None req-044cbe98-53c4-41ea-84a3-3e8e183c0a5f 446dcdcc1a5145fd9a18c49e9eb0c00d a3ab715fa1b74de1b59db63c8b54d9aa - - default default] Successfully bumped revision number for resource 6331da0f-7bd5-4223-a77f-18d3e1041597 (type: networks) to 1
2026-04-16 17:57:34.904 7 INFO neutron.db.ovn_revision_numbers_db [None req-7b0f894e-d8cc-4ebd-891d-eb2ab35a8032 446dcdcc1a5145fd9a18c49e9eb0c00d a3ab715fa1b74de1b59db63c8b54d9aa - - default default] Successfully bumped revision number for resource 48362bf2-0bb5-4f52-9f06-5f506c269e86 (type: security_groups) to 1
2026-04-16 17:57:34.918 7 INFO neutron.db.ovn_revision_numbers_db [None req-7b0f894e-d8cc-4ebd-891d-eb2ab35a8032 446dcdcc1a5145fd9a18c49e9eb0c00d a3ab715fa1b74de1b59db63c8b54d9aa - - default default] Successfully bumped revision number for resource 3995283c-8fe0-4477-b5be-e830bd8040d6 (type: security_group_rules) to 0
2026-04-16 17:57:34.930 7 INFO neutron.db.ovn_revision_numbers_db [None req-7b0f894e-d8cc-4ebd-891d-eb2ab35a8032 446dcdcc1a5145fd9a18c49e9eb0c00d a3ab715fa1b74de1b59db63c8b54d9aa - - default default] Successfully bumped revision number for resource 532b4a5a-fbfe-4c3f-8b4a-2039a3079427 (type: security_group_rules) to 0
2026-04-16 17:57:34.943 7 INFO neutron.db.ovn_revision_numbers_db [None req-7b0f894e-d8cc-4ebd-891d-eb2ab35a8032 446dcdcc1a5145fd9a18c49e9eb0c00d a3ab715fa1b74de1b59db63c8b54d9aa - - default default] Successfully bumped revision number for resource 8665644e-8db4-413f-a1b8-40fd971d3d08 (type: security_group_rules) to 0
2026-04-16 17:57:34.954 7 INFO neutron.db.ovn_revision_numbers_db [None req-7b0f894e-d8cc-4ebd-891d-eb2ab35a8032 446dcdcc1a5145fd9a18c49e9eb0c00d a3ab715fa1b74de1b59db63c8b54d9aa - - default default] Successfully bumped revision number for resource 8b3496d8-d4fe-4344-af54-c80836dbe8e1 (type: security_group_rules) to 0
2026-04-16 17:57:34.961 8 WARNING neutron.scheduler.dhcp_agent_scheduler [None req-044cbe98-53c4-41ea-84a3-3e8e183c0a5f 446dcdcc1a5145fd9a18c49e9eb0c00d a3ab715fa1b74de1b59db63c8b54d9aa - - default default] No more DHCP agents
2026-04-16 17:57:34.963 8 WARNING neutron.api.rpc.agentnotifiers.dhcp_rpc_agent_api [None req-044cbe98-53c4-41ea-84a3-3e8e183c0a5f 446dcdcc1a5145fd9a18c49e9eb0c00d a3ab715fa1b74de1b59db63c8b54d9aa - - default default] Unable to schedule network 6331da0f-7bd5-4223-a77f-18d3e1041597: no agents available; will retry on subsequent port and subnet creation events.
2026-04-16 17:57:35.023 7 INFO neutron.plugins.ml2.drivers.ovn.mech_driver.mech_driver [None req-545513df-869b-4089-80eb-c024b6accad7 - - - - - -] OVN reports status down for port: 69d691eb-4708-4ad0-a554-2d11041fca86
2026-04-16 17:57:35.044 8 INFO neutron.db.ovn_revision_numbers_db [None req-044cbe98-53c4-41ea-84a3-3e8e183c0a5f 446dcdcc1a5145fd9a18c49e9eb0c00d a3ab715fa1b74de1b59db63c8b54d9aa - - default default] Successfully bumped revision number for resource 69d691eb-4708-4ad0-a554-2d11041fca86 (type: ports) to 1
2026-04-16 17:57:35.053 7 INFO neutron.db.segments_db [None req-7b0f894e-d8cc-4ebd-891d-eb2ab35a8032 446dcdcc1a5145fd9a18c49e9eb0c00d a3ab715fa1b74de1b59db63c8b54d9aa - - default default] Added segment 7eebe12b-173b-4c3d-851f-6101a0244394 of type geneve for network 314be949-6f91-44c0-9d1a-0b84182c1a37 [pid: 8|app: 0|req: 366/745] 10.0.0.153 () {34 vars in 671 bytes} [Thu Apr 16 17:57:34 2026] POST /v2.0/networks => generated 773 bytes in 1025 msecs (HTTP/1.1 201) 4 headers in 162 bytes (1 switches on core 0)
2026-04-16 17:57:35.155 7 INFO neutron.notifiers.nova [-] Nova event matching ['req-752561b4-2032-4902-bb4c-bedc3878d97d'] response: {'name': 'network-changed', 'server_uuid': 'a6e1b99b-e575-48b8-b27a-739501c530bd', 'tag': '7be36c29-3817-42fc-8fbb-990457f0128e', 'status': 'completed', 'code': 200}
2026-04-16 17:57:35.202 7 INFO neutron.db.ovn_revision_numbers_db [None req-7b0f894e-d8cc-4ebd-891d-eb2ab35a8032 446dcdcc1a5145fd9a18c49e9eb0c00d a3ab715fa1b74de1b59db63c8b54d9aa - - default default] Successfully bumped revision number for resource 314be949-6f91-44c0-9d1a-0b84182c1a37 (type: networks) to 1
2026-04-16 17:57:35.264 8 INFO neutron.db.ovn_revision_numbers_db [None req-8b2b8ba4-3bfb-45f5-bb05-6c26718cc1cd 446dcdcc1a5145fd9a18c49e9eb0c00d a3ab715fa1b74de1b59db63c8b54d9aa - - default default] Successfully bumped revision number for resource c740ad7f-a285-48cc-af08-d58ecd4c34d4 (type: security_groups) to 1
2026-04-16 17:57:35.274 8 INFO neutron.db.ovn_revision_numbers_db [None req-8b2b8ba4-3bfb-45f5-bb05-6c26718cc1cd 446dcdcc1a5145fd9a18c49e9eb0c00d a3ab715fa1b74de1b59db63c8b54d9aa - - default default] Successfully bumped revision number for resource 4c6a252d-d7a4-4140-8229-a0b2563017b7 (type: security_group_rules) to 0
2026-04-16 17:57:35.292 8 INFO neutron.db.ovn_revision_numbers_db [None req-8b2b8ba4-3bfb-45f5-bb05-6c26718cc1cd 446dcdcc1a5145fd9a18c49e9eb0c00d a3ab715fa1b74de1b59db63c8b54d9aa - - default default] Successfully bumped revision number for resource 79cb2c8a-ad07-4b63-9a82-5cc6bf446499 (type: security_group_rules) to 0
2026-04-16 17:57:35.313 8 INFO neutron.db.ovn_revision_numbers_db [None req-8b2b8ba4-3bfb-45f5-bb05-6c26718cc1cd 446dcdcc1a5145fd9a18c49e9eb0c00d a3ab715fa1b74de1b59db63c8b54d9aa - - default default] Successfully bumped revision number for resource 9ba235ce-eb31-4fd8-87e4-b3fa7f0613dc (type: security_group_rules) to 0
2026-04-16 17:57:35.326 8 INFO neutron.db.ovn_revision_numbers_db [None req-8b2b8ba4-3bfb-45f5-bb05-6c26718cc1cd 446dcdcc1a5145fd9a18c49e9eb0c00d a3ab715fa1b74de1b59db63c8b54d9aa - - default default] Successfully bumped revision number for resource e366628b-c964-42ae-a0da-8a405a71ea9a (type: security_group_rules) to 0
2026-04-16 17:57:35.353 7 WARNING neutron.scheduler.dhcp_agent_scheduler [None req-7b0f894e-d8cc-4ebd-891d-eb2ab35a8032 446dcdcc1a5145fd9a18c49e9eb0c00d a3ab715fa1b74de1b59db63c8b54d9aa - - default default] No more DHCP agents
2026-04-16 17:57:35.354 7 WARNING neutron.api.rpc.agentnotifiers.dhcp_rpc_agent_api [None req-7b0f894e-d8cc-4ebd-891d-eb2ab35a8032 446dcdcc1a5145fd9a18c49e9eb0c00d a3ab715fa1b74de1b59db63c8b54d9aa - - default default] Unable to schedule network 314be949-6f91-44c0-9d1a-0b84182c1a37: no agents available; will retry on subsequent port and subnet creation events. [pid: 8|app: 0|req: 367/746] 10.0.0.153 () {32 vars in 774 bytes} [Thu Apr 16 17:57:35 2026] GET /v2.0/security-groups?tenant_id=d2859bf711e045059efa234a28fe81e9&name=default => generated 2925 bytes in 298 msecs (HTTP/1.1 200) 4 headers in 158 bytes (1 switches on core 0)
2026-04-16 17:57:35.414 8 INFO neutron.plugins.ml2.drivers.ovn.mech_driver.mech_driver [None req-ab545f55-5f32-4069-a28e-035b066e239f - - - - - -] OVN reports status down for port: 4c0d2c6d-8b82-430b-86e5-5126e54aa3c8 [pid: 8|app: 0|req: 368/747] 10.0.0.198 () {34 vars in 990 bytes} [Thu Apr 16 17:57:35 2026] GET /v2.0/ports?device_id=a6e1b99b-e575-48b8-b27a-739501c530bd => generated 969 bytes in 67 msecs (HTTP/1.1 200) 4 headers in 157 bytes (1 switches on core 0)
2026-04-16 17:57:35.439 7 INFO neutron.db.ovn_revision_numbers_db [None req-7b0f894e-d8cc-4ebd-891d-eb2ab35a8032 446dcdcc1a5145fd9a18c49e9eb0c00d a3ab715fa1b74de1b59db63c8b54d9aa - - default default] Successfully bumped revision number for resource 4c0d2c6d-8b82-430b-86e5-5126e54aa3c8 (type: ports) to 1 [pid: 7|app: 0|req: 380/748] 10.0.0.153 () {34 vars in 671 bytes} [Thu Apr 16 17:57:34 2026] POST /v2.0/networks => generated 760 bytes in 839 msecs (HTTP/1.1 201) 4 headers in 162 bytes (1 switches on core 0)
2026-04-16 17:57:35.636 8 WARNING neutron.scheduler.dhcp_agent_scheduler [None req-0ad7219d-d725-4933-99f1-dbb70319c460 446dcdcc1a5145fd9a18c49e9eb0c00d a3ab715fa1b74de1b59db63c8b54d9aa - - default default] No more DHCP agents
2026-04-16 17:57:35.637 8 WARNING neutron.api.rpc.agentnotifiers.dhcp_rpc_agent_api [None req-0ad7219d-d725-4933-99f1-dbb70319c460 446dcdcc1a5145fd9a18c49e9eb0c00d a3ab715fa1b74de1b59db63c8b54d9aa - - default default] Unable to schedule network 6331da0f-7bd5-4223-a77f-18d3e1041597: no agents available; will retry on subsequent port and subnet creation events. [pid: 7|app: 0|req: 381/749] 10.0.0.153 () {32 vars in 740 bytes} [Thu Apr 16 17:57:35 2026] DELETE /v2.0/security-groups/c740ad7f-a285-48cc-af08-d58ecd4c34d4 => generated 0 bytes in 235 msecs (HTTP/1.1 204) 2 headers in 112 bytes (1 switches on core 0) [pid: 7|app: 0|req: 382/750] 10.0.0.198 () {34 vars in 1040 bytes} [Thu Apr 16 17:57:35 2026] GET /v2.0/security-groups?id=52c7eb64-94d4-4f9e-8067-f7e5c7ab5b10&fields=id&fields=name => generated 114 bytes in 39 msecs (HTTP/1.1 200) 4 headers in 157 bytes (1 switches on core 0)
2026-04-16 17:57:35.886 7 WARNING neutron.scheduler.dhcp_agent_scheduler [None req-ffb53dc7-e1ad-4014-8227-37082068aef3 446dcdcc1a5145fd9a18c49e9eb0c00d a3ab715fa1b74de1b59db63c8b54d9aa - - default default] No more DHCP agents
2026-04-16 17:57:35.888 7 WARNING neutron.api.rpc.agentnotifiers.dhcp_rpc_agent_api [None req-ffb53dc7-e1ad-4014-8227-37082068aef3 446dcdcc1a5145fd9a18c49e9eb0c00d a3ab715fa1b74de1b59db63c8b54d9aa - - default default] Unable to schedule network 314be949-6f91-44c0-9d1a-0b84182c1a37: no agents available; will retry on subsequent port and subnet creation events.
2026-04-16 17:57:36.038 8 INFO neutron.db.ovn_revision_numbers_db [None req-36ddfe9f-9519-4cfd-9806-60b9d16dc821 - - - - - -] Successfully bumped revision number for resource 69d691eb-4708-4ad0-a554-2d11041fca86 (type: ports) to 2
2026-04-16 17:57:36.081 8 INFO neutron.db.ovn_revision_numbers_db [None req-36ddfe9f-9519-4cfd-9806-60b9d16dc821 - - - - - -] Successfully bumped revision number for resource 7728fd82-7821-47ff-8256-2095b83f9515 (type: subnets) to 0 [pid: 8|app: 0|req: 369/751] 10.0.0.153 () {34 vars in 669 bytes} [Thu Apr 16 17:57:35 2026] POST /v2.0/subnets => generated 698 bytes in 659 msecs (HTTP/1.1 201) 4 headers in 162 bytes (1 switches on core 0) [pid: 8|app: 0|req: 370/752] 199.204.45.233 () {34 vars in 1080 bytes} [Thu Apr 16 17:57:36 2026] GET /v2.0/ports?tenant_id=4e51df66e9b84accbbaf99058410ae4e&device_id=a6e1b99b-e575-48b8-b27a-739501c530bd => generated 1207 bytes in 77 msecs (HTTP/1.1 200) 4 headers in 158 bytes (1 switches on core 0)
2026-04-16 17:57:36.341 7 INFO neutron.db.ovn_revision_numbers_db [None req-d4e7f6d6-9ac2-422e-aaad-1591cdd002ee - - - - - -] Successfully bumped revision number for resource 4c0d2c6d-8b82-430b-86e5-5126e54aa3c8 (type: ports) to 2
2026-04-16 17:57:36.367 7 INFO neutron.db.ovn_revision_numbers_db [None req-d4e7f6d6-9ac2-422e-aaad-1591cdd002ee - - - - - -] Successfully bumped revision number for resource 2349a576-08a5-437a-8174-f8132cde523b (type: subnets) to 0 [pid: 7|app: 0|req: 383/755] 10.0.0.153 () {34 vars in 669 bytes} [Thu Apr 16 17:57:35 2026] POST /v2.0/subnets => generated 685 bytes in 637 msecs (HTTP/1.1 201) 4 headers in 162 bytes (1 switches on core 0) [pid: 7|app: 0|req: 384/756] 199.204.45.233 () {34 vars in 1058 bytes} [Thu Apr 16 17:57:36 2026] GET /v2.0/floatingips?fixed_ip_address=10.100.0.3&port_id=7be36c29-3817-42fc-8fbb-990457f0128e => generated 19 bytes in 32 msecs (HTTP/1.1 200) 4 headers in 156 bytes (1 switches on core 0)
2026-04-16 17:57:36.671 8 WARNING neutron.scheduler.dhcp_agent_scheduler [None req-ef2b75bf-a514-4b82-a17f-7f33b034f7b8 446dcdcc1a5145fd9a18c49e9eb0c00d a3ab715fa1b74de1b59db63c8b54d9aa - - default default] No more DHCP agents
2026-04-16 17:57:36.673 8 WARNING neutron.api.rpc.agentnotifiers.dhcp_rpc_agent_api [None req-ef2b75bf-a514-4b82-a17f-7f33b034f7b8 446dcdcc1a5145fd9a18c49e9eb0c00d a3ab715fa1b74de1b59db63c8b54d9aa - - default default] Unable to schedule network c79aa035-9633-43b0-b4f2-f92f1289b70a: no agents available; will retry on subsequent port and subnet creation events.
2026-04-16 17:57:36.752 7 WARNING neutron.scheduler.dhcp_agent_scheduler [None req-7a822951-ac83-4d45-8150-10ea4ab4d269 446dcdcc1a5145fd9a18c49e9eb0c00d a3ab715fa1b74de1b59db63c8b54d9aa - - default default] No more DHCP agents
2026-04-16 17:57:36.753 7 WARNING neutron.api.rpc.agentnotifiers.dhcp_rpc_agent_api [None req-7a822951-ac83-4d45-8150-10ea4ab4d269 446dcdcc1a5145fd9a18c49e9eb0c00d a3ab715fa1b74de1b59db63c8b54d9aa - - default default] Unable to schedule network c79aa035-9633-43b0-b4f2-f92f1289b70a: no agents available; will retry on subsequent port and subnet creation events.
2026-04-16 17:57:36.787 8 INFO neutron.plugins.ml2.drivers.ovn.mech_driver.mech_driver [None req-ab545f55-5f32-4069-a28e-035b066e239f - - - - - -] OVN reports status down for port: 55a660be-9ee2-4f47-83f4-2b8d7d26ff2f
2026-04-16 17:57:36.886 8 INFO neutron.db.ovn_revision_numbers_db [None req-ef2b75bf-a514-4b82-a17f-7f33b034f7b8 446dcdcc1a5145fd9a18c49e9eb0c00d a3ab715fa1b74de1b59db63c8b54d9aa - - default default] Successfully bumped revision number for resource 55a660be-9ee2-4f47-83f4-2b8d7d26ff2f (type: ports) to 1
2026-04-16 17:57:36.892 7 INFO neutron.db.ovn_revision_numbers_db [None req-7a822951-ac83-4d45-8150-10ea4ab4d269 446dcdcc1a5145fd9a18c49e9eb0c00d a3ab715fa1b74de1b59db63c8b54d9aa - - default default] Successfully bumped revision number for resource 1062efc6-4494-4322-b9b3-08d3eba49514 (type: ports) to 1
2026-04-16 17:57:36.942 8 INFO neutron.plugins.ml2.drivers.ovn.mech_driver.mech_driver [None req-ab545f55-5f32-4069-a28e-035b066e239f - - - - - -] OVN reports status down for port: 1062efc6-4494-4322-b9b3-08d3eba49514
2026-04-16 17:57:37.519 7 INFO neutron.plugins.ml2.drivers.ovn.mech_driver.ovsdb.commands [None req-5b0451dd-b7f9-4cae-9292-198244e44da5 - - - - - -] Schedule LRP lrp-1062efc6-4494-4322-b9b3-08d3eba49514 on gateway 2d81aa04-b595-400f-a07b-a108d91c65b9 with priority 1
2026-04-16 17:57:37.557 8 INFO neutron.plugins.ml2.drivers.ovn.mech_driver.ovsdb.ovsdb_monitor [None req-05cf0310-0dba-4cd3-ab04-8de6fb19bf6b - - - - - -] Router 84a7acf6-a588-4ba7-a9b3-5df01e8ed5fe is bound to host instance
2026-04-16 17:57:37.603 7 INFO neutron.db.ovn_revision_numbers_db [None req-7a822951-ac83-4d45-8150-10ea4ab4d269 446dcdcc1a5145fd9a18c49e9eb0c00d a3ab715fa1b74de1b59db63c8b54d9aa - - default default] Successfully bumped revision number for resource 1062efc6-4494-4322-b9b3-08d3eba49514 (type: router_ports) to 1
2026-04-16 17:57:37.624 8 INFO neutron.plugins.ml2.drivers.ovn.mech_driver.mech_driver [None req-ab545f55-5f32-4069-a28e-035b066e239f - - - - - -] OVN reports status up for port: 1062efc6-4494-4322-b9b3-08d3eba49514
2026-04-16 17:57:37.644 8 INFO neutron.plugins.ml2.drivers.ovn.mech_driver.ovsdb.commands [None req-046e2f7c-98f3-4348-b27e-13b630ed71f0 - - - - - -] Schedule LRP lrp-55a660be-9ee2-4f47-83f4-2b8d7d26ff2f on gateway 2d81aa04-b595-400f-a07b-a108d91c65b9 with priority 1
2026-04-16 17:57:37.676 7 INFO neutron.plugins.ml2.drivers.ovn.mech_driver.ovsdb.ovsdb_monitor [None req-44d22267-a418-4c09-86d5-c69d49eb9f2c - - - - - -] Router 984c1432-e72f-4ec8-a9c2-b959fcd78ba1 is bound to host instance
2026-04-16 17:57:37.678 8 INFO neutron.plugins.ml2.plugin [None req-ab545f55-5f32-4069-a28e-035b066e239f - - - - - -] Attempt 1 to provision port 1062efc6-4494-4322-b9b3-08d3eba49514
2026-04-16 17:57:37.761 7 INFO neutron.db.ovn_revision_numbers_db [None req-7a822951-ac83-4d45-8150-10ea4ab4d269 446dcdcc1a5145fd9a18c49e9eb0c00d a3ab715fa1b74de1b59db63c8b54d9aa - - default default] Successfully bumped revision number for resource 84a7acf6-a588-4ba7-a9b3-5df01e8ed5fe (type: routers) to 2 [pid: 7|app: 0|req: 385/757] 10.0.0.153 () {34 vars in 669 bytes} [Thu Apr 16 17:57:36 2026] POST /v2.0/routers => generated 963 bytes in 1391 msecs (HTTP/1.1 201) 4 headers in 162 bytes (1 switches on core 0)
2026-04-16 17:57:37.842 8 INFO neutron.db.ovn_revision_numbers_db [None req-ef2b75bf-a514-4b82-a17f-7f33b034f7b8 446dcdcc1a5145fd9a18c49e9eb0c00d a3ab715fa1b74de1b59db63c8b54d9aa - - default default] Successfully bumped revision number for resource 55a660be-9ee2-4f47-83f4-2b8d7d26ff2f (type: router_ports) to 1 [pid: 7|app: 0|req: 386/758] 199.204.45.233 () {34 vars in 984 bytes} [Thu Apr 16 17:57:37 2026] GET /v2.0/subnets?id=6a091fc2-c880-4f6b-b6cc-01e631a78f75 => generated 693 bytes in 92 msecs (HTTP/1.1 200) 4 headers in 157 bytes (1 switches on core 0)
2026-04-16 17:57:37.981 8 INFO neutron.db.ovn_revision_numbers_db [None req-ef2b75bf-a514-4b82-a17f-7f33b034f7b8 446dcdcc1a5145fd9a18c49e9eb0c00d a3ab715fa1b74de1b59db63c8b54d9aa - - default default] Successfully bumped revision number for resource 984c1432-e72f-4ec8-a9c2-b959fcd78ba1 (type: routers) to 2 [pid: 8|app: 0|req: 373/759] 10.0.0.153 () {34 vars in 669 bytes} [Thu Apr 16 17:57:36 2026] POST /v2.0/routers => generated 976 bytes in 1833 msecs (HTTP/1.1 201) 4 headers in 162 bytes (1 switches on core 0) [pid: 7|app: 0|req: 387/760] 10.0.0.198 () {34 vars in 990 bytes} [Thu Apr 16 17:57:37 2026] GET /v2.0/ports?device_id=a6e1b99b-e575-48b8-b27a-739501c530bd => generated 969 bytes in 183 msecs (HTTP/1.1 200) 4 headers in 157 bytes (1 switches on core 0) [pid: 7|app: 0|req: 388/761] 199.204.45.233 () {34 vars in 1052 bytes} [Thu Apr 16 17:57:38 2026] GET /v2.0/ports?network_id=42bcb3e1-8067-48b3-b59e-0455b8fd1d6f&device_owner=network%3Adhcp => generated 12 bytes in 56 msecs (HTTP/1.1 200) 4 headers in 156 bytes (1 switches on core 0)
2026-04-16 17:57:38.558 7 INFO neutron.db.ovn_revision_numbers_db [None req-bac1dd4f-7fe0-4bf5-9b9c-647dbc244abd 446dcdcc1a5145fd9a18c49e9eb0c00d a3ab715fa1b74de1b59db63c8b54d9aa - - default default] Successfully bumped revision number for resource ad747882-7840-4419-89b5-d487e2eb169f (type: security_groups) to 1
2026-04-16 17:57:38.583 7 INFO neutron.db.ovn_revision_numbers_db [None req-bac1dd4f-7fe0-4bf5-9b9c-647dbc244abd 446dcdcc1a5145fd9a18c49e9eb0c00d a3ab715fa1b74de1b59db63c8b54d9aa - - default default] Successfully bumped revision number for resource 0f115b07-dd3c-418d-ac4f-f99b27f9780b (type: security_group_rules) to 0
2026-04-16 17:57:38.613 7 INFO neutron.db.ovn_revision_numbers_db [None req-bac1dd4f-7fe0-4bf5-9b9c-647dbc244abd 446dcdcc1a5145fd9a18c49e9eb0c00d a3ab715fa1b74de1b59db63c8b54d9aa - - default default] Successfully bumped revision number for resource 1d68b457-f072-4227-8845-d8345867a17b (type: security_group_rules) to 0
2026-04-16 17:57:38.641 7 INFO neutron.db.ovn_revision_numbers_db [None req-bac1dd4f-7fe0-4bf5-9b9c-647dbc244abd 446dcdcc1a5145fd9a18c49e9eb0c00d a3ab715fa1b74de1b59db63c8b54d9aa - - default default] Successfully bumped revision number for resource 64e78492-6576-40d2-94c4-8bcc8ea8a90e (type: security_group_rules) to 0
2026-04-16 17:57:38.660 7 INFO neutron.db.ovn_revision_numbers_db [None req-bac1dd4f-7fe0-4bf5-9b9c-647dbc244abd 446dcdcc1a5145fd9a18c49e9eb0c00d a3ab715fa1b74de1b59db63c8b54d9aa - - default default] Successfully bumped revision number for resource 94ce7a8a-94d0-491b-96a6-6e07c9d6d2e5 (type: security_group_rules) to 0 [pid: 7|app: 0|req: 389/762] 10.0.0.153 () {32 vars in 774 bytes} [Thu Apr 16 17:57:38 2026] GET /v2.0/security-groups?tenant_id=7640456e240b4c21b8ea152b3dbc6f2e&name=default => generated 2925 bytes in 581 msecs (HTTP/1.1 200) 4 headers in 158 bytes (1 switches on core 0)
2026-04-16 17:57:38.838 8 WARNING neutron.scheduler.dhcp_agent_scheduler [None req-95d7d96a-fb0c-4070-8a27-9eddcaf6e159 446dcdcc1a5145fd9a18c49e9eb0c00d a3ab715fa1b74de1b59db63c8b54d9aa - - default default] No more DHCP agents
2026-04-16 17:57:38.846 8 WARNING neutron.api.rpc.agentnotifiers.dhcp_rpc_agent_api [None req-95d7d96a-fb0c-4070-8a27-9eddcaf6e159 446dcdcc1a5145fd9a18c49e9eb0c00d a3ab715fa1b74de1b59db63c8b54d9aa - - default default] Unable to schedule network 314be949-6f91-44c0-9d1a-0b84182c1a37: no agents available; will retry on subsequent port and subnet creation events.
2026-04-16 17:57:39.116 7 INFO neutron.plugins.ml2.drivers.ovn.mech_driver.mech_driver [None req-545513df-869b-4089-80eb-c024b6accad7 - - - - - -] OVN reports status down for port: df9eef66-1c12-47ef-bb64-d4c3ade8bb58
2026-04-16 17:57:39.126 7 INFO neutron.db.ovn_revision_numbers_db [None req-6f8e08ff-a42e-4211-88f6-4728f64937a9 - - - - - -] Successfully bumped revision number for resource 55a660be-9ee2-4f47-83f4-2b8d7d26ff2f (type: ports) to 4
2026-04-16 17:57:39.138 8 INFO neutron.db.ovn_revision_numbers_db [None req-95d7d96a-fb0c-4070-8a27-9eddcaf6e159 446dcdcc1a5145fd9a18c49e9eb0c00d a3ab715fa1b74de1b59db63c8b54d9aa - - default default] Successfully bumped revision number for resource df9eef66-1c12-47ef-bb64-d4c3ade8bb58 (type: ports) to 1
2026-04-16 17:57:39.306 8 INFO neutron.db.ovn_revision_numbers_db [None req-a5bb552e-3cab-4a52-8cc2-c5fc513d37ed - - - - - -] Successfully bumped revision number for resource 1062efc6-4494-4322-b9b3-08d3eba49514 (type: ports) to 4
2026-04-16 17:57:39.718 7 WARNING neutron.scheduler.dhcp_agent_scheduler [None req-829e673a-5bc1-4783-9b96-c837fe27b597 446dcdcc1a5145fd9a18c49e9eb0c00d a3ab715fa1b74de1b59db63c8b54d9aa - - default default] No more DHCP agents
2026-04-16 17:57:39.720 7 WARNING neutron.api.rpc.agentnotifiers.dhcp_rpc_agent_api [None req-829e673a-5bc1-4783-9b96-c837fe27b597 446dcdcc1a5145fd9a18c49e9eb0c00d a3ab715fa1b74de1b59db63c8b54d9aa - - default default] Unable to schedule network 6331da0f-7bd5-4223-a77f-18d3e1041597: no agents available; will retry on subsequent port and subnet creation events.
2026-04-16 17:57:39.868 7 INFO neutron.db.ovn_revision_numbers_db [None req-6f8e08ff-a42e-4211-88f6-4728f64937a9 - - - - - -] Successfully bumped revision number for resource 55a660be-9ee2-4f47-83f4-2b8d7d26ff2f (type: ports) to 5
2026-04-16 17:57:39.993 7 INFO neutron.db.ovn_revision_numbers_db [None req-829e673a-5bc1-4783-9b96-c837fe27b597 446dcdcc1a5145fd9a18c49e9eb0c00d a3ab715fa1b74de1b59db63c8b54d9aa - - default default] Successfully bumped revision number for resource a994949e-49ee-472e-870c-2de77863d85a (type: ports) to 1
2026-04-16 17:57:40.032 8 INFO neutron.db.ovn_revision_numbers_db [None req-a5bb552e-3cab-4a52-8cc2-c5fc513d37ed - - - - - -] Successfully bumped revision number for resource 1062efc6-4494-4322-b9b3-08d3eba49514 (type: ports) to 5
2026-04-16 17:57:40.311 7 INFO neutron.plugins.ml2.drivers.ovn.mech_driver.mech_driver [None req-545513df-869b-4089-80eb-c024b6accad7 - - - - - -] OVN reports status up for port: df9eef66-1c12-47ef-bb64-d4c3ade8bb58
2026-04-16 17:57:40.345 7 INFO neutron.plugins.ml2.plugin [None req-545513df-869b-4089-80eb-c024b6accad7 - - - - - -] Attempt 1 to provision port df9eef66-1c12-47ef-bb64-d4c3ade8bb58
2026-04-16 17:57:40.361 8 WARNING neutron.scheduler.dhcp_agent_scheduler [None req-95d7d96a-fb0c-4070-8a27-9eddcaf6e159 446dcdcc1a5145fd9a18c49e9eb0c00d a3ab715fa1b74de1b59db63c8b54d9aa - - default default] No more DHCP agents
2026-04-16 17:57:40.362 8 WARNING neutron.api.rpc.agentnotifiers.dhcp_rpc_agent_api [None req-95d7d96a-fb0c-4070-8a27-9eddcaf6e159 446dcdcc1a5145fd9a18c49e9eb0c00d a3ab715fa1b74de1b59db63c8b54d9aa - - default default] Unable to schedule network 314be949-6f91-44c0-9d1a-0b84182c1a37: no agents available; will retry on subsequent port and subnet creation events.
2026-04-16 17:57:40.673 8 INFO neutron.plugins.ml2.drivers.ovn.mech_driver.mech_driver [None req-ab545f55-5f32-4069-a28e-035b066e239f - - - - - -] OVN reports status up for port: 55a660be-9ee2-4f47-83f4-2b8d7d26ff2f
2026-04-16 17:57:40.695 8 INFO neutron.plugins.ml2.plugin [None req-ab545f55-5f32-4069-a28e-035b066e239f - - - - - -] Attempt 1 to provision port 55a660be-9ee2-4f47-83f4-2b8d7d26ff2f
2026-04-16 17:57:40.826 8 INFO neutron.plugins.ml2.drivers.ovn.mech_driver.mech_driver [None req-ab545f55-5f32-4069-a28e-035b066e239f - - - - - -] OVN reports status down for port: a994949e-49ee-472e-870c-2de77863d85a
2026-04-16 17:57:40.893 8 INFO neutron.db.ovn_revision_numbers_db [None req-95d7d96a-fb0c-4070-8a27-9eddcaf6e159 446dcdcc1a5145fd9a18c49e9eb0c00d a3ab715fa1b74de1b59db63c8b54d9aa - - default default] Successfully bumped revision number for resource df9eef66-1c12-47ef-bb64-d4c3ade8bb58 (type: router_ports) to 1 [pid: 8|app: 0|req: 374/763] 10.0.0.153 () {34 vars in 783 bytes} [Thu Apr 16 17:57:38 2026] PUT /v2.0/routers/84a7acf6-a588-4ba7-a9b3-5df01e8ed5fe/add_router_interface => generated 309 bytes in 2903 msecs (HTTP/1.1 200) 4 headers in 157 bytes (1 switches on core 0)
2026-04-16 17:57:40.989 8 WARNING neutron.plugins.ml2.drivers.ovn.mech_driver.ovsdb.ovn_client [None req-ab545f55-5f32-4069-a28e-035b066e239f - - - - - -] Logical_Switch_Port %s host information not removed, the port state is up
2026-04-16 17:57:40.990 8 INFO neutron.plugins.ml2.drivers.ovn.mech_driver.mech_driver [None req-ab545f55-5f32-4069-a28e-035b066e239f - - - - - -] OVN reports status up for port: a994949e-49ee-472e-870c-2de77863d85a [pid: 8|app: 0|req: 375/764] 10.0.0.198 () {34 vars in 1040 bytes} [Thu Apr 16 17:57:40 2026] GET /v2.0/security-groups?id=52c7eb64-94d4-4f9e-8067-f7e5c7ab5b10&fields=id&fields=name => generated 114 bytes in 85 msecs (HTTP/1.1 200) 4 headers in 157 bytes (1 switches on core 0)
2026-04-16 17:57:41.046 8 INFO neutron.plugins.ml2.plugin [None req-ab545f55-5f32-4069-a28e-035b066e239f - - - - - -] Attempt 1 to provision port a994949e-49ee-472e-870c-2de77863d85a
2026-04-16 17:57:41.122 7 WARNING neutron.scheduler.dhcp_agent_scheduler [None req-829e673a-5bc1-4783-9b96-c837fe27b597 446dcdcc1a5145fd9a18c49e9eb0c00d a3ab715fa1b74de1b59db63c8b54d9aa - - default default] No more DHCP agents
2026-04-16 17:57:41.125 7 WARNING neutron.api.rpc.agentnotifiers.dhcp_rpc_agent_api [None req-829e673a-5bc1-4783-9b96-c837fe27b597 446dcdcc1a5145fd9a18c49e9eb0c00d a3ab715fa1b74de1b59db63c8b54d9aa - - default default] Unable to schedule network 6331da0f-7bd5-4223-a77f-18d3e1041597: no agents available; will retry on subsequent port and subnet creation events. [pid: 8|app: 0|req: 376/765] 199.204.45.233 () {34 vars in 1012 bytes} [Thu Apr 16 17:57:41 2026] GET /v2.0/networks/42bcb3e1-8067-48b3-b59e-0455b8fd1d6f?fields=segments => generated 14 bytes in 132 msecs (HTTP/1.1 200) 4 headers in 156 bytes (1 switches on core 0)
2026-04-16 17:57:41.140 7 INFO neutron.db.ovn_revision_numbers_db [None req-545513df-869b-4089-80eb-c024b6accad7 - - - - - -] Successfully bumped revision number for resource df9eef66-1c12-47ef-bb64-d4c3ade8bb58 (type: ports) to 2
2026-04-16 17:57:41.663 7 INFO neutron.db.ovn_revision_numbers_db [None req-829e673a-5bc1-4783-9b96-c837fe27b597 446dcdcc1a5145fd9a18c49e9eb0c00d a3ab715fa1b74de1b59db63c8b54d9aa - - default default] Successfully bumped revision number for resource a994949e-49ee-472e-870c-2de77863d85a (type: router_ports) to 1 [pid: 7|app: 0|req: 390/766] 10.0.0.153 () {34 vars in 783 bytes} [Thu Apr 16 17:57:38 2026] PUT /v2.0/routers/984c1432-e72f-4ec8-a9c2-b959fcd78ba1/add_router_interface => generated 309 bytes in 2951 msecs (HTTP/1.1 200) 4 headers in 157 bytes (1 switches on core 0) [pid: 7|app: 0|req: 391/767] 199.204.45.233 () {34 vars in 1112 bytes} [Thu Apr 16 17:57:41 2026] GET /v2.0/networks/42bcb3e1-8067-48b3-b59e-0455b8fd1d6f?fields=provider%3Aphysical_network&fields=provider%3Anetwork_type => generated 79 bytes in 44 msecs (HTTP/1.1 200) 4 headers in 156 bytes (1 switches on core 0)
2026-04-16 17:57:42.198 7 INFO neutron.db.ovn_revision_numbers_db [None req-75e9b5ad-f056-4db2-b0ba-7ed600571d8f 0ee14cefca6a4e89884dfaabeb9ab0a4 7b5169c9db1d4c7ea0ae485be315c975 - - default default] Successfully bumped revision number for resource ed3bcfd6-2075-4420-83b9-c828abe3d674 (type: security_groups) to 1
2026-04-16 17:57:42.209 7 INFO neutron.db.ovn_revision_numbers_db [None req-75e9b5ad-f056-4db2-b0ba-7ed600571d8f 0ee14cefca6a4e89884dfaabeb9ab0a4 7b5169c9db1d4c7ea0ae485be315c975 - - default default] Successfully bumped revision number for resource cee583e0-836e-4a98-82b1-36456d1f82bb (type: security_group_rules) to 0
2026-04-16 17:57:42.225 7 INFO neutron.db.ovn_revision_numbers_db [None req-75e9b5ad-f056-4db2-b0ba-7ed600571d8f 0ee14cefca6a4e89884dfaabeb9ab0a4 7b5169c9db1d4c7ea0ae485be315c975 - - default default] Successfully bumped revision number for resource f95c10d4-5fe5-4daf-bab3-aaf6a0b0781f (type: security_group_rules) to 0 [pid: 7|app: 0|req: 392/768] 10.0.0.153 () {34 vars in 685 bytes} [Thu Apr 16 17:57:41 2026] POST /v2.0/security-groups => generated 1660 bytes in 559 msecs (HTTP/1.1 201) 4 headers in 163 bytes (1 switches on core 0) [pid: 8|app: 0|req: 377/769] 10.0.0.153 () {32 vars in 740 bytes} [Thu Apr 16 17:57:41 2026] DELETE /v2.0/security-groups/ad747882-7840-4419-89b5-d487e2eb169f => generated 0 bytes in 1161 msecs (HTTP/1.1 204) 2 headers in 112 bytes (1 switches on core 0) [pid: 7|app: 0|req: 393/770] 10.0.0.198 () {34 vars in 990 bytes} [Thu Apr 16 17:57:42 2026] GET /v2.0/ports?device_id=a6e1b99b-e575-48b8-b27a-739501c530bd => generated 969 bytes in 43 msecs (HTTP/1.1 200) 4 headers in 157 bytes (1 switches on core 0)
2026-04-16 17:57:42.470 7 INFO neutron.db.ovn_revision_numbers_db [None req-a0341e07-0adb-49c2-a00d-0e301685ba6d 0ee14cefca6a4e89884dfaabeb9ab0a4 7b5169c9db1d4c7ea0ae485be315c975 - - default default] Successfully bumped revision number for resource c79c23f8-eb0c-4ee1-9586-ee8a9f4e8f69 (type: security_group_rules) to 0
2026-04-16 17:57:42.507 8 INFO neutron.db.ovn_revision_numbers_db [None req-ab545f55-5f32-4069-a28e-035b066e239f - - - - - -] Successfully bumped revision number for resource a994949e-49ee-472e-870c-2de77863d85a (type: ports) to 2 [pid: 7|app: 0|req: 394/771] 10.0.0.153 () {34 vars in 695 bytes} [Thu Apr 16 17:57:42 2026] POST /v2.0/security-group-rules => generated 597 bytes in 195 msecs (HTTP/1.1 201) 4 headers in 162 bytes (1 switches on core 0)
2026-04-16 17:57:42.535 8 INFO neutron.db.ovn_revision_numbers_db [None req-58384091-e4d2-4b83-b06d-22086a81a90e 0b1756ea06004e559234a83d36b3ef93 297baad859f949008d8c0cfa684a3069 - - default default] Successfully bumped revision number for resource 8501f95f-49b4-44d0-9eec-083ed0b7fda1 (type: security_groups) to 1 [pid: 7|app: 0|req: 395/772] 10.0.0.198 () {34 vars in 1040 bytes} [Thu Apr 16 17:57:42 2026] GET /v2.0/security-groups?id=52c7eb64-94d4-4f9e-8067-f7e5c7ab5b10&fields=id&fields=name => generated 114 bytes in 39 msecs (HTTP/1.1 200) 4 headers in 157 bytes (1 switches on core 0)
2026-04-16 17:57:42.566 8 INFO neutron.db.ovn_revision_numbers_db [None req-58384091-e4d2-4b83-b06d-22086a81a90e 0b1756ea06004e559234a83d36b3ef93 297baad859f949008d8c0cfa684a3069 - - default default] Successfully bumped revision number for resource 0708e457-2d39-47af-840b-3cb6e96ed76a (type: security_group_rules) to 0
2026-04-16 17:57:42.590 8 INFO neutron.db.ovn_revision_numbers_db [None req-58384091-e4d2-4b83-b06d-22086a81a90e 0b1756ea06004e559234a83d36b3ef93 297baad859f949008d8c0cfa684a3069 - - default default] Successfully bumped revision number for resource 38197ac7-43e4-474d-ab2c-362a1e577a80 (type: security_group_rules) to 0 [pid: 8|app: 0|req: 378/773] 10.0.0.153 () {34 vars in 685 bytes} [Thu Apr 16 17:57:42 2026] POST /v2.0/security-groups => generated 1660 bytes in 371 msecs (HTTP/1.1 201) 4 headers in 163 bytes (1 switches on core 0)
2026-04-16 17:57:42.720 7 INFO neutron.db.ovn_revision_numbers_db [None req-e7521b62-4e92-49ea-aa52-156734a6aa3f 0ee14cefca6a4e89884dfaabeb9ab0a4 7b5169c9db1d4c7ea0ae485be315c975 - - default default] Successfully bumped revision number for resource 8ec1ee67-04ff-4eec-8e62-2fbf5ac16edd (type: security_group_rules) to 0 [pid: 7|app: 0|req: 396/774] 10.0.0.153 () {34 vars in 695 bytes} [Thu Apr 16 17:57:42 2026] POST /v2.0/security-group-rules => generated 602 bytes in 199 msecs (HTTP/1.1 201) 4 headers in 162 bytes (1 switches on core 0) [pid: 7|app: 0|req: 397/775] 199.204.45.233 () {34 vars in 1080 bytes} [Thu Apr 16 17:57:42 2026] GET /v2.0/ports?tenant_id=4e51df66e9b84accbbaf99058410ae4e&device_id=a6e1b99b-e575-48b8-b27a-739501c530bd => generated 1207 bytes in 57 msecs (HTTP/1.1 200) 4 headers in 158 bytes (1 switches on core 0)
2026-04-16 17:57:42.815 8 INFO neutron.db.ovn_revision_numbers_db [None req-10109aab-50fe-404e-86b5-acd11686d10b 0b1756ea06004e559234a83d36b3ef93 297baad859f949008d8c0cfa684a3069 - - default default] Successfully bumped revision number for resource 6c7051c8-2607-497a-b2c9-e3d7319ef8d7 (type: security_group_rules) to 0 [pid: 8|app: 0|req: 379/776] 10.0.0.153 () {34 vars in 695 bytes} [Thu Apr 16 17:57:42 2026] POST /v2.0/security-group-rules => generated 597 bytes in 177 msecs (HTTP/1.1 201) 4 headers in 162 bytes (1 switches on core 0)
2026-04-16 17:57:42.984 8 INFO neutron.db.ovn_revision_numbers_db [None req-46050a6d-52b0-4139-a4ef-73d0010d2d66 0b1756ea06004e559234a83d36b3ef93 297baad859f949008d8c0cfa684a3069 - - default default] Successfully bumped revision number for resource 178e17f5-d521-4ce0-8cfa-6c5876a6a724 (type: security_group_rules) to 0 [pid: 8|app: 0|req: 380/777] 10.0.0.153 () {34 vars in 695 bytes} [Thu Apr 16 17:57:42 2026] POST /v2.0/security-group-rules => generated 602 bytes in 152 msecs (HTTP/1.1 201) 4 headers in 162 bytes (1 switches on core 0) [pid: 8|app: 0|req: 381/778] 199.204.45.233 () {34 vars in 986 bytes} [Thu Apr 16 17:57:43 2026] GET /v2.0/networks?id=42bcb3e1-8067-48b3-b59e-0455b8fd1d6f => generated 811 bytes in 49 msecs (HTTP/1.1 200) 4 headers in 157 bytes (1 switches on core 0)
2026-04-16 17:57:43.309 8 WARNING neutron.scheduler.dhcp_agent_scheduler [None req-8eff8f6d-a5a8-494e-9c5a-1bce02c76210 0b1756ea06004e559234a83d36b3ef93 297baad859f949008d8c0cfa684a3069 - - default default] No more DHCP agents
2026-04-16 17:57:43.310 8 WARNING neutron.api.rpc.agentnotifiers.dhcp_rpc_agent_api [None req-8eff8f6d-a5a8-494e-9c5a-1bce02c76210 0b1756ea06004e559234a83d36b3ef93 297baad859f949008d8c0cfa684a3069 - - default default] Unable to schedule network c79aa035-9633-43b0-b4f2-f92f1289b70a: no agents available; will retry on subsequent port and subnet creation events.
2026-04-16 17:57:43.562 7 WARNING neutron.scheduler.dhcp_agent_scheduler [None req-13617ab1-4fe2-43f3-b0d1-0aeec7d94ab2 0ee14cefca6a4e89884dfaabeb9ab0a4 7b5169c9db1d4c7ea0ae485be315c975 - - default default] No more DHCP agents
2026-04-16 17:57:43.563 7 WARNING neutron.api.rpc.agentnotifiers.dhcp_rpc_agent_api [None req-13617ab1-4fe2-43f3-b0d1-0aeec7d94ab2 0ee14cefca6a4e89884dfaabeb9ab0a4 7b5169c9db1d4c7ea0ae485be315c975 - - default default] Unable to schedule network c79aa035-9633-43b0-b4f2-f92f1289b70a: no agents available; will retry on subsequent port and subnet creation events. [pid: 8|app: 0|req: 382/779] 10.0.0.153 () {34 vars in 676 bytes} [Thu Apr 16 17:57:43 2026] POST /v2.0/floatingips => generated 552 bytes in 558 msecs (HTTP/1.1 201) 4 headers in 162 bytes (1 switches on core 0) [pid: 8|app: 0|req: 383/780] 199.204.45.233 () {34 vars in 1058 bytes} [Thu Apr 16 17:57:43 2026] GET /v2.0/floatingips?fixed_ip_address=10.100.0.3&port_id=7be36c29-3817-42fc-8fbb-990457f0128e => generated 19 bytes in 38 msecs (HTTP/1.1 200) 4 headers in 156 bytes (1 switches on core 0) [pid: 8|app: 0|req: 384/781] 10.0.0.198 () {34 vars in 990 bytes} [Thu Apr 16 17:57:43 2026] GET /v2.0/ports?device_id=a6e1b99b-e575-48b8-b27a-739501c530bd => generated 969 bytes in 69 msecs (HTTP/1.1 200) 4 headers in 157 bytes (1 switches on core 0) [pid: 8|app: 0|req: 385/782] 199.204.45.233 () {34 vars in 984 bytes} [Thu Apr 16 17:57:43 2026] GET /v2.0/subnets?id=6a091fc2-c880-4f6b-b6cc-01e631a78f75 => generated 693 bytes in 29 msecs (HTTP/1.1 200) 4 headers in 157 bytes (1 switches on core 0) [pid: 8|app: 0|req: 386/783] 10.0.0.198 () {34 vars in 1040 bytes} [Thu Apr 16 17:57:43 2026] GET /v2.0/security-groups?id=52c7eb64-94d4-4f9e-8067-f7e5c7ab5b10&fields=id&fields=name => generated 114 bytes in 31 msecs (HTTP/1.1 200) 4 headers in 157 bytes (1 switches on core 0) [pid: 8|app: 0|req: 387/784] 199.204.45.233 () {34 vars in 1052 bytes} [Thu Apr 16 17:57:43 2026] GET /v2.0/ports?network_id=42bcb3e1-8067-48b3-b59e-0455b8fd1d6f&device_owner=network%3Adhcp => generated 12 bytes in 32 msecs (HTTP/1.1 200) 4 headers in 156 bytes (1 switches on core 0) [pid: 8|app: 0|req: 388/785] 199.204.45.233 () {34 vars in 1012 bytes} [Thu Apr 16 17:57:43 2026] GET /v2.0/networks/42bcb3e1-8067-48b3-b59e-0455b8fd1d6f?fields=segments => generated 14 bytes in 39 msecs (HTTP/1.1 200) 4 headers in 156 bytes (1 switches on core 0) [pid: 7|app: 0|req: 398/786] 10.0.0.153 () {34 vars in 676 bytes} [Thu Apr 16 17:57:42 2026] POST /v2.0/floatingips => generated 552 bytes in 1090 msecs (HTTP/1.1 201) 4 headers in 162 bytes (1 switches on core 0) [pid: 8|app: 0|req: 389/787] 199.204.45.233 () {34 vars in 1112 bytes} [Thu Apr 16 17:57:43 2026] GET /v2.0/networks/42bcb3e1-8067-48b3-b59e-0455b8fd1d6f?fields=provider%3Aphysical_network&fields=provider%3Anetwork_type => generated 79 bytes in 44 msecs (HTTP/1.1 200) 4 headers in 156 bytes (1 switches on core 0) [pid: 8|app: 0|req: 390/788] 10.0.0.198 () {34 vars in 1098 bytes} [Thu Apr 16 17:57:44 2026] GET /v2.0/security-groups?name=tempest-securitygroup--423182830&fields=id&tenant_id=297baad859f949008d8c0cfa684a3069 => generated 69 bytes in 41 msecs (HTTP/1.1 200) 4 headers in 156 bytes (1 switches on core 0) [pid: 8|app: 0|req: 391/789] 10.0.0.198 () {34 vars in 982 bytes} [Thu Apr 16 17:57:44 2026] GET /v2.0/networks?id=6331da0f-7bd5-4223-a77f-18d3e1041597 => generated 721 bytes in 51 msecs (HTTP/1.1 200) 4 headers in 157 bytes (1 switches on core 0) [pid: 8|app: 0|req: 392/790] 10.0.0.198 () {34 vars in 965 bytes} [Thu Apr 16 17:57:44 2026] GET /v2.0/quotas/297baad859f949008d8c0cfa684a3069 => generated 292 bytes in 18 msecs (HTTP/1.1 200) 4 headers in 157 bytes (1 switches on core 0)
2026-04-16 17:57:44.398 7 INFO neutron.db.ovn_revision_numbers_db [None req-d7a19707-d436-4eee-b7cb-860ecfc3198f 3bf79850623a470296867dd00fc26023 b9e25cb17bfc46e59386cc789b047276 - - default default] Successfully bumped revision number for resource e384ed58-886b-462a-b669-62f8b52ef2a5 (type: security_groups) to 1
2026-04-16 17:57:44.413 7 INFO neutron.db.ovn_revision_numbers_db [None req-d7a19707-d436-4eee-b7cb-860ecfc3198f 3bf79850623a470296867dd00fc26023 b9e25cb17bfc46e59386cc789b047276 - - default default] Successfully bumped revision number for resource 2696d5f5-f4b7-4c56-a273-1aa8a85e1f1c (type: security_group_rules) to 0
2026-04-16 17:57:44.422 7 INFO neutron.db.ovn_revision_numbers_db [None req-d7a19707-d436-4eee-b7cb-860ecfc3198f 3bf79850623a470296867dd00fc26023 b9e25cb17bfc46e59386cc789b047276 - - default default] Successfully bumped revision number for resource 45d7b4a6-d672-460b-a4ec-9a1556628e52 (type: security_group_rules) to 0 [pid: 8|app: 0|req: 393/791] 10.0.0.198 () {34 vars in 1002 bytes} [Thu Apr 16 17:57:44 2026] GET /v2.0/ports?tenant_id=297baad859f949008d8c0cfa684a3069&fields=id => generated 103 bytes in 133 msecs (HTTP/1.1 200) 4 headers in 157 bytes (1 switches on core 0)
2026-04-16 17:57:44.434 7 INFO neutron.db.ovn_revision_numbers_db [None req-d7a19707-d436-4eee-b7cb-860ecfc3198f 3bf79850623a470296867dd00fc26023 b9e25cb17bfc46e59386cc789b047276 - - default default] Successfully bumped revision number for resource 7357aded-a6c6-41bb-ab91-dde3b0fc0f9c (type: security_group_rules) to 0
2026-04-16 17:57:44.450 7 INFO neutron.db.ovn_revision_numbers_db [None req-d7a19707-d436-4eee-b7cb-860ecfc3198f 3bf79850623a470296867dd00fc26023 b9e25cb17bfc46e59386cc789b047276 - - default default] Successfully bumped revision number for resource 9f5a71fb-df1a-4ce8-9d8d-8e842863ae40 (type: security_group_rules) to 0 [pid: 8|app: 0|req: 394/792] 10.0.0.198 () {34 vars in 1098 bytes} [Thu Apr 16 17:57:44 2026] GET /v2.0/security-groups?name=tempest-securitygroup--558822341&fields=id&tenant_id=7b5169c9db1d4c7ea0ae485be315c975 => generated 69 bytes in 34 msecs (HTTP/1.1 200) 4 headers in 156 bytes (1 switches on core 0) [pid: 8|app: 0|req: 395/793] 10.0.0.198 () {34 vars in 1008 bytes} [Thu Apr 16 17:57:44 2026] GET /v2.0/networks/6331da0f-7bd5-4223-a77f-18d3e1041597?fields=segments => generated 14 bytes in 39 msecs (HTTP/1.1 200) 4 headers in 156 bytes (1 switches on core 0)
2026-04-16 17:57:44.542 7 INFO neutron.db.segments_db [None req-d7a19707-d436-4eee-b7cb-860ecfc3198f 3bf79850623a470296867dd00fc26023 b9e25cb17bfc46e59386cc789b047276 - - default default] Added segment 301f8049-9fda-4915-bd1d-fbc11a301dc9 of type geneve for network 859ff2f5-6368-4254-b55d-1a85c7ffb6fd [pid: 8|app: 0|req: 396/794] 10.0.0.198 () {34 vars in 982 bytes} [Thu Apr 16 17:57:44 2026] GET /v2.0/networks?id=314be949-6f91-44c0-9d1a-0b84182c1a37 => generated 708 bytes in 44 msecs (HTTP/1.1 200) 4 headers in 157 bytes (1 switches on core 0) [pid: 8|app: 0|req: 397/795] 10.0.0.198 () {34 vars in 1108 bytes} [Thu Apr 16 17:57:44 2026] GET /v2.0/networks/6331da0f-7bd5-4223-a77f-18d3e1041597?fields=provider%3Aphysical_network&fields=provider%3Anetwork_type => generated 79 bytes in 38 msecs (HTTP/1.1 200) 4 headers in 156 bytes (1 switches on core 0) [pid: 8|app: 0|req: 398/796] 10.0.0.198 () {34 vars in 965 bytes} [Thu Apr 16 17:57:44 2026] GET /v2.0/quotas/7b5169c9db1d4c7ea0ae485be315c975 => generated 292 bytes in 8 msecs (HTTP/1.1 200) 4 headers in 157 bytes (1 switches on core 0)
2026-04-16 17:57:44.645 7 INFO neutron.db.segments_db [None req-d7a19707-d436-4eee-b7cb-860ecfc3198f 3bf79850623a470296867dd00fc26023 b9e25cb17bfc46e59386cc789b047276 - - default default] Added segment b8f352f5-a2a3-4b20-a430-08a4b0788042 of type geneve for network 56bb3cc2-05a0-4003-8020-5c3a987717d1 [pid: 8|app: 0|req: 399/797] 10.0.0.198 () {34 vars in 1002 bytes} [Thu Apr 16 17:57:44 2026] GET /v2.0/ports?tenant_id=7b5169c9db1d4c7ea0ae485be315c975&fields=id => generated 103 bytes in 80 msecs (HTTP/1.1 200) 4 headers in 157 bytes (1 switches on core 0) [pid: 8|app: 0|req: 400/798] 10.0.0.198 () {34 vars in 990 bytes} [Thu Apr 16 17:57:44 2026] GET /v2.0/ports?device_id=12a98c20-2ea5-495f-8bac-93de0ca819df => generated 12 bytes in 20 msecs (HTTP/1.1 200) 4 headers in 156 bytes (1 switches on core 0)
2026-04-16 17:57:44.793 7 INFO neutron.db.ovn_revision_numbers_db [None req-d7a19707-d436-4eee-b7cb-860ecfc3198f 3bf79850623a470296867dd00fc26023 b9e25cb17bfc46e59386cc789b047276 - - default default] Successfully bumped revision number for resource 859ff2f5-6368-4254-b55d-1a85c7ffb6fd (type: networks) to 1 [pid: 8|app: 0|req: 401/799] 10.0.0.198 () {34 vars in 990 bytes} [Thu Apr 16 17:57:44 2026] GET /v2.0/ports?device_id=a6e1b99b-e575-48b8-b27a-739501c530bd => generated 969 bytes in 39 msecs (HTTP/1.1 200) 4 headers in 157 bytes (1 switches on core 0) [pid: 8|app: 0|req: 402/800] 10.0.0.198 () {34 vars in 1040 bytes} [Thu Apr 16 17:57:44 2026] GET /v2.0/security-groups?id=52c7eb64-94d4-4f9e-8067-f7e5c7ab5b10&fields=id&fields=name => generated 114 bytes in 36 msecs (HTTP/1.1 200) 4 headers in 157 bytes (1 switches on core 0)
