2026-06-25 23:40:28.671 8 INFO neutron.db.ovn_revision_numbers_db [None req-afad1f3b-cc58-46be-985c-8f22ee58f1af b56c4335ae8c41309411eb3a90c65c2c 3372b0a5315e46b58ced221fcb61f3ef - - default default] Successfully bumped revision number for resource 890654f4-3472-4895-aa4e-1e25458a8118 (type: security_group_rules) to 0
2026-06-25 23:40:28.746 8 INFO neutron.db.segments_db [None req-afad1f3b-cc58-46be-985c-8f22ee58f1af b56c4335ae8c41309411eb3a90c65c2c 3372b0a5315e46b58ced221fcb61f3ef - - default default] Added segment 85753820-4536-4cec-9f0f-94be63457ad0 of type geneve for network 920a448f-5134-4ecb-b881-684bda08cb27
2026-06-25 23:40:28.805 7 INFO neutron.db.ovn_revision_numbers_db [None req-94c7ba1e-740b-4847-8539-4cc3ad4db311 b56c4335ae8c41309411eb3a90c65c2c 3372b0a5315e46b58ced221fcb61f3ef - - default default] Successfully bumped revision number for resource 7209decb-8ef0-4365-a684-76daf0a92ae1 (type: security_groups) to 1
2026-06-25 23:40:28.818 7 INFO neutron.db.ovn_revision_numbers_db [None req-94c7ba1e-740b-4847-8539-4cc3ad4db311 b56c4335ae8c41309411eb3a90c65c2c 3372b0a5315e46b58ced221fcb61f3ef - - default default] Successfully bumped revision number for resource 03b250a2-0247-4ea6-8a14-c1a97ccd9a5b (type: security_group_rules) to 0
2026-06-25 23:40:28.833 7 INFO neutron.db.ovn_revision_numbers_db [None req-94c7ba1e-740b-4847-8539-4cc3ad4db311 b56c4335ae8c41309411eb3a90c65c2c 3372b0a5315e46b58ced221fcb61f3ef - - default default] Successfully bumped revision number for resource 13e284b6-1d88-4faf-b04f-7ca72ffb1a96 (type: security_group_rules) to 0
2026-06-25 23:40:28.851 7 INFO neutron.db.ovn_revision_numbers_db [None req-94c7ba1e-740b-4847-8539-4cc3ad4db311 b56c4335ae8c41309411eb3a90c65c2c 3372b0a5315e46b58ced221fcb61f3ef - - default default] Successfully bumped revision number for resource 2ba36001-67d8-4cbf-b237-882ee7880c0f (type: security_group_rules) to 0
2026-06-25 23:40:28.868 7 INFO neutron.db.ovn_revision_numbers_db [None req-94c7ba1e-740b-4847-8539-4cc3ad4db311 b56c4335ae8c41309411eb3a90c65c2c 3372b0a5315e46b58ced221fcb61f3ef - - default default] Successfully bumped revision number for resource 92a6b3fc-edf0-45a6-aeb3-bc28b9a9f5ee (type: security_group_rules) to 0
2026-06-25 23:40:28.879 8 INFO neutron.db.ovn_revision_numbers_db [None req-afad1f3b-cc58-46be-985c-8f22ee58f1af b56c4335ae8c41309411eb3a90c65c2c 3372b0a5315e46b58ced221fcb61f3ef - - default default] Successfully bumped revision number for resource 920a448f-5134-4ecb-b881-684bda08cb27 (type: networks) to 1
2026-06-25 23:40:28.951 7 INFO neutron.db.segments_db [None req-94c7ba1e-740b-4847-8539-4cc3ad4db311 b56c4335ae8c41309411eb3a90c65c2c 3372b0a5315e46b58ced221fcb61f3ef - - default default] Added segment 7b494e3f-9745-49e0-b186-4f0211721dd3 of type geneve for network eea605e3-3edc-4ad4-927d-1bbdae75204f
2026-06-25 23:40:29.036 8 WARNING neutron.scheduler.dhcp_agent_scheduler [None req-afad1f3b-cc58-46be-985c-8f22ee58f1af b56c4335ae8c41309411eb3a90c65c2c 3372b0a5315e46b58ced221fcb61f3ef - - default default] No more DHCP agents
2026-06-25 23:40:29.039 8 WARNING neutron.api.rpc.agentnotifiers.dhcp_rpc_agent_api [None req-afad1f3b-cc58-46be-985c-8f22ee58f1af b56c4335ae8c41309411eb3a90c65c2c 3372b0a5315e46b58ced221fcb61f3ef - - default default] Unable to schedule network 920a448f-5134-4ecb-b881-684bda08cb27: no agents available; will retry on subsequent port and subnet creation events.
2026-06-25 23:40:29.066 7 INFO neutron.db.ovn_revision_numbers_db [None req-94c7ba1e-740b-4847-8539-4cc3ad4db311 b56c4335ae8c41309411eb3a90c65c2c 3372b0a5315e46b58ced221fcb61f3ef - - default default] Successfully bumped revision number for resource eea605e3-3edc-4ad4-927d-1bbdae75204f (type: networks) to 1
2026-06-25 23:40:29.113 8 INFO neutron.db.ovn_revision_numbers_db [None req-afad1f3b-cc58-46be-985c-8f22ee58f1af b56c4335ae8c41309411eb3a90c65c2c 3372b0a5315e46b58ced221fcb61f3ef - - default default] Successfully bumped revision number for resource 350cf630-61ad-46aa-81bc-a168a6415ac3 (type: ports) to 1
2026-06-25 23:40:29.118 7 INFO neutron.plugins.ml2.drivers.ovn.mech_driver.mech_driver [None req-bf4478cb-3269-4e5a-90c7-5c4beae52351 - - - - - -] OVN reports status down for port: 350cf630-61ad-46aa-81bc-a168a6415ac3 [pid: 8|app: 0|req: 646/1198] 10.0.0.211 () {34 vars in 671 bytes} [Thu Jun 25 23:40:28 2026] POST /v2.0/networks => generated 779 bytes in 871 msecs (HTTP/1.1 201) 4 headers in 162 bytes (1 switches on core 0) [pid: 8|app: 0|req: 647/1199] 10.0.0.227 () {34 vars in 990 bytes} [Thu Jun 25 23:40:29 2026] GET /v2.0/ports?device_id=204a8fac-5e8f-4a40-9add-2255fb9dfbfd => generated 969 bytes in 35 msecs (HTTP/1.1 200) 4 headers in 157 bytes (1 switches on core 0)
2026-06-25 23:40:29.286 8 WARNING neutron.scheduler.dhcp_agent_scheduler [None req-6ba7eb1f-ea45-4555-b811-5c03d483d999 b56c4335ae8c41309411eb3a90c65c2c 3372b0a5315e46b58ced221fcb61f3ef - - default default] No more DHCP agents
2026-06-25 23:40:29.289 8 WARNING neutron.api.rpc.agentnotifiers.dhcp_rpc_agent_api [None req-6ba7eb1f-ea45-4555-b811-5c03d483d999 b56c4335ae8c41309411eb3a90c65c2c 3372b0a5315e46b58ced221fcb61f3ef - - default default] Unable to schedule network 920a448f-5134-4ecb-b881-684bda08cb27: no agents available; will retry on subsequent port and subnet creation events.
2026-06-25 23:40:29.301 7 WARNING neutron.scheduler.dhcp_agent_scheduler [None req-94c7ba1e-740b-4847-8539-4cc3ad4db311 b56c4335ae8c41309411eb3a90c65c2c 3372b0a5315e46b58ced221fcb61f3ef - - default default] No more DHCP agents
2026-06-25 23:40:29.303 7 WARNING neutron.api.rpc.agentnotifiers.dhcp_rpc_agent_api [None req-94c7ba1e-740b-4847-8539-4cc3ad4db311 b56c4335ae8c41309411eb3a90c65c2c 3372b0a5315e46b58ced221fcb61f3ef - - default default] Unable to schedule network eea605e3-3edc-4ad4-927d-1bbdae75204f: no agents available; will retry on subsequent port and subnet creation events.
2026-06-25 23:40:29.354 7 INFO neutron.plugins.ml2.drivers.ovn.mech_driver.mech_driver [None req-bf4478cb-3269-4e5a-90c7-5c4beae52351 - - - - - -] OVN reports status down for port: 2372a8cb-453d-4813-af73-66bdaaaee048
2026-06-25 23:40:29.418 7 INFO neutron.db.ovn_revision_numbers_db [None req-94c7ba1e-740b-4847-8539-4cc3ad4db311 b56c4335ae8c41309411eb3a90c65c2c 3372b0a5315e46b58ced221fcb61f3ef - - default default] Successfully bumped revision number for resource 2372a8cb-453d-4813-af73-66bdaaaee048 (type: ports) to 1 [pid: 7|app: 0|req: 553/1200] 10.0.0.211 () {34 vars in 671 bytes} [Thu Jun 25 23:40:28 2026] POST /v2.0/networks => generated 782 bytes in 857 msecs (HTTP/1.1 201) 4 headers in 162 bytes (1 switches on core 0) [pid: 7|app: 0|req: 554/1201] 10.0.0.227 () {34 vars in 1040 bytes} [Thu Jun 25 23:40:29 2026] GET /v2.0/security-groups?id=f1dadf5c-cf0a-4c97-a7f8-53f9c2ed887b&fields=id&fields=name => generated 88 bytes in 48 msecs (HTTP/1.1 200) 4 headers in 156 bytes (1 switches on core 0)
2026-06-25 23:40:29.670 7 WARNING neutron.scheduler.dhcp_agent_scheduler [None req-3e4aba09-c94c-499e-af3d-a792564988d3 b56c4335ae8c41309411eb3a90c65c2c 3372b0a5315e46b58ced221fcb61f3ef - - default default] No more DHCP agents
2026-06-25 23:40:29.671 7 WARNING neutron.api.rpc.agentnotifiers.dhcp_rpc_agent_api [None req-3e4aba09-c94c-499e-af3d-a792564988d3 b56c4335ae8c41309411eb3a90c65c2c 3372b0a5315e46b58ced221fcb61f3ef - - default default] Unable to schedule network eea605e3-3edc-4ad4-927d-1bbdae75204f: no agents available; will retry on subsequent port and subnet creation events.
2026-06-25 23:40:29.811 8 INFO neutron.db.ovn_revision_numbers_db [None req-1fb6346e-710d-44b9-a3ae-7fc58f97449f - - - - - -] Successfully bumped revision number for resource 350cf630-61ad-46aa-81bc-a168a6415ac3 (type: ports) to 2
2026-06-25 23:40:29.856 8 INFO neutron.db.ovn_revision_numbers_db [None req-1fb6346e-710d-44b9-a3ae-7fc58f97449f - - - - - -] Successfully bumped revision number for resource 413ede51-ea6f-4bcc-8672-5420393c564f (type: subnets) to 0 [pid: 8|app: 0|req: 648/1202] 10.0.0.211 () {34 vars in 669 bytes} [Thu Jun 25 23:40:29 2026] POST /v2.0/subnets => generated 685 bytes in 702 msecs (HTTP/1.1 201) 4 headers in 162 bytes (1 switches on core 0)
2026-06-25 23:40:30.177 7 INFO neutron.plugins.ml2.drivers.ovn.mech_driver.mech_driver [None req-bf4478cb-3269-4e5a-90c7-5c4beae52351 - - - - - -] OVN reports status up for port: 1d7a29a4-3931-4834-94fb-d002e46ee42a
2026-06-25 23:40:30.203 7 INFO neutron.plugins.ml2.plugin [None req-bf4478cb-3269-4e5a-90c7-5c4beae52351 - - - - - -] Attempt 1 to provision port 1d7a29a4-3931-4834-94fb-d002e46ee42a
2026-06-25 23:40:30.328 7 INFO neutron.db.ovn_revision_numbers_db [None req-c56aa48c-3762-4d81-aa81-cb39acfc5070 - - - - - -] Successfully bumped revision number for resource 2372a8cb-453d-4813-af73-66bdaaaee048 (type: ports) to 2
2026-06-25 23:40:30.349 8 WARNING neutron.scheduler.dhcp_agent_scheduler [None req-169759d7-6b02-4146-bb6a-b0b7bf1f06c1 b56c4335ae8c41309411eb3a90c65c2c 3372b0a5315e46b58ced221fcb61f3ef - - default default] No more DHCP agents
2026-06-25 23:40:30.350 8 WARNING neutron.api.rpc.agentnotifiers.dhcp_rpc_agent_api [None req-169759d7-6b02-4146-bb6a-b0b7bf1f06c1 b56c4335ae8c41309411eb3a90c65c2c 3372b0a5315e46b58ced221fcb61f3ef - - default default] Unable to schedule network 13f79afb-a37d-4ee3-ad39-395ec46e1d70: no agents available; will retry on subsequent port and subnet creation events.
2026-06-25 23:40:30.405 7 INFO neutron.notifiers.nova [-] Nova event matching ['req-ba2cb419-658f-4590-9997-44d380e97d8e'] response: {'server_uuid': '204a8fac-5e8f-4a40-9add-2255fb9dfbfd', 'name': 'network-vif-plugged', 'status': 'completed', 'tag': '1d7a29a4-3931-4834-94fb-d002e46ee42a', 'code': 200}
2026-06-25 23:40:30.412 7 INFO neutron.db.ovn_revision_numbers_db [None req-c56aa48c-3762-4d81-aa81-cb39acfc5070 - - - - - -] Successfully bumped revision number for resource 8d0fe259-0127-4081-a551-bcb2e66c9dc6 (type: subnets) to 0 [pid: 7|app: 0|req: 555/1205] 10.0.0.211 () {34 vars in 669 bytes} [Thu Jun 25 23:40:29 2026] POST /v2.0/subnets => generated 688 bytes in 957 msecs (HTTP/1.1 201) 4 headers in 162 bytes (1 switches on core 0)
2026-06-25 23:40:30.482 8 INFO neutron.plugins.ml2.drivers.ovn.mech_driver.mech_driver [None req-4148901c-a717-4828-99bd-b556068c435a - - - - - -] OVN reports status down for port: 71e6c529-f44b-4241-b9fa-fd92135fb69e
2026-06-25 23:40:30.545 8 INFO neutron.db.ovn_revision_numbers_db [None req-169759d7-6b02-4146-bb6a-b0b7bf1f06c1 b56c4335ae8c41309411eb3a90c65c2c 3372b0a5315e46b58ced221fcb61f3ef - - default default] Successfully bumped revision number for resource 71e6c529-f44b-4241-b9fa-fd92135fb69e (type: ports) to 1
2026-06-25 23:40:30.767 7 INFO neutron.db.ovn_revision_numbers_db [None req-bf4478cb-3269-4e5a-90c7-5c4beae52351 - - - - - -] Successfully bumped revision number for resource 1d7a29a4-3931-4834-94fb-d002e46ee42a (type: ports) to 5
2026-06-25 23:40:31.426 8 INFO neutron.plugins.ml2.drivers.ovn.mech_driver.ovsdb.commands [None req-88c5ecb4-23e7-4e4e-9bd3-936d3bb1a42d - - - - - -] Schedule LRP lrp-71e6c529-f44b-4241-b9fa-fd92135fb69e on gateway 5a189ee8-6053-4adf-8b81-768b9a3714c7 with priority 1
2026-06-25 23:40:31.496 8 INFO neutron.plugins.ml2.drivers.ovn.mech_driver.mech_driver [None req-4148901c-a717-4828-99bd-b556068c435a - - - - - -] OVN reports status up for port: 71e6c529-f44b-4241-b9fa-fd92135fb69e
2026-06-25 23:40:31.535 8 INFO neutron.plugins.ml2.plugin [None req-4148901c-a717-4828-99bd-b556068c435a - - - - - -] Attempt 1 to provision port 71e6c529-f44b-4241-b9fa-fd92135fb69e
2026-06-25 23:40:31.570 8 INFO neutron.db.ovn_revision_numbers_db [None req-169759d7-6b02-4146-bb6a-b0b7bf1f06c1 b56c4335ae8c41309411eb3a90c65c2c 3372b0a5315e46b58ced221fcb61f3ef - - default default] Successfully bumped revision number for resource 71e6c529-f44b-4241-b9fa-fd92135fb69e (type: router_ports) to 1
2026-06-25 23:40:31.584 7 INFO neutron.plugins.ml2.drivers.ovn.mech_driver.ovsdb.ovsdb_monitor [None req-17c6900c-1641-4339-9e92-fc458968e682 - - - - - -] Router 31024333-76cc-4425-b6b0-ebcd40984108 is bound to host instance
2026-06-25 23:40:31.675 8 INFO neutron.db.ovn_revision_numbers_db [None req-169759d7-6b02-4146-bb6a-b0b7bf1f06c1 b56c4335ae8c41309411eb3a90c65c2c 3372b0a5315e46b58ced221fcb61f3ef - - default default] Successfully bumped revision number for resource 31024333-76cc-4425-b6b0-ebcd40984108 (type: routers) to 2 [pid: 8|app: 0|req: 651/1206] 10.0.0.211 () {34 vars in 669 bytes} [Thu Jun 25 23:40:29 2026] POST /v2.0/routers => generated 963 bytes in 1817 msecs (HTTP/1.1 201) 4 headers in 162 bytes (1 switches on core 0) [pid: 8|app: 0|req: 652/1207] 10.0.0.227 () {34 vars in 990 bytes} [Thu Jun 25 23:40:31 2026] GET /v2.0/ports?device_id=204a8fac-5e8f-4a40-9add-2255fb9dfbfd => generated 971 bytes in 99 msecs (HTTP/1.1 200) 4 headers in 157 bytes (1 switches on core 0)
2026-06-25 23:40:31.924 7 WARNING neutron.scheduler.dhcp_agent_scheduler [None req-288a2415-21ee-4527-bfc3-99385d385924 b56c4335ae8c41309411eb3a90c65c2c 3372b0a5315e46b58ced221fcb61f3ef - - default default] No more DHCP agents
2026-06-25 23:40:31.928 7 WARNING neutron.api.rpc.agentnotifiers.dhcp_rpc_agent_api [None req-288a2415-21ee-4527-bfc3-99385d385924 b56c4335ae8c41309411eb3a90c65c2c 3372b0a5315e46b58ced221fcb61f3ef - - default default] Unable to schedule network 13f79afb-a37d-4ee3-ad39-395ec46e1d70: no agents available; will retry on subsequent port and subnet creation events.
2026-06-25 23:40:32.120 7 INFO neutron.plugins.ml2.drivers.ovn.mech_driver.mech_driver [None req-5d892642-6879-4e16-ac1b-a7084a09588f - - - - - -] OVN reports status down for port: 0095fe11-c1df-4c60-b4e3-a5010eaceba3
2026-06-25 23:40:32.212 7 INFO neutron.db.ovn_revision_numbers_db [None req-288a2415-21ee-4527-bfc3-99385d385924 b56c4335ae8c41309411eb3a90c65c2c 3372b0a5315e46b58ced221fcb61f3ef - - default default] Successfully bumped revision number for resource 0095fe11-c1df-4c60-b4e3-a5010eaceba3 (type: ports) to 1
2026-06-25 23:40:32.282 8 WARNING neutron.scheduler.dhcp_agent_scheduler [None req-a9935628-16ef-4656-b300-bb5c5df12dae b56c4335ae8c41309411eb3a90c65c2c 3372b0a5315e46b58ced221fcb61f3ef - - default default] No more DHCP agents
2026-06-25 23:40:32.283 8 WARNING neutron.api.rpc.agentnotifiers.dhcp_rpc_agent_api [None req-a9935628-16ef-4656-b300-bb5c5df12dae b56c4335ae8c41309411eb3a90c65c2c 3372b0a5315e46b58ced221fcb61f3ef - - default default] Unable to schedule network 920a448f-5134-4ecb-b881-684bda08cb27: no agents available; will retry on subsequent port and subnet creation events.
2026-06-25 23:40:32.438 8 INFO neutron.db.ovn_revision_numbers_db [None req-a9935628-16ef-4656-b300-bb5c5df12dae b56c4335ae8c41309411eb3a90c65c2c 3372b0a5315e46b58ced221fcb61f3ef - - default default] Successfully bumped revision number for resource db916259-e06b-433d-949d-bef2b6bd9b54 (type: ports) to 1
2026-06-25 23:40:32.470 7 INFO neutron.notifiers.nova [-] Nova event matching ['req-7686ef58-2c78-4cea-9bcc-c48667b61694'] response: {'server_uuid': '204a8fac-5e8f-4a40-9add-2255fb9dfbfd', 'name': 'network-vif-plugged', 'status': 'completed', 'tag': '1d7a29a4-3931-4834-94fb-d002e46ee42a', 'code': 200}
2026-06-25 23:40:33.021 8 WARNING neutron.scheduler.dhcp_agent_scheduler [None req-a9935628-16ef-4656-b300-bb5c5df12dae b56c4335ae8c41309411eb3a90c65c2c 3372b0a5315e46b58ced221fcb61f3ef - - default default] No more DHCP agents
2026-06-25 23:40:33.022 8 WARNING neutron.api.rpc.agentnotifiers.dhcp_rpc_agent_api [None req-a9935628-16ef-4656-b300-bb5c5df12dae b56c4335ae8c41309411eb3a90c65c2c 3372b0a5315e46b58ced221fcb61f3ef - - default default] Unable to schedule network 920a448f-5134-4ecb-b881-684bda08cb27: no agents available; will retry on subsequent port and subnet creation events.
2026-06-25 23:40:33.133 7 INFO neutron.db.ovn_revision_numbers_db [None req-9e13e44f-28d8-4b13-a6b7-2f7b46db357f - - - - - -] Successfully bumped revision number for resource 71e6c529-f44b-4241-b9fa-fd92135fb69e (type: ports) to 4
2026-06-25 23:40:33.422 7 INFO neutron.plugins.ml2.drivers.ovn.mech_driver.ovsdb.commands [None req-8d659d7c-4e22-4f1d-9942-413384a6f9e6 - - - - - -] Schedule LRP lrp-0095fe11-c1df-4c60-b4e3-a5010eaceba3 on gateway 5a189ee8-6053-4adf-8b81-768b9a3714c7 with priority 1
2026-06-25 23:40:33.488 7 INFO neutron.plugins.ml2.drivers.ovn.mech_driver.mech_driver [None req-5d892642-6879-4e16-ac1b-a7084a09588f - - - - - -] OVN reports status up for port: 0095fe11-c1df-4c60-b4e3-a5010eaceba3
2026-06-25 23:40:33.551 7 INFO neutron.plugins.ml2.plugin [None req-5d892642-6879-4e16-ac1b-a7084a09588f - - - - - -] Attempt 1 to provision port 0095fe11-c1df-4c60-b4e3-a5010eaceba3
2026-06-25 23:40:33.618 7 INFO neutron.db.ovn_revision_numbers_db [None req-288a2415-21ee-4527-bfc3-99385d385924 b56c4335ae8c41309411eb3a90c65c2c 3372b0a5315e46b58ced221fcb61f3ef - - default default] Successfully bumped revision number for resource 0095fe11-c1df-4c60-b4e3-a5010eaceba3 (type: router_ports) to 1
2026-06-25 23:40:33.650 8 INFO neutron.db.ovn_revision_numbers_db [None req-a9935628-16ef-4656-b300-bb5c5df12dae b56c4335ae8c41309411eb3a90c65c2c 3372b0a5315e46b58ced221fcb61f3ef - - default default] Successfully bumped revision number for resource db916259-e06b-433d-949d-bef2b6bd9b54 (type: router_ports) to 1 [pid: 8|app: 0|req: 653/1208] 10.0.0.211 () {34 vars in 783 bytes} [Thu Jun 25 23:40:31 2026] PUT /v2.0/routers/31024333-76cc-4425-b6b0-ebcd40984108/add_router_interface => generated 309 bytes in 1865 msecs (HTTP/1.1 200) 4 headers in 157 bytes (1 switches on core 0) [pid: 8|app: 0|req: 654/1209] 10.0.0.227 () {34 vars in 1040 bytes} [Thu Jun 25 23:40:33 2026] GET /v2.0/security-groups?id=f1dadf5c-cf0a-4c97-a7f8-53f9c2ed887b&fields=id&fields=name => generated 88 bytes in 38 msecs (HTTP/1.1 200) 4 headers in 156 bytes (1 switches on core 0)
2026-06-25 23:40:33.778 8 INFO neutron.plugins.ml2.drivers.ovn.mech_driver.mech_driver [None req-4148901c-a717-4828-99bd-b556068c435a - - - - - -] OVN reports status down for port: db916259-e06b-433d-949d-bef2b6bd9b54
2026-06-25 23:40:33.817 7 INFO neutron.db.ovn_revision_numbers_db [None req-288a2415-21ee-4527-bfc3-99385d385924 b56c4335ae8c41309411eb3a90c65c2c 3372b0a5315e46b58ced221fcb61f3ef - - default default] Successfully bumped revision number for resource d9607821-d5f4-480f-a338-da4b8bfc58a5 (type: routers) to 2
2026-06-25 23:40:33.835 8 WARNING neutron.plugins.ml2.drivers.ovn.mech_driver.ovsdb.ovn_client [None req-4148901c-a717-4828-99bd-b556068c435a - - - - - -] Logical_Switch_Port db916259-e06b-433d-949d-bef2b6bd9b54 host information not removed, the port state is up
2026-06-25 23:40:33.835 8 INFO neutron.plugins.ml2.drivers.ovn.mech_driver.mech_driver [None req-4148901c-a717-4828-99bd-b556068c435a - - - - - -] OVN reports status up for port: db916259-e06b-433d-949d-bef2b6bd9b54 [pid: 7|app: 0|req: 556/1210] 10.0.0.211 () {34 vars in 669 bytes} [Thu Jun 25 23:40:30 2026] POST /v2.0/routers => generated 966 bytes in 3366 msecs (HTTP/1.1 201) 4 headers in 162 bytes (1 switches on core 0)
2026-06-25 23:40:33.847 8 INFO neutron.plugins.ml2.plugin [None req-4148901c-a717-4828-99bd-b556068c435a - - - - - -] Attempt 1 to provision port db916259-e06b-433d-949d-bef2b6bd9b54
2026-06-25 23:40:33.923 7 INFO neutron.db.ovn_revision_numbers_db [None req-9e13e44f-28d8-4b13-a6b7-2f7b46db357f - - - - - -] Successfully bumped revision number for resource 71e6c529-f44b-4241-b9fa-fd92135fb69e (type: ports) to 5
2026-06-25 23:40:34.001 7 INFO neutron.plugins.ml2.drivers.ovn.mech_driver.ovsdb.ovsdb_monitor [None req-9e13e44f-28d8-4b13-a6b7-2f7b46db357f - - - - - -] Router d9607821-d5f4-480f-a338-da4b8bfc58a5 is bound to host instance /var/lib/openstack/lib/python3.12/site-packages/pycadf/identifier.py:70: UserWarning: Invalid uuid: neutron. To ensure interoperability, identifiers should be a valid uuid. warnings.warn(('Invalid uuid: %s. To ensure interoperability, '
2026-06-25 23:40:34.757 8 INFO neutron.db.ovn_revision_numbers_db [None req-4148901c-a717-4828-99bd-b556068c435a - - - - - -] Successfully bumped revision number for resource db916259-e06b-433d-949d-bef2b6bd9b54 (type: ports) to 2
2026-06-25 23:40:34.783 7 INFO neutron.db.ovn_revision_numbers_db [None req-29ace9b2-f5cf-4549-800d-db73aecf9616 fe45c269c7d848db909d5c13e4b709d0 09e9129e0b944364960c6a4f00ef9791 - - default default] Successfully bumped revision number for resource e07044ec-1717-479b-98a1-7446d2b9f131 (type: security_groups) to 1
2026-06-25 23:40:34.811 8 WARNING neutron.scheduler.dhcp_agent_scheduler [None req-0b658fbb-7aac-4c0c-91e0-39b209d8c008 b56c4335ae8c41309411eb3a90c65c2c 3372b0a5315e46b58ced221fcb61f3ef - - default default] No more DHCP agents
2026-06-25 23:40:34.815 8 WARNING neutron.api.rpc.agentnotifiers.dhcp_rpc_agent_api [None req-0b658fbb-7aac-4c0c-91e0-39b209d8c008 b56c4335ae8c41309411eb3a90c65c2c 3372b0a5315e46b58ced221fcb61f3ef - - default default] Unable to schedule network eea605e3-3edc-4ad4-927d-1bbdae75204f: no agents available; will retry on subsequent port and subnet creation events.
2026-06-25 23:40:34.819 7 INFO neutron.db.ovn_revision_numbers_db [None req-29ace9b2-f5cf-4549-800d-db73aecf9616 fe45c269c7d848db909d5c13e4b709d0 09e9129e0b944364960c6a4f00ef9791 - - default default] Successfully bumped revision number for resource 2d9bda92-87f3-4efc-b833-caabfd6274eb (type: security_group_rules) to 0
2026-06-25 23:40:34.846 7 INFO neutron.db.ovn_revision_numbers_db [None req-29ace9b2-f5cf-4549-800d-db73aecf9616 fe45c269c7d848db909d5c13e4b709d0 09e9129e0b944364960c6a4f00ef9791 - - default default] Successfully bumped revision number for resource c69d4efe-9138-436e-a355-93967898acdb (type: security_group_rules) to 0 [pid: 7|app: 0|req: 557/1211] 10.0.0.211 () {34 vars in 685 bytes} [Thu Jun 25 23:40:34 2026] POST /v2.0/security-groups => generated 1659 bytes in 367 msecs (HTTP/1.1 201) 4 headers in 163 bytes (1 switches on core 0)
2026-06-25 23:40:35.020 8 INFO neutron.db.ovn_revision_numbers_db [None req-0b658fbb-7aac-4c0c-91e0-39b209d8c008 b56c4335ae8c41309411eb3a90c65c2c 3372b0a5315e46b58ced221fcb61f3ef - - default default] Successfully bumped revision number for resource 364bd005-a3d7-4b8d-8908-b9d9ba7ba942 (type: ports) to 1
2026-06-25 23:40:35.118 7 INFO neutron.db.ovn_revision_numbers_db [None req-09a96198-05a3-4846-b342-00bcaeba7546 - - - - - -] Successfully bumped revision number for resource 0095fe11-c1df-4c60-b4e3-a5010eaceba3 (type: ports) to 4
2026-06-25 23:40:35.333 7 INFO neutron.db.ovn_revision_numbers_db [None req-9cf880ab-81f1-4aeb-b020-f0e05092e8f3 b56c4335ae8c41309411eb3a90c65c2c 3372b0a5315e46b58ced221fcb61f3ef - - default default] Successfully bumped revision number for resource 1fd766e3-1f8e-4251-8dc0-c007b39381fc (type: security_groups) to 1
2026-06-25 23:40:35.354 7 INFO neutron.db.ovn_revision_numbers_db [None req-9cf880ab-81f1-4aeb-b020-f0e05092e8f3 b56c4335ae8c41309411eb3a90c65c2c 3372b0a5315e46b58ced221fcb61f3ef - - default default] Successfully bumped revision number for resource 09aab208-c530-4d7e-a056-c013549c6ea8 (type: security_group_rules) to 0
2026-06-25 23:40:35.374 7 INFO neutron.db.ovn_revision_numbers_db [None req-9cf880ab-81f1-4aeb-b020-f0e05092e8f3 b56c4335ae8c41309411eb3a90c65c2c 3372b0a5315e46b58ced221fcb61f3ef - - default default] Successfully bumped revision number for resource 2241e188-bbce-4ec2-8729-164bb7c65bec (type: security_group_rules) to 0
2026-06-25 23:40:35.392 7 INFO neutron.db.ovn_revision_numbers_db [None req-9cf880ab-81f1-4aeb-b020-f0e05092e8f3 b56c4335ae8c41309411eb3a90c65c2c 3372b0a5315e46b58ced221fcb61f3ef - - default default] Successfully bumped revision number for resource 7263c44f-2d7f-4b14-9023-f8dcc5910e95 (type: security_group_rules) to 0
2026-06-25 23:40:35.411 7 INFO neutron.db.ovn_revision_numbers_db [None req-9cf880ab-81f1-4aeb-b020-f0e05092e8f3 b56c4335ae8c41309411eb3a90c65c2c 3372b0a5315e46b58ced221fcb61f3ef - - default default] Successfully bumped revision number for resource e0036d97-4f11-4cab-9d4c-e9f4a7d6cf80 (type: security_group_rules) to 0 [pid: 7|app: 0|req: 558/1212] 10.0.0.211 () {32 vars in 774 bytes} [Thu Jun 25 23:40:34 2026] GET /v2.0/security-groups?tenant_id=3444fdb9b8894a77bcfecfa79fd057f2&name=default => generated 2925 bytes in 586 msecs (HTTP/1.1 200) 4 headers in 158 bytes (1 switches on core 0) [pid: 7|app: 0|req: 559/1213] 10.0.0.227 () {34 vars in 990 bytes} [Thu Jun 25 23:40:35 2026] GET /v2.0/ports?device_id=204a8fac-5e8f-4a40-9add-2255fb9dfbfd => generated 971 bytes in 203 msecs (HTTP/1.1 200) 4 headers in 157 bytes (1 switches on core 0)
2026-06-25 23:40:35.769 8 WARNING neutron.scheduler.dhcp_agent_scheduler [None req-0b658fbb-7aac-4c0c-91e0-39b209d8c008 b56c4335ae8c41309411eb3a90c65c2c 3372b0a5315e46b58ced221fcb61f3ef - - default default] No more DHCP agents
2026-06-25 23:40:35.770 8 WARNING neutron.api.rpc.agentnotifiers.dhcp_rpc_agent_api [None req-0b658fbb-7aac-4c0c-91e0-39b209d8c008 b56c4335ae8c41309411eb3a90c65c2c 3372b0a5315e46b58ced221fcb61f3ef - - default default] Unable to schedule network eea605e3-3edc-4ad4-927d-1bbdae75204f: no agents available; will retry on subsequent port and subnet creation events.
2026-06-25 23:40:35.776 7 INFO neutron.db.ovn_revision_numbers_db [None req-09a96198-05a3-4846-b342-00bcaeba7546 - - - - - -] Successfully bumped revision number for resource 0095fe11-c1df-4c60-b4e3-a5010eaceba3 (type: ports) to 5
2026-06-25 23:40:35.953 7 INFO neutron.db.ovn_revision_numbers_db [None req-8411d07b-51a0-41d1-ba25-8882b410ba88 fe45c269c7d848db909d5c13e4b709d0 09e9129e0b944364960c6a4f00ef9791 - - default default] Successfully bumped revision number for resource 01fd6644-d86a-4390-9396-7b22aa8cebbf (type: security_group_rules) to 0 [pid: 7|app: 0|req: 560/1214] 10.0.0.211 () {34 vars in 695 bytes} [Thu Jun 25 23:40:35 2026] POST /v2.0/security-group-rules => generated 597 bytes in 281 msecs (HTTP/1.1 201) 4 headers in 162 bytes (1 switches on core 0) [pid: 7|app: 0|req: 561/1215] 10.0.0.211 () {32 vars in 740 bytes} [Thu Jun 25 23:40:35 2026] DELETE /v2.0/security-groups/1fd766e3-1f8e-4251-8dc0-c007b39381fc => generated 0 bytes in 257 msecs (HTTP/1.1 204) 2 headers in 112 bytes (1 switches on core 0) [pid: 7|app: 0|req: 562/1216] 10.0.0.227 () {34 vars in 1040 bytes} [Thu Jun 25 23:40:36 2026] GET /v2.0/security-groups?id=f1dadf5c-cf0a-4c97-a7f8-53f9c2ed887b&fields=id&fields=name => generated 88 bytes in 35 msecs (HTTP/1.1 200) 4 headers in 156 bytes (1 switches on core 0)
2026-06-25 23:40:36.327 8 INFO neutron.db.ovn_revision_numbers_db [None req-0b658fbb-7aac-4c0c-91e0-39b209d8c008 b56c4335ae8c41309411eb3a90c65c2c 3372b0a5315e46b58ced221fcb61f3ef - - default default] Successfully bumped revision number for resource 364bd005-a3d7-4b8d-8908-b9d9ba7ba942 (type: router_ports) to 1 [pid: 8|app: 0|req: 655/1217] 10.0.0.211 () {34 vars in 783 bytes} [Thu Jun 25 23:40:33 2026] PUT /v2.0/routers/d9607821-d5f4-480f-a338-da4b8bfc58a5/add_router_interface => generated 309 bytes in 2482 msecs (HTTP/1.1 200) 4 headers in 157 bytes (1 switches on core 0)
2026-06-25 23:40:36.393 7 INFO neutron.db.ovn_revision_numbers_db [None req-c62bdf0d-99c0-43b8-ba72-bcd5a987b1e6 fe45c269c7d848db909d5c13e4b709d0 09e9129e0b944364960c6a4f00ef9791 - - default default] Successfully bumped revision number for resource 68444229-3e42-49e9-a37c-129230d39258 (type: security_group_rules) to 0 [pid: 7|app: 0|req: 563/1218] 10.0.0.211 () {34 vars in 695 bytes} [Thu Jun 25 23:40:36 2026] POST /v2.0/security-group-rules => generated 602 bytes in 157 msecs (HTTP/1.1 201) 4 headers in 162 bytes (1 switches on core 0)
2026-06-25 23:40:36.495 8 INFO neutron.db.ovn_revision_numbers_db [None req-511e68a6-1622-4934-bab9-e53394c2e3a4 b56c4335ae8c41309411eb3a90c65c2c 3372b0a5315e46b58ced221fcb61f3ef - - default default] Successfully bumped revision number for resource ae3d51b9-81bf-4ad8-8278-30f3c6ad5a81 (type: security_groups) to 1
2026-06-25 23:40:36.513 8 INFO neutron.db.ovn_revision_numbers_db [None req-511e68a6-1622-4934-bab9-e53394c2e3a4 b56c4335ae8c41309411eb3a90c65c2c 3372b0a5315e46b58ced221fcb61f3ef - - default default] Successfully bumped revision number for resource 18da5488-39ff-4732-ae23-ac566ed3d6cf (type: security_group_rules) to 0
2026-06-25 23:40:36.529 8 INFO neutron.db.ovn_revision_numbers_db [None req-511e68a6-1622-4934-bab9-e53394c2e3a4 b56c4335ae8c41309411eb3a90c65c2c 3372b0a5315e46b58ced221fcb61f3ef - - default default] Successfully bumped revision number for resource 64c3adbf-ea83-4dde-8380-a8e9867948be (type: security_group_rules) to 0
2026-06-25 23:40:36.551 8 INFO neutron.db.ovn_revision_numbers_db [None req-511e68a6-1622-4934-bab9-e53394c2e3a4 b56c4335ae8c41309411eb3a90c65c2c 3372b0a5315e46b58ced221fcb61f3ef - - default default] Successfully bumped revision number for resource 7144b5f1-be08-4e05-887a-6a52c67f61bc (type: security_group_rules) to 0
2026-06-25 23:40:36.594 8 INFO neutron.db.ovn_revision_numbers_db [None req-511e68a6-1622-4934-bab9-e53394c2e3a4 b56c4335ae8c41309411eb3a90c65c2c 3372b0a5315e46b58ced221fcb61f3ef - - default default] Successfully bumped revision number for resource db73bddb-2f10-4af8-b138-11d66ee1039b (type: security_group_rules) to 0 [pid: 8|app: 0|req: 656/1219] 10.0.0.211 () {32 vars in 774 bytes} [Thu Jun 25 23:40:36 2026] GET /v2.0/security-groups?tenant_id=3470a38b2b174b8784ab75bd4e218dc4&name=default => generated 2925 bytes in 302 msecs (HTTP/1.1 200) 4 headers in 158 bytes (1 switches on core 0) [pid: 8|app: 0|req: 657/1220] 10.0.0.227 () {34 vars in 990 bytes} [Thu Jun 25 23:40:36 2026] GET /v2.0/ports?device_id=204a8fac-5e8f-4a40-9add-2255fb9dfbfd => generated 971 bytes in 38 msecs (HTTP/1.1 200) 4 headers in 157 bytes (1 switches on core 0)
2026-06-25 23:40:36.725 7 WARNING neutron.scheduler.dhcp_agent_scheduler [None req-4ad3a3be-b6ba-4370-9179-0b8e3bcad640 fe45c269c7d848db909d5c13e4b709d0 09e9129e0b944364960c6a4f00ef9791 - - default default] No more DHCP agents
2026-06-25 23:40:36.728 7 WARNING neutron.api.rpc.agentnotifiers.dhcp_rpc_agent_api [None req-4ad3a3be-b6ba-4370-9179-0b8e3bcad640 fe45c269c7d848db909d5c13e4b709d0 09e9129e0b944364960c6a4f00ef9791 - - default default] Unable to schedule network 13f79afb-a37d-4ee3-ad39-395ec46e1d70: no agents available; will retry on subsequent port and subnet creation events. [pid: 8|app: 0|req: 658/1221] 10.0.0.211 () {32 vars in 740 bytes} [Thu Jun 25 23:40:36 2026] DELETE /v2.0/security-groups/ae3d51b9-81bf-4ad8-8278-30f3c6ad5a81 => generated 0 bytes in 223 msecs (HTTP/1.1 204) 2 headers in 112 bytes (1 switches on core 0) [pid: 8|app: 0|req: 659/1222] 10.0.0.227 () {34 vars in 1040 bytes} [Thu Jun 25 23:40:36 2026] GET /v2.0/security-groups?id=f1dadf5c-cf0a-4c97-a7f8-53f9c2ed887b&fields=id&fields=name => generated 88 bytes in 27 msecs (HTTP/1.1 200) 4 headers in 156 bytes (1 switches on core 0) [pid: 7|app: 0|req: 564/1223] 10.0.0.211 () {34 vars in 676 bytes} [Thu Jun 25 23:40:36 2026] POST /v2.0/floatingips => generated 552 bytes in 607 msecs (HTTP/1.1 201) 4 headers in 162 bytes (1 switches on core 0) [pid: 8|app: 0|req: 660/1224] 10.0.0.227 () {34 vars in 1098 bytes} [Thu Jun 25 23:40:37 2026] GET /v2.0/security-groups?name=tempest-securitygroup--902276432&fields=id&tenant_id=09e9129e0b944364960c6a4f00ef9791 => generated 69 bytes in 49 msecs (HTTP/1.1 200) 4 headers in 156 bytes (1 switches on core 0) [pid: 7|app: 0|req: 565/1225] 10.0.0.227 () {34 vars in 982 bytes} [Thu Jun 25 23:40:37 2026] GET /v2.0/networks?id=920a448f-5134-4ecb-b881-684bda08cb27 => generated 708 bytes in 66 msecs (HTTP/1.1 200) 4 headers in 157 bytes (1 switches on core 0)
2026-06-25 23:40:37.664 7 INFO neutron.plugins.ml2.drivers.ovn.mech_driver.mech_driver [None req-5d892642-6879-4e16-ac1b-a7084a09588f - - - - - -] OVN reports status down for port: 1d7a29a4-3931-4834-94fb-d002e46ee42a [pid: 8|app: 0|req: 661/1226] 10.0.0.227 () {34 vars in 965 bytes} [Thu Jun 25 23:40:37 2026] GET /v2.0/quotas/09e9129e0b944364960c6a4f00ef9791 => generated 292 bytes in 33 msecs (HTTP/1.1 200) 4 headers in 157 bytes (1 switches on core 0) [pid: 7|app: 0|req: 566/1227] 10.0.0.227 () {34 vars in 1002 bytes} [Thu Jun 25 23:40:37 2026] GET /v2.0/ports?tenant_id=09e9129e0b944364960c6a4f00ef9791&fields=id => generated 103 bytes in 150 msecs (HTTP/1.1 200) 4 headers in 157 bytes (1 switches on core 0) [pid: 8|app: 0|req: 662/1228] 10.0.0.227 () {34 vars in 1008 bytes} [Thu Jun 25 23:40:37 2026] GET /v2.0/networks/920a448f-5134-4ecb-b881-684bda08cb27?fields=segments => generated 14 bytes in 52 msecs (HTTP/1.1 200) 4 headers in 156 bytes (1 switches on core 0)
2026-06-25 23:40:37.916 7 INFO neutron.notifiers.nova [-] Nova event matching ['req-ba233c3f-8893-4968-a351-a5b3c3fc9886'] response: {'server_uuid': '204a8fac-5e8f-4a40-9add-2255fb9dfbfd', 'name': 'network-vif-unplugged', 'status': 'completed', 'tag': '1d7a29a4-3931-4834-94fb-d002e46ee42a', 'code': 200} [pid: 7|app: 0|req: 567/1229] 10.0.0.227 () {34 vars in 1108 bytes} [Thu Jun 25 23:40:37 2026] GET /v2.0/networks/920a448f-5134-4ecb-b881-684bda08cb27?fields=provider%3Aphysical_network&fields=provider%3Anetwork_type => generated 79 bytes in 103 msecs (HTTP/1.1 200) 4 headers in 156 bytes (1 switches on core 0)
2026-06-25 23:40:38.082 7 INFO neutron.db.ovn_revision_numbers_db [None req-5d892642-6879-4e16-ac1b-a7084a09588f - - - - - -] Successfully bumped revision number for resource 1d7a29a4-3931-4834-94fb-d002e46ee42a (type: ports) to 6 [pid: 8|app: 0|req: 663/1230] 10.0.0.227 () {34 vars in 990 bytes} [Thu Jun 25 23:40:37 2026] GET /v2.0/ports?device_id=204a8fac-5e8f-4a40-9add-2255fb9dfbfd => generated 969 bytes in 98 msecs (HTTP/1.1 200) 4 headers in 157 bytes (1 switches on core 0) [pid: 7|app: 0|req: 568/1231] 10.0.0.227 () {34 vars in 1040 bytes} [Thu Jun 25 23:40:38 2026] GET /v2.0/security-groups?id=f1dadf5c-cf0a-4c97-a7f8-53f9c2ed887b&fields=id&fields=name => generated 88 bytes in 91 msecs (HTTP/1.1 200) 4 headers in 156 bytes (1 switches on core 0) [pid: 8|app: 0|req: 664/1232] 10.0.0.227 () {34 vars in 990 bytes} [Thu Jun 25 23:40:38 2026] GET /v2.0/ports?device_id=ed7198a0-bf5c-4c6e-a9c1-04ce9db809f8 => generated 12 bytes in 33 msecs (HTTP/1.1 200) 4 headers in 156 bytes (1 switches on core 0) /var/lib/openstack/lib/python3.12/site-packages/pycadf/identifier.py:70: UserWarning: Invalid uuid: neutron. To ensure interoperability, identifiers should be a valid uuid. warnings.warn(('Invalid uuid: %s. To ensure interoperability, ' [pid: 7|app: 0|req: 569/1233] 10.0.0.227 () {34 vars in 982 bytes} [Thu Jun 25 23:40:38 2026] GET /v2.0/networks?id=eea605e3-3edc-4ad4-927d-1bbdae75204f => generated 711 bytes in 45 msecs (HTTP/1.1 200) 4 headers in 157 bytes (1 switches on core 0) [pid: 8|app: 0|req: 665/1234] 10.0.0.227 () {34 vars in 965 bytes} [Thu Jun 25 23:40:38 2026] GET /v2.0/quotas/19219307c6174eb58e292eced46039ca => generated 292 bytes in 9 msecs (HTTP/1.1 200) 4 headers in 157 bytes (1 switches on core 0) [pid: 7|app: 0|req: 570/1235] 10.0.0.227 () {34 vars in 1002 bytes} [Thu Jun 25 23:40:38 2026] GET /v2.0/ports?tenant_id=19219307c6174eb58e292eced46039ca&fields=id => generated 103 bytes in 73 msecs (HTTP/1.1 200) 4 headers in 157 bytes (1 switches on core 0) [pid: 8|app: 0|req: 666/1236] 10.0.0.227 () {34 vars in 1008 bytes} [Thu Jun 25 23:40:38 2026] GET /v2.0/networks/eea605e3-3edc-4ad4-927d-1bbdae75204f?fields=segments => generated 14 bytes in 31 msecs (HTTP/1.1 200) 4 headers in 156 bytes (1 switches on core 0) [pid: 7|app: 0|req: 571/1237] 199.19.213.162 () {34 vars in 994 bytes} [Thu Jun 25 23:40:38 2026] GET /v2.0/ports?device_id=204a8fac-5e8f-4a40-9add-2255fb9dfbfd => generated 969 bytes in 37 msecs (HTTP/1.1 200) 4 headers in 157 bytes (1 switches on core 0) [pid: 8|app: 0|req: 667/1238] 10.0.0.227 () {34 vars in 1108 bytes} [Thu Jun 25 23:40:38 2026] GET /v2.0/networks/eea605e3-3edc-4ad4-927d-1bbdae75204f?fields=provider%3Aphysical_network&fields=provider%3Anetwork_type => generated 79 bytes in 45 msecs (HTTP/1.1 200) 4 headers in 156 bytes (1 switches on core 0) [pid: 8|app: 0|req: 668/1239] 10.0.0.227 () {34 vars in 990 bytes} [Thu Jun 25 23:40:39 2026] GET /v2.0/ports?device_id=86220462-4fe1-4524-babd-d0d5b634f241 => generated 12 bytes in 22 msecs (HTTP/1.1 200) 4 headers in 156 bytes (1 switches on core 0)
2026-06-25 23:40:39.025 7 INFO neutron_taas.services.taas.taas_plugin [req-f2c2ab73-b1fd-4b86-8ac3-328adef6934b req-4156649b-5dde-4c95-bb01-1ba7ec36f6c1 158d7ac34e5b4fcca53a6ae09c7da57c 5257136dc7f54b79890ee012904e5df3 - - default default] TaaS: Handle Delete Port: 1d7a29a4-3931-4834-94fb-d002e46ee42a
2026-06-25 23:40:39.028 7 INFO neutron_taas.services.taas.tap_mirror_plugin [req-f2c2ab73-b1fd-4b86-8ac3-328adef6934b req-4156649b-5dde-4c95-bb01-1ba7ec36f6c1 158d7ac34e5b4fcca53a6ae09c7da57c 5257136dc7f54b79890ee012904e5df3 - - default default] Tap Mirror: Handle Delete Port: 1d7a29a4-3931-4834-94fb-d002e46ee42a [pid: 7|app: 0|req: 572/1240] 199.19.213.162 () {36 vars in 997 bytes} [Thu Jun 25 23:40:38 2026] DELETE /v2.0/ports/1d7a29a4-3931-4834-94fb-d002e46ee42a => generated 0 bytes in 287 msecs (HTTP/1.1 204) 3 headers in 131 bytes (1 switches on core 0) [pid: 8|app: 0|req: 669/1241] 10.0.0.227 () {34 vars in 990 bytes} [Thu Jun 25 23:40:39 2026] GET /v2.0/ports?device_id=204a8fac-5e8f-4a40-9add-2255fb9dfbfd => generated 12 bytes in 20 msecs (HTTP/1.1 200) 4 headers in 156 bytes (1 switches on core 0) [pid: 7|app: 0|req: 573/1242] 10.0.0.227 () {34 vars in 990 bytes} [Thu Jun 25 23:40:39 2026] GET /v2.0/ports?device_id=ed7198a0-bf5c-4c6e-a9c1-04ce9db809f8 => generated 12 bytes in 21 msecs (HTTP/1.1 200) 4 headers in 156 bytes (1 switches on core 0)
2026-06-25 23:40:39.585 8 INFO neutron.db.ovn_revision_numbers_db [None req-73ad36ad-b959-409b-ad50-575e4bc950a4 b56c4335ae8c41309411eb3a90c65c2c 3372b0a5315e46b58ced221fcb61f3ef - - default default] Successfully bumped revision number for resource 3c58645b-52dd-482e-9b3b-cb5ce02771e2 (type: security_groups) to 1
2026-06-25 23:40:39.595 8 INFO neutron.db.ovn_revision_numbers_db [None req-73ad36ad-b959-409b-ad50-575e4bc950a4 b56c4335ae8c41309411eb3a90c65c2c 3372b0a5315e46b58ced221fcb61f3ef - - default default] Successfully bumped revision number for resource 66423597-f6c4-4786-bf31-1fbef7804b68 (type: security_group_rules) to 0
2026-06-25 23:40:39.606 8 INFO neutron.db.ovn_revision_numbers_db [None req-73ad36ad-b959-409b-ad50-575e4bc950a4 b56c4335ae8c41309411eb3a90c65c2c 3372b0a5315e46b58ced221fcb61f3ef - - default default] Successfully bumped revision number for resource 79eb3ec3-b84a-4d81-a3d0-dab32bc89748 (type: security_group_rules) to 0
2026-06-25 23:40:39.618 8 INFO neutron.db.ovn_revision_numbers_db [None req-73ad36ad-b959-409b-ad50-575e4bc950a4 b56c4335ae8c41309411eb3a90c65c2c 3372b0a5315e46b58ced221fcb61f3ef - - default default] Successfully bumped revision number for resource 96c5b40f-66c0-42db-b53a-6057fc57e77d (type: security_group_rules) to 0
2026-06-25 23:40:39.628 8 INFO neutron.db.ovn_revision_numbers_db [None req-73ad36ad-b959-409b-ad50-575e4bc950a4 b56c4335ae8c41309411eb3a90c65c2c 3372b0a5315e46b58ced221fcb61f3ef - - default default] Successfully bumped revision number for resource b7603e2b-cddb-41ba-8913-960ceb32acbb (type: security_group_rules) to 0 [pid: 8|app: 0|req: 670/1243] 10.0.0.211 () {32 vars in 774 bytes} [Thu Jun 25 23:40:39 2026] GET /v2.0/security-groups?tenant_id=03f2d05b97f64338b71dda1921061c58&name=default => generated 2925 bytes in 396 msecs (HTTP/1.1 200) 4 headers in 158 bytes (1 switches on core 0) [pid: 7|app: 0|req: 574/1244] 10.0.0.211 () {32 vars in 740 bytes} [Thu Jun 25 23:40:39 2026] DELETE /v2.0/security-groups/3c58645b-52dd-482e-9b3b-cb5ce02771e2 => generated 0 bytes in 210 msecs (HTTP/1.1 204) 2 headers in 112 bytes (1 switches on core 0)
2026-06-25 23:40:39.960 7 INFO neutron.notifiers.nova [-] Nova event matching ['req-29de4198-20bf-4a76-bfc7-edfbbacc0491'] response: {'server_uuid': '204a8fac-5e8f-4a40-9add-2255fb9dfbfd', 'name': 'network-vif-unplugged', 'status': 'completed', 'tag': '1d7a29a4-3931-4834-94fb-d002e46ee42a', 'code': 200}
2026-06-25 23:40:39.960 7 INFO neutron.notifiers.nova [-] Nova event matching ['req-29de4198-20bf-4a76-bfc7-edfbbacc0491'] response: {'server_uuid': '204a8fac-5e8f-4a40-9add-2255fb9dfbfd', 'name': 'network-vif-deleted', 'tag': '1d7a29a4-3931-4834-94fb-d002e46ee42a', 'status': 'completed', 'code': 200} [pid: 8|app: 0|req: 671/1245] 10.0.0.227 () {34 vars in 990 bytes} [Thu Jun 25 23:40:40 2026] GET /v2.0/ports?device_id=86220462-4fe1-4524-babd-d0d5b634f241 => generated 12 bytes in 23 msecs (HTTP/1.1 200) 4 headers in 156 bytes (1 switches on core 0) [pid: 7|app: 0|req: 575/1246] 10.0.0.227 () {34 vars in 990 bytes} [Thu Jun 25 23:40:40 2026] GET /v2.0/ports?device_id=204a8fac-5e8f-4a40-9add-2255fb9dfbfd => generated 12 bytes in 22 msecs (HTTP/1.1 200) 4 headers in 156 bytes (1 switches on core 0) [pid: 8|app: 0|req: 672/1247] 10.0.0.227 () {34 vars in 990 bytes} [Thu Jun 25 23:40:40 2026] GET /v2.0/ports?device_id=ed7198a0-bf5c-4c6e-a9c1-04ce9db809f8 => generated 12 bytes in 23 msecs (HTTP/1.1 200) 4 headers in 156 bytes (1 switches on core 0)
2026-06-25 23:40:40.562 8 WARNING neutron.plugins.ml2.drivers.ovn.mech_driver.ovsdb.ovn_client [None req-c8546b2e-68c0-48e3-9bce-f29f0c8882a7 - - - - - -] No hosting information found for port db916259-e06b-433d-949d-bef2b6bd9b54: RuntimeError: No hosting information found for port db916259-e06b-433d-949d-bef2b6bd9b54
2026-06-25 23:40:40.676 8 INFO neutron.db.ovn_revision_numbers_db [None req-c8546b2e-68c0-48e3-9bce-f29f0c8882a7 - - - - - -] Successfully bumped revision number for resource db916259-e06b-433d-949d-bef2b6bd9b54 (type: router_ports) to 2
2026-06-25 23:40:40.721 8 INFO neutron.plugins.ml2.drivers.ovn.mech_driver.mech_driver [None req-c8546b2e-68c0-48e3-9bce-f29f0c8882a7 - - - - - -] OVN reports status down for port: 364bd005-a3d7-4b8d-8908-b9d9ba7ba942
2026-06-25 23:40:40.785 8 WARNING neutron.plugins.ml2.drivers.ovn.mech_driver.ovsdb.ovn_client [None req-c8546b2e-68c0-48e3-9bce-f29f0c8882a7 - - - - - -] Logical_Switch_Port 364bd005-a3d7-4b8d-8908-b9d9ba7ba942 host information not removed, the port state is up
2026-06-25 23:40:40.785 8 INFO neutron.plugins.ml2.drivers.ovn.mech_driver.mech_driver [None req-c8546b2e-68c0-48e3-9bce-f29f0c8882a7 - - - - - -] OVN reports status up for port: 364bd005-a3d7-4b8d-8908-b9d9ba7ba942
2026-06-25 23:40:40.799 8 INFO neutron.plugins.ml2.plugin [None req-c8546b2e-68c0-48e3-9bce-f29f0c8882a7 - - - - - -] Attempt 1 to provision port 364bd005-a3d7-4b8d-8908-b9d9ba7ba942
2026-06-25 23:40:41.174 8 INFO neutron.db.ovn_revision_numbers_db [None req-c8546b2e-68c0-48e3-9bce-f29f0c8882a7 - - - - - -] Successfully bumped revision number for resource 364bd005-a3d7-4b8d-8908-b9d9ba7ba942 (type: ports) to 2 [pid: 7|app: 0|req: 576/1248] 10.0.0.227 () {34 vars in 990 bytes} [Thu Jun 25 23:40:41 2026] GET /v2.0/ports?device_id=86220462-4fe1-4524-babd-d0d5b634f241 => generated 12 bytes in 28 msecs (HTTP/1.1 200) 4 headers in 156 bytes (1 switches on core 0) [pid: 8|app: 0|req: 673/1249] 10.0.0.227 () {34 vars in 990 bytes} [Thu Jun 25 23:40:41 2026] GET /v2.0/ports?device_id=ed7198a0-bf5c-4c6e-a9c1-04ce9db809f8 => generated 12 bytes in 23 msecs (HTTP/1.1 200) 4 headers in 156 bytes (1 switches on core 0) [pid: 7|app: 0|req: 577/1250] 10.0.0.227 () {34 vars in 990 bytes} [Thu Jun 25 23:40:41 2026] GET /v2.0/ports?device_id=204a8fac-5e8f-4a40-9add-2255fb9dfbfd => generated 12 bytes in 38 msecs (HTTP/1.1 200) 4 headers in 156 bytes (1 switches on core 0)
2026-06-25 23:40:41.874 8 INFO neutron.db.ovn_revision_numbers_db [None req-e1da4cb8-c4ca-44c4-bfcd-f22ada67cc22 ef22b49236734560832c4cc019f40841 4ccf2c1a0cca451794af994656ec7880 - - default default] Successfully bumped revision number for resource d356f81f-940b-48d9-a3de-9f0b1f94859d (type: security_groups) to 1
2026-06-25 23:40:41.888 8 INFO neutron.db.ovn_revision_numbers_db [None req-e1da4cb8-c4ca-44c4-bfcd-f22ada67cc22 ef22b49236734560832c4cc019f40841 4ccf2c1a0cca451794af994656ec7880 - - default default] Successfully bumped revision number for resource 6e62762f-faf6-4b7a-b5fb-b0acd158eccf (type: security_group_rules) to 0
2026-06-25 23:40:41.902 8 INFO neutron.db.ovn_revision_numbers_db [None req-e1da4cb8-c4ca-44c4-bfcd-f22ada67cc22 ef22b49236734560832c4cc019f40841 4ccf2c1a0cca451794af994656ec7880 - - default default] Successfully bumped revision number for resource a0dca8c4-da9f-4795-afe4-350ff4f1e266 (type: security_group_rules) to 0
2026-06-25 23:40:41.914 8 INFO neutron.db.ovn_revision_numbers_db [None req-e1da4cb8-c4ca-44c4-bfcd-f22ada67cc22 ef22b49236734560832c4cc019f40841 4ccf2c1a0cca451794af994656ec7880 - - default default] Successfully bumped revision number for resource a768e596-f539-44a4-9136-07cd403903ae (type: security_group_rules) to 0
2026-06-25 23:40:41.926 8 INFO neutron.db.ovn_revision_numbers_db [None req-e1da4cb8-c4ca-44c4-bfcd-f22ada67cc22 ef22b49236734560832c4cc019f40841 4ccf2c1a0cca451794af994656ec7880 - - default default] Successfully bumped revision number for resource fa612982-74b0-4725-9f76-8d1c9520aa65 (type: security_group_rules) to 0
2026-06-25 23:40:41.999 8 INFO neutron.db.segments_db [None req-e1da4cb8-c4ca-44c4-bfcd-f22ada67cc22 ef22b49236734560832c4cc019f40841 4ccf2c1a0cca451794af994656ec7880 - - default default] Added segment f021c7b6-7742-4e3c-aca1-531d0556e039 of type geneve for network 423385bd-a435-4b6c-9170-1dbca999eb12
2026-06-25 23:40:42.111 8 INFO neutron.db.ovn_revision_numbers_db [None req-e1da4cb8-c4ca-44c4-bfcd-f22ada67cc22 ef22b49236734560832c4cc019f40841 4ccf2c1a0cca451794af994656ec7880 - - default default] Successfully bumped revision number for resource 423385bd-a435-4b6c-9170-1dbca999eb12 (type: networks) to 1
2026-06-25 23:40:42.276 8 WARNING neutron.scheduler.dhcp_agent_scheduler [None req-e1da4cb8-c4ca-44c4-bfcd-f22ada67cc22 ef22b49236734560832c4cc019f40841 4ccf2c1a0cca451794af994656ec7880 - - default default] No more DHCP agents
2026-06-25 23:40:42.277 8 WARNING neutron.api.rpc.agentnotifiers.dhcp_rpc_agent_api [None req-e1da4cb8-c4ca-44c4-bfcd-f22ada67cc22 ef22b49236734560832c4cc019f40841 4ccf2c1a0cca451794af994656ec7880 - - default default] Unable to schedule network 423385bd-a435-4b6c-9170-1dbca999eb12: no agents available; will retry on subsequent port and subnet creation events. [pid: 7|app: 0|req: 578/1251] 10.0.0.227 () {34 vars in 990 bytes} [Thu Jun 25 23:40:42 2026] GET /v2.0/ports?device_id=86220462-4fe1-4524-babd-d0d5b634f241 => generated 12 bytes in 18 msecs (HTTP/1.1 200) 4 headers in 156 bytes (1 switches on core 0)
2026-06-25 23:40:42.334 7 INFO neutron.plugins.ml2.drivers.ovn.mech_driver.mech_driver [None req-51a3672e-6cc5-4621-8ef7-5bc894d4c64f - - - - - -] OVN reports status down for port: 1a2d80fa-4b6c-4a9d-b8a8-c5b5999cdf47
2026-06-25 23:40:42.349 8 INFO neutron.db.ovn_revision_numbers_db [None req-e1da4cb8-c4ca-44c4-bfcd-f22ada67cc22 ef22b49236734560832c4cc019f40841 4ccf2c1a0cca451794af994656ec7880 - - default default] Successfully bumped revision number for resource 1a2d80fa-4b6c-4a9d-b8a8-c5b5999cdf47 (type: ports) to 1 [pid: 8|app: 0|req: 674/1252] 10.0.0.211 () {34 vars in 670 bytes} [Thu Jun 25 23:40:41 2026] POST /v2.0/networks => generated 687 bytes in 804 msecs (HTTP/1.1 201) 4 headers in 162 bytes (1 switches on core 0) [pid: 8|app: 0|req: 675/1253] 199.19.213.162 () {34 vars in 986 bytes} [Thu Jun 25 23:40:42 2026] GET /v2.0/networks?id=920a448f-5134-4ecb-b881-684bda08cb27 => generated 708 bytes in 64 msecs (HTTP/1.1 200) 4 headers in 157 bytes (1 switches on core 0) [pid: 8|app: 0|req: 676/1254] 199.19.213.162 () {34 vars in 1050 bytes} [Thu Jun 25 23:40:42 2026] GET /v2.0/security-groups?fields=id&fields=name&tenant_id=09e9129e0b944364960c6a4f00ef9791 => generated 180 bytes in 40 msecs (HTTP/1.1 200) 4 headers in 157 bytes (1 switches on core 0) [pid: 8|app: 0|req: 677/1255] 10.0.0.227 () {34 vars in 990 bytes} [Thu Jun 25 23:40:42 2026] GET /v2.0/ports?device_id=ed7198a0-bf5c-4c6e-a9c1-04ce9db809f8 => generated 12 bytes in 16 msecs (HTTP/1.1 200) 4 headers in 156 bytes (1 switches on core 0)
2026-06-25 23:40:42.627 7 WARNING neutron.scheduler.dhcp_agent_scheduler [None req-5e61d703-fb5a-4a5e-bf19-da42acb79ae3 ef22b49236734560832c4cc019f40841 4ccf2c1a0cca451794af994656ec7880 - - default default] No more DHCP agents
2026-06-25 23:40:42.628 7 WARNING neutron.api.rpc.agentnotifiers.dhcp_rpc_agent_api [None req-5e61d703-fb5a-4a5e-bf19-da42acb79ae3 ef22b49236734560832c4cc019f40841 4ccf2c1a0cca451794af994656ec7880 - - default default] Unable to schedule network 423385bd-a435-4b6c-9170-1dbca999eb12: no agents available; will retry on subsequent port and subnet creation events.
2026-06-25 23:40:42.649 7 INFO neutron.db.ovn_revision_numbers_db [None req-5e61d703-fb5a-4a5e-bf19-da42acb79ae3 ef22b49236734560832c4cc019f40841 4ccf2c1a0cca451794af994656ec7880 - - default default] Successfully bumped revision number for resource 08f830d1-ec37-464e-8adc-fd5f85316995 (type: subnets) to 0 [pid: 7|app: 0|req: 579/1256] 10.0.0.211 () {34 vars in 669 bytes} [Thu Jun 25 23:40:42 2026] POST /v2.0/subnets => generated 627 bytes in 285 msecs (HTTP/1.1 201) 4 headers in 162 bytes (1 switches on core 0) [pid: 7|app: 0|req: 580/1257] 10.0.0.227 () {34 vars in 990 bytes} [Thu Jun 25 23:40:42 2026] GET /v2.0/ports?device_id=204a8fac-5e8f-4a40-9add-2255fb9dfbfd => generated 12 bytes in 19 msecs (HTTP/1.1 200) 4 headers in 156 bytes (1 switches on core 0)
2026-06-25 23:40:42.857 8 WARNING neutron.scheduler.dhcp_agent_scheduler [req-09691f12-0304-4f5d-bfc8-7c32610d12d5 req-269e2096-1071-4567-b799-ee6cf3ff2364 fe45c269c7d848db909d5c13e4b709d0 09e9129e0b944364960c6a4f00ef9791 - - default default] No more DHCP agents
