2026-06-25 23:47:41.183 7 INFO neutron.api.v2.resource [None req-a52905c6-e8cc-4f1e-b5db-e741d46cff0f cc796e804af441c584d589fb179bcf26 f46a9ed8dcd84d38959a840a6b53edb4 - - default default] show failed (client error): The resource could not be found. [pid: 7|app: 0|req: 1630/3471] 10.0.0.211 () {32 vars in 721 bytes} [Thu Jun 25 23:47:41 2026] GET /v2.0/routers/cc907639-2483-43ef-9903-8f8acfc99351 => generated 135 bytes in 20 msecs (HTTP/1.1 404) 4 headers in 164 bytes (1 switches on core 0) [pid: 8|app: 0|req: 1842/3472] 10.0.0.211 () {32 vars in 724 bytes} [Thu Jun 25 23:47:41 2026] DELETE /v2.0/subnets/369b8330-8ab0-4df8-8984-612446bd733f => generated 0 bytes in 149 msecs (HTTP/1.1 204) 3 headers in 131 bytes (1 switches on core 0)
2026-06-25 23:47:41.363 7 INFO neutron.pecan_wsgi.hooks.translation [None req-f91b8332-757e-401f-8a39-9d428e6e6bb2 cc796e804af441c584d589fb179bcf26 f46a9ed8dcd84d38959a840a6b53edb4 - - default default] GET failed (client error): The resource could not be found. [pid: 7|app: 0|req: 1631/3473] 10.0.0.211 () {32 vars in 721 bytes} [Thu Jun 25 23:47:41 2026] GET /v2.0/subnets/369b8330-8ab0-4df8-8984-612446bd733f => generated 136 bytes in 23 msecs (HTTP/1.1 404) 4 headers in 164 bytes (1 switches on core 0) [pid: 8|app: 0|req: 1843/3474] 10.0.0.211 () {32 vars in 724 bytes} [Thu Jun 25 23:47:41 2026] DELETE /v2.0/subnets/913ce378-141b-455c-bdae-dc4da2f8a60a => generated 0 bytes in 217 msecs (HTTP/1.1 204) 3 headers in 131 bytes (1 switches on core 0)
2026-06-25 23:47:41.610 7 INFO neutron.pecan_wsgi.hooks.translation [None req-d8531ff2-4d35-4bf8-86bc-5ebb91cc4bf7 cc796e804af441c584d589fb179bcf26 f46a9ed8dcd84d38959a840a6b53edb4 - - default default] GET failed (client error): The resource could not be found. [pid: 7|app: 0|req: 1632/3475] 10.0.0.211 () {32 vars in 721 bytes} [Thu Jun 25 23:47:41 2026] GET /v2.0/subnets/913ce378-141b-455c-bdae-dc4da2f8a60a => generated 136 bytes in 18 msecs (HTTP/1.1 404) 4 headers in 164 bytes (1 switches on core 0)
2026-06-25 23:47:41.719 8 INFO neutron_taas.services.taas.taas_plugin [None req-57bad98b-efdc-43e8-b634-493c877f2d40 cc796e804af441c584d589fb179bcf26 f46a9ed8dcd84d38959a840a6b53edb4 - - default default] TaaS: Handle Delete Port: 113ae2a4-90ee-4ae3-9a5f-81b8ce98da55
2026-06-25 23:47:41.721 8 INFO neutron_taas.services.taas.tap_mirror_plugin [None req-57bad98b-efdc-43e8-b634-493c877f2d40 cc796e804af441c584d589fb179bcf26 f46a9ed8dcd84d38959a840a6b53edb4 - - default default] Tap Mirror: Handle Delete Port: 113ae2a4-90ee-4ae3-9a5f-81b8ce98da55
2026-06-25 23:47:41.887 8 INFO neutron.services.segments.plugin [-] Segment a3f10d3b-96b8-4397-9817-c6296f9dd5c6 resource provider aggregate not found
2026-06-25 23:47:41.891 8 INFO neutron.services.segments.plugin [-] Segment a3f10d3b-96b8-4397-9817-c6296f9dd5c6 resource provider aggregate not found
2026-06-25 23:47:41.904 8 INFO neutron.services.segments.plugin [-] Segment a3f10d3b-96b8-4397-9817-c6296f9dd5c6 resource provider not found; error: Placement Client Error (4xx): {"errors": [{"status": 404, "title": "Not Found", "detail": "The resource could not be found.\n\n No resource provider with uuid a3f10d3b-96b8-4397-9817-c6296f9dd5c6 found for delete ", "request_id": "req-cdbdfbd0-78b5-4111-b9c1-29d8271da7d6"}]}
2026-06-25 23:47:41.911 8 INFO neutron.services.segments.plugin [-] Segment a3f10d3b-96b8-4397-9817-c6296f9dd5c6 resource provider not found; error: Placement Client Error (4xx): {"errors": [{"status": 404, "title": "Not Found", "detail": "The resource could not be found.\n\n No resource provider with uuid a3f10d3b-96b8-4397-9817-c6296f9dd5c6 found for delete ", "request_id": "req-450d8248-2349-4f1c-abd6-86640e6e8e66"}]} [pid: 8|app: 0|req: 1844/3476] 10.0.0.211 () {32 vars in 726 bytes} [Thu Jun 25 23:47:41 2026] DELETE /v2.0/networks/9ee6fb18-58d9-42e4-80f4-56f26149c9ac => generated 0 bytes in 321 msecs (HTTP/1.1 204) 3 headers in 131 bytes (1 switches on core 0)
2026-06-25 23:47:41.962 7 INFO neutron.pecan_wsgi.hooks.translation [None req-77e91291-41d3-419e-984a-b95b69c2a4f7 cc796e804af441c584d589fb179bcf26 f46a9ed8dcd84d38959a840a6b53edb4 - - default default] GET failed (client error): The resource could not be found. [pid: 7|app: 0|req: 1633/3477] 10.0.0.211 () {32 vars in 723 bytes} [Thu Jun 25 23:47:41 2026] GET /v2.0/networks/9ee6fb18-58d9-42e4-80f4-56f26149c9ac => generated 138 bytes in 19 msecs (HTTP/1.1 404) 4 headers in 164 bytes (1 switches on core 0) [pid: 8|app: 0|req: 1845/3478] 10.0.0.211 () {32 vars in 724 bytes} [Thu Jun 25 23:47:41 2026] DELETE /v2.0/subnets/fcabe10d-9a34-4a72-84d8-95979f3424de => generated 0 bytes in 144 msecs (HTTP/1.1 204) 3 headers in 131 bytes (1 switches on core 0)
2026-06-25 23:47:42.134 7 INFO neutron.pecan_wsgi.hooks.translation [None req-c3172c52-d0d3-414d-b616-3023785aa608 cc796e804af441c584d589fb179bcf26 f46a9ed8dcd84d38959a840a6b53edb4 - - default default] GET failed (client error): The resource could not be found. [pid: 7|app: 0|req: 1634/3479] 10.0.0.211 () {32 vars in 721 bytes} [Thu Jun 25 23:47:42 2026] GET /v2.0/subnets/fcabe10d-9a34-4a72-84d8-95979f3424de => generated 136 bytes in 19 msecs (HTTP/1.1 404) 4 headers in 164 bytes (1 switches on core 0) [pid: 8|app: 0|req: 1846/3480] 10.0.0.211 () {32 vars in 724 bytes} [Thu Jun 25 23:47:42 2026] DELETE /v2.0/subnets/dbe35d95-a004-49b4-8fcd-b347bbd070f4 => generated 0 bytes in 172 msecs (HTTP/1.1 204) 3 headers in 131 bytes (1 switches on core 0)
2026-06-25 23:47:42.331 7 INFO neutron.pecan_wsgi.hooks.translation [None req-4db33091-ec22-4307-a050-6e2c4bcb163d cc796e804af441c584d589fb179bcf26 f46a9ed8dcd84d38959a840a6b53edb4 - - default default] GET failed (client error): The resource could not be found. [pid: 7|app: 0|req: 1635/3481] 10.0.0.211 () {32 vars in 721 bytes} [Thu Jun 25 23:47:42 2026] GET /v2.0/subnets/dbe35d95-a004-49b4-8fcd-b347bbd070f4 => generated 136 bytes in 16 msecs (HTTP/1.1 404) 4 headers in 164 bytes (1 switches on core 0)
2026-06-25 23:47:42.473 8 INFO neutron_taas.services.taas.taas_plugin [None req-47252589-6d89-42b6-b30d-54eb3969f78b cc796e804af441c584d589fb179bcf26 f46a9ed8dcd84d38959a840a6b53edb4 - - default default] TaaS: Handle Delete Port: 2a7263c4-a61f-4de1-91f1-77055a2d31a8
2026-06-25 23:47:42.477 8 INFO neutron_taas.services.taas.tap_mirror_plugin [None req-47252589-6d89-42b6-b30d-54eb3969f78b cc796e804af441c584d589fb179bcf26 f46a9ed8dcd84d38959a840a6b53edb4 - - default default] Tap Mirror: Handle Delete Port: 2a7263c4-a61f-4de1-91f1-77055a2d31a8 [pid: 8|app: 0|req: 1847/3482] 10.0.0.211 () {32 vars in 726 bytes} [Thu Jun 25 23:47:42 2026] DELETE /v2.0/networks/c9138c7f-be22-4245-9ddb-9f45cc79df4e => generated 0 bytes in 380 msecs (HTTP/1.1 204) 3 headers in 131 bytes (1 switches on core 0)
2026-06-25 23:47:42.737 7 INFO neutron.pecan_wsgi.hooks.translation [None req-2c37a721-d779-46e2-b9e4-24061fd5e2a0 cc796e804af441c584d589fb179bcf26 f46a9ed8dcd84d38959a840a6b53edb4 - - default default] GET failed (client error): The resource could not be found. [pid: 7|app: 0|req: 1636/3483] 10.0.0.211 () {32 vars in 723 bytes} [Thu Jun 25 23:47:42 2026] GET /v2.0/networks/c9138c7f-be22-4245-9ddb-9f45cc79df4e => generated 138 bytes in 17 msecs (HTTP/1.1 404) 4 headers in 164 bytes (1 switches on core 0) [pid: 8|app: 0|req: 1848/3484] 10.0.0.211 () {32 vars in 724 bytes} [Thu Jun 25 23:47:42 2026] DELETE /v2.0/subnets/bd22cb64-d576-43cb-900a-6bb235e59a03 => generated 0 bytes in 131 msecs (HTTP/1.1 204) 3 headers in 131 bytes (1 switches on core 0)
2026-06-25 23:47:42.896 7 INFO neutron.pecan_wsgi.hooks.translation [None req-f7645795-0997-4dae-b5a3-5d06d507ddab cc796e804af441c584d589fb179bcf26 f46a9ed8dcd84d38959a840a6b53edb4 - - default default] GET failed (client error): The resource could not be found. [pid: 7|app: 0|req: 1637/3485] 10.0.0.211 () {32 vars in 721 bytes} [Thu Jun 25 23:47:42 2026] GET /v2.0/subnets/bd22cb64-d576-43cb-900a-6bb235e59a03 => generated 136 bytes in 17 msecs (HTTP/1.1 404) 4 headers in 164 bytes (1 switches on core 0) [pid: 8|app: 0|req: 1849/3486] 10.0.0.211 () {32 vars in 724 bytes} [Thu Jun 25 23:47:42 2026] DELETE /v2.0/subnets/afb3766c-f9fe-4425-9f1e-6ab95c192181 => generated 0 bytes in 159 msecs (HTTP/1.1 204) 3 headers in 131 bytes (1 switches on core 0)
2026-06-25 23:47:43.076 7 INFO neutron.pecan_wsgi.hooks.translation [None req-6ce1b263-2662-4c5d-8fe8-0564a3226279 cc796e804af441c584d589fb179bcf26 f46a9ed8dcd84d38959a840a6b53edb4 - - default default] GET failed (client error): The resource could not be found. [pid: 7|app: 0|req: 1638/3487] 10.0.0.211 () {32 vars in 721 bytes} [Thu Jun 25 23:47:43 2026] GET /v2.0/subnets/afb3766c-f9fe-4425-9f1e-6ab95c192181 => generated 136 bytes in 14 msecs (HTTP/1.1 404) 4 headers in 164 bytes (1 switches on core 0)
2026-06-25 23:47:43.196 8 INFO neutron_taas.services.taas.taas_plugin [None req-3b28430d-0c97-4a07-94ff-6b54e7ed129c cc796e804af441c584d589fb179bcf26 f46a9ed8dcd84d38959a840a6b53edb4 - - default default] TaaS: Handle Delete Port: 23d533c1-d474-461b-9caa-aaabc329b9bf
2026-06-25 23:47:43.199 8 INFO neutron_taas.services.taas.tap_mirror_plugin [None req-3b28430d-0c97-4a07-94ff-6b54e7ed129c cc796e804af441c584d589fb179bcf26 f46a9ed8dcd84d38959a840a6b53edb4 - - default default] Tap Mirror: Handle Delete Port: 23d533c1-d474-461b-9caa-aaabc329b9bf [pid: 8|app: 0|req: 1850/3488] 10.0.0.211 () {32 vars in 726 bytes} [Thu Jun 25 23:47:43 2026] DELETE /v2.0/networks/534a7408-762b-4e7a-a2ca-7bc72f1f5347 => generated 0 bytes in 323 msecs (HTTP/1.1 204) 3 headers in 131 bytes (1 switches on core 0)
2026-06-25 23:47:43.427 7 INFO neutron.pecan_wsgi.hooks.translation [None req-13444a34-a49d-4eab-88ba-09bda8d3f34b cc796e804af441c584d589fb179bcf26 f46a9ed8dcd84d38959a840a6b53edb4 - - default default] GET failed (client error): The resource could not be found. [pid: 7|app: 0|req: 1639/3489] 10.0.0.211 () {32 vars in 723 bytes} [Thu Jun 25 23:47:43 2026] GET /v2.0/networks/534a7408-762b-4e7a-a2ca-7bc72f1f5347 => generated 138 bytes in 17 msecs (HTTP/1.1 404) 4 headers in 164 bytes (1 switches on core 0) [pid: 8|app: 0|req: 1851/3490] 10.0.0.142 () {28 vars in 585 bytes} [Thu Jun 25 23:47:43 2026] GET /v2.0/networks => generated 2288 bytes in 112 msecs (HTTP/1.1 200) 4 headers in 158 bytes (1 switches on core 0) [pid: 7|app: 0|req: 1640/3491] 10.0.0.142 () {28 vars in 581 bytes} [Thu Jun 25 23:47:43 2026] GET /v2.0/agents => generated 1214 bytes in 22 msecs (HTTP/1.1 200) 4 headers in 158 bytes (1 switches on core 0) [pid: 8|app: 0|req: 1852/3492] 10.0.0.142 () {28 vars in 599 bytes} [Thu Jun 25 23:47:43 2026] GET /v2.0/security-groups => generated 20305 bytes in 40 msecs (HTTP/1.1 200) 4 headers in 159 bytes (1 switches on core 0) [pid: 7|app: 0|req: 1641/3493] 10.0.0.142 () {28 vars in 583 bytes} [Thu Jun 25 23:47:43 2026] GET /v2.0/routers => generated 15 bytes in 26 msecs (HTTP/1.1 200) 4 headers in 156 bytes (1 switches on core 0) [pid: 8|app: 0|req: 1853/3494] 10.0.0.142 () {28 vars in 624 bytes} [Thu Jun 25 23:47:43 2026] GET /v2.0/agents?binary=ovn-controller => generated 416 bytes in 14 msecs (HTTP/1.1 200) 4 headers in 157 bytes (1 switches on core 0) [pid: 7|app: 0|req: 1642/3495] 10.0.0.142 () {28 vars in 583 bytes} [Thu Jun 25 23:47:43 2026] GET /v2.0/subnets => generated 1308 bytes in 30 msecs (HTTP/1.1 200) 4 headers in 158 bytes (1 switches on core 0) [pid: 8|app: 0|req: 1854/3496] 10.0.0.142 () {28 vars in 591 bytes} [Thu Jun 25 23:47:43 2026] GET /v2.0/subnetpools => generated 19 bytes in 9 msecs (HTTP/1.1 200) 4 headers in 156 bytes (1 switches on core 0) [pid: 7|app: 0|req: 1643/3497] 10.0.0.142 () {28 vars in 591 bytes} [Thu Jun 25 23:47:43 2026] GET /v2.0/floatingips => generated 19 bytes in 16 msecs (HTTP/1.1 200) 4 headers in 156 bytes (1 switches on core 0) [pid: 8|app: 0|req: 1855/3498] 10.0.0.142 () {28 vars in 583 bytes} [Thu Jun 25 23:47:43 2026] GET /v2.0/subnets => generated 1308 bytes in 26 msecs (HTTP/1.1 200) 4 headers in 158 bytes (1 switches on core 0) [pid: 7|app: 0|req: 1644/3499] 10.0.0.142 () {28 vars in 579 bytes} [Thu Jun 25 23:47:43 2026] GET /v2.0/ports => generated 5175 bytes in 82 msecs (HTTP/1.1 200) 4 headers in 158 bytes (1 switches on core 0) [pid: 8|app: 0|req: 1856/3500] 10.0.0.142 () {28 vars in 619 bytes} [Thu Jun 25 23:47:43 2026] GET /v2.0/network-ip-availabilities => generated 1104 bytes in 19 msecs (HTTP/1.1 200) 4 headers in 158 bytes (1 switches on core 0)
2026-06-25 23:47:43.926 8 INFO neutron.services.segments.plugin [-] Segment 95787ccc-9aa3-476b-80b5-82087e5b5603 resource provider aggregate not found
2026-06-25 23:47:43.931 8 INFO neutron.services.segments.plugin [-] Segment 95787ccc-9aa3-476b-80b5-82087e5b5603 resource provider aggregate not found
2026-06-25 23:47:43.944 8 INFO neutron.services.segments.plugin [-] Segment 95787ccc-9aa3-476b-80b5-82087e5b5603 resource provider not found; error: Placement Client Error (4xx): {"errors": [{"status": 404, "title": "Not Found", "detail": "The resource could not be found.\n\n No resource provider with uuid 95787ccc-9aa3-476b-80b5-82087e5b5603 found for delete ", "request_id": "req-d783f876-0b81-4e3f-855d-027bc8d30cad"}]}
2026-06-25 23:47:43.947 8 INFO neutron.services.segments.plugin [-] Segment 95787ccc-9aa3-476b-80b5-82087e5b5603 resource provider not found; error: Placement Client Error (4xx): {"errors": [{"status": 404, "title": "Not Found", "detail": "The resource could not be found.\n\n No resource provider with uuid 95787ccc-9aa3-476b-80b5-82087e5b5603 found for delete ", "request_id": "req-ee6624e5-dc1d-4a22-b39d-1908d680c086"}]}
2026-06-25 23:47:43.962 8 INFO neutron.services.segments.plugin [-] Segment 83afb3cf-2490-4aa7-9a45-31aec21e3ba4 resource provider aggregate not found
2026-06-25 23:47:43.966 8 INFO neutron.services.segments.plugin [-] Segment 83afb3cf-2490-4aa7-9a45-31aec21e3ba4 resource provider aggregate not found
2026-06-25 23:47:43.977 8 INFO neutron.services.segments.plugin [-] Segment 83afb3cf-2490-4aa7-9a45-31aec21e3ba4 resource provider not found; error: Placement Client Error (4xx): {"errors": [{"status": 404, "title": "Not Found", "detail": "The resource could not be found.\n\n No resource provider with uuid 83afb3cf-2490-4aa7-9a45-31aec21e3ba4 found for delete ", "request_id": "req-3d05a23f-3fd4-4071-b4a2-089cbc02631b"}]}
2026-06-25 23:47:43.983 8 INFO neutron.services.segments.plugin [-] Segment 83afb3cf-2490-4aa7-9a45-31aec21e3ba4 resource provider not found; error: Placement Client Error (4xx): {"errors": [{"status": 404, "title": "Not Found", "detail": "The resource could not be found.\n\n No resource provider with uuid 83afb3cf-2490-4aa7-9a45-31aec21e3ba4 found for delete ", "request_id": "req-e97b7d30-d9d5-416e-b108-ecf4bb26a990"}]}
2026-06-25 23:47:45.363 8 INFO neutron.db.ovn_revision_numbers_db [None req-6a41231b-b9ab-4d17-af1c-f0d89273de5f b56c4335ae8c41309411eb3a90c65c2c 3372b0a5315e46b58ced221fcb61f3ef - - default default] Successfully bumped revision number for resource 6230eb4b-1fe9-41cc-9a8e-c0e77cb10b90 (type: security_groups) to 1
2026-06-25 23:47:45.375 8 INFO neutron.db.ovn_revision_numbers_db [None req-6a41231b-b9ab-4d17-af1c-f0d89273de5f b56c4335ae8c41309411eb3a90c65c2c 3372b0a5315e46b58ced221fcb61f3ef - - default default] Successfully bumped revision number for resource 16d6e3b0-bd87-46cc-b2dd-bc93c1f267d3 (type: security_group_rules) to 0
2026-06-25 23:47:45.386 8 INFO neutron.db.ovn_revision_numbers_db [None req-6a41231b-b9ab-4d17-af1c-f0d89273de5f b56c4335ae8c41309411eb3a90c65c2c 3372b0a5315e46b58ced221fcb61f3ef - - default default] Successfully bumped revision number for resource a4b50caa-fbf2-4ff5-9d2b-6fd0f789f547 (type: security_group_rules) to 0
2026-06-25 23:47:45.397 8 INFO neutron.db.ovn_revision_numbers_db [None req-6a41231b-b9ab-4d17-af1c-f0d89273de5f b56c4335ae8c41309411eb3a90c65c2c 3372b0a5315e46b58ced221fcb61f3ef - - default default] Successfully bumped revision number for resource d2cff34b-a245-4d7e-91f7-b74cf883639d (type: security_group_rules) to 0
2026-06-25 23:47:45.418 8 INFO neutron.db.ovn_revision_numbers_db [None req-6a41231b-b9ab-4d17-af1c-f0d89273de5f b56c4335ae8c41309411eb3a90c65c2c 3372b0a5315e46b58ced221fcb61f3ef - - default default] Successfully bumped revision number for resource d9918ac6-3159-46d1-89e5-e0d17dc2d206 (type: security_group_rules) to 0 [pid: 8|app: 0|req: 1858/3503] 10.0.0.211 () {32 vars in 774 bytes} [Thu Jun 25 23:47:45 2026] GET /v2.0/security-groups?tenant_id=c3aff3a1056b4508bec36b0c43b4bd6c&name=default => generated 2929 bytes in 354 msecs (HTTP/1.1 200) 4 headers in 158 bytes (1 switches on core 0) [pid: 7|app: 0|req: 1646/3504] 10.0.0.211 () {32 vars in 740 bytes} [Thu Jun 25 23:47:45 2026] DELETE /v2.0/security-groups/6230eb4b-1fe9-41cc-9a8e-c0e77cb10b90 => generated 0 bytes in 243 msecs (HTTP/1.1 204) 2 headers in 112 bytes (1 switches on core 0) [pid: 8|app: 0|req: 1859/3505] 10.0.0.211 () {32 vars in 774 bytes} [Thu Jun 25 23:47:45 2026] GET /v2.0/security-groups?tenant_id=f46a9ed8dcd84d38959a840a6b53edb4&name=default => generated 2925 bytes in 34 msecs (HTTP/1.1 200) 4 headers in 158 bytes (1 switches on core 0) [pid: 7|app: 0|req: 1647/3506] 10.0.0.211 () {32 vars in 740 bytes} [Thu Jun 25 23:47:45 2026] DELETE /v2.0/security-groups/518a8fd5-ef54-4244-8c32-f0c5a84b776c => generated 0 bytes in 214 msecs (HTTP/1.1 204) 2 headers in 112 bytes (1 switches on core 0)
2026-06-25 23:47:46.263 8 INFO neutron.db.ovn_revision_numbers_db [None req-b1116bc5-88c3-4a70-a4f8-e1d09e59f17d b56c4335ae8c41309411eb3a90c65c2c 3372b0a5315e46b58ced221fcb61f3ef - - default default] Successfully bumped revision number for resource b80a3914-f610-41f7-ba35-5c0380402d94 (type: security_groups) to 1
2026-06-25 23:47:46.274 8 INFO neutron.db.ovn_revision_numbers_db [None req-b1116bc5-88c3-4a70-a4f8-e1d09e59f17d b56c4335ae8c41309411eb3a90c65c2c 3372b0a5315e46b58ced221fcb61f3ef - - default default] Successfully bumped revision number for resource 4eb0190c-5672-4fef-bb35-86138f3e9f6a (type: security_group_rules) to 0
2026-06-25 23:47:46.283 8 INFO neutron.db.ovn_revision_numbers_db [None req-b1116bc5-88c3-4a70-a4f8-e1d09e59f17d b56c4335ae8c41309411eb3a90c65c2c 3372b0a5315e46b58ced221fcb61f3ef - - default default] Successfully bumped revision number for resource a0bb64e9-905c-4fbc-b2d3-d81d9b74d9fc (type: security_group_rules) to 0
2026-06-25 23:47:46.295 8 INFO neutron.db.ovn_revision_numbers_db [None req-b1116bc5-88c3-4a70-a4f8-e1d09e59f17d b56c4335ae8c41309411eb3a90c65c2c 3372b0a5315e46b58ced221fcb61f3ef - - default default] Successfully bumped revision number for resource c1221e18-e6de-459a-aea5-29ea2dacac8a (type: security_group_rules) to 0
2026-06-25 23:47:46.307 8 INFO neutron.db.ovn_revision_numbers_db [None req-b1116bc5-88c3-4a70-a4f8-e1d09e59f17d b56c4335ae8c41309411eb3a90c65c2c 3372b0a5315e46b58ced221fcb61f3ef - - default default] Successfully bumped revision number for resource dfadb8c3-ec01-4ade-b80d-10a0aa1870d4 (type: security_group_rules) to 0 [pid: 8|app: 0|req: 1860/3507] 10.0.0.211 () {32 vars in 774 bytes} [Thu Jun 25 23:47:46 2026] GET /v2.0/security-groups?tenant_id=3aa7d36ec6c24d0fb983ec1c11aa1693&name=default => generated 2929 bytes in 189 msecs (HTTP/1.1 200) 4 headers in 158 bytes (1 switches on core 0) [pid: 7|app: 0|req: 1648/3508] 10.0.0.211 () {32 vars in 740 bytes} [Thu Jun 25 23:47:46 2026] DELETE /v2.0/security-groups/b80a3914-f610-41f7-ba35-5c0380402d94 => generated 0 bytes in 285 msecs (HTTP/1.1 204) 2 headers in 112 bytes (1 switches on core 0)
2026-06-25 23:47:46.893 8 INFO neutron.db.ovn_revision_numbers_db [None req-10333d72-196b-4113-9c00-f36936c3ce9e b56c4335ae8c41309411eb3a90c65c2c 3372b0a5315e46b58ced221fcb61f3ef - - default default] Successfully bumped revision number for resource 5a63b38e-fbb8-4df4-94f5-96bbbaa18e18 (type: security_groups) to 1
2026-06-25 23:47:46.906 8 INFO neutron.db.ovn_revision_numbers_db [None req-10333d72-196b-4113-9c00-f36936c3ce9e b56c4335ae8c41309411eb3a90c65c2c 3372b0a5315e46b58ced221fcb61f3ef - - default default] Successfully bumped revision number for resource 3d8c06e4-1040-4c8c-87c0-122f521c2317 (type: security_group_rules) to 0
2026-06-25 23:47:46.917 8 INFO neutron.db.ovn_revision_numbers_db [None req-10333d72-196b-4113-9c00-f36936c3ce9e b56c4335ae8c41309411eb3a90c65c2c 3372b0a5315e46b58ced221fcb61f3ef - - default default] Successfully bumped revision number for resource 40cf8ba2-a0ac-4d03-87e8-cfa399594cac (type: security_group_rules) to 0
2026-06-25 23:47:46.928 8 INFO neutron.db.ovn_revision_numbers_db [None req-10333d72-196b-4113-9c00-f36936c3ce9e b56c4335ae8c41309411eb3a90c65c2c 3372b0a5315e46b58ced221fcb61f3ef - - default default] Successfully bumped revision number for resource 5b28c4cf-4e26-4273-9c36-dabb3d251c65 (type: security_group_rules) to 0
2026-06-25 23:47:46.939 8 INFO neutron.db.ovn_revision_numbers_db [None req-10333d72-196b-4113-9c00-f36936c3ce9e b56c4335ae8c41309411eb3a90c65c2c 3372b0a5315e46b58ced221fcb61f3ef - - default default] Successfully bumped revision number for resource 8b14c20f-571c-4ed2-8498-047ecbea0f55 (type: security_group_rules) to 0 [pid: 8|app: 0|req: 1861/3509] 10.0.0.211 () {32 vars in 774 bytes} [Thu Jun 25 23:47:46 2026] GET /v2.0/security-groups?tenant_id=1e4b6eacf3d64809a2a824226e207682&name=default => generated 2929 bytes in 206 msecs (HTTP/1.1 200) 4 headers in 158 bytes (1 switches on core 0) [pid: 7|app: 0|req: 1649/3510] 10.0.0.211 () {32 vars in 740 bytes} [Thu Jun 25 23:47:46 2026] DELETE /v2.0/security-groups/5a63b38e-fbb8-4df4-94f5-96bbbaa18e18 => generated 0 bytes in 217 msecs (HTTP/1.1 204) 2 headers in 112 bytes (1 switches on core 0)
2026-06-25 23:47:47.463 8 INFO neutron.db.ovn_revision_numbers_db [None req-208ef9b2-de11-4779-b33b-bc76fe536b7e b56c4335ae8c41309411eb3a90c65c2c 3372b0a5315e46b58ced221fcb61f3ef - - default default] Successfully bumped revision number for resource 25866652-20df-4e7f-b29e-964a036a26aa (type: security_groups) to 1
2026-06-25 23:47:47.476 8 INFO neutron.db.ovn_revision_numbers_db [None req-208ef9b2-de11-4779-b33b-bc76fe536b7e b56c4335ae8c41309411eb3a90c65c2c 3372b0a5315e46b58ced221fcb61f3ef - - default default] Successfully bumped revision number for resource 755f7226-245a-4770-9033-98c07735f3c0 (type: security_group_rules) to 0
2026-06-25 23:47:47.491 8 INFO neutron.db.ovn_revision_numbers_db [None req-208ef9b2-de11-4779-b33b-bc76fe536b7e b56c4335ae8c41309411eb3a90c65c2c 3372b0a5315e46b58ced221fcb61f3ef - - default default] Successfully bumped revision number for resource 7f9e6843-c057-4e68-a3df-e018d7d34a3f (type: security_group_rules) to 0
2026-06-25 23:47:47.504 8 INFO neutron.db.ovn_revision_numbers_db [None req-208ef9b2-de11-4779-b33b-bc76fe536b7e b56c4335ae8c41309411eb3a90c65c2c 3372b0a5315e46b58ced221fcb61f3ef - - default default] Successfully bumped revision number for resource 8a44d890-5c23-4516-bf27-091a926f14fb (type: security_group_rules) to 0
2026-06-25 23:47:47.515 8 INFO neutron.db.ovn_revision_numbers_db [None req-208ef9b2-de11-4779-b33b-bc76fe536b7e b56c4335ae8c41309411eb3a90c65c2c 3372b0a5315e46b58ced221fcb61f3ef - - default default] Successfully bumped revision number for resource a84e5059-51fe-440f-b8e8-645268d144f4 (type: security_group_rules) to 0 [pid: 8|app: 0|req: 1862/3511] 10.0.0.211 () {32 vars in 774 bytes} [Thu Jun 25 23:47:47 2026] GET /v2.0/security-groups?tenant_id=692112cbb7784c669ce88bab8543113f&name=default => generated 2929 bytes in 218 msecs (HTTP/1.1 200) 4 headers in 158 bytes (1 switches on core 0) [pid: 7|app: 0|req: 1650/3512] 10.0.0.211 () {32 vars in 740 bytes} [Thu Jun 25 23:47:47 2026] DELETE /v2.0/security-groups/25866652-20df-4e7f-b29e-964a036a26aa => generated 0 bytes in 199 msecs (HTTP/1.1 204) 2 headers in 112 bytes (1 switches on core 0)
2026-06-25 23:47:48.017 8 INFO neutron.db.ovn_revision_numbers_db [None req-18632201-fa3c-451b-ae10-c478b7a35304 b56c4335ae8c41309411eb3a90c65c2c 3372b0a5315e46b58ced221fcb61f3ef - - default default] Successfully bumped revision number for resource 5993d45e-a099-4068-b67f-60d355f88a2a (type: security_groups) to 1
2026-06-25 23:47:48.028 8 INFO neutron.db.ovn_revision_numbers_db [None req-18632201-fa3c-451b-ae10-c478b7a35304 b56c4335ae8c41309411eb3a90c65c2c 3372b0a5315e46b58ced221fcb61f3ef - - default default] Successfully bumped revision number for resource 84adc7fd-f80a-498a-afcd-56a3aed9099f (type: security_group_rules) to 0
2026-06-25 23:47:48.039 8 INFO neutron.db.ovn_revision_numbers_db [None req-18632201-fa3c-451b-ae10-c478b7a35304 b56c4335ae8c41309411eb3a90c65c2c 3372b0a5315e46b58ced221fcb61f3ef - - default default] Successfully bumped revision number for resource a9a5573d-f3d3-4c85-a9e1-e7c8569a491a (type: security_group_rules) to 0
2026-06-25 23:47:48.050 8 INFO neutron.db.ovn_revision_numbers_db [None req-18632201-fa3c-451b-ae10-c478b7a35304 b56c4335ae8c41309411eb3a90c65c2c 3372b0a5315e46b58ced221fcb61f3ef - - default default] Successfully bumped revision number for resource aa312e38-63e0-4cf3-a99d-32839437dfd6 (type: security_group_rules) to 0
2026-06-25 23:47:48.062 8 INFO neutron.db.ovn_revision_numbers_db [None req-18632201-fa3c-451b-ae10-c478b7a35304 b56c4335ae8c41309411eb3a90c65c2c 3372b0a5315e46b58ced221fcb61f3ef - - default default] Successfully bumped revision number for resource ab69e6d2-e7a3-4061-82fe-a5744b6df392 (type: security_group_rules) to 0 [pid: 8|app: 0|req: 1863/3513] 10.0.0.211 () {32 vars in 774 bytes} [Thu Jun 25 23:47:47 2026] GET /v2.0/security-groups?tenant_id=eeb6edfaa7044f0c9b1116f7c40372b6&name=default => generated 2929 bytes in 223 msecs (HTTP/1.1 200) 4 headers in 158 bytes (1 switches on core 0) [pid: 7|app: 0|req: 1651/3514] 10.0.0.211 () {32 vars in 740 bytes} [Thu Jun 25 23:47:48 2026] DELETE /v2.0/security-groups/5993d45e-a099-4068-b67f-60d355f88a2a => generated 0 bytes in 221 msecs (HTTP/1.1 204) 2 headers in 112 bytes (1 switches on core 0)
2026-06-25 23:47:48.618 8 INFO neutron.db.ovn_revision_numbers_db [None req-9f2cfcfe-88fe-4ac1-9d41-91ebd7221cb9 b56c4335ae8c41309411eb3a90c65c2c 3372b0a5315e46b58ced221fcb61f3ef - - default default] Successfully bumped revision number for resource f9e1c60a-ed01-4e24-ac38-edd06ed4be69 (type: security_groups) to 1
2026-06-25 23:47:48.629 8 INFO neutron.db.ovn_revision_numbers_db [None req-9f2cfcfe-88fe-4ac1-9d41-91ebd7221cb9 b56c4335ae8c41309411eb3a90c65c2c 3372b0a5315e46b58ced221fcb61f3ef - - default default] Successfully bumped revision number for resource 1bf7b310-1e41-485e-b44f-92ef6b3c491d (type: security_group_rules) to 0
2026-06-25 23:47:48.642 8 INFO neutron.db.ovn_revision_numbers_db [None req-9f2cfcfe-88fe-4ac1-9d41-91ebd7221cb9 b56c4335ae8c41309411eb3a90c65c2c 3372b0a5315e46b58ced221fcb61f3ef - - default default] Successfully bumped revision number for resource 2c1881fa-e823-4145-b675-6c0300a65bda (type: security_group_rules) to 0
2026-06-25 23:47:48.653 8 INFO neutron.db.ovn_revision_numbers_db [None req-9f2cfcfe-88fe-4ac1-9d41-91ebd7221cb9 b56c4335ae8c41309411eb3a90c65c2c 3372b0a5315e46b58ced221fcb61f3ef - - default default] Successfully bumped revision number for resource 64856b8a-34c8-42bc-bd9c-6e53e01d51fb (type: security_group_rules) to 0
2026-06-25 23:47:48.667 8 INFO neutron.db.ovn_revision_numbers_db [None req-9f2cfcfe-88fe-4ac1-9d41-91ebd7221cb9 b56c4335ae8c41309411eb3a90c65c2c 3372b0a5315e46b58ced221fcb61f3ef - - default default] Successfully bumped revision number for resource da80fe44-4c80-4b4a-83af-d1764b6f2ac2 (type: security_group_rules) to 0 [pid: 8|app: 0|req: 1864/3515] 10.0.0.211 () {32 vars in 774 bytes} [Thu Jun 25 23:47:48 2026] GET /v2.0/security-groups?tenant_id=28f740936b4a43abae95f3842cb7f61b&name=default => generated 2929 bytes in 223 msecs (HTTP/1.1 200) 4 headers in 158 bytes (1 switches on core 0) [pid: 7|app: 0|req: 1652/3516] 10.0.0.211 () {32 vars in 740 bytes} [Thu Jun 25 23:47:48 2026] DELETE /v2.0/security-groups/f9e1c60a-ed01-4e24-ac38-edd06ed4be69 => generated 0 bytes in 215 msecs (HTTP/1.1 204) 2 headers in 112 bytes (1 switches on core 0)
2026-06-25 23:47:53.064 8 INFO neutron.db.ovn_revision_numbers_db [None req-83496fc1-8e58-4122-a688-a4e31ed5a36b fb9088cf11894e6eaef32b96e97bdccc ed0438f4493f48e0b1b849bed2467bb7 - - default default] Successfully bumped revision number for resource fc79babe-fb04-4c04-b256-fb7929b06d00 (type: security_groups) to 1
2026-06-25 23:47:53.077 8 INFO neutron.db.ovn_revision_numbers_db [None req-83496fc1-8e58-4122-a688-a4e31ed5a36b fb9088cf11894e6eaef32b96e97bdccc ed0438f4493f48e0b1b849bed2467bb7 - - default default] Successfully bumped revision number for resource 8b7cec65-9a03-4f31-a906-b4c910090566 (type: security_group_rules) to 0
2026-06-25 23:47:53.088 8 INFO neutron.db.ovn_revision_numbers_db [None req-83496fc1-8e58-4122-a688-a4e31ed5a36b fb9088cf11894e6eaef32b96e97bdccc ed0438f4493f48e0b1b849bed2467bb7 - - default default] Successfully bumped revision number for resource ad079727-afa8-45cb-a962-fc6a5c56807c (type: security_group_rules) to 0
2026-06-25 23:47:53.100 8 INFO neutron.db.ovn_revision_numbers_db [None req-83496fc1-8e58-4122-a688-a4e31ed5a36b fb9088cf11894e6eaef32b96e97bdccc ed0438f4493f48e0b1b849bed2467bb7 - - default default] Successfully bumped revision number for resource adf75a81-1b97-4028-a985-69186181703f (type: security_group_rules) to 0
2026-06-25 23:47:53.111 8 INFO neutron.db.ovn_revision_numbers_db [None req-83496fc1-8e58-4122-a688-a4e31ed5a36b fb9088cf11894e6eaef32b96e97bdccc ed0438f4493f48e0b1b849bed2467bb7 - - default default] Successfully bumped revision number for resource d72cfa67-7d4e-4116-becb-79f9b0a7fcb7 (type: security_group_rules) to 0
2026-06-25 23:47:53.193 8 INFO neutron.db.segments_db [None req-83496fc1-8e58-4122-a688-a4e31ed5a36b fb9088cf11894e6eaef32b96e97bdccc ed0438f4493f48e0b1b849bed2467bb7 - - default default] Added segment 382f0fc0-3b1e-4b16-bf6e-4297a9f21db2 of type geneve for network 1a25bca8-7966-4f4c-bd2a-ce8a9a9c9bfd
2026-06-25 23:47:53.310 8 INFO neutron.db.ovn_revision_numbers_db [None req-83496fc1-8e58-4122-a688-a4e31ed5a36b fb9088cf11894e6eaef32b96e97bdccc ed0438f4493f48e0b1b849bed2467bb7 - - default default] Successfully bumped revision number for resource 1a25bca8-7966-4f4c-bd2a-ce8a9a9c9bfd (type: networks) to 1
2026-06-25 23:47:53.488 8 WARNING neutron.scheduler.dhcp_agent_scheduler [None req-83496fc1-8e58-4122-a688-a4e31ed5a36b fb9088cf11894e6eaef32b96e97bdccc ed0438f4493f48e0b1b849bed2467bb7 - - default default] No more DHCP agents
2026-06-25 23:47:53.492 8 WARNING neutron.api.rpc.agentnotifiers.dhcp_rpc_agent_api [None req-83496fc1-8e58-4122-a688-a4e31ed5a36b fb9088cf11894e6eaef32b96e97bdccc ed0438f4493f48e0b1b849bed2467bb7 - - default default] Unable to schedule network 1a25bca8-7966-4f4c-bd2a-ce8a9a9c9bfd: no agents available; will retry on subsequent port and subnet creation events.
2026-06-25 23:47:53.539 7 INFO neutron.plugins.ml2.drivers.ovn.mech_driver.mech_driver [None req-51031324-2f33-4aff-963f-1725a505f634 - - - - - -] OVN reports status down for port: 8ae81982-193c-4c3c-ab1a-588caa9abddb
2026-06-25 23:47:53.572 8 INFO neutron.db.ovn_revision_numbers_db [None req-83496fc1-8e58-4122-a688-a4e31ed5a36b fb9088cf11894e6eaef32b96e97bdccc ed0438f4493f48e0b1b849bed2467bb7 - - default default] Successfully bumped revision number for resource 8ae81982-193c-4c3c-ab1a-588caa9abddb (type: ports) to 1 [pid: 8|app: 0|req: 1865/3517] 10.0.0.211 () {34 vars in 670 bytes} [Thu Jun 25 23:47:52 2026] POST /v2.0/networks => generated 768 bytes in 824 msecs (HTTP/1.1 201) 4 headers in 162 bytes (1 switches on core 0)
2026-06-25 23:47:53.736 7 WARNING neutron.scheduler.dhcp_agent_scheduler [None req-e28033f2-63e5-42ec-b3a7-00d17ee5ddff fb9088cf11894e6eaef32b96e97bdccc ed0438f4493f48e0b1b849bed2467bb7 - - default default] No more DHCP agents
2026-06-25 23:47:53.738 7 WARNING neutron.api.rpc.agentnotifiers.dhcp_rpc_agent_api [None req-e28033f2-63e5-42ec-b3a7-00d17ee5ddff fb9088cf11894e6eaef32b96e97bdccc ed0438f4493f48e0b1b849bed2467bb7 - - default default] Unable to schedule network 1a25bca8-7966-4f4c-bd2a-ce8a9a9c9bfd: no agents available; will retry on subsequent port and subnet creation events.
2026-06-25 23:47:54.163 7 INFO neutron.db.ovn_revision_numbers_db [None req-e21adbb2-fe98-4237-b81e-9737a1c0b833 - - - - - -] Successfully bumped revision number for resource 8ae81982-193c-4c3c-ab1a-588caa9abddb (type: ports) to 2
2026-06-25 23:47:54.197 7 INFO neutron.db.ovn_revision_numbers_db [None req-e21adbb2-fe98-4237-b81e-9737a1c0b833 - - - - - -] Successfully bumped revision number for resource 14d20334-f5ce-448e-866e-0bfc9ed0fd05 (type: subnets) to 0 [pid: 7|app: 0|req: 1653/3518] 10.0.0.211 () {34 vars in 669 bytes} [Thu Jun 25 23:47:53 2026] POST /v2.0/subnets => generated 644 bytes in 603 msecs (HTTP/1.1 201) 4 headers in 162 bytes (1 switches on core 0)
2026-06-25 23:47:54.226 8 WARNING neutron.api.v2.base [None req-6437fce9-1c3b-4159-97f3-f5f88be5d4b8 fb9088cf11894e6eaef32b96e97bdccc ed0438f4493f48e0b1b849bed2467bb7 - - default default] An exception happened while processing the request body. The exception message is [Invalid input for target_tenant. Reason: 'None' is not a valid string.].: webob.exc.HTTPBadRequest: Invalid input for target_tenant. Reason: 'None' is not a valid string.
2026-06-25 23:47:54.227 8 INFO neutron.api.v2.resource [None req-6437fce9-1c3b-4159-97f3-f5f88be5d4b8 fb9088cf11894e6eaef32b96e97bdccc ed0438f4493f48e0b1b849bed2467bb7 - - default default] create failed (client error): Invalid input for target_tenant. Reason: 'None' is not a valid string. [pid: 8|app: 0|req: 1866/3519] 10.0.0.211 () {34 vars in 681 bytes} [Thu Jun 25 23:47:54 2026] POST /v2.0/rbac-policies => generated 143 bytes in 9 msecs (HTTP/1.1 400) 4 headers in 166 bytes (1 switches on core 0)
2026-06-25 23:47:54.381 7 INFO neutron_taas.services.taas.taas_plugin [None req-572d96e7-27fb-4e40-9fc4-297472de3082 fb9088cf11894e6eaef32b96e97bdccc ed0438f4493f48e0b1b849bed2467bb7 - - default default] TaaS: Handle Delete Port: 8ae81982-193c-4c3c-ab1a-588caa9abddb
2026-06-25 23:47:54.383 7 INFO neutron_taas.services.taas.tap_mirror_plugin [None req-572d96e7-27fb-4e40-9fc4-297472de3082 fb9088cf11894e6eaef32b96e97bdccc ed0438f4493f48e0b1b849bed2467bb7 - - default default] Tap Mirror: Handle Delete Port: 8ae81982-193c-4c3c-ab1a-588caa9abddb
2026-06-25 23:47:54.691 7 INFO neutron.services.segments.plugin [-] Segment 382f0fc0-3b1e-4b16-bf6e-4297a9f21db2 resource provider aggregate not found
2026-06-25 23:47:54.695 7 INFO neutron.services.segments.plugin [-] Segment 382f0fc0-3b1e-4b16-bf6e-4297a9f21db2 resource provider aggregate not found
2026-06-25 23:47:54.711 7 INFO neutron.services.segments.plugin [-] Segment 382f0fc0-3b1e-4b16-bf6e-4297a9f21db2 resource provider not found; error: Placement Client Error (4xx): {"errors": [{"status": 404, "title": "Not Found", "detail": "The resource could not be found.\n\n No resource provider with uuid 382f0fc0-3b1e-4b16-bf6e-4297a9f21db2 found for delete ", "request_id": "req-9b37cee3-0ee2-481c-afe9-002bfe01df43"}]}
2026-06-25 23:47:54.715 7 INFO neutron.services.segments.plugin [-] Segment 382f0fc0-3b1e-4b16-bf6e-4297a9f21db2 resource provider not found; error: Placement Client Error (4xx): {"errors": [{"status": 404, "title": "Not Found", "detail": "The resource could not be found.\n\n No resource provider with uuid 382f0fc0-3b1e-4b16-bf6e-4297a9f21db2 found for delete ", "request_id": "req-40c712c6-38b6-434c-bc5b-048727a7e5c3"}]} [pid: 7|app: 0|req: 1654/3520] 10.0.0.211 () {32 vars in 726 bytes} [Thu Jun 25 23:47:54 2026] DELETE /v2.0/networks/1a25bca8-7966-4f4c-bd2a-ce8a9a9c9bfd => generated 0 bytes in 496 msecs (HTTP/1.1 204) 3 headers in 131 bytes (1 switches on core 0)
2026-06-25 23:47:54.822 8 INFO neutron.db.segments_db [None req-7f98d8ab-6299-457f-ba13-cf6544c87df0 fb9088cf11894e6eaef32b96e97bdccc ed0438f4493f48e0b1b849bed2467bb7 - - default default] Added segment 960b4592-3734-4c7f-9ec3-f61e0f8f9722 of type geneve for network e8ff0c80-943c-48a3-b87a-665f7caa8771
2026-06-25 23:47:54.925 8 INFO neutron.db.ovn_revision_numbers_db [None req-7f98d8ab-6299-457f-ba13-cf6544c87df0 fb9088cf11894e6eaef32b96e97bdccc ed0438f4493f48e0b1b849bed2467bb7 - - default default] Successfully bumped revision number for resource e8ff0c80-943c-48a3-b87a-665f7caa8771 (type: networks) to 1
2026-06-25 23:47:55.072 8 WARNING neutron.scheduler.dhcp_agent_scheduler [None req-7f98d8ab-6299-457f-ba13-cf6544c87df0 fb9088cf11894e6eaef32b96e97bdccc ed0438f4493f48e0b1b849bed2467bb7 - - default default] No more DHCP agents
2026-06-25 23:47:55.074 8 WARNING neutron.api.rpc.agentnotifiers.dhcp_rpc_agent_api [None req-7f98d8ab-6299-457f-ba13-cf6544c87df0 fb9088cf11894e6eaef32b96e97bdccc ed0438f4493f48e0b1b849bed2467bb7 - - default default] Unable to schedule network e8ff0c80-943c-48a3-b87a-665f7caa8771: no agents available; will retry on subsequent port and subnet creation events.
2026-06-25 23:47:55.127 7 INFO neutron.plugins.ml2.drivers.ovn.mech_driver.mech_driver [None req-51031324-2f33-4aff-963f-1725a505f634 - - - - - -] OVN reports status down for port: c8f19ff0-dc2f-4723-9384-08174e2ef8ea
2026-06-25 23:47:55.158 8 INFO neutron.db.ovn_revision_numbers_db [None req-7f98d8ab-6299-457f-ba13-cf6544c87df0 fb9088cf11894e6eaef32b96e97bdccc ed0438f4493f48e0b1b849bed2467bb7 - - default default] Successfully bumped revision number for resource c8f19ff0-dc2f-4723-9384-08174e2ef8ea (type: ports) to 1 [pid: 8|app: 0|req: 1867/3521] 10.0.0.211 () {34 vars in 670 bytes} [Thu Jun 25 23:47:54 2026] POST /v2.0/networks => generated 767 bytes in 443 msecs (HTTP/1.1 201) 4 headers in 162 bytes (1 switches on core 0)
2026-06-25 23:47:55.322 7 WARNING neutron.scheduler.dhcp_agent_scheduler [None req-67c09583-2f30-4a17-adb7-26633aa6aeb3 fb9088cf11894e6eaef32b96e97bdccc ed0438f4493f48e0b1b849bed2467bb7 - - default default] No more DHCP agents
2026-06-25 23:47:55.323 7 WARNING neutron.api.rpc.agentnotifiers.dhcp_rpc_agent_api [None req-67c09583-2f30-4a17-adb7-26633aa6aeb3 fb9088cf11894e6eaef32b96e97bdccc ed0438f4493f48e0b1b849bed2467bb7 - - default default] Unable to schedule network e8ff0c80-943c-48a3-b87a-665f7caa8771: no agents available; will retry on subsequent port and subnet creation events.
2026-06-25 23:47:55.772 7 INFO neutron.db.ovn_revision_numbers_db [None req-2f56e49e-b144-483c-9e13-0be3d8a575c1 - - - - - -] Successfully bumped revision number for resource c8f19ff0-dc2f-4723-9384-08174e2ef8ea (type: ports) to 2
2026-06-25 23:47:55.808 7 INFO neutron.db.ovn_revision_numbers_db [None req-2f56e49e-b144-483c-9e13-0be3d8a575c1 - - - - - -] Successfully bumped revision number for resource 0f82c240-6f3e-49a1-971b-c8b17b0ced89 (type: subnets) to 0 [pid: 7|app: 0|req: 1655/3522] 10.0.0.211 () {34 vars in 669 bytes} [Thu Jun 25 23:47:55 2026] POST /v2.0/subnets => generated 647 bytes in 638 msecs (HTTP/1.1 201) 4 headers in 162 bytes (1 switches on core 0)
2026-06-25 23:47:55.840 8 WARNING neutron.api.v2.base [None req-36d68c61-0002-4e24-8e48-f781c0849aed fb9088cf11894e6eaef32b96e97bdccc ed0438f4493f48e0b1b849bed2467bb7 - - default default] An exception happened while processing the request body. The exception message is [Invalid input for target_tenant. Reason: '1234123412341234123412341234123412341234123412341234123412341234123412341234123412341234123412341234123412341234123412341234123412341234123412341234123412341234123412341234123412341234123412341234123412341234123412341234123412341234123412341234123412341234123412341234123412341234123412341234123412341234123412341234123412341234123412341234123412341234123412341234123412341234123412341234123412341234' exceeds maximum length of 255.].: webob.exc.HTTPBadRequest: Invalid input for target_tenant. Reason: '1234123412341234123412341234123412341234123412341234123412341234123412341234123412341234123412341234123412341234123412341234123412341234123412341234123412341234123412341234123412341234123412341234123412341234123412341234123412341234123412341234123412341234123412341234123412341234123412341234123412341234123412341234123412341234123412341234123412341234123412341234123412341234123412341234123412341234' exceeds maximum length of 255.
2026-06-25 23:47:55.840 8 INFO neutron.api.v2.resource [None req-36d68c61-0002-4e24-8e48-f781c0849aed fb9088cf11894e6eaef32b96e97bdccc ed0438f4493f48e0b1b849bed2467bb7 - - default default] create failed (client error): Invalid input for target_tenant. Reason: '1234123412341234123412341234123412341234123412341234123412341234123412341234123412341234123412341234123412341234123412341234123412341234123412341234123412341234123412341234123412341234123412341234123412341234123412341234123412341234123412341234123412341234123412341234123412341234123412341234123412341234123412341234123412341234123412341234123412341234123412341234123412341234123412341234123412341234' exceeds maximum length of 255. [pid: 8|app: 0|req: 1868/3523] 10.0.0.211 () {34 vars in 681 bytes} [Thu Jun 25 23:47:55 2026] POST /v2.0/rbac-policies => generated 547 bytes in 9 msecs (HTTP/1.1 400) 4 headers in 166 bytes (1 switches on core 0)
2026-06-25 23:47:55.977 7 INFO neutron_taas.services.taas.taas_plugin [None req-80cb6eee-4bdd-4601-9c11-962b1950b1f8 fb9088cf11894e6eaef32b96e97bdccc ed0438f4493f48e0b1b849bed2467bb7 - - default default] TaaS: Handle Delete Port: c8f19ff0-dc2f-4723-9384-08174e2ef8ea
2026-06-25 23:47:55.980 7 INFO neutron_taas.services.taas.tap_mirror_plugin [None req-80cb6eee-4bdd-4601-9c11-962b1950b1f8 fb9088cf11894e6eaef32b96e97bdccc ed0438f4493f48e0b1b849bed2467bb7 - - default default] Tap Mirror: Handle Delete Port: c8f19ff0-dc2f-4723-9384-08174e2ef8ea [pid: 7|app: 0|req: 1656/3524] 10.0.0.211 () {32 vars in 726 bytes} [Thu Jun 25 23:47:55 2026] DELETE /v2.0/networks/e8ff0c80-943c-48a3-b87a-665f7caa8771 => generated 0 bytes in 441 msecs (HTTP/1.1 204) 3 headers in 131 bytes (1 switches on core 0)
2026-06-25 23:47:56.378 8 INFO neutron.db.segments_db [None req-c0e974f5-184f-4f35-8b05-7b509f1e571b fb9088cf11894e6eaef32b96e97bdccc ed0438f4493f48e0b1b849bed2467bb7 - - default default] Added segment 2f52c995-84ef-4ad3-9acd-b2d431c236ca of type geneve for network 759ae980-23f7-4bf8-9fc6-7bfa73e7ef30
2026-06-25 23:47:56.519 8 INFO neutron.db.ovn_revision_numbers_db [None req-c0e974f5-184f-4f35-8b05-7b509f1e571b fb9088cf11894e6eaef32b96e97bdccc ed0438f4493f48e0b1b849bed2467bb7 - - default default] Successfully bumped revision number for resource 759ae980-23f7-4bf8-9fc6-7bfa73e7ef30 (type: networks) to 1
2026-06-25 23:47:56.691 8 WARNING neutron.scheduler.dhcp_agent_scheduler [None req-c0e974f5-184f-4f35-8b05-7b509f1e571b fb9088cf11894e6eaef32b96e97bdccc ed0438f4493f48e0b1b849bed2467bb7 - - default default] No more DHCP agents
2026-06-25 23:47:56.692 8 WARNING neutron.api.rpc.agentnotifiers.dhcp_rpc_agent_api [None req-c0e974f5-184f-4f35-8b05-7b509f1e571b fb9088cf11894e6eaef32b96e97bdccc ed0438f4493f48e0b1b849bed2467bb7 - - default default] Unable to schedule network 759ae980-23f7-4bf8-9fc6-7bfa73e7ef30: no agents available; will retry on subsequent port and subnet creation events.
2026-06-25 23:47:56.742 8 INFO neutron.plugins.ml2.drivers.ovn.mech_driver.mech_driver [None req-3e0b6e77-d991-44dd-ac4f-bcff9f0f9196 - - - - - -] OVN reports status down for port: a285ae38-e35e-4d76-86ff-ecfe9c8195b0
2026-06-25 23:47:56.762 7 INFO neutron.services.segments.plugin [-] Segment 960b4592-3734-4c7f-9ec3-f61e0f8f9722 resource provider aggregate not found
2026-06-25 23:47:56.767 7 INFO neutron.services.segments.plugin [-] Segment 960b4592-3734-4c7f-9ec3-f61e0f8f9722 resource provider aggregate not found
2026-06-25 23:47:56.784 7 INFO neutron.services.segments.plugin [-] Segment 960b4592-3734-4c7f-9ec3-f61e0f8f9722 resource provider not found; error: Placement Client Error (4xx): {"errors": [{"status": 404, "title": "Not Found", "detail": "The resource could not be found.\n\n No resource provider with uuid 960b4592-3734-4c7f-9ec3-f61e0f8f9722 found for delete ", "request_id": "req-7126bfc7-8cfd-4918-ab45-901b85ac72ae"}]}
2026-06-25 23:47:56.796 7 INFO neutron.services.segments.plugin [-] Segment 960b4592-3734-4c7f-9ec3-f61e0f8f9722 resource provider not found; error: Placement Client Error (4xx): {"errors": [{"status": 404, "title": "Not Found", "detail": "The resource could not be found.\n\n No resource provider with uuid 960b4592-3734-4c7f-9ec3-f61e0f8f9722 found for delete ", "request_id": "req-df504506-2aac-40cb-bd6f-bee37c52320b"}]}
2026-06-25 23:47:56.802 8 INFO neutron.db.ovn_revision_numbers_db [None req-c0e974f5-184f-4f35-8b05-7b509f1e571b fb9088cf11894e6eaef32b96e97bdccc ed0438f4493f48e0b1b849bed2467bb7 - - default default] Successfully bumped revision number for resource a285ae38-e35e-4d76-86ff-ecfe9c8195b0 (type: ports) to 1 [pid: 8|app: 0|req: 1869/3525] 10.0.0.211 () {34 vars in 670 bytes} [Thu Jun 25 23:47:56 2026] POST /v2.0/networks => generated 767 bytes in 544 msecs (HTTP/1.1 201) 4 headers in 162 bytes (1 switches on core 0)
2026-06-25 23:47:56.964 7 WARNING neutron.scheduler.dhcp_agent_scheduler [None req-cd3a065c-d7ef-49f5-939e-da343db9db27 fb9088cf11894e6eaef32b96e97bdccc ed0438f4493f48e0b1b849bed2467bb7 - - default default] No more DHCP agents
2026-06-25 23:47:56.965 7 WARNING neutron.api.rpc.agentnotifiers.dhcp_rpc_agent_api [None req-cd3a065c-d7ef-49f5-939e-da343db9db27 fb9088cf11894e6eaef32b96e97bdccc ed0438f4493f48e0b1b849bed2467bb7 - - default default] Unable to schedule network 759ae980-23f7-4bf8-9fc6-7bfa73e7ef30: no agents available; will retry on subsequent port and subnet creation events.
2026-06-25 23:47:57.328 7 INFO neutron.db.ovn_revision_numbers_db [None req-c0abae21-fe2d-4542-8b18-7ce2c9479123 - - - - - -] Successfully bumped revision number for resource a285ae38-e35e-4d76-86ff-ecfe9c8195b0 (type: ports) to 2
2026-06-25 23:47:57.360 7 INFO neutron.db.ovn_revision_numbers_db [None req-c0abae21-fe2d-4542-8b18-7ce2c9479123 - - - - - -] Successfully bumped revision number for resource ae660809-7eba-4eb3-bb47-80de5adb360f (type: subnets) to 0 [pid: 7|app: 0|req: 1657/3526] 10.0.0.211 () {34 vars in 669 bytes} [Thu Jun 25 23:47:56 2026] POST /v2.0/subnets => generated 647 bytes in 533 msecs (HTTP/1.1 201) 4 headers in 162 bytes (1 switches on core 0) [pid: 8|app: 0|req: 1870/3527] 10.0.0.211 () {34 vars in 681 bytes} [Thu Jun 25 23:47:57 2026] POST /v2.0/rbac-policies => generated 324 bytes in 267 msecs (HTTP/1.1 201) 4 headers in 162 bytes (1 switches on core 0) [pid: 7|app: 0|req: 1658/3528] 10.0.0.211 () {32 vars in 723 bytes} [Thu Jun 25 23:47:58 2026] GET /v2.0/networks/759ae980-23f7-4bf8-9fc6-7bfa73e7ef30 => generated 692 bytes in 75 msecs (HTTP/1.1 200) 4 headers in 157 bytes (1 switches on core 0)
2026-06-25 23:47:58.496 8 INFO neutron.pecan_wsgi.hooks.translation [None req-3183fc0e-6189-40e2-a0bd-181d0e244c75 b934802fc6914b788e585a13cf335729 f4dd1397fc444b90a1fedfb2fee2ddfd - - default default] GET failed (client error): The resource could not be found. [pid: 8|app: 0|req: 1871/3529] 10.0.0.211 () {32 vars in 723 bytes} [Thu Jun 25 23:47:58 2026] GET /v2.0/networks/759ae980-23f7-4bf8-9fc6-7bfa73e7ef30 => generated 138 bytes in 53 msecs (HTTP/1.1 404) 4 headers in 164 bytes (1 switches on core 0)
2026-06-25 23:47:58.654 7 INFO neutron_taas.services.taas.taas_plugin [None req-6fd09964-455d-4aa5-9909-8480665db3cc fb9088cf11894e6eaef32b96e97bdccc ed0438f4493f48e0b1b849bed2467bb7 - - default default] TaaS: Handle Delete Port: a285ae38-e35e-4d76-86ff-ecfe9c8195b0
2026-06-25 23:47:58.656 7 INFO neutron_taas.services.taas.tap_mirror_plugin [None req-6fd09964-455d-4aa5-9909-8480665db3cc fb9088cf11894e6eaef32b96e97bdccc ed0438f4493f48e0b1b849bed2467bb7 - - default default] Tap Mirror: Handle Delete Port: a285ae38-e35e-4d76-86ff-ecfe9c8195b0
2026-06-25 23:47:58.929 7 INFO neutron.services.segments.plugin [-] Segment 2f52c995-84ef-4ad3-9acd-b2d431c236ca resource provider aggregate not found
2026-06-25 23:47:58.936 7 INFO neutron.services.segments.plugin [-] Segment 2f52c995-84ef-4ad3-9acd-b2d431c236ca resource provider aggregate not found
2026-06-25 23:47:58.951 7 INFO neutron.services.segments.plugin [-] Segment 2f52c995-84ef-4ad3-9acd-b2d431c236ca resource provider not found; error: Placement Client Error (4xx): {"errors": [{"status": 404, "title": "Not Found", "detail": "The resource could not be found.\n\n No resource provider with uuid 2f52c995-84ef-4ad3-9acd-b2d431c236ca found for delete ", "request_id": "req-2b4c6379-3cc3-4ca6-ae09-d5e07f05771e"}]}
2026-06-25 23:47:58.954 7 INFO neutron.services.segments.plugin [-] Segment 2f52c995-84ef-4ad3-9acd-b2d431c236ca resource provider not found; error: Placement Client Error (4xx): {"errors": [{"status": 404, "title": "Not Found", "detail": "The resource could not be found.\n\n No resource provider with uuid 2f52c995-84ef-4ad3-9acd-b2d431c236ca found for delete ", "request_id": "req-97ec714b-33fa-404a-bc8d-6f046781321b"}]} [pid: 7|app: 0|req: 1659/3530] 10.0.0.211 () {32 vars in 726 bytes} [Thu Jun 25 23:47:58 2026] DELETE /v2.0/networks/759ae980-23f7-4bf8-9fc6-7bfa73e7ef30 => generated 0 bytes in 472 msecs (HTTP/1.1 204) 3 headers in 131 bytes (1 switches on core 0)
2026-06-25 23:47:58.991 8 INFO neutron.pecan_wsgi.hooks.translation [None req-9c7ba387-d40b-4926-8ed2-083348801e32 fb9088cf11894e6eaef32b96e97bdccc ed0438f4493f48e0b1b849bed2467bb7 - - default default] DELETE failed (client error): The resource could not be found. [pid: 8|app: 0|req: 1872/3531] 10.0.0.211 () {32 vars in 724 bytes} [Thu Jun 25 23:47:58 2026] DELETE /v2.0/subnets/14d20334-f5ce-448e-866e-0bfc9ed0fd05 => generated 136 bytes in 13 msecs (HTTP/1.1 404) 4 headers in 164 bytes (1 switches on core 0)
