2026-06-25 23:41:13.463 8 INFO neutron.services.segments.plugin [-] Segment 1e6777b0-27e5-47ea-a6ea-6bdbef511d4b resource provider aggregate not found
2026-06-25 23:41:13.476 8 INFO neutron.services.segments.plugin [-] Segment 1e6777b0-27e5-47ea-a6ea-6bdbef511d4b resource provider aggregate not found
2026-06-25 23:41:13.491 8 INFO neutron.services.segments.plugin [-] Segment 1e6777b0-27e5-47ea-a6ea-6bdbef511d4b resource provider not found; error: Placement Client Error (4xx): {"errors": [{"status": 404, "title": "Not Found", "detail": "The resource could not be found.\n\n No resource provider with uuid 1e6777b0-27e5-47ea-a6ea-6bdbef511d4b found for delete ", "request_id": "req-3e105d24-1dde-4b1b-bbc0-e8012fe8efad"}]}
2026-06-25 23:41:13.501 8 INFO neutron.services.segments.plugin [-] Segment 1e6777b0-27e5-47ea-a6ea-6bdbef511d4b resource provider not found; error: Placement Client Error (4xx): {"errors": [{"status": 404, "title": "Not Found", "detail": "The resource could not be found.\n\n No resource provider with uuid 1e6777b0-27e5-47ea-a6ea-6bdbef511d4b found for delete ", "request_id": "req-3cb4cded-e830-4cf8-97fb-9b5e6ab18ebf"}]}
2026-06-25 23:41:13.520 8 INFO neutron.services.segments.plugin [-] Segment 85753820-4536-4cec-9f0f-94be63457ad0 resource provider aggregate not found
2026-06-25 23:41:13.537 8 INFO neutron.services.segments.plugin [-] Segment 85753820-4536-4cec-9f0f-94be63457ad0 resource provider aggregate not found
2026-06-25 23:41:13.542 8 INFO neutron.services.segments.plugin [-] Segment 85753820-4536-4cec-9f0f-94be63457ad0 resource provider not found; error: Placement Client Error (4xx): {"errors": [{"status": 404, "title": "Not Found", "detail": "The resource could not be found.\n\n No resource provider with uuid 85753820-4536-4cec-9f0f-94be63457ad0 found for delete ", "request_id": "req-af5b4e7a-b1a7-431f-a3e9-537a04881e63"}]}
2026-06-25 23:41:13.560 8 INFO neutron.services.segments.plugin [-] Segment 85753820-4536-4cec-9f0f-94be63457ad0 resource provider not found; error: Placement Client Error (4xx): {"errors": [{"status": 404, "title": "Not Found", "detail": "The resource could not be found.\n\n No resource provider with uuid 85753820-4536-4cec-9f0f-94be63457ad0 found for delete ", "request_id": "req-bfbf38a1-6a84-4de7-bf67-2291d5709645"}]} [pid: 7|app: 0|req: 699/1463] 10.0.0.211 () {32 vars in 740 bytes} [Thu Jun 25 23:41:13 2026] DELETE /v2.0/security-groups/0b3db580-1c59-49bf-80c7-97303c407b65 => generated 0 bytes in 275 msecs (HTTP/1.1 204) 2 headers in 112 bytes (1 switches on core 0)
2026-06-25 23:41:13.739 7 INFO neutron.services.segments.plugin [-] Segment 5a2ac270-0aa6-4a41-ae57-c26c353135f4 resource provider aggregate not found
2026-06-25 23:41:13.750 7 INFO neutron.services.segments.plugin [-] Segment 5a2ac270-0aa6-4a41-ae57-c26c353135f4 resource provider aggregate not found
2026-06-25 23:41:13.767 7 INFO neutron.services.segments.plugin [-] Segment 5a2ac270-0aa6-4a41-ae57-c26c353135f4 resource provider not found; error: Placement Client Error (4xx): {"errors": [{"status": 404, "title": "Not Found", "detail": "The resource could not be found.\n\n No resource provider with uuid 5a2ac270-0aa6-4a41-ae57-c26c353135f4 found for delete ", "request_id": "req-444626e1-bc17-4576-aa65-268619485bcf"}]}
2026-06-25 23:41:13.777 7 INFO neutron.services.segments.plugin [-] Segment 5a2ac270-0aa6-4a41-ae57-c26c353135f4 resource provider not found; error: Placement Client Error (4xx): {"errors": [{"status": 404, "title": "Not Found", "detail": "The resource could not be found.\n\n No resource provider with uuid 5a2ac270-0aa6-4a41-ae57-c26c353135f4 found for delete ", "request_id": "req-61fd70ed-16a9-488a-a31c-e0c60078ef0a"}]} [pid: 8|app: 0|req: 765/1464] 10.0.0.211 () {32 vars in 726 bytes} [Thu Jun 25 23:41:13 2026] DELETE /v2.0/networks/4ba6e46a-528d-49c7-a463-ebda2e9a9dcd => generated 0 bytes in 468 msecs (HTTP/1.1 204) 3 headers in 131 bytes (1 switches on core 0)
2026-06-25 23:41:13.788 7 INFO neutron.services.segments.plugin [-] Segment 03af07f3-eae4-4ba5-937d-a95662ae3b8f resource provider aggregate not found
2026-06-25 23:41:13.800 7 INFO neutron.services.segments.plugin [-] Segment 03af07f3-eae4-4ba5-937d-a95662ae3b8f resource provider aggregate not found
2026-06-25 23:41:13.809 7 INFO neutron.services.segments.plugin [-] Segment 03af07f3-eae4-4ba5-937d-a95662ae3b8f resource provider not found; error: Placement Client Error (4xx): {"errors": [{"status": 404, "title": "Not Found", "detail": "The resource could not be found.\n\n No resource provider with uuid 03af07f3-eae4-4ba5-937d-a95662ae3b8f found for delete ", "request_id": "req-5a05924d-d53b-4b96-a899-9dc84bb10617"}]}
2026-06-25 23:41:13.818 7 INFO neutron.services.segments.plugin [-] Segment 03af07f3-eae4-4ba5-937d-a95662ae3b8f resource provider not found; error: Placement Client Error (4xx): {"errors": [{"status": 404, "title": "Not Found", "detail": "The resource could not be found.\n\n No resource provider with uuid 03af07f3-eae4-4ba5-937d-a95662ae3b8f found for delete ", "request_id": "req-6a0b501f-063d-4468-a35f-47a35eb9d815"}]} [pid: 7|app: 0|req: 700/1465] 10.0.0.211 () {32 vars in 774 bytes} [Thu Jun 25 23:41:14 2026] GET /v2.0/security-groups?tenant_id=8e29b665296d4393a613cdec8fea5ad2&name=default => generated 2925 bytes in 207 msecs (HTTP/1.1 200) 4 headers in 158 bytes (1 switches on core 0) [pid: 8|app: 0|req: 766/1468] 10.0.0.211 () {32 vars in 740 bytes} [Thu Jun 25 23:41:14 2026] DELETE /v2.0/security-groups/f262d7c6-ec5f-412f-bc98-eff60c0263e1 => generated 0 bytes in 306 msecs (HTTP/1.1 204) 2 headers in 112 bytes (1 switches on core 0)
2026-06-25 23:41:15.566 8 INFO neutron.services.segments.plugin [-] Segment b46b6c4e-9c2c-4c0b-ba47-25ee5fae50e8 resource provider aggregate not found
2026-06-25 23:41:15.579 8 INFO neutron.services.segments.plugin [-] Segment b46b6c4e-9c2c-4c0b-ba47-25ee5fae50e8 resource provider not found; error: Placement Client Error (4xx): {"errors": [{"status": 404, "title": "Not Found", "detail": "The resource could not be found.\n\n No resource provider with uuid b46b6c4e-9c2c-4c0b-ba47-25ee5fae50e8 found for delete ", "request_id": "req-e08f4e30-73bc-406c-bfa0-6a155b2c79d4"}]}
2026-06-25 23:41:15.580 8 INFO neutron.services.segments.plugin [-] Segment b46b6c4e-9c2c-4c0b-ba47-25ee5fae50e8 resource provider aggregate not found
2026-06-25 23:41:15.599 8 INFO neutron.services.segments.plugin [-] Segment b46b6c4e-9c2c-4c0b-ba47-25ee5fae50e8 resource provider not found; error: Placement Client Error (4xx): {"errors": [{"status": 404, "title": "Not Found", "detail": "The resource could not be found.\n\n No resource provider with uuid b46b6c4e-9c2c-4c0b-ba47-25ee5fae50e8 found for delete ", "request_id": "req-1f8d8d41-237b-4491-8112-9fb97ce84c41"}]}
2026-06-25 23:41:15.968 7 INFO neutron.db.ovn_revision_numbers_db [None req-9c8eca00-e2bd-46d1-a03d-ab00577301a9 b56c4335ae8c41309411eb3a90c65c2c 3372b0a5315e46b58ced221fcb61f3ef - - default default] Successfully bumped revision number for resource 91edc957-2361-4aa0-8649-41c44bb44fbe (type: security_groups) to 1
2026-06-25 23:41:15.980 7 INFO neutron.db.ovn_revision_numbers_db [None req-9c8eca00-e2bd-46d1-a03d-ab00577301a9 b56c4335ae8c41309411eb3a90c65c2c 3372b0a5315e46b58ced221fcb61f3ef - - default default] Successfully bumped revision number for resource 103d0df4-876d-414e-b391-510761feb38a (type: security_group_rules) to 0
2026-06-25 23:41:15.992 7 INFO neutron.db.ovn_revision_numbers_db [None req-9c8eca00-e2bd-46d1-a03d-ab00577301a9 b56c4335ae8c41309411eb3a90c65c2c 3372b0a5315e46b58ced221fcb61f3ef - - default default] Successfully bumped revision number for resource 6b9c6752-bd91-4079-b2f7-03ea3d986c52 (type: security_group_rules) to 0
2026-06-25 23:41:16.015 7 INFO neutron.db.ovn_revision_numbers_db [None req-9c8eca00-e2bd-46d1-a03d-ab00577301a9 b56c4335ae8c41309411eb3a90c65c2c 3372b0a5315e46b58ced221fcb61f3ef - - default default] Successfully bumped revision number for resource b27e553c-5028-4ba8-9700-65a95efa444f (type: security_group_rules) to 0
2026-06-25 23:41:16.029 7 INFO neutron.db.ovn_revision_numbers_db [None req-9c8eca00-e2bd-46d1-a03d-ab00577301a9 b56c4335ae8c41309411eb3a90c65c2c 3372b0a5315e46b58ced221fcb61f3ef - - default default] Successfully bumped revision number for resource bf64adec-a0fa-4c01-8508-0f483b4c4c44 (type: security_group_rules) to 0
2026-06-25 23:41:16.118 7 INFO neutron.db.segments_db [None req-9c8eca00-e2bd-46d1-a03d-ab00577301a9 b56c4335ae8c41309411eb3a90c65c2c 3372b0a5315e46b58ced221fcb61f3ef - - default default] Added segment a9d17d2c-52c6-4581-a57e-0c9d6d9afba3 of type geneve for network 6056ea1a-0ffe-4b56-bda7-547c739bf9f0
2026-06-25 23:41:16.270 7 INFO neutron.db.ovn_revision_numbers_db [None req-9c8eca00-e2bd-46d1-a03d-ab00577301a9 b56c4335ae8c41309411eb3a90c65c2c 3372b0a5315e46b58ced221fcb61f3ef - - default default] Successfully bumped revision number for resource 6056ea1a-0ffe-4b56-bda7-547c739bf9f0 (type: networks) to 1
2026-06-25 23:41:16.423 7 WARNING neutron.scheduler.dhcp_agent_scheduler [None req-9c8eca00-e2bd-46d1-a03d-ab00577301a9 b56c4335ae8c41309411eb3a90c65c2c 3372b0a5315e46b58ced221fcb61f3ef - - default default] No more DHCP agents
2026-06-25 23:41:16.424 7 WARNING neutron.api.rpc.agentnotifiers.dhcp_rpc_agent_api [None req-9c8eca00-e2bd-46d1-a03d-ab00577301a9 b56c4335ae8c41309411eb3a90c65c2c 3372b0a5315e46b58ced221fcb61f3ef - - default default] Unable to schedule network 6056ea1a-0ffe-4b56-bda7-547c739bf9f0: no agents available; will retry on subsequent port and subnet creation events.
2026-06-25 23:41:16.505 8 INFO neutron.plugins.ml2.drivers.ovn.mech_driver.mech_driver [None req-a29175d6-5027-4f63-bd36-ffc929dfb914 - - - - - -] OVN reports status down for port: 78a307e6-2a90-45f9-93b9-c502d4ac824d
2026-06-25 23:41:16.522 7 INFO neutron.db.ovn_revision_numbers_db [None req-9c8eca00-e2bd-46d1-a03d-ab00577301a9 b56c4335ae8c41309411eb3a90c65c2c 3372b0a5315e46b58ced221fcb61f3ef - - default default] Successfully bumped revision number for resource 78a307e6-2a90-45f9-93b9-c502d4ac824d (type: ports) to 1 [pid: 7|app: 0|req: 703/1469] 10.0.0.211 () {34 vars in 671 bytes} [Thu Jun 25 23:41:15 2026] POST /v2.0/networks => generated 784 bytes in 953 msecs (HTTP/1.1 201) 4 headers in 162 bytes (1 switches on core 0)
2026-06-25 23:41:16.636 8 INFO neutron.db.ovn_revision_numbers_db [None req-191e7f9c-b499-414e-b642-6c462b5167f6 b56c4335ae8c41309411eb3a90c65c2c 3372b0a5315e46b58ced221fcb61f3ef - - default default] Successfully bumped revision number for resource 0ff97c53-5d95-4f3b-a9f1-463f1325501e (type: security_groups) to 1
2026-06-25 23:41:16.678 8 INFO neutron.db.ovn_revision_numbers_db [None req-191e7f9c-b499-414e-b642-6c462b5167f6 b56c4335ae8c41309411eb3a90c65c2c 3372b0a5315e46b58ced221fcb61f3ef - - default default] Successfully bumped revision number for resource 709dd90a-13c2-4efa-920a-2990d2ba5e94 (type: security_group_rules) to 0
2026-06-25 23:41:16.699 8 INFO neutron.db.ovn_revision_numbers_db [None req-191e7f9c-b499-414e-b642-6c462b5167f6 b56c4335ae8c41309411eb3a90c65c2c 3372b0a5315e46b58ced221fcb61f3ef - - default default] Successfully bumped revision number for resource 86f7834a-3ead-45d2-891a-16e3adc09bb5 (type: security_group_rules) to 0
2026-06-25 23:41:16.717 8 INFO neutron.db.ovn_revision_numbers_db [None req-191e7f9c-b499-414e-b642-6c462b5167f6 b56c4335ae8c41309411eb3a90c65c2c 3372b0a5315e46b58ced221fcb61f3ef - - default default] Successfully bumped revision number for resource 9d49a77f-5efa-4827-8774-e6cd72e74200 (type: security_group_rules) to 0
2026-06-25 23:41:16.739 8 INFO neutron.db.ovn_revision_numbers_db [None req-191e7f9c-b499-414e-b642-6c462b5167f6 b56c4335ae8c41309411eb3a90c65c2c 3372b0a5315e46b58ced221fcb61f3ef - - default default] Successfully bumped revision number for resource cd61c25a-c470-4bb9-aea9-9997fb2ace9d (type: security_group_rules) to 0
2026-06-25 23:41:16.756 7 WARNING neutron.scheduler.dhcp_agent_scheduler [None req-e69b591a-b1a7-4853-a462-b9c753f88b73 b56c4335ae8c41309411eb3a90c65c2c 3372b0a5315e46b58ced221fcb61f3ef - - default default] No more DHCP agents
2026-06-25 23:41:16.758 7 WARNING neutron.api.rpc.agentnotifiers.dhcp_rpc_agent_api [None req-e69b591a-b1a7-4853-a462-b9c753f88b73 b56c4335ae8c41309411eb3a90c65c2c 3372b0a5315e46b58ced221fcb61f3ef - - default default] Unable to schedule network 6056ea1a-0ffe-4b56-bda7-547c739bf9f0: no agents available; will retry on subsequent port and subnet creation events. [pid: 8|app: 0|req: 767/1470] 10.0.0.211 () {32 vars in 774 bytes} [Thu Jun 25 23:41:16 2026] GET /v2.0/security-groups?tenant_id=d0a8eae734e24653a37205aab43e5199&name=default => generated 2925 bytes in 573 msecs (HTTP/1.1 200) 4 headers in 158 bytes (1 switches on core 0)
2026-06-25 23:41:17.034 8 INFO neutron.db.ovn_revision_numbers_db [None req-151ecc7a-220b-4d1a-8952-31fb755240fd 1cb99d09c90d4b1680cf0375488a069b 2ffd777c538d41f39ab9627f1a42cd7c - - default default] Successfully bumped revision number for resource a37ff468-69c4-4692-a247-27f8a245b682 (type: security_groups) to 1
2026-06-25 23:41:17.047 8 INFO neutron.db.ovn_revision_numbers_db [None req-151ecc7a-220b-4d1a-8952-31fb755240fd 1cb99d09c90d4b1680cf0375488a069b 2ffd777c538d41f39ab9627f1a42cd7c - - default default] Successfully bumped revision number for resource 15fcee41-fb01-4576-b8a2-96fa81c82f5d (type: security_group_rules) to 0
2026-06-25 23:41:17.066 8 INFO neutron.db.ovn_revision_numbers_db [None req-151ecc7a-220b-4d1a-8952-31fb755240fd 1cb99d09c90d4b1680cf0375488a069b 2ffd777c538d41f39ab9627f1a42cd7c - - default default] Successfully bumped revision number for resource 33edb7e7-fd87-444b-832c-005cd5296a31 (type: security_group_rules) to 0
2026-06-25 23:41:17.078 8 INFO neutron.db.ovn_revision_numbers_db [None req-151ecc7a-220b-4d1a-8952-31fb755240fd 1cb99d09c90d4b1680cf0375488a069b 2ffd777c538d41f39ab9627f1a42cd7c - - default default] Successfully bumped revision number for resource 89ced72d-92c8-4bff-9d21-e9fc419efee7 (type: security_group_rules) to 0
2026-06-25 23:41:17.093 8 INFO neutron.db.ovn_revision_numbers_db [None req-151ecc7a-220b-4d1a-8952-31fb755240fd 1cb99d09c90d4b1680cf0375488a069b 2ffd777c538d41f39ab9627f1a42cd7c - - default default] Successfully bumped revision number for resource b9666d70-b6d1-45e4-bb53-53d8d5eadef9 (type: security_group_rules) to 0
2026-06-25 23:41:17.197 8 INFO neutron.db.segments_db [None req-151ecc7a-220b-4d1a-8952-31fb755240fd 1cb99d09c90d4b1680cf0375488a069b 2ffd777c538d41f39ab9627f1a42cd7c - - default default] Added segment ecaa6743-066a-4108-8cce-67e65b197748 of type geneve for network a1f9b644-6466-4006-902f-fa9981b9bdbb
2026-06-25 23:41:17.222 7 INFO neutron.db.ovn_revision_numbers_db [None req-082e2b5f-7998-46e7-83ea-133cae540bdc - - - - - -] Successfully bumped revision number for resource 78a307e6-2a90-45f9-93b9-c502d4ac824d (type: ports) to 2
2026-06-25 23:41:17.273 7 INFO neutron.db.ovn_revision_numbers_db [None req-082e2b5f-7998-46e7-83ea-133cae540bdc - - - - - -] Successfully bumped revision number for resource 5326db56-8b00-471b-8880-20b84b48b4d7 (type: subnets) to 0 [pid: 7|app: 0|req: 704/1471] 10.0.0.211 () {34 vars in 669 bytes} [Thu Jun 25 23:41:16 2026] POST /v2.0/subnets => generated 690 bytes in 742 msecs (HTTP/1.1 201) 4 headers in 162 bytes (1 switches on core 0)
2026-06-25 23:41:17.311 8 INFO neutron.db.ovn_revision_numbers_db [None req-151ecc7a-220b-4d1a-8952-31fb755240fd 1cb99d09c90d4b1680cf0375488a069b 2ffd777c538d41f39ab9627f1a42cd7c - - default default] Successfully bumped revision number for resource a1f9b644-6466-4006-902f-fa9981b9bdbb (type: networks) to 1
2026-06-25 23:41:17.470 8 WARNING neutron.scheduler.dhcp_agent_scheduler [None req-151ecc7a-220b-4d1a-8952-31fb755240fd 1cb99d09c90d4b1680cf0375488a069b 2ffd777c538d41f39ab9627f1a42cd7c - - default default] No more DHCP agents
2026-06-25 23:41:17.472 8 WARNING neutron.api.rpc.agentnotifiers.dhcp_rpc_agent_api [None req-151ecc7a-220b-4d1a-8952-31fb755240fd 1cb99d09c90d4b1680cf0375488a069b 2ffd777c538d41f39ab9627f1a42cd7c - - default default] Unable to schedule network a1f9b644-6466-4006-902f-fa9981b9bdbb: no agents available; will retry on subsequent port and subnet creation events.
2026-06-25 23:41:17.526 8 INFO neutron.plugins.ml2.drivers.ovn.mech_driver.mech_driver [None req-a29175d6-5027-4f63-bd36-ffc929dfb914 - - - - - -] OVN reports status down for port: 153abbd5-3ada-4e60-a49c-44cb14fdb702
2026-06-25 23:41:17.581 8 INFO neutron.db.ovn_revision_numbers_db [None req-151ecc7a-220b-4d1a-8952-31fb755240fd 1cb99d09c90d4b1680cf0375488a069b 2ffd777c538d41f39ab9627f1a42cd7c - - default default] Successfully bumped revision number for resource 153abbd5-3ada-4e60-a49c-44cb14fdb702 (type: ports) to 1 [pid: 7|app: 0|req: 705/1472] 10.0.0.211 () {32 vars in 740 bytes} [Thu Jun 25 23:41:17 2026] DELETE /v2.0/security-groups/0ff97c53-5d95-4f3b-a9f1-463f1325501e => generated 0 bytes in 301 msecs (HTTP/1.1 204) 2 headers in 112 bytes (1 switches on core 0) [pid: 8|app: 0|req: 768/1473] 10.0.0.211 () {34 vars in 670 bytes} [Thu Jun 25 23:41:16 2026] POST /v2.0/networks => generated 686 bytes in 850 msecs (HTTP/1.1 201) 4 headers in 162 bytes (1 switches on core 0)
2026-06-25 23:41:18.024 7 WARNING neutron.scheduler.dhcp_agent_scheduler [None req-c2fd146a-4da3-47a3-a57c-f8b606adbd3a b56c4335ae8c41309411eb3a90c65c2c 3372b0a5315e46b58ced221fcb61f3ef - - default default] No more DHCP agents
2026-06-25 23:41:18.026 7 WARNING neutron.api.rpc.agentnotifiers.dhcp_rpc_agent_api [None req-c2fd146a-4da3-47a3-a57c-f8b606adbd3a b56c4335ae8c41309411eb3a90c65c2c 3372b0a5315e46b58ced221fcb61f3ef - - default default] Unable to schedule network 13f79afb-a37d-4ee3-ad39-395ec46e1d70: no agents available; will retry on subsequent port and subnet creation events.
2026-06-25 23:41:18.173 8 INFO neutron.plugins.ml2.drivers.ovn.mech_driver.mech_driver [None req-a29175d6-5027-4f63-bd36-ffc929dfb914 - - - - - -] OVN reports status down for port: da7a7485-43c5-48e4-97fc-331fee1767f0
2026-06-25 23:41:18.183 7 INFO neutron.db.ovn_revision_numbers_db [None req-c2fd146a-4da3-47a3-a57c-f8b606adbd3a b56c4335ae8c41309411eb3a90c65c2c 3372b0a5315e46b58ced221fcb61f3ef - - default default] Successfully bumped revision number for resource da7a7485-43c5-48e4-97fc-331fee1767f0 (type: ports) to 1
2026-06-25 23:41:18.362 8 WARNING neutron.scheduler.dhcp_agent_scheduler [None req-8209ad13-8841-42bf-b6ad-d88b14912257 1cb99d09c90d4b1680cf0375488a069b 2ffd777c538d41f39ab9627f1a42cd7c - - default default] No more DHCP agents
2026-06-25 23:41:18.364 8 WARNING neutron.api.rpc.agentnotifiers.dhcp_rpc_agent_api [None req-8209ad13-8841-42bf-b6ad-d88b14912257 1cb99d09c90d4b1680cf0375488a069b 2ffd777c538d41f39ab9627f1a42cd7c - - default default] Unable to schedule network a1f9b644-6466-4006-902f-fa9981b9bdbb: no agents available; will retry on subsequent port and subnet creation events.
2026-06-25 23:41:18.403 8 INFO neutron.db.ovn_revision_numbers_db [None req-8209ad13-8841-42bf-b6ad-d88b14912257 1cb99d09c90d4b1680cf0375488a069b 2ffd777c538d41f39ab9627f1a42cd7c - - default default] Successfully bumped revision number for resource dbe6f41f-1548-4cd8-82ba-433e3c6fc603 (type: subnets) to 0 [pid: 8|app: 0|req: 769/1474] 10.0.0.211 () {34 vars in 669 bytes} [Thu Jun 25 23:41:18 2026] POST /v2.0/subnets => generated 673 bytes in 343 msecs (HTTP/1.1 201) 4 headers in 162 bytes (1 switches on core 0)
2026-06-25 23:41:18.524 8 INFO neutron.db.segments_db [None req-d290dd42-4246-47ac-8234-113434fa044f 1cb99d09c90d4b1680cf0375488a069b 2ffd777c538d41f39ab9627f1a42cd7c - - default default] Added segment e448cbf2-5c74-4d00-b4d9-fff9656da07f of type geneve for network 941a675c-d2b0-4799-9331-284ff98cbd6a
2026-06-25 23:41:18.638 8 INFO neutron.db.ovn_revision_numbers_db [None req-d290dd42-4246-47ac-8234-113434fa044f 1cb99d09c90d4b1680cf0375488a069b 2ffd777c538d41f39ab9627f1a42cd7c - - default default] Successfully bumped revision number for resource 941a675c-d2b0-4799-9331-284ff98cbd6a (type: networks) to 1
2026-06-25 23:41:18.821 8 WARNING neutron.scheduler.dhcp_agent_scheduler [None req-d290dd42-4246-47ac-8234-113434fa044f 1cb99d09c90d4b1680cf0375488a069b 2ffd777c538d41f39ab9627f1a42cd7c - - default default] No more DHCP agents
2026-06-25 23:41:18.830 8 WARNING neutron.api.rpc.agentnotifiers.dhcp_rpc_agent_api [None req-d290dd42-4246-47ac-8234-113434fa044f 1cb99d09c90d4b1680cf0375488a069b 2ffd777c538d41f39ab9627f1a42cd7c - - default default] Unable to schedule network 941a675c-d2b0-4799-9331-284ff98cbd6a: no agents available; will retry on subsequent port and subnet creation events.
2026-06-25 23:41:18.852 7 INFO neutron.plugins.ml2.drivers.ovn.mech_driver.ovsdb.commands [None req-8d659d7c-4e22-4f1d-9942-413384a6f9e6 - - - - - -] Schedule LRP lrp-da7a7485-43c5-48e4-97fc-331fee1767f0 on gateway 5a189ee8-6053-4adf-8b81-768b9a3714c7 with priority 1
2026-06-25 23:41:18.881 7 INFO neutron.plugins.ml2.drivers.ovn.mech_driver.ovsdb.ovsdb_monitor [None req-09a96198-05a3-4846-b342-00bcaeba7546 - - - - - -] Router 36dd5468-8ecd-41e6-b40c-69a515da0ec0 is bound to host instance
2026-06-25 23:41:18.899 8 INFO neutron.plugins.ml2.drivers.ovn.mech_driver.mech_driver [None req-a29175d6-5027-4f63-bd36-ffc929dfb914 - - - - - -] OVN reports status up for port: da7a7485-43c5-48e4-97fc-331fee1767f0
2026-06-25 23:41:18.925 8 INFO neutron.plugins.ml2.plugin [None req-a29175d6-5027-4f63-bd36-ffc929dfb914 - - - - - -] Attempt 1 to provision port da7a7485-43c5-48e4-97fc-331fee1767f0
2026-06-25 23:41:19.022 8 INFO neutron.db.ovn_revision_numbers_db [None req-d290dd42-4246-47ac-8234-113434fa044f 1cb99d09c90d4b1680cf0375488a069b 2ffd777c538d41f39ab9627f1a42cd7c - - default default] Successfully bumped revision number for resource db89e15a-9e7b-49e3-bfb5-34fd486552b0 (type: ports) to 1
2026-06-25 23:41:19.037 7 INFO neutron.db.ovn_revision_numbers_db [None req-c2fd146a-4da3-47a3-a57c-f8b606adbd3a b56c4335ae8c41309411eb3a90c65c2c 3372b0a5315e46b58ced221fcb61f3ef - - default default] Successfully bumped revision number for resource da7a7485-43c5-48e4-97fc-331fee1767f0 (type: router_ports) to 1 [pid: 8|app: 0|req: 770/1475] 10.0.0.211 () {34 vars in 670 bytes} [Thu Jun 25 23:41:18 2026] POST /v2.0/networks => generated 686 bytes in 625 msecs (HTTP/1.1 201) 4 headers in 162 bytes (1 switches on core 0)
2026-06-25 23:41:19.170 7 INFO neutron.db.ovn_revision_numbers_db [None req-c2fd146a-4da3-47a3-a57c-f8b606adbd3a b56c4335ae8c41309411eb3a90c65c2c 3372b0a5315e46b58ced221fcb61f3ef - - default default] Successfully bumped revision number for resource 36dd5468-8ecd-41e6-b40c-69a515da0ec0 (type: routers) to 2
2026-06-25 23:41:19.211 8 INFO neutron.db.ovn_revision_numbers_db [None req-34c54d0d-dd9c-46ec-93a3-0e7d37460a66 1cb99d09c90d4b1680cf0375488a069b 2ffd777c538d41f39ab9627f1a42cd7c - - default default] Successfully bumped revision number for resource 941a675c-d2b0-4799-9331-284ff98cbd6a (type: networks) to 2 [pid: 8|app: 0|req: 771/1476] 10.0.0.211 () {34 vars in 743 bytes} [Thu Jun 25 23:41:19 2026] PUT /v2.0/networks/941a675c-d2b0-4799-9331-284ff98cbd6a => generated 636 bytes in 158 msecs (HTTP/1.1 200) 4 headers in 157 bytes (1 switches on core 0) [pid: 7|app: 0|req: 706/1477] 10.0.0.211 () {34 vars in 669 bytes} [Thu Jun 25 23:41:17 2026] POST /v2.0/routers => generated 968 bytes in 1621 msecs (HTTP/1.1 201) 4 headers in 162 bytes (1 switches on core 0)
2026-06-25 23:41:19.414 8 WARNING neutron.scheduler.dhcp_agent_scheduler [None req-7d45543e-6738-4787-abaf-efc0db1a5eca 1cb99d09c90d4b1680cf0375488a069b 2ffd777c538d41f39ab9627f1a42cd7c - - default default] No more DHCP agents
2026-06-25 23:41:19.417 8 WARNING neutron.api.rpc.agentnotifiers.dhcp_rpc_agent_api [None req-7d45543e-6738-4787-abaf-efc0db1a5eca 1cb99d09c90d4b1680cf0375488a069b 2ffd777c538d41f39ab9627f1a42cd7c - - default default] Unable to schedule network 941a675c-d2b0-4799-9331-284ff98cbd6a: no agents available; will retry on subsequent port and subnet creation events.
2026-06-25 23:41:19.452 8 INFO neutron.db.ovn_revision_numbers_db [None req-7d45543e-6738-4787-abaf-efc0db1a5eca 1cb99d09c90d4b1680cf0375488a069b 2ffd777c538d41f39ab9627f1a42cd7c - - default default] Successfully bumped revision number for resource a1fa32ee-3967-469e-8fcf-00cfd3846f8f (type: subnets) to 0 [pid: 8|app: 0|req: 772/1478] 10.0.0.211 () {34 vars in 669 bytes} [Thu Jun 25 23:41:19 2026] POST /v2.0/subnets => generated 646 bytes in 260 msecs (HTTP/1.1 201) 4 headers in 162 bytes (1 switches on core 0)
2026-06-25 23:41:20.121 8 INFO neutron.db.ovn_revision_numbers_db [None req-04ba6d0f-0e6d-47cd-aff8-78370a095578 - - - - - -] Successfully bumped revision number for resource db89e15a-9e7b-49e3-bfb5-34fd486552b0 (type: ports) to 2
2026-06-25 23:41:20.179 8 INFO neutron.db.ovn_revision_numbers_db [None req-04ba6d0f-0e6d-47cd-aff8-78370a095578 - - - - - -] Successfully bumped revision number for resource a1fa32ee-3967-469e-8fcf-00cfd3846f8f (type: subnets) to 1 [pid: 8|app: 0|req: 773/1479] 10.0.0.211 () {34 vars in 741 bytes} [Thu Jun 25 23:41:19 2026] PUT /v2.0/subnets/a1fa32ee-3967-469e-8fcf-00cfd3846f8f => generated 656 bytes in 701 msecs (HTTP/1.1 200) 4 headers in 157 bytes (1 switches on core 0)
2026-06-25 23:41:20.229 7 WARNING neutron.scheduler.dhcp_agent_scheduler [None req-a3a7f950-87a3-4e49-9fba-65ba77ce850b b56c4335ae8c41309411eb3a90c65c2c 3372b0a5315e46b58ced221fcb61f3ef - - default default] No more DHCP agents
2026-06-25 23:41:20.234 7 WARNING neutron.api.rpc.agentnotifiers.dhcp_rpc_agent_api [None req-a3a7f950-87a3-4e49-9fba-65ba77ce850b b56c4335ae8c41309411eb3a90c65c2c 3372b0a5315e46b58ced221fcb61f3ef - - default default] Unable to schedule network 6056ea1a-0ffe-4b56-bda7-547c739bf9f0: no agents available; will retry on subsequent port and subnet creation events.
2026-06-25 23:41:20.326 8 INFO neutron_taas.services.taas.taas_plugin [None req-cc1aeae0-bd4a-4b59-9f39-d254186382b0 1cb99d09c90d4b1680cf0375488a069b 2ffd777c538d41f39ab9627f1a42cd7c - - default default] TaaS: Handle Delete Port: db89e15a-9e7b-49e3-bfb5-34fd486552b0
2026-06-25 23:41:20.329 8 INFO neutron_taas.services.taas.tap_mirror_plugin [None req-cc1aeae0-bd4a-4b59-9f39-d254186382b0 1cb99d09c90d4b1680cf0375488a069b 2ffd777c538d41f39ab9627f1a42cd7c - - default default] Tap Mirror: Handle Delete Port: db89e15a-9e7b-49e3-bfb5-34fd486552b0
2026-06-25 23:41:20.467 7 INFO neutron.plugins.ml2.drivers.ovn.mech_driver.mech_driver [None req-1678dc7e-e77f-4d20-9bc2-246784fb24de - - - - - -] OVN reports status down for port: c6f6dc05-287a-41d3-9f73-60b98a7d5354
2026-06-25 23:41:20.493 7 INFO neutron.db.ovn_revision_numbers_db [None req-b767102d-9648-4841-97ae-624eafec60a7 - - - - - -] Successfully bumped revision number for resource da7a7485-43c5-48e4-97fc-331fee1767f0 (type: ports) to 4
2026-06-25 23:41:20.583 7 INFO neutron.db.ovn_revision_numbers_db [None req-a3a7f950-87a3-4e49-9fba-65ba77ce850b b56c4335ae8c41309411eb3a90c65c2c 3372b0a5315e46b58ced221fcb61f3ef - - default default] Successfully bumped revision number for resource c6f6dc05-287a-41d3-9f73-60b98a7d5354 (type: ports) to 1
2026-06-25 23:41:20.673 8 INFO neutron.services.segments.plugin [-] Segment e448cbf2-5c74-4d00-b4d9-fff9656da07f resource provider aggregate not found
2026-06-25 23:41:20.678 8 INFO neutron.services.segments.plugin [-] Segment e448cbf2-5c74-4d00-b4d9-fff9656da07f resource provider aggregate not found
2026-06-25 23:41:20.694 8 INFO neutron.services.segments.plugin [-] Segment e448cbf2-5c74-4d00-b4d9-fff9656da07f resource provider not found; error: Placement Client Error (4xx): {"errors": [{"status": 404, "title": "Not Found", "detail": "The resource could not be found.\n\n No resource provider with uuid e448cbf2-5c74-4d00-b4d9-fff9656da07f found for delete ", "request_id": "req-3bd32978-bbdb-4d3c-8774-ddfb52865a98"}]}
2026-06-25 23:41:20.697 8 INFO neutron.services.segments.plugin [-] Segment e448cbf2-5c74-4d00-b4d9-fff9656da07f resource provider not found; error: Placement Client Error (4xx): {"errors": [{"status": 404, "title": "Not Found", "detail": "The resource could not be found.\n\n No resource provider with uuid e448cbf2-5c74-4d00-b4d9-fff9656da07f found for delete ", "request_id": "req-6463fd6e-4060-4fff-a5d8-087758596539"}]} [pid: 8|app: 0|req: 774/1480] 10.0.0.211 () {32 vars in 726 bytes} [Thu Jun 25 23:41:20 2026] DELETE /v2.0/networks/941a675c-d2b0-4799-9331-284ff98cbd6a => generated 0 bytes in 550 msecs (HTTP/1.1 204) 3 headers in 131 bytes (1 switches on core 0)
2026-06-25 23:41:21.094 8 INFO neutron.db.ovn_revision_numbers_db [None req-1a706718-8e47-4f35-a053-1b030721f15f e2e3e51fdcfc4b4aa81f4551974ba262 898e736b4bef4410afaa288d454fc509 - - default default] Successfully bumped revision number for resource da786603-5223-45f5-86d6-cdf317cb2125 (type: security_groups) to 1
2026-06-25 23:41:21.106 8 INFO neutron.db.ovn_revision_numbers_db [None req-1a706718-8e47-4f35-a053-1b030721f15f e2e3e51fdcfc4b4aa81f4551974ba262 898e736b4bef4410afaa288d454fc509 - - default default] Successfully bumped revision number for resource 2373edb5-f28d-41c8-bb1d-ef5af52036f8 (type: security_group_rules) to 0
2026-06-25 23:41:21.116 8 INFO neutron.db.ovn_revision_numbers_db [None req-1a706718-8e47-4f35-a053-1b030721f15f e2e3e51fdcfc4b4aa81f4551974ba262 898e736b4bef4410afaa288d454fc509 - - default default] Successfully bumped revision number for resource 2c33beef-356b-4b6f-9655-bd1df5e8b276 (type: security_group_rules) to 0
2026-06-25 23:41:21.132 8 INFO neutron.db.ovn_revision_numbers_db [None req-1a706718-8e47-4f35-a053-1b030721f15f e2e3e51fdcfc4b4aa81f4551974ba262 898e736b4bef4410afaa288d454fc509 - - default default] Successfully bumped revision number for resource bfebc2ae-7914-408b-9ea3-3b48d2861a93 (type: security_group_rules) to 0
2026-06-25 23:41:21.144 8 INFO neutron.db.ovn_revision_numbers_db [None req-1a706718-8e47-4f35-a053-1b030721f15f e2e3e51fdcfc4b4aa81f4551974ba262 898e736b4bef4410afaa288d454fc509 - - default default] Successfully bumped revision number for resource d24762ba-1ce2-48fd-be05-9a7841a5d8ae (type: security_group_rules) to 0
2026-06-25 23:41:21.221 8 INFO neutron.db.segments_db [None req-1a706718-8e47-4f35-a053-1b030721f15f e2e3e51fdcfc4b4aa81f4551974ba262 898e736b4bef4410afaa288d454fc509 - - default default] Added segment 01dfedbf-82ee-4909-a727-2272aaa22cc7 of type geneve for network 8e19d942-836c-4078-807f-da06ffec4a25
2026-06-25 23:41:21.267 7 INFO neutron.db.ovn_revision_numbers_db [None req-b767102d-9648-4841-97ae-624eafec60a7 - - - - - -] Successfully bumped revision number for resource da7a7485-43c5-48e4-97fc-331fee1767f0 (type: ports) to 5
2026-06-25 23:41:21.325 8 INFO neutron.db.ovn_revision_numbers_db [None req-1a706718-8e47-4f35-a053-1b030721f15f e2e3e51fdcfc4b4aa81f4551974ba262 898e736b4bef4410afaa288d454fc509 - - default default] Successfully bumped revision number for resource 8e19d942-836c-4078-807f-da06ffec4a25 (type: networks) to 1
2026-06-25 23:41:21.532 8 WARNING neutron.scheduler.dhcp_agent_scheduler [None req-1a706718-8e47-4f35-a053-1b030721f15f e2e3e51fdcfc4b4aa81f4551974ba262 898e736b4bef4410afaa288d454fc509 - - default default] No more DHCP agents
2026-06-25 23:41:21.534 8 WARNING neutron.api.rpc.agentnotifiers.dhcp_rpc_agent_api [None req-1a706718-8e47-4f35-a053-1b030721f15f e2e3e51fdcfc4b4aa81f4551974ba262 898e736b4bef4410afaa288d454fc509 - - default default] Unable to schedule network 8e19d942-836c-4078-807f-da06ffec4a25: no agents available; will retry on subsequent port and subnet creation events.
2026-06-25 23:41:21.634 8 INFO neutron.db.ovn_revision_numbers_db [None req-1a706718-8e47-4f35-a053-1b030721f15f e2e3e51fdcfc4b4aa81f4551974ba262 898e736b4bef4410afaa288d454fc509 - - default default] Successfully bumped revision number for resource 80a5dc14-1aed-4510-b250-31f233d251c9 (type: ports) to 1 [pid: 8|app: 0|req: 775/1481] 10.0.0.211 () {34 vars in 671 bytes} [Thu Jun 25 23:41:20 2026] POST /v2.0/networks => generated 671 bytes in 921 msecs (HTTP/1.1 201) 4 headers in 162 bytes (1 switches on core 0)
2026-06-25 23:41:21.687 8 INFO neutron.pecan_wsgi.hooks.translation [None req-c0894c3e-7474-4517-a862-063afb5df184 1cb99d09c90d4b1680cf0375488a069b 2ffd777c538d41f39ab9627f1a42cd7c - - default default] DELETE failed (client error): The resource could not be found. [pid: 8|app: 0|req: 776/1482] 10.0.0.211 () {32 vars in 726 bytes} [Thu Jun 25 23:41:21 2026] DELETE /v2.0/networks/941a675c-d2b0-4799-9331-284ff98cbd6a => generated 138 bytes in 26 msecs (HTTP/1.1 404) 4 headers in 164 bytes (1 switches on core 0)
2026-06-25 23:41:21.691 7 INFO neutron.plugins.ml2.drivers.ovn.mech_driver.mech_driver [None req-1678dc7e-e77f-4d20-9bc2-246784fb24de - - - - - -] OVN reports status up for port: c6f6dc05-287a-41d3-9f73-60b98a7d5354
2026-06-25 23:41:21.723 7 INFO neutron.plugins.ml2.plugin [None req-1678dc7e-e77f-4d20-9bc2-246784fb24de - - - - - -] Attempt 1 to provision port c6f6dc05-287a-41d3-9f73-60b98a7d5354
2026-06-25 23:41:21.756 8 INFO neutron.plugins.ml2.drivers.ovn.mech_driver.mech_driver [None req-a29175d6-5027-4f63-bd36-ffc929dfb914 - - - - - -] OVN reports status down for port: db89e15a-9e7b-49e3-bfb5-34fd486552b0
2026-06-25 23:41:21.769 8 INFO neutron.plugins.ml2.drivers.ovn.mech_driver.mech_driver [None req-a29175d6-5027-4f63-bd36-ffc929dfb914 - - - - - -] OVN reports status down for port: 80a5dc14-1aed-4510-b250-31f233d251c9
2026-06-25 23:41:21.840 7 WARNING neutron.scheduler.dhcp_agent_scheduler [None req-a3a7f950-87a3-4e49-9fba-65ba77ce850b b56c4335ae8c41309411eb3a90c65c2c 3372b0a5315e46b58ced221fcb61f3ef - - default default] No more DHCP agents
2026-06-25 23:41:21.842 7 WARNING neutron.api.rpc.agentnotifiers.dhcp_rpc_agent_api [None req-a3a7f950-87a3-4e49-9fba-65ba77ce850b b56c4335ae8c41309411eb3a90c65c2c 3372b0a5315e46b58ced221fcb61f3ef - - default default] Unable to schedule network 6056ea1a-0ffe-4b56-bda7-547c739bf9f0: no agents available; will retry on subsequent port and subnet creation events.
2026-06-25 23:41:21.957 8 INFO neutron.db.ovn_revision_numbers_db [None req-0ae55074-effb-446e-8fe6-1a43308f1a72 b56c4335ae8c41309411eb3a90c65c2c 3372b0a5315e46b58ced221fcb61f3ef - - default default] Successfully bumped revision number for resource bc71aabf-a892-4298-b970-9f40dfc1fc41 (type: security_groups) to 1
2026-06-25 23:41:21.969 8 INFO neutron.db.ovn_revision_numbers_db [None req-0ae55074-effb-446e-8fe6-1a43308f1a72 b56c4335ae8c41309411eb3a90c65c2c 3372b0a5315e46b58ced221fcb61f3ef - - default default] Successfully bumped revision number for resource 0d9a9cb5-b79c-45ad-8f1c-039bc6bb67b5 (type: security_group_rules) to 0
2026-06-25 23:41:21.979 8 INFO neutron.db.ovn_revision_numbers_db [None req-0ae55074-effb-446e-8fe6-1a43308f1a72 b56c4335ae8c41309411eb3a90c65c2c 3372b0a5315e46b58ced221fcb61f3ef - - default default] Successfully bumped revision number for resource 479b18eb-073e-4917-b92c-cd08284dfd69 (type: security_group_rules) to 0
2026-06-25 23:41:21.990 8 INFO neutron.db.ovn_revision_numbers_db [None req-0ae55074-effb-446e-8fe6-1a43308f1a72 b56c4335ae8c41309411eb3a90c65c2c 3372b0a5315e46b58ced221fcb61f3ef - - default default] Successfully bumped revision number for resource 497319f8-f6ce-4624-984c-89d1ce22eb65 (type: security_group_rules) to 0
2026-06-25 23:41:22.002 8 INFO neutron.db.ovn_revision_numbers_db [None req-0ae55074-effb-446e-8fe6-1a43308f1a72 b56c4335ae8c41309411eb3a90c65c2c 3372b0a5315e46b58ced221fcb61f3ef - - default default] Successfully bumped revision number for resource b4708f87-0404-4810-ae90-e43c3202f808 (type: security_group_rules) to 0 [pid: 8|app: 0|req: 777/1483] 10.0.0.211 () {32 vars in 774 bytes} [Thu Jun 25 23:41:21 2026] GET /v2.0/security-groups?tenant_id=6a72a8feb3524891b1f7041adacfaa82&name=default => generated 2925 bytes in 360 msecs (HTTP/1.1 200) 4 headers in 158 bytes (1 switches on core 0)
2026-06-25 23:41:22.410 8 WARNING neutron.scheduler.dhcp_agent_scheduler [None req-a706665d-5c4f-4346-8cf7-b6a7df8afb48 e2e3e51fdcfc4b4aa81f4551974ba262 898e736b4bef4410afaa288d454fc509 - - default default] No more DHCP agents
2026-06-25 23:41:22.412 8 WARNING neutron.api.rpc.agentnotifiers.dhcp_rpc_agent_api [None req-a706665d-5c4f-4346-8cf7-b6a7df8afb48 e2e3e51fdcfc4b4aa81f4551974ba262 898e736b4bef4410afaa288d454fc509 - - default default] Unable to schedule network 13f79afb-a37d-4ee3-ad39-395ec46e1d70: no agents available; will retry on subsequent port and subnet creation events.
2026-06-25 23:41:22.467 7 INFO neutron.db.ovn_revision_numbers_db [None req-1678dc7e-e77f-4d20-9bc2-246784fb24de - - - - - -] Successfully bumped revision number for resource c6f6dc05-287a-41d3-9f73-60b98a7d5354 (type: ports) to 2
2026-06-25 23:41:22.582 8 INFO neutron.db.ovn_revision_numbers_db [None req-a706665d-5c4f-4346-8cf7-b6a7df8afb48 e2e3e51fdcfc4b4aa81f4551974ba262 898e736b4bef4410afaa288d454fc509 - - default default] Successfully bumped revision number for resource 8b9d6e42-db20-4ece-be2c-184546d9f1ff (type: ports) to 1
2026-06-25 23:41:22.828 7 INFO neutron.db.ovn_revision_numbers_db [None req-a3a7f950-87a3-4e49-9fba-65ba77ce850b b56c4335ae8c41309411eb3a90c65c2c 3372b0a5315e46b58ced221fcb61f3ef - - default default] Successfully bumped revision number for resource c6f6dc05-287a-41d3-9f73-60b98a7d5354 (type: router_ports) to 1 [pid: 7|app: 0|req: 707/1484] 10.0.0.211 () {34 vars in 783 bytes} [Thu Jun 25 23:41:19 2026] PUT /v2.0/routers/36dd5468-8ecd-41e6-b40c-69a515da0ec0/add_router_interface => generated 309 bytes in 3612 msecs (HTTP/1.1 200) 4 headers in 157 bytes (1 switches on core 0) [pid: 7|app: 0|req: 708/1485] 10.0.0.211 () {32 vars in 694 bytes} [Thu Jun 25 23:41:22 2026] GET /v2.0/networks?router%3Aexternal=True => generated 689 bytes in 63 msecs (HTTP/1.1 200) 4 headers in 157 bytes (1 switches on core 0) [pid: 7|app: 0|req: 709/1486] 10.0.0.211 () {32 vars in 740 bytes} [Thu Jun 25 23:41:22 2026] DELETE /v2.0/security-groups/bc71aabf-a892-4298-b970-9f40dfc1fc41 => generated 0 bytes in 209 msecs (HTTP/1.1 204) 2 headers in 112 bytes (1 switches on core 0) [pid: 7|app: 0|req: 710/1487] 10.0.0.211 () {32 vars in 742 bytes} [Thu Jun 25 23:41:23 2026] GET /v2.0/subnets?network_id=13f79afb-a37d-4ee3-ad39-395ec46e1d70 => generated 649 bytes in 26 msecs (HTTP/1.1 200) 4 headers in 157 bytes (1 switches on core 0) [pid: 7|app: 0|req: 711/1488] 10.0.0.211 () {32 vars in 653 bytes} [Thu Jun 25 23:41:23 2026] GET /v2.0/extensions => generated 20541 bytes in 6 msecs (HTTP/1.1 200) 4 headers in 159 bytes (1 switches on core 0) [pid: 7|app: 0|req: 712/1489] 10.0.0.211 () {32 vars in 649 bytes} [Thu Jun 25 23:41:23 2026] GET /v2.0/networks => generated 1389 bytes in 48 msecs (HTTP/1.1 200) 4 headers in 158 bytes (1 switches on core 0)
2026-06-25 23:41:23.213 8 INFO neutron.plugins.ml2.drivers.ovn.mech_driver.ovsdb.commands [None req-88c5ecb4-23e7-4e4e-9bd3-936d3bb1a42d - - - - - -] Schedule LRP lrp-8b9d6e42-db20-4ece-be2c-184546d9f1ff on gateway 5a189ee8-6053-4adf-8b81-768b9a3714c7 with priority 1
2026-06-25 23:41:23.257 7 INFO neutron.plugins.ml2.drivers.ovn.mech_driver.ovsdb.ovsdb_monitor [None req-b767102d-9648-4841-97ae-624eafec60a7 - - - - - -] Router 14d9ed31-7674-4d18-af0c-d9e02da47cc3 is bound to host instance
2026-06-25 23:41:23.278 8 INFO neutron.db.ovn_revision_numbers_db [None req-a706665d-5c4f-4346-8cf7-b6a7df8afb48 e2e3e51fdcfc4b4aa81f4551974ba262 898e736b4bef4410afaa288d454fc509 - - default default] Successfully bumped revision number for resource 8b9d6e42-db20-4ece-be2c-184546d9f1ff (type: router_ports) to 1 [pid: 7|app: 0|req: 713/1490] 10.0.0.211 () {32 vars in 647 bytes} [Thu Jun 25 23:41:23 2026] GET /v2.0/subnets => generated 1312 bytes in 100 msecs (HTTP/1.1 200) 4 headers in 158 bytes (1 switches on core 0)
2026-06-25 23:41:23.359 8 INFO neutron.db.ovn_revision_numbers_db [None req-a706665d-5c4f-4346-8cf7-b6a7df8afb48 e2e3e51fdcfc4b4aa81f4551974ba262 898e736b4bef4410afaa288d454fc509 - - default default] Successfully bumped revision number for resource 14d9ed31-7674-4d18-af0c-d9e02da47cc3 (type: routers) to 2 [pid: 8|app: 0|req: 778/1491] 10.0.0.211 () {34 vars in 669 bytes} [Thu Jun 25 23:41:22 2026] POST /v2.0/routers => generated 955 bytes in 1336 msecs (HTTP/1.1 201) 4 headers in 162 bytes (1 switches on core 0) [pid: 7|app: 0|req: 714/1492] 10.0.0.211 () {32 vars in 723 bytes} [Thu Jun 25 23:41:23 2026] GET /v2.0/networks/a1f9b644-6466-4006-902f-fa9981b9bdbb => generated 711 bytes in 136 msecs (HTTP/1.1 200) 4 headers in 157 bytes (1 switches on core 0) [pid: 7|app: 0|req: 715/1493] 10.0.0.211 () {32 vars in 721 bytes} [Thu Jun 25 23:41:23 2026] GET /v2.0/subnets/dbe6f41f-1548-4cd8-82ba-433e3c6fc603 => generated 673 bytes in 45 msecs (HTTP/1.1 200) 4 headers in 157 bytes (1 switches on core 0)
2026-06-25 23:41:23.532 7 INFO neutron.pecan_wsgi.hooks.translation [None req-e8faa79c-337a-402d-9838-f7eb707c3cc5 1cb99d09c90d4b1680cf0375488a069b 2ffd777c538d41f39ab9627f1a42cd7c - - default default] DELETE failed (client error): The resource could not be found. [pid: 7|app: 0|req: 716/1494] 10.0.0.211 () {32 vars in 724 bytes} [Thu Jun 25 23:41:23 2026] DELETE /v2.0/subnets/a1fa32ee-3967-469e-8fcf-00cfd3846f8f => generated 136 bytes in 32 msecs (HTTP/1.1 404) 4 headers in 164 bytes (1 switches on core 0)
2026-06-25 23:41:23.577 7 INFO neutron.pecan_wsgi.hooks.translation [None req-04fa5e4b-6308-4a57-95b7-030d6e8a6cfd 1cb99d09c90d4b1680cf0375488a069b 2ffd777c538d41f39ab9627f1a42cd7c - - default default] DELETE failed (client error): The resource could not be found. [pid: 7|app: 0|req: 717/1495] 10.0.0.211 () {32 vars in 726 bytes} [Thu Jun 25 23:41:23 2026] DELETE /v2.0/networks/941a675c-d2b0-4799-9331-284ff98cbd6a => generated 138 bytes in 42 msecs (HTTP/1.1 404) 4 headers in 164 bytes (1 switches on core 0) [pid: 8|app: 0|req: 779/1496] 10.0.0.211 () {32 vars in 776 bytes} [Thu Jun 25 23:41:23 2026] GET /v2.0/subnets?project_id=898e736b4bef4410afaa288d454fc509&cidr=10.100.0.0%2F28 => generated 14 bytes in 196 msecs (HTTP/1.1 200) 4 headers in 156 bytes (1 switches on core 0) [pid: 8|app: 0|req: 780/1497] 10.0.0.211 () {32 vars in 724 bytes} [Thu Jun 25 23:41:23 2026] DELETE /v2.0/subnets/dbe6f41f-1548-4cd8-82ba-433e3c6fc603 => generated 0 bytes in 153 msecs (HTTP/1.1 204) 3 headers in 131 bytes (1 switches on core 0) [pid: 8|app: 0|req: 781/1498] 10.0.0.211 () {32 vars in 694 bytes} [Thu Jun 25 23:41:23 2026] GET /v2.0/networks?router%3Aexternal=True => generated 791 bytes in 45 msecs (HTTP/1.1 200) 4 headers in 157 bytes (1 switches on core 0)
2026-06-25 23:41:23.888 7 INFO neutron.db.ovn_revision_numbers_db [None req-6e248599-aa79-4f90-9ca6-6a1c0cb5591f 6a442d26c93c4f52b82ea99077a441c9 019ed0595f3c4421b8d09456c0983169 - - default default] Successfully bumped revision number for resource 0aeb4707-6a26-4792-a153-993295b97a00 (type: security_groups) to 1
2026-06-25 23:41:23.909 7 INFO neutron.db.ovn_revision_numbers_db [None req-6e248599-aa79-4f90-9ca6-6a1c0cb5591f 6a442d26c93c4f52b82ea99077a441c9 019ed0595f3c4421b8d09456c0983169 - - default default] Successfully bumped revision number for resource 78025e48-946d-469a-985a-d04de541e591 (type: security_group_rules) to 0
2026-06-25 23:41:23.924 8 INFO neutron_taas.services.taas.taas_plugin [None req-3b266e1a-c426-43d3-8c36-fb6c6de6f624 1cb99d09c90d4b1680cf0375488a069b 2ffd777c538d41f39ab9627f1a42cd7c - - default default] TaaS: Handle Delete Port: 153abbd5-3ada-4e60-a49c-44cb14fdb702
2026-06-25 23:41:23.928 8 INFO neutron_taas.services.taas.tap_mirror_plugin [None req-3b266e1a-c426-43d3-8c36-fb6c6de6f624 1cb99d09c90d4b1680cf0375488a069b 2ffd777c538d41f39ab9627f1a42cd7c - - default default] Tap Mirror: Handle Delete Port: 153abbd5-3ada-4e60-a49c-44cb14fdb702
2026-06-25 23:41:23.934 7 INFO neutron.db.ovn_revision_numbers_db [None req-6e248599-aa79-4f90-9ca6-6a1c0cb5591f 6a442d26c93c4f52b82ea99077a441c9 019ed0595f3c4421b8d09456c0983169 - - default default] Successfully bumped revision number for resource 96b51e35-fbaa-4ba8-8c3e-4f805e2d0eba (type: security_group_rules) to 0 [pid: 7|app: 0|req: 718/1499] 10.0.0.211 () {34 vars in 685 bytes} [Thu Jun 25 23:41:23 2026] POST /v2.0/security-groups => generated 1659 bytes in 453 msecs (HTTP/1.1 201) 4 headers in 163 bytes (1 switches on core 0) [pid: 7|app: 0|req: 719/1500] 10.0.0.211 () {32 vars in 784 bytes} [Thu Jun 25 23:41:24 2026] GET /v2.0/subnets?network_id=13f79afb-a37d-4ee3-ad39-395ec46e1d70&cidr=10.100.0.0%2F28 => generated 14 bytes in 42 msecs (HTTP/1.1 200) 4 headers in 156 bytes (1 switches on core 0)
2026-06-25 23:41:24.186 8 INFO neutron.services.segments.plugin [-] Segment ecaa6743-066a-4108-8cce-67e65b197748 resource provider aggregate not found
2026-06-25 23:41:24.199 8 INFO neutron.services.segments.plugin [-] Segment ecaa6743-066a-4108-8cce-67e65b197748 resource provider aggregate not found
2026-06-25 23:41:24.204 8 INFO neutron.services.segments.plugin [-] Segment ecaa6743-066a-4108-8cce-67e65b197748 resource provider not found; error: Placement Client Error (4xx): {"errors": [{"status": 404, "title": "Not Found", "detail": "The resource could not be found.\n\n No resource provider with uuid ecaa6743-066a-4108-8cce-67e65b197748 found for delete ", "request_id": "req-40ada140-f24f-4fa5-9fea-32c25c37735c"}]}
2026-06-25 23:41:24.219 8 INFO neutron.services.segments.plugin [-] Segment ecaa6743-066a-4108-8cce-67e65b197748 resource provider not found; error: Placement Client Error (4xx): {"errors": [{"status": 404, "title": "Not Found", "detail": "The resource could not be found.\n\n No resource provider with uuid ecaa6743-066a-4108-8cce-67e65b197748 found for delete ", "request_id": "req-43768b11-935f-44dd-bcf1-f73e98cf130d"}]} [pid: 8|app: 0|req: 782/1501] 10.0.0.211 () {32 vars in 726 bytes} [Thu Jun 25 23:41:23 2026] DELETE /v2.0/networks/a1f9b644-6466-4006-902f-fa9981b9bdbb => generated 0 bytes in 450 msecs (HTTP/1.1 204) 3 headers in 131 bytes (1 switches on core 0)
2026-06-25 23:41:24.362 7 INFO neutron.db.ovn_revision_numbers_db [None req-ec331217-cb0b-426e-9232-ea3ed4679423 6a442d26c93c4f52b82ea99077a441c9 019ed0595f3c4421b8d09456c0983169 - - default default] Successfully bumped revision number for resource 631260cf-a10f-4a6f-a212-dc6a66cb6cae (type: security_group_rules) to 0 [pid: 7|app: 0|req: 720/1502] 10.0.0.211 () {34 vars in 695 bytes} [Thu Jun 25 23:41:24 2026] POST /v2.0/security-group-rules => generated 597 bytes in 350 msecs (HTTP/1.1 201) 4 headers in 162 bytes (1 switches on core 0)
2026-06-25 23:41:24.505 8 WARNING neutron.scheduler.dhcp_agent_scheduler [None req-e580c803-c7a3-4889-88be-ea7d74f0812e e2e3e51fdcfc4b4aa81f4551974ba262 898e736b4bef4410afaa288d454fc509 - - default default] No more DHCP agents
2026-06-25 23:41:24.509 8 WARNING neutron.api.rpc.agentnotifiers.dhcp_rpc_agent_api [None req-e580c803-c7a3-4889-88be-ea7d74f0812e e2e3e51fdcfc4b4aa81f4551974ba262 898e736b4bef4410afaa288d454fc509 - - default default] Unable to schedule network 8e19d942-836c-4078-807f-da06ffec4a25: no agents available; will retry on subsequent port and subnet creation events.
2026-06-25 23:41:24.737 7 INFO neutron.db.ovn_revision_numbers_db [None req-2412c22b-cc33-4c54-b020-b789c143bee9 6a442d26c93c4f52b82ea99077a441c9 019ed0595f3c4421b8d09456c0983169 - - default default] Successfully bumped revision number for resource 45751fe9-4a47-4158-b805-8bc1215edb9b (type: security_group_rules) to 0 [pid: 7|app: 0|req: 721/1503] 10.0.0.211 () {34 vars in 695 bytes} [Thu Jun 25 23:41:24 2026] POST /v2.0/security-group-rules => generated 602 bytes in 366 msecs (HTTP/1.1 201) 4 headers in 162 bytes (1 switches on core 0)
2026-06-25 23:41:24.821 7 INFO neutron.db.ovn_revision_numbers_db [None req-e52c05de-261c-4238-a8c0-17de6fb54bce - - - - - -] Successfully bumped revision number for resource 8b9d6e42-db20-4ece-be2c-184546d9f1ff (type: ports) to 4 [pid: 7|app: 0|req: 722/1504] 10.0.0.211 () {32 vars in 774 bytes} [Thu Jun 25 23:41:24 2026] GET /v2.0/security-groups?tenant_id=2ffd777c538d41f39ab9627f1a42cd7c&name=default => generated 2925 bytes in 224 msecs (HTTP/1.1 200) 4 headers in 158 bytes (1 switches on core 0)
2026-06-25 23:41:25.042 8 INFO neutron.db.ovn_revision_numbers_db [None req-628218ba-4897-4df7-b9c0-f897802acc4f - - - - - -] Successfully bumped revision number for resource 80a5dc14-1aed-4510-b250-31f233d251c9 (type: ports) to 2
2026-06-25 23:41:25.081 8 INFO neutron.db.ovn_revision_numbers_db [None req-628218ba-4897-4df7-b9c0-f897802acc4f - - - - - -] Successfully bumped revision number for resource b328003f-540b-4400-aebb-f5e6b1d64eb2 (type: subnets) to 0 [pid: 8|app: 0|req: 783/1505] 10.0.0.211 () {34 vars in 669 bytes} [Thu Jun 25 23:41:24 2026] POST /v2.0/subnets => generated 657 bytes in 857 msecs (HTTP/1.1 201) 4 headers in 162 bytes (1 switches on core 0)
2026-06-25 23:41:25.312 7 INFO neutron.db.ovn_revision_numbers_db [None req-e52c05de-261c-4238-a8c0-17de6fb54bce - - - - - -] Successfully bumped revision number for resource 8b9d6e42-db20-4ece-be2c-184546d9f1ff (type: ports) to 5
2026-06-25 23:41:25.318 8 INFO neutron.db.ovn_revision_numbers_db [None req-2aca3894-dd03-43e9-a335-5a6e71ca6fb1 b56c4335ae8c41309411eb3a90c65c2c 3372b0a5315e46b58ced221fcb61f3ef - - default default] Successfully bumped revision number for resource cf7e6446-7287-4a8e-8157-2cb7adb5a62d (type: security_groups) to 1
2026-06-25 23:41:25.330 8 INFO neutron.db.ovn_revision_numbers_db [None req-2aca3894-dd03-43e9-a335-5a6e71ca6fb1 b56c4335ae8c41309411eb3a90c65c2c 3372b0a5315e46b58ced221fcb61f3ef - - default default] Successfully bumped revision number for resource 15fbd4a1-532e-43ea-ac07-77cc5121cd3c (type: security_group_rules) to 0
