2026-06-25 23:41:25.341 8 INFO neutron.db.ovn_revision_numbers_db [None req-2aca3894-dd03-43e9-a335-5a6e71ca6fb1 b56c4335ae8c41309411eb3a90c65c2c 3372b0a5315e46b58ced221fcb61f3ef - - default default] Successfully bumped revision number for resource 43bd0a3f-d897-4aff-9864-764188df13b9 (type: security_group_rules) to 0
2026-06-25 23:41:25.354 8 INFO neutron.db.ovn_revision_numbers_db [None req-2aca3894-dd03-43e9-a335-5a6e71ca6fb1 b56c4335ae8c41309411eb3a90c65c2c 3372b0a5315e46b58ced221fcb61f3ef - - default default] Successfully bumped revision number for resource 67eedbf5-49b5-405c-98a5-b17a90d68095 (type: security_group_rules) to 0
2026-06-25 23:41:25.368 8 INFO neutron.db.ovn_revision_numbers_db [None req-2aca3894-dd03-43e9-a335-5a6e71ca6fb1 b56c4335ae8c41309411eb3a90c65c2c 3372b0a5315e46b58ced221fcb61f3ef - - default default] Successfully bumped revision number for resource fefd3594-a898-46c0-bd29-5ebc1cfe65f6 (type: security_group_rules) to 0
2026-06-25 23:41:25.458 8 INFO neutron.db.segments_db [None req-2aca3894-dd03-43e9-a335-5a6e71ca6fb1 b56c4335ae8c41309411eb3a90c65c2c 3372b0a5315e46b58ced221fcb61f3ef - - default default] Added segment cd54e91e-53dc-44f7-bc82-9a468af97b48 of type geneve for network be64ca09-902e-4960-b47f-7c37f1424d88
2026-06-25 23:41:25.510 7 WARNING neutron.scheduler.dhcp_agent_scheduler [None req-cbe99c68-5138-4ed5-99a6-97dcd073759b 6a442d26c93c4f52b82ea99077a441c9 019ed0595f3c4421b8d09456c0983169 - - default default] No more DHCP agents
2026-06-25 23:41:25.512 7 WARNING neutron.api.rpc.agentnotifiers.dhcp_rpc_agent_api [None req-cbe99c68-5138-4ed5-99a6-97dcd073759b 6a442d26c93c4f52b82ea99077a441c9 019ed0595f3c4421b8d09456c0983169 - - default default] Unable to schedule network 13f79afb-a37d-4ee3-ad39-395ec46e1d70: no agents available; will retry on subsequent port and subnet creation events.
2026-06-25 23:41:25.596 8 INFO neutron.db.ovn_revision_numbers_db [None req-2aca3894-dd03-43e9-a335-5a6e71ca6fb1 b56c4335ae8c41309411eb3a90c65c2c 3372b0a5315e46b58ced221fcb61f3ef - - default default] Successfully bumped revision number for resource be64ca09-902e-4960-b47f-7c37f1424d88 (type: networks) to 1
2026-06-25 23:41:25.748 8 WARNING neutron.scheduler.dhcp_agent_scheduler [None req-2aca3894-dd03-43e9-a335-5a6e71ca6fb1 b56c4335ae8c41309411eb3a90c65c2c 3372b0a5315e46b58ced221fcb61f3ef - - default default] No more DHCP agents
2026-06-25 23:41:25.750 8 WARNING neutron.api.rpc.agentnotifiers.dhcp_rpc_agent_api [None req-2aca3894-dd03-43e9-a335-5a6e71ca6fb1 b56c4335ae8c41309411eb3a90c65c2c 3372b0a5315e46b58ced221fcb61f3ef - - default default] Unable to schedule network be64ca09-902e-4960-b47f-7c37f1424d88: no agents available; will retry on subsequent port and subnet creation events.
2026-06-25 23:41:25.801 8 INFO neutron.plugins.ml2.drivers.ovn.mech_driver.mech_driver [None req-a29175d6-5027-4f63-bd36-ffc929dfb914 - - - - - -] OVN reports status down for port: c7140271-f2f8-41e0-aa70-44efe1677170 [pid: 7|app: 0|req: 723/1506] 10.0.0.211 () {34 vars in 676 bytes} [Thu Jun 25 23:41:25 2026] POST /v2.0/floatingips => generated 552 bytes in 798 msecs (HTTP/1.1 201) 4 headers in 162 bytes (1 switches on core 0)
2026-06-25 23:41:25.862 8 INFO neutron.db.ovn_revision_numbers_db [None req-2aca3894-dd03-43e9-a335-5a6e71ca6fb1 b56c4335ae8c41309411eb3a90c65c2c 3372b0a5315e46b58ced221fcb61f3ef - - default default] Successfully bumped revision number for resource c7140271-f2f8-41e0-aa70-44efe1677170 (type: ports) to 1 [pid: 8|app: 0|req: 784/1507] 10.0.0.211 () {34 vars in 671 bytes} [Thu Jun 25 23:41:25 2026] POST /v2.0/networks => generated 781 bytes in 813 msecs (HTTP/1.1 201) 4 headers in 162 bytes (1 switches on core 0) [pid: 7|app: 0|req: 724/1508] 10.0.0.211 () {32 vars in 740 bytes} [Thu Jun 25 23:41:25 2026] DELETE /v2.0/security-groups/a37ff468-69c4-4692-a247-27f8a245b682 => generated 0 bytes in 236 msecs (HTTP/1.1 204) 2 headers in 112 bytes (1 switches on core 0)
2026-06-25 23:41:26.228 7 WARNING neutron.scheduler.dhcp_agent_scheduler [None req-4dc06a23-9efe-41d7-a395-16fd87564af4 b56c4335ae8c41309411eb3a90c65c2c 3372b0a5315e46b58ced221fcb61f3ef - - default default] No more DHCP agents
2026-06-25 23:41:26.229 7 WARNING neutron.api.rpc.agentnotifiers.dhcp_rpc_agent_api [None req-4dc06a23-9efe-41d7-a395-16fd87564af4 b56c4335ae8c41309411eb3a90c65c2c 3372b0a5315e46b58ced221fcb61f3ef - - default default] Unable to schedule network be64ca09-902e-4960-b47f-7c37f1424d88: no agents available; will retry on subsequent port and subnet creation events.
2026-06-25 23:41:26.494 8 WARNING neutron.scheduler.dhcp_agent_scheduler [None req-57c0f72c-a4f5-4f6b-97d2-6921efeea67a e2e3e51fdcfc4b4aa81f4551974ba262 898e736b4bef4410afaa288d454fc509 - - default default] No more DHCP agents
2026-06-25 23:41:26.496 8 WARNING neutron.api.rpc.agentnotifiers.dhcp_rpc_agent_api [None req-57c0f72c-a4f5-4f6b-97d2-6921efeea67a e2e3e51fdcfc4b4aa81f4551974ba262 898e736b4bef4410afaa288d454fc509 - - default default] Unable to schedule network 8e19d942-836c-4078-807f-da06ffec4a25: no agents available; will retry on subsequent port and subnet creation events.
2026-06-25 23:41:26.621 8 INFO neutron.plugins.ml2.drivers.ovn.mech_driver.mech_driver [None req-a29175d6-5027-4f63-bd36-ffc929dfb914 - - - - - -] OVN reports status down for port: a700395f-7f65-426f-8afe-062995d8e0be
2026-06-25 23:41:26.673 8 INFO neutron.db.ovn_revision_numbers_db [None req-57c0f72c-a4f5-4f6b-97d2-6921efeea67a e2e3e51fdcfc4b4aa81f4551974ba262 898e736b4bef4410afaa288d454fc509 - - default default] Successfully bumped revision number for resource a700395f-7f65-426f-8afe-062995d8e0be (type: ports) to 1
2026-06-25 23:41:26.719 7 INFO neutron.db.ovn_revision_numbers_db [None req-515834ca-fb43-42b1-8aea-606cad1070b1 - - - - - -] Successfully bumped revision number for resource c7140271-f2f8-41e0-aa70-44efe1677170 (type: ports) to 2
2026-06-25 23:41:26.763 7 INFO neutron.db.ovn_revision_numbers_db [None req-515834ca-fb43-42b1-8aea-606cad1070b1 - - - - - -] Successfully bumped revision number for resource ca580bb8-7d28-45eb-a097-47b54691f045 (type: subnets) to 0 [pid: 7|app: 0|req: 725/1509] 10.0.0.211 () {34 vars in 669 bytes} [Thu Jun 25 23:41:26 2026] POST /v2.0/subnets => generated 687 bytes in 707 msecs (HTTP/1.1 201) 4 headers in 162 bytes (1 switches on core 0) [pid: 7|app: 0|req: 726/1510] 10.0.0.227 () {34 vars in 1098 bytes} [Thu Jun 25 23:41:26 2026] GET /v2.0/security-groups?name=tempest-securitygroup--947959870&fields=id&tenant_id=019ed0595f3c4421b8d09456c0983169 => generated 69 bytes in 30 msecs (HTTP/1.1 200) 4 headers in 156 bytes (1 switches on core 0)
2026-06-25 23:41:27.244 7 WARNING neutron.scheduler.dhcp_agent_scheduler [None req-3cc810bd-939a-479b-b798-689c57b5dc7d b56c4335ae8c41309411eb3a90c65c2c 3372b0a5315e46b58ced221fcb61f3ef - - default default] No more DHCP agents
2026-06-25 23:41:27.245 7 WARNING neutron.api.rpc.agentnotifiers.dhcp_rpc_agent_api [None req-3cc810bd-939a-479b-b798-689c57b5dc7d b56c4335ae8c41309411eb3a90c65c2c 3372b0a5315e46b58ced221fcb61f3ef - - default default] Unable to schedule network 13f79afb-a37d-4ee3-ad39-395ec46e1d70: no agents available; will retry on subsequent port and subnet creation events.
2026-06-25 23:41:27.393 7 INFO neutron.db.ovn_revision_numbers_db [None req-3cc810bd-939a-479b-b798-689c57b5dc7d b56c4335ae8c41309411eb3a90c65c2c 3372b0a5315e46b58ced221fcb61f3ef - - default default] Successfully bumped revision number for resource 6d8c8f9b-c2e3-4894-a40c-c80561c5daa6 (type: ports) to 1
2026-06-25 23:41:27.797 7 WARNING neutron.plugins.ml2.drivers.ovn.mech_driver.ovsdb.ovn_client [None req-160c6255-bec9-4519-b479-e2fd239c78ea - - - - - -] No hosting information found for port c6f6dc05-287a-41d3-9f73-60b98a7d5354: RuntimeError: No hosting information found for port c6f6dc05-287a-41d3-9f73-60b98a7d5354
2026-06-25 23:41:27.798 7 INFO neutron.plugins.ml2.drivers.ovn.mech_driver.mech_driver [None req-160c6255-bec9-4519-b479-e2fd239c78ea - - - - - -] OVN reports status down for port: 8b9d6e42-db20-4ece-be2c-184546d9f1ff
2026-06-25 23:41:27.804 8 INFO neutron.plugins.ml2.drivers.ovn.mech_driver.mech_driver [None req-a29175d6-5027-4f63-bd36-ffc929dfb914 - - - - - -] OVN reports status down for port: 6d8c8f9b-c2e3-4894-a40c-c80561c5daa6
2026-06-25 23:41:28.118 8 INFO neutron.plugins.ml2.drivers.ovn.mech_driver.mech_driver [None req-a29175d6-5027-4f63-bd36-ffc929dfb914 - - - - - -] OVN reports status up for port: a700395f-7f65-426f-8afe-062995d8e0be
2026-06-25 23:41:28.146 8 INFO neutron.plugins.ml2.plugin [None req-a29175d6-5027-4f63-bd36-ffc929dfb914 - - - - - -] Attempt 1 to provision port a700395f-7f65-426f-8afe-062995d8e0be
2026-06-25 23:41:28.200 7 INFO neutron.plugins.ml2.drivers.ovn.mech_driver.ovsdb.commands [None req-8d659d7c-4e22-4f1d-9942-413384a6f9e6 - - - - - -] Schedule LRP lrp-6d8c8f9b-c2e3-4894-a40c-c80561c5daa6 on gateway 5a189ee8-6053-4adf-8b81-768b9a3714c7 with priority 1
2026-06-25 23:41:28.251 7 INFO neutron.plugins.ml2.drivers.ovn.mech_driver.ovsdb.ovsdb_monitor [None req-e52c05de-261c-4238-a8c0-17de6fb54bce - - - - - -] Router 3c2fd577-b6ab-4155-9d54-a3a588a476be is bound to host instance
2026-06-25 23:41:28.358 8 WARNING neutron.scheduler.dhcp_agent_scheduler [None req-57c0f72c-a4f5-4f6b-97d2-6921efeea67a e2e3e51fdcfc4b4aa81f4551974ba262 898e736b4bef4410afaa288d454fc509 - - default default] No more DHCP agents
2026-06-25 23:41:28.360 8 WARNING neutron.api.rpc.agentnotifiers.dhcp_rpc_agent_api [None req-57c0f72c-a4f5-4f6b-97d2-6921efeea67a e2e3e51fdcfc4b4aa81f4551974ba262 898e736b4bef4410afaa288d454fc509 - - default default] Unable to schedule network 8e19d942-836c-4078-807f-da06ffec4a25: no agents available; will retry on subsequent port and subnet creation events.
2026-06-25 23:41:28.449 7 INFO neutron.db.ovn_revision_numbers_db [None req-3cc810bd-939a-479b-b798-689c57b5dc7d b56c4335ae8c41309411eb3a90c65c2c 3372b0a5315e46b58ced221fcb61f3ef - - default default] Successfully bumped revision number for resource 6d8c8f9b-c2e3-4894-a40c-c80561c5daa6 (type: router_ports) to 1
2026-06-25 23:41:28.692 7 INFO neutron.db.ovn_revision_numbers_db [None req-160c6255-bec9-4519-b479-e2fd239c78ea - - - - - -] Successfully bumped revision number for resource 8b9d6e42-db20-4ece-be2c-184546d9f1ff (type: ports) to 6
2026-06-25 23:41:28.695 7 INFO neutron.db.ovn_revision_numbers_db [None req-3cc810bd-939a-479b-b798-689c57b5dc7d b56c4335ae8c41309411eb3a90c65c2c 3372b0a5315e46b58ced221fcb61f3ef - - default default] Successfully bumped revision number for resource 3c2fd577-b6ab-4155-9d54-a3a588a476be (type: routers) to 2 [pid: 7|app: 0|req: 727/1511] 10.0.0.211 () {34 vars in 669 bytes} [Thu Jun 25 23:41:26 2026] POST /v2.0/routers => generated 965 bytes in 1930 msecs (HTTP/1.1 201) 4 headers in 162 bytes (1 switches on core 0)
2026-06-25 23:41:28.880 8 INFO neutron.db.ovn_revision_numbers_db [None req-a29175d6-5027-4f63-bd36-ffc929dfb914 - - - - - -] Successfully bumped revision number for resource a700395f-7f65-426f-8afe-062995d8e0be (type: ports) to 2 [pid: 7|app: 0|req: 728/1512] 10.0.0.227 () {34 vars in 982 bytes} [Thu Jun 25 23:41:28 2026] GET /v2.0/networks?id=6056ea1a-0ffe-4b56-bda7-547c739bf9f0 => generated 713 bytes in 163 msecs (HTTP/1.1 200) 4 headers in 157 bytes (1 switches on core 0)
2026-06-25 23:41:29.000 7 WARNING neutron.plugins.ml2.drivers.ovn.mech_driver.ovsdb.ovn_client [None req-f1541784-b97a-4d22-ba30-ba0755959ef4 - - - - - -] Logical_Switch_Port 8b9d6e42-db20-4ece-be2c-184546d9f1ff host information not removed, the port state is up
2026-06-25 23:41:29.087 8 INFO neutron.db.ovn_revision_numbers_db [None req-57c0f72c-a4f5-4f6b-97d2-6921efeea67a e2e3e51fdcfc4b4aa81f4551974ba262 898e736b4bef4410afaa288d454fc509 - - default default] Successfully bumped revision number for resource a700395f-7f65-426f-8afe-062995d8e0be (type: router_ports) to 1 [pid: 8|app: 0|req: 785/1513] 10.0.0.211 () {34 vars in 783 bytes} [Thu Jun 25 23:41:25 2026] PUT /v2.0/routers/14d9ed31-7674-4d18-af0c-d9e02da47cc3/add_router_interface => generated 309 bytes in 3182 msecs (HTTP/1.1 200) 4 headers in 157 bytes (1 switches on core 0)
2026-06-25 23:41:29.188 7 INFO neutron.db.ovn_revision_numbers_db [None req-f1541784-b97a-4d22-ba30-ba0755959ef4 - - - - - -] Successfully bumped revision number for resource c6f6dc05-287a-41d3-9f73-60b98a7d5354 (type: router_ports) to 2
2026-06-25 23:41:29.192 7 INFO neutron.plugins.ml2.drivers.ovn.mech_driver.mech_driver [None req-f1541784-b97a-4d22-ba30-ba0755959ef4 - - - - - -] OVN reports status up for port: 8b9d6e42-db20-4ece-be2c-184546d9f1ff
2026-06-25 23:41:29.226 7 INFO neutron.plugins.ml2.plugin [None req-f1541784-b97a-4d22-ba30-ba0755959ef4 - - - - - -] Attempt 1 to provision port 8b9d6e42-db20-4ece-be2c-184546d9f1ff
2026-06-25 23:41:29.427 7 INFO neutron.db.ovn_revision_numbers_db [None req-f5c93f98-16ea-4043-b982-5c19827fffa8 81e2096e8df4445fa63ddda72f2bca95 ddef4a4a7ac34678b7fc21a0e4cccedb - - default default] Successfully bumped revision number for resource bad829eb-c4cd-4db3-862f-7340d6246aa3 (type: security_groups) to 1
2026-06-25 23:41:29.501 7 INFO neutron.db.ovn_revision_numbers_db [None req-f5c93f98-16ea-4043-b982-5c19827fffa8 81e2096e8df4445fa63ddda72f2bca95 ddef4a4a7ac34678b7fc21a0e4cccedb - - default default] Successfully bumped revision number for resource 1086e9f6-362f-4500-a971-8b7cea36d6f0 (type: security_group_rules) to 0
2026-06-25 23:41:29.574 7 INFO neutron.db.ovn_revision_numbers_db [None req-f5c93f98-16ea-4043-b982-5c19827fffa8 81e2096e8df4445fa63ddda72f2bca95 ddef4a4a7ac34678b7fc21a0e4cccedb - - default default] Successfully bumped revision number for resource 216d0934-c473-4a98-94fd-707846f2023f (type: security_group_rules) to 0
2026-06-25 23:41:29.589 8 WARNING neutron.scheduler.dhcp_agent_scheduler [None req-3bc5e29c-edd8-4290-8a38-d8d4be1d86f8 b56c4335ae8c41309411eb3a90c65c2c 3372b0a5315e46b58ced221fcb61f3ef - - default default] No more DHCP agents
2026-06-25 23:41:29.590 8 WARNING neutron.api.rpc.agentnotifiers.dhcp_rpc_agent_api [None req-3bc5e29c-edd8-4290-8a38-d8d4be1d86f8 b56c4335ae8c41309411eb3a90c65c2c 3372b0a5315e46b58ced221fcb61f3ef - - default default] Unable to schedule network be64ca09-902e-4960-b47f-7c37f1424d88: no agents available; will retry on subsequent port and subnet creation events.
2026-06-25 23:41:29.614 7 INFO neutron.db.ovn_revision_numbers_db [None req-f5c93f98-16ea-4043-b982-5c19827fffa8 81e2096e8df4445fa63ddda72f2bca95 ddef4a4a7ac34678b7fc21a0e4cccedb - - default default] Successfully bumped revision number for resource 3178a912-d02e-49aa-9572-39602d8f539c (type: security_group_rules) to 0
2026-06-25 23:41:29.646 7 INFO neutron.db.ovn_revision_numbers_db [None req-f5c93f98-16ea-4043-b982-5c19827fffa8 81e2096e8df4445fa63ddda72f2bca95 ddef4a4a7ac34678b7fc21a0e4cccedb - - default default] Successfully bumped revision number for resource 70905ad6-24f0-4d94-88c9-92d63d8e1af2 (type: security_group_rules) to 0
2026-06-25 23:41:29.722 8 INFO neutron.db.ovn_revision_numbers_db [None req-3bc5e29c-edd8-4290-8a38-d8d4be1d86f8 b56c4335ae8c41309411eb3a90c65c2c 3372b0a5315e46b58ced221fcb61f3ef - - default default] Successfully bumped revision number for resource 00006247-3c12-4faa-9e6f-b20981287c97 (type: ports) to 1
2026-06-25 23:41:29.846 7 INFO neutron.db.segments_db [None req-f5c93f98-16ea-4043-b982-5c19827fffa8 81e2096e8df4445fa63ddda72f2bca95 ddef4a4a7ac34678b7fc21a0e4cccedb - - default default] Added segment 734a2e75-216b-4863-9cec-6736c297c3af of type geneve for network b82a20c3-4bf3-4f38-8549-054c18dcfc0d
2026-06-25 23:41:30.317 8 WARNING neutron.scheduler.dhcp_agent_scheduler [None req-3bc5e29c-edd8-4290-8a38-d8d4be1d86f8 b56c4335ae8c41309411eb3a90c65c2c 3372b0a5315e46b58ced221fcb61f3ef - - default default] No more DHCP agents
2026-06-25 23:41:30.318 8 WARNING neutron.api.rpc.agentnotifiers.dhcp_rpc_agent_api [None req-3bc5e29c-edd8-4290-8a38-d8d4be1d86f8 b56c4335ae8c41309411eb3a90c65c2c 3372b0a5315e46b58ced221fcb61f3ef - - default default] Unable to schedule network be64ca09-902e-4960-b47f-7c37f1424d88: no agents available; will retry on subsequent port and subnet creation events.
2026-06-25 23:41:30.752 8 INFO neutron.db.ovn_revision_numbers_db [None req-3bc5e29c-edd8-4290-8a38-d8d4be1d86f8 b56c4335ae8c41309411eb3a90c65c2c 3372b0a5315e46b58ced221fcb61f3ef - - default default] Successfully bumped revision number for resource 00006247-3c12-4faa-9e6f-b20981287c97 (type: router_ports) to 1 [pid: 8|app: 0|req: 786/1514] 10.0.0.211 () {34 vars in 783 bytes} [Thu Jun 25 23:41:29 2026] PUT /v2.0/routers/3c2fd577-b6ab-4155-9d54-a3a588a476be/add_router_interface => generated 309 bytes in 1666 msecs (HTTP/1.1 200) 4 headers in 157 bytes (1 switches on core 0) [pid: 8|app: 0|req: 787/1515] 10.0.0.227 () {34 vars in 965 bytes} [Thu Jun 25 23:41:30 2026] GET /v2.0/quotas/019ed0595f3c4421b8d09456c0983169 => generated 292 bytes in 9 msecs (HTTP/1.1 200) 4 headers in 157 bytes (1 switches on core 0) [pid: 8|app: 0|req: 788/1516] 10.0.0.211 () {32 vars in 649 bytes} [Thu Jun 25 23:41:30 2026] GET /v2.0/networks => generated 5401 bytes in 68 msecs (HTTP/1.1 200) 4 headers in 158 bytes (1 switches on core 0) [pid: 8|app: 0|req: 791/1519] 10.0.0.227 () {34 vars in 1002 bytes} [Thu Jun 25 23:41:30 2026] GET /v2.0/ports?tenant_id=019ed0595f3c4421b8d09456c0983169&fields=id => generated 103 bytes in 81 msecs (HTTP/1.1 200) 4 headers in 157 bytes (1 switches on core 0) [pid: 8|app: 0|req: 792/1520] 10.0.0.211 () {32 vars in 647 bytes} [Thu Jun 25 23:41:30 2026] GET /v2.0/subnets => generated 3330 bytes in 42 msecs (HTTP/1.1 200) 4 headers in 158 bytes (1 switches on core 0)
2026-06-25 23:41:30.991 7 INFO neutron.db.ovn_revision_numbers_db [None req-f5c93f98-16ea-4043-b982-5c19827fffa8 81e2096e8df4445fa63ddda72f2bca95 ddef4a4a7ac34678b7fc21a0e4cccedb - - default default] Successfully bumped revision number for resource b82a20c3-4bf3-4f38-8549-054c18dcfc0d (type: networks) to 1 [pid: 8|app: 0|req: 793/1521] 10.0.0.227 () {34 vars in 1008 bytes} [Thu Jun 25 23:41:30 2026] GET /v2.0/networks/6056ea1a-0ffe-4b56-bda7-547c739bf9f0?fields=segments => generated 14 bytes in 34 msecs (HTTP/1.1 200) 4 headers in 156 bytes (1 switches on core 0)
2026-06-25 23:41:31.050 7 INFO neutron.db.ovn_revision_numbers_db [None req-f1541784-b97a-4d22-ba30-ba0755959ef4 - - - - - -] Successfully bumped revision number for resource 8b9d6e42-db20-4ece-be2c-184546d9f1ff (type: ports) to 7 [pid: 8|app: 0|req: 794/1522] 10.0.0.211 () {32 vars in 647 bytes} [Thu Jun 25 23:41:31 2026] GET /v2.0/routers => generated 2901 bytes in 83 msecs (HTTP/1.1 200) 4 headers in 158 bytes (1 switches on core 0) [pid: 8|app: 0|req: 795/1523] 10.0.0.227 () {34 vars in 1108 bytes} [Thu Jun 25 23:41:31 2026] GET /v2.0/networks/6056ea1a-0ffe-4b56-bda7-547c739bf9f0?fields=provider%3Aphysical_network&fields=provider%3Anetwork_type => generated 79 bytes in 48 msecs (HTTP/1.1 200) 4 headers in 156 bytes (1 switches on core 0)
2026-06-25 23:41:31.276 8 INFO neutron.db.ovn_revision_numbers_db [None req-bd885a92-2546-40d3-a80e-cd7f09a7070a e2e3e51fdcfc4b4aa81f4551974ba262 898e736b4bef4410afaa288d454fc509 - - default default] Successfully bumped revision number for resource 0533fcfe-df45-4771-8ad8-ed9e89e7a034 (type: security_groups) to 1
2026-06-25 23:41:31.287 8 INFO neutron.db.ovn_revision_numbers_db [None req-bd885a92-2546-40d3-a80e-cd7f09a7070a e2e3e51fdcfc4b4aa81f4551974ba262 898e736b4bef4410afaa288d454fc509 - - default default] Successfully bumped revision number for resource 2689e5bb-87c4-4dab-9a3a-b38fb6e8068c (type: security_group_rules) to 0
2026-06-25 23:41:31.301 8 INFO neutron.db.ovn_revision_numbers_db [None req-bd885a92-2546-40d3-a80e-cd7f09a7070a e2e3e51fdcfc4b4aa81f4551974ba262 898e736b4bef4410afaa288d454fc509 - - default default] Successfully bumped revision number for resource d21937e4-109d-46a3-9a18-71d52b282306 (type: security_group_rules) to 0 [pid: 8|app: 0|req: 796/1524] 10.0.0.211 () {34 vars in 685 bytes} [Thu Jun 25 23:41:31 2026] POST /v2.0/security-groups => generated 1675 bytes in 210 msecs (HTTP/1.1 201) 4 headers in 163 bytes (1 switches on core 0) [pid: 8|app: 0|req: 797/1525] 10.0.0.227 () {34 vars in 990 bytes} [Thu Jun 25 23:41:31 2026] GET /v2.0/ports?device_id=3c9d6f2a-08c8-4542-9aae-09f09f798fe6 => generated 12 bytes in 20 msecs (HTTP/1.1 200) 4 headers in 156 bytes (1 switches on core 0)
2026-06-25 23:41:31.486 7 INFO neutron.db.ovn_revision_numbers_db [None req-154b68a8-3578-4ab8-a8be-e25829e3e200 - - - - - -] Successfully bumped revision number for resource 6d8c8f9b-c2e3-4894-a40c-c80561c5daa6 (type: ports) to 4
2026-06-25 23:41:31.550 8 INFO neutron.db.ovn_revision_numbers_db [None req-2a600743-e688-412e-8b44-f9098f56d87b e2e3e51fdcfc4b4aa81f4551974ba262 898e736b4bef4410afaa288d454fc509 - - default default] Successfully bumped revision number for resource c527b64e-613f-4ce4-89db-a1e149fe3190 (type: security_group_rules) to 0 [pid: 8|app: 0|req: 798/1526] 10.0.0.211 () {34 vars in 695 bytes} [Thu Jun 25 23:41:31 2026] POST /v2.0/security-group-rules => generated 597 bytes in 209 msecs (HTTP/1.1 201) 4 headers in 162 bytes (1 switches on core 0)
2026-06-25 23:41:31.599 7 INFO neutron.plugins.ml2.drivers.ovn.mech_driver.mech_driver [None req-effe4f57-7979-4f7f-9570-11ba6afe3265 - - - - - -] OVN reports status down for port: 00006247-3c12-4faa-9e6f-b20981287c97
2026-06-25 23:41:31.676 7 WARNING neutron.scheduler.dhcp_agent_scheduler [None req-f5c93f98-16ea-4043-b982-5c19827fffa8 81e2096e8df4445fa63ddda72f2bca95 ddef4a4a7ac34678b7fc21a0e4cccedb - - default default] No more DHCP agents
2026-06-25 23:41:31.683 7 WARNING neutron.api.rpc.agentnotifiers.dhcp_rpc_agent_api [None req-f5c93f98-16ea-4043-b982-5c19827fffa8 81e2096e8df4445fa63ddda72f2bca95 ddef4a4a7ac34678b7fc21a0e4cccedb - - default default] Unable to schedule network b82a20c3-4bf3-4f38-8549-054c18dcfc0d: no agents available; will retry on subsequent port and subnet creation events.
2026-06-25 23:41:31.778 8 INFO neutron.db.ovn_revision_numbers_db [None req-1f95fb63-311b-43f3-826b-9f3ccc94104e e2e3e51fdcfc4b4aa81f4551974ba262 898e736b4bef4410afaa288d454fc509 - - default default] Successfully bumped revision number for resource 814f0098-49b1-4d99-b815-bc0a6cdde6d8 (type: security_group_rules) to 0 [pid: 8|app: 0|req: 799/1527] 10.0.0.211 () {34 vars in 695 bytes} [Thu Jun 25 23:41:31 2026] POST /v2.0/security-group-rules => generated 596 bytes in 227 msecs (HTTP/1.1 201) 4 headers in 162 bytes (1 switches on core 0)
2026-06-25 23:41:31.860 7 WARNING neutron.plugins.ml2.drivers.ovn.mech_driver.ovsdb.ovn_client [None req-effe4f57-7979-4f7f-9570-11ba6afe3265 - - - - - -] Logical_Switch_Port 00006247-3c12-4faa-9e6f-b20981287c97 host information not removed, the port state is up
2026-06-25 23:41:31.862 7 INFO neutron.plugins.ml2.drivers.ovn.mech_driver.mech_driver [None req-effe4f57-7979-4f7f-9570-11ba6afe3265 - - - - - -] OVN reports status up for port: 00006247-3c12-4faa-9e6f-b20981287c97
2026-06-25 23:41:31.907 7 INFO neutron.plugins.ml2.plugin [None req-effe4f57-7979-4f7f-9570-11ba6afe3265 - - - - - -] Attempt 1 to provision port 00006247-3c12-4faa-9e6f-b20981287c97
2026-06-25 23:41:31.944 7 INFO neutron.db.ovn_revision_numbers_db [None req-f5c93f98-16ea-4043-b982-5c19827fffa8 81e2096e8df4445fa63ddda72f2bca95 ddef4a4a7ac34678b7fc21a0e4cccedb - - default default] Successfully bumped revision number for resource b68cc97d-b09c-439e-adc3-c49cc0f38d3a (type: ports) to 1
2026-06-25 23:41:31.999 8 INFO neutron.db.ovn_revision_numbers_db [None req-d0744f08-e34b-4038-b873-191f6fc057d5 e2e3e51fdcfc4b4aa81f4551974ba262 898e736b4bef4410afaa288d454fc509 - - default default] Successfully bumped revision number for resource 35daf536-fc17-4e8b-b2f0-8c568fc80c57 (type: security_group_rules) to 0 [pid: 7|app: 0|req: 729/1528] 10.0.0.211 () {34 vars in 670 bytes} [Thu Jun 25 23:41:28 2026] POST /v2.0/networks => generated 667 bytes in 3119 msecs (HTTP/1.1 201) 4 headers in 162 bytes (1 switches on core 0) [pid: 8|app: 0|req: 800/1529] 10.0.0.211 () {34 vars in 695 bytes} [Thu Jun 25 23:41:31 2026] POST /v2.0/security-group-rules => generated 602 bytes in 201 msecs (HTTP/1.1 201) 4 headers in 162 bytes (1 switches on core 0)
2026-06-25 23:41:32.118 8 INFO neutron.db.segments_db [None req-97330fae-490d-4e11-8a99-c4288b12068e 81e2096e8df4445fa63ddda72f2bca95 ddef4a4a7ac34678b7fc21a0e4cccedb - - default default] Added segment 83fd60d3-34fe-4dad-ba95-2399a116cdf1 of type geneve for network d368391e-f4a9-4341-84da-2cef45e1bfed
2026-06-25 23:41:32.227 8 INFO neutron.db.ovn_revision_numbers_db [None req-97330fae-490d-4e11-8a99-c4288b12068e 81e2096e8df4445fa63ddda72f2bca95 ddef4a4a7ac34678b7fc21a0e4cccedb - - default default] Successfully bumped revision number for resource d368391e-f4a9-4341-84da-2cef45e1bfed (type: networks) to 1
2026-06-25 23:41:32.393 8 WARNING neutron.scheduler.dhcp_agent_scheduler [None req-97330fae-490d-4e11-8a99-c4288b12068e 81e2096e8df4445fa63ddda72f2bca95 ddef4a4a7ac34678b7fc21a0e4cccedb - - default default] No more DHCP agents
2026-06-25 23:41:32.395 8 WARNING neutron.api.rpc.agentnotifiers.dhcp_rpc_agent_api [None req-97330fae-490d-4e11-8a99-c4288b12068e 81e2096e8df4445fa63ddda72f2bca95 ddef4a4a7ac34678b7fc21a0e4cccedb - - default default] Unable to schedule network d368391e-f4a9-4341-84da-2cef45e1bfed: no agents available; will retry on subsequent port and subnet creation events.
2026-06-25 23:41:32.536 8 INFO neutron.db.ovn_revision_numbers_db [None req-97330fae-490d-4e11-8a99-c4288b12068e 81e2096e8df4445fa63ddda72f2bca95 ddef4a4a7ac34678b7fc21a0e4cccedb - - default default] Successfully bumped revision number for resource 1442b218-c576-416b-a097-19cbe9c89c1c (type: ports) to 1
2026-06-25 23:41:32.538 7 INFO neutron.db.ovn_revision_numbers_db [None req-24b57df9-41d5-4342-8be0-510a4cd65090 b56c4335ae8c41309411eb3a90c65c2c 3372b0a5315e46b58ced221fcb61f3ef - - default default] Successfully bumped revision number for resource 61c79f2f-b2ae-4e09-8b55-4cefeb9779ae (type: security_groups) to 1 [pid: 8|app: 0|req: 801/1530] 10.0.0.211 () {34 vars in 670 bytes} [Thu Jun 25 23:41:32 2026] POST /v2.0/networks => generated 668 bytes in 541 msecs (HTTP/1.1 201) 4 headers in 162 bytes (1 switches on core 0)
2026-06-25 23:41:32.599 7 INFO neutron.db.ovn_revision_numbers_db [None req-24b57df9-41d5-4342-8be0-510a4cd65090 b56c4335ae8c41309411eb3a90c65c2c 3372b0a5315e46b58ced221fcb61f3ef - - default default] Successfully bumped revision number for resource 0eeb58b8-352b-4714-b9ee-a247c5e8d47e (type: security_group_rules) to 0
2026-06-25 23:41:32.630 7 INFO neutron.db.ovn_revision_numbers_db [None req-24b57df9-41d5-4342-8be0-510a4cd65090 b56c4335ae8c41309411eb3a90c65c2c 3372b0a5315e46b58ced221fcb61f3ef - - default default] Successfully bumped revision number for resource 6c5e799b-f6b2-460e-8128-b28bbd65e7b2 (type: security_group_rules) to 0
2026-06-25 23:41:32.644 7 INFO neutron.db.ovn_revision_numbers_db [None req-154b68a8-3578-4ab8-a8be-e25829e3e200 - - - - - -] Successfully bumped revision number for resource 6d8c8f9b-c2e3-4894-a40c-c80561c5daa6 (type: ports) to 5
2026-06-25 23:41:32.662 7 INFO neutron.db.ovn_revision_numbers_db [None req-24b57df9-41d5-4342-8be0-510a4cd65090 b56c4335ae8c41309411eb3a90c65c2c 3372b0a5315e46b58ced221fcb61f3ef - - default default] Successfully bumped revision number for resource 7af1c002-e233-4130-b833-5cf0c5ac0c75 (type: security_group_rules) to 0
2026-06-25 23:41:32.715 8 INFO neutron.db.ovn_revision_numbers_db [None req-8ed4357c-99d0-42ed-bb8a-13009cc8f3dd e2e3e51fdcfc4b4aa81f4551974ba262 898e736b4bef4410afaa288d454fc509 - - default default] Successfully bumped revision number for resource 93add5d9-1098-4474-ab1a-959e612e98b5 (type: security_group_rules) to 0
2026-06-25 23:41:32.737 7 INFO neutron.db.ovn_revision_numbers_db [None req-24b57df9-41d5-4342-8be0-510a4cd65090 b56c4335ae8c41309411eb3a90c65c2c 3372b0a5315e46b58ced221fcb61f3ef - - default default] Successfully bumped revision number for resource 7cd195e3-ae5d-48bb-9938-d9b0610b7a3f (type: security_group_rules) to 0 [pid: 8|app: 0|req: 802/1531] 10.0.0.211 () {34 vars in 695 bytes} [Thu Jun 25 23:41:32 2026] POST /v2.0/security-group-rules => generated 601 bytes in 164 msecs (HTTP/1.1 201) 4 headers in 162 bytes (1 switches on core 0) [pid: 8|app: 0|req: 803/1532] 10.0.0.227 () {34 vars in 990 bytes} [Thu Jun 25 23:41:32 2026] GET /v2.0/ports?device_id=3c9d6f2a-08c8-4542-9aae-09f09f798fe6 => generated 12 bytes in 17 msecs (HTTP/1.1 200) 4 headers in 156 bytes (1 switches on core 0)
2026-06-25 23:41:32.950 8 WARNING neutron.scheduler.dhcp_agent_scheduler [None req-0af922c0-8b38-4fa2-b07b-4b865d67abd6 81e2096e8df4445fa63ddda72f2bca95 ddef4a4a7ac34678b7fc21a0e4cccedb - - default default] No more DHCP agents
2026-06-25 23:41:32.951 8 WARNING neutron.api.rpc.agentnotifiers.dhcp_rpc_agent_api [None req-0af922c0-8b38-4fa2-b07b-4b865d67abd6 81e2096e8df4445fa63ddda72f2bca95 ddef4a4a7ac34678b7fc21a0e4cccedb - - default default] Unable to schedule network b82a20c3-4bf3-4f38-8549-054c18dcfc0d: no agents available; will retry on subsequent port and subnet creation events.
2026-06-25 23:41:32.963 7 INFO neutron.db.segments_db [None req-24b57df9-41d5-4342-8be0-510a4cd65090 b56c4335ae8c41309411eb3a90c65c2c 3372b0a5315e46b58ced221fcb61f3ef - - default default] Added segment ed5f6966-dbcb-4e29-ac31-5ca9ddd43bab of type geneve for network f5f222c8-1610-4166-b4ca-70d30cde2ce2
2026-06-25 23:41:33.102 7 INFO neutron.db.ovn_revision_numbers_db [None req-effe4f57-7979-4f7f-9570-11ba6afe3265 - - - - - -] Successfully bumped revision number for resource 00006247-3c12-4faa-9e6f-b20981287c97 (type: ports) to 2
2026-06-25 23:41:33.175 7 INFO neutron.db.ovn_revision_numbers_db [None req-24b57df9-41d5-4342-8be0-510a4cd65090 b56c4335ae8c41309411eb3a90c65c2c 3372b0a5315e46b58ced221fcb61f3ef - - default default] Successfully bumped revision number for resource f5f222c8-1610-4166-b4ca-70d30cde2ce2 (type: networks) to 1
2026-06-25 23:41:33.420 8 INFO neutron.db.ovn_revision_numbers_db [None req-5da57e27-dbd9-4e9e-ac56-0d31d2c51d84 - - - - - -] Successfully bumped revision number for resource b68cc97d-b09c-439e-adc3-c49cc0f38d3a (type: ports) to 2
2026-06-25 23:41:33.455 8 INFO neutron.db.ovn_revision_numbers_db [None req-5da57e27-dbd9-4e9e-ac56-0d31d2c51d84 - - - - - -] Successfully bumped revision number for resource 041402fb-2e0d-41cd-9feb-36857de3f5b9 (type: subnets) to 0
2026-06-25 23:41:33.469 7 WARNING neutron.scheduler.dhcp_agent_scheduler [None req-24b57df9-41d5-4342-8be0-510a4cd65090 b56c4335ae8c41309411eb3a90c65c2c 3372b0a5315e46b58ced221fcb61f3ef - - default default] No more DHCP agents
2026-06-25 23:41:33.472 7 WARNING neutron.api.rpc.agentnotifiers.dhcp_rpc_agent_api [None req-24b57df9-41d5-4342-8be0-510a4cd65090 b56c4335ae8c41309411eb3a90c65c2c 3372b0a5315e46b58ced221fcb61f3ef - - default default] Unable to schedule network f5f222c8-1610-4166-b4ca-70d30cde2ce2: no agents available; will retry on subsequent port and subnet creation events. [pid: 8|app: 0|req: 804/1533] 10.0.0.211 () {34 vars in 669 bytes} [Thu Jun 25 23:41:32 2026] POST /v2.0/subnets => generated 626 bytes in 720 msecs (HTTP/1.1 201) 4 headers in 162 bytes (1 switches on core 0)
2026-06-25 23:41:33.545 8 INFO neutron.db.securitygroups_db [None req-34b9dfba-c557-4a0c-86f2-8c562417d74f e2e3e51fdcfc4b4aa81f4551974ba262 898e736b4bef4410afaa288d454fc509 - - default default] Project 898e736b4bef4410afaa288d454fc509 added a security group rule with legacy IPv6 ICMP protocol name icmp, ipv6-icmp should be used instead. It was automatically converted.
2026-06-25 23:41:33.581 7 INFO neutron.db.ovn_revision_numbers_db [None req-24b57df9-41d5-4342-8be0-510a4cd65090 b56c4335ae8c41309411eb3a90c65c2c 3372b0a5315e46b58ced221fcb61f3ef - - default default] Successfully bumped revision number for resource d025dbe1-46b2-4564-9453-3977b39af2d9 (type: ports) to 1 [pid: 7|app: 0|req: 730/1534] 10.0.0.211 () {34 vars in 671 bytes} [Thu Jun 25 23:41:32 2026] POST /v2.0/networks => generated 782 bytes in 1579 msecs (HTTP/1.1 201) 4 headers in 162 bytes (1 switches on core 0)
2026-06-25 23:41:33.666 8 INFO neutron.db.ovn_revision_numbers_db [None req-34b9dfba-c557-4a0c-86f2-8c562417d74f e2e3e51fdcfc4b4aa81f4551974ba262 898e736b4bef4410afaa288d454fc509 - - default default] Successfully bumped revision number for resource 9ae7a65a-1957-432f-948c-134bcfe4b466 (type: security_group_rules) to 0 [pid: 8|app: 0|req: 805/1535] 10.0.0.211 () {34 vars in 695 bytes} [Thu Jun 25 23:41:33 2026] POST /v2.0/security-group-rules => generated 607 bytes in 213 msecs (HTTP/1.1 201) 4 headers in 162 bytes (1 switches on core 0)
2026-06-25 23:41:33.786 7 WARNING neutron.scheduler.dhcp_agent_scheduler [None req-cf07a187-dc27-4b79-9423-776a7fcda3b1 81e2096e8df4445fa63ddda72f2bca95 ddef4a4a7ac34678b7fc21a0e4cccedb - - default default] No more DHCP agents
2026-06-25 23:41:33.787 7 WARNING neutron.api.rpc.agentnotifiers.dhcp_rpc_agent_api [None req-cf07a187-dc27-4b79-9423-776a7fcda3b1 81e2096e8df4445fa63ddda72f2bca95 ddef4a4a7ac34678b7fc21a0e4cccedb - - default default] Unable to schedule network d368391e-f4a9-4341-84da-2cef45e1bfed: no agents available; will retry on subsequent port and subnet creation events.
2026-06-25 23:41:33.824 8 WARNING neutron.scheduler.dhcp_agent_scheduler [None req-3d5bcdd4-c5ca-4d6c-932a-ca4d98e1ccb5 b56c4335ae8c41309411eb3a90c65c2c 3372b0a5315e46b58ced221fcb61f3ef - - default default] No more DHCP agents
2026-06-25 23:41:33.825 8 WARNING neutron.api.rpc.agentnotifiers.dhcp_rpc_agent_api [None req-3d5bcdd4-c5ca-4d6c-932a-ca4d98e1ccb5 b56c4335ae8c41309411eb3a90c65c2c 3372b0a5315e46b58ced221fcb61f3ef - - default default] Unable to schedule network f5f222c8-1610-4166-b4ca-70d30cde2ce2: no agents available; will retry on subsequent port and subnet creation events.
2026-06-25 23:41:34.049 8 WARNING neutron.plugins.ml2.drivers.ovn.mech_driver.ovsdb.ovn_client [None req-469ab956-ac87-49d6-bac7-4641e88fdf99 - - - - - -] No hosting information found for port a700395f-7f65-426f-8afe-062995d8e0be: RuntimeError: No hosting information found for port a700395f-7f65-426f-8afe-062995d8e0be
2026-06-25 23:41:34.049 8 INFO neutron.plugins.ml2.drivers.ovn.mech_driver.mech_driver [None req-469ab956-ac87-49d6-bac7-4641e88fdf99 - - - - - -] OVN reports status up for port: 6d8c8f9b-c2e3-4894-a40c-c80561c5daa6
2026-06-25 23:41:34.069 8 INFO neutron.plugins.ml2.plugin [None req-469ab956-ac87-49d6-bac7-4641e88fdf99 - - - - - -] Attempt 1 to provision port 6d8c8f9b-c2e3-4894-a40c-c80561c5daa6
2026-06-25 23:41:34.275 7 INFO neutron.db.ovn_revision_numbers_db [None req-e6084740-fb0e-4a79-86fb-e99c21914529 - - - - - -] Successfully bumped revision number for resource 1442b218-c576-416b-a097-19cbe9c89c1c (type: ports) to 2
2026-06-25 23:41:34.305 7 INFO neutron.db.ovn_revision_numbers_db [None req-e6084740-fb0e-4a79-86fb-e99c21914529 - - - - - -] Successfully bumped revision number for resource 6b44de07-9de6-4a7f-82a6-1e152713f771 (type: subnets) to 0 [pid: 7|app: 0|req: 731/1536] 10.0.0.211 () {34 vars in 669 bytes} [Thu Jun 25 23:41:33 2026] POST /v2.0/subnets => generated 626 bytes in 721 msecs (HTTP/1.1 201) 4 headers in 162 bytes (1 switches on core 0)
2026-06-25 23:41:34.379 8 INFO neutron.db.ovn_revision_numbers_db [None req-469ab956-ac87-49d6-bac7-4641e88fdf99 - - - - - -] Successfully bumped revision number for resource a700395f-7f65-426f-8afe-062995d8e0be (type: router_ports) to 2
2026-06-25 23:41:34.380 8 INFO neutron.plugins.ml2.drivers.ovn.mech_driver.mech_driver [None req-469ab956-ac87-49d6-bac7-4641e88fdf99 - - - - - -] OVN reports status down for port: 1442b218-c576-416b-a097-19cbe9c89c1c
2026-06-25 23:41:34.387 7 INFO neutron.db.securitygroups_db [None req-2244e8a9-6c68-4b60-b47b-d10ca146b144 e2e3e51fdcfc4b4aa81f4551974ba262 898e736b4bef4410afaa288d454fc509 - - default default] Project 898e736b4bef4410afaa288d454fc509 added a security group rule with legacy IPv6 ICMP protocol name icmp, ipv6-icmp should be used instead. It was automatically converted.
2026-06-25 23:41:34.532 7 INFO neutron.db.ovn_revision_numbers_db [None req-2244e8a9-6c68-4b60-b47b-d10ca146b144 e2e3e51fdcfc4b4aa81f4551974ba262 898e736b4bef4410afaa288d454fc509 - - default default] Successfully bumped revision number for resource 2343f1bc-2733-4cb4-9fd4-70651a3d4e8e (type: security_group_rules) to 0
2026-06-25 23:41:34.536 8 INFO neutron.db.ovn_revision_numbers_db [None req-21be4c1b-ec2d-4ae4-aa06-4a0ec76f347d - - - - - -] Successfully bumped revision number for resource d025dbe1-46b2-4564-9453-3977b39af2d9 (type: ports) to 2
2026-06-25 23:41:34.546 8 INFO neutron.plugins.ml2.drivers.ovn.mech_driver.mech_driver [None req-469ab956-ac87-49d6-bac7-4641e88fdf99 - - - - - -] OVN reports status down for port: d025dbe1-46b2-4564-9453-3977b39af2d9 [pid: 7|app: 0|req: 732/1537] 10.0.0.211 () {34 vars in 695 bytes} [Thu Jun 25 23:41:34 2026] POST /v2.0/security-group-rules => generated 606 bytes in 244 msecs (HTTP/1.1 201) 4 headers in 162 bytes (1 switches on core 0) [pid: 7|app: 0|req: 733/1538] 10.0.0.227 () {34 vars in 990 bytes} [Thu Jun 25 23:41:34 2026] GET /v2.0/ports?device_id=3c9d6f2a-08c8-4542-9aae-09f09f798fe6 => generated 12 bytes in 20 msecs (HTTP/1.1 200) 4 headers in 156 bytes (1 switches on core 0)
2026-06-25 23:41:34.589 8 INFO neutron.db.ovn_revision_numbers_db [None req-21be4c1b-ec2d-4ae4-aa06-4a0ec76f347d - - - - - -] Successfully bumped revision number for resource b6d1a019-f27b-43d6-ba25-14313ecc4177 (type: subnets) to 0 [pid: 8|app: 0|req: 806/1539] 10.0.0.211 () {34 vars in 669 bytes} [Thu Jun 25 23:41:33 2026] POST /v2.0/subnets => generated 688 bytes in 915 msecs (HTTP/1.1 201) 4 headers in 162 bytes (1 switches on core 0)
2026-06-25 23:41:34.688 7 INFO neutron.db.ovn_revision_numbers_db [None req-43ecf8b2-de32-4825-bc68-3ad9fe7ac6d8 81e2096e8df4445fa63ddda72f2bca95 ddef4a4a7ac34678b7fc21a0e4cccedb - - default default] Successfully bumped revision number for resource a1e7eb07-68b6-4732-9fdc-6a35428deb68 (type: routers) to 1 [pid: 7|app: 0|req: 734/1540] 10.0.0.211 () {34 vars in 669 bytes} [Thu Jun 25 23:41:34 2026] POST /v2.0/routers => generated 602 bytes in 115 msecs (HTTP/1.1 201) 4 headers in 162 bytes (1 switches on core 0)
2026-06-25 23:41:35.052 8 WARNING neutron.scheduler.dhcp_agent_scheduler [None req-55917191-8bee-4f2a-82c0-b5ae2f6cc875 b56c4335ae8c41309411eb3a90c65c2c 3372b0a5315e46b58ced221fcb61f3ef - - default default] No more DHCP agents
2026-06-25 23:41:35.054 8 WARNING neutron.api.rpc.agentnotifiers.dhcp_rpc_agent_api [None req-55917191-8bee-4f2a-82c0-b5ae2f6cc875 b56c4335ae8c41309411eb3a90c65c2c 3372b0a5315e46b58ced221fcb61f3ef - - default default] Unable to schedule network 13f79afb-a37d-4ee3-ad39-395ec46e1d70: no agents available; will retry on subsequent port and subnet creation events.
2026-06-25 23:41:35.095 7 WARNING neutron.scheduler.dhcp_agent_scheduler [None req-146ec6cd-1d05-46b3-b51d-b115c7a86fea 81e2096e8df4445fa63ddda72f2bca95 ddef4a4a7ac34678b7fc21a0e4cccedb - - default default] No more DHCP agents
2026-06-25 23:41:35.096 7 WARNING neutron.api.rpc.agentnotifiers.dhcp_rpc_agent_api [None req-146ec6cd-1d05-46b3-b51d-b115c7a86fea 81e2096e8df4445fa63ddda72f2bca95 ddef4a4a7ac34678b7fc21a0e4cccedb - - default default] Unable to schedule network b82a20c3-4bf3-4f38-8549-054c18dcfc0d: no agents available; will retry on subsequent port and subnet creation events.
2026-06-25 23:41:35.178 8 INFO neutron.plugins.ml2.drivers.ovn.mech_driver.mech_driver [None req-469ab956-ac87-49d6-bac7-4641e88fdf99 - - - - - -] OVN reports status down for port: 65957dfe-fa66-4bfa-acfe-316e5998d0c6
2026-06-25 23:41:35.260 8 INFO neutron.db.ovn_revision_numbers_db [None req-55917191-8bee-4f2a-82c0-b5ae2f6cc875 b56c4335ae8c41309411eb3a90c65c2c 3372b0a5315e46b58ced221fcb61f3ef - - default default] Successfully bumped revision number for resource 65957dfe-fa66-4bfa-acfe-316e5998d0c6 (type: ports) to 1
2026-06-25 23:41:35.273 7 INFO neutron.db.ovn_revision_numbers_db [None req-146ec6cd-1d05-46b3-b51d-b115c7a86fea 81e2096e8df4445fa63ddda72f2bca95 ddef4a4a7ac34678b7fc21a0e4cccedb - - default default] Successfully bumped revision number for resource fb271076-935b-4906-a8b1-03a4886ab935 (type: ports) to 1
2026-06-25 23:41:35.920 7 WARNING neutron.scheduler.dhcp_agent_scheduler [None req-146ec6cd-1d05-46b3-b51d-b115c7a86fea 81e2096e8df4445fa63ddda72f2bca95 ddef4a4a7ac34678b7fc21a0e4cccedb - - default default] No more DHCP agents
2026-06-25 23:41:35.921 7 WARNING neutron.api.rpc.agentnotifiers.dhcp_rpc_agent_api [None req-146ec6cd-1d05-46b3-b51d-b115c7a86fea 81e2096e8df4445fa63ddda72f2bca95 ddef4a4a7ac34678b7fc21a0e4cccedb - - default default] Unable to schedule network b82a20c3-4bf3-4f38-8549-054c18dcfc0d: no agents available; will retry on subsequent port and subnet creation events.
2026-06-25 23:41:35.938 8 INFO neutron.plugins.ml2.drivers.ovn.mech_driver.ovsdb.commands [None req-88c5ecb4-23e7-4e4e-9bd3-936d3bb1a42d - - - - - -] Schedule LRP lrp-65957dfe-fa66-4bfa-acfe-316e5998d0c6 on gateway 5a189ee8-6053-4adf-8b81-768b9a3714c7 with priority 1
2026-06-25 23:41:35.989 8 INFO neutron.plugins.ml2.drivers.ovn.mech_driver.mech_driver [None req-469ab956-ac87-49d6-bac7-4641e88fdf99 - - - - - -] OVN reports status up for port: 65957dfe-fa66-4bfa-acfe-316e5998d0c6
2026-06-25 23:41:36.009 7 INFO neutron.plugins.ml2.drivers.ovn.mech_driver.ovsdb.ovsdb_monitor [None req-154b68a8-3578-4ab8-a8be-e25829e3e200 - - - - - -] Router 1dc25605-8f71-4c3c-8d8d-e3bc95bd23b0 is bound to host instance
2026-06-25 23:41:36.037 8 INFO neutron.plugins.ml2.plugin [None req-469ab956-ac87-49d6-bac7-4641e88fdf99 - - - - - -] Attempt 1 to provision port 65957dfe-fa66-4bfa-acfe-316e5998d0c6
2026-06-25 23:41:36.049 8 INFO neutron.db.ovn_revision_numbers_db [None req-55917191-8bee-4f2a-82c0-b5ae2f6cc875 b56c4335ae8c41309411eb3a90c65c2c 3372b0a5315e46b58ced221fcb61f3ef - - default default] Successfully bumped revision number for resource 65957dfe-fa66-4bfa-acfe-316e5998d0c6 (type: router_ports) to 1
2026-06-25 23:41:36.178 8 INFO neutron.db.ovn_revision_numbers_db [None req-55917191-8bee-4f2a-82c0-b5ae2f6cc875 b56c4335ae8c41309411eb3a90c65c2c 3372b0a5315e46b58ced221fcb61f3ef - - default default] Successfully bumped revision number for resource 1dc25605-8f71-4c3c-8d8d-e3bc95bd23b0 (type: routers) to 2 [pid: 8|app: 0|req: 807/1541] 10.0.0.211 () {34 vars in 669 bytes} [Thu Jun 25 23:41:34 2026] POST /v2.0/routers => generated 966 bytes in 1580 msecs (HTTP/1.1 201) 4 headers in 162 bytes (1 switches on core 0)
2026-06-25 23:41:36.378 7 INFO neutron.db.ovn_revision_numbers_db [None req-146ec6cd-1d05-46b3-b51d-b115c7a86fea 81e2096e8df4445fa63ddda72f2bca95 ddef4a4a7ac34678b7fc21a0e4cccedb - - default default] Successfully bumped revision number for resource fb271076-935b-4906-a8b1-03a4886ab935 (type: router_ports) to 1 [pid: 7|app: 0|req: 735/1542] 10.0.0.211 () {34 vars in 783 bytes} [Thu Jun 25 23:41:34 2026] PUT /v2.0/routers/a1e7eb07-68b6-4732-9fdc-6a35428deb68/add_router_interface => generated 309 bytes in 1679 msecs (HTTP/1.1 200) 4 headers in 157 bytes (1 switches on core 0) [pid: 8|app: 0|req: 808/1543] 10.0.0.211 () {32 vars in 649 bytes} [Thu Jun 25 23:41:36 2026] GET /v2.0/networks => generated 1374 bytes in 217 msecs (HTTP/1.1 200) 4 headers in 158 bytes (1 switches on core 0) [pid: 8|app: 0|req: 809/1544] 10.0.0.227 () {34 vars in 990 bytes} [Thu Jun 25 23:41:36 2026] GET /v2.0/ports?device_id=3c9d6f2a-08c8-4542-9aae-09f09f798fe6 => generated 12 bytes in 20 msecs (HTTP/1.1 200) 4 headers in 156 bytes (1 switches on core 0) [pid: 7|app: 0|req: 736/1545] 199.19.213.162 () {34 vars in 986 bytes} [Thu Jun 25 23:41:36 2026] GET /v2.0/networks?id=6056ea1a-0ffe-4b56-bda7-547c739bf9f0 => generated 713 bytes in 166 msecs (HTTP/1.1 200) 4 headers in 157 bytes (1 switches on core 0) [pid: 7|app: 0|req: 737/1546] 10.0.0.211 () {32 vars in 717 bytes} [Thu Jun 25 23:41:36 2026] GET /v2.0/ports/fb271076-935b-4906-a8b1-03a4886ab935 => generated 941 bytes in 137 msecs (HTTP/1.1 200) 4 headers in 157 bytes (1 switches on core 0) [pid: 7|app: 0|req: 738/1547] 10.0.0.227 () {34 vars in 1100 bytes} [Thu Jun 25 23:41:36 2026] GET /v2.0/security-groups?name=tempest-secgroup-smoke-1502195440&fields=id&tenant_id=898e736b4bef4410afaa288d454fc509 => generated 69 bytes in 67 msecs (HTTP/1.1 200) 4 headers in 156 bytes (1 switches on core 0) [pid: 7|app: 0|req: 739/1548] 199.19.213.162 () {34 vars in 1050 bytes} [Thu Jun 25 23:41:36 2026] GET /v2.0/security-groups?fields=id&fields=name&tenant_id=019ed0595f3c4421b8d09456c0983169 => generated 180 bytes in 73 msecs (HTTP/1.1 200) 4 headers in 157 bytes (1 switches on core 0)
2026-06-25 23:41:36.884 8 WARNING neutron.scheduler.dhcp_agent_scheduler [None req-957dc2b8-e26d-4c7a-9ce2-e5f5bb33f9cd b56c4335ae8c41309411eb3a90c65c2c 3372b0a5315e46b58ced221fcb61f3ef - - default default] No more DHCP agents
2026-06-25 23:41:36.886 8 WARNING neutron.api.rpc.agentnotifiers.dhcp_rpc_agent_api [None req-957dc2b8-e26d-4c7a-9ce2-e5f5bb33f9cd b56c4335ae8c41309411eb3a90c65c2c 3372b0a5315e46b58ced221fcb61f3ef - - default default] Unable to schedule network f5f222c8-1610-4166-b4ca-70d30cde2ce2: no agents available; will retry on subsequent port and subnet creation events.
2026-06-25 23:41:37.041 8 INFO neutron.db.ovn_revision_numbers_db [None req-957dc2b8-e26d-4c7a-9ce2-e5f5bb33f9cd b56c4335ae8c41309411eb3a90c65c2c 3372b0a5315e46b58ced221fcb61f3ef - - default default] Successfully bumped revision number for resource 2019fa77-895d-4319-bfef-0a193e0b6417 (type: ports) to 1
2026-06-25 23:41:37.777 8 WARNING neutron.scheduler.dhcp_agent_scheduler [None req-957dc2b8-e26d-4c7a-9ce2-e5f5bb33f9cd b56c4335ae8c41309411eb3a90c65c2c 3372b0a5315e46b58ced221fcb61f3ef - - default default] No more DHCP agents
2026-06-25 23:41:37.778 8 WARNING neutron.api.rpc.agentnotifiers.dhcp_rpc_agent_api [None req-957dc2b8-e26d-4c7a-9ce2-e5f5bb33f9cd b56c4335ae8c41309411eb3a90c65c2c 3372b0a5315e46b58ced221fcb61f3ef - - default default] Unable to schedule network f5f222c8-1610-4166-b4ca-70d30cde2ce2: no agents available; will retry on subsequent port and subnet creation events.
2026-06-25 23:41:37.840 7 WARNING neutron.scheduler.dhcp_agent_scheduler [None req-ff54b0dd-4dfb-4231-9398-48ba92b75bea 81e2096e8df4445fa63ddda72f2bca95 ddef4a4a7ac34678b7fc21a0e4cccedb - - default default] No more DHCP agents
2026-06-25 23:41:37.856 7 WARNING neutron.api.rpc.agentnotifiers.dhcp_rpc_agent_api [None req-ff54b0dd-4dfb-4231-9398-48ba92b75bea 81e2096e8df4445fa63ddda72f2bca95 ddef4a4a7ac34678b7fc21a0e4cccedb - - default default] Unable to schedule network d368391e-f4a9-4341-84da-2cef45e1bfed: no agents available; will retry on subsequent port and subnet creation events.
2026-06-25 23:41:37.898 7 INFO neutron.db.ovn_revision_numbers_db [None req-1f6d2856-a02d-4526-97da-ca4c1989ab79 - - - - - -] Successfully bumped revision number for resource 65957dfe-fa66-4bfa-acfe-316e5998d0c6 (type: ports) to 4
2026-06-25 23:41:37.986 7 WARNING neutron.plugins.ml2.drivers.ovn.mech_driver.ovsdb.ovn_client [None req-85f1b660-11ff-447e-bafd-d8f15a96c547 - - - - - -] No hosting information found for port 00006247-3c12-4faa-9e6f-b20981287c97: RuntimeError: No hosting information found for port 00006247-3c12-4faa-9e6f-b20981287c97
2026-06-25 23:41:38.278 7 INFO neutron.db.ovn_revision_numbers_db [None req-85f1b660-11ff-447e-bafd-d8f15a96c547 - - - - - -] Successfully bumped revision number for resource 00006247-3c12-4faa-9e6f-b20981287c97 (type: router_ports) to 2
2026-06-25 23:41:38.278 7 INFO neutron.plugins.ml2.drivers.ovn.mech_driver.mech_driver [None req-85f1b660-11ff-447e-bafd-d8f15a96c547 - - - - - -] OVN reports status down for port: b68cc97d-b09c-439e-adc3-c49cc0f38d3a
2026-06-25 23:41:38.280 7 INFO neutron.db.ovn_revision_numbers_db [None req-ff54b0dd-4dfb-4231-9398-48ba92b75bea 81e2096e8df4445fa63ddda72f2bca95 ddef4a4a7ac34678b7fc21a0e4cccedb - - default default] Successfully bumped revision number for resource 246409d8-8bf6-465e-88b9-568b3cd7da2a (type: ports) to 1
2026-06-25 23:41:38.336 8 INFO neutron.db.ovn_revision_numbers_db [None req-957dc2b8-e26d-4c7a-9ce2-e5f5bb33f9cd b56c4335ae8c41309411eb3a90c65c2c 3372b0a5315e46b58ced221fcb61f3ef - - default default] Successfully bumped revision number for resource 2019fa77-895d-4319-bfef-0a193e0b6417 (type: router_ports) to 1 [pid: 8|app: 0|req: 810/1549] 10.0.0.211 () {34 vars in 783 bytes} [Thu Jun 25 23:41:36 2026] PUT /v2.0/routers/1dc25605-8f71-4c3c-8d8d-e3bc95bd23b0/add_router_interface => generated 309 bytes in 1907 msecs (HTTP/1.1 200) 4 headers in 157 bytes (1 switches on core 0) [pid: 8|app: 0|req: 811/1550] 10.0.0.227 () {34 vars in 982 bytes} [Thu Jun 25 23:41:38 2026] GET /v2.0/networks?id=8e19d942-836c-4078-807f-da06ffec4a25 => generated 699 bytes in 32 msecs (HTTP/1.1 200) 4 headers in 157 bytes (1 switches on core 0)
2026-06-25 23:41:38.626 8 WARNING neutron.scheduler.dhcp_agent_scheduler [req-872239e4-7c93-4c9d-9987-99a1675e7458 req-4e04c783-3801-48bb-b26d-d3d71f9a61e0 6a442d26c93c4f52b82ea99077a441c9 019ed0595f3c4421b8d09456c0983169 - - default default] No more DHCP agents
2026-06-25 23:41:38.627 8 WARNING neutron.api.rpc.agentnotifiers.dhcp_rpc_agent_api [req-872239e4-7c93-4c9d-9987-99a1675e7458 req-4e04c783-3801-48bb-b26d-d3d71f9a61e0 6a442d26c93c4f52b82ea99077a441c9 019ed0595f3c4421b8d09456c0983169 - - default default] Unable to schedule network 6056ea1a-0ffe-4b56-bda7-547c739bf9f0: no agents available; will retry on subsequent port and subnet creation events.
