2026-06-25 23:41:03.962 8 INFO neutron.db.ovn_revision_numbers_db [None req-88d8848b-a446-4d8b-afe0-b645fb4903e5 92c82a4e71024f34a511eb479c55bd7a 8e29b665296d4393a613cdec8fea5ad2 - - default default] Successfully bumped revision number for resource 4ba6e46a-528d-49c7-a463-ebda2e9a9dcd (type: networks) to 1 [pid: 7|app: 0|req: 668/1407] 10.0.0.211 () {34 vars in 665 bytes} [Thu Jun 25 23:41:03 2026] POST /v2.0/ports => generated 1506 bytes in 869 msecs (HTTP/1.1 201) 4 headers in 163 bytes (1 switches on core 0) /var/lib/openstack/lib/python3.12/site-packages/pycadf/identifier.py:70: UserWarning: Invalid uuid: neutron. To ensure interoperability, identifiers should be a valid uuid. warnings.warn(('Invalid uuid: %s. To ensure interoperability, ' [pid: 7|app: 0|req: 669/1408] 199.19.213.162 () {34 vars in 1012 bytes} [Thu Jun 25 23:41:04 2026] GET /v2.0/networks/920a448f-5134-4ecb-b881-684bda08cb27?fields=segments => generated 14 bytes in 35 msecs (HTTP/1.1 200) 4 headers in 156 bytes (1 switches on core 0) [pid: 7|app: 0|req: 670/1409] 199.19.213.162 () {34 vars in 994 bytes} [Thu Jun 25 23:41:04 2026] GET /v2.0/ports?device_id=ed7198a0-bf5c-4c6e-a9c1-04ce9db809f8 => generated 973 bytes in 42 msecs (HTTP/1.1 200) 4 headers in 157 bytes (1 switches on core 0)
2026-06-25 23:41:04.136 8 WARNING neutron.scheduler.dhcp_agent_scheduler [None req-88d8848b-a446-4d8b-afe0-b645fb4903e5 92c82a4e71024f34a511eb479c55bd7a 8e29b665296d4393a613cdec8fea5ad2 - - default default] No more DHCP agents
2026-06-25 23:41:04.137 8 WARNING neutron.api.rpc.agentnotifiers.dhcp_rpc_agent_api [None req-88d8848b-a446-4d8b-afe0-b645fb4903e5 92c82a4e71024f34a511eb479c55bd7a 8e29b665296d4393a613cdec8fea5ad2 - - default default] Unable to schedule network 4ba6e46a-528d-49c7-a463-ebda2e9a9dcd: no agents available; will retry on subsequent port and subnet creation events.
2026-06-25 23:41:04.208 8 INFO neutron.plugins.ml2.drivers.ovn.mech_driver.mech_driver [None req-a29175d6-5027-4f63-bd36-ffc929dfb914 - - - - - -] OVN reports status down for port: ea53fe2d-3ce0-4393-adc7-a04f1bcf3dbf [pid: 7|app: 0|req: 671/1410] 10.0.0.211 () {32 vars in 643 bytes} [Thu Jun 25 23:41:04 2026] GET /v2.0/ports => generated 3018 bytes in 100 msecs (HTTP/1.1 200) 4 headers in 158 bytes (1 switches on core 0)
2026-06-25 23:41:04.265 8 INFO neutron.db.ovn_revision_numbers_db [None req-88d8848b-a446-4d8b-afe0-b645fb4903e5 92c82a4e71024f34a511eb479c55bd7a 8e29b665296d4393a613cdec8fea5ad2 - - default default] Successfully bumped revision number for resource ea53fe2d-3ce0-4393-adc7-a04f1bcf3dbf (type: ports) to 1 [pid: 8|app: 0|req: 740/1411] 10.0.0.211 () {34 vars in 670 bytes} [Thu Jun 25 23:41:03 2026] POST /v2.0/networks => generated 687 bytes in 571 msecs (HTTP/1.1 201) 4 headers in 162 bytes (1 switches on core 0)
2026-06-25 23:41:04.625 8 INFO neutron_taas.services.taas.taas_plugin [None req-ab2fa317-d94d-445d-9355-638bdd094760 b56c4335ae8c41309411eb3a90c65c2c 3372b0a5315e46b58ced221fcb61f3ef - - default default] TaaS: Handle Delete Port: 364bd005-a3d7-4b8d-8908-b9d9ba7ba942
2026-06-25 23:41:04.629 8 INFO neutron_taas.services.taas.tap_mirror_plugin [None req-ab2fa317-d94d-445d-9355-638bdd094760 b56c4335ae8c41309411eb3a90c65c2c 3372b0a5315e46b58ced221fcb61f3ef - - default default] Tap Mirror: Handle Delete Port: 364bd005-a3d7-4b8d-8908-b9d9ba7ba942 [pid: 7|app: 0|req: 672/1412] 199.19.213.162 () {34 vars in 1112 bytes} [Thu Jun 25 23:41:04 2026] GET /v2.0/networks/920a448f-5134-4ecb-b881-684bda08cb27?fields=provider%3Aphysical_network&fields=provider%3Anetwork_type => generated 79 bytes in 468 msecs (HTTP/1.1 200) 4 headers in 156 bytes (1 switches on core 0)
2026-06-25 23:41:04.813 7 INFO neutron_taas.services.taas.taas_plugin [req-7699e873-1845-471a-8715-30db69a8103a req-f53585c6-0ab3-456f-8a48-88fae3a8ed3b fe45c269c7d848db909d5c13e4b709d0 09e9129e0b944364960c6a4f00ef9791 - - default default] TaaS: Handle Delete Port: 7faa5999-2a31-4a09-ba43-52a8c74cfcbb
2026-06-25 23:41:04.818 7 INFO neutron_taas.services.taas.tap_mirror_plugin [req-7699e873-1845-471a-8715-30db69a8103a req-f53585c6-0ab3-456f-8a48-88fae3a8ed3b fe45c269c7d848db909d5c13e4b709d0 09e9129e0b944364960c6a4f00ef9791 - - default default] Tap Mirror: Handle Delete Port: 7faa5999-2a31-4a09-ba43-52a8c74cfcbb
2026-06-25 23:41:04.942 8 INFO neutron.notifiers.nova [-] Nova event matching ['req-c57228aa-aa67-4ebf-ab6a-93d7c9948813'] response: {'server_uuid': 'ed7198a0-bf5c-4c6e-a9c1-04ce9db809f8', 'name': 'network-vif-unplugged', 'status': 'completed', 'tag': '7faa5999-2a31-4a09-ba43-52a8c74cfcbb', 'code': 200}
2026-06-25 23:41:04.958 8 INFO neutron.services.segments.plugin [-] Segment 2a6642d9-9c9e-46fa-b669-100efd0b7bf4 resource provider aggregate not found
2026-06-25 23:41:04.980 8 INFO neutron.services.segments.plugin [-] Segment 2a6642d9-9c9e-46fa-b669-100efd0b7bf4 resource provider aggregate not found
2026-06-25 23:41:04.980 8 INFO neutron.services.segments.plugin [-] Segment 2a6642d9-9c9e-46fa-b669-100efd0b7bf4 resource provider not found; error: Placement Client Error (4xx): {"errors": [{"status": 404, "title": "Not Found", "detail": "The resource could not be found.\n\n No resource provider with uuid 2a6642d9-9c9e-46fa-b669-100efd0b7bf4 found for delete ", "request_id": "req-0356bfb6-6bea-4d30-a746-f721e4de9e02"}]}
2026-06-25 23:41:04.996 8 INFO neutron.services.segments.plugin [-] Segment 2a6642d9-9c9e-46fa-b669-100efd0b7bf4 resource provider not found; error: Placement Client Error (4xx): {"errors": [{"status": 404, "title": "Not Found", "detail": "The resource could not be found.\n\n No resource provider with uuid 2a6642d9-9c9e-46fa-b669-100efd0b7bf4 found for delete ", "request_id": "req-d6ad024c-312f-4d2f-a5f1-a4207384355c"}]}
2026-06-25 23:41:05.031 7 INFO neutron.db.l3_db [req-7699e873-1845-471a-8715-30db69a8103a req-f53585c6-0ab3-456f-8a48-88fae3a8ed3b fe45c269c7d848db909d5c13e4b709d0 09e9129e0b944364960c6a4f00ef9791 - - default default] Floating IP e06bf104-ee77-4f38-9612-f4cf60abeba5 disassociated. External IP: 10.96.250.207, port: 7faa5999-2a31-4a09-ba43-52a8c74cfcbb. [pid: 7|app: 0|req: 673/1413] 199.19.213.162 () {36 vars in 997 bytes} [Thu Jun 25 23:41:04 2026] DELETE /v2.0/ports/7faa5999-2a31-4a09-ba43-52a8c74cfcbb => generated 0 bytes in 507 msecs (HTTP/1.1 204) 3 headers in 131 bytes (1 switches on core 0) /var/lib/openstack/lib/python3.12/site-packages/pycadf/identifier.py:70: UserWarning: Invalid uuid: neutron. To ensure interoperability, identifiers should be a valid uuid. warnings.warn(('Invalid uuid: %s. To ensure interoperability, '
2026-06-25 23:41:05.228 7 INFO neutron.notifiers.nova [-] Nova event matching ['req-d78bcbda-48ae-4a97-9589-8e162d632912'] response: {'server_uuid': 'ed7198a0-bf5c-4c6e-a9c1-04ce9db809f8', 'name': 'network-vif-deleted', 'tag': '7faa5999-2a31-4a09-ba43-52a8c74cfcbb', 'status': 'completed', 'code': 200} [pid: 8|app: 0|req: 741/1414] 10.0.0.211 () {34 vars in 789 bytes} [Thu Jun 25 23:41:04 2026] PUT /v2.0/routers/d9607821-d5f4-480f-a338-da4b8bfc58a5/remove_router_interface => generated 309 bytes in 1036 msecs (HTTP/1.1 200) 4 headers in 157 bytes (1 switches on core 0) /var/lib/openstack/lib/python3.12/site-packages/pycadf/identifier.py:70: UserWarning: Invalid uuid: neutron. To ensure interoperability, identifiers should be a valid uuid. warnings.warn(('Invalid uuid: %s. To ensure interoperability, '
2026-06-25 23:41:05.373 7 INFO neutron_taas.services.taas.taas_plugin [None req-582e8a17-7a61-49a0-9510-1904598b7fbf f1db3cfb94914599b4a5d322b0ad1cfc 1d11c086947b4974a88ba40498c6925f - - default default] TaaS: Handle Delete Port: 56d98a02-1568-4848-a4ad-04028962ae2f
2026-06-25 23:41:05.376 7 INFO neutron_taas.services.taas.tap_mirror_plugin [None req-582e8a17-7a61-49a0-9510-1904598b7fbf f1db3cfb94914599b4a5d322b0ad1cfc 1d11c086947b4974a88ba40498c6925f - - default default] Tap Mirror: Handle Delete Port: 56d98a02-1568-4848-a4ad-04028962ae2f
2026-06-25 23:41:05.435 8 INFO neutron.db.segments_db [None req-57a5da5f-072b-44d8-9038-24c2c6c96823 92c82a4e71024f34a511eb479c55bd7a 8e29b665296d4393a613cdec8fea5ad2 - - default default] Added segment 03af07f3-eae4-4ba5-937d-a95662ae3b8f of type geneve for network 957929c4-4e88-40c0-834a-d1a2c8c32615 [pid: 7|app: 0|req: 674/1415] 10.0.0.211 () {32 vars in 720 bytes} [Thu Jun 25 23:41:05 2026] DELETE /v2.0/ports/56d98a02-1568-4848-a4ad-04028962ae2f => generated 0 bytes in 334 msecs (HTTP/1.1 204) 3 headers in 131 bytes (1 switches on core 0) [pid: 7|app: 0|req: 675/1416] 10.0.0.227 () {34 vars in 990 bytes} [Thu Jun 25 23:41:05 2026] GET /v2.0/ports?device_id=ed7198a0-bf5c-4c6e-a9c1-04ce9db809f8 => generated 12 bytes in 16 msecs (HTTP/1.1 200) 4 headers in 156 bytes (1 switches on core 0)
2026-06-25 23:41:05.585 8 INFO neutron.db.ovn_revision_numbers_db [None req-57a5da5f-072b-44d8-9038-24c2c6c96823 92c82a4e71024f34a511eb479c55bd7a 8e29b665296d4393a613cdec8fea5ad2 - - default default] Successfully bumped revision number for resource 957929c4-4e88-40c0-834a-d1a2c8c32615 (type: networks) to 1
2026-06-25 23:41:05.779 8 WARNING neutron.scheduler.dhcp_agent_scheduler [None req-57a5da5f-072b-44d8-9038-24c2c6c96823 92c82a4e71024f34a511eb479c55bd7a 8e29b665296d4393a613cdec8fea5ad2 - - default default] No more DHCP agents
2026-06-25 23:41:05.781 8 WARNING neutron.api.rpc.agentnotifiers.dhcp_rpc_agent_api [None req-57a5da5f-072b-44d8-9038-24c2c6c96823 92c82a4e71024f34a511eb479c55bd7a 8e29b665296d4393a613cdec8fea5ad2 - - default default] Unable to schedule network 957929c4-4e88-40c0-834a-d1a2c8c32615: no agents available; will retry on subsequent port and subnet creation events.
2026-06-25 23:41:05.864 7 INFO neutron.plugins.ml2.drivers.ovn.mech_driver.mech_driver [None req-1678dc7e-e77f-4d20-9bc2-246784fb24de - - - - - -] OVN reports status down for port: ed61554d-5315-4cba-91b1-ba69148c1ba2
2026-06-25 23:41:05.870 8 INFO neutron.db.ovn_revision_numbers_db [None req-57a5da5f-072b-44d8-9038-24c2c6c96823 92c82a4e71024f34a511eb479c55bd7a 8e29b665296d4393a613cdec8fea5ad2 - - default default] Successfully bumped revision number for resource ed61554d-5315-4cba-91b1-ba69148c1ba2 (type: ports) to 1 [pid: 8|app: 0|req: 742/1417] 10.0.0.211 () {34 vars in 670 bytes} [Thu Jun 25 23:41:05 2026] POST /v2.0/networks => generated 687 bytes in 555 msecs (HTTP/1.1 201) 4 headers in 162 bytes (1 switches on core 0)
2026-06-25 23:41:05.995 7 INFO neutron_taas.services.taas.taas_plugin [None req-99ede00b-8200-4142-bd89-2ededa412fd6 b56c4335ae8c41309411eb3a90c65c2c 3372b0a5315e46b58ced221fcb61f3ef - - default default] TaaS: Handle Delete Port: 0095fe11-c1df-4c60-b4e3-a5010eaceba3
2026-06-25 23:41:05.999 7 INFO neutron_taas.services.taas.tap_mirror_plugin [None req-99ede00b-8200-4142-bd89-2ededa412fd6 b56c4335ae8c41309411eb3a90c65c2c 3372b0a5315e46b58ced221fcb61f3ef - - default default] Tap Mirror: Handle Delete Port: 0095fe11-c1df-4c60-b4e3-a5010eaceba3
2026-06-25 23:41:06.049 8 INFO neutron_taas.services.taas.taas_plugin [None req-50f0cd3e-4cef-46a6-9bd8-a809df9baa73 f1db3cfb94914599b4a5d322b0ad1cfc 1d11c086947b4974a88ba40498c6925f - - default default] TaaS: Handle Delete Port: f295d782-e722-462e-9850-c3e23accfe36
2026-06-25 23:41:06.052 8 INFO neutron_taas.services.taas.tap_mirror_plugin [None req-50f0cd3e-4cef-46a6-9bd8-a809df9baa73 f1db3cfb94914599b4a5d322b0ad1cfc 1d11c086947b4974a88ba40498c6925f - - default default] Tap Mirror: Handle Delete Port: f295d782-e722-462e-9850-c3e23accfe36 [pid: 8|app: 0|req: 743/1418] 10.0.0.211 () {32 vars in 720 bytes} [Thu Jun 25 23:41:05 2026] DELETE /v2.0/ports/f295d782-e722-462e-9850-c3e23accfe36 => generated 0 bytes in 262 msecs (HTTP/1.1 204) 3 headers in 131 bytes (1 switches on core 0) [pid: 7|app: 0|req: 676/1419] 10.0.0.211 () {32 vars in 724 bytes} [Thu Jun 25 23:41:05 2026] DELETE /v2.0/routers/d9607821-d5f4-480f-a338-da4b8bfc58a5 => generated 0 bytes in 931 msecs (HTTP/1.1 204) 2 headers in 112 bytes (1 switches on core 0) [pid: 7|app: 0|req: 677/1420] 10.0.0.211 () {32 vars in 643 bytes} [Thu Jun 25 23:41:06 2026] GET /v2.0/ports => generated 1523 bytes in 51 msecs (HTTP/1.1 200) 4 headers in 158 bytes (1 switches on core 0) [pid: 7|app: 0|req: 678/1421] 10.0.0.211 () {32 vars in 724 bytes} [Thu Jun 25 23:41:06 2026] DELETE /v2.0/subnets/8d0fe259-0127-4081-a551-bcb2e66c9dc6 => generated 0 bytes in 157 msecs (HTTP/1.1 204) 3 headers in 131 bytes (1 switches on core 0)
2026-06-25 23:41:06.684 8 WARNING neutron.scheduler.dhcp_agent_scheduler [None req-8b0a56c8-956e-49bb-a1bb-1a8dac22e94b 92c82a4e71024f34a511eb479c55bd7a 8e29b665296d4393a613cdec8fea5ad2 - - default default] No more DHCP agents
2026-06-25 23:41:06.686 8 WARNING neutron.api.rpc.agentnotifiers.dhcp_rpc_agent_api [None req-8b0a56c8-956e-49bb-a1bb-1a8dac22e94b 92c82a4e71024f34a511eb479c55bd7a 8e29b665296d4393a613cdec8fea5ad2 - - default default] Unable to schedule network 4ba6e46a-528d-49c7-a463-ebda2e9a9dcd: no agents available; will retry on subsequent port and subnet creation events.
2026-06-25 23:41:06.756 8 INFO neutron.plugins.ml2.drivers.ovn.mech_driver.mech_driver [None req-a29175d6-5027-4f63-bd36-ffc929dfb914 - - - - - -] OVN reports status down for port: d361777e-c80a-4a89-8e25-705d0b47ae4d
2026-06-25 23:41:06.789 7 INFO neutron.db.segments_db [None req-81fc7d73-9da2-4a76-89bd-6b35dd714110 f1db3cfb94914599b4a5d322b0ad1cfc 1d11c086947b4974a88ba40498c6925f - - default default] Added segment ec86e979-68da-4370-ad07-25eb76e85b03 of type geneve for network 6503eba2-dbfb-400b-ad59-1be8183fab2a
2026-06-25 23:41:06.838 8 INFO neutron.db.ovn_revision_numbers_db [None req-8b0a56c8-956e-49bb-a1bb-1a8dac22e94b 92c82a4e71024f34a511eb479c55bd7a 8e29b665296d4393a613cdec8fea5ad2 - - default default] Successfully bumped revision number for resource d361777e-c80a-4a89-8e25-705d0b47ae4d (type: ports) to 1
2026-06-25 23:41:06.900 7 INFO neutron.db.ovn_revision_numbers_db [None req-81fc7d73-9da2-4a76-89bd-6b35dd714110 f1db3cfb94914599b4a5d322b0ad1cfc 1d11c086947b4974a88ba40498c6925f - - default default] Successfully bumped revision number for resource 6503eba2-dbfb-400b-ad59-1be8183fab2a (type: networks) to 1
2026-06-25 23:41:06.917 8 WARNING neutron.scheduler.dhcp_agent_scheduler [None req-8b0a56c8-956e-49bb-a1bb-1a8dac22e94b 92c82a4e71024f34a511eb479c55bd7a 8e29b665296d4393a613cdec8fea5ad2 - - default default] No more DHCP agents
2026-06-25 23:41:06.918 8 WARNING neutron.api.rpc.agentnotifiers.dhcp_rpc_agent_api [None req-8b0a56c8-956e-49bb-a1bb-1a8dac22e94b 92c82a4e71024f34a511eb479c55bd7a 8e29b665296d4393a613cdec8fea5ad2 - - default default] Unable to schedule network 957929c4-4e88-40c0-834a-d1a2c8c32615: no agents available; will retry on subsequent port and subnet creation events.
2026-06-25 23:41:06.977 8 INFO neutron.plugins.ml2.drivers.ovn.mech_driver.mech_driver [None req-a29175d6-5027-4f63-bd36-ffc929dfb914 - - - - - -] OVN reports status down for port: d938b6eb-5e5d-48ca-b54a-7673a94f318f
2026-06-25 23:41:07.049 8 INFO neutron.db.ovn_revision_numbers_db [None req-8b0a56c8-956e-49bb-a1bb-1a8dac22e94b 92c82a4e71024f34a511eb479c55bd7a 8e29b665296d4393a613cdec8fea5ad2 - - default default] Successfully bumped revision number for resource d938b6eb-5e5d-48ca-b54a-7673a94f318f (type: ports) to 1
2026-06-25 23:41:07.090 7 WARNING neutron.scheduler.dhcp_agent_scheduler [None req-81fc7d73-9da2-4a76-89bd-6b35dd714110 f1db3cfb94914599b4a5d322b0ad1cfc 1d11c086947b4974a88ba40498c6925f - - default default] No more DHCP agents
2026-06-25 23:41:07.092 7 WARNING neutron.api.rpc.agentnotifiers.dhcp_rpc_agent_api [None req-81fc7d73-9da2-4a76-89bd-6b35dd714110 f1db3cfb94914599b4a5d322b0ad1cfc 1d11c086947b4974a88ba40498c6925f - - default default] Unable to schedule network 6503eba2-dbfb-400b-ad59-1be8183fab2a: no agents available; will retry on subsequent port and subnet creation events.
2026-06-25 23:41:07.164 8 INFO neutron.plugins.ml2.drivers.ovn.mech_driver.mech_driver [None req-a29175d6-5027-4f63-bd36-ffc929dfb914 - - - - - -] OVN reports status down for port: 56d3ec98-0c1a-4d13-af7b-68ed71e27efe
2026-06-25 23:41:07.182 7 INFO neutron.db.ovn_revision_numbers_db [None req-81fc7d73-9da2-4a76-89bd-6b35dd714110 f1db3cfb94914599b4a5d322b0ad1cfc 1d11c086947b4974a88ba40498c6925f - - default default] Successfully bumped revision number for resource 56d3ec98-0c1a-4d13-af7b-68ed71e27efe (type: ports) to 1 [pid: 7|app: 0|req: 679/1422] 10.0.0.211 () {34 vars in 670 bytes} [Thu Jun 25 23:41:06 2026] POST /v2.0/networks => generated 691 bytes in 526 msecs (HTTP/1.1 201) 4 headers in 162 bytes (1 switches on core 0) [pid: 8|app: 0|req: 744/1423] 10.0.0.211 () {34 vars in 665 bytes} [Thu Jun 25 23:41:06 2026] POST /v2.0/ports => generated 1505 bytes in 1056 msecs (HTTP/1.1 201) 4 headers in 163 bytes (1 switches on core 0) /var/lib/openstack/lib/python3.12/site-packages/pycadf/identifier.py:70: UserWarning: Invalid uuid: neutron. To ensure interoperability, identifiers should be a valid uuid. warnings.warn(('Invalid uuid: %s. To ensure interoperability, ' [pid: 7|app: 0|req: 680/1424] 10.0.0.227 () {34 vars in 990 bytes} [Thu Jun 25 23:41:07 2026] GET /v2.0/ports?device_id=ed7198a0-bf5c-4c6e-a9c1-04ce9db809f8 => generated 12 bytes in 23 msecs (HTTP/1.1 200) 4 headers in 156 bytes (1 switches on core 0)
2026-06-25 23:41:07.322 7 INFO neutron.db.segments_db [None req-83f61899-24f7-46cb-bf16-f2303c9c52c3 f1db3cfb94914599b4a5d322b0ad1cfc 1d11c086947b4974a88ba40498c6925f - - default default] Added segment 35357181-1e36-489c-a5f4-30eff99b9b79 of type geneve for network 863fc9a9-415d-43c0-ab20-9d7a316ca032
2026-06-25 23:41:07.363 8 INFO neutron_taas.services.taas.taas_plugin [None req-591e69d8-3880-4c4c-b624-a89764e719bb b56c4335ae8c41309411eb3a90c65c2c 3372b0a5315e46b58ced221fcb61f3ef - - default default] TaaS: Handle Delete Port: 2372a8cb-453d-4813-af73-66bdaaaee048
2026-06-25 23:41:07.367 8 INFO neutron_taas.services.taas.tap_mirror_plugin [None req-591e69d8-3880-4c4c-b624-a89764e719bb b56c4335ae8c41309411eb3a90c65c2c 3372b0a5315e46b58ced221fcb61f3ef - - default default] Tap Mirror: Handle Delete Port: 2372a8cb-453d-4813-af73-66bdaaaee048
2026-06-25 23:41:07.439 7 INFO neutron.db.ovn_revision_numbers_db [None req-83f61899-24f7-46cb-bf16-f2303c9c52c3 f1db3cfb94914599b4a5d322b0ad1cfc 1d11c086947b4974a88ba40498c6925f - - default default] Successfully bumped revision number for resource 863fc9a9-415d-43c0-ab20-9d7a316ca032 (type: networks) to 1
2026-06-25 23:41:07.587 8 INFO neutron.services.segments.plugin [-] Segment 7b494e3f-9745-49e0-b186-4f0211721dd3 resource provider aggregate not found
2026-06-25 23:41:07.593 8 INFO neutron.services.segments.plugin [-] Segment 7b494e3f-9745-49e0-b186-4f0211721dd3 resource provider aggregate not found
2026-06-25 23:41:07.609 8 INFO neutron.services.segments.plugin [-] Segment 7b494e3f-9745-49e0-b186-4f0211721dd3 resource provider not found; error: Placement Client Error (4xx): {"errors": [{"status": 404, "title": "Not Found", "detail": "The resource could not be found.\n\n No resource provider with uuid 7b494e3f-9745-49e0-b186-4f0211721dd3 found for delete ", "request_id": "req-022b4319-1029-4306-94be-6bccd2a5404e"}]}
2026-06-25 23:41:07.613 8 INFO neutron.services.segments.plugin [-] Segment 7b494e3f-9745-49e0-b186-4f0211721dd3 resource provider not found; error: Placement Client Error (4xx): {"errors": [{"status": 404, "title": "Not Found", "detail": "The resource could not be found.\n\n No resource provider with uuid 7b494e3f-9745-49e0-b186-4f0211721dd3 found for delete ", "request_id": "req-6cec63fd-d94d-4c94-b537-087a84a3676d"}]} [pid: 8|app: 0|req: 745/1425] 10.0.0.211 () {32 vars in 726 bytes} [Thu Jun 25 23:41:07 2026] DELETE /v2.0/networks/eea605e3-3edc-4ad4-927d-1bbdae75204f => generated 0 bytes in 417 msecs (HTTP/1.1 204) 3 headers in 131 bytes (1 switches on core 0)
2026-06-25 23:41:07.668 7 WARNING neutron.scheduler.dhcp_agent_scheduler [None req-83f61899-24f7-46cb-bf16-f2303c9c52c3 f1db3cfb94914599b4a5d322b0ad1cfc 1d11c086947b4974a88ba40498c6925f - - default default] No more DHCP agents
2026-06-25 23:41:07.669 7 WARNING neutron.api.rpc.agentnotifiers.dhcp_rpc_agent_api [None req-83f61899-24f7-46cb-bf16-f2303c9c52c3 f1db3cfb94914599b4a5d322b0ad1cfc 1d11c086947b4974a88ba40498c6925f - - default default] Unable to schedule network 863fc9a9-415d-43c0-ab20-9d7a316ca032: no agents available; will retry on subsequent port and subnet creation events. [pid: 8|app: 0|req: 746/1426] 10.0.0.211 () {32 vars in 643 bytes} [Thu Jun 25 23:41:07 2026] GET /v2.0/ports => generated 3017 bytes in 45 msecs (HTTP/1.1 200) 4 headers in 158 bytes (1 switches on core 0)
2026-06-25 23:41:07.740 8 INFO neutron.plugins.ml2.drivers.ovn.mech_driver.mech_driver [None req-a29175d6-5027-4f63-bd36-ffc929dfb914 - - - - - -] OVN reports status down for port: 92089459-64fd-44ef-881f-d44d021b2b7c
2026-06-25 23:41:07.759 7 INFO neutron.db.ovn_revision_numbers_db [None req-83f61899-24f7-46cb-bf16-f2303c9c52c3 f1db3cfb94914599b4a5d322b0ad1cfc 1d11c086947b4974a88ba40498c6925f - - default default] Successfully bumped revision number for resource 92089459-64fd-44ef-881f-d44d021b2b7c (type: ports) to 1 [pid: 7|app: 0|req: 681/1427] 10.0.0.211 () {34 vars in 670 bytes} [Thu Jun 25 23:41:07 2026] POST /v2.0/networks => generated 692 bytes in 559 msecs (HTTP/1.1 201) 4 headers in 162 bytes (1 switches on core 0) [pid: 7|app: 0|req: 682/1428] 10.0.0.211 () {32 vars in 774 bytes} [Thu Jun 25 23:41:07 2026] GET /v2.0/security-groups?tenant_id=19219307c6174eb58e292eced46039ca&name=default => generated 2925 bytes in 34 msecs (HTTP/1.1 200) 4 headers in 158 bytes (1 switches on core 0)
2026-06-25 23:41:07.898 8 INFO neutron_taas.services.taas.taas_plugin [None req-61284393-7f18-4ab5-b0d7-e8e86bbfe66a 92c82a4e71024f34a511eb479c55bd7a 8e29b665296d4393a613cdec8fea5ad2 - - default default] TaaS: Handle Delete Port: d361777e-c80a-4a89-8e25-705d0b47ae4d
2026-06-25 23:41:07.901 8 INFO neutron_taas.services.taas.tap_mirror_plugin [None req-61284393-7f18-4ab5-b0d7-e8e86bbfe66a 92c82a4e71024f34a511eb479c55bd7a 8e29b665296d4393a613cdec8fea5ad2 - - default default] Tap Mirror: Handle Delete Port: d361777e-c80a-4a89-8e25-705d0b47ae4d [pid: 8|app: 0|req: 747/1429] 10.0.0.211 () {32 vars in 720 bytes} [Thu Jun 25 23:41:07 2026] DELETE /v2.0/ports/d361777e-c80a-4a89-8e25-705d0b47ae4d => generated 0 bytes in 356 msecs (HTTP/1.1 204) 3 headers in 131 bytes (1 switches on core 0) [pid: 7|app: 0|req: 683/1430] 10.0.0.211 () {32 vars in 740 bytes} [Thu Jun 25 23:41:07 2026] DELETE /v2.0/security-groups/7209decb-8ef0-4365-a684-76daf0a92ae1 => generated 0 bytes in 235 msecs (HTTP/1.1 204) 2 headers in 112 bytes (1 switches on core 0)
2026-06-25 23:41:08.160 8 INFO neutron_taas.services.taas.taas_plugin [None req-3a719873-f5e1-478d-864c-388917ee2a49 92c82a4e71024f34a511eb479c55bd7a 8e29b665296d4393a613cdec8fea5ad2 - - default default] TaaS: Handle Delete Port: d938b6eb-5e5d-48ca-b54a-7673a94f318f
2026-06-25 23:41:08.163 8 INFO neutron_taas.services.taas.tap_mirror_plugin [None req-3a719873-f5e1-478d-864c-388917ee2a49 92c82a4e71024f34a511eb479c55bd7a 8e29b665296d4393a613cdec8fea5ad2 - - default default] Tap Mirror: Handle Delete Port: d938b6eb-5e5d-48ca-b54a-7673a94f318f [pid: 8|app: 0|req: 748/1431] 10.0.0.211 () {32 vars in 720 bytes} [Thu Jun 25 23:41:08 2026] DELETE /v2.0/ports/d938b6eb-5e5d-48ca-b54a-7673a94f318f => generated 0 bytes in 243 msecs (HTTP/1.1 204) 3 headers in 131 bytes (1 switches on core 0) [pid: 8|app: 0|req: 749/1432] 10.0.0.211 () {32 vars in 643 bytes} [Thu Jun 25 23:41:08 2026] GET /v2.0/ports => generated 1523 bytes in 36 msecs (HTTP/1.1 200) 4 headers in 158 bytes (1 switches on core 0) [pid: 8|app: 0|req: 750/1433] 10.0.0.227 () {34 vars in 990 bytes} [Thu Jun 25 23:41:08 2026] GET /v2.0/ports?device_id=ed7198a0-bf5c-4c6e-a9c1-04ce9db809f8 => generated 12 bytes in 17 msecs (HTTP/1.1 200) 4 headers in 156 bytes (1 switches on core 0)
2026-06-25 23:41:08.434 8 INFO neutron.db.segments_db [None req-e1ab20df-c750-4bf4-8240-53568809be8a 92c82a4e71024f34a511eb479c55bd7a 8e29b665296d4393a613cdec8fea5ad2 - - default default] Added segment 5a2ac270-0aa6-4a41-ae57-c26c353135f4 of type geneve for network 268ba870-5e03-40d7-aa0f-4bf79ba5016b
2026-06-25 23:41:08.546 8 INFO neutron.db.ovn_revision_numbers_db [None req-e1ab20df-c750-4bf4-8240-53568809be8a 92c82a4e71024f34a511eb479c55bd7a 8e29b665296d4393a613cdec8fea5ad2 - - default default] Successfully bumped revision number for resource 268ba870-5e03-40d7-aa0f-4bf79ba5016b (type: networks) to 1
2026-06-25 23:41:08.606 7 WARNING neutron.scheduler.dhcp_agent_scheduler [None req-daaa504c-54d1-4d57-a3f8-7c58cf8f9242 f1db3cfb94914599b4a5d322b0ad1cfc 1d11c086947b4974a88ba40498c6925f - - default default] No more DHCP agents
2026-06-25 23:41:08.608 7 WARNING neutron.api.rpc.agentnotifiers.dhcp_rpc_agent_api [None req-daaa504c-54d1-4d57-a3f8-7c58cf8f9242 f1db3cfb94914599b4a5d322b0ad1cfc 1d11c086947b4974a88ba40498c6925f - - default default] Unable to schedule network 6503eba2-dbfb-400b-ad59-1be8183fab2a: no agents available; will retry on subsequent port and subnet creation events.
2026-06-25 23:41:08.638 7 INFO neutron.db.ovn_revision_numbers_db [None req-daaa504c-54d1-4d57-a3f8-7c58cf8f9242 f1db3cfb94914599b4a5d322b0ad1cfc 1d11c086947b4974a88ba40498c6925f - - default default] Successfully bumped revision number for resource af851646-e983-4e0b-842f-793c8f9a3681 (type: subnets) to 0
2026-06-25 23:41:08.674 7 WARNING neutron.scheduler.dhcp_agent_scheduler [None req-daaa504c-54d1-4d57-a3f8-7c58cf8f9242 f1db3cfb94914599b4a5d322b0ad1cfc 1d11c086947b4974a88ba40498c6925f - - default default] No more DHCP agents
2026-06-25 23:41:08.675 7 WARNING neutron.api.rpc.agentnotifiers.dhcp_rpc_agent_api [None req-daaa504c-54d1-4d57-a3f8-7c58cf8f9242 f1db3cfb94914599b4a5d322b0ad1cfc 1d11c086947b4974a88ba40498c6925f - - default default] Unable to schedule network 863fc9a9-415d-43c0-ab20-9d7a316ca032: no agents available; will retry on subsequent port and subnet creation events.
2026-06-25 23:41:08.708 7 INFO neutron.db.ovn_revision_numbers_db [None req-daaa504c-54d1-4d57-a3f8-7c58cf8f9242 f1db3cfb94914599b4a5d322b0ad1cfc 1d11c086947b4974a88ba40498c6925f - - default default] Successfully bumped revision number for resource d4e7d2b6-4b17-45a1-abf4-ff85f44c7b36 (type: subnets) to 0 [pid: 7|app: 0|req: 684/1434] 10.0.0.211 () {34 vars in 669 bytes} [Thu Jun 25 23:41:08 2026] POST /v2.0/subnets => generated 1322 bytes in 482 msecs (HTTP/1.1 201) 4 headers in 163 bytes (1 switches on core 0)
2026-06-25 23:41:08.729 8 WARNING neutron.scheduler.dhcp_agent_scheduler [None req-e1ab20df-c750-4bf4-8240-53568809be8a 92c82a4e71024f34a511eb479c55bd7a 8e29b665296d4393a613cdec8fea5ad2 - - default default] No more DHCP agents
2026-06-25 23:41:08.731 8 WARNING neutron.api.rpc.agentnotifiers.dhcp_rpc_agent_api [None req-e1ab20df-c750-4bf4-8240-53568809be8a 92c82a4e71024f34a511eb479c55bd7a 8e29b665296d4393a613cdec8fea5ad2 - - default default] Unable to schedule network 268ba870-5e03-40d7-aa0f-4bf79ba5016b: no agents available; will retry on subsequent port and subnet creation events.
2026-06-25 23:41:08.813 8 INFO neutron.db.ovn_revision_numbers_db [None req-e1ab20df-c750-4bf4-8240-53568809be8a 92c82a4e71024f34a511eb479c55bd7a 8e29b665296d4393a613cdec8fea5ad2 - - default default] Successfully bumped revision number for resource 7e74b92f-41ba-4ff5-8e10-b6378fea08be (type: ports) to 1
2026-06-25 23:41:08.818 7 INFO neutron.plugins.ml2.drivers.ovn.mech_driver.mech_driver [None req-1678dc7e-e77f-4d20-9bc2-246784fb24de - - - - - -] OVN reports status down for port: 7e74b92f-41ba-4ff5-8e10-b6378fea08be [pid: 7|app: 0|req: 685/1435] 10.0.0.211 () {32 vars in 647 bytes} [Thu Jun 25 23:41:08 2026] GET /v2.0/subnets => generated 1958 bytes in 92 msecs (HTTP/1.1 200) 4 headers in 158 bytes (1 switches on core 0) [pid: 8|app: 0|req: 751/1436] 10.0.0.211 () {34 vars in 670 bytes} [Thu Jun 25 23:41:08 2026] POST /v2.0/networks => generated 687 bytes in 491 msecs (HTTP/1.1 201) 4 headers in 162 bytes (1 switches on core 0)
2026-06-25 23:41:08.942 8 INFO neutron.db.segments_db [None req-4fb4daf2-370e-462c-9d9e-c435732b6a67 92c82a4e71024f34a511eb479c55bd7a 8e29b665296d4393a613cdec8fea5ad2 - - default default] Added segment 1e6777b0-27e5-47ea-a6ea-6bdbef511d4b of type geneve for network a5af8ad8-984f-4cb5-931e-a0d78035d5a7 [pid: 7|app: 0|req: 686/1437] 10.0.0.211 () {32 vars in 724 bytes} [Thu Jun 25 23:41:08 2026] DELETE /v2.0/subnets/af851646-e983-4e0b-842f-793c8f9a3681 => generated 0 bytes in 185 msecs (HTTP/1.1 204) 3 headers in 131 bytes (1 switches on core 0)
2026-06-25 23:41:09.062 8 INFO neutron.db.ovn_revision_numbers_db [None req-4fb4daf2-370e-462c-9d9e-c435732b6a67 92c82a4e71024f34a511eb479c55bd7a 8e29b665296d4393a613cdec8fea5ad2 - - default default] Successfully bumped revision number for resource a5af8ad8-984f-4cb5-931e-a0d78035d5a7 (type: networks) to 1 [pid: 7|app: 0|req: 687/1438] 10.0.0.211 () {32 vars in 724 bytes} [Thu Jun 25 23:41:09 2026] DELETE /v2.0/subnets/d4e7d2b6-4b17-45a1-abf4-ff85f44c7b36 => generated 0 bytes in 169 msecs (HTTP/1.1 204) 3 headers in 131 bytes (1 switches on core 0) [pid: 7|app: 0|req: 688/1439] 10.0.0.211 () {32 vars in 647 bytes} [Thu Jun 25 23:41:09 2026] GET /v2.0/subnets => generated 649 bytes in 29 msecs (HTTP/1.1 200) 4 headers in 157 bytes (1 switches on core 0)
2026-06-25 23:41:09.237 8 WARNING neutron.scheduler.dhcp_agent_scheduler [None req-4fb4daf2-370e-462c-9d9e-c435732b6a67 92c82a4e71024f34a511eb479c55bd7a 8e29b665296d4393a613cdec8fea5ad2 - - default default] No more DHCP agents
2026-06-25 23:41:09.239 8 WARNING neutron.api.rpc.agentnotifiers.dhcp_rpc_agent_api [None req-4fb4daf2-370e-462c-9d9e-c435732b6a67 92c82a4e71024f34a511eb479c55bd7a 8e29b665296d4393a613cdec8fea5ad2 - - default default] Unable to schedule network a5af8ad8-984f-4cb5-931e-a0d78035d5a7: no agents available; will retry on subsequent port and subnet creation events.
2026-06-25 23:41:09.292 8 INFO neutron.plugins.ml2.drivers.ovn.mech_driver.mech_driver [None req-a29175d6-5027-4f63-bd36-ffc929dfb914 - - - - - -] OVN reports status down for port: bc13158b-a11c-40a8-b009-0c64b72a73c0
2026-06-25 23:41:09.364 8 INFO neutron.db.ovn_revision_numbers_db [None req-4fb4daf2-370e-462c-9d9e-c435732b6a67 92c82a4e71024f34a511eb479c55bd7a 8e29b665296d4393a613cdec8fea5ad2 - - default default] Successfully bumped revision number for resource bc13158b-a11c-40a8-b009-0c64b72a73c0 (type: ports) to 1
2026-06-25 23:41:09.365 7 INFO neutron_taas.services.taas.taas_plugin [None req-0d176f29-313e-429c-bcb2-8c0fcbd0746d f1db3cfb94914599b4a5d322b0ad1cfc 1d11c086947b4974a88ba40498c6925f - - default default] TaaS: Handle Delete Port: 92089459-64fd-44ef-881f-d44d021b2b7c
2026-06-25 23:41:09.368 7 INFO neutron_taas.services.taas.tap_mirror_plugin [None req-0d176f29-313e-429c-bcb2-8c0fcbd0746d f1db3cfb94914599b4a5d322b0ad1cfc 1d11c086947b4974a88ba40498c6925f - - default default] Tap Mirror: Handle Delete Port: 92089459-64fd-44ef-881f-d44d021b2b7c [pid: 8|app: 0|req: 752/1440] 10.0.0.211 () {34 vars in 670 bytes} [Thu Jun 25 23:41:08 2026] POST /v2.0/networks => generated 688 bytes in 588 msecs (HTTP/1.1 201) 4 headers in 162 bytes (1 switches on core 0)
2026-06-25 23:41:09.586 7 INFO neutron.services.segments.plugin [-] Segment 35357181-1e36-489c-a5f4-30eff99b9b79 resource provider aggregate not found
2026-06-25 23:41:09.586 7 INFO neutron.services.segments.plugin [-] Segment 35357181-1e36-489c-a5f4-30eff99b9b79 resource provider aggregate not found
2026-06-25 23:41:09.609 7 INFO neutron.services.segments.plugin [-] Segment 35357181-1e36-489c-a5f4-30eff99b9b79 resource provider not found; error: Placement Client Error (4xx): {"errors": [{"status": 404, "title": "Not Found", "detail": "The resource could not be found.\n\n No resource provider with uuid 35357181-1e36-489c-a5f4-30eff99b9b79 found for delete ", "request_id": "req-e0e09172-6beb-4f4d-a795-245018b5e5bb"}]} [pid: 8|app: 0|req: 753/1441] 10.0.0.211 () {32 vars in 740 bytes} [Thu Jun 25 23:41:09 2026] DELETE /v2.0/security-groups/e07044ec-1717-479b-98a1-7446d2b9f131 => generated 0 bytes in 172 msecs (HTTP/1.1 204) 2 headers in 112 bytes (1 switches on core 0)
2026-06-25 23:41:09.614 7 INFO neutron.services.segments.plugin [-] Segment 35357181-1e36-489c-a5f4-30eff99b9b79 resource provider not found; error: Placement Client Error (4xx): {"errors": [{"status": 404, "title": "Not Found", "detail": "The resource could not be found.\n\n No resource provider with uuid 35357181-1e36-489c-a5f4-30eff99b9b79 found for delete ", "request_id": "req-2c005225-9fe3-49c4-af3a-728ec5c3b03e"}]} [pid: 7|app: 0|req: 689/1442] 10.0.0.211 () {32 vars in 726 bytes} [Thu Jun 25 23:41:09 2026] DELETE /v2.0/networks/863fc9a9-415d-43c0-ab20-9d7a316ca032 => generated 0 bytes in 410 msecs (HTTP/1.1 204) 3 headers in 131 bytes (1 switches on core 0)
2026-06-25 23:41:09.658 7 INFO neutron.api.v2.resource [None req-78d02a89-a834-4c60-a4d6-98e91810977c fe45c269c7d848db909d5c13e4b709d0 09e9129e0b944364960c6a4f00ef9791 - - default default] show failed (client error): The resource could not be found. [pid: 7|app: 0|req: 690/1443] 10.0.0.211 () {32 vars in 737 bytes} [Thu Jun 25 23:41:09 2026] GET /v2.0/security-groups/e07044ec-1717-479b-98a1-7446d2b9f131 => generated 146 bytes in 10 msecs (HTTP/1.1 404) 4 headers in 164 bytes (1 switches on core 0)
2026-06-25 23:41:09.758 7 INFO neutron_taas.services.taas.taas_plugin [None req-2b479c1e-4d7a-4152-ac47-c6120b8dc64a f1db3cfb94914599b4a5d322b0ad1cfc 1d11c086947b4974a88ba40498c6925f - - default default] TaaS: Handle Delete Port: 56d3ec98-0c1a-4d13-af7b-68ed71e27efe
2026-06-25 23:41:09.761 7 INFO neutron_taas.services.taas.tap_mirror_plugin [None req-2b479c1e-4d7a-4152-ac47-c6120b8dc64a f1db3cfb94914599b4a5d322b0ad1cfc 1d11c086947b4974a88ba40498c6925f - - default default] Tap Mirror: Handle Delete Port: 56d3ec98-0c1a-4d13-af7b-68ed71e27efe
2026-06-25 23:41:09.931 8 WARNING neutron.scheduler.dhcp_agent_scheduler [None req-133e39db-a101-4070-901f-6a323e76506a 92c82a4e71024f34a511eb479c55bd7a 8e29b665296d4393a613cdec8fea5ad2 - - default default] No more DHCP agents
2026-06-25 23:41:09.934 8 WARNING neutron.api.rpc.agentnotifiers.dhcp_rpc_agent_api [None req-133e39db-a101-4070-901f-6a323e76506a 92c82a4e71024f34a511eb479c55bd7a 8e29b665296d4393a613cdec8fea5ad2 - - default default] Unable to schedule network 268ba870-5e03-40d7-aa0f-4bf79ba5016b: no agents available; will retry on subsequent port and subnet creation events. [pid: 7|app: 0|req: 691/1444] 10.0.0.211 () {32 vars in 726 bytes} [Thu Jun 25 23:41:09 2026] DELETE /v2.0/networks/6503eba2-dbfb-400b-ad59-1be8183fab2a => generated 0 bytes in 296 msecs (HTTP/1.1 204) 3 headers in 131 bytes (1 switches on core 0)
2026-06-25 23:41:10.070 7 INFO neutron_taas.services.taas.taas_plugin [None req-72dabaae-67a3-4500-b587-291215265e92 fe45c269c7d848db909d5c13e4b709d0 09e9129e0b944364960c6a4f00ef9791 - - default default] TaaS: Handle Delete Port: 745df5ae-959a-4fcc-8ecb-b7c790b9a1a3
2026-06-25 23:41:10.072 7 INFO neutron_taas.services.taas.tap_mirror_plugin [None req-72dabaae-67a3-4500-b587-291215265e92 fe45c269c7d848db909d5c13e4b709d0 09e9129e0b944364960c6a4f00ef9791 - - default default] Tap Mirror: Handle Delete Port: 745df5ae-959a-4fcc-8ecb-b7c790b9a1a3 [pid: 7|app: 0|req: 692/1445] 10.0.0.211 () {32 vars in 732 bytes} [Thu Jun 25 23:41:09 2026] DELETE /v2.0/floatingips/e06bf104-ee77-4f38-9612-f4cf60abeba5 => generated 0 bytes in 266 msecs (HTTP/1.1 204) 2 headers in 112 bytes (1 switches on core 0)
2026-06-25 23:41:10.338 7 INFO neutron_taas.services.taas.taas_plugin [None req-341d3c15-3139-4f39-b582-081adebb9647 f1db3cfb94914599b4a5d322b0ad1cfc 1d11c086947b4974a88ba40498c6925f - - default default] TaaS: Handle Delete Port: 53c1eba2-cc55-4a24-8c14-bc67624d7704
2026-06-25 23:41:10.341 7 INFO neutron_taas.services.taas.tap_mirror_plugin [None req-341d3c15-3139-4f39-b582-081adebb9647 f1db3cfb94914599b4a5d322b0ad1cfc 1d11c086947b4974a88ba40498c6925f - - default default] Tap Mirror: Handle Delete Port: 53c1eba2-cc55-4a24-8c14-bc67624d7704
2026-06-25 23:41:10.416 8 INFO neutron.db.ovn_revision_numbers_db [None req-a742b4c1-4307-475b-a6fd-107acc3e8ba8 - - - - - -] Successfully bumped revision number for resource 7e74b92f-41ba-4ff5-8e10-b6378fea08be (type: ports) to 2
2026-06-25 23:41:10.473 8 INFO neutron.db.ovn_revision_numbers_db [None req-a742b4c1-4307-475b-a6fd-107acc3e8ba8 - - - - - -] Successfully bumped revision number for resource 7e136d25-66a4-43b8-9e60-d211044f4e26 (type: subnets) to 0
2026-06-25 23:41:10.526 8 WARNING neutron.scheduler.dhcp_agent_scheduler [None req-133e39db-a101-4070-901f-6a323e76506a 92c82a4e71024f34a511eb479c55bd7a 8e29b665296d4393a613cdec8fea5ad2 - - default default] No more DHCP agents
2026-06-25 23:41:10.528 8 WARNING neutron.api.rpc.agentnotifiers.dhcp_rpc_agent_api [None req-133e39db-a101-4070-901f-6a323e76506a 92c82a4e71024f34a511eb479c55bd7a 8e29b665296d4393a613cdec8fea5ad2 - - default default] Unable to schedule network a5af8ad8-984f-4cb5-931e-a0d78035d5a7: no agents available; will retry on subsequent port and subnet creation events. [pid: 7|app: 0|req: 693/1446] 10.0.0.211 () {32 vars in 726 bytes} [Thu Jun 25 23:41:10 2026] DELETE /v2.0/networks/1b6c85fb-e1d4-44b3-a5a1-e67b4fa349b1 => generated 0 bytes in 394 msecs (HTTP/1.1 204) 3 headers in 131 bytes (1 switches on core 0)
2026-06-25 23:41:10.921 7 INFO neutron_taas.services.taas.taas_plugin [None req-1cd0ed78-9957-4ddc-aee8-19624735467d b56c4335ae8c41309411eb3a90c65c2c 3372b0a5315e46b58ced221fcb61f3ef - - default default] TaaS: Handle Delete Port: db916259-e06b-433d-949d-bef2b6bd9b54
2026-06-25 23:41:10.923 7 INFO neutron_taas.services.taas.tap_mirror_plugin [None req-1cd0ed78-9957-4ddc-aee8-19624735467d b56c4335ae8c41309411eb3a90c65c2c 3372b0a5315e46b58ced221fcb61f3ef - - default default] Tap Mirror: Handle Delete Port: db916259-e06b-433d-949d-bef2b6bd9b54
2026-06-25 23:41:11.000 8 INFO neutron.db.ovn_revision_numbers_db [None req-8c61b67f-4996-42b1-9717-a70cd558183a - - - - - -] Successfully bumped revision number for resource bc13158b-a11c-40a8-b009-0c64b72a73c0 (type: ports) to 2
2026-06-25 23:41:11.040 8 INFO neutron.db.ovn_revision_numbers_db [None req-8c61b67f-4996-42b1-9717-a70cd558183a - - - - - -] Successfully bumped revision number for resource a16e6957-2efa-4857-b3bd-04d59e47f6bf (type: subnets) to 0 [pid: 8|app: 0|req: 754/1447] 10.0.0.211 () {34 vars in 669 bytes} [Thu Jun 25 23:41:09 2026] POST /v2.0/subnets => generated 1274 bytes in 1444 msecs (HTTP/1.1 201) 4 headers in 163 bytes (1 switches on core 0)
2026-06-25 23:41:11.194 8 INFO neutron_taas.services.taas.taas_plugin [None req-bc75ff89-f10c-4dcc-9229-da3ea5085b70 f1db3cfb94914599b4a5d322b0ad1cfc 1d11c086947b4974a88ba40498c6925f - - default default] TaaS: Handle Delete Port: 261636c4-a73c-48a6-b3a1-60ccab856d30
2026-06-25 23:41:11.198 8 INFO neutron_taas.services.taas.tap_mirror_plugin [None req-bc75ff89-f10c-4dcc-9229-da3ea5085b70 f1db3cfb94914599b4a5d322b0ad1cfc 1d11c086947b4974a88ba40498c6925f - - default default] Tap Mirror: Handle Delete Port: 261636c4-a73c-48a6-b3a1-60ccab856d30
2026-06-25 23:41:11.410 8 INFO neutron.services.segments.plugin [-] Segment 11382219-3aa6-413d-905e-c261ad02f43e resource provider aggregate not found
2026-06-25 23:41:11.415 8 INFO neutron.services.segments.plugin [-] Segment 11382219-3aa6-413d-905e-c261ad02f43e resource provider aggregate not found
2026-06-25 23:41:11.437 8 INFO neutron.services.segments.plugin [-] Segment 11382219-3aa6-413d-905e-c261ad02f43e resource provider not found; error: Placement Client Error (4xx): {"errors": [{"status": 404, "title": "Not Found", "detail": "The resource could not be found.\n\n No resource provider with uuid 11382219-3aa6-413d-905e-c261ad02f43e found for delete ", "request_id": "req-4c0d3502-50ce-4d95-b611-6c506c2bdab5"}]}
2026-06-25 23:41:11.438 8 INFO neutron.services.segments.plugin [-] Segment 11382219-3aa6-413d-905e-c261ad02f43e resource provider not found; error: Placement Client Error (4xx): {"errors": [{"status": 404, "title": "Not Found", "detail": "The resource could not be found.\n\n No resource provider with uuid 11382219-3aa6-413d-905e-c261ad02f43e found for delete ", "request_id": "req-378ad86a-9d58-4a11-9850-f0d85e2a3f72"}]} [pid: 8|app: 0|req: 755/1448] 10.0.0.211 () {32 vars in 726 bytes} [Thu Jun 25 23:41:11 2026] DELETE /v2.0/networks/6c6be8db-2f27-47be-b109-5da1cb4f68cf => generated 0 bytes in 410 msecs (HTTP/1.1 204) 3 headers in 131 bytes (1 switches on core 0) [pid: 8|app: 0|req: 756/1449] 10.0.0.211 () {32 vars in 647 bytes} [Thu Jun 25 23:41:11 2026] GET /v2.0/subnets => generated 1910 bytes in 67 msecs (HTTP/1.1 200) 4 headers in 158 bytes (1 switches on core 0)
2026-06-25 23:41:11.640 7 INFO neutron.services.segments.plugin [-] Segment ec86e979-68da-4370-ad07-25eb76e85b03 resource provider aggregate not found
2026-06-25 23:41:11.642 7 INFO neutron.services.segments.plugin [-] Segment ec86e979-68da-4370-ad07-25eb76e85b03 resource provider aggregate not found
2026-06-25 23:41:11.659 7 INFO neutron.services.segments.plugin [-] Segment ec86e979-68da-4370-ad07-25eb76e85b03 resource provider not found; error: Placement Client Error (4xx): {"errors": [{"status": 404, "title": "Not Found", "detail": "The resource could not be found.\n\n No resource provider with uuid ec86e979-68da-4370-ad07-25eb76e85b03 found for delete ", "request_id": "req-cd78ff13-cf40-4a89-9674-8933668435e6"}]}
2026-06-25 23:41:11.664 7 INFO neutron.services.segments.plugin [-] Segment ec86e979-68da-4370-ad07-25eb76e85b03 resource provider not found; error: Placement Client Error (4xx): {"errors": [{"status": 404, "title": "Not Found", "detail": "The resource could not be found.\n\n No resource provider with uuid ec86e979-68da-4370-ad07-25eb76e85b03 found for delete ", "request_id": "req-b759d9f2-8218-4c89-94bb-6cdec745c6da"}]} [pid: 7|app: 0|req: 694/1450] 10.0.0.211 () {34 vars in 789 bytes} [Thu Jun 25 23:41:10 2026] PUT /v2.0/routers/31024333-76cc-4425-b6b0-ebcd40984108/remove_router_interface => generated 309 bytes in 1051 msecs (HTTP/1.1 200) 4 headers in 157 bytes (1 switches on core 0) /var/lib/openstack/lib/python3.12/site-packages/pycadf/identifier.py:70: UserWarning: Invalid uuid: neutron. To ensure interoperability, identifiers should be a valid uuid. warnings.warn(('Invalid uuid: %s. To ensure interoperability, '
2026-06-25 23:41:11.685 7 INFO neutron.services.segments.plugin [-] Segment 90122e55-a4c3-4a76-9b4f-692cd8a9a705 resource provider aggregate not found
2026-06-25 23:41:11.690 7 INFO neutron.services.segments.plugin [-] Segment 90122e55-a4c3-4a76-9b4f-692cd8a9a705 resource provider aggregate not found
2026-06-25 23:41:11.718 7 INFO neutron.services.segments.plugin [-] Segment 90122e55-a4c3-4a76-9b4f-692cd8a9a705 resource provider not found; error: Placement Client Error (4xx): {"errors": [{"status": 404, "title": "Not Found", "detail": "The resource could not be found.\n\n No resource provider with uuid 90122e55-a4c3-4a76-9b4f-692cd8a9a705 found for delete ", "request_id": "req-04f8c4aa-9685-4e0a-bfb1-e5b0eef75fa0"}]}
2026-06-25 23:41:11.719 7 INFO neutron.services.segments.plugin [-] Segment 90122e55-a4c3-4a76-9b4f-692cd8a9a705 resource provider not found; error: Placement Client Error (4xx): {"errors": [{"status": 404, "title": "Not Found", "detail": "The resource could not be found.\n\n No resource provider with uuid 90122e55-a4c3-4a76-9b4f-692cd8a9a705 found for delete ", "request_id": "req-8eea2463-59e7-4a07-b172-24f30e5baa51"}]} [pid: 8|app: 0|req: 757/1451] 10.0.0.211 () {32 vars in 724 bytes} [Thu Jun 25 23:41:11 2026] DELETE /v2.0/subnets/7e136d25-66a4-43b8-9e60-d211044f4e26 => generated 0 bytes in 227 msecs (HTTP/1.1 204) 3 headers in 131 bytes (1 switches on core 0) [pid: 8|app: 0|req: 758/1452] 10.0.0.211 () {32 vars in 724 bytes} [Thu Jun 25 23:41:11 2026] DELETE /v2.0/subnets/a16e6957-2efa-4857-b3bd-04d59e47f6bf => generated 0 bytes in 191 msecs (HTTP/1.1 204) 3 headers in 131 bytes (1 switches on core 0) [pid: 8|app: 0|req: 759/1453] 10.0.0.211 () {32 vars in 647 bytes} [Thu Jun 25 23:41:11 2026] GET /v2.0/subnets => generated 649 bytes in 32 msecs (HTTP/1.1 200) 4 headers in 157 bytes (1 switches on core 0)
2026-06-25 23:41:12.059 7 INFO neutron_taas.services.taas.taas_plugin [None req-85708c8b-a883-4b4a-8a2f-773960aa33be b56c4335ae8c41309411eb3a90c65c2c 3372b0a5315e46b58ced221fcb61f3ef - - default default] TaaS: Handle Delete Port: 71e6c529-f44b-4241-b9fa-fd92135fb69e
2026-06-25 23:41:12.063 7 INFO neutron_taas.services.taas.tap_mirror_plugin [None req-85708c8b-a883-4b4a-8a2f-773960aa33be b56c4335ae8c41309411eb3a90c65c2c 3372b0a5315e46b58ced221fcb61f3ef - - default default] Tap Mirror: Handle Delete Port: 71e6c529-f44b-4241-b9fa-fd92135fb69e [pid: 8|app: 0|req: 760/1454] 10.0.0.211 () {32 vars in 774 bytes} [Thu Jun 25 23:41:12 2026] GET /v2.0/security-groups?tenant_id=1d11c086947b4974a88ba40498c6925f&name=default => generated 2925 bytes in 177 msecs (HTTP/1.1 200) 4 headers in 158 bytes (1 switches on core 0)
2026-06-25 23:41:12.288 8 INFO neutron_taas.services.taas.taas_plugin [None req-af5e8357-e145-43cd-96ee-2bab14208286 92c82a4e71024f34a511eb479c55bd7a 8e29b665296d4393a613cdec8fea5ad2 - - default default] TaaS: Handle Delete Port: bc13158b-a11c-40a8-b009-0c64b72a73c0
2026-06-25 23:41:12.290 8 INFO neutron_taas.services.taas.tap_mirror_plugin [None req-af5e8357-e145-43cd-96ee-2bab14208286 92c82a4e71024f34a511eb479c55bd7a 8e29b665296d4393a613cdec8fea5ad2 - - default default] Tap Mirror: Handle Delete Port: bc13158b-a11c-40a8-b009-0c64b72a73c0 [pid: 8|app: 0|req: 761/1455] 10.0.0.211 () {32 vars in 726 bytes} [Thu Jun 25 23:41:12 2026] DELETE /v2.0/networks/a5af8ad8-984f-4cb5-931e-a0d78035d5a7 => generated 0 bytes in 324 msecs (HTTP/1.1 204) 3 headers in 131 bytes (1 switches on core 0) [pid: 7|app: 0|req: 695/1456] 10.0.0.211 () {32 vars in 724 bytes} [Thu Jun 25 23:41:11 2026] DELETE /v2.0/routers/31024333-76cc-4425-b6b0-ebcd40984108 => generated 0 bytes in 863 msecs (HTTP/1.1 204) 2 headers in 112 bytes (1 switches on core 0)
2026-06-25 23:41:12.673 7 INFO neutron_taas.services.taas.taas_plugin [None req-1b79679c-33e0-4d05-9c57-a8cd285a64ba 92c82a4e71024f34a511eb479c55bd7a 8e29b665296d4393a613cdec8fea5ad2 - - default default] TaaS: Handle Delete Port: 7e74b92f-41ba-4ff5-8e10-b6378fea08be
2026-06-25 23:41:12.675 7 INFO neutron_taas.services.taas.tap_mirror_plugin [None req-1b79679c-33e0-4d05-9c57-a8cd285a64ba 92c82a4e71024f34a511eb479c55bd7a 8e29b665296d4393a613cdec8fea5ad2 - - default default] Tap Mirror: Handle Delete Port: 7e74b92f-41ba-4ff5-8e10-b6378fea08be [pid: 8|app: 0|req: 762/1457] 10.0.0.211 () {32 vars in 740 bytes} [Thu Jun 25 23:41:12 2026] DELETE /v2.0/security-groups/ac48ceb6-c46f-4d75-9a7c-2625b7b90d87 => generated 0 bytes in 290 msecs (HTTP/1.1 204) 2 headers in 112 bytes (1 switches on core 0) [pid: 7|app: 0|req: 696/1458] 10.0.0.211 () {32 vars in 726 bytes} [Thu Jun 25 23:41:12 2026] DELETE /v2.0/networks/268ba870-5e03-40d7-aa0f-4bf79ba5016b => generated 0 bytes in 391 msecs (HTTP/1.1 204) 3 headers in 131 bytes (1 switches on core 0) [pid: 8|app: 0|req: 763/1459] 10.0.0.211 () {32 vars in 724 bytes} [Thu Jun 25 23:41:12 2026] DELETE /v2.0/subnets/413ede51-ea6f-4bcc-8672-5420393c564f => generated 0 bytes in 163 msecs (HTTP/1.1 204) 3 headers in 131 bytes (1 switches on core 0)
2026-06-25 23:41:13.048 7 INFO neutron_taas.services.taas.taas_plugin [None req-4953795c-f56d-41be-9497-ba7f4c4f29dc 92c82a4e71024f34a511eb479c55bd7a 8e29b665296d4393a613cdec8fea5ad2 - - default default] TaaS: Handle Delete Port: ed61554d-5315-4cba-91b1-ba69148c1ba2
2026-06-25 23:41:13.051 7 INFO neutron_taas.services.taas.tap_mirror_plugin [None req-4953795c-f56d-41be-9497-ba7f4c4f29dc 92c82a4e71024f34a511eb479c55bd7a 8e29b665296d4393a613cdec8fea5ad2 - - default default] Tap Mirror: Handle Delete Port: ed61554d-5315-4cba-91b1-ba69148c1ba2
2026-06-25 23:41:13.079 8 INFO neutron_taas.services.taas.taas_plugin [None req-b053cbe7-bd97-4aa4-9b84-6d23bb2c11bd b56c4335ae8c41309411eb3a90c65c2c 3372b0a5315e46b58ced221fcb61f3ef - - default default] TaaS: Handle Delete Port: 350cf630-61ad-46aa-81bc-a168a6415ac3
2026-06-25 23:41:13.082 8 INFO neutron_taas.services.taas.tap_mirror_plugin [None req-b053cbe7-bd97-4aa4-9b84-6d23bb2c11bd b56c4335ae8c41309411eb3a90c65c2c 3372b0a5315e46b58ced221fcb61f3ef - - default default] Tap Mirror: Handle Delete Port: 350cf630-61ad-46aa-81bc-a168a6415ac3 [pid: 8|app: 0|req: 764/1460] 10.0.0.211 () {32 vars in 726 bytes} [Thu Jun 25 23:41:12 2026] DELETE /v2.0/networks/920a448f-5134-4ecb-b881-684bda08cb27 => generated 0 bytes in 335 msecs (HTTP/1.1 204) 3 headers in 131 bytes (1 switches on core 0) [pid: 7|app: 0|req: 697/1461] 10.0.0.211 () {32 vars in 726 bytes} [Thu Jun 25 23:41:12 2026] DELETE /v2.0/networks/957929c4-4e88-40c0-834a-d1a2c8c32615 => generated 0 bytes in 374 msecs (HTTP/1.1 204) 3 headers in 131 bytes (1 switches on core 0) [pid: 7|app: 0|req: 698/1462] 10.0.0.211 () {32 vars in 774 bytes} [Thu Jun 25 23:41:13 2026] GET /v2.0/security-groups?tenant_id=09e9129e0b944364960c6a4f00ef9791&name=default => generated 2925 bytes in 43 msecs (HTTP/1.1 200) 4 headers in 158 bytes (1 switches on core 0)
2026-06-25 23:41:13.447 8 INFO neutron_taas.services.taas.taas_plugin [None req-fbbef5d8-859b-4bd4-be81-a4bca90d4c5f 92c82a4e71024f34a511eb479c55bd7a 8e29b665296d4393a613cdec8fea5ad2 - - default default] TaaS: Handle Delete Port: ea53fe2d-3ce0-4393-adc7-a04f1bcf3dbf
2026-06-25 23:41:13.453 8 INFO neutron_taas.services.taas.tap_mirror_plugin [None req-fbbef5d8-859b-4bd4-be81-a4bca90d4c5f 92c82a4e71024f34a511eb479c55bd7a 8e29b665296d4393a613cdec8fea5ad2 - - default default] Tap Mirror: Handle Delete Port: ea53fe2d-3ce0-4393-adc7-a04f1bcf3dbf
